芝麻web文件管理V1.00
编辑当前文件:/home2/sdektunc/access-logs/sdektun.com-ssl_log
57.180.240.215 - - [19/Feb/2025:09:13:02 -0600] "GET /.git/config HTTP/1.1" 404 4677 "-" "Mozilla/5.0 (Windows NT 6.1; Win64; x64) AppleWebKit/537.36 (KHTML, like Gecko) Chrome/76.0.3786.0 Safari/537.36" sdektun.com 192.185.131.128
87.236.176.27 - - [19/Feb/2025:09:26:31 -0600] "GET / HTTP/1.1" 403 6083 "-" "Mozilla/5.0 (compatible; InternetMeasurement/1.0; +https://internet-measurement.com/)" sdektun.com 192.185.131.128
194.50.16.252 - - [19/Feb/2025:10:25:19 -0600] "GET /env.json HTTP/1.1" 400 52 "-" "Mozilla/5.0 (Macintosh; Intel Mac OS X 10_15_7) AppleWebKit/605.1.15 (KHTML, like Gecko) Version/17.5 Safari/605.6.23" autodiscover.sdektun.com 192.185.131.128
4.227.36.83 - - [19/Feb/2025:12:19:38 -0600] "GET /robots.txt HTTP/2.0" 404 4677 "-" "Mozilla/5.0 AppleWebKit/537.36 (KHTML, like Gecko; compatible; GPTBot/1.2; +https://openai.com/gptbot)" sdektun.com 192.185.131.128
20.171.207.120 - - [19/Feb/2025:12:19:51 -0600] "GET / HTTP/2.0" 403 6083 "-" "Mozilla/5.0 AppleWebKit/537.36 (KHTML, like Gecko; compatible; GPTBot/1.2; +https://openai.com/gptbot)" sdektun.com 192.185.131.128
114.119.134.64 - - [19/Feb/2025:12:26:14 -0600] "GET /robots.txt HTTP/1.1" 406 226 "-" "Mozilla/5.0 (compatible;PetalBot;+https://webmaster.petalsearch.com/site/petalbot)" sdektun.com 192.185.131.128
20.171.207.120 - - [19/Feb/2025:12:29:18 -0600] "GET / HTTP/2.0" 403 6083 "-" "Mozilla/5.0 AppleWebKit/537.36 (KHTML, like Gecko; compatible; GPTBot/1.2; +https://openai.com/gptbot)" sdektun.com 192.185.131.128
20.171.207.120 - - [19/Feb/2025:12:31:27 -0600] "GET / HTTP/2.0" 403 6083 "-" "Mozilla/5.0 AppleWebKit/537.36 (KHTML, like Gecko; compatible; GPTBot/1.2; +https://openai.com/gptbot)" sdektun.com 192.185.131.128
114.119.139.26 - - [19/Feb/2025:12:34:21 -0600] "GET /apps/licencias/vendor/sebastian/object-enumerator/build.xml HTTP/1.1" 406 226 "https://sdektun.com/apps/licencias/vendor/sebastian/object-enumerator/?C=D%3BO%3DA" "Mozilla/5.0 (Linux; Android 7.0;) AppleWebKit/537.36 (KHTML, like Gecko) Mobile Safari/537.36 (compatible; PetalBot;+https://webmaster.petalsearch.com/site/petalbot)" sdektun.com 192.185.131.128
20.171.207.120 - - [19/Feb/2025:12:35:03 -0600] "GET / HTTP/2.0" 403 6083 "-" "Mozilla/5.0 AppleWebKit/537.36 (KHTML, like Gecko; compatible; GPTBot/1.2; +https://openai.com/gptbot)" sdektun.com 192.185.131.128
114.119.134.208 - - [19/Feb/2025:12:39:02 -0600] "GET /apps/licencias/vendor/symfony/finder/Tests/Fixtures/one/b/c.neon HTTP/1.1" 406 226 "-" "Mozilla/5.0 (Linux; Android 7.0;) AppleWebKit/537.36 (KHTML, like Gecko) Mobile Safari/537.36 (compatible; PetalBot;+https://webmaster.petalsearch.com/site/petalbot)" sdektun.com 192.185.131.128
114.119.157.234 - - [19/Feb/2025:12:39:17 -0600] "GET /apps/licencias/vendor/symfony/translation/Tests/fixtures/extractor?C=S%3BO%3DA HTTP/1.1" 406 226 "-" "Mozilla/5.0 (Linux; Android 7.0;) AppleWebKit/537.36 (KHTML, like Gecko) Mobile Safari/537.36 (compatible; PetalBot;+https://webmaster.petalsearch.com/site/petalbot)" sdektun.com 192.185.131.128
114.119.157.234 - - [19/Feb/2025:12:44:02 -0600] "GET /apps/licencias/vendor/symfony/http-kernel/Tests/Fixtures/Bundle1Bundle/foo.txt HTTP/1.1" 406 226 "https://sdektun.com/apps/licencias/vendor/symfony/http-kernel/Tests/Fixtures/Bundle1Bundle?C=D%3BO%3DA" "Mozilla/5.0 (Linux; Android 7.0;) AppleWebKit/537.36 (KHTML, like Gecko) Mobile Safari/537.36 (compatible; PetalBot;+https://webmaster.petalsearch.com/site/petalbot)" sdektun.com 192.185.131.128
114.119.142.232 - - [19/Feb/2025:12:44:18 -0600] "GET /apps/licencias/vendor/symfony/var-dumper/Tests/Cloner?C=M%3BO%3DA HTTP/1.1" 406 226 "https://sdektun.com/apps/licencias/vendor/symfony/var-dumper/Tests/Cloner?C=D%3BO%3DA" "Mozilla/5.0 (Linux; Android 7.0;) AppleWebKit/537.36 (KHTML, like Gecko) Mobile Safari/537.36 (compatible; PetalBot;+https://webmaster.petalsearch.com/site/petalbot)" sdektun.com 192.185.131.128
114.119.135.163 - - [19/Feb/2025:12:49:06 -0600] "GET /apps/licencias/vendor/symfony/finder/Tests/Fixtures/r%2Be.gex%5Bc%5Da(r)s/dir/?C=M%3BO%3DA HTTP/1.1" 406 226 "https://sdektun.com/apps/licencias/vendor/symfony/finder/Tests/Fixtures/r%2Be.gex%5bc%5da%28r%29s/dir?C=M%3BO%3DA" "Mozilla/5.0 (Linux; Android 7.0;) AppleWebKit/537.36 (KHTML, like Gecko) Mobile Safari/537.36 (compatible; PetalBot;+https://webmaster.petalsearch.com/site/petalbot)" sdektun.com 192.185.131.128
23.158.56.51 - - [19/Feb/2025:12:49:13 -0600] "GET /app_dev.php/_profiler/open?file=app/config/parameters.yml HTTP/1.1" 404 4677 "-" "Mozilla/5.0 (Ubuntu; Linux x86_64; rv:123.0) Gecko/20100101 Firefox/123.0" sdektun.com 192.185.131.128
114.119.139.26 - - [19/Feb/2025:12:49:26 -0600] "GET /apps/licencias/vendor/symfony/var-dumper/Caster/SplCaster.php HTTP/1.1" 406 226 "https://sdektun.com/apps/licencias/vendor/symfony/var-dumper/Caster?C=S%3BO%3DA" "Mozilla/5.0 (Linux; Android 7.0;) AppleWebKit/537.36 (KHTML, like Gecko) Mobile Safari/537.36 (compatible; PetalBot;+https://webmaster.petalsearch.com/site/petalbot)" sdektun.com 192.185.131.128
34.141.212.115 - - [19/Feb/2025:12:50:24 -0600] "GET / HTTP/1.1" 403 6083 "-" "Scrapy/2.11.2 (+https://scrapy.org)" sdektun.com 192.185.131.128
20.171.207.120 - - [19/Feb/2025:12:51:02 -0600] "GET / HTTP/2.0" 403 6083 "-" "Mozilla/5.0 AppleWebKit/537.36 (KHTML, like Gecko; compatible; GPTBot/1.2; +https://openai.com/gptbot)" sdektun.com 192.185.131.128
20.171.207.120 - - [19/Feb/2025:12:52:12 -0600] "GET / HTTP/2.0" 403 6083 "-" "Mozilla/5.0 AppleWebKit/537.36 (KHTML, like Gecko; compatible; GPTBot/1.2; +https://openai.com/gptbot)" sdektun.com 192.185.131.128
114.119.152.164 - - [19/Feb/2025:12:54:06 -0600] "GET /apps/licencias/vendor/symfony/finder/Tests/Fixtures/copy/A/B/C/ HTTP/1.1" 406 226 "https://sdektun.com/apps/licencias/vendor/symfony/finder/Tests/Fixtures/copy/A/B/?C=S%3BO%3DA" "Mozilla/5.0 (Linux; Android 7.0;) AppleWebKit/537.36 (KHTML, like Gecko) Mobile Safari/537.36 (compatible; PetalBot;+https://webmaster.petalsearch.com/site/petalbot)" sdektun.com 192.185.131.128
114.119.152.164 - - [19/Feb/2025:12:54:36 -0600] "GET /apps/licencias/vendor/symfony/routing?C=D%3BO%3DA HTTP/1.1" 406 226 "https://sdektun.com/apps/licencias/vendor/symfony/routing?C=M%3BO%3DA" "Mozilla/5.0 (Linux; Android 7.0;) AppleWebKit/537.36 (KHTML, like Gecko) Mobile Safari/537.36 (compatible; PetalBot;+https://webmaster.petalsearch.com/site/petalbot)" sdektun.com 192.185.131.128
114.119.143.187 - - [19/Feb/2025:12:59:04 -0600] "GET /apps/licencias/vendor/swiftmailer/swiftmailer/tests/acceptance/ HTTP/1.1" 406 226 "https://sdektun.com/apps/licencias/vendor/swiftmailer/swiftmailer/tests" "Mozilla/5.0 (Linux; Android 7.0;) AppleWebKit/537.36 (KHTML, like Gecko) Mobile Safari/537.36 (compatible; PetalBot;+https://webmaster.petalsearch.com/site/petalbot)" sdektun.com 192.185.131.128
114.119.157.234 - - [19/Feb/2025:12:59:26 -0600] "GET /apps/licencias/vendor/symfony/routing/Tests/Fixtures/glob/bar.yml HTTP/1.1" 406 226 "https://sdektun.com/apps/licencias/vendor/symfony/routing/Tests/Fixtures/glob?C=N%3BO%3DD" "Mozilla/5.0 (Linux; Android 7.0;) AppleWebKit/537.36 (KHTML, like Gecko) Mobile Safari/537.36 (compatible; PetalBot;+https://webmaster.petalsearch.com/site/petalbot)" sdektun.com 192.185.131.128
20.171.207.120 - - [19/Feb/2025:13:00:39 -0600] "GET / HTTP/2.0" 403 6083 "-" "Mozilla/5.0 AppleWebKit/537.36 (KHTML, like Gecko; compatible; GPTBot/1.2; +https://openai.com/gptbot)" sdektun.com 192.185.131.128
114.119.152.164 - - [19/Feb/2025:13:04:01 -0600] "GET /apps/licencias/vendor/swiftmailer/swiftmailer/lib/classes/Swift/Mime/ContentEncoder.php HTTP/1.1" 406 226 "-" "Mozilla/5.0 (Linux; Android 7.0;) AppleWebKit/537.36 (KHTML, like Gecko) Mobile Safari/537.36 (compatible; PetalBot;+https://webmaster.petalsearch.com/site/petalbot)" sdektun.com 192.185.131.128
114.119.134.208 - - [19/Feb/2025:13:04:17 -0600] "GET /apps/licencias/vendor/symfony/routing/Tests/Fixtures/OtherAnnotatedClasses?C=N%3BO%3DD HTTP/1.1" 406 226 "https://sdektun.com/apps/licencias/vendor/symfony/routing/Tests/Fixtures/OtherAnnotatedClasses?C=M%3BO%3DA" "Mozilla/5.0 (Linux; Android 7.0;) AppleWebKit/537.36 (KHTML, like Gecko) Mobile Safari/537.36 (compatible; PetalBot;+https://webmaster.petalsearch.com/site/petalbot)" sdektun.com 192.185.131.128
66.249.66.14 - - [19/Feb/2025:13:07:07 -0600] "GET /robots.txt HTTP/1.1" 404 4677 "-" "Mozilla/5.0 (compatible; Googlebot/2.1; +http://www.google.com/bot.html)" sdektun.com 192.185.131.128
66.249.66.15 - - [19/Feb/2025:13:07:13 -0600] "GET / HTTP/1.1" 403 6083 "-" "Mozilla/5.0 (compatible; Googlebot/2.1; +http://www.google.com/bot.html)" sdektun.com 192.185.131.128
114.119.135.163 - - [19/Feb/2025:13:09:01 -0600] "GET /apps/licencias/vendor/sebastian/resource-operations/build.xml HTTP/1.1" 406 226 "https://sdektun.com/apps/licencias/vendor/sebastian/resource-operations/?C=M%3BO%3DA" "Mozilla/5.0 (Linux; Android 7.0;) AppleWebKit/537.36 (KHTML, like Gecko) Mobile Safari/537.36 (compatible; PetalBot;+https://webmaster.petalsearch.com/site/petalbot)" sdektun.com 192.185.131.128
114.119.157.234 - - [19/Feb/2025:13:09:16 -0600] "GET /apps/licencias/vendor/symfony/routing/Matcher/Dumper/?C=N%3BO%3DD HTTP/1.1" 406 226 "https://sdektun.com/apps/licencias/vendor/symfony/routing/Matcher/Dumper/?C=M%3BO%3DA" "Mozilla/5.0 (Linux; Android 7.0;) AppleWebKit/537.36 (KHTML, like Gecko) Mobile Safari/537.36 (compatible; PetalBot;+https://webmaster.petalsearch.com/site/petalbot)" sdektun.com 192.185.131.128
114.119.157.234 - - [19/Feb/2025:13:13:56 -0600] "GET /apps/licencias/vendor/sebastian/global-state/src?C=D%3BO%3DA HTTP/1.1" 406 226 "-" "Mozilla/5.0 (Linux; Android 7.0;) AppleWebKit/537.36 (KHTML, like Gecko) Mobile Safari/537.36 (compatible; PetalBot;+https://webmaster.petalsearch.com/site/petalbot)" sdektun.com 192.185.131.128
114.119.135.163 - - [19/Feb/2025:13:14:23 -0600] "GET /apps/licencias/vendor/tijsverkoyen?C=D%3BO%3DA HTTP/1.1" 406 226 "https://sdektun.com/apps/licencias/vendor/tijsverkoyen" "Mozilla/5.0 (Linux; Android 7.0;) AppleWebKit/537.36 (KHTML, like Gecko) Mobile Safari/537.36 (compatible; PetalBot;+https://webmaster.petalsearch.com/site/petalbot)" sdektun.com 192.185.131.128
114.119.134.208 - - [19/Feb/2025:13:18:59 -0600] "GET /pages/nova58/img/slider/1.jpg HTTP/1.1" 406 226 "-" "Mozilla/5.0 (Linux; Android 7.0;) AppleWebKit/537.36 (KHTML, like Gecko) Mobile Safari/537.36 (compatible; PetalBot;+https://webmaster.petalsearch.com/site/petalbot)" sdektun.com 192.185.131.128
114.119.157.234 - - [19/Feb/2025:13:19:28 -0600] "GET /apps/licencias/vendor/symfony/var-dumper/Tests/Dumper/ServerDumperTest.php HTTP/1.1" 406 226 "https://sdektun.com/apps/licencias/vendor/symfony/var-dumper/Tests/Dumper?C=N%3BO%3DD" "Mozilla/5.0 (Linux; Android 7.0;) AppleWebKit/537.36 (KHTML, like Gecko) Mobile Safari/537.36 (compatible; PetalBot;+https://webmaster.petalsearch.com/site/petalbot)" sdektun.com 192.185.131.128
20.171.207.120 - - [19/Feb/2025:13:20:18 -0600] "GET / HTTP/2.0" 403 6083 "-" "Mozilla/5.0 AppleWebKit/537.36 (KHTML, like Gecko; compatible; GPTBot/1.2; +https://openai.com/gptbot)" sdektun.com 192.185.131.128
114.119.139.26 - - [19/Feb/2025:13:24:02 -0600] "GET /apps/licencias/vendor/vlucas/phpdotenv/src/Environment/Adapter/?C=N%3BO%3DD HTTP/1.1" 406 226 "https://sdektun.com/apps/licencias/vendor/vlucas/phpdotenv/src/Environment/Adapter?C=N%3BO%3DD" "Mozilla/5.0 (Linux; Android 7.0;) AppleWebKit/537.36 (KHTML, like Gecko) Mobile Safari/537.36 (compatible; PetalBot;+https://webmaster.petalsearch.com/site/petalbot)" sdektun.com 192.185.131.128
114.119.139.26 - - [19/Feb/2025:13:24:25 -0600] "GET /apps/licencias/vendor/symfony/translation/Tests/fixtures/resources.php HTTP/1.1" 406 226 "-" "Mozilla/5.0 (Linux; Android 7.0;) AppleWebKit/537.36 (KHTML, like Gecko) Mobile Safari/537.36 (compatible; PetalBot;+https://webmaster.petalsearch.com/site/petalbot)" sdektun.com 192.185.131.128
20.171.207.120 - - [19/Feb/2025:13:26:49 -0600] "GET / HTTP/2.0" 403 6083 "-" "Mozilla/5.0 AppleWebKit/537.36 (KHTML, like Gecko; compatible; GPTBot/1.2; +https://openai.com/gptbot)" sdektun.com 192.185.131.128
114.119.139.26 - - [19/Feb/2025:13:28:59 -0600] "GET /apps/licencias/vendor/tijsverkoyen/css-to-inline-styles/src/Css/ HTTP/1.1" 406 226 "https://sdektun.com/apps/licencias/vendor/tijsverkoyen/css-to-inline-styles/src/Css/Rule/?C=N%3BO%3DD" "Mozilla/5.0 (Linux; Android 7.0;) AppleWebKit/537.36 (KHTML, like Gecko) Mobile Safari/537.36 (compatible; PetalBot;+https://webmaster.petalsearch.com/site/petalbot)" sdektun.com 192.185.131.128
114.119.135.163 - - [19/Feb/2025:13:29:21 -0600] "GET /apps/licencias/vendor/symfony/translation/Tests/fixtures/resourcebundle/dat?C=N%3BO%3DD HTTP/1.1" 406 226 "https://sdektun.com/apps/licencias/vendor/symfony/translation/Tests/fixtures/resourcebundle/dat" "Mozilla/5.0 (Linux; Android 7.0;) AppleWebKit/537.36 (KHTML, like Gecko) Mobile Safari/537.36 (compatible; PetalBot;+https://webmaster.petalsearch.com/site/petalbot)" sdektun.com 192.185.131.128
114.119.142.232 - - [19/Feb/2025:13:34:00 -0600] "GET /apps/licencias/vendor/theseer/tokenizer/tests/_files/?C=N%3BO%3DD HTTP/1.1" 406 226 "https://sdektun.com/apps/licencias/vendor/theseer/tokenizer/tests/_files?C=M%3BO%3DA" "Mozilla/5.0 (Linux; Android 7.0;) AppleWebKit/537.36 (KHTML, like Gecko) Mobile Safari/537.36 (compatible; PetalBot;+https://webmaster.petalsearch.com/site/petalbot)" sdektun.com 192.185.131.128
114.119.135.163 - - [19/Feb/2025:13:34:22 -0600] "GET /apps/licencias/vendor/symfony/translation/Tests/fixtures/resourcebundle/dat?C=M%3BO%3DA HTTP/1.1" 406 226 "https://sdektun.com/apps/licencias/vendor/symfony/translation/Tests/fixtures/resourcebundle/dat?C=N%3BO%3DD" "Mozilla/5.0 (Linux; Android 7.0;) AppleWebKit/537.36 (KHTML, like Gecko) Mobile Safari/537.36 (compatible; PetalBot;+https://webmaster.petalsearch.com/site/petalbot)" sdektun.com 192.185.131.128
114.119.143.187 - - [19/Feb/2025:13:39:11 -0600] "GET /apps/licencias/vendor/theseer/tokenizer/src/?C=D%3BO%3DA HTTP/1.1" 406 226 "https://sdektun.com/apps/licencias/vendor/theseer/tokenizer/src?C=N%3BO%3DD" "Mozilla/5.0 (Linux; Android 7.0;) AppleWebKit/537.36 (KHTML, like Gecko) Mobile Safari/537.36 (compatible; PetalBot;+https://webmaster.petalsearch.com/site/petalbot)" sdektun.com 192.185.131.128
114.119.142.232 - - [19/Feb/2025:13:39:25 -0600] "GET /apps/licencias/vendor/symfony/translation/Tests/Util?C=M%3BO%3DA HTTP/1.1" 406 226 "https://sdektun.com/apps/licencias/vendor/symfony/translation/Tests/Util?C=D%3BO%3DA" "Mozilla/5.0 (Linux; Android 7.0;) AppleWebKit/537.36 (KHTML, like Gecko) Mobile Safari/537.36 (compatible; PetalBot;+https://webmaster.petalsearch.com/site/petalbot)" sdektun.com 192.185.131.128
20.171.207.120 - - [19/Feb/2025:13:39:48 -0600] "GET / HTTP/2.0" 403 6083 "-" "Mozilla/5.0 AppleWebKit/537.36 (KHTML, like Gecko; compatible; GPTBot/1.2; +https://openai.com/gptbot)" sdektun.com 192.185.131.128
114.119.142.232 - - [19/Feb/2025:13:44:06 -0600] "GET /apps/licencias/vendor/theseer/tokenizer/src/ HTTP/1.1" 406 226 "https://sdektun.com/apps/licencias/vendor/theseer/tokenizer/?C=N%3BO%3DD" "Mozilla/5.0 (Linux; Android 7.0;) AppleWebKit/537.36 (KHTML, like Gecko) Mobile Safari/537.36 (compatible; PetalBot;+https://webmaster.petalsearch.com/site/petalbot)" sdektun.com 192.185.131.128
114.119.142.232 - - [19/Feb/2025:13:44:25 -0600] "GET /apps/licencias/vendor/symfony/translation/Tests/Loader?C=M%3BO%3DA HTTP/1.1" 406 226 "https://sdektun.com/apps/licencias/vendor/symfony/translation/Tests/Loader?C=D%3BO%3DA" "Mozilla/5.0 (Linux; Android 7.0;) AppleWebKit/537.36 (KHTML, like Gecko) Mobile Safari/537.36 (compatible; PetalBot;+https://webmaster.petalsearch.com/site/petalbot)" sdektun.com 192.185.131.128
20.171.207.120 - - [19/Feb/2025:13:44:51 -0600] "GET / HTTP/2.0" 403 6083 "-" "Mozilla/5.0 AppleWebKit/537.36 (KHTML, like Gecko; compatible; GPTBot/1.2; +https://openai.com/gptbot)" sdektun.com 192.185.131.128
114.119.157.234 - - [19/Feb/2025:13:48:57 -0600] "GET /apps/licencias/vendor/symfony/var-dumper/Tests/Server/?C=S%3BO%3DA HTTP/1.1" 406 226 "https://sdektun.com/apps/licencias/vendor/symfony/var-dumper/Tests/Server/?C=M%3BO%3DA" "Mozilla/5.0 (Linux; Android 7.0;) AppleWebKit/537.36 (KHTML, like Gecko) Mobile Safari/537.36 (compatible; PetalBot;+https://webmaster.petalsearch.com/site/petalbot)" sdektun.com 192.185.131.128
114.119.152.164 - - [19/Feb/2025:13:49:26 -0600] "GET /apps/licencias/vendor/symfony/routing/Tests/Loader/GlobFileLoaderTest.php HTTP/1.1" 406 226 "-" "Mozilla/5.0 (Linux; Android 7.0;) AppleWebKit/537.36 (KHTML, like Gecko) Mobile Safari/537.36 (compatible; PetalBot;+https://webmaster.petalsearch.com/site/petalbot)" sdektun.com 192.185.131.128
114.119.143.187 - - [19/Feb/2025:13:54:07 -0600] "GET /apps/licencias/vendor/symfony/var-dumper/Tests/Cloner/?C=S%3BO%3DA HTTP/1.1" 406 226 "https://sdektun.com/apps/licencias/vendor/symfony/var-dumper/Tests/Cloner?C=N%3BO%3DD" "Mozilla/5.0 (Linux; Android 7.0;) AppleWebKit/537.36 (KHTML, like Gecko) Mobile Safari/537.36 (compatible; PetalBot;+https://webmaster.petalsearch.com/site/petalbot)" sdektun.com 192.185.131.128
114.119.143.187 - - [19/Feb/2025:13:54:19 -0600] "GET /apps/licencias/vendor/symfony/routing/Tests/Annotation?C=D%3BO%3DA HTTP/1.1" 406 226 "https://sdektun.com/apps/licencias/vendor/symfony/routing/Tests/Annotation?C=M%3BO%3DA" "Mozilla/5.0 (Linux; Android 7.0;) AppleWebKit/537.36 (KHTML, like Gecko) Mobile Safari/537.36 (compatible; PetalBot;+https://webmaster.petalsearch.com/site/petalbot)" sdektun.com 192.185.131.128
4.227.36.10 - - [19/Feb/2025:13:56:40 -0600] "GET /robots.txt HTTP/2.0" 404 4677 "-" "Mozilla/5.0 AppleWebKit/537.36 (KHTML, like Gecko; compatible; GPTBot/1.2; +https://openai.com/gptbot)" sdektun.com 192.185.131.128
20.171.207.131 - - [19/Feb/2025:13:56:41 -0600] "GET / HTTP/2.0" 403 6083 "-" "Mozilla/5.0 AppleWebKit/537.36 (KHTML, like Gecko; compatible; GPTBot/1.2; +https://openai.com/gptbot)" sdektun.com 192.185.131.128
114.119.152.164 - - [19/Feb/2025:13:59:10 -0600] "GET /apps/licencias/vendor/symfony/var-dumper/Caster/ReflectionCaster.php HTTP/1.1" 406 226 "https://sdektun.com/apps/licencias/vendor/symfony/var-dumper/Caster?C=S%3BO%3DA" "Mozilla/5.0 (Linux; Android 7.0;) AppleWebKit/537.36 (KHTML, like Gecko) Mobile Safari/537.36 (compatible; PetalBot;+https://webmaster.petalsearch.com/site/petalbot)" sdektun.com 192.185.131.128
114.119.152.164 - - [19/Feb/2025:13:59:33 -0600] "GET /apps/licencias/vendor/symfony/routing/Loader/schema/routing HTTP/1.1" 406 226 "https://sdektun.com/apps/licencias/vendor/symfony/routing/Loader/schema?C=S%3BO%3DA" "Mozilla/5.0 (Linux; Android 7.0;) AppleWebKit/537.36 (KHTML, like Gecko) Mobile Safari/537.36 (compatible; PetalBot;+https://webmaster.petalsearch.com/site/petalbot)" sdektun.com 192.185.131.128
114.119.143.187 - - [19/Feb/2025:14:03:57 -0600] "GET /apps/licencias/vendor/symfony/translation/Tests/?C=D%3BO%3DA HTTP/1.1" 406 226 "https://sdektun.com/apps/licencias/vendor/symfony/translation/Tests?C=D%3BO%3DA" "Mozilla/5.0 (Linux; Android 7.0;) AppleWebKit/537.36 (KHTML, like Gecko) Mobile Safari/537.36 (compatible; PetalBot;+https://webmaster.petalsearch.com/site/petalbot)" sdektun.com 192.185.131.128
114.119.139.26 - - [19/Feb/2025:14:04:24 -0600] "GET /apps/licencias/vendor/symfony/http-kernel/Tests/Fixtures/Resources/ChildBundle?C=S%3BO%3DA HTTP/1.1" 406 226 "https://sdektun.com/apps/licencias/vendor/symfony/http-kernel/Tests/Fixtures/Resources/ChildBundle?C=M%3BO%3DA" "Mozilla/5.0 (Linux; Android 7.0;) AppleWebKit/537.36 (KHTML, like Gecko) Mobile Safari/537.36 (compatible; PetalBot;+https://webmaster.petalsearch.com/site/petalbot)" sdektun.com 192.185.131.128
114.119.134.208 - - [19/Feb/2025:14:09:03 -0600] "GET /apps/licencias/vendor/symfony/translation/Resources/bin/?C=D%3BO%3DA HTTP/1.1" 406 226 "-" "Mozilla/5.0 (Linux; Android 7.0;) AppleWebKit/537.36 (KHTML, like Gecko) Mobile Safari/537.36 (compatible; PetalBot;+https://webmaster.petalsearch.com/site/petalbot)" sdektun.com 192.185.131.128
114.119.157.234 - - [19/Feb/2025:14:09:19 -0600] "GET /apps/licencias/vendor/symfony/http-kernel/Tests/Fixtures/ExtensionPresentBundle?C=M%3BO%3DA HTTP/1.1" 406 226 "https://sdektun.com/apps/licencias/vendor/symfony/http-kernel/Tests/Fixtures/ExtensionPresentBundle" "Mozilla/5.0 (Linux; Android 7.0;) AppleWebKit/537.36 (KHTML, like Gecko) Mobile Safari/537.36 (compatible; PetalBot;+https://webmaster.petalsearch.com/site/petalbot)" sdektun.com 192.185.131.128
114.119.142.232 - - [19/Feb/2025:14:14:07 -0600] "GET /apps/licencias/vendor/symfony/translation/?C=M%3BO%3DA HTTP/1.1" 406 226 "-" "Mozilla/5.0 (Linux; Android 7.0;) AppleWebKit/537.36 (KHTML, like Gecko) Mobile Safari/537.36 (compatible; PetalBot;+https://webmaster.petalsearch.com/site/petalbot)" sdektun.com 192.185.131.128
114.119.157.234 - - [19/Feb/2025:14:14:29 -0600] "GET /apps/licencias/vendor/symfony/http-kernel/Tests/Fixtures/ChildBundle?C=D%3BO%3DA HTTP/1.1" 406 226 "https://sdektun.com/apps/licencias/vendor/symfony/http-kernel/Tests/Fixtures/ChildBundle" "Mozilla/5.0 (Linux; Android 7.0;) AppleWebKit/537.36 (KHTML, like Gecko) Mobile Safari/537.36 (compatible; PetalBot;+https://webmaster.petalsearch.com/site/petalbot)" sdektun.com 192.185.131.128
114.119.157.234 - - [19/Feb/2025:14:19:05 -0600] "GET /apps/licencias/vendor/symfony/routing/Tests/Fixtures/withdoctype.xml HTTP/1.1" 406 226 "https://sdektun.com/apps/licencias/vendor/symfony/routing/Tests/Fixtures?C=N%3BO%3DD" "Mozilla/5.0 (Linux; Android 7.0;) AppleWebKit/537.36 (KHTML, like Gecko) Mobile Safari/537.36 (compatible; PetalBot;+https://webmaster.petalsearch.com/site/petalbot)" sdektun.com 192.185.131.128
114.119.142.232 - - [19/Feb/2025:14:19:27 -0600] "GET /apps/licencias/vendor/symfony/http-kernel/Tests/Exception?C=S%3BO%3DA HTTP/1.1" 406 226 "https://sdektun.com/apps/licencias/vendor/symfony/http-kernel/Tests/Exception" "Mozilla/5.0 (Linux; Android 7.0;) AppleWebKit/537.36 (KHTML, like Gecko) Mobile Safari/537.36 (compatible; PetalBot;+https://webmaster.petalsearch.com/site/petalbot)" sdektun.com 192.185.131.128
114.119.152.164 - - [19/Feb/2025:14:23:58 -0600] "GET /apps/licencias/vendor/symfony/routing/Tests/Fixtures/php_dsl_i18n.php HTTP/1.1" 406 226 "https://sdektun.com/apps/licencias/vendor/symfony/routing/Tests/Fixtures?C=N%3BO%3DD" "Mozilla/5.0 (Linux; Android 7.0;) AppleWebKit/537.36 (KHTML, like Gecko) Mobile Safari/537.36 (compatible; PetalBot;+https://webmaster.petalsearch.com/site/petalbot)" sdektun.com 192.185.131.128
114.119.157.234 - - [19/Feb/2025:14:24:19 -0600] "GET /apps/licencias/vendor/symfony/http-kernel/Fragment/SsiFragmentRenderer.php HTTP/1.1" 406 226 "https://sdektun.com/apps/licencias/vendor/symfony/http-kernel/Fragment?C=N%3BO%3DD" "Mozilla/5.0 (Linux; Android 7.0;) AppleWebKit/537.36 (KHTML, like Gecko) Mobile Safari/537.36 (compatible; PetalBot;+https://webmaster.petalsearch.com/site/petalbot)" sdektun.com 192.185.131.128
20.171.207.131 - - [19/Feb/2025:14:28:52 -0600] "GET / HTTP/2.0" 403 6083 "-" "Mozilla/5.0 AppleWebKit/537.36 (KHTML, like Gecko; compatible; GPTBot/1.2; +https://openai.com/gptbot)" sdektun.com 192.185.131.128
114.119.135.163 - - [19/Feb/2025:14:29:02 -0600] "GET /apps/licencias/vendor/symfony/routing/Tests/Fixtures/list_null_values.xml HTTP/1.1" 406 226 "https://sdektun.com/apps/licencias/vendor/symfony/routing/Tests/Fixtures?C=N%3BO%3DD" "Mozilla/5.0 (Linux; Android 7.0;) AppleWebKit/537.36 (KHTML, like Gecko) Mobile Safari/537.36 (compatible; PetalBot;+https://webmaster.petalsearch.com/site/petalbot)" sdektun.com 192.185.131.128
114.119.134.208 - - [19/Feb/2025:14:29:20 -0600] "GET /apps/licencias/vendor/symfony/http-kernel/Event?C=N%3BO%3DD HTTP/1.1" 406 226 "https://sdektun.com/apps/licencias/vendor/symfony/http-kernel/Event?C=D%3BO%3DA" "Mozilla/5.0 (Linux; Android 7.0;) AppleWebKit/537.36 (KHTML, like Gecko) Mobile Safari/537.36 (compatible; PetalBot;+https://webmaster.petalsearch.com/site/petalbot)" sdektun.com 192.185.131.128
114.119.135.163 - - [19/Feb/2025:14:34:06 -0600] "GET /apps/licencias/vendor/symfony/routing/Loader/Configurator/?C=D%3BO%3DA HTTP/1.1" 406 226 "https://sdektun.com/apps/licencias/vendor/symfony/routing/Loader/Configurator/" "Mozilla/5.0 (Linux; Android 7.0;) AppleWebKit/537.36 (KHTML, like Gecko) Mobile Safari/537.36 (compatible; PetalBot;+https://webmaster.petalsearch.com/site/petalbot)" sdektun.com 192.185.131.128
114.119.134.208 - - [19/Feb/2025:14:34:25 -0600] "GET /apps/licencias/vendor/symfony/http-kernel/DependencyInjection?C=M%3BO%3DA HTTP/1.1" 406 226 "https://sdektun.com/apps/licencias/vendor/symfony/http-kernel/DependencyInjection?C=D%3BO%3DA" "Mozilla/5.0 (Linux; Android 7.0;) AppleWebKit/537.36 (KHTML, like Gecko) Mobile Safari/537.36 (compatible; PetalBot;+https://webmaster.petalsearch.com/site/petalbot)" sdektun.com 192.185.131.128
114.119.157.206 - - [19/Feb/2025:14:38:58 -0600] "GET /apps/licencias/vendor/symfony/http-kernel/Tests/Fixtures/Resources/Bundle1Bundle/?C=N%3BO%3DD HTTP/1.1" 406 226 "https://sdektun.com/apps/licencias/vendor/symfony/http-kernel/Tests/Fixtures/Resources/Bundle1Bundle/?C=S%3BO%3DA" "Mozilla/5.0 (Linux; Android 7.0;) AppleWebKit/537.36 (KHTML, like Gecko) Mobile Safari/537.36 (compatible; PetalBot;+https://webmaster.petalsearch.com/site/petalbot)" sdektun.com 192.185.131.128
114.119.135.163 - - [19/Feb/2025:14:39:27 -0600] "GET /apps/licencias/vendor/symfony/http-kernel/Debug?C=S%3BO%3DA HTTP/1.1" 406 226 "-" "Mozilla/5.0 (Linux; Android 7.0;) AppleWebKit/537.36 (KHTML, like Gecko) Mobile Safari/537.36 (compatible; PetalBot;+https://webmaster.petalsearch.com/site/petalbot)" sdektun.com 192.185.131.128
20.171.207.131 - - [19/Feb/2025:14:41:09 -0600] "GET / HTTP/2.0" 403 6083 "-" "Mozilla/5.0 AppleWebKit/537.36 (KHTML, like Gecko; compatible; GPTBot/1.2; +https://openai.com/gptbot)" sdektun.com 192.185.131.128
114.119.152.164 - - [19/Feb/2025:14:43:58 -0600] "GET /apps/licencias/vendor/symfony/http-kernel/Tests/Fixtures/ExtensionNotValidBundle/?C=S%3BO%3DA HTTP/1.1" 406 226 "https://sdektun.com/apps/licencias/vendor/symfony/http-kernel/Tests/Fixtures/ExtensionNotValidBundle/?C=M%3BO%3DA" "Mozilla/5.0 (Linux; Android 7.0;) AppleWebKit/537.36 (KHTML, like Gecko) Mobile Safari/537.36 (compatible; PetalBot;+https://webmaster.petalsearch.com/site/petalbot)" sdektun.com 192.185.131.128
114.119.143.187 - - [19/Feb/2025:14:44:29 -0600] "GET /apps/licencias/vendor/symfony/http-kernel/Controller/ArgumentResolver HTTP/1.1" 406 226 "-" "Mozilla/5.0 (Linux; Android 7.0;) AppleWebKit/537.36 (KHTML, like Gecko) Mobile Safari/537.36 (compatible; PetalBot;+https://webmaster.petalsearch.com/site/petalbot)" sdektun.com 192.185.131.128
20.171.207.131 - - [19/Feb/2025:14:46:04 -0600] "GET / HTTP/2.0" 403 6083 "-" "Mozilla/5.0 AppleWebKit/537.36 (KHTML, like Gecko; compatible; GPTBot/1.2; +https://openai.com/gptbot)" sdektun.com 192.185.131.128
114.119.152.164 - - [19/Feb/2025:14:49:08 -0600] "GET /apps/licencias/vendor/symfony/http-kernel/Debug/?C=D%3BO%3DA HTTP/1.1" 406 226 "https://sdektun.com/apps/licencias/vendor/symfony/http-kernel/Debug/?C=N%3BO%3DD" "Mozilla/5.0 (Linux; Android 7.0;) AppleWebKit/537.36 (KHTML, like Gecko) Mobile Safari/537.36 (compatible; PetalBot;+https://webmaster.petalsearch.com/site/petalbot)" sdektun.com 192.185.131.128
114.119.135.163 - - [19/Feb/2025:14:49:27 -0600] "GET /apps/licencias/vendor/symfony/http-kernel/Bundle?C=N%3BO%3DD HTTP/1.1" 406 226 "https://sdektun.com/apps/licencias/vendor/symfony/http-kernel/Bundle?C=M%3BO%3DA" "Mozilla/5.0 (Linux; Android 7.0;) AppleWebKit/537.36 (KHTML, like Gecko) Mobile Safari/537.36 (compatible; PetalBot;+https://webmaster.petalsearch.com/site/petalbot)" sdektun.com 192.185.131.128
114.119.142.232 - - [19/Feb/2025:14:54:08 -0600] "GET /apps/licencias/vendor/symfony/http-foundation/Tests/File/?C=M%3BO%3DA HTTP/1.1" 406 226 "https://sdektun.com/apps/licencias/vendor/symfony/http-foundation/Tests/File?C=M%3BO%3DA" "Mozilla/5.0 (Linux; Android 7.0;) AppleWebKit/537.36 (KHTML, like Gecko) Mobile Safari/537.36 (compatible; PetalBot;+https://webmaster.petalsearch.com/site/petalbot)" sdektun.com 192.185.131.128
114.119.134.208 - - [19/Feb/2025:14:54:20 -0600] "GET /apps/licencias/vendor/symfony/http-foundation/Tests/schema?C=M%3BO%3DA HTTP/1.1" 406 226 "https://sdektun.com/apps/licencias/vendor/symfony/http-foundation/Tests/schema?C=D%3BO%3DA" "Mozilla/5.0 (Linux; Android 7.0;) AppleWebKit/537.36 (KHTML, like Gecko) Mobile Safari/537.36 (compatible; PetalBot;+https://webmaster.petalsearch.com/site/petalbot)" sdektun.com 192.185.131.128
114.119.143.187 - - [19/Feb/2025:14:59:07 -0600] "GET /apps/licencias/vendor/symfony/finder/Tests/Fixtures/r%2Be.gex%5Bc%5Da(r)s/dir/?C=S%3BO%3DA HTTP/1.1" 406 226 "https://sdektun.com/apps/licencias/vendor/symfony/finder/Tests/Fixtures/r%2Be.gex%5bc%5da%28r%29s/dir?C=M%3BO%3DA" "Mozilla/5.0 (Linux; Android 7.0;) AppleWebKit/537.36 (KHTML, like Gecko) Mobile Safari/537.36 (compatible; PetalBot;+https://webmaster.petalsearch.com/site/petalbot)" sdektun.com 192.185.131.128
114.119.135.163 - - [19/Feb/2025:14:59:26 -0600] "GET /apps/licencias/vendor/symfony/http-foundation/Tests/File HTTP/1.1" 406 226 "https://sdektun.com/apps/licencias/vendor/symfony/http-foundation/Tests/File/Fixtures?C=N%3BO%3DD" "Mozilla/5.0 (Linux; Android 7.0;) AppleWebKit/537.36 (KHTML, like Gecko) Mobile Safari/537.36 (compatible; PetalBot;+https://webmaster.petalsearch.com/site/petalbot)" sdektun.com 192.185.131.128
114.119.142.232 - - [19/Feb/2025:15:04:00 -0600] "GET /apps/licencias/vendor/symfony/debug/Tests/phpt/?C=N%3BO%3DD HTTP/1.1" 406 226 "https://sdektun.com/apps/licencias/vendor/symfony/debug/Tests/phpt?C=N%3BO%3DD" "Mozilla/5.0 (Linux; Android 7.0;) AppleWebKit/537.36 (KHTML, like Gecko) Mobile Safari/537.36 (compatible; PetalBot;+https://webmaster.petalsearch.com/site/petalbot)" sdektun.com 192.185.131.128
114.119.157.206 - - [19/Feb/2025:15:04:41 -0600] "GET /apps/licencias/vendor/symfony/http-foundation/Session/Flash/FlashBagInterface.php HTTP/1.1" 406 226 "https://sdektun.com/apps/licencias/vendor/symfony/http-foundation/Session/Flash/?C=D%3BO%3DA" "Mozilla/5.0 (Linux; Android 7.0;) AppleWebKit/537.36 (KHTML, like Gecko) Mobile Safari/537.36 (compatible; PetalBot;+https://webmaster.petalsearch.com/site/petalbot)" sdektun.com 192.185.131.128
114.119.152.164 - - [19/Feb/2025:15:09:05 -0600] "GET /apps/licencias/vendor/symfony/debug/Tests/FatalErrorHandler/?C=N%3BO%3DD HTTP/1.1" 406 226 "https://sdektun.com/apps/licencias/vendor/symfony/debug/Tests/FatalErrorHandler" "Mozilla/5.0 (Linux; Android 7.0;) AppleWebKit/537.36 (KHTML, like Gecko) Mobile Safari/537.36 (compatible; PetalBot;+https://webmaster.petalsearch.com/site/petalbot)" sdektun.com 192.185.131.128
114.119.135.163 - - [19/Feb/2025:15:09:37 -0600] "GET /apps/licencias/vendor/symfony/finder/Iterator/?C=D%3BO%3DA HTTP/1.1" 406 226 "https://sdektun.com/apps/licencias/vendor/symfony/finder/Iterator/?C=N%3BO%3DD" "Mozilla/5.0 (Linux; Android 7.0;) AppleWebKit/537.36 (KHTML, like Gecko) Mobile Safari/537.36 (compatible; PetalBot;+https://webmaster.petalsearch.com/site/petalbot)" sdektun.com 192.185.131.128
114.119.157.234 - - [19/Feb/2025:15:14:11 -0600] "GET /apps/licencias/vendor/symfony/css-selector/XPath/?C=D%3BO%3DA HTTP/1.1" 406 226 "https://sdektun.com/apps/licencias/vendor/symfony/css-selector/XPath" "Mozilla/5.0 (Linux; Android 7.0;) AppleWebKit/537.36 (KHTML, like Gecko) Mobile Safari/537.36 (compatible; PetalBot;+https://webmaster.petalsearch.com/site/petalbot)" sdektun.com 192.185.131.128
114.119.134.208 - - [19/Feb/2025:15:14:25 -0600] "GET /apps/licencias/vendor/symfony/finder/Comparator/DateComparator.php HTTP/1.1" 406 226 "https://sdektun.com/apps/licencias/vendor/symfony/finder/Comparator?C=M%3BO%3DA" "Mozilla/5.0 (Linux; Android 7.0;) AppleWebKit/537.36 (KHTML, like Gecko) Mobile Safari/537.36 (compatible; PetalBot;+https://webmaster.petalsearch.com/site/petalbot)" sdektun.com 192.185.131.128
114.119.134.208 - - [19/Feb/2025:15:19:09 -0600] "GET /apps/licencias/vendor/symfony/css-selector/Parser/Tokenizer/?C=S%3BO%3DA HTTP/1.1" 406 226 "https://sdektun.com/apps/licencias/vendor/symfony/css-selector/Parser/Tokenizer/?C=N%3BO%3DD" "Mozilla/5.0 (Linux; Android 7.0;) AppleWebKit/537.36 (KHTML, like Gecko) Mobile Safari/537.36 (compatible; PetalBot;+https://webmaster.petalsearch.com/site/petalbot)" sdektun.com 192.185.131.128
114.119.135.163 - - [19/Feb/2025:15:19:22 -0600] "GET /apps/licencias/vendor/symfony/event-dispatcher/Tests/DependencyInjection?C=S%3BO%3DA HTTP/1.1" 406 226 "https://sdektun.com/apps/licencias/vendor/symfony/event-dispatcher/Tests/DependencyInjection?C=D%3BO%3DA" "Mozilla/5.0 (Linux; Android 7.0;) AppleWebKit/537.36 (KHTML, like Gecko) Mobile Safari/537.36 (compatible; PetalBot;+https://webmaster.petalsearch.com/site/petalbot)" sdektun.com 192.185.131.128
114.119.142.232 - - [19/Feb/2025:15:24:08 -0600] "GET /apps/licencias/vendor/symfony/css-selector/Parser/Shortcut/?C=N%3BO%3DD HTTP/1.1" 406 226 "https://sdektun.com/apps/licencias/vendor/symfony/css-selector/Parser/Shortcut/" "Mozilla/5.0 (Linux; Android 7.0;) AppleWebKit/537.36 (KHTML, like Gecko) Mobile Safari/537.36 (compatible; PetalBot;+https://webmaster.petalsearch.com/site/petalbot)" sdektun.com 192.185.131.128
114.119.135.163 - - [19/Feb/2025:15:24:35 -0600] "GET /apps/licencias/vendor/symfony/event-dispatcher/Tests/DependencyInjection?C=N%3BO%3DD HTTP/1.1" 406 226 "https://sdektun.com/apps/licencias/vendor/symfony/event-dispatcher/Tests/DependencyInjection?C=S%3BO%3DA" "Mozilla/5.0 (Linux; Android 7.0;) AppleWebKit/537.36 (KHTML, like Gecko) Mobile Safari/537.36 (compatible; PetalBot;+https://webmaster.petalsearch.com/site/petalbot)" sdektun.com 192.185.131.128
114.119.139.26 - - [19/Feb/2025:15:29:32 -0600] "GET /apps/licencias/vendor/symfony/console/Question/?C=S%3BO%3DA HTTP/1.1" 406 226 "https://sdektun.com/apps/licencias/vendor/symfony/console/Question" "Mozilla/5.0 (Linux; Android 7.0;) AppleWebKit/537.36 (KHTML, like Gecko) Mobile Safari/537.36 (compatible; PetalBot;+https://webmaster.petalsearch.com/site/petalbot)" sdektun.com 192.185.131.128
114.119.157.206 - - [19/Feb/2025:15:29:48 -0600] "GET /apps/licencias/vendor/symfony/debug/Tests/phpt/decorate_exception_hander.phpt HTTP/1.1" 406 226 "https://sdektun.com/apps/licencias/vendor/symfony/debug/Tests/phpt?C=N%3BO%3DD" "Mozilla/5.0 (Linux; Android 7.0;) AppleWebKit/537.36 (KHTML, like Gecko) Mobile Safari/537.36 (compatible; PetalBot;+https://webmaster.petalsearch.com/site/petalbot)" sdektun.com 192.185.131.128
114.119.152.164 - - [19/Feb/2025:15:34:15 -0600] "GET /apps/licencias/vendor/symfony/console/Question/?C=D%3BO%3DA HTTP/1.1" 406 226 "https://sdektun.com/apps/licencias/vendor/symfony/console/Question" "Mozilla/5.0 (Linux; Android 7.0;) AppleWebKit/537.36 (KHTML, like Gecko) Mobile Safari/537.36 (compatible; PetalBot;+https://webmaster.petalsearch.com/site/petalbot)" sdektun.com 192.185.131.128
114.119.157.234 - - [19/Feb/2025:15:34:42 -0600] "GET /apps/licencias/vendor/symfony/debug/FatalErrorHandler?C=M%3BO%3DA HTTP/1.1" 406 226 "https://sdektun.com/apps/licencias/vendor/symfony/debug/FatalErrorHandler?C=S%3BO%3DA" "Mozilla/5.0 (Linux; Android 7.0;) AppleWebKit/537.36 (KHTML, like Gecko) Mobile Safari/537.36 (compatible; PetalBot;+https://webmaster.petalsearch.com/site/petalbot)" sdektun.com 192.185.131.128
114.119.139.26 - - [19/Feb/2025:15:39:16 -0600] "GET /apps/licencias/vendor/symfony/console/Helper/?C=M%3BO%3DA HTTP/1.1" 406 226 "https://sdektun.com/apps/licencias/vendor/symfony/console/Helper" "Mozilla/5.0 (Linux; Android 7.0;) AppleWebKit/537.36 (KHTML, like Gecko) Mobile Safari/537.36 (compatible; PetalBot;+https://webmaster.petalsearch.com/site/petalbot)" sdektun.com 192.185.131.128
114.119.139.26 - - [19/Feb/2025:15:39:29 -0600] "GET /apps/licencias/vendor/symfony/css-selector/Tests/XPath/Fixtures?C=M%3BO%3DA HTTP/1.1" 406 226 "https://sdektun.com/apps/licencias/vendor/symfony/css-selector/Tests/XPath/Fixtures?C=D%3BO%3DA" "Mozilla/5.0 (Linux; Android 7.0;) AppleWebKit/537.36 (KHTML, like Gecko) Mobile Safari/537.36 (compatible; PetalBot;+https://webmaster.petalsearch.com/site/petalbot)" sdektun.com 192.185.131.128
95.111.244.79 - - [19/Feb/2025:15:43:32 -0600] "GET /.env HTTP/1.1" 406 226 "-" "Mozilla/5.0 (Macintosh; Intel Mac OS X 10_11_5) AppleWebKit/537.36 (KHTML, like Gecko) Chrome/76.0.3809.100 Safari/537.36" sdektun.com 192.185.131.128
114.119.139.26 - - [19/Feb/2025:15:44:11 -0600] "GET /apps/licencias/vendor/symfony/?C=N%3BO%3DD HTTP/1.1" 406 226 "https://sdektun.com/apps/licencias/vendor/symfony?C=N%3BO%3DD" "Mozilla/5.0 (Linux; Android 7.0;) AppleWebKit/537.36 (KHTML, like Gecko) Mobile Safari/537.36 (compatible; PetalBot;+https://webmaster.petalsearch.com/site/petalbot)" sdektun.com 192.185.131.128
114.119.135.163 - - [19/Feb/2025:15:44:44 -0600] "GET /apps/licencias/vendor/symfony/css-selector/Parser/Shortcut/EmptyStringParser.php HTTP/1.1" 406 226 "https://sdektun.com/apps/licencias/vendor/symfony/css-selector/Parser/Shortcut/" "Mozilla/5.0 (Linux; Android 7.0;) AppleWebKit/537.36 (KHTML, like Gecko) Mobile Safari/537.36 (compatible; PetalBot;+https://webmaster.petalsearch.com/site/petalbot)" sdektun.com 192.185.131.128
114.119.142.232 - - [19/Feb/2025:15:49:23 -0600] "GET /apps/licencias/vendor/swiftmailer/swiftmailer/tests/acceptance/Swift/Transport/StreamBuffer/?C=S%3BO%3DA HTTP/1.1" 406 226 "https://sdektun.com/apps/licencias/vendor/swiftmailer/swiftmailer/tests/acceptance/Swift/Transport/StreamBuffer/?C=M%3BO%3DA" "Mozilla/5.0 (Linux; Android 7.0;) AppleWebKit/537.36 (KHTML, like Gecko) Mobile Safari/537.36 (compatible; PetalBot;+https://webmaster.petalsearch.com/site/petalbot)" sdektun.com 192.185.131.128
114.119.157.234 - - [19/Feb/2025:15:49:33 -0600] "GET /apps/licencias/vendor/symfony/css-selector/Parser/Handler/NumberHandler.php HTTP/1.1" 406 226 "https://sdektun.com/apps/licencias/vendor/symfony/css-selector/Parser/Handler" "Mozilla/5.0 (Linux; Android 7.0;) AppleWebKit/537.36 (KHTML, like Gecko) Mobile Safari/537.36 (compatible; PetalBot;+https://webmaster.petalsearch.com/site/petalbot)" sdektun.com 192.185.131.128
114.119.157.206 - - [19/Feb/2025:15:54:14 -0600] "GET /apps/licencias/vendor/swiftmailer/swiftmailer/tests/acceptance/Swift/KeyCache/?C=D%3BO%3DA HTTP/1.1" 406 226 "https://sdektun.com/apps/licencias/vendor/swiftmailer/swiftmailer/tests/acceptance/Swift/KeyCache/?C=M%3BO%3DA" "Mozilla/5.0 (Linux; Android 7.0;) AppleWebKit/537.36 (KHTML, like Gecko) Mobile Safari/537.36 (compatible; PetalBot;+https://webmaster.petalsearch.com/site/petalbot)" sdektun.com 192.185.131.128
114.119.157.206 - - [19/Feb/2025:15:54:30 -0600] "GET /apps/licencias/vendor/tijsverkoyen/css-to-inline-styles?C=N%3BO%3DD HTTP/1.1" 406 226 "https://sdektun.com/apps/licencias/vendor/tijsverkoyen/css-to-inline-styles?C=S%3BO%3DA" "Mozilla/5.0 (Linux; Android 7.0;) AppleWebKit/537.36 (KHTML, like Gecko) Mobile Safari/537.36 (compatible; PetalBot;+https://webmaster.petalsearch.com/site/petalbot)" sdektun.com 192.185.131.128
114.119.157.206 - - [19/Feb/2025:15:59:28 -0600] "GET /pluginDental/profile/niloofar-khalesseh-board-certified-pediatric-dentist-at-plano-and-dallas/ HTTP/1.1" 406 226 "-" "Mozilla/5.0 (Linux; Android 7.0;) AppleWebKit/537.36 (KHTML, like Gecko) Mobile Safari/537.36 (compatible; PetalBot;+https://webmaster.petalsearch.com/site/petalbot)" sdektun.com 192.185.131.128
114.119.143.187 - - [19/Feb/2025:15:59:33 -0600] "GET /apps/licencias/vendor/tijsverkoyen/css-to-inline-styles/src/Css/Rule/Processor.php HTTP/1.1" 406 226 "https://sdektun.com/apps/licencias/vendor/tijsverkoyen/css-to-inline-styles/src/Css/Rule/?C=N%3BO%3DD" "Mozilla/5.0 (Linux; Android 7.0;) AppleWebKit/537.36 (KHTML, like Gecko) Mobile Safari/537.36 (compatible; PetalBot;+https://webmaster.petalsearch.com/site/petalbot)" sdektun.com 192.185.131.128
95.111.244.79 - - [19/Feb/2025:16:03:33 -0600] "GET /.env HTTP/1.1" 406 226 "-" "Mozilla/5.0 (iPhone; CPU iPhone OS 12_0 like Mac OS X) AppleWebKit/605.1.15 (KHTML, like Gecko) Version/12.0 Mobile/15E148 Safari/604.1" sdektun.com 192.185.131.128
114.119.139.26 - - [19/Feb/2025:16:04:12 -0600] "GET /nova15 HTTP/1.1" 406 226 "-" "Mozilla/5.0 (Linux; Android 7.0;) AppleWebKit/537.36 (KHTML, like Gecko) Mobile Safari/537.36 (compatible; PetalBot;+https://webmaster.petalsearch.com/site/petalbot)" sdektun.com 192.185.131.128
114.119.152.164 - - [19/Feb/2025:16:04:30 -0600] "GET /apps/licencias/vendor/tijsverkoyen/css-to-inline-styles/src/Css/?C=D%3BO%3DA HTTP/1.1" 406 226 "https://sdektun.com/apps/licencias/vendor/tijsverkoyen/css-to-inline-styles/src/Css?C=N%3BO%3DD" "Mozilla/5.0 (Linux; Android 7.0;) AppleWebKit/537.36 (KHTML, like Gecko) Mobile Safari/537.36 (compatible; PetalBot;+https://webmaster.petalsearch.com/site/petalbot)" sdektun.com 192.185.131.128
95.111.244.79 - - [19/Feb/2025:16:05:33 -0600] "GET /.env HTTP/1.1" 406 226 "-" "Mozilla/5.0 (Macintosh; Intel Mac OS X 10_13_4) AppleWebKit/537.36 (KHTML, like Gecko) Chrome/74.0.3729.169 Safari/537.36" sdektun.com 192.185.131.128
138.246.253.24 - - [19/Feb/2025:16:06:47 -0600] "GET /robots.txt HTTP/1.1" 503 - "-" "Mozilla/5.0 (Windows NT 10.0; Win64; x64) AppleWebKit/537.36 (KHTML, like Gecko) Chrome/103.0.5060.134 Safari/537.36" cpcontacts.sdektun.com 192.185.131.128
114.119.157.234 - - [19/Feb/2025:16:09:39 -0600] "GET /fusion/staff-only/ HTTP/1.1" 406 226 "-" "Mozilla/5.0 (Linux; Android 7.0;) AppleWebKit/537.36 (KHTML, like Gecko) Mobile Safari/537.36 (compatible; PetalBot;+https://webmaster.petalsearch.com/site/petalbot)" sdektun.com 192.185.131.128
114.119.134.208 - - [19/Feb/2025:16:09:48 -0600] "GET /apps/licencias/vendor/theseer/tokenizer/src/NamespaceUri.php HTTP/1.1" 406 226 "https://sdektun.com/apps/licencias/vendor/theseer/tokenizer/src?C=N%3BO%3DD" "Mozilla/5.0 (Linux; Android 7.0;) AppleWebKit/537.36 (KHTML, like Gecko) Mobile Safari/537.36 (compatible; PetalBot;+https://webmaster.petalsearch.com/site/petalbot)" sdektun.com 192.185.131.128
114.119.139.26 - - [19/Feb/2025:16:14:21 -0600] "GET /cgi-bin?C=N%3BO%3DD HTTP/1.1" 406 226 "https://sdektun.com/cgi-bin?C=D%3BO%3DA" "Mozilla/5.0 (Linux; Android 7.0;) AppleWebKit/537.36 (KHTML, like Gecko) Mobile Safari/537.36 (compatible; PetalBot;+https://webmaster.petalsearch.com/site/petalbot)" sdektun.com 192.185.131.128
114.119.142.232 - - [19/Feb/2025:16:14:33 -0600] "GET /apps/licencias/vendor/symfony/var-dumper/Tests/Fixtures?C=D%3BO%3DA HTTP/1.1" 406 226 "https://sdektun.com/apps/licencias/vendor/symfony/var-dumper/Tests/Fixtures?C=M%3BO%3DA" "Mozilla/5.0 (Linux; Android 7.0;) AppleWebKit/537.36 (KHTML, like Gecko) Mobile Safari/537.36 (compatible; PetalBot;+https://webmaster.petalsearch.com/site/petalbot)" sdektun.com 192.185.131.128
114.119.157.206 - - [19/Feb/2025:16:22:05 -0600] "GET /apps/licencias/vendor/symfony/var-dumper/Server HTTP/1.1" 406 226 "https://sdektun.com/apps/licencias/vendor/symfony/var-dumper?C=M%3BO%3DA" "Mozilla/5.0 (Linux; Android 7.0;) AppleWebKit/537.36 (KHTML, like Gecko) Mobile Safari/537.36 (compatible; PetalBot;+https://webmaster.petalsearch.com/site/petalbot)" sdektun.com 192.185.131.128
114.119.143.187 - - [19/Feb/2025:16:22:23 -0600] "GET /cgi-bin?C=M%3BO%3DA HTTP/1.1" 406 226 "https://sdektun.com/cgi-bin?C=D%3BO%3DA" "Mozilla/5.0 (Linux; Android 7.0;) AppleWebKit/537.36 (KHTML, like Gecko) Mobile Safari/537.36 (compatible; PetalBot;+https://webmaster.petalsearch.com/site/petalbot)" sdektun.com 192.185.131.128
114.119.135.163 - - [19/Feb/2025:16:26:19 -0600] "GET /apps/licencias/vendor/vlucas/phpdotenv/src/Environment/?C=D%3BO%3DA HTTP/1.1" 406 226 "https://sdektun.com/apps/licencias/vendor/vlucas/phpdotenv/src/Environment?C=D%3BO%3DA" "Mozilla/5.0 (Linux; Android 7.0;) AppleWebKit/537.36 (KHTML, like Gecko) Mobile Safari/537.36 (compatible; PetalBot;+https://webmaster.petalsearch.com/site/petalbot)" sdektun.com 192.185.131.128
114.119.143.187 - - [19/Feb/2025:16:26:20 -0600] "GET /apps/licencias/vendor/symfony/var-dumper/Command/Descriptor?C=M%3BO%3DA HTTP/1.1" 406 226 "https://sdektun.com/apps/licencias/vendor/symfony/var-dumper/Command/Descriptor?C=N%3BO%3DD" "Mozilla/5.0 (Linux; Android 7.0;) AppleWebKit/537.36 (KHTML, like Gecko) Mobile Safari/537.36 (compatible; PetalBot;+https://webmaster.petalsearch.com/site/petalbot)" sdektun.com 192.185.131.128
4.227.36.12 - - [19/Feb/2025:16:26:48 -0600] "GET /robots.txt HTTP/2.0" 404 4677 "-" "Mozilla/5.0 AppleWebKit/537.36 (KHTML, like Gecko; compatible; GPTBot/1.2; +https://openai.com/gptbot)" sdektun.com 192.185.131.128
20.171.207.41 - - [19/Feb/2025:16:26:48 -0600] "GET / HTTP/2.0" 403 6083 "-" "Mozilla/5.0 AppleWebKit/537.36 (KHTML, like Gecko; compatible; GPTBot/1.2; +https://openai.com/gptbot)" sdektun.com 192.185.131.128
114.119.143.187 - - [19/Feb/2025:16:31:22 -0600] "GET /apps/licencias/vendor/theseer/tokenizer/?C=S%3BO%3DA HTTP/1.1" 406 226 "https://sdektun.com/apps/licencias/vendor/theseer/tokenizer/?C=N%3BO%3DD" "Mozilla/5.0 (Linux; Android 7.0;) AppleWebKit/537.36 (KHTML, like Gecko) Mobile Safari/537.36 (compatible; PetalBot;+https://webmaster.petalsearch.com/site/petalbot)" sdektun.com 192.185.131.128
114.119.143.187 - - [19/Feb/2025:16:31:23 -0600] "GET /apps/licencias/vendor/symfony/translation/Tests/Writer?C=S%3BO%3DA HTTP/1.1" 406 226 "https://sdektun.com/apps/licencias/vendor/symfony/translation/Tests/Writer?C=M%3BO%3DA" "Mozilla/5.0 (Linux; Android 7.0;) AppleWebKit/537.36 (KHTML, like Gecko) Mobile Safari/537.36 (compatible; PetalBot;+https://webmaster.petalsearch.com/site/petalbot)" sdektun.com 192.185.131.128
20.171.207.41 - - [19/Feb/2025:16:33:25 -0600] "GET / HTTP/2.0" 403 6083 "-" "Mozilla/5.0 AppleWebKit/537.36 (KHTML, like Gecko; compatible; GPTBot/1.2; +https://openai.com/gptbot)" sdektun.com 192.185.131.128
114.119.142.232 - - [19/Feb/2025:16:36:46 -0600] "GET /apps/licencias/vendor/symfony/var-dumper/Tests/Fixtures/xml_reader.xml HTTP/1.1" 406 226 "https://sdektun.com/apps/licencias/vendor/symfony/var-dumper/Tests/Fixtures?C=M%3BO%3DA" "Mozilla/5.0 (Linux; Android 7.0;) AppleWebKit/537.36 (KHTML, like Gecko) Mobile Safari/537.36 (compatible; PetalBot;+https://webmaster.petalsearch.com/site/petalbot)" sdektun.com 192.185.131.128
114.119.143.187 - - [19/Feb/2025:16:36:50 -0600] "GET /apps/licencias/vendor/symfony/translation/Tests/Loader?C=S%3BO%3DA HTTP/1.1" 406 226 "https://sdektun.com/apps/licencias/vendor/symfony/translation/Tests/Loader?C=D%3BO%3DA" "Mozilla/5.0 (Linux; Android 7.0;) AppleWebKit/537.36 (KHTML, like Gecko) Mobile Safari/537.36 (compatible; PetalBot;+https://webmaster.petalsearch.com/site/petalbot)" sdektun.com 192.185.131.128
114.119.157.206 - - [19/Feb/2025:16:41:31 -0600] "GET /apps/licencias/vendor/symfony/translation/Tests/Dumper/CsvFileDumperTest.php HTTP/1.1" 406 226 "https://sdektun.com/apps/licencias/vendor/symfony/translation/Tests/Dumper?C=S%3BO%3DA" "Mozilla/5.0 (Linux; Android 7.0;) AppleWebKit/537.36 (KHTML, like Gecko) Mobile Safari/537.36 (compatible; PetalBot;+https://webmaster.petalsearch.com/site/petalbot)" sdektun.com 192.185.131.128
114.119.143.187 - - [19/Feb/2025:16:41:39 -0600] "GET /apps/licencias/vendor/symfony/var-dumper/Tests/Cloner/?C=N%3BO%3DD HTTP/1.1" 406 226 "https://sdektun.com/apps/licencias/vendor/symfony/var-dumper/Tests/Cloner?C=N%3BO%3DD" "Mozilla/5.0 (Linux; Android 7.0;) AppleWebKit/537.36 (KHTML, like Gecko) Mobile Safari/537.36 (compatible; PetalBot;+https://webmaster.petalsearch.com/site/petalbot)" sdektun.com 192.185.131.128
20.171.207.41 - - [19/Feb/2025:16:44:39 -0600] "GET / HTTP/2.0" 403 6083 "-" "Mozilla/5.0 AppleWebKit/537.36 (KHTML, like Gecko; compatible; GPTBot/1.2; +https://openai.com/gptbot)" sdektun.com 192.185.131.128
20.171.207.41 - - [19/Feb/2025:16:45:58 -0600] "GET / HTTP/2.0" 403 6083 "-" "Mozilla/5.0 AppleWebKit/537.36 (KHTML, like Gecko; compatible; GPTBot/1.2; +https://openai.com/gptbot)" sdektun.com 192.185.131.128
114.119.157.206 - - [19/Feb/2025:16:46:17 -0600] "GET /apps/licencias/vendor/symfony/var-dumper/ HTTP/1.1" 406 226 "https://sdektun.com/apps/licencias/vendor/symfony/var-dumper/Dumper?C=S%3BO%3DA" "Mozilla/5.0 (Linux; Android 7.0;) AppleWebKit/537.36 (KHTML, like Gecko) Mobile Safari/537.36 (compatible; PetalBot;+https://webmaster.petalsearch.com/site/petalbot)" sdektun.com 192.185.131.128
114.119.152.164 - - [19/Feb/2025:16:46:18 -0600] "GET /apps/licencias/vendor/symfony/translation/Tests/?C=S%3BO%3DA HTTP/1.1" 406 226 "https://sdektun.com/apps/licencias/vendor/symfony/translation/Tests?C=D%3BO%3DA" "Mozilla/5.0 (Linux; Android 7.0;) AppleWebKit/537.36 (KHTML, like Gecko) Mobile Safari/537.36 (compatible; PetalBot;+https://webmaster.petalsearch.com/site/petalbot)" sdektun.com 192.185.131.128
20.171.207.41 - - [19/Feb/2025:16:51:43 -0600] "GET / HTTP/2.0" 403 6083 "-" "Mozilla/5.0 AppleWebKit/537.36 (KHTML, like Gecko; compatible; GPTBot/1.2; +https://openai.com/gptbot)" sdektun.com 192.185.131.128
114.119.134.208 - - [19/Feb/2025:16:52:07 -0600] "GET /apps/licencias/vendor/symfony/translation/Tests/fixtures/resourcebundle/?C=D%3BO%3DA HTTP/1.1" 406 226 "https://sdektun.com/apps/licencias/vendor/symfony/translation/Tests/fixtures/resourcebundle" "Mozilla/5.0 (Linux; Android 7.0;) AppleWebKit/537.36 (KHTML, like Gecko) Mobile Safari/537.36 (compatible; PetalBot;+https://webmaster.petalsearch.com/site/petalbot)" sdektun.com 192.185.131.128
