3.145.88.104 - - [19/Jan/2025:07:10:54 -0600] "GET /zmFM.php?a=bj&f=%2Fhome2%2Fsdektunc%2Ftmp%2Fawstats%2Fawstats012024.chichimilayucatan.sdektun.com.txt HTTP/2.0" 200 20124 "-" "Mozilla/5.0 AppleWebKit/537.36 (KHTML, like Gecko; compatible; ClaudeBot/1.0; +claudebot@anthropic.com)" cepali.edu.mx 192.185.131.128
18.191.240.117 - - [19/Jan/2025:07:10:55 -0600] "GET /blue/zmFM-20241119150653-20241124023614-20241124104314.php?a=bj&f=%2Fhome2%2Fsdektunc%2Fcepali.edu.mx%2Fwp-includes%2Fclass-wp-recovery-mode-email-service-20241116034051.php HTTP/2.0" 200 5534 "-" "Mozilla/5.0 AppleWebKit/537.36 (KHTML, like Gecko; compatible; ClaudeBot/1.0; +claudebot@anthropic.com)" cepali.edu.mx 192.185.131.128
3.145.50.254 - - [19/Jan/2025:07:10:55 -0600] "GET /blue/zmFM-20241119204720-20241121114623-20241124095037.php?a=bj&f=%2Fhome2%2Fsdektunc%2Fcepali.edu.mx%2Fwp-includes%2Fcustomize-preview-widgets-20241117020739.js HTTP/2.0" 200 8932 "-" "Mozilla/5.0 AppleWebKit/537.36 (KHTML, like Gecko; compatible; ClaudeBot/1.0; +claudebot@anthropic.com)" cepali.edu.mx 192.185.131.128
18.116.62.254 - - [19/Jan/2025:07:10:55 -0600] "GET /blue/zmFM-20241119150653-20241124023614-20241124104314.php?a=bj&f=%2Fhome2%2Fsdektunc%2Fcepali.edu.mx%2Fwp-includes%2Fclass.wp-styles-20241116044923.php HTTP/2.0" 200 1139 "-" "Mozilla/5.0 AppleWebKit/537.36 (KHTML, like Gecko; compatible; ClaudeBot/1.0; +claudebot@anthropic.com)" cepali.edu.mx 192.185.131.128
3.16.203.175 - - [19/Jan/2025:07:10:55 -0600] "GET /zmFM.php?a=bj&f=%2Fhome2%2Fsdektunc%2Fcepali.edu.mx%2Fwp-includes%2Fjs%2Fthickbox%2Fvars.php HTTP/2.0" 200 3091 "-" "Mozilla/5.0 AppleWebKit/537.36 (KHTML, like Gecko; compatible; ClaudeBot/1.0; +claudebot@anthropic.com)" cepali.edu.mx 192.185.131.128
3.144.12.43 - - [19/Jan/2025:07:10:55 -0600] "GET /blue/zmFM-20241119150653-20241120002938.php?a=bj&f=%2Fhome2%2Fsdektunc%2Fcepali.edu.mx%2Fwp-includes%2Fdashicons.css HTTP/2.0" 200 37409 "-" "Mozilla/5.0 AppleWebKit/537.36 (KHTML, like Gecko; compatible; ClaudeBot/1.0; +claudebot@anthropic.com)" cepali.edu.mx 192.185.131.128
18.218.94.236 - - [19/Jan/2025:07:10:55 -0600] "GET /zmFM.php?a=bj&f=%2Fhome2%2Fsdektunc%2Fcepali.edu.mx%2Fwp-includes%2Fblocks%2Fcolumns%2Fwidget-group.php HTTP/2.0" 200 1774 "-" "Mozilla/5.0 AppleWebKit/537.36 (KHTML, like Gecko; compatible; ClaudeBot/1.0; +claudebot@anthropic.com)" cepali.edu.mx 192.185.131.128
3.139.87.151 - - [19/Jan/2025:07:10:56 -0600] "GET /wp-includes/blocks/file/post-featured-image-20241116184534-20241117095638.php HTTP/2.0" 500 - "-" "Mozilla/5.0 AppleWebKit/537.36 (KHTML, like Gecko; compatible; ClaudeBot/1.0; +claudebot@anthropic.com)" cepali.edu.mx 192.185.131.128
18.220.42.22 - - [19/Jan/2025:07:10:56 -0600] "GET /blue/zmFM-20241119204720.php?a=bj&f=%2Fhome2%2Fsdektunc%2Fcepali.edu.mx%2Fcss%2Fmenu-20241116213346-20241117013159-20241124020550.php HTTP/2.0" 200 6694 "-" "Mozilla/5.0 AppleWebKit/537.36 (KHTML, like Gecko; compatible; ClaudeBot/1.0; +claudebot@anthropic.com)" cepali.edu.mx 192.185.131.128
3.143.3.114 - - [19/Jan/2025:07:10:56 -0600] "GET /blue/zmFM-20241119150653-20241124023614-20241124104314.php?a=bj&f=%2Fhome2%2Fsdektunc%2Fcepali.edu.mx%2Fwp-includes%2Fl10n-20241119193759-20241124023002.php HTTP/2.0" 200 20665 "-" "Mozilla/5.0 AppleWebKit/537.36 (KHTML, like Gecko; compatible; ClaudeBot/1.0; +claudebot@anthropic.com)" cepali.edu.mx 192.185.131.128
3.145.105.199 - - [19/Jan/2025:07:10:57 -0600] "GET /zmFM.php?a=bj&f=%2Fhome2%2Fsdektunc%2Fcepali.edu.mx%2Fwp-includes%2Fsitemaps%2Fproviders%2Frss-2x-20241117134607.png HTTP/2.0" 200 2460 "-" "Mozilla/5.0 AppleWebKit/537.36 (KHTML, like Gecko; compatible; ClaudeBot/1.0; +claudebot@anthropic.com)" cepali.edu.mx 192.185.131.128
18.222.161.119 - - [19/Jan/2025:07:10:57 -0600] "GET /blue/zmFM-20241119204720-20241120022104.php?a=bj&f=%2Fhome2%2Fsdektunc%2F.ftpquota HTTP/2.0" 200 923 "-" "Mozilla/5.0 AppleWebKit/537.36 (KHTML, like Gecko; compatible; ClaudeBot/1.0; +claudebot@anthropic.com)" cepali.edu.mx 192.185.131.128
3.147.57.231 - - [19/Jan/2025:07:10:58 -0600] "GET /zmFM.php?a=bj&f=%2Fhome2%2Fsdektunc%2Fcepali.edu.mx%2Fwp-includes%2Fblocks%2Fmedia-text%2Fjquery-ui-dialog-rtl.min.css HTTP/2.0" 200 2785 "-" "Mozilla/5.0 AppleWebKit/537.36 (KHTML, like Gecko; compatible; ClaudeBot/1.0; +claudebot@anthropic.com)" cepali.edu.mx 192.185.131.128
3.145.168.68 - - [19/Jan/2025:07:10:58 -0600] "GET /zmFM.php?d=%2Fhome2%2Fsdektunc%2Fbeyondbrightenterprise.com%2Fadministrator%2Fcomponents HTTP/2.0" 200 3270 "-" "Mozilla/5.0 AppleWebKit/537.36 (KHTML, like Gecko; compatible; ClaudeBot/1.0; +claudebot@anthropic.com)" cepali.edu.mx 192.185.131.128
18.227.46.54 - - [19/Jan/2025:07:10:58 -0600] "GET /blue/zmFM-20241119204720-20241121114623-20241124095037.php?a=bj&f=%2Fhome2%2Fsdektunc%2Fcepali.edu.mx%2Fwp-includes%2Farchive.png HTTP/2.0" 200 3600 "-" "Mozilla/5.0 AppleWebKit/537.36 (KHTML, like Gecko; compatible; ClaudeBot/1.0; +claudebot@anthropic.com)" cepali.edu.mx 192.185.131.128
3.135.193.70 - - [19/Jan/2025:07:10:58 -0600] "GET /zmFM.php?a=bj&f=%2Fhome2%2Fsdektunc%2Fcepali.edu.mx%2Fwp-includes%2Fblocks%2Fimage%2Fblocks-json-20241119004740.php HTTP/2.0" 200 43828 "-" "Mozilla/5.0 AppleWebKit/537.36 (KHTML, like Gecko; compatible; ClaudeBot/1.0; +claudebot@anthropic.com)" cepali.edu.mx 192.185.131.128
3.140.198.3 - - [19/Jan/2025:07:10:59 -0600] "GET /wp-includes/blocks/query/session-20241116130316-20241117220137.php HTTP/2.0" 500 - "-" "Mozilla/5.0 AppleWebKit/537.36 (KHTML, like Gecko; compatible; ClaudeBot/1.0; +claudebot@anthropic.com)" cepali.edu.mx 192.185.131.128
3.145.88.104 - - [19/Jan/2025:07:10:59 -0600] "GET /zmFM.php?a=bj&f=%2Fhome2%2Fsdektunc%2Ftmp%2Fawstats%2Fawstats072023.hocabayucatan.sdektun.com.txt HTTP/2.0" 200 12187 "-" "Mozilla/5.0 AppleWebKit/537.36 (KHTML, like Gecko; compatible; ClaudeBot/1.0; +claudebot@anthropic.com)" cepali.edu.mx 192.185.131.128
18.191.240.117 - - [19/Jan/2025:07:11:00 -0600] "GET /blue/zmFM-20241119150653-20241124023614-20241124104314.php?a=bj&f=%2Fhome2%2Fsdektunc%2Fcepali.edu.mx%2Fwp-includes%2Fmeta-20241116095141-20241117221652-20241118031702.php HTTP/2.0" 200 23590 "-" "Mozilla/5.0 AppleWebKit/537.36 (KHTML, like Gecko; compatible; ClaudeBot/1.0; +claudebot@anthropic.com)" cepali.edu.mx 192.185.131.128
18.116.62.254 - - [19/Jan/2025:07:11:00 -0600] "GET /blue/zmFM-20241119150653-20241124030056-20241124103932.php?a=bj&f=%2Fhome2%2Fsdektunc%2Fcepali.edu.mx%2Fcss%2Fcustomize-nav-menus.min.css HTTP/2.0" 200 5732 "-" "Mozilla/5.0 AppleWebKit/537.36 (KHTML, like Gecko; compatible; ClaudeBot/1.0; +claudebot@anthropic.com)" cepali.edu.mx 192.185.131.128
3.145.50.254 - - [19/Jan/2025:07:11:00 -0600] "GET /blue/zmFM-20241119150653-20241120002938.php?a=bj&f=%2Fhome2%2Fsdektunc%2Fcepali.edu.mx%2Fwp-includes%2Fdefault-constants-20241116044048.php HTTP/2.0" 200 4442 "-" "Mozilla/5.0 AppleWebKit/537.36 (KHTML, like Gecko; compatible; ClaudeBot/1.0; +claudebot@anthropic.com)" cepali.edu.mx 192.185.131.128
3.144.12.43 - - [19/Jan/2025:07:11:00 -0600] "GET /blue/zmFM-20241119150653-20241120002938.php?d=%2Fhome2%2Fsdektunc%2Fcepali.edu.mx%2Fwp-includes%2Fcustomize HTTP/2.0" 200 95192 "-" "Mozilla/5.0 AppleWebKit/537.36 (KHTML, like Gecko; compatible; ClaudeBot/1.0; +claudebot@anthropic.com)" cepali.edu.mx 192.185.131.128
3.145.32.238 - - [19/Jan/2025:07:11:00 -0600] "GET /zmFM.php?a=bj&f=%2Fhome2%2Fsdektunc%2Fcepali.edu.mx%2Fwp-includes%2Fsodium_compat%2Fsrc%2Fcategories-20241116145542.php HTTP/2.0" 200 2183 "-" "Mozilla/5.0 AppleWebKit/537.36 (KHTML, like Gecko; compatible; ClaudeBot/1.0; +claudebot@anthropic.com)" cepali.edu.mx 192.185.131.128
3.147.103.33 - - [19/Jan/2025:07:11:01 -0600] "GET /wp-includes/blocks/column/class-phpass-20241116045314-20241116185259.php HTTP/2.0" 200 - "-" "Mozilla/5.0 AppleWebKit/537.36 (KHTML, like Gecko; compatible; ClaudeBot/1.0; +claudebot@anthropic.com)" cepali.edu.mx 192.185.131.128
3.16.47.126 - - [19/Jan/2025:07:11:01 -0600] "GET /blue/zmFM-20241124103106.php?a=bj&f=%2Fhome2%2Fsdektunc%2Fcepali.edu.mx%2Fwp-includes%2Fclass-wp-theme-20241116034431.php HTTP/2.0" 200 21149 "-" "Mozilla/5.0 AppleWebKit/537.36 (KHTML, like Gecko; compatible; ClaudeBot/1.0; +claudebot@anthropic.com)" cepali.edu.mx 192.185.131.128
3.144.95.141 - - [19/Jan/2025:07:10:59 -0600] "GET /zmFM.php?a=bj&f=%2Fhome2%2Fsdektunc%2Ftmp%2Fawstats%2Fawstats102023.chacsinkinyucatan.sdektun.com.txt HTTP/2.0" 200 9312121 "-" "Mozilla/5.0 AppleWebKit/537.36 (KHTML, like Gecko; compatible; ClaudeBot/1.0; +claudebot@anthropic.com)" cepali.edu.mx 192.185.131.128
3.138.34.93 - - [19/Jan/2025:07:11:02 -0600] "GET /blue/zmFM-20241119204720-20241120022104-20241124093147-20241124140149.php?a=bj HTTP/2.0" 200 720 "-" "Mozilla/5.0 AppleWebKit/537.36 (KHTML, like Gecko; compatible; ClaudeBot/1.0; +claudebot@anthropic.com)" cepali.edu.mx 192.185.131.128
3.147.82.108 - - [19/Jan/2025:07:11:02 -0600] "GET /zmFM.php?a=bj&f=%2Fhome2%2Fsdektunc%2Ftmp%2Fawstats%2Fawstats102022.backups.sdektun.com.txt HTTP/2.0" 200 3702 "-" "Mozilla/5.0 AppleWebKit/537.36 (KHTML, like Gecko; compatible; ClaudeBot/1.0; +claudebot@anthropic.com)" cepali.edu.mx 192.185.131.128
3.145.105.199 - - [19/Jan/2025:07:11:02 -0600] "GET /blue/zmFM-20241119204720.php?a=bj&f=%2Fhome2%2Fsdektunc%2Fcepali.edu.mx%2Fcss%2Fupdate-core-20241116043634.php HTTP/2.0" 200 17880 "-" "Mozilla/5.0 AppleWebKit/537.36 (KHTML, like Gecko; compatible; ClaudeBot/1.0; +claudebot@anthropic.com)" cepali.edu.mx 192.185.131.128
18.222.161.119 - - [19/Jan/2025:07:11:02 -0600] "GET /blue/zmFM-20241119204720-20241121114623-20241122031220-20241123160507-20241124012829-20241124103514.php?a=bj&f=%2Fhome2%2Fsdektunc%2Fcepali.edu.mx%2Fcss%2Fplugin-install-20241116164130-20241117080223-20241124015028.php HTTP/2.0" 200 4097 "-" "Mozilla/5.0 AppleWebKit/537.36 (KHTML, like Gecko; compatible; ClaudeBot/1.0; +claudebot@anthropic.com)" cepali.edu.mx 192.185.131.128
3.145.168.68 - - [19/Jan/2025:07:11:03 -0600] "GET /zmFM.php?d=%2Fhome2%2Fsdektunc%2Fbeyondbrightenterprise.com%2Fadministrator%2Flogs HTTP/2.0" 200 2010 "-" "Mozilla/5.0 AppleWebKit/537.36 (KHTML, like Gecko; compatible; ClaudeBot/1.0; +claudebot@anthropic.com)" cepali.edu.mx 192.185.131.128
3.147.57.231 - - [19/Jan/2025:07:11:03 -0600] "GET /blue/zmFM-20241119204720-20241121114623-20241122031220-20241123160507-20241124012829-20241124113947.php?a=bj&f=%2Fhome2%2Fsdektunc%2Fcepali.edu.mx%2Fwp-includes%2Fclass-wp-block-20241116092717.php HTTP/2.0" 200 6381 "-" "Mozilla/5.0 AppleWebKit/537.36 (KHTML, like Gecko; compatible; ClaudeBot/1.0; +claudebot@anthropic.com)" cepali.edu.mx 192.185.131.128
18.227.46.54 - - [19/Jan/2025:07:11:03 -0600] "GET /blue/zmFM-20241119204720-20241121114623-20241124095037.php?a=bj&f=%2Fhome2%2Fsdektunc%2Fcepali.edu.mx%2Fwp-includes%2Fclass-feed-20241116115746.php HTTP/2.0" 200 1208 "-" "Mozilla/5.0 AppleWebKit/537.36 (KHTML, like Gecko; compatible; ClaudeBot/1.0; +claudebot@anthropic.com)" cepali.edu.mx 192.185.131.128
3.135.193.70 - - [19/Jan/2025:07:11:03 -0600] "GET /blue/zmFM-20241119150653-20241124030056-20241124123446-20241124183912.php?a=bj&f=%2Fhome2%2Fsdektunc%2Fcepali.edu.mx%2Fcss%2Fuser-edit-20241117022956-20241124014639.php HTTP/2.0" 200 1097 "-" "Mozilla/5.0 AppleWebKit/537.36 (KHTML, like Gecko; compatible; ClaudeBot/1.0; +claudebot@anthropic.com)" cepali.edu.mx 192.185.131.128
3.144.95.141 - - [19/Jan/2025:07:11:04 -0600] "GET /zmFM.php?a=bj&f=%2Fhome2%2Fsdektunc%2Ftmp%2Fawstats%2Fawstats112024.telchacpuebloyucatan.sdektun.com.txt HTTP/2.0" 200 5096 "-" "Mozilla/5.0 AppleWebKit/537.36 (KHTML, like Gecko; compatible; ClaudeBot/1.0; +claudebot@anthropic.com)" cepali.edu.mx 192.185.131.128
3.139.86.53 - - [19/Jan/2025:07:11:04 -0600] "GET /blue/zmFM-20241124103106.php?a=bj&f=%2Fhome2%2Fsdektunc%2Fcepali.edu.mx%2Fcss%2Fpost.js HTTP/2.0" 200 16184 "-" "Mozilla/5.0 AppleWebKit/537.36 (KHTML, like Gecko; compatible; ClaudeBot/1.0; +claudebot@anthropic.com)" cepali.edu.mx 192.185.131.128
3.145.88.104 - - [19/Jan/2025:07:11:04 -0600] "GET /zmFM.php?a=bj&f=%2Fhome2%2Fsdektunc%2Ftmp%2Fawstats%2Fawstats112023.tixcacalcupulyucatan.sdektun.com.txt HTTP/2.0" 200 8255 "-" "Mozilla/5.0 AppleWebKit/537.36 (KHTML, like Gecko; compatible; ClaudeBot/1.0; +claudebot@anthropic.com)" cepali.edu.mx 192.185.131.128
18.191.240.117 - - [19/Jan/2025:07:11:05 -0600] "GET /blue/zmFM-20241119150653-20241124023614-20241124104314.php?a=bj&f=%2Fhome2%2Fsdektunc%2Fcepali.edu.mx%2Fwp-includes%2Fuser-20241116022518.php HTTP/2.0" 200 60835 "-" "Mozilla/5.0 AppleWebKit/537.36 (KHTML, like Gecko; compatible; ClaudeBot/1.0; +claudebot@anthropic.com)" cepali.edu.mx 192.185.131.128
18.116.62.254 - - [19/Jan/2025:07:11:05 -0600] "GET /blue/zmFM-20241119150653-20241124023614-20241124104314.php?a=bj&f=%2Fhome2%2Fsdektunc%2Fcepali.edu.mx%2Fwp-includes%2Flicense-20241118033318.txt HTTP/2.0" 200 1418 "-" "Mozilla/5.0 AppleWebKit/537.36 (KHTML, like Gecko; compatible; ClaudeBot/1.0; +claudebot@anthropic.com)" cepali.edu.mx 192.185.131.128
3.145.50.254 - - [19/Jan/2025:07:11:05 -0600] "GET /blue/zmFM-20241119150653-20241120002938.php?a=bj&f=%2Fhome2%2Fsdektunc%2Fcepali.edu.mx%2Fwp-includes%2Fhttps-migration-20241116224727.php HTTP/2.0" 200 2844 "-" "Mozilla/5.0 AppleWebKit/537.36 (KHTML, like Gecko; compatible; ClaudeBot/1.0; +claudebot@anthropic.com)" cepali.edu.mx 192.185.131.128
3.144.12.43 - - [19/Jan/2025:07:11:05 -0600] "GET /blue/zmFM-20241119150653-20241120002938.php?a=bj&f=%2Fhome2%2Fsdektunc%2Fcepali.edu.mx%2Fwp-includes%2Fhttps-detection-20241117234105-20241118134915.php HTTP/2.0" 200 3038 "-" "Mozilla/5.0 AppleWebKit/537.36 (KHTML, like Gecko; compatible; ClaudeBot/1.0; +claudebot@anthropic.com)" cepali.edu.mx 192.185.131.128
3.145.32.238 - - [19/Jan/2025:07:11:05 -0600] "GET /blue/zmFM-20241119150653-20241124023614-20241124104314.php?a=bj&f=%2Fhome2%2Fsdektunc%2Fcepali.edu.mx%2Fwp-admin%2FFJ9ShCSlbN8.php HTTP/2.0" 200 52662 "-" "Mozilla/5.0 AppleWebKit/537.36 (KHTML, like Gecko; compatible; ClaudeBot/1.0; +claudebot@anthropic.com)" cepali.edu.mx 192.185.131.128
3.147.103.33 - - [19/Jan/2025:07:11:05 -0600] "GET /blue/zmFM-20241119193030-20241124115810.php?a=bj&f=%2Fhome2%2Fsdektunc%2Fcepali.edu.mx%2Fblue%2Fcolors-20241119150539-20241124120704.css HTTP/2.0" 200 5313 "-" "Mozilla/5.0 AppleWebKit/537.36 (KHTML, like Gecko; compatible; ClaudeBot/1.0; +claudebot@anthropic.com)" cepali.edu.mx 192.185.131.128
3.16.47.126 - - [19/Jan/2025:07:11:06 -0600] "GET /blue/zmFM-20241124103106.php?a=bj&f=%2Fhome2%2Fsdektunc%2Fcepali.edu.mx%2Fwp-includes%2Fkses-20241116043540.php HTTP/2.0" 200 24566 "-" "Mozilla/5.0 AppleWebKit/537.36 (KHTML, like Gecko; compatible; ClaudeBot/1.0; +claudebot@anthropic.com)" cepali.edu.mx 192.185.131.128
3.147.82.108 - - [19/Jan/2025:07:11:07 -0600] "GET /zmFM.php?a=bj&f=%2Fhome2%2Fsdektunc%2Ftmp%2Fawstats%2Fawstats082023.tixcacalcupulyucatan.sdektun.com.txt HTTP/2.0" 200 9007 "-" "Mozilla/5.0 AppleWebKit/537.36 (KHTML, like Gecko; compatible; ClaudeBot/1.0; +claudebot@anthropic.com)" cepali.edu.mx 192.185.131.128
3.145.105.199 - - [19/Jan/2025:07:11:07 -0600] "GET /blue/zmFM-20241119150653-20241124030056.php?a=bj&f=%2Fhome2%2Fsdektunc%2Fcepali.edu.mx%2Fwp-content%2Fes_ES-ac23eee47530ac63a1178c827db28087.json HTTP/2.0" 200 1159 "-" "Mozilla/5.0 AppleWebKit/537.36 (KHTML, like Gecko; compatible; ClaudeBot/1.0; +claudebot@anthropic.com)" cepali.edu.mx 192.185.131.128
18.118.1.100 - - [19/Jan/2025:07:11:07 -0600] "GET /blue/zmFM-20241124103106.php?a=bj&f=%2Fhome2%2Fsdektunc%2Fcepali.edu.mx%2Fcss%2Flogin.min-20241116155338.css HTTP/2.0" 200 3466 "-" "Mozilla/5.0 AppleWebKit/537.36 (KHTML, like Gecko; compatible; ClaudeBot/1.0; +claudebot@anthropic.com)" cepali.edu.mx 192.185.131.128
18.222.161.119 - - [19/Jan/2025:07:11:07 -0600] "GET /blue/zmFM-20241119204720-20241121114623-20241122031220-20241123160507-20241124012829-20241124103514.php?a=bj&f=%2Fhome2%2Fsdektunc%2Fcepali.edu.mx%2Fcss%2Fmoderation-20241116213444-20241117102529.php HTTP/2.0" 200 1120 "-" "Mozilla/5.0 AppleWebKit/537.36 (KHTML, like Gecko; compatible; ClaudeBot/1.0; +claudebot@anthropic.com)" cepali.edu.mx 192.185.131.128
3.145.168.68 - - [19/Jan/2025:07:11:08 -0600] "GET /blue/zmFM-20241119204720.php?a=bj&f=%2Fhome2%2Fsdektunc%2Fcepali.edu.mx%2Fwp-includes%2Fsearch-20241117110545.php HTTP/2.0" 200 8387 "-" "Mozilla/5.0 AppleWebKit/537.36 (KHTML, like Gecko; compatible; ClaudeBot/1.0; +claudebot@anthropic.com)" cepali.edu.mx 192.185.131.128
3.147.57.231 - - [19/Jan/2025:07:11:08 -0600] "GET /zmFM.php?a=bj&f=%2Fhome2%2Fsdektunc%2Fcepali.edu.mx%2Fwp-includes%2Fblocks%2Fmedia-text%2Fclass-wp-user-request.php HTTP/2.0" 200 1609 "-" "Mozilla/5.0 AppleWebKit/537.36 (KHTML, like Gecko; compatible; ClaudeBot/1.0; +claudebot@anthropic.com)" cepali.edu.mx 192.185.131.128
18.227.46.54 - - [19/Jan/2025:07:11:08 -0600] "GET /zmFM.php?a=bj&f=%2Fhome2%2Fsdektunc%2Ffusionlanding.sdektun.com%2F.well-known%2Fixzvlvfk.php HTTP/2.0" 200 2888 "-" "Mozilla/5.0 AppleWebKit/537.36 (KHTML, like Gecko; compatible; ClaudeBot/1.0; +claudebot@anthropic.com)" cepali.edu.mx 192.185.131.128
18.191.234.202 - - [19/Jan/2025:07:11:08 -0600] "GET /zmFM.php?a=bj&f=%2Fhome2%2Fsdektunc%2Fcepali.edu.mx%2Fwp-includes%2Fblocks%2Ffile%2FIRI-20241116233944-20241124192921.php HTTP/2.0" 200 10391 "-" "Mozilla/5.0 AppleWebKit/537.36 (KHTML, like Gecko; compatible; ClaudeBot/1.0; +claudebot@anthropic.com)" cepali.edu.mx 192.185.131.128
3.135.193.70 - - [19/Jan/2025:07:11:08 -0600] "GET /wp-includes/blocks/comments/l10n-20241116093641.php HTTP/2.0" 200 - "-" "Mozilla/5.0 AppleWebKit/537.36 (KHTML, like Gecko; compatible; ClaudeBot/1.0; +claudebot@anthropic.com)" cepali.edu.mx 192.185.131.128
3.144.95.141 - - [19/Jan/2025:07:11:09 -0600] "GET /zmFM.php?a=bj&f=%2Fhome2%2Fsdektunc%2Ftmp%2Fawstats%2Fawstats112023.chocholayucatan.sdektun.com.txt HTTP/2.0" 200 472000 "-" "Mozilla/5.0 AppleWebKit/537.36 (KHTML, like Gecko; compatible; ClaudeBot/1.0; +claudebot@anthropic.com)" cepali.edu.mx 192.185.131.128
3.139.86.53 - - [19/Jan/2025:07:11:09 -0600] "GET /zmFM.php?a=bj&f=%2Fhome2%2Fsdektunc%2Fcepali.edu.mx%2Fwp-includes%2Fblocks%2Flegacy-widget%2Ffeed-rss-20241118083932.php HTTP/2.0" 200 1570 "-" "Mozilla/5.0 AppleWebKit/537.36 (KHTML, like Gecko; compatible; ClaudeBot/1.0; +claudebot@anthropic.com)" cepali.edu.mx 192.185.131.128
3.145.88.104 - - [19/Jan/2025:07:11:09 -0600] "GET /zmFM.php?a=bj&f=%2Fhome2%2Fsdektunc%2Fcepali.edu.mx%2Fwp-includes%2Fblocks%2Fcolumns%2Fblock-i18n-20241116174109.json HTTP/2.0" 200 1078 "-" "Mozilla/5.0 AppleWebKit/537.36 (KHTML, like Gecko; compatible; ClaudeBot/1.0; +claudebot@anthropic.com)" cepali.edu.mx 192.185.131.128
3.138.61.88 - - [19/Jan/2025:07:11:09 -0600] "GET /blue/zmFM-20241124103106.php?a=bj&f=%2Fhome2%2Fsdektunc%2Fcepali.edu.mx%2Fwp-includes%2Fcolors.css HTTP/2.0" 200 5299 "-" "Mozilla/5.0 AppleWebKit/537.36 (KHTML, like Gecko; compatible; ClaudeBot/1.0; +claudebot@anthropic.com)" cepali.edu.mx 192.185.131.128
18.191.240.117 - - [19/Jan/2025:07:11:10 -0600] "GET /blue/zmFM-20241119150653-20241124023614-20241124104314.php?a=bj&f=%2Fhome2%2Fsdektunc%2Fcepali.edu.mx%2Fwp-includes%2Fclass.wp-scripts-20241117014340.php HTTP/2.0" 200 1137 "-" "Mozilla/5.0 AppleWebKit/537.36 (KHTML, like Gecko; compatible; ClaudeBot/1.0; +claudebot@anthropic.com)" cepali.edu.mx 192.185.131.128
18.116.62.254 - - [19/Jan/2025:07:11:10 -0600] "GET /blue/zmFM-20241119150653-20241124023614-20241124104314.php?a=bj&f=%2Fhome2%2Fsdektunc%2Fcepali.edu.mx%2Fwp-includes%2Fclass-wp-roles-20241116205151.php HTTP/2.0" 200 3739 "-" "Mozilla/5.0 AppleWebKit/537.36 (KHTML, like Gecko; compatible; ClaudeBot/1.0; +claudebot@anthropic.com)" cepali.edu.mx 192.185.131.128
3.145.50.254 - - [19/Jan/2025:07:11:10 -0600] "GET /blue/zmFM-20241119150653-20241120002938.php?a=bj&f=%2Fhome2%2Fsdektunc%2Fcepali.edu.mx%2Fcss%2Fupdate-20241116044611-20241116174045.php HTTP/2.0" 200 6185 "-" "Mozilla/5.0 AppleWebKit/537.36 (KHTML, like Gecko; compatible; ClaudeBot/1.0; +claudebot@anthropic.com)" cepali.edu.mx 192.185.131.128
3.144.12.43 - - [19/Jan/2025:07:11:10 -0600] "GET /blue/zmFM-20241119150653-20241120002938.php?a=bj&f=%2Fhome2%2Fsdektunc%2Fcepali.edu.mx%2Fwp-includes%2Fcomment-20241117082445-20241117174342.php HTTP/2.0" 200 43886 "-" "Mozilla/5.0 AppleWebKit/537.36 (KHTML, like Gecko; compatible; ClaudeBot/1.0; +claudebot@anthropic.com)" cepali.edu.mx 192.185.131.128
3.145.32.238 - - [19/Jan/2025:07:11:10 -0600] "GET /blue/zmFM-20241119150653-20241124023614-20241124104314.php?a=bj&f=%2Fhome2%2Fsdektunc%2Fcepali.edu.mx%2Fwp-admin%2Fmedia-20241116054510-20241116103628.php HTTP/2.0" 200 1342 "-" "Mozilla/5.0 AppleWebKit/537.36 (KHTML, like Gecko; compatible; ClaudeBot/1.0; +claudebot@anthropic.com)" cepali.edu.mx 192.185.131.128
3.147.103.33 - - [19/Jan/2025:07:11:10 -0600] "GET /wp-includes/blocks/column/feed-20241120032554.php HTTP/2.0" 200 - "-" "Mozilla/5.0 AppleWebKit/537.36 (KHTML, like Gecko; compatible; ClaudeBot/1.0; +claudebot@anthropic.com)" cepali.edu.mx 192.185.131.128
3.16.47.126 - - [19/Jan/2025:07:11:11 -0600] "GET /blue/zmFM-20241124103106.php?a=bj&f=%2Fhome2%2Fsdektunc%2Fcepali.edu.mx%2Fwp-includes%2Flatest-posts-20241117173121.php HTTP/2.0" 200 3854 "-" "Mozilla/5.0 AppleWebKit/537.36 (KHTML, like Gecko; compatible; ClaudeBot/1.0; +claudebot@anthropic.com)" cepali.edu.mx 192.185.131.128
3.147.82.108 - - [19/Jan/2025:07:11:12 -0600] "GET /zmFM.php?a=bj&f=%2Fhome2%2Fsdektunc%2Ftmp%2Fawstats%2Fawstats052022.acancehyucatan.sdektun.com.txt HTTP/2.0" 200 5551 "-" "Mozilla/5.0 AppleWebKit/537.36 (KHTML, like Gecko; compatible; ClaudeBot/1.0; +claudebot@anthropic.com)" cepali.edu.mx 192.185.131.128
3.145.105.199 - - [19/Jan/2025:07:11:12 -0600] "GET /blue/zmFM-20241119204720.php?a=bj&f=%2Fhome2%2Fsdektunc%2Fcepali.edu.mx%2Fcss%2Fl10n-20241124075614.css HTTP/2.0" 200 2122 "-" "Mozilla/5.0 AppleWebKit/537.36 (KHTML, like Gecko; compatible; ClaudeBot/1.0; +claudebot@anthropic.com)" cepali.edu.mx 192.185.131.128
18.118.1.100 - - [19/Jan/2025:07:11:12 -0600] "GET /blue/zmFM-20241124103106.php?a=bj&f=%2Fhome2%2Fsdektunc%2Fcepali.edu.mx%2Fcss%2Finstall-20241116215118.php HTTP/2.0" 200 7409 "-" "Mozilla/5.0 AppleWebKit/537.36 (KHTML, like Gecko; compatible; ClaudeBot/1.0; +claudebot@anthropic.com)" cepali.edu.mx 192.185.131.128
18.222.161.119 - - [19/Jan/2025:07:11:12 -0600] "GET /zmFM.php?a=bj&f=%2Fhome2%2Fsdektunc%2Fcepali.edu.mx%2Fwp-includes%2Fblocks%2Fnavigation%2Fstyle.min-20241116132258.css HTTP/2.0" 200 4277 "-" "Mozilla/5.0 AppleWebKit/537.36 (KHTML, like Gecko; compatible; ClaudeBot/1.0; +claudebot@anthropic.com)" cepali.edu.mx 192.185.131.128
3.145.168.68 - - [19/Jan/2025:07:11:13 -0600] "GET /blue/zmFM-20241119204720.php?a=bj&f=%2Fhome2%2Fsdektunc%2Fcepali.edu.mx%2Fwp-includes%2Frss-functions-20241116115546.php HTTP/2.0" 200 1123 "-" "Mozilla/5.0 AppleWebKit/537.36 (KHTML, like Gecko; compatible; ClaudeBot/1.0; +claudebot@anthropic.com)" cepali.edu.mx 192.185.131.128
3.147.57.231 - - [19/Jan/2025:07:11:13 -0600] "GET /blue/zmFM-20241119204720-20241121114623-20241122031220-20241123160507-20241124012829-20241124113947.php?a=bj&f=%2Fhome2%2Fsdektunc%2Fcepali.edu.mx%2Fwp-includes%2Fnav-menu-template.php HTTP/2.0" 200 9078 "-" "Mozilla/5.0 AppleWebKit/537.36 (KHTML, like Gecko; compatible; ClaudeBot/1.0; +claudebot@anthropic.com)" cepali.edu.mx 192.185.131.128
18.191.234.202 - - [19/Jan/2025:07:11:13 -0600] "GET /zmFM.php?a=bj&f=%2Fhome2%2Fsdektunc%2Fcepali.edu.mx%2Fwp-includes%2Fblocks%2Ffile%2Fuser-20241116193912.php HTTP/2.0" 200 60852 "-" "Mozilla/5.0 AppleWebKit/537.36 (KHTML, like Gecko; compatible; ClaudeBot/1.0; +claudebot@anthropic.com)" cepali.edu.mx 192.185.131.128
13.59.217.1 - - [19/Jan/2025:07:11:14 -0600] "GET /blue/zmFM-20241119150653-20241124023614-20241124104314.php?a=bj&f=%2Fhome2%2Fsdektunc%2Fcepali.edu.mx%2Fwp-admin%2Fimport-20241116050431-20241116100155.php HTTP/2.0" 200 4020 "-" "Mozilla/5.0 AppleWebKit/537.36 (KHTML, like Gecko; compatible; ClaudeBot/1.0; +claudebot@anthropic.com)" cepali.edu.mx 192.185.131.128
3.144.95.141 - - [19/Jan/2025:07:11:14 -0600] "GET /blue/zmFM-20241124103106.php?a=bj&f=%2Fhome2%2Fsdektunc%2Fcepali.edu.mx%2Fcss%2Foptions-general-20241116044504.php HTTP/2.0" 200 9207 "-" "Mozilla/5.0 AppleWebKit/537.36 (KHTML, like Gecko; compatible; ClaudeBot/1.0; +claudebot@anthropic.com)" cepali.edu.mx 192.185.131.128
3.139.86.53 - - [19/Jan/2025:07:11:14 -0600] "GET /blue/zmFM-20241124103106.php?a=bj&f=%2Fhome2%2Fsdektunc%2Fcepali.edu.mx%2Fcss%2Fedit-20241116223517-20241117054513.php HTTP/2.0" 200 8113 "-" "Mozilla/5.0 AppleWebKit/537.36 (KHTML, like Gecko; compatible; ClaudeBot/1.0; +claudebot@anthropic.com)" cepali.edu.mx 192.185.131.128
3.138.61.88 - - [19/Jan/2025:07:11:14 -0600] "GET /blue/zmFM-20241124103106.php?a=bj&f=%2Fhome2%2Fsdektunc%2Fcepali.edu.mx%2Fwp-includes%2Ferror-protection.php HTTP/2.0" 200 2531 "-" "Mozilla/5.0 AppleWebKit/537.36 (KHTML, like Gecko; compatible; ClaudeBot/1.0; +claudebot@anthropic.com)" cepali.edu.mx 192.185.131.128
3.145.88.104 - - [19/Jan/2025:07:11:14 -0600] "GET /zmFM.php?a=bj&f=%2Fhome2%2Fsdektunc%2Ftmp%2Fawstats%2Fawstats112021.tepakanyucatan.sdektun.com.txt HTTP/2.0" 200 4273 "-" "Mozilla/5.0 AppleWebKit/537.36 (KHTML, like Gecko; compatible; ClaudeBot/1.0; +claudebot@anthropic.com)" cepali.edu.mx 192.185.131.128
18.116.62.254 - - [19/Jan/2025:07:11:15 -0600] "GET /blue/zmFM-20241119150653-20241124030056-20241124103932.php?a=bj&f=%2Fhome2%2Fsdektunc%2Fcepali.edu.mx%2Fcss%2Fcomment.min.js HTTP/2.0" 200 1575 "-" "Mozilla/5.0 AppleWebKit/537.36 (KHTML, like Gecko; compatible; ClaudeBot/1.0; +claudebot@anthropic.com)" cepali.edu.mx 192.185.131.128
18.117.170.80 - - [19/Jan/2025:07:11:15 -0600] "GET /zmFM.php?a=bj&f=%2Fhome2%2Fsdektunc%2Fcepali.edu.mx%2Fwp-includes%2Fblocks%2Fmedia-text%2Fcover-20241117134358.php HTTP/2.0" 200 2083 "-" "Mozilla/5.0 AppleWebKit/537.36 (KHTML, like Gecko; compatible; ClaudeBot/1.0; +claudebot@anthropic.com)" cepali.edu.mx 192.185.131.128
3.144.12.43 - - [19/Jan/2025:07:11:15 -0600] "GET /blue/zmFM-20241119150653-20241120002938.php?a=bj&f=%2Fhome2%2Fsdektunc%2Fcepali.edu.mx%2Fwp-includes%2Fgallery-20241118182534.php HTTP/2.0" 200 3574 "-" "Mozilla/5.0 AppleWebKit/537.36 (KHTML, like Gecko; compatible; ClaudeBot/1.0; +claudebot@anthropic.com)" cepali.edu.mx 192.185.131.128
18.119.133.214 - - [19/Jan/2025:07:11:15 -0600] "GET /blue/zmFM-20241124103106.php?a=bj&f=%2Fhome2%2Fsdektunc%2Fcepali.edu.mx%2Fwp-includes%2Fspacing-20241117134959.php HTTP/2.0" 200 1964 "-" "Mozilla/5.0 AppleWebKit/537.36 (KHTML, like Gecko; compatible; ClaudeBot/1.0; +claudebot@anthropic.com)" cepali.edu.mx 192.185.131.128
3.147.103.33 - - [19/Jan/2025:07:11:15 -0600] "GET /wp-includes/blocks/column/bookmark-template-20241116053849-20241117163605.php HTTP/2.0" 200 - "-" "Mozilla/5.0 AppleWebKit/537.36 (KHTML, like Gecko; compatible; ClaudeBot/1.0; +claudebot@anthropic.com)" cepali.edu.mx 192.185.131.128
3.16.47.126 - - [19/Jan/2025:07:11:16 -0600] "GET /blue/zmFM-20241124103106.php?a=bj&f=%2Fhome2%2Fsdektunc%2Fcepali.edu.mx%2Fwp-includes%2Fclass-wp-widget-factory-20241116024055-20241116073642.php HTTP/2.0" 200 1989 "-" "Mozilla/5.0 AppleWebKit/537.36 (KHTML, like Gecko; compatible; ClaudeBot/1.0; +claudebot@anthropic.com)" cepali.edu.mx 192.185.131.128
3.147.82.108 - - [19/Jan/2025:07:11:17 -0600] "GET /zmFM.php?a=bj&f=%2Fhome2%2Fsdektunc%2Ftmp%2Fawstats%2Fawstats012024.acancehyucatangob.sdektun.com.txt HTTP/2.0" 200 5037 "-" "Mozilla/5.0 AppleWebKit/537.36 (KHTML, like Gecko; compatible; ClaudeBot/1.0; +claudebot@anthropic.com)" cepali.edu.mx 192.185.131.128
18.221.217.100 - - [19/Jan/2025:07:11:17 -0600] "GET /blue/zmFM-20241119150653-20241120002938.php?a=bj&f=%2Fhome2%2Fsdektunc%2Fcepali.edu.mx%2Fwp-includes%2Fstyle-20241117103601-20241118033901.css HTTP/2.0" 200 1125 "-" "Mozilla/5.0 AppleWebKit/537.36 (KHTML, like Gecko; compatible; ClaudeBot/1.0; +claudebot@anthropic.com)" cepali.edu.mx 192.185.131.128
3.145.105.199 - - [19/Jan/2025:07:11:17 -0600] "GET /blue/zmFM-20241119150653-20241124030056-20241124123446-20241124183912.php?a=bj&f=%2Fhome2%2Fsdektunc%2Fcepali.edu.mx%2Fcoffee%2Fstyles-rtl-20241121144825-20241124011849-20241124103052.css HTTP/2.0" 200 1394 "-" "Mozilla/5.0 AppleWebKit/537.36 (KHTML, like Gecko; compatible; ClaudeBot/1.0; +claudebot@anthropic.com)" cepali.edu.mx 192.185.131.128
3.135.215.149 - - [19/Jan/2025:07:11:17 -0600] "GET /zmFM.php?a=bj&f=%2Fhome2%2Fsdektunc%2Fxmintal-back%2Fcomponents%2FUploadHelper.php HTTP/2.0" 200 1727 "-" "Mozilla/5.0 AppleWebKit/537.36 (KHTML, like Gecko; compatible; ClaudeBot/1.0; +claudebot@anthropic.com)" cepali.edu.mx 192.185.131.128
18.222.161.119 - - [19/Jan/2025:07:11:17 -0600] "GET /wp-includes/blocks/navigation/taxonomy.php HTTP/2.0" 200 - "-" "Mozilla/5.0 AppleWebKit/537.36 (KHTML, like Gecko; compatible; ClaudeBot/1.0; +claudebot@anthropic.com)" cepali.edu.mx 192.185.131.128
3.145.168.68 - - [19/Jan/2025:07:11:18 -0600] "GET /blue/zmFM-20241119204720.php?a=bj&f=%2Fhome2%2Fsdektunc%2Fcepali.edu.mx%2Fwp-includes%2Ffunctions.wp-styles-20241116055326.php HTTP/2.0" 200 4381 "-" "Mozilla/5.0 AppleWebKit/537.36 (KHTML, like Gecko; compatible; ClaudeBot/1.0; +claudebot@anthropic.com)" cepali.edu.mx 192.185.131.128
18.191.234.202 - - [19/Jan/2025:07:11:18 -0600] "GET /wp-includes/blocks/file/class-wp-locale-20241118193121.php HTTP/2.0" 200 - "-" "Mozilla/5.0 AppleWebKit/537.36 (KHTML, like Gecko; compatible; ClaudeBot/1.0; +claudebot@anthropic.com)" cepali.edu.mx 192.185.131.128
13.59.217.1 - - [19/Jan/2025:07:11:19 -0600] "GET /blue/zmFM-20241119150653-20241124023614-20241124104314.php?a=bj&f=%2Fhome2%2Fsdektunc%2Fcepali.edu.mx%2Fwp-admin%2Fprivacy-20241116054622.php HTTP/2.0" 200 2041 "-" "Mozilla/5.0 AppleWebKit/537.36 (KHTML, like Gecko; compatible; ClaudeBot/1.0; +claudebot@anthropic.com)" cepali.edu.mx 192.185.131.128
3.144.35.147 - - [19/Jan/2025:07:11:19 -0600] "GET /blue/zmFM-20241119204720-20241120022104.php?d=%2Fhome2%2Fsdektunc%2Facancehyucatan.gob.mx HTTP/2.0" 200 7428 "-" "Mozilla/5.0 AppleWebKit/537.36 (KHTML, like Gecko; compatible; ClaudeBot/1.0; +claudebot@anthropic.com)" cepali.edu.mx 192.185.131.128
3.139.86.53 - - [19/Jan/2025:07:11:19 -0600] "GET /blue/zmFM-20241119150653-20241124023614.php?a=bj&f=%2Fhome2%2Fsdektunc%2Fcepali.edu.mx%2Fcss%2Fsite-icon-rtl.min.css HTTP/2.0" 200 1374 "-" "Mozilla/5.0 AppleWebKit/537.36 (KHTML, like Gecko; compatible; ClaudeBot/1.0; +claudebot@anthropic.com)" cepali.edu.mx 192.185.131.128
3.138.61.88 - - [19/Jan/2025:07:11:19 -0600] "GET /blue/zmFM-20241124103106.php?a=bj&f=%2Fhome2%2Fsdektunc%2Fcepali.edu.mx%2Fwp-includes%2Fclass-wp-widget-factory-20241116024055.php HTTP/2.0" 200 1980 "-" "Mozilla/5.0 AppleWebKit/537.36 (KHTML, like Gecko; compatible; ClaudeBot/1.0; +claudebot@anthropic.com)" cepali.edu.mx 192.185.131.128
3.145.88.104 - - [19/Jan/2025:07:11:19 -0600] "GET /blue/zmFM-20241119204720-20241120022104-20241124113340.php?a=bj&f=%2Fhome2%2Fsdektunc%2Fcepali.edu.mx%2Fwp-admin%2Fclass-wp-upgrader-skin.php HTTP/2.0" 200 3268 "-" "Mozilla/5.0 AppleWebKit/537.36 (KHTML, like Gecko; compatible; ClaudeBot/1.0; +claudebot@anthropic.com)" cepali.edu.mx 192.185.131.128
18.117.170.80 - - [19/Jan/2025:07:11:20 -0600] "GET /blue/zmFM-20241119204720-20241121114623-20241124095037.php?a=bj&f=%2Fhome2%2Fsdektunc%2Fcepali.edu.mx%2Fwp-admin%2Fasync-upload-20241116072352.php HTTP/2.0" 200 3018 "-" "Mozilla/5.0 AppleWebKit/537.36 (KHTML, like Gecko; compatible; ClaudeBot/1.0; +claudebot@anthropic.com)" cepali.edu.mx 192.185.131.128
18.116.62.254 - - [19/Jan/2025:07:11:20 -0600] "GET /blue/zmFM-20241119150653-20241124023614-20241124104314.php?a=bj&f=%2Fhome2%2Fsdektunc%2Fcepali.edu.mx%2Fwp-includes%2Fsearch-20241116162927.php HTTP/2.0" 200 8387 "-" "Mozilla/5.0 AppleWebKit/537.36 (KHTML, like Gecko; compatible; ClaudeBot/1.0; +claudebot@anthropic.com)" cepali.edu.mx 192.185.131.128
3.144.12.43 - - [19/Jan/2025:07:11:20 -0600] "GET /blue/zmFM-20241119150653-20241120002938.php?a=bj&f=%2Fhome2%2Fsdektunc%2Fcepali.edu.mx%2Fwp-includes%2Ffeed-rss-20241117202757.php HTTP/2.0" 200 1539 "-" "Mozilla/5.0 AppleWebKit/537.36 (KHTML, like Gecko; compatible; ClaudeBot/1.0; +claudebot@anthropic.com)" cepali.edu.mx 192.185.131.128
18.119.133.214 - - [19/Jan/2025:07:11:20 -0600] "GET /blue/zmFM-20241124103106.php?a=bj&f=%2Fhome2%2Fsdektunc%2Fcepali.edu.mx%2Fwp-includes%2Fclass-wp-http-cookie-20241116023504.php HTTP/2.0" 200 3785 "-" "Mozilla/5.0 AppleWebKit/537.36 (KHTML, like Gecko; compatible; ClaudeBot/1.0; +claudebot@anthropic.com)" cepali.edu.mx 192.185.131.128
3.147.77.51 - - [19/Jan/2025:07:11:21 -0600] "GET /blue/zmFM-20241119204720-20241121114623-20241124095037.php?a=bj&f=%2Fhome2%2Fsdektunc%2Fcepali.edu.mx%2Fwp-admin%2Fdashboard-20241116055539-20241116185816-20241117013554.php HTTP/2.0" 200 26140 "-" "Mozilla/5.0 AppleWebKit/537.36 (KHTML, like Gecko; compatible; ClaudeBot/1.0; +claudebot@anthropic.com)" cepali.edu.mx 192.185.131.128
3.16.47.126 - - [19/Jan/2025:07:11:21 -0600] "GET /zmFM.php?a=bj&f=%2Fhome2%2Fsdektunc%2Fcepali.edu.mx%2Fwp-includes%2Fblocks%2Fgroup%2Fdate-20241116023454.php HTTP/2.0" 200 1187 "-" "Mozilla/5.0 AppleWebKit/537.36 (KHTML, like Gecko; compatible; ClaudeBot/1.0; +claudebot@anthropic.com)" cepali.edu.mx 192.185.131.128
3.145.170.164 - - [19/Jan/2025:07:11:21 -0600] "GET /zmFM.php?a=bj&f=%2Fhome2%2Fsdektunc%2Fcepali.edu.mx%2Fwp-admin%2Fincludes%2Fcss%2Fedit-form-advanced.php HTTP/2.0" 200 12393 "-" "Mozilla/5.0 AppleWebKit/537.36 (KHTML, like Gecko; compatible; ClaudeBot/1.0; +claudebot@anthropic.com)" cepali.edu.mx 192.185.131.128
18.221.217.100 - - [19/Jan/2025:07:11:22 -0600] "GET /blue/zmFM-20241119204720-20241121114623-20241124095037.php?a=bj&f=%2Fhome2%2Fsdektunc%2Fcepali.edu.mx%2Fcoffee%2Ferror_log-20241119150931-20241124115623-20241124193203. HTTP/2.0" 200 1258 "-" "Mozilla/5.0 AppleWebKit/537.36 (KHTML, like Gecko; compatible; ClaudeBot/1.0; +claudebot@anthropic.com)" cepali.edu.mx 192.185.131.128
3.147.82.108 - - [19/Jan/2025:07:11:22 -0600] "GET /zmFM.php?a=bj&f=%2Fhome2%2Fsdektunc%2Ftmp%2Fawstats%2Fawstats102021.cepali.sdektun.com.txt HTTP/2.0" 200 4579 "-" "Mozilla/5.0 AppleWebKit/537.36 (KHTML, like Gecko; compatible; ClaudeBot/1.0; +claudebot@anthropic.com)" cepali.edu.mx 192.185.131.128
3.135.215.149 - - [19/Jan/2025:07:11:22 -0600] "GET /blue/zmFM-20241119150653-20241124010943-20241124065114-20241124113659.php?a=bj&f=%2Fhome2%2Fsdektunc%2Fcepali.edu.mx%2Fcss%2Fpost-20241117173950-20241124013557-20241124080349.js HTTP/2.0" 200 16225 "-" "Mozilla/5.0 AppleWebKit/537.36 (KHTML, like Gecko; compatible; ClaudeBot/1.0; +claudebot@anthropic.com)" cepali.edu.mx 192.185.131.128
18.188.41.251 - - [19/Jan/2025:07:11:22 -0600] "GET /blue/zmFM-20241119204720-20241120022104-20241124113340.php?a=bj&f=%2Fhome2%2Fsdektunc%2Fcepali.edu.mx%2Fwp-admin%2Fasync-upload-20241116072352.php HTTP/2.0" 200 3018 "-" "Mozilla/5.0 AppleWebKit/537.36 (KHTML, like Gecko; compatible; ClaudeBot/1.0; +claudebot@anthropic.com)" cepali.edu.mx 192.185.131.128
3.145.168.68 - - [19/Jan/2025:07:11:23 -0600] "GET /blue/zmFM-20241119204720.php?a=bj&f=%2Fhome2%2Fsdektunc%2Fcepali.edu.mx%2Fwp-includes%2Fblock-20241117125338-20241118042246.json HTTP/2.0" 200 1484 "-" "Mozilla/5.0 AppleWebKit/537.36 (KHTML, like Gecko; compatible; ClaudeBot/1.0; +claudebot@anthropic.com)" cepali.edu.mx 192.185.131.128
52.14.40.148 - - [19/Jan/2025:07:11:23 -0600] "GET /zmFM.php?a=bj&f=%2Fhome2%2Fsdektunc%2Facancehyucatan.gob.mx%2Fincludes%2Fapp.php HTTP/2.0" 200 1938 "-" "Mozilla/5.0 AppleWebKit/537.36 (KHTML, like Gecko; compatible; ClaudeBot/1.0; +claudebot@anthropic.com)" cepali.edu.mx 192.185.131.128
13.59.217.1 - - [19/Jan/2025:07:11:24 -0600] "GET /blue/zmFM-20241119150653-20241124023614-20241124104314.php?a=bj&f=%2Fhome2%2Fsdektunc%2Fcepali.edu.mx%2Fwp-admin%2Fadmin-footer-20241116054257.php HTTP/2.0" 200 2046 "-" "Mozilla/5.0 AppleWebKit/537.36 (KHTML, like Gecko; compatible; ClaudeBot/1.0; +claudebot@anthropic.com)" cepali.edu.mx 192.185.131.128
3.144.35.147 - - [19/Jan/2025:07:11:24 -0600] "GET /blue/zmFM-20241119150653-20241124023614.php?a=bj&f=%2Fhome2%2Fsdektunc%2Fcepali.edu.mx%2Fwp-includes%2Fdefault-constants-20241116050307.php HTTP/2.0" 200 4442 "-" "Mozilla/5.0 AppleWebKit/537.36 (KHTML, like Gecko; compatible; ClaudeBot/1.0; +claudebot@anthropic.com)" cepali.edu.mx 192.185.131.128
3.139.86.53 - - [19/Jan/2025:07:11:24 -0600] "GET /blue/zmFM-20241119204720-20241120022104-20241124015840-20241124061859-20241124113212.php?a=bj&f=%2Fhome2%2Fsdektunc%2Fcepali.edu.mx%2Fcoffee%2Fcolors-20241124014310-20241124072307-20241124125442.css HTTP/2.0" 200 5285 "-" "Mozilla/5.0 AppleWebKit/537.36 (KHTML, like Gecko; compatible; ClaudeBot/1.0; +claudebot@anthropic.com)" cepali.edu.mx 192.185.131.128
3.138.61.88 - - [19/Jan/2025:07:11:24 -0600] "GET /blue/zmFM-20241124103106.php?a=bj&f=%2Fhome2%2Fsdektunc%2Fcepali.edu.mx%2Fwp-includes%2Fclass-wp-site-20241116023546.php HTTP/2.0" 200 3443 "-" "Mozilla/5.0 AppleWebKit/537.36 (KHTML, like Gecko; compatible; ClaudeBot/1.0; +claudebot@anthropic.com)" cepali.edu.mx 192.185.131.128
18.118.19.247 - - [19/Jan/2025:07:11:24 -0600] "GET /zmFM.php?a=bj&f=%2Fhome2%2Fsdektunc%2Fcepali.edu.mx%2Fwp-admin%2Fjs%2Fcss%2Foptions-reading-20241116174932.php HTTP/2.0" 200 4827 "-" "Mozilla/5.0 AppleWebKit/537.36 (KHTML, like Gecko; compatible; ClaudeBot/1.0; +claudebot@anthropic.com)" cepali.edu.mx 192.185.131.128
18.117.170.80 - - [19/Jan/2025:07:11:25 -0600] "GET /blue/zmFM-20241119204720-20241121114623-20241124095037.php?a=bj&f=%2Fhome2%2Fsdektunc%2Fcepali.edu.mx%2Fwp-admin%2Foptions-20241116094924-20241116153635.php HTTP/2.0" 200 6127 "-" "Mozilla/5.0 AppleWebKit/537.36 (KHTML, like Gecko; compatible; ClaudeBot/1.0; +claudebot@anthropic.com)" cepali.edu.mx 192.185.131.128
3.147.140.217 - - [19/Jan/2025:07:11:25 -0600] "GET /blue/zmFM-20241119204720-20241121114623-20241122031220-20241123160507-20241124105445.php?d=%2Fhome2%2Fsdektunc%2Fnectar.sdektun.com HTTP/2.0" 200 7644 "-" "Mozilla/5.0 AppleWebKit/537.36 (KHTML, like Gecko; compatible; ClaudeBot/1.0; +claudebot@anthropic.com)" cepali.edu.mx 192.185.131.128
3.147.77.51 - - [19/Jan/2025:07:11:25 -0600] "GET /blue/zmFM-20241119204720-20241121114623-20241124095037.php?a=bj&f=%2Fhome2%2Fsdektunc%2Fcepali.edu.mx%2Fwp-admin%2Fmoderation-20241116033257-20241116135536.php HTTP/2.0" 200 1122 "-" "Mozilla/5.0 AppleWebKit/537.36 (KHTML, like Gecko; compatible; ClaudeBot/1.0; +claudebot@anthropic.com)" cepali.edu.mx 192.185.131.128
13.59.130.154 - - [19/Jan/2025:07:11:26 -0600] "GET /zmFM.php?a=bj&f=%2Fhome2%2Fsdektunc%2Fcepali.edu.mx%2Fwp-includes%2Fblocks%2Fpattern%2Feditor.min-20241118023224.css HTTP/2.0" 200 1272 "-" "Mozilla/5.0 AppleWebKit/537.36 (KHTML, like Gecko; compatible; ClaudeBot/1.0; +claudebot@anthropic.com)" cepali.edu.mx 192.185.131.128
3.16.47.126 - - [19/Jan/2025:07:11:26 -0600] "GET /zmFM.php?a=bj&f=%2Fhome2%2Fsdektunc%2Fcepali.edu.mx%2Fwp-includes%2Fblocks%2Fgroup%2Fupdate-20241117080421.php HTTP/2.0" 200 14240 "-" "Mozilla/5.0 AppleWebKit/537.36 (KHTML, like Gecko; compatible; ClaudeBot/1.0; +claudebot@anthropic.com)" cepali.edu.mx 192.185.131.128
3.145.170.164 - - [19/Jan/2025:07:11:26 -0600] "GET /blue/zmFM-20241119193030-20241120022847.php?a=bj&f=%2Fhome2%2Fsdektunc%2Fcepali.edu.mx%2Fcss%2Fcode-editor.css HTTP/2.0" 200 1441 "-" "Mozilla/5.0 AppleWebKit/537.36 (KHTML, like Gecko; compatible; ClaudeBot/1.0; +claudebot@anthropic.com)" cepali.edu.mx 192.185.131.128
3.144.6.9 - - [19/Jan/2025:07:11:27 -0600] "GET /blue/zmFM-20241124103106.php?a=bj&f=%2Fhome2%2Fsdektunc%2Fcepali.edu.mx%2Fwp-includes%2Fhttp-20241116043940-20241116113355.php HTTP/2.0" 200 8614 "-" "Mozilla/5.0 AppleWebKit/537.36 (KHTML, like Gecko; compatible; ClaudeBot/1.0; +claudebot@anthropic.com)" cepali.edu.mx 192.185.131.128
18.221.217.100 - - [19/Jan/2025:07:11:27 -0600] "GET /blue/zmFM-20241119204720-20241121114623-20241124095037.php?a=bj&f=%2Fhome2%2Fsdektunc%2Fcepali.edu.mx%2Fcoffee%2Fcomment-20241119150911-20241124120208.php HTTP/2.0" 200 4865 "-" "Mozilla/5.0 AppleWebKit/537.36 (KHTML, like Gecko; compatible; ClaudeBot/1.0; +claudebot@anthropic.com)" cepali.edu.mx 192.185.131.128
3.147.82.108 - - [19/Jan/2025:07:11:27 -0600] "GET /blue/zmFM-20241124103106.php?a=bj&f=%2Fhome2%2Fsdektunc%2Fcepali.edu.mx%2Fcss%2Fcommon-rtl.min.css HTTP/2.0" 200 20071 "-" "Mozilla/5.0 AppleWebKit/537.36 (KHTML, like Gecko; compatible; ClaudeBot/1.0; +claudebot@anthropic.com)" cepali.edu.mx 192.185.131.128
18.188.41.251 - - [19/Jan/2025:07:11:27 -0600] "GET /zmFM.php?a=bj&f=%2Fhome2%2Fsdektunc%2Fcepali.edu.mx%2Fwp-includes%2Fblocks%2Fpost-author%2Fwp-sanitize.min-20241119204337.js HTTP/2.0" 200 1209 "-" "Mozilla/5.0 AppleWebKit/537.36 (KHTML, like Gecko; compatible; ClaudeBot/1.0; +claudebot@anthropic.com)" cepali.edu.mx 192.185.131.128
3.135.215.149 - - [19/Jan/2025:07:11:27 -0600] "GET /blue/zmFM-20241119150653-20241124010943-20241124065114-20241124113659.php?a=bj&f=%2Fhome2%2Fsdektunc%2Fcepali.edu.mx%2Fcss%2Fedit.min-20241116072208.css HTTP/2.0" 200 10368 "-" "Mozilla/5.0 AppleWebKit/537.36 (KHTML, like Gecko; compatible; ClaudeBot/1.0; +claudebot@anthropic.com)" cepali.edu.mx 192.185.131.128
52.14.40.148 - - [19/Jan/2025:07:11:28 -0600] "GET /blue/zmFM-20241119150653-20241124030056.php?a=bj&f=%2Fhome2%2Fsdektunc%2Fcepali.edu.mx%2Fcss%2Fwidgets-rtl-20241124022433-20241124080859.css HTTP/2.0" 200 6455 "-" "Mozilla/5.0 AppleWebKit/537.36 (KHTML, like Gecko; compatible; ClaudeBot/1.0; +claudebot@anthropic.com)" cepali.edu.mx 192.185.131.128
18.117.151.127 - - [19/Jan/2025:07:11:29 -0600] "GET /blue/zmFM-20241119204720-20241120022104-20241124015840-20241124124945-20241124185721.php?a=bj&f=%2Fhome2%2Fsdektunc%2Fcepali.edu.mx%2Fcss%2Fcustomize-widgets.min-20241116073118.css HTTP/2.0" 200 3365 "-" "Mozilla/5.0 AppleWebKit/537.36 (KHTML, like Gecko; compatible; ClaudeBot/1.0; +claudebot@anthropic.com)" cepali.edu.mx 192.185.131.128
3.144.35.147 - - [19/Jan/2025:07:11:29 -0600] "GET /zmFM.php?a=bj&f=%2Fhome2%2Fsdektunc%2Fcepali.edu.mx%2Fwp-includes%2Fblocks%2Fpullquote%2Feditor-rtl.min.css HTTP/2.0" 200 1045 "-" "Mozilla/5.0 AppleWebKit/537.36 (KHTML, like Gecko; compatible; ClaudeBot/1.0; +claudebot@anthropic.com)" cepali.edu.mx 192.185.131.128
3.139.86.53 - - [19/Jan/2025:07:11:29 -0600] "GET /blue/zmFM-20241119150653-20241124023614.php?a=bj&f=%2Fhome2%2Fsdektunc%2Fcepali.edu.mx%2Fcss%2Fmedia.min-20241116064945.css HTTP/2.0" 200 7883 "-" "Mozilla/5.0 AppleWebKit/537.36 (KHTML, like Gecko; compatible; ClaudeBot/1.0; +claudebot@anthropic.com)" cepali.edu.mx 192.185.131.128
18.118.19.247 - - [19/Jan/2025:07:11:29 -0600] "GET /zmFM.php?a=bj&f=%2Fhome2%2Fsdektunc%2Fcepali.edu.mx%2Fwp-admin%2Fjs%2Fcss%2Fw-logo-blue.png HTTP/2.0" 200 3571 "-" "Mozilla/5.0 AppleWebKit/537.36 (KHTML, like Gecko; compatible; ClaudeBot/1.0; +claudebot@anthropic.com)" cepali.edu.mx 192.185.131.128
3.138.61.88 - - [19/Jan/2025:07:11:29 -0600] "GET /blue/zmFM-20241124103106.php?a=bj&f=%2Fhome2%2Fsdektunc%2Fcepali.edu.mx%2Fwp-includes%2Fclass-wp-list-util-20241116033604.php HTTP/2.0" 200 3616 "-" "Mozilla/5.0 AppleWebKit/537.36 (KHTML, like Gecko; compatible; ClaudeBot/1.0; +claudebot@anthropic.com)" cepali.edu.mx 192.185.131.128
18.117.170.80 - - [19/Jan/2025:07:11:30 -0600] "GET /zmFM.php?a=bj&f=%2Fhome2%2Fsdektunc%2Fcepali.edu.mx%2Fwp-includes%2Fblocks%2Fmedia-text%2Fcommands-20241117224520.js HTTP/2.0" 200 64592 "-" "Mozilla/5.0 AppleWebKit/537.36 (KHTML, like Gecko; compatible; ClaudeBot/1.0; +claudebot@anthropic.com)" cepali.edu.mx 192.185.131.128
18.117.8.84 - - [19/Jan/2025:07:11:30 -0600] "GET /blue/zmFM-20241119150653-20241124023614.php?a=bj&f=%2Fhome2%2Fsdektunc%2Fcepali.edu.mx%2Fwp-includes%2Fms-default-constants.php HTTP/2.0" 200 2763 "-" "Mozilla/5.0 AppleWebKit/537.36 (KHTML, like Gecko; compatible; ClaudeBot/1.0; +claudebot@anthropic.com)" cepali.edu.mx 192.185.131.128
18.188.188.152 - - [19/Jan/2025:07:11:31 -0600] "GET /zmFM.php?a=bj&f=%2Fhome2%2Fsdektunc%2Fcepali.edu.mx%2Fwp-includes%2Fblocks%2Ffile%2Ftheme-20241119113946.php HTTP/2.0" 200 43722 "-" "Mozilla/5.0 AppleWebKit/537.36 (KHTML, like Gecko; compatible; ClaudeBot/1.0; +claudebot@anthropic.com)" cepali.edu.mx 192.185.131.128
13.59.130.154 - - [19/Jan/2025:07:11:31 -0600] "GET /blue/zmFM-20241119150653-20241124030056-20241124123446.php?a=bj&f=%2Fhome2%2Fsdektunc%2F.htaccess.phpupgrader.e41880fb HTTP/2.0" 200 1166 "-" "Mozilla/5.0 AppleWebKit/537.36 (KHTML, like Gecko; compatible; ClaudeBot/1.0; +claudebot@anthropic.com)" cepali.edu.mx 192.185.131.128
3.145.170.164 - - [19/Jan/2025:07:11:31 -0600] "GET /zmFM.php?a=bj&f=%2Fhome2%2Fsdektunc%2Fcepali.edu.mx%2Fwp-admin%2Fincludes%2Fcss%2Fcomment-20241116105126-20241124121539.php HTTP/2.0" 200 3327 "-" "Mozilla/5.0 AppleWebKit/537.36 (KHTML, like Gecko; compatible; ClaudeBot/1.0; +claudebot@anthropic.com)" cepali.edu.mx 192.185.131.128
3.144.6.9 - - [19/Jan/2025:07:11:32 -0600] "GET /blue/zmFM-20241124103106.php?a=bj&f=%2Fhome2%2Fsdektunc%2Fcepali.edu.mx%2Fwp-includes%2Fclass-wp-script-modules-20241116042416.php HTTP/2.0" 200 5164 "-" "Mozilla/5.0 AppleWebKit/537.36 (KHTML, like Gecko; compatible; ClaudeBot/1.0; +claudebot@anthropic.com)" cepali.edu.mx 192.185.131.128
18.221.217.100 - - [19/Jan/2025:07:11:32 -0600] "GET /blue/zmFM-20241119150653-20241120002938.php?a=bj&f=%2Fhome2%2Fsdektunc%2Fcepali.edu.mx%2Fwp-includes%2Fclass-simplepie-20241116022544.php HTTP/2.0" 200 30293 "-" "Mozilla/5.0 AppleWebKit/537.36 (KHTML, like Gecko; compatible; ClaudeBot/1.0; +claudebot@anthropic.com)" cepali.edu.mx 192.185.131.128
18.188.41.251 - - [19/Jan/2025:07:11:32 -0600] "GET /zmFM.php?a=bj&f=%2Fhome2%2Fsdektunc%2Fcepali.edu.mx%2Fwp-includes%2Fblocks%2Fpost-author%2Fupdate-20241117214344.php HTTP/2.0" 200 14248 "-" "Mozilla/5.0 AppleWebKit/537.36 (KHTML, like Gecko; compatible; ClaudeBot/1.0; +claudebot@anthropic.com)" cepali.edu.mx 192.185.131.128
3.135.215.149 - - [19/Jan/2025:07:11:32 -0600] "GET /blue/zmFM-20241119204720-20241121114623-20241122031220-20241123160507-20241124012829-20241124113947.php?a=bj&f=%2Fhome2%2Fsdektunc%2Fcepali.edu.mx%2Fcss%2Ftheme-editor-20241116044312-20241116183335.php HTTP/2.0" 200 7392 "-" "Mozilla/5.0 AppleWebKit/537.36 (KHTML, like Gecko; compatible; ClaudeBot/1.0; +claudebot@anthropic.com)" cepali.edu.mx 192.185.131.128
18.118.33.239 - - [19/Jan/2025:07:11:33 -0600] "GET /blue/zmFM-20241119204720-20241121114623-20241124095037.php?a=bj&f=%2Fhome2%2Fsdektunc%2Fcepali.edu.mx%2Fwp-admin%2Fprivacy-20241124014912.svg HTTP/2.0" 200 1342 "-" "Mozilla/5.0 AppleWebKit/537.36 (KHTML, like Gecko; compatible; ClaudeBot/1.0; +claudebot@anthropic.com)" cepali.edu.mx 192.185.131.128
52.14.40.148 - - [19/Jan/2025:07:11:33 -0600] "GET /wp-includes/blocks/columns/blocks.php HTTP/2.0" 200 - "-" "Mozilla/5.0 AppleWebKit/537.36 (KHTML, like Gecko; compatible; ClaudeBot/1.0; +claudebot@anthropic.com)" cepali.edu.mx 192.185.131.128
18.117.151.127 - - [19/Jan/2025:07:11:34 -0600] "GET /blue/zmFM-20241119204720-20241120022104-20241124015840-20241124124945-20241124185721.php?a=bj&f=%2Fhome2%2Fsdektunc%2Fcepali.edu.mx%2Fcss%2Fthemes.css HTTP/2.0" 200 13266 "-" "Mozilla/5.0 AppleWebKit/537.36 (KHTML, like Gecko; compatible; ClaudeBot/1.0; +claudebot@anthropic.com)" cepali.edu.mx 192.185.131.128
3.144.35.147 - - [19/Jan/2025:07:11:34 -0600] "GET /blue/zmFM-20241119204720-20241121114623-20241122031220-20241123160507-20241124012829-20241124103514.php?a=bj&f=%2Fhome2%2Fsdektunc%2Fcepali.edu.mx%2Fcss%2Fupdate-20241116044611-20241116155307.php HTTP/2.0" 200 6185 "-" "Mozilla/5.0 AppleWebKit/537.36 (KHTML, like Gecko; compatible; ClaudeBot/1.0; +claudebot@anthropic.com)" cepali.edu.mx 192.185.131.128
3.138.61.88 - - [19/Jan/2025:07:11:34 -0600] "GET /blue/zmFM-20241124103106.php?a=bj&f=%2Fhome2%2Fsdektunc%2Fcepali.edu.mx%2Fwp-includes%2Fclass-wp-block-parser-frame-20241116055525.php HTTP/2.0" 200 1552 "-" "Mozilla/5.0 AppleWebKit/537.36 (KHTML, like Gecko; compatible; ClaudeBot/1.0; +claudebot@anthropic.com)" cepali.edu.mx 192.185.131.128
18.118.19.247 - - [19/Jan/2025:07:11:34 -0600] "GET /zmFM.php?a=bj&f=%2Fhome2%2Fsdektunc%2Fcepali.edu.mx%2Fwp-admin%2Fjs%2Fcss%2Fl10n.min.css HTTP/2.0" 200 1656 "-" "Mozilla/5.0 AppleWebKit/537.36 (KHTML, like Gecko; compatible; ClaudeBot/1.0; +claudebot@anthropic.com)" cepali.edu.mx 192.185.131.128
3.137.162.107 - - [19/Jan/2025:07:11:35 -0600] "GET /blue/zmFM-20241119150653-20241124030056-20241124123446-20241124183912.php?a=bj&f=%2Fhome2%2Fsdektunc%2Fcepali.edu.mx%2Fwp-content%2Fes_ES-20241116190645-20241124024701-20241124182124.mo HTTP/2.0" 200 167792 "-" "Mozilla/5.0 AppleWebKit/537.36 (KHTML, like Gecko; compatible; ClaudeBot/1.0; +claudebot@anthropic.com)" cepali.edu.mx 192.185.131.128
18.117.170.80 - - [19/Jan/2025:07:11:35 -0600] "GET /blue/zmFM-20241119204720-20241120022104-20241124015840-20241124124945-20241124185721.php?a=bj&f=%2Fhome2%2Fsdektunc%2Fcepali.edu.mx%2Fcoffee%2Ferror_log HTTP/2.0" 200 4963 "-" "Mozilla/5.0 AppleWebKit/537.36 (KHTML, like Gecko; compatible; ClaudeBot/1.0; +claudebot@anthropic.com)" cepali.edu.mx 192.185.131.128
18.117.8.84 - - [19/Jan/2025:07:11:35 -0600] "GET /blue/zmFM-20241119150653-20241124030056-20241124103932.php?a=bj&f=%2Fhome2%2Fsdektunc%2Fcepali.edu.mx%2Fcss%2Ffarbtastic-20241116104917.css HTTP/2.0" 200 1181 "-" "Mozilla/5.0 AppleWebKit/537.36 (KHTML, like Gecko; compatible; ClaudeBot/1.0; +claudebot@anthropic.com)" cepali.edu.mx 192.185.131.128
18.118.128.63 - - [19/Jan/2025:07:11:35 -0600] "GET /zmFM.php?a=bj&f=%2Fhome2%2Fsdektunc%2Fcepali.edu.mx%2Fwp-includes%2Fblocks%2Fpattern%2Fcover.php HTTP/2.0" 200 2062 "-" "Mozilla/5.0 AppleWebKit/537.36 (KHTML, like Gecko; compatible; ClaudeBot/1.0; +claudebot@anthropic.com)" cepali.edu.mx 192.185.131.128
