18.119.116.125 - - [19/Jan/2025:07:09:19 -0600] "GET /blue/zmFM-20241119204720-20241120022104-20241124015840-20241124124945-20241124185721.php?a=bj&f=%2Fhome2%2Fsdektunc%2Fcepali.edu.mx%2Fcss%2Frevision.php HTTP/2.0" 200 3136 "-" "Mozilla/5.0 AppleWebKit/537.36 (KHTML, like Gecko; compatible; ClaudeBot/1.0; +claudebot@anthropic.com)" cepali.edu.mx 192.185.131.128
3.145.41.173 - - [19/Jan/2025:07:09:19 -0600] "GET /blue/zmFM-20241119150653-20241124030056-20241124123446-20241124183912.php?a=bj&f=%2Fhome2%2Fsdektunc%2Fcepali.edu.mx%2Fcss%2Fupdate-20241116044611-20241116155307-20241116203201.php HTTP/2.0" 200 6195 "-" "Mozilla/5.0 AppleWebKit/537.36 (KHTML, like Gecko; compatible; ClaudeBot/1.0; +claudebot@anthropic.com)" cepali.edu.mx 192.185.131.128
3.138.178.162 - - [19/Jan/2025:07:09:20 -0600] "GET /blue/zmFM-20241119150653-20241124010943-20241124065114-20241124113659.php?a=bj&f=%2Fhome2%2Fsdektunc%2Fcepali.edu.mx%2Fwp-content%2Fes_ES-20241116214335-20241117013417-20241124174439.mo HTTP/2.0" 200 167794 "-" "Mozilla/5.0 AppleWebKit/537.36 (KHTML, like Gecko; compatible; ClaudeBot/1.0; +claudebot@anthropic.com)" cepali.edu.mx 192.185.131.128
3.145.16.251 - - [19/Jan/2025:07:09:21 -0600] "GET /blue/zmFM-20241119204720-20241121114623-20241124095037.php?a=bj&f=%2Fhome2%2Fsdektunc%2Fcepali.edu.mx%2Fwp-includes%2Ferror_log-20241117104135. HTTP/2.0" 200 1229 "-" "Mozilla/5.0 AppleWebKit/537.36 (KHTML, like Gecko; compatible; ClaudeBot/1.0; +claudebot@anthropic.com)" cepali.edu.mx 192.185.131.128
3.142.249.163 - - [19/Jan/2025:07:09:21 -0600] "GET /zmFM.php?a=bj&f=%2Fhome2%2Fsdektunc%2Fcepali.edu.mx%2Fwp-includes%2Fblocks%2Fcolumn%2Fpost-author-20241117223922.php HTTP/2.0" 200 1950 "-" "Mozilla/5.0 AppleWebKit/537.36 (KHTML, like Gecko; compatible; ClaudeBot/1.0; +claudebot@anthropic.com)" cepali.edu.mx 192.185.131.128
3.17.174.204 - - [19/Jan/2025:07:09:21 -0600] "GET /zmFM.php?a=bj&f=%2Fhome2%2Fsdektunc%2Ftmp%2Fawstats%2Fawstats042023.acancehyucatangob.sdektun.com.txt HTTP/2.0" 200 7443 "-" "Mozilla/5.0 AppleWebKit/537.36 (KHTML, like Gecko; compatible; ClaudeBot/1.0; +claudebot@anthropic.com)" cepali.edu.mx 192.185.131.128
3.145.55.25 - - [19/Jan/2025:07:09:21 -0600] "GET /blue/zmFM-20241119204720.php?a=bj&f=%2Fhome2%2Fsdektunc%2Fcepali.edu.mx%2Fwp-includes%2Fclass-wp-simplepie-file-20241116050502.php HTTP/2.0" 200 2390 "-" "Mozilla/5.0 AppleWebKit/537.36 (KHTML, like Gecko; compatible; ClaudeBot/1.0; +claudebot@anthropic.com)" cepali.edu.mx 192.185.131.128
3.145.88.104 - - [19/Jan/2025:07:09:22 -0600] "GET /zmFM.php?a=bj&f=%2Fhome2%2Fsdektunc%2Fcepali.edu.mx%2Fwp-includes%2Fblocks%2Fgroup%2Fcache-compat-20241116125239.php HTTP/2.0" 200 3267 "-" "Mozilla/5.0 AppleWebKit/537.36 (KHTML, like Gecko; compatible; ClaudeBot/1.0; +claudebot@anthropic.com)" cepali.edu.mx 192.185.131.128
18.116.63.107 - - [19/Jan/2025:07:09:23 -0600] "GET /wp-includes/blocks/file/cover.php HTTP/2.0" 500 - "-" "Mozilla/5.0 AppleWebKit/537.36 (KHTML, like Gecko; compatible; ClaudeBot/1.0; +claudebot@anthropic.com)" cepali.edu.mx 192.185.131.128
3.145.101.119 - - [19/Jan/2025:07:09:23 -0600] "GET /zmFM.php?a=bj&f=%2Fhome2%2Fsdektunc%2Fcepali.edu.mx%2Fwp-includes%2Frest-api%2Ffields%2Fscript-loader-20241117014029.php HTTP/2.0" 200 42937 "-" "Mozilla/5.0 AppleWebKit/537.36 (KHTML, like Gecko; compatible; ClaudeBot/1.0; +claudebot@anthropic.com)" cepali.edu.mx 192.185.131.128
18.227.26.84 - - [19/Jan/2025:07:09:23 -0600] "GET /blue/zmFM-20241119204720-20241121114623-20241122031220-20241123160507-20241124012829-20241124113947.php?a=bj&f=%2Fhome2%2Fsdektunc%2Fcepali.edu.mx%2Fwp-includes%2Fsearch-20241117110545.php HTTP/2.0" 200 8387 "-" "Mozilla/5.0 AppleWebKit/537.36 (KHTML, like Gecko; compatible; ClaudeBot/1.0; +claudebot@anthropic.com)" cepali.edu.mx 192.185.131.128
3.17.78.184 - - [19/Jan/2025:07:09:24 -0600] "GET /zmFM.php?d=%2Fhome2%2Fsdektunc%2Ftimucuy2124.gob.mx%2Fmodules%2Fmod_articles_category HTTP/2.0" 200 1927 "-" "Mozilla/5.0 AppleWebKit/537.36 (KHTML, like Gecko; compatible; ClaudeBot/1.0; +claudebot@anthropic.com)" cepali.edu.mx 192.185.131.128
13.59.50.105 - - [19/Jan/2025:07:09:24 -0600] "GET /zmFM.php?a=bj&f=%2Fhome2%2Fsdektunc%2Fcepali.edu.mx%2Fwp-content%2Fthemes%2Ftwentytwentyone%2Freadme.txt HTTP/2.0" 200 2927 "-" "Mozilla/5.0 AppleWebKit/537.36 (KHTML, like Gecko; compatible; ClaudeBot/1.0; +claudebot@anthropic.com)" cepali.edu.mx 192.185.131.128
52.14.201.216 - - [19/Jan/2025:07:09:24 -0600] "GET /zmFM.php?d=%2Fhome2%2Fsdektunc%2Ftimucuy2124.gob.mx%2Fmodules%2Fmod_articles_categories HTTP/2.0" 200 2428 "-" "Mozilla/5.0 AppleWebKit/537.36 (KHTML, like Gecko; compatible; ClaudeBot/1.0; +claudebot@anthropic.com)" cepali.edu.mx 192.185.131.128
3.145.99.240 - - [19/Jan/2025:07:09:24 -0600] "GET /wp-includes/blocks/navigation/IRI-20241118054822-20241118104349-20241118214434.php HTTP/2.0" 200 - "-" "Mozilla/5.0 AppleWebKit/537.36 (KHTML, like Gecko; compatible; ClaudeBot/1.0; +claudebot@anthropic.com)" cepali.edu.mx 192.185.131.128
3.147.52.243 - - [19/Jan/2025:07:09:24 -0600] "GET /blue/zmFM-20241119150653-20241120002938.php?a=bj&f=%2Fhome2%2Fsdektunc%2Fcepali.edu.mx%2Fwp-includes%2Fclass-wp-oembed-20241116164543.php HTTP/2.0" 200 10705 "-" "Mozilla/5.0 AppleWebKit/537.36 (KHTML, like Gecko; compatible; ClaudeBot/1.0; +claudebot@anthropic.com)" cepali.edu.mx 192.185.131.128
18.223.108.60 - - [19/Jan/2025:07:09:24 -0600] "GET /zmFM.php?a=bj&f=%2Fhome2%2Fsdektunc%2Ftmp%2Fawstats%2Fawstats082024.nectar.sdektun.com.txt HTTP/2.0" 200 4597 "-" "Mozilla/5.0 AppleWebKit/537.36 (KHTML, like Gecko; compatible; ClaudeBot/1.0; +claudebot@anthropic.com)" cepali.edu.mx 192.185.131.128
18.119.116.125 - - [19/Jan/2025:07:09:24 -0600] "GET /blue/zmFM-20241119204720-20241120022104-20241124015840-20241124124945-20241124185721.php?a=bj&f=%2Fhome2%2Fsdektunc%2Fcepali.edu.mx%2Fcss%2Fcolors.min-20241124012449.css HTTP/2.0" 200 4708 "-" "Mozilla/5.0 AppleWebKit/537.36 (KHTML, like Gecko; compatible; ClaudeBot/1.0; +claudebot@anthropic.com)" cepali.edu.mx 192.185.131.128
3.138.178.162 - - [19/Jan/2025:07:09:25 -0600] "GET /wp-includes/blocks/query/theme-20241117152647-20241118074333-20241119005201-20241119084805.php HTTP/2.0" 200 - "-" "Mozilla/5.0 AppleWebKit/537.36 (KHTML, like Gecko; compatible; ClaudeBot/1.0; +claudebot@anthropic.com)" cepali.edu.mx 192.185.131.128
3.145.16.251 - - [19/Jan/2025:07:09:26 -0600] "GET /blue/zmFM-20241119204720-20241121114623-20241124095037.php?a=bj&f=%2Fhome2%2Fsdektunc%2Fcepali.edu.mx%2Fwp-includes%2Fpost-formats-20241116094210.php HTTP/2.0" 200 3269 "-" "Mozilla/5.0 AppleWebKit/537.36 (KHTML, like Gecko; compatible; ClaudeBot/1.0; +claudebot@anthropic.com)" cepali.edu.mx 192.185.131.128
3.17.174.204 - - [19/Jan/2025:07:09:26 -0600] "GET /zmFM.php?a=bj&f=%2Fhome2%2Fsdektunc%2Ftmp%2Fawstats%2Fawstats092023.telchacpuebloyucatangob.sdektun.com.txt HTTP/2.0" 200 7674 "-" "Mozilla/5.0 AppleWebKit/537.36 (KHTML, like Gecko; compatible; ClaudeBot/1.0; +claudebot@anthropic.com)" cepali.edu.mx 192.185.131.128
3.142.249.163 - - [19/Jan/2025:07:09:26 -0600] "GET /blue/zmFM-20241119150653-20241124030056-20241124123446-20241124183912.php?a=bj&f=%2Fhome2%2Fsdektunc%2Fcepali.edu.mx%2Fcss%2Fsite-health-20241116105859.css HTTP/2.0" 200 3036 "-" "Mozilla/5.0 AppleWebKit/537.36 (KHTML, like Gecko; compatible; ClaudeBot/1.0; +claudebot@anthropic.com)" cepali.edu.mx 192.185.131.128
3.145.55.25 - - [19/Jan/2025:07:09:26 -0600] "GET /blue/zmFM-20241119204720.php?a=bj&f=%2Fhome2%2Fsdektunc%2Fcepali.edu.mx%2Fwp-includes%2Fshortcodes.php HTTP/2.0" 200 9865 "-" "Mozilla/5.0 AppleWebKit/537.36 (KHTML, like Gecko; compatible; ClaudeBot/1.0; +claudebot@anthropic.com)" cepali.edu.mx 192.185.131.128
18.118.28.31 - - [19/Jan/2025:07:09:27 -0600] "GET /blue/zmFM-20241119204720-20241121114623-20241124095037.php?a=bj&f=%2Fhome2%2Fsdektunc%2Fcepali.edu.mx%2Fwp-includes%2Fadmin-bar.php HTTP/2.0" 200 12927 "-" "Mozilla/5.0 AppleWebKit/537.36 (KHTML, like Gecko; compatible; ClaudeBot/1.0; +claudebot@anthropic.com)" cepali.edu.mx 192.185.131.128
3.145.101.119 - - [19/Jan/2025:07:09:28 -0600] "GET /blue/zmFM-20241119193030-20241120022847.php?a=bj&f=%2Fhome2%2Fsdektunc%2Fcepali.edu.mx%2Fcoffee%2Fcomment-20241119150911-20241124121515-20241124173951.php HTTP/2.0" 200 4878 "-" "Mozilla/5.0 AppleWebKit/537.36 (KHTML, like Gecko; compatible; ClaudeBot/1.0; +claudebot@anthropic.com)" cepali.edu.mx 192.185.131.128
18.227.26.84 - - [19/Jan/2025:07:09:28 -0600] "GET /blue/zmFM-20241119204720-20241121114623-20241122031220-20241123160507-20241124012829-20241124113947.php?a=bj&f=%2Fhome2%2Fsdektunc%2Fcepali.edu.mx%2Fwp-includes%2Fpluggable-20241116053841-20241116103049.php HTTP/2.0" 200 40707 "-" "Mozilla/5.0 AppleWebKit/537.36 (KHTML, like Gecko; compatible; ClaudeBot/1.0; +claudebot@anthropic.com)" cepali.edu.mx 192.185.131.128
18.117.94.180 - - [19/Jan/2025:07:09:28 -0600] "GET /blue/zmFM-20241119204720-20241121114623-20241124095037.php?a=bj&f=%2Fhome2%2Fsdektunc%2Fcepali.edu.mx%2Fwp-admin%2Ferror_log-20241116054201-20241117074446-20241117214113. HTTP/2.0" 200 85001 "-" "Mozilla/5.0 AppleWebKit/537.36 (KHTML, like Gecko; compatible; ClaudeBot/1.0; +claudebot@anthropic.com)" cepali.edu.mx 192.185.131.128
13.59.50.105 - - [19/Jan/2025:07:09:29 -0600] "GET /blue/zmFM-20241124103106.php?a=bj&f=%2Fhome2%2Fsdektunc%2Fcepali.edu.mx%2Fwp-includes%2Frss-functions.php HTTP/2.0" 200 1106 "-" "Mozilla/5.0 AppleWebKit/537.36 (KHTML, like Gecko; compatible; ClaudeBot/1.0; +claudebot@anthropic.com)" cepali.edu.mx 192.185.131.128
3.145.99.240 - - [19/Jan/2025:07:09:29 -0600] "GET /wp-includes/blocks/post-excerpt/theme-20241117052102.php HTTP/2.0" 200 - "-" "Mozilla/5.0 AppleWebKit/537.36 (KHTML, like Gecko; compatible; ClaudeBot/1.0; +claudebot@anthropic.com)" cepali.edu.mx 192.185.131.128
3.147.52.243 - - [19/Jan/2025:07:09:29 -0600] "GET /blue/zmFM-20241119150653-20241120002938.php?a=bj&f=%2Fhome2%2Fsdektunc%2Fcepali.edu.mx%2Fwp-includes%2Fcompat-20241116093248.php HTTP/2.0" 200 6705 "-" "Mozilla/5.0 AppleWebKit/537.36 (KHTML, like Gecko; compatible; ClaudeBot/1.0; +claudebot@anthropic.com)" cepali.edu.mx 192.185.131.128
18.223.108.60 - - [19/Jan/2025:07:09:29 -0600] "GET /zmFM.php?a=bj&f=%2Fhome2%2Fsdektunc%2Ftmp%2Fawstats%2Fawstats012024.shabba7h.sdektun.com.txt HTTP/2.0" 200 3980 "-" "Mozilla/5.0 AppleWebKit/537.36 (KHTML, like Gecko; compatible; ClaudeBot/1.0; +claudebot@anthropic.com)" cepali.edu.mx 192.185.131.128
18.119.116.125 - - [19/Jan/2025:07:09:29 -0600] "GET /blue/zmFM-20241119204720-20241121114623-20241122031220-20241123160507-20241124012829-20241124113947.php?a=bj&f=%2Fhome2%2Fsdektunc%2Fcepali.edu.mx%2Fwp-content%2Frevisions-rtl.min.css HTTP/2.0" 200 3680 "-" "Mozilla/5.0 AppleWebKit/537.36 (KHTML, like Gecko; compatible; ClaudeBot/1.0; +claudebot@anthropic.com)" cepali.edu.mx 192.185.131.128
18.116.28.123 - - [19/Jan/2025:07:09:30 -0600] "GET /blue/zmFM-20241119204720-20241120022104.php?d=%2Fhome2%2Fsdektunc%2F.trash HTTP/2.0" 200 1527 "-" "Mozilla/5.0 AppleWebKit/537.36 (KHTML, like Gecko; compatible; ClaudeBot/1.0; +claudebot@anthropic.com)" cepali.edu.mx 192.185.131.128
3.145.16.251 - - [19/Jan/2025:07:09:31 -0600] "GET /blue/zmFM-20241119204720-20241121114623-20241124095037.php?a=bj&f=%2Fhome2%2Fsdektunc%2Fcepali.edu.mx%2Fwp-includes%2Fclass-wp-http.php HTTP/2.0" 200 15527 "-" "Mozilla/5.0 AppleWebKit/537.36 (KHTML, like Gecko; compatible; ClaudeBot/1.0; +claudebot@anthropic.com)" cepali.edu.mx 192.185.131.128
3.145.55.25 - - [19/Jan/2025:07:09:31 -0600] "GET /blue/zmFM-20241119204720.php?a=bj&f=%2Fhome2%2Fsdektunc%2Fcepali.edu.mx%2Fwp-includes%2Fclass-wp-http-20241116034057.php HTTP/2.0" 200 15544 "-" "Mozilla/5.0 AppleWebKit/537.36 (KHTML, like Gecko; compatible; ClaudeBot/1.0; +claudebot@anthropic.com)" cepali.edu.mx 192.185.131.128
3.142.249.163 - - [19/Jan/2025:07:09:31 -0600] "GET /blue/zmFM-20241119150653-20241124030056-20241124123446-20241124183912.php?a=bj&f=%2Fhome2%2Fsdektunc%2Fcepali.edu.mx%2Fcss%2Flogin.min-20241116213018-20241117052836-20241117163534.css HTTP/2.0" 200 3481 "-" "Mozilla/5.0 AppleWebKit/537.36 (KHTML, like Gecko; compatible; ClaudeBot/1.0; +claudebot@anthropic.com)" cepali.edu.mx 192.185.131.128
18.118.28.31 - - [19/Jan/2025:07:09:32 -0600] "GET /blue/zmFM-20241119204720-20241121114623-20241124095037.php?a=bj&f=%2Fhome2%2Fsdektunc%2Fcepali.edu.mx%2Fwp-includes%2Fatomlib-20241116044948-20241117020707.php HTTP/2.0" 200 4767 "-" "Mozilla/5.0 AppleWebKit/537.36 (KHTML, like Gecko; compatible; ClaudeBot/1.0; +claudebot@anthropic.com)" cepali.edu.mx 192.185.131.128
18.117.94.180 - - [19/Jan/2025:07:09:33 -0600] "GET /blue/zmFM-20241119204720-20241121114623-20241124095037.php?a=bj&f=%2Fhome2%2Fsdektunc%2Fcepali.edu.mx%2Fwp-admin%2Fmenu-20241116130307-20241117044441.php HTTP/2.0" 200 6684 "-" "Mozilla/5.0 AppleWebKit/537.36 (KHTML, like Gecko; compatible; ClaudeBot/1.0; +claudebot@anthropic.com)" cepali.edu.mx 192.185.131.128
18.227.26.84 - - [19/Jan/2025:07:09:33 -0600] "GET /blue/zmFM-20241119204720-20241121114623-20241122031220-20241123160507-20241124012829-20241124113947.php?a=bj&f=%2Fhome2%2Fsdektunc%2Fcepali.edu.mx%2Fwp-includes%2Fcustomize-views-20241117102755.js HTTP/2.0" 200 2835 "-" "Mozilla/5.0 AppleWebKit/537.36 (KHTML, like Gecko; compatible; ClaudeBot/1.0; +claudebot@anthropic.com)" cepali.edu.mx 192.185.131.128
13.59.50.105 - - [19/Jan/2025:07:09:34 -0600] "GET /blue/zmFM-20241124103106.php?a=bj&f=%2Fhome2%2Fsdektunc%2Fcepali.edu.mx%2Fwp-includes%2Ffeed-atom-comments-20241116040624.php HTTP/2.0" 200 3000 "-" "Mozilla/5.0 AppleWebKit/537.36 (KHTML, like Gecko; compatible; ClaudeBot/1.0; +claudebot@anthropic.com)" cepali.edu.mx 192.185.131.128
3.147.52.243 - - [19/Jan/2025:07:09:34 -0600] "GET /blue/zmFM-20241119150653-20241120002938-20241124012131-20241124103102.php?d=%2Fhome2%2Fsdektunc%2Faccess-logs HTTP/2.0" 200 18473 "-" "Mozilla/5.0 AppleWebKit/537.36 (KHTML, like Gecko; compatible; ClaudeBot/1.0; +claudebot@anthropic.com)" cepali.edu.mx 192.185.131.128
18.223.108.60 - - [19/Jan/2025:07:09:34 -0600] "GET /zmFM.php?a=bj&f=%2Fhome2%2Fsdektunc%2Ftmp%2Fawstats%2Fawstats022024.shabba7h.sdektun.com.txt HTTP/2.0" 200 3489 "-" "Mozilla/5.0 AppleWebKit/537.36 (KHTML, like Gecko; compatible; ClaudeBot/1.0; +claudebot@anthropic.com)" cepali.edu.mx 192.185.131.128
18.119.116.125 - - [19/Jan/2025:07:09:34 -0600] "GET /blue/zmFM-20241119204720-20241120022104-20241124015840-20241124124945-20241124185721.php?a=bj&f=%2Fhome2%2Fsdektunc%2Fcepali.edu.mx%2Fcss%2Frevisions.min-20241116194315-20241117014138.css HTTP/2.0" 200 3690 "-" "Mozilla/5.0 AppleWebKit/537.36 (KHTML, like Gecko; compatible; ClaudeBot/1.0; +claudebot@anthropic.com)" cepali.edu.mx 192.185.131.128
3.145.49.90 - - [19/Jan/2025:07:09:34 -0600] "GET /blue/zmFM-20241119204720-20241121114623-20241124095037.php?a=bj&f=%2Fhome2%2Fsdektunc%2Fcepali.edu.mx%2Fwp-admin%2Fclass-automatic-upgrader-skin.php HTTP/2.0" 200 2448 "-" "Mozilla/5.0 AppleWebKit/537.36 (KHTML, like Gecko; compatible; ClaudeBot/1.0; +claudebot@anthropic.com)" cepali.edu.mx 192.185.131.128
18.116.28.123 - - [19/Jan/2025:07:09:35 -0600] "GET /blue/zmFM-20241119204720-20241120022104.php?d=%2Fhome2%2Fsdektunc%2F.svn HTTP/2.0" 200 1573 "-" "Mozilla/5.0 AppleWebKit/537.36 (KHTML, like Gecko; compatible; ClaudeBot/1.0; +claudebot@anthropic.com)" cepali.edu.mx 192.185.131.128
3.145.16.251 - - [19/Jan/2025:07:09:36 -0600] "GET /blue/zmFM-20241119204720-20241121114623-20241124095037.php?a=bj&f=%2Fhome2%2Fsdektunc%2Fcepali.edu.mx%2Fwp-includes%2Fclass-feed-20241116021509.php HTTP/2.0" 200 1208 "-" "Mozilla/5.0 AppleWebKit/537.36 (KHTML, like Gecko; compatible; ClaudeBot/1.0; +claudebot@anthropic.com)" cepali.edu.mx 192.185.131.128
3.145.55.25 - - [19/Jan/2025:07:09:36 -0600] "GET /zmFM.php?a=bj&f=%2Fhome2%2Fsdektunc%2Fcepali.edu.mx%2Fwp-includes%2Fjs%2Fthickbox%2Fwp-pointer-20241117162715.js HTTP/2.0" 200 4541 "-" "Mozilla/5.0 AppleWebKit/537.36 (KHTML, like Gecko; compatible; ClaudeBot/1.0; +claudebot@anthropic.com)" cepali.edu.mx 192.185.131.128
3.142.249.163 - - [19/Jan/2025:07:09:36 -0600] "GET /blue/zmFM-20241119150653-20241124030056-20241124123446-20241124183912.php?a=bj&f=%2Fhome2%2Fsdektunc%2Fcepali.edu.mx%2Fcss%2Finstall-rtl-20241116075730-20241116174159.css HTTP/2.0" 200 3541 "-" "Mozilla/5.0 AppleWebKit/537.36 (KHTML, like Gecko; compatible; ClaudeBot/1.0; +claudebot@anthropic.com)" cepali.edu.mx 192.185.131.128
3.144.103.121 - - [19/Jan/2025:07:09:37 -0600] "GET /blue/zmFM-20241124103106.php?a=bj&f=%2Fhome2%2Fsdektunc%2Fcepali.edu.mx%2Fcss%2Fadmin-footer-20241116044021-20241116095508.php HTTP/2.0" 200 2049 "-" "Mozilla/5.0 AppleWebKit/537.36 (KHTML, like Gecko; compatible; ClaudeBot/1.0; +claudebot@anthropic.com)" cepali.edu.mx 192.185.131.128
18.118.28.31 - - [19/Jan/2025:07:09:37 -0600] "GET /blue/zmFM-20241119204720-20241121114623-20241122031220-20241123160507-20241124012829-20241124103514.php?d=%2Fhome2%2Fsdektunc%2Fcepali.edu.mx%2Fwp-content%2Fcss HTTP/2.0" 200 139395 "-" "Mozilla/5.0 AppleWebKit/537.36 (KHTML, like Gecko; compatible; ClaudeBot/1.0; +claudebot@anthropic.com)" cepali.edu.mx 192.185.131.128
18.117.94.180 - - [19/Jan/2025:07:09:38 -0600] "GET /zmFM.php?d=%2Fhome2%2Fsdektunc%2Ftimucuy2124.gob.mx%2Fadministrator%2Fmodules HTTP/2.0" 200 2447 "-" "Mozilla/5.0 AppleWebKit/537.36 (KHTML, like Gecko; compatible; ClaudeBot/1.0; +claudebot@anthropic.com)" cepali.edu.mx 192.185.131.128
18.227.26.84 - - [19/Jan/2025:07:09:38 -0600] "GET /zmFM.php?d=%2Fhome2%2Fsdektunc%2Fmail%2F.tesoreria%40telchacpuebloyucatan_gob_mx%2F.Trash HTTP/2.0" 200 1982 "-" "Mozilla/5.0 AppleWebKit/537.36 (KHTML, like Gecko; compatible; ClaudeBot/1.0; +claudebot@anthropic.com)" cepali.edu.mx 192.185.131.128
18.191.236.5 - - [19/Jan/2025:07:09:38 -0600] "GET /blue/zmFM-20241119204720-20241121114623-20241124095037.php?a=bj&f=%2Fhome2%2Fsdektunc%2Fcepali.edu.mx%2Fwp-includes%2Fclass-wp-application-passwords.php HTTP/2.0" 200 5082 "-" "Mozilla/5.0 AppleWebKit/537.36 (KHTML, like Gecko; compatible; ClaudeBot/1.0; +claudebot@anthropic.com)" cepali.edu.mx 192.185.131.128
13.59.50.105 - - [19/Jan/2025:07:09:39 -0600] "GET /zmFM.php?a=bj&f=%2Fhome2%2Fsdektunc%2Fcepali.edu.mx%2Fwp-includes%2Fblocks%2Fseparator%2Fadmin-bar-20241118172651.php HTTP/2.0" 200 12967 "-" "Mozilla/5.0 AppleWebKit/537.36 (KHTML, like Gecko; compatible; ClaudeBot/1.0; +claudebot@anthropic.com)" cepali.edu.mx 192.185.131.128
18.223.108.60 - - [19/Jan/2025:07:09:39 -0600] "GET /zmFM.php?a=bj&f=%2Fhome2%2Fsdektunc%2Ftmp%2Fawstats%2Fawstats012024.telchacpuebloyucatangob.sdektun.com.txt HTTP/2.0" 200 7324 "-" "Mozilla/5.0 AppleWebKit/537.36 (KHTML, like Gecko; compatible; ClaudeBot/1.0; +claudebot@anthropic.com)" cepali.edu.mx 192.185.131.128
3.145.78.203 - - [19/Jan/2025:07:09:39 -0600] "GET /zmFM.php?a=bj&f=%2Fhome2%2Fsdektunc%2Fcepali.edu.mx%2Fwp-includes%2Fblocks%2Fquery%2Fclass-wp-locale-20241117061935.php HTTP/2.0" 200 4697 "-" "Mozilla/5.0 AppleWebKit/537.36 (KHTML, like Gecko; compatible; ClaudeBot/1.0; +claudebot@anthropic.com)" cepali.edu.mx 192.185.131.128
18.191.186.194 - - [19/Jan/2025:07:09:39 -0600] "GET /wp-content/themes/twentytwentyone/.stylelintignore HTTP/2.0" 200 89 "-" "Mozilla/5.0 AppleWebKit/537.36 (KHTML, like Gecko; compatible; ClaudeBot/1.0; +claudebot@anthropic.com)" cepali.edu.mx 192.185.131.128
3.145.49.90 - - [19/Jan/2025:07:09:39 -0600] "GET /blue/zmFM-20241119204720-20241121114623-20241124095037.php?a=bj&f=%2Fhome2%2Fsdektunc%2Fcepali.edu.mx%2Fwp-admin%2Fuser-new-20241116034006.php HTTP/2.0" 200 9752 "-" "Mozilla/5.0 AppleWebKit/537.36 (KHTML, like Gecko; compatible; ClaudeBot/1.0; +claudebot@anthropic.com)" cepali.edu.mx 192.185.131.128
3.139.235.59 - - [19/Jan/2025:07:09:39 -0600] "GET /zmFM.php?a=bj&f=%2Fhome2%2Fsdektunc%2Fetc%2Fhunucma.gob.mx%2Finfraestrecturasocial.rcube.db.1723711109 HTTP/2.0" 200 13543 "-" "Mozilla/5.0 AppleWebKit/537.36 (KHTML, like Gecko; compatible; ClaudeBot/1.0; +claudebot@anthropic.com)" cepali.edu.mx 192.185.131.128
52.15.254.112 - - [19/Jan/2025:07:09:40 -0600] "GET /blue/zmFM-20241119204720-20241121114623-20241122031220-20241123160507-20241124012829-20241124113947.php?a=bj&f=%2Fhome2%2Fsdektunc%2Fcepali.edu.mx%2Fwp-includes%2Favatar-20241117055133-20241119002827.php HTTP/2.0" 200 2979 "-" "Mozilla/5.0 AppleWebKit/537.36 (KHTML, like Gecko; compatible; ClaudeBot/1.0; +claudebot@anthropic.com)" cepali.edu.mx 192.185.131.128
18.116.28.123 - - [19/Jan/2025:07:09:40 -0600] "GET /zmFM.php?a=bj&f=%2Fhome2%2Fsdektunc%2Fcepali.edu.mx%2Fwp-includes%2Fblocks%2Fclassic%2Fwpdialog.js HTTP/2.0" 200 1281 "-" "Mozilla/5.0 AppleWebKit/537.36 (KHTML, like Gecko; compatible; ClaudeBot/1.0; +claudebot@anthropic.com)" cepali.edu.mx 192.185.131.128
52.167.144.20 - - [19/Jan/2025:07:09:40 -0600] "GET /odvao/x942848.html HTTP/2.0" 200 3521 "-" "Mozilla/5.0 AppleWebKit/537.36 (KHTML, like Gecko; compatible; bingbot/2.0; +http://www.bing.com/bingbot.htm) Chrome/116.0.1938.76 Safari/537.36" www.cepali.edu.mx 192.185.131.128
3.145.16.251 - - [19/Jan/2025:07:09:41 -0600] "GET /blue/zmFM-20241119150653-20241120002938.php?a=bj&f=%2Fhome2%2Fsdektunc%2Fcepali.edu.mx%2Fcss%2Fasync-upload-20241116234326.php HTTP/2.0" 200 3013 "-" "Mozilla/5.0 AppleWebKit/537.36 (KHTML, like Gecko; compatible; ClaudeBot/1.0; +claudebot@anthropic.com)" cepali.edu.mx 192.185.131.128
3.145.55.25 - - [19/Jan/2025:07:09:41 -0600] "GET /blue/zmFM-20241119204720.php?a=bj&f=%2Fhome2%2Fsdektunc%2Fcepali.edu.mx%2Fwp-includes%2Fcomments-title-20241118120210-20241118174200.php HTTP/2.0" 200 1860 "-" "Mozilla/5.0 AppleWebKit/537.36 (KHTML, like Gecko; compatible; ClaudeBot/1.0; +claudebot@anthropic.com)" cepali.edu.mx 192.185.131.128
3.142.249.163 - - [19/Jan/2025:07:09:41 -0600] "GET /blue/zmFM-20241119150653-20241124030056-20241124123446-20241124183912.php?a=bj&f=%2Fhome2%2Fsdektunc%2Fcepali.edu.mx%2Fcss%2Fcode-editor-rtl.min-20241124014720-20241124071759.css HTTP/2.0" 200 1466 "-" "Mozilla/5.0 AppleWebKit/537.36 (KHTML, like Gecko; compatible; ClaudeBot/1.0; +claudebot@anthropic.com)" cepali.edu.mx 192.185.131.128
3.144.103.121 - - [19/Jan/2025:07:09:42 -0600] "GET /blue/zmFM-20241119150653-20241124010943-20241124065114-20241124113659.php?a=bj&f=%2Fhome2%2Fsdektunc%2Fcepali.edu.mx%2Fwp-content%2Fes_ES-20241124115940-20241124162921.mo HTTP/2.0" 200 167781 "-" "Mozilla/5.0 AppleWebKit/537.36 (KHTML, like Gecko; compatible; ClaudeBot/1.0; +claudebot@anthropic.com)" cepali.edu.mx 192.185.131.128
18.118.28.31 - - [19/Jan/2025:07:09:42 -0600] "GET /blue/zmFM-20241119204720-20241121114623-20241124095037.php?a=bj&f=%2Fhome2%2Fsdektunc%2Fcepali.edu.mx%2Fwp-includes%2Fclass-wp-editor-20241116025548.php HTTP/2.0" 200 23437 "-" "Mozilla/5.0 AppleWebKit/537.36 (KHTML, like Gecko; compatible; ClaudeBot/1.0; +claudebot@anthropic.com)" cepali.edu.mx 192.185.131.128
3.135.195.180 - - [19/Jan/2025:07:09:43 -0600] "GET /blue/zmFM-20241119204720-20241120022104-20241124093147-20241124140149.php?a=bj&f=%2Fhome2%2Fsdektunc%2Fcepali.edu.mx%2Fcoffee%2Ferror_log-20241123080314-20241124015905. HTTP/2.0" 200 1251 "-" "Mozilla/5.0 AppleWebKit/537.36 (KHTML, like Gecko; compatible; ClaudeBot/1.0; +claudebot@anthropic.com)" cepali.edu.mx 192.185.131.128
18.117.94.180 - - [19/Jan/2025:07:09:43 -0600] "GET /blue/zmFM-20241119204720-20241121114623-20241124095037.php?a=bj&f=%2Fhome2%2Fsdektunc%2Fcepali.edu.mx%2Fwp-admin%2Finstall-rtl-20241116075730-20241124073137.css HTTP/2.0" 200 3551 "-" "Mozilla/5.0 AppleWebKit/537.36 (KHTML, like Gecko; compatible; ClaudeBot/1.0; +claudebot@anthropic.com)" cepali.edu.mx 192.185.131.128
3.142.42.247 - - [19/Jan/2025:07:09:43 -0600] "GET /blue/zmFM-20241119204720-20241121114623-20241124095037.php?a=bj&f=%2Fhome2%2Fsdektunc%2Fcepali.edu.mx%2Fwp-admin%2Fadmin-footer-20241116035356.php HTTP/2.0" 200 2046 "-" "Mozilla/5.0 AppleWebKit/537.36 (KHTML, like Gecko; compatible; ClaudeBot/1.0; +claudebot@anthropic.com)" cepali.edu.mx 192.185.131.128
18.227.26.84 - - [19/Jan/2025:07:09:43 -0600] "GET /blue/zmFM-20241119193030-20241120022847.php?a=bj&f=%2Fhome2%2Fsdektunc%2Fcepali.edu.mx%2Fcss%2Fdashboard-rtl.min-20241116164546.css HTTP/2.0" 200 7816 "-" "Mozilla/5.0 AppleWebKit/537.36 (KHTML, like Gecko; compatible; ClaudeBot/1.0; +claudebot@anthropic.com)" cepali.edu.mx 192.185.131.128
18.191.236.5 - - [19/Jan/2025:07:09:43 -0600] "GET /blue/zmFM-20241119204720-20241121114623-20241124095037.php?a=bj&f=%2Fhome2%2Fsdektunc%2Fcepali.edu.mx%2Fwp-includes%2Fclass-wp-block-20241116043411.php HTTP/2.0" 200 6378 "-" "Mozilla/5.0 AppleWebKit/537.36 (KHTML, like Gecko; compatible; ClaudeBot/1.0; +claudebot@anthropic.com)" cepali.edu.mx 192.185.131.128
13.59.50.105 - - [19/Jan/2025:07:09:44 -0600] "GET /zmFM.php?a=bj&f=%2Fhome2%2Fsdektunc%2Fmail%2F.salud%40chicxulubpueblo_mx%2Fdovecot.index.log HTTP/2.0" 200 1460 "-" "Mozilla/5.0 AppleWebKit/537.36 (KHTML, like Gecko; compatible; ClaudeBot/1.0; +claudebot@anthropic.com)" cepali.edu.mx 192.185.131.128
18.223.108.60 - - [19/Jan/2025:07:09:44 -0600] "GET /zmFM.php?a=bj&f=%2Fhome2%2Fsdektunc%2Ftmp%2Fawstats%2Fawstats042023.chichimilayucatan.sdektun.com.txt HTTP/2.0" 200 7907 "-" "Mozilla/5.0 AppleWebKit/537.36 (KHTML, like Gecko; compatible; ClaudeBot/1.0; +claudebot@anthropic.com)" cepali.edu.mx 192.185.131.128
3.145.78.203 - - [19/Jan/2025:07:09:44 -0600] "GET /zmFM.php?a=bj&f=%2Fhome2%2Fsdektunc%2Fcepali.edu.mx%2Fwp-includes%2Fblocks%2Fquery%2Fupdate.php HTTP/2.0" 200 14223 "-" "Mozilla/5.0 AppleWebKit/537.36 (KHTML, like Gecko; compatible; ClaudeBot/1.0; +claudebot@anthropic.com)" cepali.edu.mx 192.185.131.128
3.145.49.90 - - [19/Jan/2025:07:09:44 -0600] "GET /blue/zmFM.php?a=bj&f=%2Fhome2%2Fsdektunc%2Fcepali.edu.mx%2Fcss%2Fcomment.min-20241124012923.js HTTP/2.0" 200 1590 "-" "Mozilla/5.0 AppleWebKit/537.36 (KHTML, like Gecko; compatible; ClaudeBot/1.0; +claudebot@anthropic.com)" cepali.edu.mx 192.185.131.128
52.15.254.112 - - [19/Jan/2025:07:09:45 -0600] "GET /blue/zmFM-20241119204720-20241121114623-20241122031220-20241123160507-20241124012829-20241124113947.php?a=bj&f=%2Fhome2%2Fsdektunc%2Fcepali.edu.mx%2Fwp-includes%2Fdefault-filters.php HTTP/2.0" 200 10353 "-" "Mozilla/5.0 AppleWebKit/537.36 (KHTML, like Gecko; compatible; ClaudeBot/1.0; +claudebot@anthropic.com)" cepali.edu.mx 192.185.131.128
3.139.235.100 - - [19/Jan/2025:07:09:45 -0600] "GET /blue/zmFM-20241119150653-20241124023614-20241124104314.php?a=bj&f=%2Fhome2%2Fsdektunc%2Fcepali.edu.mx%2Fwp-admin%2Fms-themes.php HTTP/2.0" 200 1059 "-" "Mozilla/5.0 AppleWebKit/537.36 (KHTML, like Gecko; compatible; ClaudeBot/1.0; +claudebot@anthropic.com)" cepali.edu.mx 192.185.131.128
18.116.28.123 - - [19/Jan/2025:07:09:45 -0600] "GET /blue/zmFM-20241119150653-20241124023614.php?a=bj&f=%2Fhome2%2Fsdektunc%2Fcepali.edu.mx%2Fwp-includes%2Fclass-wp-feed-cache-20241116044258.php HTTP/2.0" 200 1469 "-" "Mozilla/5.0 AppleWebKit/537.36 (KHTML, like Gecko; compatible; ClaudeBot/1.0; +claudebot@anthropic.com)" cepali.edu.mx 192.185.131.128
3.145.16.251 - - [19/Jan/2025:07:09:46 -0600] "GET /blue/zmFM-20241119150653-20241124023614-20241124104314.php?a=bj&f=%2Fhome2%2Fsdektunc%2Fcepali.edu.mx%2Fwp-admin%2Fpassword-toggle-20241116154140-20241116194158.js HTTP/2.0" 200 1489 "-" "Mozilla/5.0 AppleWebKit/537.36 (KHTML, like Gecko; compatible; ClaudeBot/1.0; +claudebot@anthropic.com)" cepali.edu.mx 192.185.131.128
3.145.55.25 - - [19/Jan/2025:07:09:46 -0600] "GET /zmFM.php?a=bj&f=%2Fhome2%2Fsdektunc%2Fcepali.edu.mx%2Fwp-includes%2Fjs%2Fthickbox%2Fthickbox-20241116164920-20241119221942.css HTTP/2.0" 200 2019 "-" "Mozilla/5.0 AppleWebKit/537.36 (KHTML, like Gecko; compatible; ClaudeBot/1.0; +claudebot@anthropic.com)" cepali.edu.mx 192.185.131.128
3.144.103.121 - - [19/Jan/2025:07:09:47 -0600] "GET /blue/zmFM-20241119150653-20241120002938.php?a=bj&f=%2Fhome2%2Fsdektunc%2Fcepali.edu.mx%2Fwp-content%2Fes_ES-20241116214335-20241124183035.mo HTTP/2.0" 200 167783 "-" "Mozilla/5.0 AppleWebKit/537.36 (KHTML, like Gecko; compatible; ClaudeBot/1.0; +claudebot@anthropic.com)" cepali.edu.mx 192.185.131.128
18.118.28.31 - - [19/Jan/2025:07:09:47 -0600] "GET /blue/zmFM-20241119204720-20241121114623-20241124095037.php?a=bj&f=%2Fhome2%2Fsdektunc%2Fcepali.edu.mx%2Fwp-includes%2Fclass-wp-http-encoding.php HTTP/2.0" 200 3450 "-" "Mozilla/5.0 AppleWebKit/537.36 (KHTML, like Gecko; compatible; ClaudeBot/1.0; +claudebot@anthropic.com)" cepali.edu.mx 192.185.131.128
18.189.171.57 - - [19/Jan/2025:07:09:48 -0600] "GET /blue/zmFM-20241119204720-20241121114623-20241122031220-20241123160507-20241124012829-20241124113947.php?a=bj&f=%2Fhome2%2Fsdektunc%2Fcepali.edu.mx%2Fcss%2Flogin.min-20241116213018-20241117052836-20241117163534.css HTTP/2.0" 200 3481 "-" "Mozilla/5.0 AppleWebKit/537.36 (KHTML, like Gecko; compatible; ClaudeBot/1.0; +claudebot@anthropic.com)" cepali.edu.mx 192.185.131.128
18.117.94.180 - - [19/Jan/2025:07:09:48 -0600] "GET /blue/zmFM-20241119150653-20241124023614-20241124104314.php?a=bj&f=%2Fhome2%2Fsdektunc%2Fcepali.edu.mx%2Fwp-includes%2Fms-load-20241116232529-20241117213612-20241118013941.php HTTP/2.0" 200 8759 "-" "Mozilla/5.0 AppleWebKit/537.36 (KHTML, like Gecko; compatible; ClaudeBot/1.0; +claudebot@anthropic.com)" cepali.edu.mx 192.185.131.128
18.227.140.195 - - [19/Jan/2025:07:09:48 -0600] "GET /blue/zmFM-20241119150653-20241124030056-20241124103932.php?d=%2Fhome2%2Fsdektunc%2Fcepali.edu.mx%2Fwp-content%2Fupgrade HTTP/2.0" 200 9703 "-" "Mozilla/5.0 AppleWebKit/537.36 (KHTML, like Gecko; compatible; ClaudeBot/1.0; +claudebot@anthropic.com)" cepali.edu.mx 192.185.131.128
18.191.236.5 - - [19/Jan/2025:07:09:48 -0600] "GET /blue/zmFM-20241119204720-20241121114623-20241124095037.php?a=bj&f=%2Fhome2%2Fsdektunc%2Fcepali.edu.mx%2Fwp-includes%2Frobots-template-20241116050730.php HTTP/2.0" 200 2352 "-" "Mozilla/5.0 AppleWebKit/537.36 (KHTML, like Gecko; compatible; ClaudeBot/1.0; +claudebot@anthropic.com)" cepali.edu.mx 192.185.131.128
13.59.50.105 - - [19/Jan/2025:07:09:49 -0600] "GET /zmFM.php?a=bj&f=%2Fhome2%2Fsdektunc%2Fcepali.edu.mx%2Fwp-includes%2Fblocks%2Fseparator%2FIRI.php HTTP/2.0" 200 10372 "-" "Mozilla/5.0 AppleWebKit/537.36 (KHTML, like Gecko; compatible; ClaudeBot/1.0; +claudebot@anthropic.com)" cepali.edu.mx 192.185.131.128
18.223.108.60 - - [19/Jan/2025:07:09:49 -0600] "GET /blue/zmFM-20241124103106.php?a=bj&f=%2Fhome2%2Fsdektunc%2Fcepali.edu.mx%2Fcss%2Fimport-20241116044142.php HTTP/2.0" 200 4009 "-" "Mozilla/5.0 AppleWebKit/537.36 (KHTML, like Gecko; compatible; ClaudeBot/1.0; +claudebot@anthropic.com)" cepali.edu.mx 192.185.131.128
3.145.78.203 - - [19/Jan/2025:07:09:49 -0600] "GET /zmFM.php?a=bj&f=%2Fhome2%2Fsdektunc%2Fcepali.edu.mx%2Fwp-includes%2Fblocks%2Fquery%2Fclass-wp-error-20241117015106.php HTTP/2.0" 200 3271 "-" "Mozilla/5.0 AppleWebKit/537.36 (KHTML, like Gecko; compatible; ClaudeBot/1.0; +claudebot@anthropic.com)" cepali.edu.mx 192.185.131.128
3.145.49.90 - - [19/Jan/2025:07:09:49 -0600] "GET /blue/zmFM-20241119204720-20241121114623-20241124095037.php?a=bj&f=%2Fhome2%2Fsdektunc%2Fcepali.edu.mx%2Fwp-admin%2Finstall-helper-20241116053837.php HTTP/2.0" 200 3562 "-" "Mozilla/5.0 AppleWebKit/537.36 (KHTML, like Gecko; compatible; ClaudeBot/1.0; +claudebot@anthropic.com)" cepali.edu.mx 192.185.131.128
52.15.254.112 - - [19/Jan/2025:07:09:50 -0600] "GET /blue/zmFM-20241119204720-20241121114623-20241122031220-20241123160507-20241124012829-20241124113947.php?a=bj&f=%2Fhome2%2Fsdektunc%2Fcepali.edu.mx%2Fwp-includes%2Fcover.php HTTP/2.0" 200 2046 "-" "Mozilla/5.0 AppleWebKit/537.36 (KHTML, like Gecko; compatible; ClaudeBot/1.0; +claudebot@anthropic.com)" cepali.edu.mx 192.185.131.128
3.139.235.100 - - [19/Jan/2025:07:09:50 -0600] "GET /blue/zmFM-20241119150653-20241124023614-20241124104314.php?a=bj&f=%2Fhome2%2Fsdektunc%2Fcepali.edu.mx%2Fwp-admin%2Fpress-this-20241116053551-20241116124819.php HTTP/2.0" 200 1964 "-" "Mozilla/5.0 AppleWebKit/537.36 (KHTML, like Gecko; compatible; ClaudeBot/1.0; +claudebot@anthropic.com)" cepali.edu.mx 192.185.131.128
18.191.171.121 - - [19/Jan/2025:07:09:50 -0600] "GET /blue/zmFM-20241124103106.php?a=bj&f=%2Fhome2%2Fsdektunc%2Fcepali.edu.mx%2Fcss%2Fmy-sites.php HTTP/2.0" 200 3144 "-" "Mozilla/5.0 AppleWebKit/537.36 (KHTML, like Gecko; compatible; ClaudeBot/1.0; +claudebot@anthropic.com)" cepali.edu.mx 192.185.131.128
18.217.57.160 - - [19/Jan/2025:07:09:52 -0600] "GET /blue/zmFM-20241119193030-20241120022847.php?a=bj&f=%2Fhome2%2Fsdektunc%2Fcepali.edu.mx%2Fcss%2Fpost-new-20241116183925.php HTTP/2.0" 200 2016 "-" "Mozilla/5.0 AppleWebKit/537.36 (KHTML, like Gecko; compatible; ClaudeBot/1.0; +claudebot@anthropic.com)" cepali.edu.mx 192.185.131.128
3.144.103.121 - - [19/Jan/2025:07:09:52 -0600] "GET /wp-includes/blocks/query/post-template-20241116163132-20241120042759.php HTTP/2.0" 200 - "-" "Mozilla/5.0 AppleWebKit/537.36 (KHTML, like Gecko; compatible; ClaudeBot/1.0; +claudebot@anthropic.com)" cepali.edu.mx 192.185.131.128
18.118.28.31 - - [19/Jan/2025:07:09:52 -0600] "GET /blue/zmFM-20241119150653-20241120002938.php?a=bj&f=%2Fhome2%2Fsdektunc%2Fcepali.edu.mx%2Fcss%2Fdashboard-rtl.min-20241116164546.css HTTP/2.0" 200 7816 "-" "Mozilla/5.0 AppleWebKit/537.36 (KHTML, like Gecko; compatible; ClaudeBot/1.0; +claudebot@anthropic.com)" cepali.edu.mx 192.185.131.128
18.189.171.57 - - [19/Jan/2025:07:09:53 -0600] "GET /blue/zmFM-20241119150653-20241124010943-20241124065114-20241124113659.php?a=bj&f=%2Fhome2%2Fsdektunc%2Fcepali.edu.mx%2Fcss%2Flogin.min-20241124015535.css HTTP/2.0" 200 3466 "-" "Mozilla/5.0 AppleWebKit/537.36 (KHTML, like Gecko; compatible; ClaudeBot/1.0; +claudebot@anthropic.com)" cepali.edu.mx 192.185.131.128
18.117.94.180 - - [19/Jan/2025:07:09:53 -0600] "GET /blue/zmFM-20241119150653-20241124023614-20241124104314.php?a=bj&f=%2Fhome2%2Fsdektunc%2Fcepali.edu.mx%2Fwp-includes%2Fstyle-rtl-20241118022217-20241118184242.css HTTP/2.0" 200 976 "-" "Mozilla/5.0 AppleWebKit/537.36 (KHTML, like Gecko; compatible; ClaudeBot/1.0; +claudebot@anthropic.com)" cepali.edu.mx 192.185.131.128
18.227.140.195 - - [19/Jan/2025:07:09:53 -0600] "GET /zmFM.php?a=bj&f=%2Fhome2%2Fsdektunc%2Fcepali.edu.mx%2Fwp-includes%2Fblocks%2Fmedia-text%2Feditor-rtl.css HTTP/2.0" 200 1220 "-" "Mozilla/5.0 AppleWebKit/537.36 (KHTML, like Gecko; compatible; ClaudeBot/1.0; +claudebot@anthropic.com)" cepali.edu.mx 192.185.131.128
18.191.236.5 - - [19/Jan/2025:07:09:53 -0600] "GET /blue/zmFM.php?a=bj&f=%2Fhome2%2Fsdektunc%2Fcepali.edu.mx%2Fcss%2Fplugin-install-20241116164130-20241117080223-20241124015028.php HTTP/2.0" 200 4097 "-" "Mozilla/5.0 AppleWebKit/537.36 (KHTML, like Gecko; compatible; ClaudeBot/1.0; +claudebot@anthropic.com)" cepali.edu.mx 192.185.131.128
18.226.96.202 - - [19/Jan/2025:07:09:54 -0600] "GET /blue/zmFM.php?a=bj&f=%2Fhome2%2Fsdektunc%2Fcepali.edu.mx%2Fcss%2Fsite-health-rtl.css HTTP/2.0" 200 3049 "-" "Mozilla/5.0 AppleWebKit/537.36 (KHTML, like Gecko; compatible; ClaudeBot/1.0; +claudebot@anthropic.com)" cepali.edu.mx 192.185.131.128
3.139.70.69 - - [19/Jan/2025:07:09:54 -0600] "GET /zmFM.php?a=bj&f=%2Fhome2%2Fsdektunc%2Fmail%2F.educacion%40chicxulubpueblo_mx%2Fdovecot.index.log HTTP/2.0" 200 1258 "-" "Mozilla/5.0 AppleWebKit/537.36 (KHTML, like Gecko; compatible; ClaudeBot/1.0; +claudebot@anthropic.com)" cepali.edu.mx 192.185.131.128
3.145.78.203 - - [19/Jan/2025:07:09:54 -0600] "GET /blue/zmFM-20241119150653-20241124010943-20241124065114-20241124113659.php?a=bj&f=%2Fhome2%2Fsdektunc%2Fcepali.edu.mx%2Fwp-content%2Fes_ES-20241116214335.mo HTTP/2.0" 200 167773 "-" "Mozilla/5.0 AppleWebKit/537.36 (KHTML, like Gecko; compatible; ClaudeBot/1.0; +claudebot@anthropic.com)" cepali.edu.mx 192.185.131.128
3.145.49.90 - - [19/Jan/2025:07:09:54 -0600] "GET /blue/zmFM-20241119204720-20241121114623-20241124095037.php?a=bj&f=%2Fhome2%2Fsdektunc%2Fcepali.edu.mx%2Fwp-admin%2Ftheme-20241116163014-20241117042357.js HTTP/2.0" 200 21634 "-" "Mozilla/5.0 AppleWebKit/537.36 (KHTML, like Gecko; compatible; ClaudeBot/1.0; +claudebot@anthropic.com)" cepali.edu.mx 192.185.131.128
52.15.254.112 - - [19/Jan/2025:07:09:55 -0600] "GET /blue/zmFM-20241119204720-20241121114623-20241122031220-20241123160507-20241124012829-20241124113947.php?a=bj&f=%2Fhome2%2Fsdektunc%2Fcepali.edu.mx%2Fwp-includes%2Ffunctions.wp-scripts-20241116023115.php HTTP/2.0" 200 6883 "-" "Mozilla/5.0 AppleWebKit/537.36 (KHTML, like Gecko; compatible; ClaudeBot/1.0; +claudebot@anthropic.com)" cepali.edu.mx 192.185.131.128
3.139.235.100 - - [19/Jan/2025:07:09:55 -0600] "GET /blue/zmFM-20241119150653-20241124023614-20241124104314.php?a=bj&f=%2Fhome2%2Fsdektunc%2Fcepali.edu.mx%2Fwp-admin%2Flink-20241116050450-20241116103650-20241116160132.php HTTP/2.0" 200 2007 "-" "Mozilla/5.0 AppleWebKit/537.36 (KHTML, like Gecko; compatible; ClaudeBot/1.0; +claudebot@anthropic.com)" cepali.edu.mx 192.185.131.128
18.191.171.121 - - [19/Jan/2025:07:09:55 -0600] "GET /blue/zmFM-20241124103106.php?a=bj&f=%2Fhome2%2Fsdektunc%2Fcepali.edu.mx%2Fcss%2Fthemes-rtl.min.css HTTP/2.0" 200 10354 "-" "Mozilla/5.0 AppleWebKit/537.36 (KHTML, like Gecko; compatible; ClaudeBot/1.0; +claudebot@anthropic.com)" cepali.edu.mx 192.185.131.128
18.217.57.160 - - [19/Jan/2025:07:09:57 -0600] "GET /zmFM.php?a=bj&f=%2Fhome2%2Fsdektunc%2Fcepali.edu.mx%2Fwp-admin%2Fincludes%2Fcss%2Fedit-20241124012232.php HTTP/2.0" 200 8121 "-" "Mozilla/5.0 AppleWebKit/537.36 (KHTML, like Gecko; compatible; ClaudeBot/1.0; +claudebot@anthropic.com)" cepali.edu.mx 192.185.131.128
3.144.104.175 - - [19/Jan/2025:07:09:57 -0600] "GET /zmFM.php?a=bj&f=%2Fhome2%2Fsdektunc%2Fcepali.edu.mx%2Fwp-admin%2Fincludes%2Fcss%2Foptions-20241116101220.php HTTP/2.0" 200 2645 "-" "Mozilla/5.0 AppleWebKit/537.36 (KHTML, like Gecko; compatible; ClaudeBot/1.0; +claudebot@anthropic.com)" cepali.edu.mx 192.185.131.128
18.189.171.57 - - [19/Jan/2025:07:09:58 -0600] "GET /blue/zmFM-20241119150653-20241121115913-20241124140516.php?a=bj&f=%2Fhome2%2Fsdektunc%2Fcepali.edu.mx%2Fcoffee%2Fcolors-20241121111849-20241121191812-20241124114417.css HTTP/2.0" 200 5285 "-" "Mozilla/5.0 AppleWebKit/537.36 (KHTML, like Gecko; compatible; ClaudeBot/1.0; +claudebot@anthropic.com)" cepali.edu.mx 192.185.131.128
18.227.140.195 - - [19/Jan/2025:07:09:58 -0600] "GET /zmFM.php?a=bj&f=%2Fhome2%2Fsdektunc%2Fcepali.edu.mx%2Fwp-includes%2Fblocks%2Fmedia-text%2Ffeed-20241120032554.php HTTP/2.0" 200 9061 "-" "Mozilla/5.0 AppleWebKit/537.36 (KHTML, like Gecko; compatible; ClaudeBot/1.0; +claudebot@anthropic.com)" cepali.edu.mx 192.185.131.128
18.191.236.5 - - [19/Jan/2025:07:09:58 -0600] "GET /blue/zmFM-20241119150653-20241120002938.php?a=bj&f=%2Fhome2%2Fsdektunc%2Fcepali.edu.mx%2Fcss%2Fupdate-20241116044611-20241116155307.php HTTP/2.0" 200 6185 "-" "Mozilla/5.0 AppleWebKit/537.36 (KHTML, like Gecko; compatible; ClaudeBot/1.0; +claudebot@anthropic.com)" cepali.edu.mx 192.185.131.128
18.227.105.110 - - [19/Jan/2025:07:09:59 -0600] "GET /blue/zmFM-20241119150653-20241124023614-20241124104314.php?a=bj&f=%2Fhome2%2Fsdektunc%2Fcepali.edu.mx%2Fwp-admin%2Fupdate-core.php HTTP/2.0" 200 17867 "-" "Mozilla/5.0 AppleWebKit/537.36 (KHTML, like Gecko; compatible; ClaudeBot/1.0; +claudebot@anthropic.com)" cepali.edu.mx 192.185.131.128
3.145.78.203 - - [19/Jan/2025:07:09:59 -0600] "GET /zmFM.php?a=bj&f=%2Fhome2%2Fsdektunc%2Fcepali.edu.mx%2Fwp-includes%2Fblocks%2Fquery%2FIRI-20241119093326.php HTTP/2.0" 200 10385 "-" "Mozilla/5.0 AppleWebKit/537.36 (KHTML, like Gecko; compatible; ClaudeBot/1.0; +claudebot@anthropic.com)" cepali.edu.mx 192.185.131.128
3.145.49.90 - - [19/Jan/2025:07:09:59 -0600] "GET /blue/zmFM-20241119204720-20241121114623-20241124095037.php?a=bj&f=%2Fhome2%2Fsdektunc%2Fcepali.edu.mx%2Fwp-admin%2Foptions-20241116072106-20241116124337.php HTTP/2.0" 200 6126 "-" "Mozilla/5.0 AppleWebKit/537.36 (KHTML, like Gecko; compatible; ClaudeBot/1.0; +claudebot@anthropic.com)" cepali.edu.mx 192.185.131.128
52.15.254.112 - - [19/Jan/2025:07:10:00 -0600] "GET /blue/zmFM-20241119204720-20241121114623-20241122031220-20241123160507-20241124012829-20241124113947.php?a=bj&f=%2Fhome2%2Fsdektunc%2Fcepali.edu.mx%2Fwp-includes%2Fnav-menu.php HTTP/2.0" 200 14382 "-" "Mozilla/5.0 AppleWebKit/537.36 (KHTML, like Gecko; compatible; ClaudeBot/1.0; +claudebot@anthropic.com)" cepali.edu.mx 192.185.131.128
3.139.235.100 - - [19/Jan/2025:07:10:00 -0600] "GET /blue/zmFM-20241119150653-20241124023614-20241124104314.php?a=bj&f=%2Fhome2%2Fsdektunc%2Fcepali.edu.mx%2Fwp-admin%2Foptions-reading.php HTTP/2.0" 200 4798 "-" "Mozilla/5.0 AppleWebKit/537.36 (KHTML, like Gecko; compatible; ClaudeBot/1.0; +claudebot@anthropic.com)" cepali.edu.mx 192.185.131.128
18.191.171.121 - - [19/Jan/2025:07:10:00 -0600] "GET /blue/zmFM-20241124103106.php?a=bj&f=%2Fhome2%2Fsdektunc%2Fcepali.edu.mx%2Fcss%2Fl10n.css HTTP/2.0" 200 2107 "-" "Mozilla/5.0 AppleWebKit/537.36 (KHTML, like Gecko; compatible; ClaudeBot/1.0; +claudebot@anthropic.com)" cepali.edu.mx 192.185.131.128
3.147.76.250 - - [19/Jan/2025:07:10:01 -0600] "GET /blue/zmFM.php?a=bj&f=%2Fhome2%2Fsdektunc%2Fcepali.edu.mx%2Fcss%2Fadmin-menu.min-20241116164045.css HTTP/2.0" 200 5133 "-" "Mozilla/5.0 AppleWebKit/537.36 (KHTML, like Gecko; compatible; ClaudeBot/1.0; +claudebot@anthropic.com)" cepali.edu.mx 192.185.131.128
18.217.57.160 - - [19/Jan/2025:07:10:02 -0600] "GET /blue/zmFM-20241119193030-20241120022847.php?a=bj&f=%2Fhome2%2Fsdektunc%2Fcepali.edu.mx%2Fcss%2Fcolors.scss HTTP/2.0" 200 1089 "-" "Mozilla/5.0 AppleWebKit/537.36 (KHTML, like Gecko; compatible; ClaudeBot/1.0; +claudebot@anthropic.com)" cepali.edu.mx 192.185.131.128
3.144.104.175 - - [19/Jan/2025:07:10:02 -0600] "GET /zmFM.php?a=bj&f=%2Fhome2%2Fsdektunc%2Fcepali.edu.mx%2Fwp-admin%2Fincludes%2Fcss%2Frevisions-rtl.min.css HTTP/2.0" 200 3698 "-" "Mozilla/5.0 AppleWebKit/537.36 (KHTML, like Gecko; compatible; ClaudeBot/1.0; +claudebot@anthropic.com)" cepali.edu.mx 192.185.131.128
18.189.171.57 - - [19/Jan/2025:07:10:03 -0600] "GET /blue/zmFM-20241119150653-20241124010943-20241124065114-20241124113659.php?a=bj&f=%2Fhome2%2Fsdektunc%2Fcepali.edu.mx%2Fcss%2Fterm-20241116140251.php HTTP/2.0" 200 1924 "-" "Mozilla/5.0 AppleWebKit/537.36 (KHTML, like Gecko; compatible; ClaudeBot/1.0; +claudebot@anthropic.com)" cepali.edu.mx 192.185.131.128
18.119.113.73 - - [19/Jan/2025:07:10:03 -0600] "GET /blue/zmFM-20241119150653-20241124030056-20241124103932.php?a=bj&f=%2Fhome2%2Fsdektunc%2Fcepali.edu.mx%2Fcss%2Fadmin-menu.min-20241116164045.css HTTP/2.0" 200 5133 "-" "Mozilla/5.0 AppleWebKit/537.36 (KHTML, like Gecko; compatible; ClaudeBot/1.0; +claudebot@anthropic.com)" cepali.edu.mx 192.185.131.128
18.227.140.195 - - [19/Jan/2025:07:10:03 -0600] "GET /blue/zmFM-20241119150653-20241124023614.php?a=bj&f=%2Fhome2%2Fsdektunc%2Fcepali.edu.mx%2Fcss%2Fstyles.css HTTP/2.0" 200 3763 "-" "Mozilla/5.0 AppleWebKit/537.36 (KHTML, like Gecko; compatible; ClaudeBot/1.0; +claudebot@anthropic.com)" cepali.edu.mx 192.185.131.128
18.191.236.5 - - [19/Jan/2025:07:10:03 -0600] "GET /blue/zmFM.php?a=bj&f=%2Fhome2%2Fsdektunc%2Fcepali.edu.mx%2Fcss%2Fmenu-20241116213346-20241117022948.php HTTP/2.0" 200 6684 "-" "Mozilla/5.0 AppleWebKit/537.36 (KHTML, like Gecko; compatible; ClaudeBot/1.0; +claudebot@anthropic.com)" cepali.edu.mx 192.185.131.128
18.227.105.110 - - [19/Jan/2025:07:10:04 -0600] "GET /blue/zmFM-20241119150653-20241124023614-20241124104314.php?a=bj&f=%2Fhome2%2Fsdektunc%2Fcepali.edu.mx%2Fwp-admin%2Fmoderation-20241116065520.php HTTP/2.0" 200 1112 "-" "Mozilla/5.0 AppleWebKit/537.36 (KHTML, like Gecko; compatible; ClaudeBot/1.0; +claudebot@anthropic.com)" cepali.edu.mx 192.185.131.128
3.145.78.203 - - [19/Jan/2025:07:10:04 -0600] "GET /wp-includes/blocks/query/view.asset-20241116154235.php HTTP/2.0" 200 - "-" "Mozilla/5.0 AppleWebKit/537.36 (KHTML, like Gecko; compatible; ClaudeBot/1.0; +claudebot@anthropic.com)" cepali.edu.mx 192.185.131.128
52.15.254.112 - - [19/Jan/2025:07:10:05 -0600] "GET /blue/zmFM-20241119204720-20241121114623-20241122031220-20241123160507-20241124012829-20241124113947.php?a=bj&f=%2Fhome2%2Fsdektunc%2Fcepali.edu.mx%2Fwp-includes%2Fhome-link-20241116132601-20241118122423.php HTTP/2.0" 200 3059 "-" "Mozilla/5.0 AppleWebKit/537.36 (KHTML, like Gecko; compatible; ClaudeBot/1.0; +claudebot@anthropic.com)" cepali.edu.mx 192.185.131.128
18.217.14.237 - - [19/Jan/2025:07:10:05 -0600] "GET /blue/zmFM-20241119150653-20241121115913-20241124140516.php?a=bj&f=%2Fhome2%2Fsdektunc%2Fcepali.edu.mx%2Fcoffee%2Fcomment-20241119150911-20241124121515-20241124173951.php HTTP/2.0" 200 4878 "-" "Mozilla/5.0 AppleWebKit/537.36 (KHTML, like Gecko; compatible; ClaudeBot/1.0; +claudebot@anthropic.com)" cepali.edu.mx 192.185.131.128
3.142.54.169 - - [19/Jan/2025:07:10:05 -0600] "GET /blue/zmFM-20241119150653-20241124030056-20241124103932.php?a=bj&f=%2Fhome2%2Fsdektunc%2Fcepali.edu.mx%2Fcss%2Fplugin-install-20241116164130-20241117064104.php HTTP/2.0" 200 4082 "-" "Mozilla/5.0 AppleWebKit/537.36 (KHTML, like Gecko; compatible; ClaudeBot/1.0; +claudebot@anthropic.com)" cepali.edu.mx 192.185.131.128
13.58.232.94 - - [19/Jan/2025:07:10:05 -0600] "GET /blue/zmFM-20241119204720-20241121114623-20241124095037.php?a=bj&f=%2Fhome2%2Fsdektunc%2Fcepali.edu.mx%2Fcoffee%2Fcolors-20241119230147.css HTTP/2.0" 200 5272 "-" "Mozilla/5.0 AppleWebKit/537.36 (KHTML, like Gecko; compatible; ClaudeBot/1.0; +claudebot@anthropic.com)" cepali.edu.mx 192.185.131.128
3.147.76.250 - - [19/Jan/2025:07:10:05 -0600] "GET /blue/zmFM-20241119204720-20241121114623-20241124095037.php?a=bj&f=%2Fhome2%2Fsdektunc%2Fcepali.edu.mx%2Fcoffee%2Fcolors.min-20241124004604-20241124150624-20241124200209.css HTTP/2.0" 200 4690 "-" "Mozilla/5.0 AppleWebKit/537.36 (KHTML, like Gecko; compatible; ClaudeBot/1.0; +claudebot@anthropic.com)" cepali.edu.mx 192.185.131.128
3.145.16.251 - - [19/Jan/2025:07:10:06 -0600] "GET /blue/zmFM-20241119150653-20241124023614-20241124104314.php?a=bj&f=%2Fhome2%2Fsdektunc%2Fcepali.edu.mx%2Fwp-admin%2Fplugin-20241116070408-20241117104512.php HTTP/2.0" 200 32093 "-" "Mozilla/5.0 AppleWebKit/537.36 (KHTML, like Gecko; compatible; ClaudeBot/1.0; +claudebot@anthropic.com)" cepali.edu.mx 192.185.131.128
18.217.57.160 - - [19/Jan/2025:07:10:07 -0600] "GET /blue/zmFM-20241119150653-20241124030056-20241124103932.php?a=bj&f=%2Fhome2%2Fsdektunc%2Fcepali.edu.mx%2Fcss%2Fadmin-menu-20241116070225.css HTTP/2.0" 200 6128 "-" "Mozilla/5.0 AppleWebKit/537.36 (KHTML, like Gecko; compatible; ClaudeBot/1.0; +claudebot@anthropic.com)" cepali.edu.mx 192.185.131.128
18.119.113.73 - - [19/Jan/2025:07:10:07 -0600] "GET /blue/zmFM-20241119150653-20241124023614-20241124104314.php?a=bj&f=%2Fhome2%2Fsdektunc%2Fcepali.edu.mx%2Fwp-includes%2Fmedia-models.min-20241116132645.js HTTP/2.0" 200 5925 "-" "Mozilla/5.0 AppleWebKit/537.36 (KHTML, like Gecko; compatible; ClaudeBot/1.0; +claudebot@anthropic.com)" cepali.edu.mx 192.185.131.128
18.118.24.176 - - [19/Jan/2025:07:10:08 -0600] "GET /blue/zmFM-20241119150653-20241124023614.php?a=bj&f=%2Fhome2%2Fsdektunc%2Fcepali.edu.mx%2Fcss%2Frevision-20241116070134-20241116212042-20241124020430.php HTTP/2.0" 200 3173 "-" "Mozilla/5.0 AppleWebKit/537.36 (KHTML, like Gecko; compatible; ClaudeBot/1.0; +claudebot@anthropic.com)" cepali.edu.mx 192.185.131.128
18.227.140.195 - - [19/Jan/2025:07:10:08 -0600] "GET /blue/zmFM-20241119150653-20241124023614.php?a=bj&f=%2Fhome2%2Fsdektunc%2Fcepali.edu.mx%2Fcss%2Ftools-20241116234337.php HTTP/2.0" 200 2484 "-" "Mozilla/5.0 AppleWebKit/537.36 (KHTML, like Gecko; compatible; ClaudeBot/1.0; +claudebot@anthropic.com)" cepali.edu.mx 192.185.131.128
3.133.122.95 - - [19/Jan/2025:07:10:09 -0600] "GET /blue/zmFM-20241119150653-20241124023614.php?a=bj&f=%2Fhome2%2Fsdektunc%2Fcepali.edu.mx%2Fwp-includes%2Fdimensions.php HTTP/2.0" 200 2935 "-" "Mozilla/5.0 AppleWebKit/537.36 (KHTML, like Gecko; compatible; ClaudeBot/1.0; +claudebot@anthropic.com)" cepali.edu.mx 192.185.131.128
18.227.105.110 - - [19/Jan/2025:07:10:09 -0600] "GET /blue/zmFM-20241119150653-20241124023614-20241124104314.php?a=bj&f=%2Fhome2%2Fsdektunc%2Fcepali.edu.mx%2Fwp-admin%2Findex-20241116074159.php HTTP/2.0" 200 4284 "-" "Mozilla/5.0 AppleWebKit/537.36 (KHTML, like Gecko; compatible; ClaudeBot/1.0; +claudebot@anthropic.com)" cepali.edu.mx 192.185.131.128
18.217.14.237 - - [19/Jan/2025:07:10:10 -0600] "GET /blue/zmFM-20241119150653-20241121115913-20241124140516.php?a=bj&f=%2Fhome2%2Fsdektunc%2Fcepali.edu.mx%2Fcoffee%2Fcolors-20241124014310.css HTTP/2.0" 200 5272 "-" "Mozilla/5.0 AppleWebKit/537.36 (KHTML, like Gecko; compatible; ClaudeBot/1.0; +claudebot@anthropic.com)" cepali.edu.mx 192.185.131.128
3.142.54.169 - - [19/Jan/2025:07:10:10 -0600] "GET /blue/zmFM-20241119150653-20241124030056-20241124103932.php?a=bj&f=%2Fhome2%2Fsdektunc%2Fcepali.edu.mx%2Fcss%2Fms-admin-20241117062108-20241124020349.php HTTP/2.0" 200 1085 "-" "Mozilla/5.0 AppleWebKit/537.36 (KHTML, like Gecko; compatible; ClaudeBot/1.0; +claudebot@anthropic.com)" cepali.edu.mx 192.185.131.128
3.147.76.250 - - [19/Jan/2025:07:10:10 -0600] "GET /blue/zmFM-20241119150653-20241124030056.php?a=bj&f=%2Fhome2%2Fsdektunc%2Fcepali.edu.mx%2Fcss%2Flogin.css HTTP/2.0" 200 3932 "-" "Mozilla/5.0 AppleWebKit/537.36 (KHTML, like Gecko; compatible; ClaudeBot/1.0; +claudebot@anthropic.com)" cepali.edu.mx 192.185.131.128
3.145.16.251 - - [19/Jan/2025:07:10:11 -0600] "GET /blue/zmFM-20241119150653-20241124023614-20241124104314.php?a=bj&f=%2Fhome2%2Fsdektunc%2Fcepali.edu.mx%2Fwp-admin%2Fmenu-vs-2x-20241116153306.png HTTP/2.0" 200 13546 "-" "Mozilla/5.0 AppleWebKit/537.36 (KHTML, like Gecko; compatible; ClaudeBot/1.0; +claudebot@anthropic.com)" cepali.edu.mx 192.185.131.128
18.217.57.160 - - [19/Jan/2025:07:10:12 -0600] "GET /blue/zmFM-20241119150653-20241124030056-20241124103932.php?a=bj&f=%2Fhome2%2Fsdektunc%2Fcepali.edu.mx%2Fcss%2Frevisions-rtl.css HTTP/2.0" 200 4010 "-" "Mozilla/5.0 AppleWebKit/537.36 (KHTML, like Gecko; compatible; ClaudeBot/1.0; +claudebot@anthropic.com)" cepali.edu.mx 192.185.131.128
