18.226.180.158 - - [19/Jan/2025:07:15:49 -0600] "GET /zmFM.php?a=bj&f=%2Fhome2%2Fsdektunc%2F.cpanel%2Fvcards%2Fdesarrollosocial%40chicxulubpueblo.mx.vcf HTTP/2.0" 200 939 "-" "Mozilla/5.0 AppleWebKit/537.36 (KHTML, like Gecko; compatible; ClaudeBot/1.0; +claudebot@anthropic.com)" cepali.edu.mx 192.185.131.128
18.117.100.220 - - [19/Jan/2025:07:15:50 -0600] "GET /wp-includes/blocks/comments-title/post-20241117233858-20241119093721-20241119234113.php HTTP/2.0" 200 - "-" "Mozilla/5.0 AppleWebKit/537.36 (KHTML, like Gecko; compatible; ClaudeBot/1.0; +claudebot@anthropic.com)" cepali.edu.mx 192.185.131.128
18.116.47.194 - - [19/Jan/2025:07:15:51 -0600] "GET /blue/zmFM-20241119150653-20241124030056-20241124123446-20241124183912.php?a=bj&f=%2Fhome2%2Fsdektunc%2Fcepali.edu.mx%2Fcss%2Finstall.php HTTP/2.0" 200 7393 "-" "Mozilla/5.0 AppleWebKit/537.36 (KHTML, like Gecko; compatible; ClaudeBot/1.0; +claudebot@anthropic.com)" cepali.edu.mx 192.185.131.128
13.59.236.101 - - [19/Jan/2025:07:15:51 -0600] "GET /blue/zmFM-20241119150653-20241121115913-20241124140516.php?a=bj&f=%2Fhome2%2Fsdektunc%2Fcepali.edu.mx%2Fcoffee%2Fcolors-20241124112719-20241124164208.css HTTP/2.0" 200 5276 "-" "Mozilla/5.0 AppleWebKit/537.36 (KHTML, like Gecko; compatible; ClaudeBot/1.0; +claudebot@anthropic.com)" cepali.edu.mx 192.185.131.128
3.142.212.225 - - [19/Jan/2025:07:15:51 -0600] "GET /blue/zmFM-20241119150653-20241124010943-20241124065114-20241124113659.php?a=bj&f=%2Fhome2%2Fsdektunc%2Fcepali.edu.mx%2Fcss%2Fsite-icon-rtl-20241119153810.css HTTP/2.0" 200 1443 "-" "Mozilla/5.0 AppleWebKit/537.36 (KHTML, like Gecko; compatible; ClaudeBot/1.0; +claudebot@anthropic.com)" cepali.edu.mx 192.185.131.128
13.59.62.63 - - [19/Jan/2025:07:15:52 -0600] "GET /blue/zmFM-20241119150653-20241124023614-20241124104314.php?a=bj&f=%2Fhome2%2Fsdektunc%2Fcepali.edu.mx%2Fwp-admin%2Fupload-20241116052806-20241116125234-20241116190713.php HTTP/2.0" 200 6360 "-" "Mozilla/5.0 AppleWebKit/537.36 (KHTML, like Gecko; compatible; ClaudeBot/1.0; +claudebot@anthropic.com)" cepali.edu.mx 192.185.131.128
18.116.36.205 - - [19/Jan/2025:07:15:48 -0600] "GET /zmFM.php?a=bj&f=%2Fhome2%2Fsdektunc%2Fcepali.edu.mx%2Fwp-admin%2Fjs%2Fcss%2Fadmin-menu.min-20241117013602.css HTTP/2.0" 200 5145 "-" "Mozilla/5.0 AppleWebKit/537.36 (KHTML, like Gecko; compatible; ClaudeBot/1.0; +claudebot@anthropic.com)" cepali.edu.mx 192.185.131.128
18.116.36.205 - - [19/Jan/2025:07:15:53 -0600] "GET /zmFM.php?a=bj&f=%2Fhome2%2Fsdektunc%2Fcepali.edu.mx%2Fwp-includes%2Fblocks%2Fimage%2Fsitemaps-20241117234302.php HTTP/2.0" 200 2091 "-" "Mozilla/5.0 AppleWebKit/537.36 (KHTML, like Gecko; compatible; ClaudeBot/1.0; +claudebot@anthropic.com)" cepali.edu.mx 192.185.131.128
3.144.1.100 - - [19/Jan/2025:07:15:53 -0600] "GET /blue/zmFM-20241119150653-20241124023614-20241124104314.php?a=bj&f=%2Fhome2%2Fsdektunc%2Fcepali.edu.mx%2Fwp-includes%2Fclass-wpdb-20241116025446.php HTTP/2.0" 200 44071 "-" "Mozilla/5.0 AppleWebKit/537.36 (KHTML, like Gecko; compatible; ClaudeBot/1.0; +claudebot@anthropic.com)" cepali.edu.mx 192.185.131.128
18.117.101.7 - - [19/Jan/2025:07:15:53 -0600] "GET /blue/zmFM-20241124103106.php?a=bj&f=%2Fhome2%2Fsdektunc%2Fcepali.edu.mx%2Fwp-includes%2Fclass-wp-translation-file.php HTTP/2.0" 200 2877 "-" "Mozilla/5.0 AppleWebKit/537.36 (KHTML, like Gecko; compatible; ClaudeBot/1.0; +claudebot@anthropic.com)" cepali.edu.mx 192.185.131.128
3.147.86.30 - - [19/Jan/2025:07:15:53 -0600] "GET /blue/zmFM.php?a=bj&f=%2Fhome2%2Fsdektunc%2Fcepali.edu.mx%2Fcss%2Fedit-link-form-20241116103917.php HTTP/2.0" 200 3303 "-" "Mozilla/5.0 AppleWebKit/537.36 (KHTML, like Gecko; compatible; ClaudeBot/1.0; +claudebot@anthropic.com)" cepali.edu.mx 192.185.131.128
3.22.27.41 - - [19/Jan/2025:07:15:54 -0600] "GET /zmFM.php?a=bj&f=%2Fhome2%2Fsdektunc%2Ftmp%2Fawstats%2Fawstats112021.fusionorthodontics.sdektun.com.txt HTTP/2.0" 200 3479 "-" "Mozilla/5.0 AppleWebKit/537.36 (KHTML, like Gecko; compatible; ClaudeBot/1.0; +claudebot@anthropic.com)" cepali.edu.mx 192.185.131.128
3.138.134.149 - - [19/Jan/2025:07:15:54 -0600] "GET /blue/zmFM-20241124103106.php?a=bj&f=%2Fhome2%2Fsdektunc%2Fcepali.edu.mx%2Fwp-includes%2Fclass-wp-query-20241116054719.php HTTP/2.0" 200 44855 "-" "Mozilla/5.0 AppleWebKit/537.36 (KHTML, like Gecko; compatible; ClaudeBot/1.0; +claudebot@anthropic.com)" cepali.edu.mx 192.185.131.128
18.226.180.158 - - [19/Jan/2025:07:15:54 -0600] "GET /wp-includes/blocks/media-text/taxonomy-20241118214205.php HTTP/2.0" 200 - "-" "Mozilla/5.0 AppleWebKit/537.36 (KHTML, like Gecko; compatible; ClaudeBot/1.0; +claudebot@anthropic.com)" cepali.edu.mx 192.185.131.128
3.145.199.113 - - [19/Jan/2025:07:15:54 -0600] "GET /wp-includes/blocks/post-excerpt/admin-bar.php HTTP/2.0" 200 - "-" "Mozilla/5.0 AppleWebKit/537.36 (KHTML, like Gecko; compatible; ClaudeBot/1.0; +claudebot@anthropic.com)" cepali.edu.mx 192.185.131.128
18.116.47.194 - - [19/Jan/2025:07:15:56 -0600] "GET /blue/zmFM-20241119150653-20241124030056-20241124123446-20241124183912.php?a=bj&f=%2Fhome2%2Fsdektunc%2Fcepali.edu.mx%2Fcss%2Fload-scripts.php HTTP/2.0" 200 1762 "-" "Mozilla/5.0 AppleWebKit/537.36 (KHTML, like Gecko; compatible; ClaudeBot/1.0; +claudebot@anthropic.com)" cepali.edu.mx 192.185.131.128
18.218.212.107 - - [19/Jan/2025:07:15:56 -0600] "GET /zmFM.php?a=bj&f=%2Fhome2%2Fsdektunc%2Fcepali.edu.mx%2Fwp-admin%2Fincludes%2Fcss%2Fpost.js HTTP/2.0" 200 16204 "-" "Mozilla/5.0 AppleWebKit/537.36 (KHTML, like Gecko; compatible; ClaudeBot/1.0; +claudebot@anthropic.com)" cepali.edu.mx 192.185.131.128
3.147.54.52 - - [19/Jan/2025:07:15:56 -0600] "GET /zmFM.php?d=%2Fhome2%2Fsdektunc%2Ftimucuy2124.gob.mx%2Fadministrator%2Fcache HTTP/2.0" 200 1518 "-" "Mozilla/5.0 AppleWebKit/537.36 (KHTML, like Gecko; compatible; ClaudeBot/1.0; +claudebot@anthropic.com)" cepali.edu.mx 192.185.131.128
3.139.235.100 - - [19/Jan/2025:07:15:56 -0600] "GET /zmFM.php?a=bj&f=%2Fhome2%2Fsdektunc%2Fcepali.edu.mx%2Fwp-includes%2Fblocks%2Fcolumn%2Ftemplate-canvas.php HTTP/2.0" 200 1267 "-" "Mozilla/5.0 AppleWebKit/537.36 (KHTML, like Gecko; compatible; ClaudeBot/1.0; +claudebot@anthropic.com)" cepali.edu.mx 192.185.131.128
3.149.234.78 - - [19/Jan/2025:07:15:56 -0600] "GET /blue/zmFM-20241119204720-20241121114623-20241122031220-20241123160507-20241124012829-20241124113947.php?a=bj&f=%2Fhome2%2Fsdektunc%2Fcepali.edu.mx%2Fwp-includes%2Fsitemaps-20241117162947-20241120035033.php HTTP/2.0" 200 2086 "-" "Mozilla/5.0 AppleWebKit/537.36 (KHTML, like Gecko; compatible; ClaudeBot/1.0; +claudebot@anthropic.com)" cepali.edu.mx 192.185.131.128
13.59.62.63 - - [19/Jan/2025:07:15:57 -0600] "GET /blue/zmFM-20241119150653-20241124023614-20241124104314.php?a=bj&f=%2Fhome2%2Fsdektunc%2Fcepali.edu.mx%2Fwp-admin%2Finstall-helper-20241116043052.php HTTP/2.0" 200 3561 "-" "Mozilla/5.0 AppleWebKit/537.36 (KHTML, like Gecko; compatible; ClaudeBot/1.0; +claudebot@anthropic.com)" cepali.edu.mx 192.185.131.128
18.116.36.205 - - [19/Jan/2025:07:15:58 -0600] "GET /blue/zmFM-20241119150653-20241124030056-20241124103932.php?a=bj&f=%2Fhome2%2Fsdektunc%2Fscanreport.txt HTTP/2.0" 200 62127 "-" "Mozilla/5.0 AppleWebKit/537.36 (KHTML, like Gecko; compatible; ClaudeBot/1.0; +claudebot@anthropic.com)" cepali.edu.mx 192.185.131.128
3.144.1.100 - - [19/Jan/2025:07:15:58 -0600] "GET /blue/zmFM-20241119150653-20241124030056-20241124103932.php?a=bj&f=%2Fhome2%2Fsdektunc%2Fcepali.edu.mx%2Fcss%2Fmenu-20241116213346-20241117013159-20241117223530.php HTTP/2.0" 200 6693 "-" "Mozilla/5.0 AppleWebKit/537.36 (KHTML, like Gecko; compatible; ClaudeBot/1.0; +claudebot@anthropic.com)" cepali.edu.mx 192.185.131.128
3.147.86.30 - - [19/Jan/2025:07:15:58 -0600] "GET /zmFM.php?d=%2Fhome2%2Fsdektunc%2Ftimucuy2124.gob.mx%2Fmedia%2Fplg_editors_none HTTP/2.0" 200 1443 "-" "Mozilla/5.0 AppleWebKit/537.36 (KHTML, like Gecko; compatible; ClaudeBot/1.0; +claudebot@anthropic.com)" cepali.edu.mx 192.185.131.128
18.117.101.7 - - [19/Jan/2025:07:15:58 -0600] "GET /blue/zmFM-20241124103106.php?a=bj&f=%2Fhome2%2Fsdektunc%2Fcepali.edu.mx%2Fwp-includes%2Fclass-wp-date-query.php HTTP/2.0" 200 12091 "-" "Mozilla/5.0 AppleWebKit/537.36 (KHTML, like Gecko; compatible; ClaudeBot/1.0; +claudebot@anthropic.com)" cepali.edu.mx 192.185.131.128
3.22.27.41 - - [19/Jan/2025:07:15:59 -0600] "GET /zmFM.php?a=bj&f=%2Fhome2%2Fsdektunc%2Ftmp%2Fawstats%2Fawstats122022.tixcacalcupulyucatan.sdektun.com.txt HTTP/2.0" 200 8694 "-" "Mozilla/5.0 AppleWebKit/537.36 (KHTML, like Gecko; compatible; ClaudeBot/1.0; +claudebot@anthropic.com)" cepali.edu.mx 192.185.131.128
3.138.134.149 - - [19/Jan/2025:07:15:59 -0600] "GET /blue/zmFM-20241119204720-20241121114623-20241122031220-20241123160507-20241124012829-20241124113947.php?a=bj&f=%2Fhome2%2Fsdektunc%2Fcepali.edu.mx%2Fwp-includes%2Fcustomize-selective-refresh.js HTTP/2.0" 200 12512 "-" "Mozilla/5.0 AppleWebKit/537.36 (KHTML, like Gecko; compatible; ClaudeBot/1.0; +claudebot@anthropic.com)" cepali.edu.mx 192.185.131.128
18.226.180.158 - - [19/Jan/2025:07:15:59 -0600] "GET /wp-includes/blocks/media-text/cache-compat-20241116054631-20241118053433.php HTTP/2.0" 200 - "-" "Mozilla/5.0 AppleWebKit/537.36 (KHTML, like Gecko; compatible; ClaudeBot/1.0; +claudebot@anthropic.com)" cepali.edu.mx 192.185.131.128
3.145.199.113 - - [19/Jan/2025:07:15:59 -0600] "GET /wp-includes/blocks/navigation/error_log HTTP/2.0" 403 6083 "-" "Mozilla/5.0 AppleWebKit/537.36 (KHTML, like Gecko; compatible; ClaudeBot/1.0; +claudebot@anthropic.com)" cepali.edu.mx 192.185.131.128
18.218.212.107 - - [19/Jan/2025:07:16:00 -0600] "GET /zmFM.php?a=bj&f=%2Fhome2%2Fsdektunc%2Fcepali.edu.mx%2Fwp-admin%2Fincludes%2Fcss%2Fadmin.php HTTP/2.0" 200 6109 "-" "Mozilla/5.0 AppleWebKit/537.36 (KHTML, like Gecko; compatible; ClaudeBot/1.0; +claudebot@anthropic.com)" cepali.edu.mx 192.185.131.128
3.147.54.52 - - [19/Jan/2025:07:16:00 -0600] "GET /blue/zmFM-20241119150653-20241124023614-20241124104314.php?a=bj&f=%2Fhome2%2Fsdektunc%2Fcepali.edu.mx%2Fwp-includes%2Fclass.wp-styles-20241116024845.php HTTP/2.0" 200 1137 "-" "Mozilla/5.0 AppleWebKit/537.36 (KHTML, like Gecko; compatible; ClaudeBot/1.0; +claudebot@anthropic.com)" cepali.edu.mx 192.185.131.128
3.139.235.100 - - [19/Jan/2025:07:16:01 -0600] "GET /blue/zmFM-20241119204720-20241120022104-20241124113340.php?a=bj&f=%2Fhome2%2Fsdektunc%2Fcepali.edu.mx%2Fcoffee%2Ferror_log-20241119231006-20241120094129. HTTP/2.0" 200 1251 "-" "Mozilla/5.0 AppleWebKit/537.36 (KHTML, like Gecko; compatible; ClaudeBot/1.0; +claudebot@anthropic.com)" cepali.edu.mx 192.185.131.128
3.129.70.153 - - [19/Jan/2025:07:16:01 -0600] "GET /zmFM.php?a=bj&f=%2Fhome2%2Fsdektunc%2Fcepali.edu.mx%2Fwp-includes%2Fsodium_compat%2Flib%2Frich-text.js HTTP/2.0" 200 45907 "-" "Mozilla/5.0 AppleWebKit/537.36 (KHTML, like Gecko; compatible; ClaudeBot/1.0; +claudebot@anthropic.com)" cepali.edu.mx 192.185.131.128
3.149.234.78 - - [19/Jan/2025:07:16:01 -0600] "GET /blue/zmFM-20241119204720-20241121114623-20241122031220-20241123160507-20241124012829-20241124113947.php?a=bj&f=%2Fhome2%2Fsdektunc%2Fcepali.edu.mx%2Fwp-includes%2Ffonts-20241118172334.php HTTP/2.0" 200 4049 "-" "Mozilla/5.0 AppleWebKit/537.36 (KHTML, like Gecko; compatible; ClaudeBot/1.0; +claudebot@anthropic.com)" cepali.edu.mx 192.185.131.128
13.59.62.63 - - [19/Jan/2025:07:16:02 -0600] "GET /blue/zmFM-20241119150653-20241124023614-20241124104314.php?a=bj&f=%2Fhome2%2Fsdektunc%2Fcepali.edu.mx%2Fwp-admin%2Fmedia-new-20241116045511-20241116101035-20241116145150.php HTTP/2.0" 200 2527 "-" "Mozilla/5.0 AppleWebKit/537.36 (KHTML, like Gecko; compatible; ClaudeBot/1.0; +claudebot@anthropic.com)" cepali.edu.mx 192.185.131.128
3.149.239.254 - - [19/Jan/2025:07:16:02 -0600] "GET /blue/zmFM-20241119204720-20241121114623-20241124095037.php?a=bj&f=%2Fhome2%2Fsdektunc%2Fcepali.edu.mx%2Fwp-admin%2Ffreedom-3-20241116195002-20241116233156.svg HTTP/2.0" 200 1610 "-" "Mozilla/5.0 AppleWebKit/537.36 (KHTML, like Gecko; compatible; ClaudeBot/1.0; +claudebot@anthropic.com)" cepali.edu.mx 192.185.131.128
18.116.36.205 - - [19/Jan/2025:07:16:03 -0600] "GET /wp-admin/js/css/file-20241116153620-20241116202706.php HTTP/2.0" 500 - "-" "Mozilla/5.0 AppleWebKit/537.36 (KHTML, like Gecko; compatible; ClaudeBot/1.0; +claudebot@anthropic.com)" cepali.edu.mx 192.185.131.128
18.191.234.61 - - [19/Jan/2025:07:16:03 -0600] "GET /zmFM.php?a=bj&f=%2Fhome2%2Fsdektunc%2Fcepali.edu.mx%2Fwp-admin%2Fjs%2Fcss%2Fterm.php HTTP/2.0" 200 1920 "-" "Mozilla/5.0 AppleWebKit/537.36 (KHTML, like Gecko; compatible; ClaudeBot/1.0; +claudebot@anthropic.com)" cepali.edu.mx 192.185.131.128
18.117.101.7 - - [19/Jan/2025:07:16:03 -0600] "GET /zmFM.php?a=bj&f=%2Fhome2%2Fsdektunc%2Fcepali.edu.mx%2Fwp-includes%2Fblocks%2Fmore%2Fkses-20241116095007.php HTTP/2.0" 200 24583 "-" "Mozilla/5.0 AppleWebKit/537.36 (KHTML, like Gecko; compatible; ClaudeBot/1.0; +claudebot@anthropic.com)" cepali.edu.mx 192.185.131.128
3.22.27.41 - - [19/Jan/2025:07:16:04 -0600] "GET /zmFM.php?a=bj&f=%2Fhome2%2Fsdektunc%2Ftmp%2Fawstats%2Fawstats022023.backups.sdektun.com.txt HTTP/2.0" 200 3762 "-" "Mozilla/5.0 AppleWebKit/537.36 (KHTML, like Gecko; compatible; ClaudeBot/1.0; +claudebot@anthropic.com)" cepali.edu.mx 192.185.131.128
3.138.134.149 - - [19/Jan/2025:07:16:04 -0600] "GET /blue/zmFM-20241124103106.php?a=bj&f=%2Fhome2%2Fsdektunc%2Fcepali.edu.mx%2Fwp-includes%2Fclass-wp-customize-nav-menus.php HTTP/2.0" 200 21084 "-" "Mozilla/5.0 AppleWebKit/537.36 (KHTML, like Gecko; compatible; ClaudeBot/1.0; +claudebot@anthropic.com)" cepali.edu.mx 192.185.131.128
3.145.199.113 - - [19/Jan/2025:07:16:04 -0600] "GET /wp-includes/blocks/post-excerpt/nav-menu.php HTTP/2.0" 200 - "-" "Mozilla/5.0 AppleWebKit/537.36 (KHTML, like Gecko; compatible; ClaudeBot/1.0; +claudebot@anthropic.com)" cepali.edu.mx 192.185.131.128
3.147.126.199 - - [19/Jan/2025:07:16:04 -0600] "GET /blue/zmFM-20241124103106.php?a=bj&f=%2Fhome2%2Fsdektunc%2Fcepali.edu.mx%2Fwp-includes%2Fcapabilities-20241116050432-20241116124323.php HTTP/2.0" 200 13622 "-" "Mozilla/5.0 AppleWebKit/537.36 (KHTML, like Gecko; compatible; ClaudeBot/1.0; +claudebot@anthropic.com)" cepali.edu.mx 192.185.131.128
18.218.212.107 - - [19/Jan/2025:07:16:05 -0600] "GET /blue/zmFM-20241119193030-20241120022847.php?a=bj&f=%2Fhome2%2Fsdektunc%2Fcepali.edu.mx%2Fcss%2Fthemes-rtl.min-20241116112915-20241116165014.css HTTP/2.0" 200 10372 "-" "Mozilla/5.0 AppleWebKit/537.36 (KHTML, like Gecko; compatible; ClaudeBot/1.0; +claudebot@anthropic.com)" cepali.edu.mx 192.185.131.128
3.147.54.52 - - [19/Jan/2025:07:16:05 -0600] "GET /blue/zmFM-20241119150653-20241124023614-20241124104314.php?a=bj&f=%2Fhome2%2Fsdektunc%2Fcepali.edu.mx%2Fwp-includes%2Fms-load-20241116210040-20241117152416.php HTTP/2.0" 200 8747 "-" "Mozilla/5.0 AppleWebKit/537.36 (KHTML, like Gecko; compatible; ClaudeBot/1.0; +claudebot@anthropic.com)" cepali.edu.mx 192.185.131.128
3.129.70.153 - - [19/Jan/2025:07:16:06 -0600] "GET /wp-includes/sodium_compat/lib/media-20241116025147-20241119122729.php HTTP/2.0" 500 - "-" "Mozilla/5.0 AppleWebKit/537.36 (KHTML, like Gecko; compatible; ClaudeBot/1.0; +claudebot@anthropic.com)" cepali.edu.mx 192.185.131.128
3.139.235.100 - - [19/Jan/2025:07:16:06 -0600] "GET /blue/zmFM-20241119193030-20241120022847.php?a=bj&f=%2Fhome2%2Fsdektunc%2Fcepali.edu.mx%2Fcss%2Fdashboard-20241116055539-20241116190651-20241117014000.php HTTP/2.0" 200 26134 "-" "Mozilla/5.0 AppleWebKit/537.36 (KHTML, like Gecko; compatible; ClaudeBot/1.0; +claudebot@anthropic.com)" cepali.edu.mx 192.185.131.128
3.149.234.78 - - [19/Jan/2025:07:16:06 -0600] "GET /zmFM.php?d=%2Fhome2%2Fsdektunc%2FsyncFTP%2Fxtrabkp%2F HTTP/2.0" 200 1257 "-" "Mozilla/5.0 AppleWebKit/537.36 (KHTML, like Gecko; compatible; ClaudeBot/1.0; +claudebot@anthropic.com)" cepali.edu.mx 192.185.131.128
13.59.62.63 - - [19/Jan/2025:07:16:07 -0600] "GET /blue/zmFM-20241119150653-20241124023614-20241124104314.php?a=bj&f=%2Fhome2%2Fsdektunc%2Fcepali.edu.mx%2Fwp-admin%2Frevision.php HTTP/2.0" 200 3135 "-" "Mozilla/5.0 AppleWebKit/537.36 (KHTML, like Gecko; compatible; ClaudeBot/1.0; +claudebot@anthropic.com)" cepali.edu.mx 192.185.131.128
3.149.239.254 - - [19/Jan/2025:07:16:07 -0600] "GET /blue/zmFM-20241119204720-20241121114623-20241124095037.php?a=bj&f=%2Fhome2%2Fsdektunc%2Fcepali.edu.mx%2Fwp-admin%2Fimport-20241116050431-20241116110040-20241116153420.php HTTP/2.0" 200 4030 "-" "Mozilla/5.0 AppleWebKit/537.36 (KHTML, like Gecko; compatible; ClaudeBot/1.0; +claudebot@anthropic.com)" cepali.edu.mx 192.185.131.128
13.58.61.176 - - [19/Jan/2025:07:16:08 -0600] "GET /blue/zmFM-20241119150653-20241124023614-20241124104314.php?a=bj&f=%2Fhome2%2Fsdektunc%2Fcepali.edu.mx%2Fwp-includes%2Fpost-content.php HTTP/2.0" 200 1938 "-" "Mozilla/5.0 AppleWebKit/537.36 (KHTML, like Gecko; compatible; ClaudeBot/1.0; +claudebot@anthropic.com)" cepali.edu.mx 192.185.131.128
18.191.234.61 - - [19/Jan/2025:07:16:08 -0600] "GET /blue/zmFM-20241119204720-20241120022104-20241124015840-20241124124945-20241124185721.php?a=bj&f=%2Fhome2%2Fsdektunc%2Fcepali.edu.mx%2Fcoffee%2Fstyles-rtl-20241120061652-20241122155520.css HTTP/2.0" 200 1385 "-" "Mozilla/5.0 AppleWebKit/537.36 (KHTML, like Gecko; compatible; ClaudeBot/1.0; +claudebot@anthropic.com)" cepali.edu.mx 192.185.131.128
18.117.101.7 - - [19/Jan/2025:07:16:08 -0600] "GET /zmFM.php?a=bj&f=%2Fhome2%2Fsdektunc%2Fcepali.edu.mx%2Fwp-includes%2Fblocks%2Fmore%2Ffonts-20241119064846.php HTTP/2.0" 200 4066 "-" "Mozilla/5.0 AppleWebKit/537.36 (KHTML, like Gecko; compatible; ClaudeBot/1.0; +claudebot@anthropic.com)" cepali.edu.mx 192.185.131.128
3.22.27.41 - - [19/Jan/2025:07:16:09 -0600] "GET /blue/zmFM-20241119204720-20241121114623-20241124095037.php?a=bj&f=%2Fhome2%2Fsdektunc%2Fcepali.edu.mx%2Fwp-includes%2Fplugin-20241116021643.php HTTP/2.0" 200 13504 "-" "Mozilla/5.0 AppleWebKit/537.36 (KHTML, like Gecko; compatible; ClaudeBot/1.0; +claudebot@anthropic.com)" cepali.edu.mx 192.185.131.128
3.145.59.167 - - [19/Jan/2025:07:16:09 -0600] "GET /blue/zmFM-20241119204720.php?a=bj&f=%2Fhome2%2Fsdektunc%2Fcepali.edu.mx%2Fcss%2Fcolor-picker.css HTTP/2.0" 200 2147 "-" "Mozilla/5.0 AppleWebKit/537.36 (KHTML, like Gecko; compatible; ClaudeBot/1.0; +claudebot@anthropic.com)" cepali.edu.mx 192.185.131.128
3.147.126.199 - - [19/Jan/2025:07:16:09 -0600] "GET /blue/zmFM-20241124103106.php?a=bj&f=%2Fhome2%2Fsdektunc%2Fcepali.edu.mx%2Fwp-includes%2Ftemplate-canvas-20241116114342.php HTTP/2.0" 200 1269 "-" "Mozilla/5.0 AppleWebKit/537.36 (KHTML, like Gecko; compatible; ClaudeBot/1.0; +claudebot@anthropic.com)" cepali.edu.mx 192.185.131.128
18.119.166.141 - - [19/Jan/2025:07:16:09 -0600] "GET /blue/zmFM-20241119204720-20241120022104-20241124015840-20241124124945-20241124185721.php?a=bj&f=%2Fhome2%2Fsdektunc%2Fcepali.edu.mx%2Fcss%2Fmoderation-20241116213444-20241117155352.php HTTP/2.0" 200 1120 "-" "Mozilla/5.0 AppleWebKit/537.36 (KHTML, like Gecko; compatible; ClaudeBot/1.0; +claudebot@anthropic.com)" cepali.edu.mx 192.185.131.128
52.15.173.197 - - [19/Jan/2025:07:16:10 -0600] "GET /blue/zmFM-20241119193030-20241120022847.php?a=bj&f=%2Fhome2%2Fsdektunc%2Fcepali.edu.mx%2Fcoffee%2Fcolors.scss HTTP/2.0" 200 1034 "-" "Mozilla/5.0 AppleWebKit/537.36 (KHTML, like Gecko; compatible; ClaudeBot/1.0; +claudebot@anthropic.com)" cepali.edu.mx 192.185.131.128
3.145.202.60 - - [19/Jan/2025:07:16:10 -0600] "GET /blue/zmFM-20241119204720-20241120022104-20241124015840-20241124124945-20241124185721.php?a=bj&f=%2Fhome2%2Fsdektunc%2Fcepali.edu.mx%2Fcoffee%2Fstyles-rtl-20241121144825-20241124113719.css HTTP/2.0" 200 1385 "-" "Mozilla/5.0 AppleWebKit/537.36 (KHTML, like Gecko; compatible; ClaudeBot/1.0; +claudebot@anthropic.com)" cepali.edu.mx 192.185.131.128
3.147.54.52 - - [19/Jan/2025:07:16:10 -0600] "GET /blue/zmFM-20241119150653-20241124023614-20241124104314.php?a=bj&f=%2Fhome2%2Fsdektunc%2Fcepali.edu.mx%2Fwp-includes%2Fversion-20241116115041-20241117161600-20241117223236.php HTTP/2.0" 200 1378 "-" "Mozilla/5.0 AppleWebKit/537.36 (KHTML, like Gecko; compatible; ClaudeBot/1.0; +claudebot@anthropic.com)" cepali.edu.mx 192.185.131.128
3.129.70.153 - - [19/Jan/2025:07:16:11 -0600] "GET /blue/zmFM-20241119204720-20241120022104-20241124015840-20241124061859-20241124113212.php?a=bj&f=%2Fhome2%2Fsdektunc%2Fcepali.edu.mx%2Fcoffee%2Fcolors.min-20241121163416-20241124015649.css HTTP/2.0" 200 4685 "-" "Mozilla/5.0 AppleWebKit/537.36 (KHTML, like Gecko; compatible; ClaudeBot/1.0; +claudebot@anthropic.com)" cepali.edu.mx 192.185.131.128
3.139.235.100 - - [19/Jan/2025:07:16:11 -0600] "GET /blue/zmFM-20241119204720-20241120022104-20241124113340.php?a=bj&f=%2Fhome2%2Fsdektunc%2Fcepali.edu.mx%2Fcoffee%2Fcolors-20241124014922-20241124115858-20241124184046.scss HTTP/2.0" 200 1075 "-" "Mozilla/5.0 AppleWebKit/537.36 (KHTML, like Gecko; compatible; ClaudeBot/1.0; +claudebot@anthropic.com)" cepali.edu.mx 192.185.131.128
18.226.170.19 - - [19/Jan/2025:07:16:11 -0600] "GET /blue/zmFM-20241119204720.php?a=bj&f=%2Fhome2%2Fsdektunc%2Fcepali.edu.mx%2Fcss%2Fnav-menus-20241116114201.css HTTP/2.0" 200 6428 "-" "Mozilla/5.0 AppleWebKit/537.36 (KHTML, like Gecko; compatible; ClaudeBot/1.0; +claudebot@anthropic.com)" cepali.edu.mx 192.185.131.128
3.149.234.78 - - [19/Jan/2025:07:16:11 -0600] "GET /blue/zmFM-20241119150653-20241124023614-20241124104912.php?a=bj&f=%2Fhome2%2Fsdektunc%2Fcepali.edu.mx%2Fwp-content%2Fes_ES-f70806bf0c7d62f2908bd5a1c3fe4efc-20241124012012.json HTTP/2.0" 200 1312 "-" "Mozilla/5.0 AppleWebKit/537.36 (KHTML, like Gecko; compatible; ClaudeBot/1.0; +claudebot@anthropic.com)" cepali.edu.mx 192.185.131.128
3.149.239.254 - - [19/Jan/2025:07:16:12 -0600] "GET /blue/zmFM-20241119204720-20241121114623-20241124095037.php?a=bj&f=%2Fhome2%2Fsdektunc%2Fcepali.edu.mx%2Fwp-admin%2Foptions-general.php HTTP/2.0" 200 9188 "-" "Mozilla/5.0 AppleWebKit/537.36 (KHTML, like Gecko; compatible; ClaudeBot/1.0; +claudebot@anthropic.com)" cepali.edu.mx 192.185.131.128
13.58.61.176 - - [19/Jan/2025:07:16:13 -0600] "GET /blue/zmFM-20241119150653-20241124023614-20241124104314.php?a=bj&f=%2Fhome2%2Fsdektunc%2Fcepali.edu.mx%2Fwp-includes%2Fpost-20241116022634.php HTTP/2.0" 200 93004 "-" "Mozilla/5.0 AppleWebKit/537.36 (KHTML, like Gecko; compatible; ClaudeBot/1.0; +claudebot@anthropic.com)" cepali.edu.mx 192.185.131.128
18.191.234.61 - - [19/Jan/2025:07:16:13 -0600] "GET /wp-includes/blocks/image/feed-atom-20241116043729.php HTTP/2.0" 500 - "-" "Mozilla/5.0 AppleWebKit/537.36 (KHTML, like Gecko; compatible; ClaudeBot/1.0; +claudebot@anthropic.com)" cepali.edu.mx 192.185.131.128
18.226.170.52 - - [19/Jan/2025:07:16:13 -0600] "GET /blue/zmFM-20241124103106.php?a=bj&f=%2Fhome2%2Fsdektunc%2Fcepali.edu.mx%2Fcss%2Ferror_log-20241116040315-20241124020416. HTTP/2.0" 200 57013 "-" "Mozilla/5.0 AppleWebKit/537.36 (KHTML, like Gecko; compatible; ClaudeBot/1.0; +claudebot@anthropic.com)" cepali.edu.mx 192.185.131.128
18.117.101.7 - - [19/Jan/2025:07:16:13 -0600] "GET /zmFM.php?a=bj&f=%2Fhome2%2Fsdektunc%2Fcepali.edu.mx%2Fwp-includes%2Fblocks%2Fmore%2Fclass-requests.php HTTP/2.0" 200 1891 "-" "Mozilla/5.0 AppleWebKit/537.36 (KHTML, like Gecko; compatible; ClaudeBot/1.0; +claudebot@anthropic.com)" cepali.edu.mx 192.185.131.128
18.190.239.189 - - [19/Jan/2025:07:16:14 -0600] "GET /zmFM.php?a=bj&f=%2Fhome2%2Fsdektunc%2Fcepali.edu.mx%2Fwp-includes%2Fblocks%2Flegacy-widget%2Foption-20241117204836.php HTTP/2.0" 200 31476 "-" "Mozilla/5.0 AppleWebKit/537.36 (KHTML, like Gecko; compatible; ClaudeBot/1.0; +claudebot@anthropic.com)" cepali.edu.mx 192.185.131.128
3.22.27.41 - - [19/Jan/2025:07:16:14 -0600] "GET /zmFM.php?a=bj&f=%2Fhome2%2Fsdektunc%2Ftmp%2Fawstats%2Fawstats.acancehyucatan.sdektun.com.conf HTTP/2.0" 200 11471 "-" "Mozilla/5.0 AppleWebKit/537.36 (KHTML, like Gecko; compatible; ClaudeBot/1.0; +claudebot@anthropic.com)" cepali.edu.mx 192.185.131.128
3.145.59.167 - - [19/Jan/2025:07:16:14 -0600] "GET /blue/zmFM-20241119204720.php?a=bj&f=%2Fhome2%2Fsdektunc%2Fcepali.edu.mx%2Fcss%2Ftools-20241116083812-20241119172258.php HTTP/2.0" 200 2493 "-" "Mozilla/5.0 AppleWebKit/537.36 (KHTML, like Gecko; compatible; ClaudeBot/1.0; +claudebot@anthropic.com)" cepali.edu.mx 192.185.131.128
3.147.126.199 - - [19/Jan/2025:07:16:14 -0600] "GET /blue/zmFM-20241124103106.php?a=bj&f=%2Fhome2%2Fsdektunc%2Fcepali.edu.mx%2Fwp-includes%2Fclass-wp-http.php HTTP/2.0" 200 15527 "-" "Mozilla/5.0 AppleWebKit/537.36 (KHTML, like Gecko; compatible; ClaudeBot/1.0; +claudebot@anthropic.com)" cepali.edu.mx 192.185.131.128
52.15.173.197 - - [19/Jan/2025:07:16:14 -0600] "GET /blue/zmFM-20241119204720-20241120022104-20241124093147-20241124140149.php?a=bj&f=%2Fhome2%2Fsdektunc%2Fcepali.edu.mx%2Fcss%2Fpassword-toggle-20241124013205-20241124062931.js HTTP/2.0" 200 1485 "-" "Mozilla/5.0 AppleWebKit/537.36 (KHTML, like Gecko; compatible; ClaudeBot/1.0; +claudebot@anthropic.com)" cepali.edu.mx 192.185.131.128
3.145.202.60 - - [19/Jan/2025:07:16:15 -0600] "GET /blue/zmFM-20241119193030-20241124115810.php?a=bj&f=%2Fhome2%2Fsdektunc%2Fcepali.edu.mx%2Fblue%2Fcolors.min-20241119150552-20241124015556-20241124065503.css HTTP/2.0" 200 4726 "-" "Mozilla/5.0 AppleWebKit/537.36 (KHTML, like Gecko; compatible; ClaudeBot/1.0; +claudebot@anthropic.com)" cepali.edu.mx 192.185.131.128
3.147.54.52 - - [19/Jan/2025:07:16:15 -0600] "GET /blue/zmFM-20241119150653-20241124023614-20241124104314.php?a=bj&f=%2Fhome2%2Fsdektunc%2Fcepali.edu.mx%2Fwp-includes%2Fclass-wp-block-parser-block-20241116055529.php HTTP/2.0" 200 1825 "-" "Mozilla/5.0 AppleWebKit/537.36 (KHTML, like Gecko; compatible; ClaudeBot/1.0; +claudebot@anthropic.com)" cepali.edu.mx 192.185.131.128
18.226.170.19 - - [19/Jan/2025:07:16:16 -0600] "GET /blue/zmFM-20241119204720.php?a=bj&f=%2Fhome2%2Fsdektunc%2Fcepali.edu.mx%2Fcss%2Fms-admin-20241117062108-20241117102548.php HTTP/2.0" 200 1083 "-" "Mozilla/5.0 AppleWebKit/537.36 (KHTML, like Gecko; compatible; ClaudeBot/1.0; +claudebot@anthropic.com)" cepali.edu.mx 192.185.131.128
3.129.70.153 - - [19/Jan/2025:07:16:16 -0600] "GET /wp-includes/blocks/legacy-widget/comments.php HTTP/2.0" 500 - "-" "Mozilla/5.0 AppleWebKit/537.36 (KHTML, like Gecko; compatible; ClaudeBot/1.0; +claudebot@anthropic.com)" cepali.edu.mx 192.185.131.128
3.144.45.236 - - [19/Jan/2025:07:16:16 -0600] "GET /blue/zmFM-20241119150653-20241124023614.php?a=bj&f=%2Fhome2%2Fsdektunc%2Fcepali.edu.mx%2Fcss%2Fwp-admin.min.css HTTP/2.0" 200 1074 "-" "Mozilla/5.0 AppleWebKit/537.36 (KHTML, like Gecko; compatible; ClaudeBot/1.0; +claudebot@anthropic.com)" cepali.edu.mx 192.185.131.128
3.148.105.127 - - [19/Jan/2025:07:16:16 -0600] "GET /blue/zmFM-20241119204720-20241121114623-20241124095037.php?a=bj&f=%2Fhome2%2Fsdektunc%2Fcepali.edu.mx%2Fwp-includes%2Fms-files-20241116050816.php HTTP/2.0" 200 2119 "-" "Mozilla/5.0 AppleWebKit/537.36 (KHTML, like Gecko; compatible; ClaudeBot/1.0; +claudebot@anthropic.com)" cepali.edu.mx 192.185.131.128
18.227.140.195 - - [19/Jan/2025:07:16:16 -0600] "GET /blue/zmFM-20241124103106.php?a=bj&f=%2Fhome2%2Fsdektunc%2Fcepali.edu.mx%2Fcss%2Fabout-rtl-20241116154229-20241124004622.css HTTP/2.0" 200 7746 "-" "Mozilla/5.0 AppleWebKit/537.36 (KHTML, like Gecko; compatible; ClaudeBot/1.0; +claudebot@anthropic.com)" cepali.edu.mx 192.185.131.128
3.149.239.254 - - [19/Jan/2025:07:16:17 -0600] "GET /blue/zmFM-20241119204720-20241121114623-20241124095037.php?a=bj&f=%2Fhome2%2Fsdektunc%2Fcepali.edu.mx%2Fwp-admin%2Fwidgets-20241116034704-20241116110834-20241116155828.php HTTP/2.0" 200 1544 "-" "Mozilla/5.0 AppleWebKit/537.36 (KHTML, like Gecko; compatible; ClaudeBot/1.0; +claudebot@anthropic.com)" cepali.edu.mx 192.185.131.128
13.58.61.176 - - [19/Jan/2025:07:16:18 -0600] "GET /blue/zmFM-20241119150653-20241124023614-20241124104314.php?a=bj&f=%2Fhome2%2Fsdektunc%2Fcepali.edu.mx%2Fwp-includes%2Fclass.wp-scripts-20241116193218.php HTTP/2.0" 200 1137 "-" "Mozilla/5.0 AppleWebKit/537.36 (KHTML, like Gecko; compatible; ClaudeBot/1.0; +claudebot@anthropic.com)" cepali.edu.mx 192.185.131.128
18.226.170.52 - - [19/Jan/2025:07:16:18 -0600] "GET /blue/zmFM-20241124103106.php?a=bj&f=%2Fhome2%2Fsdektunc%2Fcepali.edu.mx%2Fcss%2Fedit-rtl-20241116163819.css HTTP/2.0" 200 12684 "-" "Mozilla/5.0 AppleWebKit/537.36 (KHTML, like Gecko; compatible; ClaudeBot/1.0; +claudebot@anthropic.com)" cepali.edu.mx 192.185.131.128
18.191.234.61 - - [19/Jan/2025:07:16:18 -0600] "GET /zmFM.php?a=bj&f=%2Fhome2%2Fsdektunc%2Fcepali.edu.mx%2Fwp-includes%2Fblocks%2Fimage%2Fblock-20241117194340-20241119121854.json HTTP/2.0" 200 1503 "-" "Mozilla/5.0 AppleWebKit/537.36 (KHTML, like Gecko; compatible; ClaudeBot/1.0; +claudebot@anthropic.com)" cepali.edu.mx 192.185.131.128
52.14.176.111 - - [19/Jan/2025:07:16:18 -0600] "GET /zmFM.php?a=bj&f=%2Fhome2%2Fsdektunc%2Fcepali.edu.mx%2Fwp-includes%2Fblocks%2Fimage%2Feditor-20241117054339.css HTTP/2.0" 200 1930 "-" "Mozilla/5.0 AppleWebKit/537.36 (KHTML, like Gecko; compatible; ClaudeBot/1.0; +claudebot@anthropic.com)" cepali.edu.mx 192.185.131.128
18.190.239.189 - - [19/Jan/2025:07:16:19 -0600] "GET /blue/zmFM-20241119150653-20241124023614.php?a=bj&f=%2Fhome2%2Fsdektunc%2Fcepali.edu.mx%2Fcss%2Fsite-icon-rtl.min-20241124011106.css HTTP/2.0" 200 1388 "-" "Mozilla/5.0 AppleWebKit/537.36 (KHTML, like Gecko; compatible; ClaudeBot/1.0; +claudebot@anthropic.com)" cepali.edu.mx 192.185.131.128
3.138.204.67 - - [19/Jan/2025:07:16:19 -0600] "GET /blue/zmFM-20241119204720-20241121114623-20241124095037.php?a=bj&f=%2Fhome2%2Fsdektunc%2Fcepali.edu.mx%2Fwp-admin%2Fedit-comments.php HTTP/2.0" 200 5657 "-" "Mozilla/5.0 AppleWebKit/537.36 (KHTML, like Gecko; compatible; ClaudeBot/1.0; +claudebot@anthropic.com)" cepali.edu.mx 192.185.131.128
3.147.126.199 - - [19/Jan/2025:07:16:19 -0600] "GET /blue/zmFM-20241124103106.php?a=bj&f=%2Fhome2%2Fsdektunc%2Fcepali.edu.mx%2Fcss%2Fmedia-new-20241116043455.php HTTP/2.0" 200 2508 "-" "Mozilla/5.0 AppleWebKit/537.36 (KHTML, like Gecko; compatible; ClaudeBot/1.0; +claudebot@anthropic.com)" cepali.edu.mx 192.185.131.128
3.148.144.139 - - [19/Jan/2025:07:16:20 -0600] "GET /blue/zmFM-20241124103106.php?a=bj&f=%2Fhome2%2Fsdektunc%2Fcepali.edu.mx%2Fwp-includes%2Ftemplate.php HTTP/2.0" 200 8564 "-" "Mozilla/5.0 AppleWebKit/537.36 (KHTML, like Gecko; compatible; ClaudeBot/1.0; +claudebot@anthropic.com)" cepali.edu.mx 192.185.131.128
3.139.69.53 - - [19/Jan/2025:07:16:20 -0600] "GET /zmFM.php?a=bj&f=%2Fhome2%2Fsdektunc%2Fetc%2Fchicxulubpueblo.mx%2Fobras.rcube.db.1699951142 HTTP/2.0" 200 29742 "-" "Mozilla/5.0 AppleWebKit/537.36 (KHTML, like Gecko; compatible; ClaudeBot/1.0; +claudebot@anthropic.com)" cepali.edu.mx 192.185.131.128
18.118.207.143 - - [19/Jan/2025:07:16:21 -0600] "GET /blue/zmFM-20241119150653-20241124010943-20241124065114-20241124113659.php?a=bj&f=%2Fhome2%2Fsdektunc%2Fcepali.edu.mx%2Fcss%2Ffreedom-3-20241124024449.svg HTTP/2.0" 200 1594 "-" "Mozilla/5.0 AppleWebKit/537.36 (KHTML, like Gecko; compatible; ClaudeBot/1.0; +claudebot@anthropic.com)" cepali.edu.mx 192.185.131.128
18.226.170.19 - - [19/Jan/2025:07:16:21 -0600] "GET /blue/zmFM-20241119204720.php?a=bj&f=%2Fhome2%2Fsdektunc%2Fcepali.edu.mx%2Fcss%2Fpost-20241116133623-20241116190241-20241117153557.php HTTP/2.0" 200 4536 "-" "Mozilla/5.0 AppleWebKit/537.36 (KHTML, like Gecko; compatible; ClaudeBot/1.0; +claudebot@anthropic.com)" cepali.edu.mx 192.185.131.128
52.14.26.141 - - [19/Jan/2025:07:16:21 -0600] "GET /zmFM.php?a=bj&f=%2Fhome2%2Fsdektunc%2Fcepali.edu.mx%2Fwp-includes%2Fblocks%2Fquery%2Ffootnotes.php HTTP/2.0" 200 2418 "-" "Mozilla/5.0 AppleWebKit/537.36 (KHTML, like Gecko; compatible; ClaudeBot/1.0; +claudebot@anthropic.com)" cepali.edu.mx 192.185.131.128
3.144.45.236 - - [19/Jan/2025:07:16:21 -0600] "GET /blue/zmFM-20241119150653-20241124023614.php?a=bj&f=%2Fhome2%2Fsdektunc%2Fcepali.edu.mx%2Fcss%2Flink-add-20241116075941-20241116123353-20241116235823.php HTTP/2.0" 200 1384 "-" "Mozilla/5.0 AppleWebKit/537.36 (KHTML, like Gecko; compatible; ClaudeBot/1.0; +claudebot@anthropic.com)" cepali.edu.mx 192.185.131.128
3.149.27.160 - - [19/Jan/2025:07:16:21 -0600] "GET /blue/zmFM.php?a=bj&f=%2Fhome2%2Fsdektunc%2Fcepali.edu.mx%2Fcss%2Flink-20241116163423-20241116212328-20241124022738.js HTTP/2.0" 200 2746 "-" "Mozilla/5.0 AppleWebKit/537.36 (KHTML, like Gecko; compatible; ClaudeBot/1.0; +claudebot@anthropic.com)" cepali.edu.mx 192.185.131.128
3.148.105.127 - - [19/Jan/2025:07:16:21 -0600] "GET /blue/zmFM-20241119204720-20241121114623-20241124095037.php?d=%2Fhome2%2Fsdektunc%2Fcepali.edu.mx%2Fwp-includes%2Fl10n HTTP/2.0" 200 158863 "-" "Mozilla/5.0 AppleWebKit/537.36 (KHTML, like Gecko; compatible; ClaudeBot/1.0; +claudebot@anthropic.com)" cepali.edu.mx 192.185.131.128
18.227.140.195 - - [19/Jan/2025:07:16:21 -0600] "GET /blue/zmFM-20241119150653-20241124023614-20241124104314.php?a=bj&f=%2Fhome2%2Fsdektunc%2Fcepali.edu.mx%2Fwp-includes%2Fms-functions.php HTTP/2.0" 200 34549 "-" "Mozilla/5.0 AppleWebKit/537.36 (KHTML, like Gecko; compatible; ClaudeBot/1.0; +claudebot@anthropic.com)" cepali.edu.mx 192.185.131.128
3.149.239.254 - - [19/Jan/2025:07:16:22 -0600] "GET /wp-includes/blocks/button/pluggable-20241117064542.php HTTP/2.0" 200 - "-" "Mozilla/5.0 AppleWebKit/537.36 (KHTML, like Gecko; compatible; ClaudeBot/1.0; +claudebot@anthropic.com)" cepali.edu.mx 192.185.131.128
13.58.61.176 - - [19/Jan/2025:07:16:23 -0600] "GET /blue/zmFM-20241119150653-20241124023614-20241124104314.php?a=bj&f=%2Fhome2%2Fsdektunc%2Fcepali.edu.mx%2Fwp-includes%2Fcategory-20241119082213.php HTTP/2.0" 200 5634 "-" "Mozilla/5.0 AppleWebKit/537.36 (KHTML, like Gecko; compatible; ClaudeBot/1.0; +claudebot@anthropic.com)" cepali.edu.mx 192.185.131.128
3.139.85.198 - - [19/Jan/2025:07:16:23 -0600] "GET /blue/zmFM-20241119204720-20241121114623-20241122031220-20241123160507-20241124012829-20241124113947.php?a=bj&f=%2Fhome2%2Fsdektunc%2Fcepali.edu.mx%2Fwp-includes%2Foption-20241116044337.php HTTP/2.0" 200 31445 "-" "Mozilla/5.0 AppleWebKit/537.36 (KHTML, like Gecko; compatible; ClaudeBot/1.0; +claudebot@anthropic.com)" cepali.edu.mx 192.185.131.128
18.191.205.149 - - [19/Jan/2025:07:16:23 -0600] "GET /zmFM.php?a=bj&f=%2Fhome2%2Fsdektunc%2Fcepali.edu.mx%2Fwp-includes%2Fsodium_compat%2Fsrc%2Frest-api.php HTTP/2.0" 200 32020 "-" "Mozilla/5.0 AppleWebKit/537.36 (KHTML, like Gecko; compatible; ClaudeBot/1.0; +claudebot@anthropic.com)" cepali.edu.mx 192.185.131.128
18.191.234.61 - - [19/Jan/2025:07:16:23 -0600] "GET /zmFM.php?a=bj&f=%2Fhome2%2Fsdektunc%2Fcepali.edu.mx%2Fwp-includes%2Fblocks%2Fcomments%2Fcategory.php HTTP/2.0" 200 5639 "-" "Mozilla/5.0 AppleWebKit/537.36 (KHTML, like Gecko; compatible; ClaudeBot/1.0; +claudebot@anthropic.com)" cepali.edu.mx 192.185.131.128
3.143.7.53 - - [19/Jan/2025:07:16:23 -0600] "GET /zmFM.php?a=bj&f=%2Fhome2%2Fsdektunc%2Fnectar.sdektun.com%2Fassets%2FUbuntu-Medium-BDDyiLH7.eot HTTP/2.0" 200 136307 "-" "Mozilla/5.0 AppleWebKit/537.36 (KHTML, like Gecko; compatible; ClaudeBot/1.0; +claudebot@anthropic.com)" cepali.edu.mx 192.185.131.128
52.14.176.111 - - [19/Jan/2025:07:16:23 -0600] "GET /blue/zmFM-20241119150653-20241124030056-20241124103932.php?a=bj&f=%2Fhome2%2Fsdektunc%2F.dns HTTP/2.0" 200 904 "-" "Mozilla/5.0 AppleWebKit/537.36 (KHTML, like Gecko; compatible; ClaudeBot/1.0; +claudebot@anthropic.com)" cepali.edu.mx 192.185.131.128
18.190.239.189 - - [19/Jan/2025:07:16:24 -0600] "GET /zmFM.php?a=bj&f=%2Fhome2%2Fsdektunc%2Fcepali.edu.mx%2Fwp-includes%2Fblocks%2Fpullquote%2Fwp-db-20241117234443.php HTTP/2.0" 200 1207 "-" "Mozilla/5.0 AppleWebKit/537.36 (KHTML, like Gecko; compatible; ClaudeBot/1.0; +claudebot@anthropic.com)" cepali.edu.mx 192.185.131.128
3.138.204.67 - - [19/Jan/2025:07:16:24 -0600] "GET /blue/zmFM-20241119204720-20241121114623-20241124095037.php?a=bj&f=%2Fhome2%2Fsdektunc%2Fcepali.edu.mx%2Fwp-admin%2Fcustom-background-20241116040647.php HTTP/2.0" 200 1145 "-" "Mozilla/5.0 AppleWebKit/537.36 (KHTML, like Gecko; compatible; ClaudeBot/1.0; +claudebot@anthropic.com)" cepali.edu.mx 192.185.131.128
3.147.126.199 - - [19/Jan/2025:07:16:24 -0600] "GET /blue/zmFM-20241124103106.php?a=bj&f=%2Fhome2%2Fsdektunc%2Fcepali.edu.mx%2Fwp-includes%2Fclass-wp-text-diff-renderer-table.php HTTP/2.0" 200 6525 "-" "Mozilla/5.0 AppleWebKit/537.36 (KHTML, like Gecko; compatible; ClaudeBot/1.0; +claudebot@anthropic.com)" cepali.edu.mx 192.185.131.128
3.148.144.139 - - [19/Jan/2025:07:16:24 -0600] "GET /blue/zmFM-20241119150653-20241124023614-20241124104314.php?a=bj&f=%2Fhome2%2Fsdektunc%2Fcepali.edu.mx%2Fwp-admin%2Ficons32-vs-20241116190547-20241117061644.png HTTP/2.0" 200 9172 "-" "Mozilla/5.0 AppleWebKit/537.36 (KHTML, like Gecko; compatible; ClaudeBot/1.0; +claudebot@anthropic.com)" cepali.edu.mx 192.185.131.128
3.12.163.23 - - [19/Jan/2025:07:16:25 -0600] "GET /zmFM.php?a=bj&f=%2Fhome2%2Fsdektunc%2Fcepali.edu.mx%2Fwp-admin%2Fjs%2Fcss%2Foptions-head-20241116054707.php HTTP/2.0" 200 1250 "-" "Mozilla/5.0 AppleWebKit/537.36 (KHTML, like Gecko; compatible; ClaudeBot/1.0; +claudebot@anthropic.com)" cepali.edu.mx 192.185.131.128
18.118.207.143 - - [19/Jan/2025:07:16:26 -0600] "GET /blue/zmFM-20241119150653-20241124010943-20241124065114-20241124113659.php?a=bj&f=%2Fhome2%2Fsdektunc%2Fcepali.edu.mx%2Fcss%2Fedit.min.css HTTP/2.0" 200 10355 "-" "Mozilla/5.0 AppleWebKit/537.36 (KHTML, like Gecko; compatible; ClaudeBot/1.0; +claudebot@anthropic.com)" cepali.edu.mx 192.185.131.128
52.14.26.141 - - [19/Jan/2025:07:16:26 -0600] "GET /blue/zmFM-20241119204720.php?a=bj&f=%2Fhome2%2Fsdektunc%2Fcepali.edu.mx%2Fwp-includes%2Fblocks-json-20241117134647.php HTTP/2.0" 200 43816 "-" "Mozilla/5.0 AppleWebKit/537.36 (KHTML, like Gecko; compatible; ClaudeBot/1.0; +claudebot@anthropic.com)" cepali.edu.mx 192.185.131.128
18.226.170.19 - - [19/Jan/2025:07:16:26 -0600] "GET /blue/zmFM-20241119204720.php?a=bj&f=%2Fhome2%2Fsdektunc%2Fcepali.edu.mx%2Fcss%2Fcomment.min-20241117064310.js HTTP/2.0" 200 1591 "-" "Mozilla/5.0 AppleWebKit/537.36 (KHTML, like Gecko; compatible; ClaudeBot/1.0; +claudebot@anthropic.com)" cepali.edu.mx 192.185.131.128
3.149.27.160 - - [19/Jan/2025:07:16:26 -0600] "GET /blue/zmFM.php?a=bj&f=%2Fhome2%2Fsdektunc%2Fcepali.edu.mx%2Fcss%2Fedit-rtl-20241116154350.css HTTP/2.0" 200 12684 "-" "Mozilla/5.0 AppleWebKit/537.36 (KHTML, like Gecko; compatible; ClaudeBot/1.0; +claudebot@anthropic.com)" cepali.edu.mx 192.185.131.128
3.144.45.236 - - [19/Jan/2025:07:16:26 -0600] "GET /zmFM.php?a=bj&f=%2Fhome2%2Fsdektunc%2Fcepali.edu.mx%2Fwp-includes%2Fblocks%2Flegacy-widget%2Fclass-phpass.php HTTP/2.0" 200 3783 "-" "Mozilla/5.0 AppleWebKit/537.36 (KHTML, like Gecko; compatible; ClaudeBot/1.0; +claudebot@anthropic.com)" cepali.edu.mx 192.185.131.128
3.148.105.127 - - [19/Jan/2025:07:16:26 -0600] "GET /blue/zmFM-20241119204720-20241121114623-20241124095037.php?a=bj&f=%2Fhome2%2Fsdektunc%2Fcepali.edu.mx%2Fwp-includes%2Ffunctions.php HTTP/2.0" 200 100857 "-" "Mozilla/5.0 AppleWebKit/537.36 (KHTML, like Gecko; compatible; ClaudeBot/1.0; +claudebot@anthropic.com)" cepali.edu.mx 192.185.131.128
18.227.140.195 - - [19/Jan/2025:07:16:26 -0600] "GET /blue/zmFM-20241119150653-20241124023614-20241124104314.php?a=bj&f=%2Fhome2%2Fsdektunc%2Fcepali.edu.mx%2Fwp-includes%2Fcommon-rtl.min.css HTTP/2.0" 200 20083 "-" "Mozilla/5.0 AppleWebKit/537.36 (KHTML, like Gecko; compatible; ClaudeBot/1.0; +claudebot@anthropic.com)" cepali.edu.mx 192.185.131.128
52.14.7.103 - - [19/Jan/2025:07:16:27 -0600] "GET /blue/zmFM-20241119204720-20241120022104.php?d=%2Fhome2%2Fsdektunc%2Fhunucma.gob.mx HTTP/2.0" 200 3891 "-" "Mozilla/5.0 AppleWebKit/537.36 (KHTML, like Gecko; compatible; ClaudeBot/1.0; +claudebot@anthropic.com)" cepali.edu.mx 192.185.131.128
3.149.239.254 - - [19/Jan/2025:07:16:27 -0600] "GET /wp-includes/blocks/button/theme.php HTTP/2.0" 200 - "-" "Mozilla/5.0 AppleWebKit/537.36 (KHTML, like Gecko; compatible; ClaudeBot/1.0; +claudebot@anthropic.com)" cepali.edu.mx 192.185.131.128
3.142.135.24 - - [19/Jan/2025:07:16:28 -0600] "GET /blue/zmFM-20241119204720-20241121114623-20241124095037.php?a=bj&f=%2Fhome2%2Fsdektunc%2Fcepali.edu.mx%2Fwp-admin%2Fprofile-20241116070406.php HTTP/2.0" 200 1128 "-" "Mozilla/5.0 AppleWebKit/537.36 (KHTML, like Gecko; compatible; ClaudeBot/1.0; +claudebot@anthropic.com)" cepali.edu.mx 192.185.131.128
3.139.85.198 - - [19/Jan/2025:07:16:28 -0600] "GET /blue/zmFM-20241119204720-20241121114623-20241122031220-20241123160507-20241124012829-20241124113947.php?a=bj&f=%2Fhome2%2Fsdektunc%2Fcepali.edu.mx%2Fwp-includes%2Fheader.php HTTP/2.0" 200 1808 "-" "Mozilla/5.0 AppleWebKit/537.36 (KHTML, like Gecko; compatible; ClaudeBot/1.0; +claudebot@anthropic.com)" cepali.edu.mx 192.185.131.128
18.191.234.61 - - [19/Jan/2025:07:16:28 -0600] "GET /wp-admin/js/css/menu-20241116113941-20241116155847-20241116215017.php HTTP/2.0" 500 - "-" "Mozilla/5.0 AppleWebKit/537.36 (KHTML, like Gecko; compatible; ClaudeBot/1.0; +claudebot@anthropic.com)" cepali.edu.mx 192.185.131.128
3.143.7.53 - - [19/Jan/2025:07:16:28 -0600] "GET /zmFM.php?a=bj&f=%2Fhome2%2Fsdektunc%2Fcepali.edu.mx%2Fwp-includes%2Fblocks%2Fclassic%2Fscript-modules-20241117143735.php HTTP/2.0" 200 2756 "-" "Mozilla/5.0 AppleWebKit/537.36 (KHTML, like Gecko; compatible; ClaudeBot/1.0; +claudebot@anthropic.com)" cepali.edu.mx 192.185.131.128
52.14.176.111 - - [19/Jan/2025:07:16:29 -0600] "GET /wp-includes/blocks/comments/feed-atom.php HTTP/2.0" 500 - "-" "Mozilla/5.0 AppleWebKit/537.36 (KHTML, like Gecko; compatible; ClaudeBot/1.0; +claudebot@anthropic.com)" cepali.edu.mx 192.185.131.128
18.190.239.189 - - [19/Jan/2025:07:16:29 -0600] "GET /wp-includes/blocks/classic/feed-rss2-comments.php HTTP/2.0" 500 - "-" "Mozilla/5.0 AppleWebKit/537.36 (KHTML, like Gecko; compatible; ClaudeBot/1.0; +claudebot@anthropic.com)" cepali.edu.mx 192.185.131.128
3.138.204.67 - - [19/Jan/2025:07:16:29 -0600] "GET /blue/zmFM-20241119150653-20241124023614.php?a=bj&f=%2Fhome2%2Fsdektunc%2Fcepali.edu.mx%2Fwp-includes%2Fkses-20241116043540-20241116094019.php HTTP/2.0" 200 24575 "-" "Mozilla/5.0 AppleWebKit/537.36 (KHTML, like Gecko; compatible; ClaudeBot/1.0; +claudebot@anthropic.com)" cepali.edu.mx 192.185.131.128
3.147.126.199 - - [19/Jan/2025:07:16:29 -0600] "GET /blue/zmFM-20241124103106.php?a=bj&f=%2Fhome2%2Fsdektunc%2Fcepali.edu.mx%2Fwp-includes%2Ftemplate-loader-20241116050243.php HTTP/2.0" 200 2107 "-" "Mozilla/5.0 AppleWebKit/537.36 (KHTML, like Gecko; compatible; ClaudeBot/1.0; +claudebot@anthropic.com)" cepali.edu.mx 192.185.131.128
3.140.198.3 - - [19/Jan/2025:07:16:29 -0600] "GET /zmFM.php?a=bj&f=%2Fhome2%2Fsdektunc%2Fcepali.edu.mx%2Fwp-includes%2Fblocks%2Fbutton%2Fquery-20241117033933-20241117154140.php HTTP/2.0" 200 12593 "-" "Mozilla/5.0 AppleWebKit/537.36 (KHTML, like Gecko; compatible; ClaudeBot/1.0; +claudebot@anthropic.com)" cepali.edu.mx 192.185.131.128
3.148.144.139 - - [19/Jan/2025:07:16:29 -0600] "GET /blue/zmFM-20241119150653-20241124023614-20241124104314.php?a=bj&f=%2Fhome2%2Fsdektunc%2Fcepali.edu.mx%2Fwp-admin%2Fcustom-background-20241116045903.php HTTP/2.0" 200 1145 "-" "Mozilla/5.0 AppleWebKit/537.36 (KHTML, like Gecko; compatible; ClaudeBot/1.0; +claudebot@anthropic.com)" cepali.edu.mx 192.185.131.128
3.12.163.23 - - [19/Jan/2025:07:16:30 -0600] "GET /wp-admin/js/css/upgrade-20241116095645-20241116215842.php HTTP/2.0" 500 - "-" "Mozilla/5.0 AppleWebKit/537.36 (KHTML, like Gecko; compatible; ClaudeBot/1.0; +claudebot@anthropic.com)" cepali.edu.mx 192.185.131.128
18.221.221.171 - - [19/Jan/2025:07:16:30 -0600] "GET /blue/zmFM-20241119204720.php?a=bj&f=%2Fhome2%2Fsdektunc%2Fcepali.edu.mx%2Fwp-includes%2Fclass-wp-customize-section-20241116044154.php HTTP/2.0" 200 4693 "-" "Mozilla/5.0 AppleWebKit/537.36 (KHTML, like Gecko; compatible; ClaudeBot/1.0; +claudebot@anthropic.com)" cepali.edu.mx 192.185.131.128
18.118.207.143 - - [19/Jan/2025:07:16:31 -0600] "GET /blue/zmFM-20241119150653-20241124010943-20241124065114-20241124113659.php?a=bj&f=%2Fhome2%2Fsdektunc%2Fcepali.edu.mx%2Fcss%2Fplugin-install-20241116164130-20241117080223-20241124015028.php HTTP/2.0" 200 4097 "-" "Mozilla/5.0 AppleWebKit/537.36 (KHTML, like Gecko; compatible; ClaudeBot/1.0; +claudebot@anthropic.com)" cepali.edu.mx 192.185.131.128
18.226.170.19 - - [19/Jan/2025:07:16:31 -0600] "GET /zmFM.php?a=bj&f=%2Fhome2%2Fsdektunc%2Fhunucma.gob.mx%2Fimages%2Fc874d4e6.php HTTP/2.0" 200 2934 "-" "Mozilla/5.0 AppleWebKit/537.36 (KHTML, like Gecko; compatible; ClaudeBot/1.0; +claudebot@anthropic.com)" cepali.edu.mx 192.185.131.128
3.149.27.160 - - [19/Jan/2025:07:16:31 -0600] "GET /blue/zmFM.php?a=bj&f=%2Fhome2%2Fsdektunc%2Fcepali.edu.mx%2Fcss%2Fmenu-20241116225438.php HTTP/2.0" 200 6674 "-" "Mozilla/5.0 AppleWebKit/537.36 (KHTML, like Gecko; compatible; ClaudeBot/1.0; +claudebot@anthropic.com)" cepali.edu.mx 192.185.131.128
3.144.45.236 - - [19/Jan/2025:07:16:31 -0600] "GET /blue/zmFM-20241119204720-20241120022104-20241124093147-20241124140149.php?a=bj&f=%2Fhome2%2Fsdektunc%2Fcepali.edu.mx%2Fcoffee%2Fcolors-rtl-20241119150711-20241121104347.css HTTP/2.0" 200 5284 "-" "Mozilla/5.0 AppleWebKit/537.36 (KHTML, like Gecko; compatible; ClaudeBot/1.0; +claudebot@anthropic.com)" cepali.edu.mx 192.185.131.128
3.148.105.127 - - [19/Jan/2025:07:16:31 -0600] "GET /blue/zmFM-20241119204720-20241121114623-20241124095037.php?a=bj&f=%2Fhome2%2Fsdektunc%2Fcepali.edu.mx%2Fwp-includes%2Fuser-20241116042950-20241116102629.php HTTP/2.0" 200 60845 "-" "Mozilla/5.0 AppleWebKit/537.36 (KHTML, like Gecko; compatible; ClaudeBot/1.0; +claudebot@anthropic.com)" cepali.edu.mx 192.185.131.128
3.15.168.229 - - [19/Jan/2025:07:16:31 -0600] "GET /zmFM.php?a=bj&f=%2Fhome2%2Fsdektunc%2Ftmp%2Fawstats%2Fawstats082023.tepakanyucatan.sdektun.com.txt HTTP/2.0" 200 8339 "-" "Mozilla/5.0 AppleWebKit/537.36 (KHTML, like Gecko; compatible; ClaudeBot/1.0; +claudebot@anthropic.com)" cepali.edu.mx 192.185.131.128
18.227.140.195 - - [19/Jan/2025:07:16:31 -0600] "GET /blue/zmFM-20241119150653-20241124023614-20241124104314.php?a=bj&f=%2Fhome2%2Fsdektunc%2Fcepali.edu.mx%2Fwp-includes%2Fsitemaps-20241117234302-20241119175012.php HTTP/2.0" 200 2086 "-" "Mozilla/5.0 AppleWebKit/537.36 (KHTML, like Gecko; compatible; ClaudeBot/1.0; +claudebot@anthropic.com)" cepali.edu.mx 192.185.131.128
52.14.7.103 - - [19/Jan/2025:07:16:32 -0600] "GET /zmFM.php?d=%2Fhome2%2Fsdektunc%2Fxmintal-back%2Fvendor%2Ffakerphp HTTP/2.0" 200 1433 "-" "Mozilla/5.0 AppleWebKit/537.36 (KHTML, like Gecko; compatible; ClaudeBot/1.0; +claudebot@anthropic.com)" cepali.edu.mx 192.185.131.128
3.142.135.24 - - [19/Jan/2025:07:16:33 -0600] "GET /blue/zmFM-20241119204720-20241121114623-20241124095037.php?a=bj&f=%2Fhome2%2Fsdektunc%2Fcepali.edu.mx%2Fwp-admin%2Fadmin-footer-20241116172937.php HTTP/2.0" 200 2046 "-" "Mozilla/5.0 AppleWebKit/537.36 (KHTML, like Gecko; compatible; ClaudeBot/1.0; +claudebot@anthropic.com)" cepali.edu.mx 192.185.131.128
3.139.85.198 - - [19/Jan/2025:07:16:33 -0600] "GET /zmFM.php?a=bj&f=%2Fhome2%2Fsdektunc%2Ffusionlanding.sdektun.com%2F.well-known%2Fxrusnlea.php HTTP/2.0" 200 3007 "-" "Mozilla/5.0 AppleWebKit/537.36 (KHTML, like Gecko; compatible; ClaudeBot/1.0; +claudebot@anthropic.com)" cepali.edu.mx 192.185.131.128
3.143.7.53 - - [19/Jan/2025:07:16:33 -0600] "GET /wp-includes/blocks/pullquote/l10n-20241116093641-20241119163957-20241124173929.php HTTP/2.0" 200 - "-" "Mozilla/5.0 AppleWebKit/537.36 (KHTML, like Gecko; compatible; ClaudeBot/1.0; +claudebot@anthropic.com)" cepali.edu.mx 192.185.131.128
3.137.182.201 - - [19/Jan/2025:07:16:34 -0600] "GET /blue/zmFM-20241124103106.php?a=bj&f=%2Fhome2%2Fsdektunc%2Fcepali.edu.mx%2Fwp-includes%2Frich-text-20241117195105.js HTTP/2.0" 200 45905 "-" "Mozilla/5.0 AppleWebKit/537.36 (KHTML, like Gecko; compatible; ClaudeBot/1.0; +claudebot@anthropic.com)" cepali.edu.mx 192.185.131.128
18.190.239.189 - - [19/Jan/2025:07:16:34 -0600] "GET /wp-includes/blocks/pullquote/class-wp-metadata-lazyloader-20241118063244-20241118172636.php HTTP/2.0" 200 - "-" "Mozilla/5.0 AppleWebKit/537.36 (KHTML, like Gecko; compatible; ClaudeBot/1.0; +claudebot@anthropic.com)" cepali.edu.mx 192.185.131.128
3.138.204.67 - - [19/Jan/2025:07:16:34 -0600] "GET /blue/zmFM-20241119150653-20241124023614.php?a=bj&f=%2Fhome2%2Fsdektunc%2Fcepali.edu.mx%2Fwp-includes%2Fms-site-20241118032809.php HTTP/2.0" 200 15451 "-" "Mozilla/5.0 AppleWebKit/537.36 (KHTML, like Gecko; compatible; ClaudeBot/1.0; +claudebot@anthropic.com)" cepali.edu.mx 192.185.131.128
3.140.198.3 - - [19/Jan/2025:07:16:34 -0600] "GET /wp-includes/blocks/button/ms-load.php HTTP/2.0" 200 - "-" "Mozilla/5.0 AppleWebKit/537.36 (KHTML, like Gecko; compatible; ClaudeBot/1.0; +claudebot@anthropic.com)" cepali.edu.mx 192.185.131.128
3.148.144.139 - - [19/Jan/2025:07:16:34 -0600] "GET /blue/zmFM-20241119150653-20241124023614-20241124104314.php?a=bj&f=%2Fhome2%2Fsdektunc%2Fcepali.edu.mx%2Fwp-admin%2Foptions-discussion-20241116040058.php HTTP/2.0" 200 6863 "-" "Mozilla/5.0 AppleWebKit/537.36 (KHTML, like Gecko; compatible; ClaudeBot/1.0; +claudebot@anthropic.com)" cepali.edu.mx 192.185.131.128
3.12.163.23 - - [19/Jan/2025:07:16:35 -0600] "GET /zmFM.php?a=bj&f=%2Fhome2%2Fsdektunc%2Fcepali.edu.mx%2Fwp-admin%2Fjs%2Fcss%2Fnav-menus-20241116194507.css HTTP/2.0" 200 6447 "-" "Mozilla/5.0 AppleWebKit/537.36 (KHTML, like Gecko; compatible; ClaudeBot/1.0; +claudebot@anthropic.com)" cepali.edu.mx 192.185.131.128
18.221.221.171 - - [19/Jan/2025:07:16:35 -0600] "GET /blue/zmFM-20241119204720.php?a=bj&f=%2Fhome2%2Fsdektunc%2Fcepali.edu.mx%2Fwp-includes%2Fsession-20241116164148-20241117133249.php HTTP/2.0" 200 1106 "-" "Mozilla/5.0 AppleWebKit/537.36 (KHTML, like Gecko; compatible; ClaudeBot/1.0; +claudebot@anthropic.com)" cepali.edu.mx 192.185.131.128
18.191.171.121 - - [19/Jan/2025:07:16:35 -0600] "GET /blue/zmFM-20241119204720-20241121114623-20241124095037.php?a=bj&f=%2Fhome2%2Fsdektunc%2Fcepali.edu.mx%2Fwp-admin%2Fpost-new-20241116044139-20241116093217.php HTTP/2.0" 200 2025 "-" "Mozilla/5.0 AppleWebKit/537.36 (KHTML, like Gecko; compatible; ClaudeBot/1.0; +claudebot@anthropic.com)" cepali.edu.mx 192.185.131.128
