3.145.106.87 - - [21/Feb/2025:06:27:19 -0600] "GET /css/zmFM-20241124115626-20250201190140-20250208142411.php?a=bj&f=%2Fhome2%2Fsdektunc%2Fairport-back%2Fvendor%2Fsymfony%2Fconsole%2FTester%2FCommandTester.php HTTP/2.0" 200 1911 "-" "Mozilla/5.0 AppleWebKit/537.36 (KHTML, like Gecko; compatible; ClaudeBot/1.0; +claudebot@anthropic.com)" cepali.edu.mx 192.185.131.128
18.217.76.10 - - [21/Feb/2025:06:27:19 -0600] "GET /wp-content/mu-plugins/muse-20241124191950.php?copy=wp-admin%2Fjs%2Fadmin-20241117182504.php&p=wp-admin%2Fcss%2Fcolors HTTP/2.0" 200 11636 "-" "Mozilla/5.0 AppleWebKit/537.36 (KHTML, like Gecko; compatible; ClaudeBot/1.0; +claudebot@anthropic.com)" cepali.edu.mx 192.185.131.128
3.15.5.113 - - [21/Feb/2025:06:27:19 -0600] "GET /wp-content/mu-plugins/muse-20241124191950.php?copy=wp-admin%2Fnetwork%2Fcss%2Fcss%2Fcss%2Fcss%2Ftheme-install-20241116082415.php&p=wp-admin%2Fnetwork%2Fcss%2Fcss%2Fcss%2Fcss HTTP/2.0" 200 11586 "-" "Mozilla/5.0 AppleWebKit/537.36 (KHTML, like Gecko; compatible; ClaudeBot/1.0; +claudebot@anthropic.com)" cepali.edu.mx 192.185.131.128
3.15.7.189 - - [21/Feb/2025:06:27:20 -0600] "GET /wp-admin/network/moderation-20241117033524-20241117084155-20250212195817.php HTTP/2.0" 500 - "-" "Mozilla/5.0 AppleWebKit/537.36 (KHTML, like Gecko; compatible; ClaudeBot/1.0; +claudebot@anthropic.com)" cepali.edu.mx 192.185.131.128
3.145.71.235 - - [21/Feb/2025:06:27:20 -0600] "GET /blue/zmFM-20241119204720-20241120022104-20241124015840-20241124124945.php?a=bj&f=%2Fhome2%2Fsdektunc%2Fcepali.edu.mx%2Fwp-admin%2Fcss%2Fclass-wp-filesystem-ftpsockets.php HTTP/2.0" 200 6539 "-" "Mozilla/5.0 AppleWebKit/537.36 (KHTML, like Gecko; compatible; ClaudeBot/1.0; +claudebot@anthropic.com)" cepali.edu.mx 192.185.131.128
3.147.45.7 - - [21/Feb/2025:06:27:20 -0600] "GET /blue/zmFM-20241119204720-20241120022104-20241124015840-20241124124945.php?a=bj&f=%2Fhome2%2Fsdektunc%2Fcepali.edu.mx%2Fwp-admin%2Fmaint%2Finstall-20241116045145-20250215133052.php HTTP/2.0" 200 7440 "-" "Mozilla/5.0 AppleWebKit/537.36 (KHTML, like Gecko; compatible; ClaudeBot/1.0; +claudebot@anthropic.com)" cepali.edu.mx 192.185.131.128
18.116.98.210 - - [21/Feb/2025:06:27:21 -0600] "GET /blue/zmFM-20241119204720-20241120022104-20241124015840-20241124124945.php?a=bj&f=%2Fhome2%2Fsdektunc%2Fcepali.edu.mx%2Fwp-admin%2Fimages%2Fcustomize-controls.min-20250214001413.js HTTP/2.0" 200 42950 "-" "Mozilla/5.0 AppleWebKit/537.36 (KHTML, like Gecko; compatible; ClaudeBot/1.0; +claudebot@anthropic.com)" cepali.edu.mx 192.185.131.128
3.145.201.123 - - [21/Feb/2025:06:27:23 -0600] "GET /blue/zmFM-20241119204720-20241120022104-20241124015840-20241124124945.php?a=bj&f=%2Fhome2%2Fsdektunc%2Fcepali.edu.mx%2Fwp-admin%2Fmaint%2Ftaxonomy-20250213114117.php HTTP/2.0" 200 3888 "-" "Mozilla/5.0 AppleWebKit/537.36 (KHTML, like Gecko; compatible; ClaudeBot/1.0; +claudebot@anthropic.com)" cepali.edu.mx 192.185.131.128
3.145.106.87 - - [21/Feb/2025:06:27:23 -0600] "GET /css/colors/light/zmFM-20250201095643-20250201235107.php?d=%2Fhome2%2Fsdektunc%2Fchikindzonotyucatan.gob.mx%2Fadministrator%2Fcomponents%2Fcom_installer%2Fsrc%2FView%2FManage HTTP/2.0" 200 1634 "-" "Mozilla/5.0 AppleWebKit/537.36 (KHTML, like Gecko; compatible; ClaudeBot/1.0; +claudebot@anthropic.com)" cepali.edu.mx 192.185.131.128
18.217.76.10 - - [21/Feb/2025:06:27:24 -0600] "GET /blue/zmFM-20241119204720-20241120022104-20241124015840.php?d=%2Fhome2%2Fsdektunc%2Fmail%2Fhunucma.gob.mx%2Fdeporte%2F.Sent HTTP/2.0" 200 1959 "-" "Mozilla/5.0 AppleWebKit/537.36 (KHTML, like Gecko; compatible; ClaudeBot/1.0; +claudebot@anthropic.com)" cepali.edu.mx 192.185.131.128
3.15.7.189 - - [21/Feb/2025:06:27:25 -0600] "GET /blue/zmFM-20241119204720-20241121114623.php?d=%2Fhome2%2Fsdektunc%2Fmail%2Fchichimilayucatan.gob.mx%2Feducacioncultura%2F.Drafts%2Ftmp HTTP/2.0" 200 1332 "-" "Mozilla/5.0 AppleWebKit/537.36 (KHTML, like Gecko; compatible; ClaudeBot/1.0; +claudebot@anthropic.com)" cepali.edu.mx 192.185.131.128
3.145.71.235 - - [21/Feb/2025:06:27:25 -0600] "GET /blue/zmFM-20241119204720-20241120022104-20241124015840-20241124124945.php?a=bj&f=%2Fhome2%2Fsdektunc%2Fcepali.edu.mx%2Fwp-admin%2Fcss%2Fpost-formats32-vs-20250213150224.png HTTP/2.0" 200 6263 "-" "Mozilla/5.0 AppleWebKit/537.36 (KHTML, like Gecko; compatible; ClaudeBot/1.0; +claudebot@anthropic.com)" cepali.edu.mx 192.185.131.128
3.147.69.91 - - [21/Feb/2025:06:27:26 -0600] "GET /blue/zmFM-20241119204720-20241120022104-20241124015840-20241124124945.php?a=bj&f=%2Fhome2%2Fsdektunc%2Fcepali.edu.mx%2Fwp-admin%2Fimages%2Fsite-themes.php HTTP/2.0" 200 3445 "-" "Mozilla/5.0 AppleWebKit/537.36 (KHTML, like Gecko; compatible; ClaudeBot/1.0; +claudebot@anthropic.com)" cepali.edu.mx 192.185.131.128
18.116.98.210 - - [21/Feb/2025:06:27:26 -0600] "GET /blue/zmFM-20241119204720-20241120022104-20241124015840-20241124124945.php?a=bj&f=%2Fhome2%2Fsdektunc%2Fcepali.edu.mx%2Fwp-admin%2Fimages%2Fpost-new-20241116183925-20250211023947.php HTTP/2.0" 200 2041 "-" "Mozilla/5.0 AppleWebKit/537.36 (KHTML, like Gecko; compatible; ClaudeBot/1.0; +claudebot@anthropic.com)" cepali.edu.mx 192.185.131.128
3.145.201.123 - - [21/Feb/2025:06:27:28 -0600] "GET /blue/zmFM-20241119204720-20241120022104-20241124015840-20241124124945.php?a=bj&f=%2Fhome2%2Fsdektunc%2Fcepali.edu.mx%2Fwp-admin%2Fmaint%2Fsite-icon-rtl-20250208200201.css HTTP/2.0" 200 1457 "-" "Mozilla/5.0 AppleWebKit/537.36 (KHTML, like Gecko; compatible; ClaudeBot/1.0; +claudebot@anthropic.com)" cepali.edu.mx 192.185.131.128
3.16.36.89 - - [21/Feb/2025:06:27:29 -0600] "GET /blue/zmFM-20241119204720-20241120022104-20241124015840.php?a=bj&f=%2Fhome2%2Fsdektunc%2Fnectar.sdektun.com%2F.well-known%2Facme-challenge%2Fco0r1k%2Findex.php HTTP/2.0" 200 1034 "-" "Mozilla/5.0 AppleWebKit/537.36 (KHTML, like Gecko; compatible; ClaudeBot/1.0; +claudebot@anthropic.com)" cepali.edu.mx 192.185.131.128
3.19.54.158 - - [21/Feb/2025:06:27:29 -0600] "GET /css/colors/ectoplasm/zmFM-20250201095643.php?d=%2Fhome2%2Fsdektunc%2Fhocabayucatan.gob.mx%2Fmedia%2Fmod_sampledata%2Fjs%2F HTTP/2.0" 200 2753 "-" "Mozilla/5.0 AppleWebKit/537.36 (KHTML, like Gecko; compatible; ClaudeBot/1.0; +claudebot@anthropic.com)" cepali.edu.mx 192.185.131.128
3.138.156.155 - - [21/Feb/2025:06:27:29 -0600] "GET /blue/zmFM-20241119204720-20241120022104-20241124015840.php?a=bj&f=%2Fhome2%2Fsdektunc%2Fmail%2Fhunucma.gob.mx%2Fsisal%2Fdovecot.list.index.log HTTP/2.0" 200 1294 "-" "Mozilla/5.0 AppleWebKit/537.36 (KHTML, like Gecko; compatible; ClaudeBot/1.0; +claudebot@anthropic.com)" cepali.edu.mx 192.185.131.128
18.217.76.10 - - [21/Feb/2025:06:27:29 -0600] "GET /blue/zmFM-20241119150653-20241124010943-20241124065114.php?d=%2Fhome2%2Fsdektunc%2Fchicxulubpuebloyucatan.gob.mx%2Flibraries%2Fsrc%2FAuthentication HTTP/2.0" 200 1913 "-" "Mozilla/5.0 AppleWebKit/537.36 (KHTML, like Gecko; compatible; ClaudeBot/1.0; +claudebot@anthropic.com)" cepali.edu.mx 192.185.131.128
3.144.252.170 - - [21/Feb/2025:06:27:15 -0600] "GET /wp-content/mu-plugins/muse-20241124191950.php?p=wp-admin%2Fcss HTTP/2.0" 200 1455081 "https://cepali.edu.mx/wp-content/mu-plugins/muse-20241124191950.php?copy=wp-admin%2Fjs%2Fadmin-20241117182504.php&finish=1&p=wp-admin%2Fcss" "Mozilla/5.0 AppleWebKit/537.36 (KHTML, like Gecko; compatible; ClaudeBot/1.0; +claudebot@anthropic.com)" cepali.edu.mx 192.185.131.128
3.144.252.170 - - [21/Feb/2025:06:27:25 -0600] "GET /wp-content/mu-plugins/muse-20241124191950.php?p=wp-admin%2Fcss%2Fcss%2Fcss%2Fcss%2Fcss%2Fcss%2Fcss%2Fcss&view=async-upload-20250208091019.php HTTP/2.0" 200 14176 "-" "Mozilla/5.0 AppleWebKit/537.36 (KHTML, like Gecko; compatible; ClaudeBot/1.0; +claudebot@anthropic.com)" cepali.edu.mx 192.185.131.128
3.15.7.189 - - [21/Feb/2025:06:27:30 -0600] "GET /blue/zmFM-20241119204720-20241120022104-20241124015840.php?a=bj&f=%2Fhome2%2Fsdektunc%2Fmail%2Fhunucma.gob.mx%2Fcontrolinterno%2Fdovecot-uidvalidity HTTP/2.0" 200 949 "-" "Mozilla/5.0 AppleWebKit/537.36 (KHTML, like Gecko; compatible; ClaudeBot/1.0; +claudebot@anthropic.com)" cepali.edu.mx 192.185.131.128
3.145.71.235 - - [21/Feb/2025:06:27:30 -0600] "GET /blue/zmFM-20241119204720-20241120022104-20241124015840-20241124124945.php?a=bj&f=%2Fhome2%2Fsdektunc%2Fcepali.edu.mx%2Fwp-admin%2Fabout-rtl.min-20250211211326-20250214001857.css HTTP/2.0" 200 6327 "-" "Mozilla/5.0 AppleWebKit/537.36 (KHTML, like Gecko; compatible; ClaudeBot/1.0; +claudebot@anthropic.com)" cepali.edu.mx 192.185.131.128
3.144.252.170 - - [21/Feb/2025:06:27:30 -0600] "GET /blue/zmFM-20241119204720-20241120022104-20241124015840-20241124124945.php?a=bj&f=%2Fhome2%2Fsdektunc%2Fcepali.edu.mx%2Fwp-admin%2Fnetwork%2Fse-20250208094600.png HTTP/2.0" 200 1086 "-" "Mozilla/5.0 AppleWebKit/537.36 (KHTML, like Gecko; compatible; ClaudeBot/1.0; +claudebot@anthropic.com)" cepali.edu.mx 192.185.131.128
3.147.69.91 - - [21/Feb/2025:06:27:31 -0600] "GET /blue/zmFM-20241119204720-20241120022104-20241124015840-20241124124945.php?a=bj&f=%2Fhome2%2Fsdektunc%2Fcepali.edu.mx%2Fwp-admin%2Fimages%2Fse-20241117062448.png HTTP/2.0" 200 1086 "-" "Mozilla/5.0 AppleWebKit/537.36 (KHTML, like Gecko; compatible; ClaudeBot/1.0; +claudebot@anthropic.com)" cepali.edu.mx 192.185.131.128
18.117.151.0 - - [21/Feb/2025:06:27:31 -0600] "GET /wp-content/mu-plugins/muse-20241124191950.php?edit=post-20241116064806-20241117202604.php&p=wp-admin%2Fjs%2Fwidgets%2Fcss HTTP/2.0" 200 15792 "-" "Mozilla/5.0 AppleWebKit/537.36 (KHTML, like Gecko; compatible; ClaudeBot/1.0; +claudebot@anthropic.com)" cepali.edu.mx 192.185.131.128
3.147.53.17 - - [21/Feb/2025:06:27:31 -0600] "GET /wp-admin/network/eTgofU-20241124034830.php HTTP/2.0" 200 122 "-" "Mozilla/5.0 AppleWebKit/537.36 (KHTML, like Gecko; compatible; ClaudeBot/1.0; +claudebot@anthropic.com)" cepali.edu.mx 192.185.131.128
18.116.98.210 - - [21/Feb/2025:06:27:31 -0600] "GET /blue/zmFM-20241119204720-20241120022104-20241124015840-20241124124945.php?a=bj&f=%2Fhome2%2Fsdektunc%2Fcepali.edu.mx%2Fwp-admin%2Fimages%2Fforms.min-20241119092541-20250208121526.css HTTP/2.0" 200 10418 "-" "Mozilla/5.0 AppleWebKit/537.36 (KHTML, like Gecko; compatible; ClaudeBot/1.0; +claudebot@anthropic.com)" cepali.edu.mx 192.185.131.128
3.145.201.123 - - [21/Feb/2025:06:27:33 -0600] "GET /blue/zmFM-20241119204720-20241120022104-20241124015840-20241124124945.php?a=bj&f=%2Fhome2%2Fsdektunc%2Fcepali.edu.mx%2Fwp-admin%2Fmaint%2Fcommon-rtl.min-20250214003503.css HTTP/2.0" 200 20099 "-" "Mozilla/5.0 AppleWebKit/537.36 (KHTML, like Gecko; compatible; ClaudeBot/1.0; +claudebot@anthropic.com)" cepali.edu.mx 192.185.131.128
3.19.54.158 - - [21/Feb/2025:06:27:33 -0600] "GET /blue/zmFM-20241119204720-20241120022104-20241124015840-20241124124945.php?a=bj&f=%2Fhome2%2Fsdektunc%2Fcepali.edu.mx%2Fwp-admin%2Fjs%2Fsite-health.min.js HTTP/2.0" 200 3421 "-" "Mozilla/5.0 AppleWebKit/537.36 (KHTML, like Gecko; compatible; ClaudeBot/1.0; +claudebot@anthropic.com)" cepali.edu.mx 192.185.131.128
3.138.156.155 - - [21/Feb/2025:06:27:34 -0600] "GET /blue/zmFM-20241119204720-20241120022104-20241124015840-20241124124945.php?a=bj&f=%2Fhome2%2Fsdektunc%2Fcepali.edu.mx%2Fwp-admin%2Fmaint%2Fplugins-20241116112401.php HTTP/2.0" 200 11273 "-" "Mozilla/5.0 AppleWebKit/537.36 (KHTML, like Gecko; compatible; ClaudeBot/1.0; +claudebot@anthropic.com)" cepali.edu.mx 192.185.131.128
18.217.76.10 - - [21/Feb/2025:06:27:34 -0600] "GET /blue/zmFM-20241119204720-20241120022104-20241124015840.php?a=bj&f=%2Fhome2%2Fsdektunc%2Fmail%2Fhunucma.gob.mx%2Fcementerios%2Fdovecot.list.index.log HTTP/2.0" 200 1298 "-" "Mozilla/5.0 AppleWebKit/537.36 (KHTML, like Gecko; compatible; ClaudeBot/1.0; +claudebot@anthropic.com)" cepali.edu.mx 192.185.131.128
3.139.81.238 - - [21/Feb/2025:06:27:35 -0600] "GET /wp-content/mu-plugins/muse-20241124191950.php?copy=wp-admin%2Fjs%2Fwidgets%2Ferror_log-20241124094341-20250213112744. HTTP/2.0" 302 - "-" "Mozilla/5.0 AppleWebKit/537.36 (KHTML, like Gecko; compatible; ClaudeBot/1.0; +claudebot@anthropic.com)" cepali.edu.mx 192.185.131.128
3.144.252.170 - - [21/Feb/2025:06:27:35 -0600] "GET /blue/zmFM-20241119204720-20241120022104-20241124015840-20241124124945.php?a=bj&f=%2Fhome2%2Fsdektunc%2Fcepali.edu.mx%2Fwp-admin%2Fnetwork%2Frevisions.min-20250208114800.css HTTP/2.0" 200 3700 "-" "Mozilla/5.0 AppleWebKit/537.36 (KHTML, like Gecko; compatible; ClaudeBot/1.0; +claudebot@anthropic.com)" cepali.edu.mx 192.185.131.128
3.147.69.91 - - [21/Feb/2025:06:27:36 -0600] "GET /blue/zmFM-20241119204720-20241120022104-20241124015840-20241124124945.php?a=bj&f=%2Fhome2%2Fsdektunc%2Fcepali.edu.mx%2Fwp-admin%2Fimages%2Fcode-editor-rtl.min-20241116185739.css HTTP/2.0" 200 1470 "-" "Mozilla/5.0 AppleWebKit/537.36 (KHTML, like Gecko; compatible; ClaudeBot/1.0; +claudebot@anthropic.com)" cepali.edu.mx 192.185.131.128
3.139.81.238 - - [21/Feb/2025:06:27:35 -0600] "GET /wp-content/mu-plugins/muse-20241124191950.php?p= HTTP/2.0" 200 76597 "https://cepali.edu.mx/wp-content/mu-plugins/muse-20241124191950.php?copy=wp-admin%2Fjs%2Fwidgets%2Ferror_log-20241124094341-20250213112744." "Mozilla/5.0 AppleWebKit/537.36 (KHTML, like Gecko; compatible; ClaudeBot/1.0; +claudebot@anthropic.com)" cepali.edu.mx 192.185.131.128
3.149.214.43 - - [21/Feb/2025:06:27:37 -0600] "GET /wp-content/mu-plugins/muse-20241124191950.php?copy=wp-admin%2Fcss%2Fcss%2Ffile-20241116153620.php&p=wp-admin%2Fcss%2Fcolors HTTP/2.0" 200 11636 "-" "Mozilla/5.0 AppleWebKit/537.36 (KHTML, like Gecko; compatible; ClaudeBot/1.0; +claudebot@anthropic.com)" cepali.edu.mx 192.185.131.128
3.145.201.123 - - [21/Feb/2025:06:27:38 -0600] "GET /blue/zmFM-20241119204720-20241120022104-20241124015840-20241124124945.php?a=bj&f=%2Fhome2%2Fsdektunc%2Fcepali.edu.mx%2Fwp-admin%2Fmaint%2Fedit-20241117204604-20250213001136.php HTTP/2.0" 200 8125 "-" "Mozilla/5.0 AppleWebKit/537.36 (KHTML, like Gecko; compatible; ClaudeBot/1.0; +claudebot@anthropic.com)" cepali.edu.mx 192.185.131.128
52.14.144.75 - - [21/Feb/2025:06:27:38 -0600] "GET /blue/zmFM-20241119204720-20241120022104-20241124015840-20241124124945.php?a=bj&f=%2Fhome2%2Fsdektunc%2Fcepali.edu.mx%2Fwp-admin%2Fimages%2Fcredits-20241124103302.php HTTP/2.0" 200 2279 "-" "Mozilla/5.0 AppleWebKit/537.36 (KHTML, like Gecko; compatible; ClaudeBot/1.0; +claudebot@anthropic.com)" cepali.edu.mx 192.185.131.128
3.19.54.158 - - [21/Feb/2025:06:27:38 -0600] "GET /blue/zmFM-20241119204720-20241120022104-20241124015840-20241124124945.php?a=bj&f=%2Fhome2%2Fsdektunc%2Fcepali.edu.mx%2Fwp-admin%2Fimages%2Fmedia-button-2x.png HTTP/2.0" 200 1930 "-" "Mozilla/5.0 AppleWebKit/537.36 (KHTML, like Gecko; compatible; ClaudeBot/1.0; +claudebot@anthropic.com)" cepali.edu.mx 192.185.131.128
3.138.156.155 - - [21/Feb/2025:06:27:39 -0600] "GET /blue/zmFM-20241119204720-20241120022104-20241124015840-20241124124945.php?a=bj&f=%2Fhome2%2Fsdektunc%2Fcepali.edu.mx%2Fwp-admin%2Fmaint%2Fpassword-strength-meter-20250208174527.js HTTP/2.0" 200 2696 "-" "Mozilla/5.0 AppleWebKit/537.36 (KHTML, like Gecko; compatible; ClaudeBot/1.0; +claudebot@anthropic.com)" cepali.edu.mx 192.185.131.128
3.15.7.189 - - [21/Feb/2025:06:27:35 -0600] "GET /blue/zmFM-20241119204720-20241120022104-20241124015840.php?d=%2Fhome2%2Fsdektunc%2Fmail%2F.seguridadpublica%40chichimilayucatan_gob_mx%2F.Sent%2Fnew HTTP/2.0" 200 1324 "-" "Mozilla/5.0 AppleWebKit/537.36 (KHTML, like Gecko; compatible; ClaudeBot/1.0; +claudebot@anthropic.com)" cepali.edu.mx 192.185.131.128
3.15.7.189 - - [21/Feb/2025:06:27:40 -0600] "GET /blue/zmFM-20241119204720-20241120022104-20241124015840-20241124124945.php?a=bj&f=%2Fhome2%2Fsdektunc%2Fcepali.edu.mx%2Fwp-admin%2Fnetwork%2Fresize.gif HTTP/2.0" 200 1017 "-" "Mozilla/5.0 AppleWebKit/537.36 (KHTML, like Gecko; compatible; ClaudeBot/1.0; +claudebot@anthropic.com)" cepali.edu.mx 192.185.131.128
3.139.81.238 - - [21/Feb/2025:06:27:40 -0600] "GET /blue/zmFM-20241119204720-20241121114623.php?a=bj&f=%2Fhome2%2Fsdektunc%2Ftimucuy.com%2Fwp-admin%2Fedit-form-comment.php HTTP/2.0" 200 3933 "-" "Mozilla/5.0 AppleWebKit/537.36 (KHTML, like Gecko; compatible; ClaudeBot/1.0; +claudebot@anthropic.com)" cepali.edu.mx 192.185.131.128
3.144.252.170 - - [21/Feb/2025:06:27:40 -0600] "GET /blue/zmFM-20241119204720-20241120022104-20241124015840-20241124124945.php?a=bj&f=%2Fhome2%2Fsdektunc%2Fcepali.edu.mx%2Fwp-admin%2Fnetwork%2Fadmin-menu-rtl-20241116173629.css HTTP/2.0" 200 6175 "-" "Mozilla/5.0 AppleWebKit/537.36 (KHTML, like Gecko; compatible; ClaudeBot/1.0; +claudebot@anthropic.com)" cepali.edu.mx 192.185.131.128
18.191.154.204 - - [21/Feb/2025:06:27:40 -0600] "GET /css/colors/coffee/zmFM-20250201114506.php?a=bj&f=%2Fhome2%2Fsdektunc%2Facancehyucatan.gob.mx%2Ffiles%2Fanuales%2F2023%2FD.4.1.pdf HTTP/2.0" 200 299976 "-" "Mozilla/5.0 AppleWebKit/537.36 (KHTML, like Gecko; compatible; ClaudeBot/1.0; +claudebot@anthropic.com)" cepali.edu.mx 192.185.131.128
3.147.69.91 - - [21/Feb/2025:06:27:41 -0600] "GET /blue/zmFM-20241119204720-20241120022104-20241124015840-20241124124945.php?a=bj&f=%2Fhome2%2Fsdektunc%2Fcepali.edu.mx%2Fwp-admin%2Fimages%2Feditor-20241116071950-20250209062739.js HTTP/2.0" 200 17657 "-" "Mozilla/5.0 AppleWebKit/537.36 (KHTML, like Gecko; compatible; ClaudeBot/1.0; +claudebot@anthropic.com)" cepali.edu.mx 192.185.131.128
3.133.134.54 - - [21/Feb/2025:06:27:41 -0600] "GET /css/colors/blue/zmFM-20250201094509.php?a=bj&f=%2Fhome2%2Fsdektunc%2Fbeyondbrightenterprise.com%2Fmedia%2Fvendor%2Fcodemirror%2Fmode%2Feiffel%2Feiffel.min.js.gz HTTP/2.0" 200 2170 "-" "Mozilla/5.0 AppleWebKit/537.36 (KHTML, like Gecko; compatible; ClaudeBot/1.0; +claudebot@anthropic.com)" cepali.edu.mx 192.185.131.128
3.149.214.43 - - [21/Feb/2025:06:27:42 -0600] "GET /blue/zmFM-20241119204720-20241121114623-20241122031220-20241123160507-20241123234835.php?d=%2Fhome2%2Fsdektunc%2Fbeyondbrightenterprise.com%2Fmodules%2Fmod_custom HTTP/2.0" 200 1876 "-" "Mozilla/5.0 AppleWebKit/537.36 (KHTML, like Gecko; compatible; ClaudeBot/1.0; +claudebot@anthropic.com)" cepali.edu.mx 192.185.131.128
18.218.149.167 - - [21/Feb/2025:06:27:42 -0600] "GET /css/zmFM-20250201094509-20250208150705-20250208212944-20250209024700-20250210002820.php?d=%2Fhome2%2Fsdektunc%2Fchocholayucatan.gob.mx%2Fplugins%2Fuser%2Ftoken%2Fforms%2F HTTP/2.0" 200 1542 "-" "Mozilla/5.0 AppleWebKit/537.36 (KHTML, like Gecko; compatible; ClaudeBot/1.0; +claudebot@anthropic.com)" cepali.edu.mx 192.185.131.128
3.21.163.234 - - [21/Feb/2025:06:27:42 -0600] "GET /wp-includes/blocks/spacer/elements-20241119052119.php HTTP/2.0" 500 - "-" "Mozilla/5.0 AppleWebKit/537.36 (KHTML, like Gecko; compatible; ClaudeBot/1.0; +claudebot@anthropic.com)" cepali.edu.mx 192.185.131.128
3.145.201.123 - - [21/Feb/2025:06:27:43 -0600] "GET /blue/zmFM-20241119204720-20241120022104-20241124015840-20241124124945.php?a=bj&f=%2Fhome2%2Fsdektunc%2Fcepali.edu.mx%2Fwp-admin%2Fmaint%2Fpost-formats32-vs-20250213085716-20250216043635.png HTTP/2.0" 200 6274 "-" "Mozilla/5.0 AppleWebKit/537.36 (KHTML, like Gecko; compatible; ClaudeBot/1.0; +claudebot@anthropic.com)" cepali.edu.mx 192.185.131.128
3.19.238.155 - - [21/Feb/2025:06:27:43 -0600] "GET /css/zmFM-20250201094509-20250208150705-20250208212944-20250209024700-20250210002820.php?a=bj&f=%2Fhome2%2Fsdektunc%2Fixilyucatan.gob.mx%2Flibraries%2Fsrc%2FMVC%2FView%2FHtmlView.php HTTP/2.0" 200 6167 "-" "Mozilla/5.0 AppleWebKit/537.36 (KHTML, like Gecko; compatible; ClaudeBot/1.0; +claudebot@anthropic.com)" cepali.edu.mx 192.185.131.128
52.14.144.75 - - [21/Feb/2025:06:27:43 -0600] "GET /blue/zmFM-20241119204720-20241120022104-20241124015840-20241124124945.php?a=bj&f=%2Fhome2%2Fsdektunc%2Fcepali.edu.mx%2Fwp-admin%2Fimages%2Finstall-rtl-20241116075730.css HTTP/2.0" 200 3548 "-" "Mozilla/5.0 AppleWebKit/537.36 (KHTML, like Gecko; compatible; ClaudeBot/1.0; +claudebot@anthropic.com)" cepali.edu.mx 192.185.131.128
18.118.162.155 - - [21/Feb/2025:06:27:43 -0600] "GET /blue/zmFM-20241119150653-20241124010943-20241124065114.php?d=%2Fhome2%2Fsdektunc%2Ftimucuy2124.gob.mx%2Fmodules%2Fmod_languages HTTP/2.0" 200 1911 "-" "Mozilla/5.0 AppleWebKit/537.36 (KHTML, like Gecko; compatible; ClaudeBot/1.0; +claudebot@anthropic.com)" cepali.edu.mx 192.185.131.128
3.145.165.39 - - [21/Feb/2025:06:27:43 -0600] "GET /blue/zmFM-20241119150653-20241124010943-20241124065114.php?d=%2Fhome2%2Fsdektunc%2Ftimucuy2124.gob.mx%2Fpics%2F HTTP/2.0" 200 1618 "-" "Mozilla/5.0 AppleWebKit/537.36 (KHTML, like Gecko; compatible; ClaudeBot/1.0; +claudebot@anthropic.com)" cepali.edu.mx 192.185.131.128
3.19.54.158 - - [21/Feb/2025:06:27:43 -0600] "GET /blue/zmFM-20241119204720-20241120022104-20241124015840-20241124124945.php?a=bj&f=%2Fhome2%2Fsdektunc%2Fcepali.edu.mx%2Fwp-admin%2Fjs%2Fplugin-20250212200439.php HTTP/2.0" 200 32088 "-" "Mozilla/5.0 AppleWebKit/537.36 (KHTML, like Gecko; compatible; ClaudeBot/1.0; +claudebot@anthropic.com)" cepali.edu.mx 192.185.131.128
3.138.156.155 - - [21/Feb/2025:06:27:44 -0600] "GET /blue/zmFM-20241119204720-20241120022104-20241124015840-20241124124945.php?a=bj&f=%2Fhome2%2Fsdektunc%2Fcepali.edu.mx%2Fwp-admin%2Fmaint%2Ffreedoms-20241116215816-20241117122015.php HTTP/2.0" 200 2774 "-" "Mozilla/5.0 AppleWebKit/537.36 (KHTML, like Gecko; compatible; ClaudeBot/1.0; +claudebot@anthropic.com)" cepali.edu.mx 192.185.131.128
3.149.253.216 - - [21/Feb/2025:06:27:44 -0600] "GET /blue/zmFM-20241119204720-20241120022104-20241124015840-20241124124945.php?a=bj&f=%2Fhome2%2Fsdektunc%2Fcepali.edu.mx%2Fwp-admin%2Fimages%2Fupload-20241116232351-20241117050033.php HTTP/2.0" 200 6359 "-" "Mozilla/5.0 AppleWebKit/537.36 (KHTML, like Gecko; compatible; ClaudeBot/1.0; +claudebot@anthropic.com)" cepali.edu.mx 192.185.131.128
3.15.7.189 - - [21/Feb/2025:06:27:45 -0600] "GET /wp-content/mu-plugins/muse-20241124191950.php?copy=wp-admin%2Fjs%2Fwidgets%2Fcss%2Fgallery-20241117104653-20250213053721.js&finish=1&p=wp-admin%2Fincludes HTTP/2.0" 302 - "-" "Mozilla/5.0 AppleWebKit/537.36 (KHTML, like Gecko; compatible; ClaudeBot/1.0; +claudebot@anthropic.com)" cepali.edu.mx 192.185.131.128
3.139.81.238 - - [21/Feb/2025:06:27:45 -0600] "GET /css/colors/ectoplasm/zmFM-20250201095643.php?a=bj&f=%2Fhome2%2Fsdektunc%2Fdzilamdebravo1821.gob.mx%2Fcomponents%2Fcom_content%2Fsrc%2FModel%2FFormModel.php HTTP/2.0" 200 4359 "-" "Mozilla/5.0 AppleWebKit/537.36 (KHTML, like Gecko; compatible; ClaudeBot/1.0; +claudebot@anthropic.com)" cepali.edu.mx 192.185.131.128
3.147.53.17 - - [21/Feb/2025:06:27:36 -0600] "GET /wp-content/mu-plugins/muse-20241124191950.php?del=theme-install-20241116064514-20250208135006.php&p=wp-admin%2Fnetwork%2Fcss HTTP/2.0" 200 1112705 "-" "Mozilla/5.0 AppleWebKit/537.36 (KHTML, like Gecko; compatible; ClaudeBot/1.0; +claudebot@anthropic.com)" cepali.edu.mx 192.185.131.128
3.147.69.91 - - [21/Feb/2025:06:27:46 -0600] "GET /blue/zmFM-20241119204720-20241120022104-20241124015840-20241124124945.php?a=bj&f=%2Fhome2%2Fsdektunc%2Fcepali.edu.mx%2Fwp-admin%2Fimages%2Fcomment-20241124124407-20250211144735.js HTTP/2.0" 200 2125 "-" "Mozilla/5.0 AppleWebKit/537.36 (KHTML, like Gecko; compatible; ClaudeBot/1.0; +claudebot@anthropic.com)" cepali.edu.mx 192.185.131.128
3.133.134.54 - - [21/Feb/2025:06:27:46 -0600] "GET /wp-content/mu-plugins/muse-20241124191950.php?copy=wp-admin%2Fjs%2Fwidgets%2Fcomment-20241124124407-20250211144735-20250212161305.js&p=wp-admin%2Fjs%2Fwidgets%2Fcss HTTP/2.0" 200 11591 "-" "Mozilla/5.0 AppleWebKit/537.36 (KHTML, like Gecko; compatible; ClaudeBot/1.0; +claudebot@anthropic.com)" cepali.edu.mx 192.185.131.128
3.147.53.17 - - [21/Feb/2025:06:27:46 -0600] "GET /wp-content/mu-plugins/muse-20241124191950.php?copy=wp-admin%2Fnetwork%2Fcss%2Fabout-20250211204429.css&p=wp-admin%2Fnetwork%2Fcss HTTP/2.0" 200 11556 "-" "Mozilla/5.0 AppleWebKit/537.36 (KHTML, like Gecko; compatible; ClaudeBot/1.0; +claudebot@anthropic.com)" cepali.edu.mx 192.185.131.128
3.149.214.43 - - [21/Feb/2025:06:27:47 -0600] "GET /blue/zmFM-20241119204720-20241121114623-20241122031220-20241123160507-20241123234835.php?d=%2Fhome2%2Fsdektunc%2Fbeyondbrightenterprise.com%2Fmodules%2Fmod_users_latest HTTP/2.0" 200 1924 "-" "Mozilla/5.0 AppleWebKit/537.36 (KHTML, like Gecko; compatible; ClaudeBot/1.0; +claudebot@anthropic.com)" cepali.edu.mx 192.185.131.128
3.21.163.234 - - [21/Feb/2025:06:27:47 -0600] "GET /wp-includes/blocks/spacer/sitemaps-20241118123530.php HTTP/2.0" 200 - "-" "Mozilla/5.0 AppleWebKit/537.36 (KHTML, like Gecko; compatible; ClaudeBot/1.0; +claudebot@anthropic.com)" cepali.edu.mx 192.185.131.128
3.145.201.123 - - [21/Feb/2025:06:27:48 -0600] "GET /blue/zmFM-20241119204720-20241120022104-20241124015840-20241124124945.php?a=bj&f=%2Fhome2%2Fsdektunc%2Fcepali.edu.mx%2Fwp-admin%2Fmaint%2Fsetup-20250209044955-20250212005813-20250219062510.php HTTP/2.0" 200 1117 "-" "Mozilla/5.0 AppleWebKit/537.36 (KHTML, like Gecko; compatible; ClaudeBot/1.0; +claudebot@anthropic.com)" cepali.edu.mx 192.185.131.128
52.14.144.75 - - [21/Feb/2025:06:27:48 -0600] "GET /blue/zmFM-20241119204720-20241120022104-20241124015840-20241124124945.php?a=bj&f=%2Fhome2%2Fsdektunc%2Fcepali.edu.mx%2Fwp-admin%2Fimages%2Fms-deprecated-20241124045514.php HTTP/2.0" 200 2148 "-" "Mozilla/5.0 AppleWebKit/537.36 (KHTML, like Gecko; compatible; ClaudeBot/1.0; +claudebot@anthropic.com)" cepali.edu.mx 192.185.131.128
3.145.165.39 - - [21/Feb/2025:06:27:48 -0600] "GET /blue/zmFM-20241119150653-20241124010943-20241124065114.php?d=%2Fhome2%2Fsdektunc%2Fchicxulubpuebloyucatan.gob.mx%2Flibraries%2Fvendor%2Ftobscure HTTP/2.0" 200 1472 "-" "Mozilla/5.0 AppleWebKit/537.36 (KHTML, like Gecko; compatible; ClaudeBot/1.0; +claudebot@anthropic.com)" cepali.edu.mx 192.185.131.128
3.19.54.158 - - [21/Feb/2025:06:27:48 -0600] "GET /blue/zmFM-20241119204720-20241120022104-20241124015840-20241124124945.php?a=bj&f=%2Fhome2%2Fsdektunc%2Fcepali.edu.mx%2Fwp-admin%2Fjs%2Foptions-reading-20241116074903.php HTTP/2.0" 200 4821 "-" "Mozilla/5.0 AppleWebKit/537.36 (KHTML, like Gecko; compatible; ClaudeBot/1.0; +claudebot@anthropic.com)" cepali.edu.mx 192.185.131.128
3.138.156.155 - - [21/Feb/2025:06:27:49 -0600] "GET /css/zmFM-20250201094509-20250208150705-20250208212944-20250209024700-20250210002820.php?a=bj&f=%2Fhome2%2Fsdektunc%2Fchikindzonotyucatan.gob.mx%2Fadministrator%2Fcomponents%2Fcom_messages%2Fforms%2Fmessage.xml HTTP/2.0" 200 1256 "-" "Mozilla/5.0 AppleWebKit/537.36 (KHTML, like Gecko; compatible; ClaudeBot/1.0; +claudebot@anthropic.com)" cepali.edu.mx 192.185.131.128
3.149.253.216 - - [21/Feb/2025:06:27:49 -0600] "GET /blue/zmFM-20241119204720-20241120022104-20241124015840-20241124124945.php?a=bj&f=%2Fhome2%2Fsdektunc%2Fcepali.edu.mx%2Fwp-admin%2Fimages%2Fw-logo-blue-20241117015009-20241117062012.png HTTP/2.0" 200 3593 "-" "Mozilla/5.0 AppleWebKit/537.36 (KHTML, like Gecko; compatible; ClaudeBot/1.0; +claudebot@anthropic.com)" cepali.edu.mx 192.185.131.128
3.139.81.238 - - [21/Feb/2025:06:27:50 -0600] "GET /css/colors/blue/zmFM-20250201094509.php?a=bj&f=%2Fhome2%2Fsdektunc%2Fbeyondbrightenterprise.com%2Fmedia%2Fvendor%2Fcodemirror%2Fmode%2Flivescript%2Flivescript.js HTTP/2.0" 200 3344 "-" "Mozilla/5.0 AppleWebKit/537.36 (KHTML, like Gecko; compatible; ClaudeBot/1.0; +claudebot@anthropic.com)" cepali.edu.mx 192.185.131.128
3.147.69.91 - - [21/Feb/2025:06:27:51 -0600] "GET /blue/zmFM-20241119204720-20241120022104-20241124015840-20241124124945.php?a=bj&f=%2Fhome2%2Fsdektunc%2Fcepali.edu.mx%2Fwp-admin%2Fimages%2Frevisions.min-20241116105825-20250209045300.css HTTP/2.0" 200 3707 "-" "Mozilla/5.0 AppleWebKit/537.36 (KHTML, like Gecko; compatible; ClaudeBot/1.0; +claudebot@anthropic.com)" cepali.edu.mx 192.185.131.128
3.147.53.17 - - [21/Feb/2025:06:27:51 -0600] "GET /blue/zmFM-20241119204720-20241120022104-20241124015840-20241124124945.php?a=bj&f=%2Fhome2%2Fsdektunc%2Fcepali.edu.mx%2Fwp-admin%2Fnetwork%2Fabout.css HTTP/2.0" 200 7719 "-" "Mozilla/5.0 AppleWebKit/537.36 (KHTML, like Gecko; compatible; ClaudeBot/1.0; +claudebot@anthropic.com)" cepali.edu.mx 192.185.131.128
3.144.230.81 - - [21/Feb/2025:06:27:51 -0600] "GET /blue/zmFM-20241119204720-20241120022104-20241124015840-20241124124945.php?a=bj&f=%2Fhome2%2Fsdektunc%2Fcepali.edu.mx%2Fwp-admin%2Fuser%2Fmedia-upload-20241117142756.php HTTP/2.0" 200 2419 "-" "Mozilla/5.0 AppleWebKit/537.36 (KHTML, like Gecko; compatible; ClaudeBot/1.0; +claudebot@anthropic.com)" cepali.edu.mx 192.185.131.128
3.15.140.16 - - [21/Feb/2025:06:27:52 -0600] "GET /wp-content/mu-plugins/muse-20241124191950.php?copy=wp-admin%2Fimages%2Fcss%2Ftaxonomy.php&p=wp-admin%2Fnetwork%2Fcss%2Fcolors%2Fsunrise HTTP/2.0" 200 11570 "-" "Mozilla/5.0 AppleWebKit/537.36 (KHTML, like Gecko; compatible; ClaudeBot/1.0; +claudebot@anthropic.com)" cepali.edu.mx 192.185.131.128
3.21.125.193 - - [21/Feb/2025:06:27:52 -0600] "GET /blue/zmFM-20241119204720-20241120022104-20241124015840-20241124124945.php?a=bj&f=%2Fhome2%2Fsdektunc%2Fcepali.edu.mx%2Fwp-admin%2Fcss-20241119092142%2Fexport.php HTTP/2.0" 200 9507 "-" "Mozilla/5.0 AppleWebKit/537.36 (KHTML, like Gecko; compatible; ClaudeBot/1.0; +claudebot@anthropic.com)" cepali.edu.mx 192.185.131.128
52.14.144.75 - - [21/Feb/2025:06:27:53 -0600] "GET /blue/zmFM-20241119204720-20241120022104-20241124015840-20241124124945.php?a=bj&f=%2Fhome2%2Fsdektunc%2Fcepali.edu.mx%2Fwp-admin%2Fimages%2Fwpspin_light-2x-20241117064953.gif HTTP/2.0" 200 9490 "-" "Mozilla/5.0 AppleWebKit/537.36 (KHTML, like Gecko; compatible; ClaudeBot/1.0; +claudebot@anthropic.com)" cepali.edu.mx 192.185.131.128
18.227.134.23 - - [21/Feb/2025:06:27:53 -0600] "GET /blue/zmFM-20241119204720-20241120022104-20241124015840-20241124124945.php?a=bj&f=%2Fhome2%2Fsdektunc%2Fcepali.edu.mx%2Fwp-admin%2Fcss%2Fforms.min.css HTTP/2.0" 200 10388 "-" "Mozilla/5.0 AppleWebKit/537.36 (KHTML, like Gecko; compatible; ClaudeBot/1.0; +claudebot@anthropic.com)" cepali.edu.mx 192.185.131.128
3.19.54.158 - - [21/Feb/2025:06:27:53 -0600] "GET /blue/zmFM-20241119204720-20241120022104-20241124015840-20241124124945.php?a=bj&f=%2Fhome2%2Fsdektunc%2Fcepali.edu.mx%2Fwp-admin%2Fimages%2Fedit-link-form-20241116050643.php HTTP/2.0" 200 3318 "-" "Mozilla/5.0 AppleWebKit/537.36 (KHTML, like Gecko; compatible; ClaudeBot/1.0; +claudebot@anthropic.com)" cepali.edu.mx 192.185.131.128
18.217.178.170 - - [21/Feb/2025:06:27:54 -0600] "GET /wp-admin/includes/class-wp-upgrader-20241116144015.php HTTP/2.0" 500 - "-" "Mozilla/5.0 AppleWebKit/537.36 (KHTML, like Gecko; compatible; ClaudeBot/1.0; +claudebot@anthropic.com)" cepali.edu.mx 192.185.131.128
3.149.253.216 - - [21/Feb/2025:06:27:54 -0600] "GET /blue/zmFM-20241119204720-20241120022104-20241124015840-20241124124945.php?a=bj&f=%2Fhome2%2Fsdektunc%2Fcepali.edu.mx%2Fwp-admin%2Fimages%2Fsite-editor-20241116043607-20241116112548.php HTTP/2.0" 200 3562 "-" "Mozilla/5.0 AppleWebKit/537.36 (KHTML, like Gecko; compatible; ClaudeBot/1.0; +claudebot@anthropic.com)" cepali.edu.mx 192.185.131.128
18.118.146.157 - - [21/Feb/2025:06:27:52 -0600] "GET /wp-content/mu-plugins/muse-20241124191950.php?del=widgets-20250208152244-20250212031107-20250212090639.css&p=wp-admin%2Fjs%2Fwidgets%2Fcss%2Fcss%2Fcss%2Fcss%2Fcss%2Fcss HTTP/2.0" 200 315956 "-" "Mozilla/5.0 AppleWebKit/537.36 (KHTML, like Gecko; compatible; ClaudeBot/1.0; +claudebot@anthropic.com)" cepali.edu.mx 192.185.131.128
3.15.7.189 - - [21/Feb/2025:06:27:55 -0600] "GET /blue/zmFM-20241119204720-20241120022104-20241124015840-20241124124945.php?a=bj&f=%2Fhome2%2Fsdektunc%2Fcepali.edu.mx%2Fwp-admin%2Fnetwork%2Fdashboard-20241124034716.php HTTP/2.0" 200 26130 "-" "Mozilla/5.0 AppleWebKit/537.36 (KHTML, like Gecko; compatible; ClaudeBot/1.0; +claudebot@anthropic.com)" cepali.edu.mx 192.185.131.128
18.191.212.181 - - [21/Feb/2025:06:27:55 -0600] "GET /blue/zmFM-20241119204720-20241120022104-20241124015840-20241124124945.php?a=bj&f=%2Fhome2%2Fsdektunc%2Fcepali.edu.mx%2Fwp-admin%2Fcss-20241119092142%2Fwp-admin-rtl.min.css HTTP/2.0" 200 1134 "-" "Mozilla/5.0 AppleWebKit/537.36 (KHTML, like Gecko; compatible; ClaudeBot/1.0; +claudebot@anthropic.com)" cepali.edu.mx 192.185.131.128
3.144.230.81 - - [21/Feb/2025:06:27:56 -0600] "GET /blue/zmFM-20241119204720-20241120022104-20241124015840-20241124124945.php?a=bj&f=%2Fhome2%2Fsdektunc%2Fcepali.edu.mx%2Fwp-admin%2Fuser%2Fupload-20241116172929-20241116224657.php HTTP/2.0" 200 6355 "-" "Mozilla/5.0 AppleWebKit/537.36 (KHTML, like Gecko; compatible; ClaudeBot/1.0; +claudebot@anthropic.com)" cepali.edu.mx 192.185.131.128
3.147.53.17 - - [21/Feb/2025:06:27:56 -0600] "GET /blue/zmFM-20241119204720-20241120022104-20241124015840-20241124124945.php?a=bj&f=%2Fhome2%2Fsdektunc%2Fcepali.edu.mx%2Fwp-admin%2Fnetwork%2Findex.php HTTP/2.0" 200 2166 "-" "Mozilla/5.0 AppleWebKit/537.36 (KHTML, like Gecko; compatible; ClaudeBot/1.0; +claudebot@anthropic.com)" cepali.edu.mx 192.185.131.128
3.15.140.16 - - [21/Feb/2025:06:27:57 -0600] "GET /wp-content/mu-plugins/muse-20241124191950.php?copy=wp-admin%2Fimages%2Fcss%2Ftaxonomy.php&p=wp-admin%2Fnetwork%2Fcss%2Fcolors%2Fmidnight HTTP/2.0" 200 11571 "-" "Mozilla/5.0 AppleWebKit/537.36 (KHTML, like Gecko; compatible; ClaudeBot/1.0; +claudebot@anthropic.com)" cepali.edu.mx 192.185.131.128
18.117.217.76 - - [21/Feb/2025:06:27:57 -0600] "GET /blue/zmFM-20241119204720-20241120022104-20241124015840-20241124124945.php?a=bj&f=%2Fhome2%2Fsdektunc%2Fcepali.edu.mx%2Fwp-admin%2Fuser%2Finstall-20241124020105.php HTTP/2.0" 200 7422 "-" "Mozilla/5.0 AppleWebKit/537.36 (KHTML, like Gecko; compatible; ClaudeBot/1.0; +claudebot@anthropic.com)" cepali.edu.mx 192.185.131.128
3.21.125.193 - - [21/Feb/2025:06:27:57 -0600] "GET /blue/zmFM-20241119204720-20241120022104-20241124015840-20241124124945.php?a=bj&f=%2Fhome2%2Fsdektunc%2Fcepali.edu.mx%2Fwp-admin%2Fcss-20241119092142%2Fwidgets-20241117013227-20250215201023.js HTTP/2.0" 200 9492 "-" "Mozilla/5.0 AppleWebKit/537.36 (KHTML, like Gecko; compatible; ClaudeBot/1.0; +claudebot@anthropic.com)" cepali.edu.mx 192.185.131.128
52.14.144.75 - - [21/Feb/2025:06:27:58 -0600] "GET /blue/zmFM-20241119204720-20241120022104-20241124015840-20241124124945.php?a=bj&f=%2Fhome2%2Fsdektunc%2Fcepali.edu.mx%2Fwp-admin%2Fimages%2Fcommon-20250211213608-20250212054414.css HTTP/2.0" 200 25752 "-" "Mozilla/5.0 AppleWebKit/537.36 (KHTML, like Gecko; compatible; ClaudeBot/1.0; +claudebot@anthropic.com)" cepali.edu.mx 192.185.131.128
18.227.134.23 - - [21/Feb/2025:06:27:58 -0600] "GET /blue/zmFM-20241119204720-20241120022104-20241124015840-20241124124945.php?a=bj&f=%2Fhome2%2Fsdektunc%2Fcepali.edu.mx%2Fwp-admin%2Fcss%2Flink.min-20250214215823.js HTTP/2.0" 200 1734 "-" "Mozilla/5.0 AppleWebKit/537.36 (KHTML, like Gecko; compatible; ClaudeBot/1.0; +claudebot@anthropic.com)" cepali.edu.mx 192.185.131.128
18.217.178.170 - - [21/Feb/2025:06:27:59 -0600] "GET /wp-admin/includes/menu-20241116225438-20241117124635.php HTTP/2.0" 500 - "-" "Mozilla/5.0 AppleWebKit/537.36 (KHTML, like Gecko; compatible; ClaudeBot/1.0; +claudebot@anthropic.com)" cepali.edu.mx 192.185.131.128
3.149.253.216 - - [21/Feb/2025:06:27:59 -0600] "GET /blue/zmFM-20241119204720-20241120022104-20241124015840-20241124124945.php?a=bj&f=%2Fhome2%2Fsdektunc%2Fcepali.edu.mx%2Fwp-admin%2Fimages%2Ftheme-editor-20241116043758-20250209024148.php HTTP/2.0" 200 7407 "-" "Mozilla/5.0 AppleWebKit/537.36 (KHTML, like Gecko; compatible; ClaudeBot/1.0; +claudebot@anthropic.com)" cepali.edu.mx 192.185.131.128
3.15.7.189 - - [21/Feb/2025:06:27:45 -0600] "GET /wp-content/mu-plugins/muse-20241124191950.php?p=wp-admin%2Fincludes HTTP/2.0" 200 1674377 "https://cepali.edu.mx/wp-content/mu-plugins/muse-20241124191950.php?copy=wp-admin%2Fjs%2Fwidgets%2Fcss%2Fgallery-20241117104653-20250213053721.js&finish=1&p=wp-admin%2Fincludes" "Mozilla/5.0 AppleWebKit/537.36 (KHTML, like Gecko; compatible; ClaudeBot/1.0; +claudebot@anthropic.com)" cepali.edu.mx 192.185.131.128
3.15.7.189 - - [21/Feb/2025:06:28:00 -0600] "GET /blue/zmFM-20241119204720-20241120022104-20241124015840-20241124124945.php?a=bj&f=%2Fhome2%2Fsdektunc%2Fcepali.edu.mx%2Fwp-admin%2Fnetwork%2Fmenu-20241116225438-20241117033546.php HTTP/2.0" 200 6698 "-" "Mozilla/5.0 AppleWebKit/537.36 (KHTML, like Gecko; compatible; ClaudeBot/1.0; +claudebot@anthropic.com)" cepali.edu.mx 192.185.131.128
18.191.212.181 - - [21/Feb/2025:06:28:00 -0600] "GET /blue/zmFM-20241119204720-20241120022104-20241124015840-20241124124945.php?a=bj&f=%2Fhome2%2Fsdektunc%2Fcepali.edu.mx%2Fwp-admin%2Fcss-20241119092142%2Fterm-20241116140251.php HTTP/2.0" 200 1956 "-" "Mozilla/5.0 AppleWebKit/537.36 (KHTML, like Gecko; compatible; ClaudeBot/1.0; +claudebot@anthropic.com)" cepali.edu.mx 192.185.131.128
18.222.225.252 - - [21/Feb/2025:06:28:01 -0600] "GET /css/colors/zmFM-20241119130657.php?d=%2Fhome2%2Fsdektunc%2Fnectar.sdektun.com%2F__MACOSX%2F30ogli HTTP/2.0" 200 1520 "-" "Mozilla/5.0 AppleWebKit/537.36 (KHTML, like Gecko; compatible; ClaudeBot/1.0; +claudebot@anthropic.com)" cepali.edu.mx 192.185.131.128
3.144.230.81 - - [21/Feb/2025:06:28:01 -0600] "GET /blue/zmFM-20241119204720-20241120022104-20241124015840-20241124124945.php?a=bj&f=%2Fhome2%2Fsdektunc%2Fcepali.edu.mx%2Fwp-admin%2Fuser%2Fuser-edit-20241117022956-20241117134936.php HTTP/2.0" 200 1099 "-" "Mozilla/5.0 AppleWebKit/537.36 (KHTML, like Gecko; compatible; ClaudeBot/1.0; +claudebot@anthropic.com)" cepali.edu.mx 192.185.131.128
3.15.140.16 - - [21/Feb/2025:06:28:02 -0600] "GET /blue/zmFM-20241119204720-20241120022104-20241124015840-20241124124945.php?a=bj&f=%2Fhome2%2Fsdektunc%2Fcepali.edu.mx%2Fwp-admin%2Fnetwork%2Fcustom-background.php HTTP/2.0" 200 1133 "-" "Mozilla/5.0 AppleWebKit/537.36 (KHTML, like Gecko; compatible; ClaudeBot/1.0; +claudebot@anthropic.com)" cepali.edu.mx 192.185.131.128
18.216.181.229 - - [21/Feb/2025:06:28:02 -0600] "GET /blue/zmFM-20241119204720-20241120022104-20241124015840-20241124124945.php?a=bj&f=%2Fhome2%2Fsdektunc%2Fcepali.edu.mx%2Fwp-admin%2Fcss-20241119092142%2Fplugin-install.js HTTP/2.0" 200 4011 "-" "Mozilla/5.0 AppleWebKit/537.36 (KHTML, like Gecko; compatible; ClaudeBot/1.0; +claudebot@anthropic.com)" cepali.edu.mx 192.185.131.128
18.117.217.76 - - [21/Feb/2025:06:28:02 -0600] "GET /blue/zmFM-20241119204720-20241120022104-20241124015840-20241124124945.php?a=bj&f=%2Fhome2%2Fsdektunc%2Fcepali.edu.mx%2Fwp-admin%2Fuser%2Fadmin-ajax-20241116195032.php HTTP/2.0" 200 2876 "-" "Mozilla/5.0 AppleWebKit/537.36 (KHTML, like Gecko; compatible; ClaudeBot/1.0; +claudebot@anthropic.com)" cepali.edu.mx 192.185.131.128
3.21.125.193 - - [21/Feb/2025:06:28:02 -0600] "GET /blue/zmFM-20241119204720-20241120022104-20241124015840-20241124124945.php?a=bj&f=%2Fhome2%2Fsdektunc%2Fcepali.edu.mx%2Fwp-admin%2Fcss-20241119092142%2Fthemes-20241117080324-20250212200023.php HTTP/2.0" 200 6439 "-" "Mozilla/5.0 AppleWebKit/537.36 (KHTML, like Gecko; compatible; ClaudeBot/1.0; +claudebot@anthropic.com)" cepali.edu.mx 192.185.131.128
52.14.144.75 - - [21/Feb/2025:06:28:03 -0600] "GET /blue/zmFM-20241119204720-20241120022104-20241124015840-20241124124945.php?a=bj&f=%2Fhome2%2Fsdektunc%2Fcepali.edu.mx%2Fwp-admin%2Fimages%2Finstall.min-20241116202508-20250208154740.css HTTP/2.0" 200 3224 "-" "Mozilla/5.0 AppleWebKit/537.36 (KHTML, like Gecko; compatible; ClaudeBot/1.0; +claudebot@anthropic.com)" cepali.edu.mx 192.185.131.128
18.227.134.23 - - [21/Feb/2025:06:28:03 -0600] "GET /blue/zmFM-20241119204720-20241120022104-20241124015840-20241124124945.php?a=bj&f=%2Fhome2%2Fsdektunc%2Fcepali.edu.mx%2Fwp-admin%2Fnav-menus.min-20250213084448.css HTTP/2.0" 200 5472 "-" "Mozilla/5.0 AppleWebKit/537.36 (KHTML, like Gecko; compatible; ClaudeBot/1.0; +claudebot@anthropic.com)" cepali.edu.mx 192.185.131.128
18.217.178.170 - - [21/Feb/2025:06:28:04 -0600] "GET /wp-admin/includes/themes-20241117080324-20241124013925-20241124174335.php HTTP/2.0" 500 - "-" "Mozilla/5.0 AppleWebKit/537.36 (KHTML, like Gecko; compatible; ClaudeBot/1.0; +claudebot@anthropic.com)" cepali.edu.mx 192.185.131.128
3.137.189.63 - - [21/Feb/2025:06:28:04 -0600] "GET /css/colors/blue/zmFM-20241124115626-20250208053824.php?d=%2Fhome2%2Fsdektunc%2Facancehyucatan.gob.mx%2Flibraries%2Fvendor%2Fsymfony%2Fpolyfill-php80%2FResources%2Fstubs HTTP/2.0" 200 2393 "-" "Mozilla/5.0 AppleWebKit/537.36 (KHTML, like Gecko; compatible; ClaudeBot/1.0; +claudebot@anthropic.com)" cepali.edu.mx 192.185.131.128
18.119.108.166 - - [21/Feb/2025:06:28:04 -0600] "GET /wp-admin/network/updates-20250208084330-20250211074734-20250211172725-20250219165849.js HTTP/2.0" 200 37539 "-" "Mozilla/5.0 AppleWebKit/537.36 (KHTML, like Gecko; compatible; ClaudeBot/1.0; +claudebot@anthropic.com)" cepali.edu.mx 192.185.131.128
18.222.115.88 - - [21/Feb/2025:06:28:04 -0600] "GET /blue/zmFM-20241119204720-20241120022104-20241124015840-20241124124945.php?a=bj&f=%2Fhome2%2Fsdektunc%2Fcepali.edu.mx%2Fwp-admin%2Fcss%2Fprivacy-tools-20250212191314-20250215194516.php HTTP/2.0" 200 12401 "-" "Mozilla/5.0 AppleWebKit/537.36 (KHTML, like Gecko; compatible; ClaudeBot/1.0; +claudebot@anthropic.com)" cepali.edu.mx 192.185.131.128
3.17.62.51 - - [21/Feb/2025:06:28:05 -0600] "GET /css/colors/dashboard.min-20250210151047-20250219183903.css HTTP/2.0" 200 6807 "-" "Mozilla/5.0 AppleWebKit/537.36 (KHTML, like Gecko; compatible; ClaudeBot/1.0; +claudebot@anthropic.com)" cepali.edu.mx 192.185.131.128
18.191.212.181 - - [21/Feb/2025:06:28:05 -0600] "GET /blue/zmFM-20241119204720-20241120022104-20241124015840-20241124124945.php?a=bj&f=%2Fhome2%2Fsdektunc%2Fcepali.edu.mx%2Fwp-admin%2Fcss-20241119092142%2Fsite-health.min-20250211140456.css HTTP/2.0" 200 2819 "-" "Mozilla/5.0 AppleWebKit/537.36 (KHTML, like Gecko; compatible; ClaudeBot/1.0; +claudebot@anthropic.com)" cepali.edu.mx 192.185.131.128
18.222.225.252 - - [21/Feb/2025:06:28:05 -0600] "GET /css/colors/zmFM-20241119130657.php?d=%2Fhome2%2Fsdektunc%2Fnectar.sdektun.com%2F__MACOSX%2Fg8wb1c HTTP/2.0" 200 1765 "-" "Mozilla/5.0 AppleWebKit/537.36 (KHTML, like Gecko; compatible; ClaudeBot/1.0; +claudebot@anthropic.com)" cepali.edu.mx 192.185.131.128
3.144.230.81 - - [21/Feb/2025:06:28:06 -0600] "GET /blue/zmFM-20241119204720-20241120022104-20241124015840-20241124124945.php?a=bj&f=%2Fhome2%2Fsdektunc%2Fcepali.edu.mx%2Fwp-admin%2Fuser%2Fedit-20241117033246-20250209062319-20250211212243.php HTTP/2.0" 200 8134 "-" "Mozilla/5.0 AppleWebKit/537.36 (KHTML, like Gecko; compatible; ClaudeBot/1.0; +claudebot@anthropic.com)" cepali.edu.mx 192.185.131.128
13.59.23.165 - - [21/Feb/2025:06:28:06 -0600] "GET /wp-content/mu-plugins/muse-20241124191950.php?copy=wp-admin%2Fjs%2Fwidgets%2Fprivacy-20241116053809-20241124103239.php&p=wp-admin%2Fjs%2Fwidgets%2Fcss HTTP/2.0" 200 11574 "-" "Mozilla/5.0 AppleWebKit/537.36 (KHTML, like Gecko; compatible; ClaudeBot/1.0; +claudebot@anthropic.com)" cepali.edu.mx 192.185.131.128
18.216.181.229 - - [21/Feb/2025:06:28:07 -0600] "GET /blue/zmFM-20241119204720-20241120022104-20241124015840-20241124124945.php?a=bj&f=%2Fhome2%2Fsdektunc%2Fcepali.edu.mx%2Fwp-admin%2Fcss-20241119092142%2Fplugin-20250213051128.php HTTP/2.0" 200 32121 "-" "Mozilla/5.0 AppleWebKit/537.36 (KHTML, like Gecko; compatible; ClaudeBot/1.0; +claudebot@anthropic.com)" cepali.edu.mx 192.185.131.128
3.15.140.16 - - [21/Feb/2025:06:28:07 -0600] "GET /blue/zmFM-20241119204720-20241120022104-20241124015840-20241124124945.php?a=bj&f=%2Fhome2%2Fsdektunc%2Fcepali.edu.mx%2Fwp-admin%2Fmaint%2Fimport-20241116044142.php HTTP/2.0" 200 4018 "-" "Mozilla/5.0 AppleWebKit/537.36 (KHTML, like Gecko; compatible; ClaudeBot/1.0; +claudebot@anthropic.com)" cepali.edu.mx 192.185.131.128
18.117.217.76 - - [21/Feb/2025:06:28:07 -0600] "GET /blue/zmFM-20241119204720-20241120022104-20241124015840-20241124124945.php?a=bj&f=%2Fhome2%2Fsdektunc%2Fcepali.edu.mx%2Fwp-admin%2Fuser%2FFJ9ShCSlbN8-20241116183215.php HTTP/2.0" 200 52683 "-" "Mozilla/5.0 AppleWebKit/537.36 (KHTML, like Gecko; compatible; ClaudeBot/1.0; +claudebot@anthropic.com)" cepali.edu.mx 192.185.131.128
3.135.249.58 - - [21/Feb/2025:06:28:07 -0600] "GET /wp-admin/maint/forms.min-20241119092541-20250215044309-20250219183433.css HTTP/2.0" 200 9377 "-" "Mozilla/5.0 AppleWebKit/537.36 (KHTML, like Gecko; compatible; ClaudeBot/1.0; +claudebot@anthropic.com)" cepali.edu.mx 192.185.131.128
18.227.134.23 - - [21/Feb/2025:06:28:08 -0600] "GET /css/zmFM-20241124015148-20241124062101-20250201011534.php?a=bj&f=%2Fhome2%2Fsdektunc%2Fdzilamdebravo1821.gob.mx%2Farchivos%2F2022%2Ftitulov%2Ftri%2F4%2FD.1.15.pdf HTTP/2.0" 200 136716 "-" "Mozilla/5.0 AppleWebKit/537.36 (KHTML, like Gecko; compatible; ClaudeBot/1.0; +claudebot@anthropic.com)" cepali.edu.mx 192.185.131.128
18.217.178.170 - - [21/Feb/2025:06:28:09 -0600] "GET /css/zmFM-20250201085031-20250202030356-20250208193622.php?a=bj&f=%2Fhome2%2Fsdektunc%2Ftixpeual2124.gob.mx%2Fadministrator%2Flanguage%2Fen-GB%2Fplg_installer_override.ini HTTP/2.0" 200 1329 "-" "Mozilla/5.0 AppleWebKit/537.36 (KHTML, like Gecko; compatible; ClaudeBot/1.0; +claudebot@anthropic.com)" cepali.edu.mx 192.185.131.128
18.119.108.166 - - [21/Feb/2025:06:28:09 -0600] "GET /css/colors/zmFM-20241119130657.php?a=bj&f=%2Fhome2%2Fsdektunc%2Fnectar.sdektun.com%2F__MACOSX%2Fguxqymjb.php HTTP/2.0" 200 2955 "-" "Mozilla/5.0 AppleWebKit/537.36 (KHTML, like Gecko; compatible; ClaudeBot/1.0; +claudebot@anthropic.com)" cepali.edu.mx 192.185.131.128
18.222.115.88 - - [21/Feb/2025:06:28:09 -0600] "GET /blue/zmFM-20241119204720-20241120022104-20241124015840-20241124124945.php?a=bj&f=%2Fhome2%2Fsdektunc%2Fcepali.edu.mx%2Fwp-admin%2Fcss%2Findex-20241116180059-20241116234150-20250208103312.php HTTP/2.0" 200 4314 "-" "Mozilla/5.0 AppleWebKit/537.36 (KHTML, like Gecko; compatible; ClaudeBot/1.0; +claudebot@anthropic.com)" cepali.edu.mx 192.185.131.128
3.18.110.214 - - [21/Feb/2025:06:28:09 -0600] "GET /wp-admin/includes/schema-20241124041203.php HTTP/2.0" 500 - "-" "Mozilla/5.0 AppleWebKit/537.36 (KHTML, like Gecko; compatible; ClaudeBot/1.0; +claudebot@anthropic.com)" cepali.edu.mx 192.185.131.128
3.17.62.51 - - [21/Feb/2025:06:28:10 -0600] "GET /wp-content/mu-plugins/muse-20241124191950.php?edit=widgets-20250208152244-20250211091052-20250216104713.css&env=ace&p=wp-admin%2Fjs%2Fwidgets%2Fcss%2Fcss%2Fcss HTTP/2.0" 200 20624 "-" "Mozilla/5.0 AppleWebKit/537.36 (KHTML, like Gecko; compatible; ClaudeBot/1.0; +claudebot@anthropic.com)" cepali.edu.mx 192.185.131.128
18.191.212.181 - - [21/Feb/2025:06:28:10 -0600] "GET /css/zmFM-20250201094509-20250208150705-20250208212944-20250209024700-20250210002820.php?d=%2Fhome2%2Fsdektunc%2Fchikindzonotyucatan.gob.mx%2Fadministrator%2Fcomponents%2Fcom_messages%2Ftmpl%2Fmessages HTTP/2.0" 200 2100 "-" "Mozilla/5.0 AppleWebKit/537.36 (KHTML, like Gecko; compatible; ClaudeBot/1.0; +claudebot@anthropic.com)" cepali.edu.mx 192.185.131.128
18.222.225.252 - - [21/Feb/2025:06:28:10 -0600] "GET /wp-content/mu-plugins/muse-20241124191950.php?copy=wp-admin%2Fnetwork%2Fcss%2Fasync-upload-20241116072352-20250213022406.php&finish=1&p=wp-admin%2Fnetwork%2Fcss%2Fcss%2Fcss%2Fcss HTTP/2.0" 302 - "-" "Mozilla/5.0 AppleWebKit/537.36 (KHTML, like Gecko; compatible; ClaudeBot/1.0; +claudebot@anthropic.com)" cepali.edu.mx 192.185.131.128
3.144.230.81 - - [21/Feb/2025:06:28:11 -0600] "GET /blue/zmFM-20241119204720-20241120022104-20241124015840-20241124124945.php?a=bj&f=%2Fhome2%2Fsdektunc%2Fcepali.edu.mx%2Fwp-admin%2Fuser%2Fwidgets-20241117135101-20241117185056-20241118025504.js HTTP/2.0" 200 9471 "-" "Mozilla/5.0 AppleWebKit/537.36 (KHTML, like Gecko; compatible; ClaudeBot/1.0; +claudebot@anthropic.com)" cepali.edu.mx 192.185.131.128
13.59.23.165 - - [21/Feb/2025:06:28:11 -0600] "GET /blue/zmFM-20241119204720-20241120022104-20241124015840-20241124124945.php?a=bj&f=%2Fhome2%2Fsdektunc%2Fcepali.edu.mx%2Fwp-admin%2Fimages%2FFJ9ShCSlbN8-20241117073315.php HTTP/2.0" 200 52686 "-" "Mozilla/5.0 AppleWebKit/537.36 (KHTML, like Gecko; compatible; ClaudeBot/1.0; +claudebot@anthropic.com)" cepali.edu.mx 192.185.131.128
18.216.181.229 - - [21/Feb/2025:06:28:12 -0600] "GET /blue/zmFM-20241119204720-20241120022104-20241124015840-20241124124945.php?a=bj&f=%2Fhome2%2Fsdektunc%2Fcepali.edu.mx%2Fwp-admin%2Fcss-20241119092142%2Fms-admin-20241117062108.php HTTP/2.0" 200 1091 "-" "Mozilla/5.0 AppleWebKit/537.36 (KHTML, like Gecko; compatible; ClaudeBot/1.0; +claudebot@anthropic.com)" cepali.edu.mx 192.185.131.128
3.15.140.16 - - [21/Feb/2025:06:28:12 -0600] "GET /blue/zmFM-20241119204720-20241120022104-20241124015840-20241124124945.php?a=bj&f=%2Fhome2%2Fsdektunc%2Fcepali.edu.mx%2Fwp-admin%2Fmaint%2Ffarbtastic-20250208091308.js HTTP/2.0" 200 3845 "-" "Mozilla/5.0 AppleWebKit/537.36 (KHTML, like Gecko; compatible; ClaudeBot/1.0; +claudebot@anthropic.com)" cepali.edu.mx 192.185.131.128
18.117.217.76 - - [21/Feb/2025:06:28:12 -0600] "GET /blue/zmFM-20241119204720-20241120022104-20241124015840-20241124124945.php?a=bj&f=%2Fhome2%2Fsdektunc%2Fcepali.edu.mx%2Fwp-admin%2Fuser%2Flanguage-chooser.min-20250215045423.js HTTP/2.0" 200 1187 "-" "Mozilla/5.0 AppleWebKit/537.36 (KHTML, like Gecko; compatible; ClaudeBot/1.0; +claudebot@anthropic.com)" cepali.edu.mx 192.185.131.128
3.135.249.58 - - [21/Feb/2025:06:28:12 -0600] "GET /css/colors/ectoplasm/zmFM-20250201095643.php?d=%2Fhome2%2Fsdektunc%2Fcansahcab.gob.mx%2Fmedia%2Fcom_finder%2Fcss%2F HTTP/2.0" 200 3424 "-" "Mozilla/5.0 AppleWebKit/537.36 (KHTML, like Gecko; compatible; ClaudeBot/1.0; +claudebot@anthropic.com)" cepali.edu.mx 192.185.131.128
18.227.134.23 - - [21/Feb/2025:06:28:13 -0600] "GET /blue/zmFM-20241119204720-20241120022104-20241124015840-20241124124945.php?a=bj&f=%2Fhome2%2Fsdektunc%2Fcepali.edu.mx%2Fwp-admin%2Fcss%2Fwidgets-20241116224229-20250216105647.js HTTP/2.0" 200 9466 "-" "Mozilla/5.0 AppleWebKit/537.36 (KHTML, like Gecko; compatible; ClaudeBot/1.0; +claudebot@anthropic.com)" cepali.edu.mx 192.185.131.128
18.191.198.56 - - [21/Feb/2025:06:28:14 -0600] "GET /css/colors/light/zmFM-20241124024904-20250208112119.php?d=%2Fhome2%2Fsdektunc%2Fhocabayucatan.gob.mx%2Fadministrator%2Fcomponents%2Fcom_privacy%2Fsrc%2F HTTP/2.0" 200 2527 "-" "Mozilla/5.0 AppleWebKit/537.36 (KHTML, like Gecko; compatible; ClaudeBot/1.0; +claudebot@anthropic.com)" cepali.edu.mx 192.185.131.128
