18.191.117.103 - - [19/Apr/2025:06:54:27 -0600] "GET /blue/zmFM.php?a=bj&f=%2Fhome2%2Fsdektunc%2Fcepali.edu.mx%2Fwp-includes%2Fblock-patterns%2Flicense-20241118052922.txt HTTP/2.0" 200 953 "-" "Mozilla/5.0 AppleWebKit/537.36 (KHTML, like Gecko; compatible; ClaudeBot/1.0; +claudebot@anthropic.com)" cepali.edu.mx 192.185.131.128
18.191.117.103 - - [19/Apr/2025:06:54:28 -0600] "GET /css/zmFM-20241119130657.php?a=bj&f=%2Fhome2%2Fsdektunc%2Fcepali.edu.mx%2Fwp-includes%2Fdeprecated-20250304072659.php HTTP/2.0" 200 945 "-" "Mozilla/5.0 AppleWebKit/537.36 (KHTML, like Gecko; compatible; ClaudeBot/1.0; +claudebot@anthropic.com)" cepali.edu.mx 192.185.131.128
66.249.66.167 - - [19/Apr/2025:06:54:28 -0600] "GET /?_gl=1*1ix4f11*_gcl_au*MTYxMTI1OTI3MS4xNzIxODg2NjU0*_ga*ODYyMzk4MzA3LjE2OTk0NTM1Nzg.*_ga_7H42SVMQ0V*MTcyMTg4NjY1NS4xMjEuMS4xNzIxODg2NjY5LjQ2LjAuMA..&_ga=2.198040047.1958808748.1721886654-862398307.1699453578&_bdsid=2ulvIJ.n~ZXCIW.1721886656070.1721886848&_bd_prev_page=https://cepali.edu.mx/detail.php?adrav/o1883103.html HTTP/1.1" 200 121093 "-" "Mozilla/5.0 (Linux; Android 6.0.1; Nexus 5X Build/MMB29P) AppleWebKit/537.36 (KHTML, like Gecko) Chrome/135.0.7049.95 Mobile Safari/537.36 (compatible; Googlebot/2.1; +http://www.google.com/bot.html)" cepali.edu.mx 192.185.131.128
18.191.117.103 - - [19/Apr/2025:06:54:29 -0600] "GET /blue/zmFM-20241119150653-20241120002938-20241120041844-20241121134501.php?a=bj&f=%2Fhome2%2Fsdektunc%2Fcepali.edu.mx%2Fwp-includes%2Fimages%2Fcrystal%2Fwp-util.js HTTP/2.0" 200 936 "-" "Mozilla/5.0 AppleWebKit/537.36 (KHTML, like Gecko; compatible; ClaudeBot/1.0; +claudebot@anthropic.com)" cepali.edu.mx 192.185.131.128
18.191.117.103 - - [19/Apr/2025:06:54:30 -0600] "GET /blue/zmFM.php?a=bj&f=%2Fhome2%2Fsdektunc%2Fcepali.edu.mx%2Fwp-includes%2FRequests%2Fl10n-20250304224005-20250305193445.php HTTP/2.0" 200 959 "-" "Mozilla/5.0 AppleWebKit/537.36 (KHTML, like Gecko; compatible; ClaudeBot/1.0; +claudebot@anthropic.com)" cepali.edu.mx 192.185.131.128
18.191.117.103 - - [19/Apr/2025:06:54:31 -0600] "GET /blue/zmFM-20241119150653-20241124010943.php?a=bj&f=%2Fhome2%2Fsdektunc%2Fcepali.edu.mx%2Fwp-includes%2Fclass-wp-block-bindings-registry-20241116043656.php HTTP/2.0" 200 3727 "-" "Mozilla/5.0 AppleWebKit/537.36 (KHTML, like Gecko; compatible; ClaudeBot/1.0; +claudebot@anthropic.com)" cepali.edu.mx 192.185.131.128
18.191.117.103 - - [19/Apr/2025:06:54:32 -0600] "GET /css/zmFM-20241119130657.php?a=bj&f=%2Fhome2%2Fsdektunc%2Fcepali.edu.mx%2Fwp-includes%2Fclass-wp-theme-20241116042912.php HTTP/2.0" 200 21149 "-" "Mozilla/5.0 AppleWebKit/537.36 (KHTML, like Gecko; compatible; ClaudeBot/1.0; +claudebot@anthropic.com)" cepali.edu.mx 192.185.131.128
18.191.117.103 - - [19/Apr/2025:06:54:33 -0600] "GET /css/zmFM-20241119130657.php?a=bj&f=%2Fhome2%2Fsdektunc%2Fcepali.edu.mx%2Fwp-includes%2Fms-network-20241116044601.php HTTP/2.0" 200 2461 "-" "Mozilla/5.0 AppleWebKit/537.36 (KHTML, like Gecko; compatible; ClaudeBot/1.0; +claudebot@anthropic.com)" cepali.edu.mx 192.185.131.128
18.191.117.103 - - [19/Apr/2025:06:54:34 -0600] "GET /blue/zmFM-20241119150653-20241120002938-20250223030858.php?a=bj&f=%2Fhome2%2Fsdektunc%2Fcepali.edu.mx%2Fwp-admin%2Fedit-comments.php HTTP/2.0" 200 5657 "-" "Mozilla/5.0 AppleWebKit/537.36 (KHTML, like Gecko; compatible; ClaudeBot/1.0; +claudebot@anthropic.com)" cepali.edu.mx 192.185.131.128
18.191.117.103 - - [19/Apr/2025:06:54:35 -0600] "GET /wp-content/mu-plugins/muse-20241124191950.php?dl=Session.php&p=wp-content%2Fplugins%2Fsmart-slider-3%2FNextend%2FFramework%2FSession HTTP/2.0" 200 18577 "-" "Mozilla/5.0 AppleWebKit/537.36 (KHTML, like Gecko; compatible; ClaudeBot/1.0; +claudebot@anthropic.com)" cepali.edu.mx 192.185.131.128
18.191.117.103 - - [19/Apr/2025:06:54:36 -0600] "GET /wp-content/mu-plugins/muse.php?del=muse.php&p=wp-content%2Fplugins%2Fakismet HTTP/2.0" 200 104177 "-" "Mozilla/5.0 AppleWebKit/537.36 (KHTML, like Gecko; compatible; ClaudeBot/1.0; +claudebot@anthropic.com)" cepali.edu.mx 192.185.131.128
18.191.117.103 - - [19/Apr/2025:06:54:38 -0600] "GET /css/zmFM-20241119130657.php?a=bj&f=%2Fhome2%2Fsdektunc%2Fcepali.edu.mx%2Fwp-includes%2Fclass-wp-navigation-fallback-20241116043758.php HTTP/2.0" 200 3859 "-" "Mozilla/5.0 AppleWebKit/537.36 (KHTML, like Gecko; compatible; ClaudeBot/1.0; +claudebot@anthropic.com)" cepali.edu.mx 192.185.131.128
18.191.117.103 - - [19/Apr/2025:06:54:39 -0600] "GET /blue/zmFM-20241119150653-20241124030056-20241124162153.php?a=bj&f=%2Fhome2%2Fsdektunc%2Fcepali.edu.mx%2Fwp-includes%2Fblocks%2Flist%2Frich-text.js HTTP/2.0" 200 935 "-" "Mozilla/5.0 AppleWebKit/537.36 (KHTML, like Gecko; compatible; ClaudeBot/1.0; +claudebot@anthropic.com)" cepali.edu.mx 192.185.131.128
18.191.117.103 - - [19/Apr/2025:06:54:40 -0600] "GET /wp-includes/SimplePie/Cache/class-wp-query-20241116215616.php HTTP/2.0" 200 - "-" "Mozilla/5.0 AppleWebKit/537.36 (KHTML, like Gecko; compatible; ClaudeBot/1.0; +claudebot@anthropic.com)" cepali.edu.mx 192.185.131.128
18.191.117.103 - - [19/Apr/2025:06:54:41 -0600] "GET /blue/zmFM-20241119150653-20241124030056-20241124162153.php?a=bj&f=%2Fhome2%2Fsdektunc%2Fcepali.edu.mx%2Fwp-includes%2FSimplePie%2FHTTP%2Fclass-wp-locale.php HTTP/2.0" 200 4683 "-" "Mozilla/5.0 AppleWebKit/537.36 (KHTML, like Gecko; compatible; ClaudeBot/1.0; +claudebot@anthropic.com)" cepali.edu.mx 192.185.131.128
18.191.117.103 - - [19/Apr/2025:06:54:42 -0600] "GET /blue/zmFM-20241124103106.php?a=bj&f=%2Fhome2%2Fsdektunc%2Fcepali.edu.mx%2Fwp-includes%2Fjs%2Fimgareaselect%2Fcustomize-base.min-20241117121940.js HTTP/2.0" 200 961 "-" "Mozilla/5.0 AppleWebKit/537.36 (KHTML, like Gecko; compatible; ClaudeBot/1.0; +claudebot@anthropic.com)" cepali.edu.mx 192.185.131.128
18.191.117.103 - - [19/Apr/2025:06:54:43 -0600] "GET /wp-content/mu-plugins/muse.php?chmod=upgrade.php&p=wp-content%2Fplugins%2Ftp-education HTTP/2.0" 200 11826 "-" "Mozilla/5.0 AppleWebKit/537.36 (KHTML, like Gecko; compatible; ClaudeBot/1.0; +claudebot@anthropic.com)" cepali.edu.mx 192.185.131.128
18.191.117.103 - - [19/Apr/2025:06:54:44 -0600] "GET /wp-content/plugins/elementor/modules/content-sanitizer/options.php HTTP/2.0" 200 - "-" "Mozilla/5.0 AppleWebKit/537.36 (KHTML, like Gecko; compatible; ClaudeBot/1.0; +claudebot@anthropic.com)" cepali.edu.mx 192.185.131.128
18.191.117.103 - - [19/Apr/2025:06:54:45 -0600] "GET /wp-content/plugins/elementor/modules/nested-elements/attachment-20250303115843.php HTTP/2.0" 200 - "-" "Mozilla/5.0 AppleWebKit/537.36 (KHTML, like Gecko; compatible; ClaudeBot/1.0; +claudebot@anthropic.com)" cepali.edu.mx 192.185.131.128
18.191.117.103 - - [19/Apr/2025:06:54:46 -0600] "GET /css/zmFM-20241119130657.php?a=bj&f=%2Fhome2%2Fsdektunc%2Fcepali.edu.mx%2Fwp-includes%2FException-20241118042607.php HTTP/2.0" 200 2093 "-" "Mozilla/5.0 AppleWebKit/537.36 (KHTML, like Gecko; compatible; ClaudeBot/1.0; +claudebot@anthropic.com)" cepali.edu.mx 192.185.131.128
18.191.117.103 - - [19/Apr/2025:06:54:47 -0600] "GET /blue/zmFM-20241119193030-20241120022847.php?a=bj&f=%2Fhome2%2Fsdektunc%2Fcepali.edu.mx%2Fwp-admin%2Fuser%2Fcss%2Fprivacy-tools.php HTTP/2.0" 200 12379 "-" "Mozilla/5.0 AppleWebKit/537.36 (KHTML, like Gecko; compatible; ClaudeBot/1.0; +claudebot@anthropic.com)" cepali.edu.mx 192.185.131.128
18.191.117.103 - - [19/Apr/2025:06:54:48 -0600] "GET /wp-content/mu-plugins/muse.php?chmod=404.php&p=wp-content%2Fplugins%2Ftp-education HTTP/2.0" 200 11823 "-" "Mozilla/5.0 AppleWebKit/537.36 (KHTML, like Gecko; compatible; ClaudeBot/1.0; +claudebot@anthropic.com)" cepali.edu.mx 192.185.131.128
18.191.117.103 - - [19/Apr/2025:06:54:49 -0600] "GET /wp-content/mu-plugins/muse-20241124191950.php?copy=wp-content%2Fplugins%2Felementor%2Fincludes%2Fcontrols%2Fnotice.php&p=wp-content%2Fplugins%2Felementor%2Fincludes%2Fcontrols%2Fgroups HTTP/2.0" 200 11608 "-" "Mozilla/5.0 AppleWebKit/537.36 (KHTML, like Gecko; compatible; ClaudeBot/1.0; +claudebot@anthropic.com)" cepali.edu.mx 192.185.131.128
18.191.117.103 - - [19/Apr/2025:06:54:50 -0600] "GET /wp-content/mu-plugins/muse.php?copy=wp-content%2Fcss%2Fupgrade.php&p=wp-content%2Fcss%2Fcolors HTTP/2.0" 200 11613 "-" "Mozilla/5.0 AppleWebKit/537.36 (KHTML, like Gecko; compatible; ClaudeBot/1.0; +claudebot@anthropic.com)" cepali.edu.mx 192.185.131.128
18.191.117.103 - - [19/Apr/2025:06:54:51 -0600] "GET /wp-content/mu-plugins/muse-20241124191950.php?chmod=ImageListFromFolder.php&p=wp-content%2Fplugins%2Fsmart-slider-3%2FNextend%2FFramework%2FForm%2FElement%2FRadio HTTP/2.0" 200 12010 "-" "Mozilla/5.0 AppleWebKit/537.36 (KHTML, like Gecko; compatible; ClaudeBot/1.0; +claudebot@anthropic.com)" cepali.edu.mx 192.185.131.128
18.191.117.103 - - [19/Apr/2025:06:54:52 -0600] "GET /wp-content/mu-plugins/muse-20241124191950.php?copy=wp-includes%2Fjs%2Fdist%2Fvendor%2Fclass-wp-session-tokens.php&p=wp-includes%2Fjs%2Fdist%2Fvendor HTTP/2.0" 200 11547 "-" "Mozilla/5.0 AppleWebKit/537.36 (KHTML, like Gecko; compatible; ClaudeBot/1.0; +claudebot@anthropic.com)" cepali.edu.mx 192.185.131.128
18.191.117.103 - - [19/Apr/2025:06:54:53 -0600] "GET /blue/zmFM-20241119150653-20241124030056-20241124162153.php?a=bj&f=%2Fhome2%2Fsdektunc%2Fcepali.edu.mx%2Fwp-includes%2Fblocks%2Fshortcode%2Fclass-wp-dependencies.php HTTP/2.0" 200 948 "-" "Mozilla/5.0 AppleWebKit/537.36 (KHTML, like Gecko; compatible; ClaudeBot/1.0; +claudebot@anthropic.com)" cepali.edu.mx 192.185.131.128
66.249.66.167 - - [19/Apr/2025:06:55:08 -0600] "GET /?_gl=1*1ix4f11*_gcl_au*MTYxMTI1OTI3MS4xNzIxODg2NjU0*_ga*ODYyMzk4MzA3LjE2OTk0NTM1Nzg.*_ga_7H42SVMQ0V*MTcyMTg4NjY1NS4xMjEuMS4xNzIxODg2NjY5LjQ2LjAuMA..&_ga=2.198040047.1958808748.1721886654-862398307.1699453578&_bdsid=2ulvIJ.n~ZXCIW.1721886656070.1721886848&_bd_prev_page=https://cepali.edu.mx/detail.php?rqzep/m1741063.html HTTP/1.1" 200 120467 "-" "Mozilla/5.0 (Linux; Android 6.0.1; Nexus 5X Build/MMB29P) AppleWebKit/537.36 (KHTML, like Gecko) Chrome/135.0.7049.95 Mobile Safari/537.36 (compatible; Googlebot/2.1; +http://www.google.com/bot.html)" cepali.edu.mx 192.185.131.128
57.141.6.24 - - [19/Apr/2025:06:55:16 -0600] "GET /137094362.shtml HTTP/2.0" 500 - "-" "meta-externalagent/1.1 (+https://developers.facebook.com/docs/sharing/webmasters/crawler)" www.cepali.edu.mx 192.185.131.128
66.249.66.166 - - [19/Apr/2025:06:55:29 -0600] "GET /?_gl=1*1ix4f11*_gcl_au*MTYxMTI1OTI3MS4xNzIxODg2NjU0*_ga*ODYyMzk4MzA3LjE2OTk0NTM1Nzg.*_ga_7H42SVMQ0V*MTcyMTg4NjY1NS4xMjEuMS4xNzIxODg2NjY5LjQ2LjAuMA..&_ga=2.198040047.1958808748.1721886654-862398307.1699453578&_bdsid=2ulvIJ.n~ZXCIW.1721886656070.1721886848&_bd_prev_page=https://cepali.edu.mx/detail.php?mtzaw/p1744628.html HTTP/1.1" 200 119506 "-" "Mozilla/5.0 (Linux; Android 6.0.1; Nexus 5X Build/MMB29P) AppleWebKit/537.36 (KHTML, like Gecko) Chrome/135.0.7049.95 Mobile Safari/537.36 (compatible; Googlebot/2.1; +http://www.google.com/bot.html)" cepali.edu.mx 192.185.131.128
18.227.190.228 - - [19/Apr/2025:06:55:56 -0600] "GET /wp-content/mu-plugins/muse-20241124191950.php?copy=wp-content%2Fplugins%2Felementor%2Fincludes%2Finterfaces%2Fhome.html&p=wp-content%2Fplugins%2Ftp-education%2Fassets HTTP/2.0" 200 11620 "-" "Mozilla/5.0 AppleWebKit/537.36 (KHTML, like Gecko; compatible; ClaudeBot/1.0; +claudebot@anthropic.com)" cepali.edu.mx 192.185.131.128
18.227.190.228 - - [19/Apr/2025:06:55:57 -0600] "GET /wp-content/mu-plugins/muse-20241124191950.php?edit=view.php&p=wp-content%2Fplugins%2Felementor%2Fincludes%2Fwidgets HTTP/2.0" 200 11832 "-" "Mozilla/5.0 AppleWebKit/537.36 (KHTML, like Gecko; compatible; ClaudeBot/1.0; +claudebot@anthropic.com)" cepali.edu.mx 192.185.131.128
18.227.190.228 - - [19/Apr/2025:06:55:58 -0600] "GET /css/zmFM-20241119130657.php?a=bj&f=%2Fhome2%2Fsdektunc%2Fcepali.edu.mx%2Fwp-includes%2Fwidget-group-20241118173425.php HTTP/2.0" 200 1772 "-" "Mozilla/5.0 AppleWebKit/537.36 (KHTML, like Gecko; compatible; ClaudeBot/1.0; +claudebot@anthropic.com)" cepali.edu.mx 192.185.131.128
18.227.190.228 - - [19/Apr/2025:06:55:59 -0600] "GET /blue/zmFM-20241119150653-20241124023614-20241124182103-20250415065140.php?a=bj&f=%2Fhome2%2Fsdektunc%2Fcepali.edu.mx%2Fwp-includes%2Fapi-request.min-20241116073642.js HTTP/2.0" 200 1555 "-" "Mozilla/5.0 AppleWebKit/537.36 (KHTML, like Gecko; compatible; ClaudeBot/1.0; +claudebot@anthropic.com)" cepali.edu.mx 192.185.131.128
18.227.190.228 - - [19/Apr/2025:06:56:00 -0600] "GET /blue/zmFM-20241119150653-20241124010943.php?a=bj&f=%2Fhome2%2Fsdektunc%2Fcepali.edu.mx%2Fcss%2Fstyles.css HTTP/2.0" 200 3763 "-" "Mozilla/5.0 AppleWebKit/537.36 (KHTML, like Gecko; compatible; ClaudeBot/1.0; +claudebot@anthropic.com)" cepali.edu.mx 192.185.131.128
18.227.190.228 - - [19/Apr/2025:06:56:01 -0600] "GET /wp-content/mu-plugins/muse.php?copy=wp-content%2Fin138%2Ffunctions.php&finish=1&p=wp-content%2Fin138 HTTP/2.0" 302 - "-" "Mozilla/5.0 AppleWebKit/537.36 (KHTML, like Gecko; compatible; ClaudeBot/1.0; +claudebot@anthropic.com)" cepali.edu.mx 192.185.131.128
18.227.190.228 - - [19/Apr/2025:06:56:01 -0600] "GET /wp-content/mu-plugins/muse.php?p=wp-content%2Fin138 HTTP/2.0" 200 124051 "https://cepali.edu.mx/wp-content/mu-plugins/muse.php?copy=wp-content%2Fin138%2Ffunctions.php&finish=1&p=wp-content%2Fin138" "Mozilla/5.0 AppleWebKit/537.36 (KHTML, like Gecko; compatible; ClaudeBot/1.0; +claudebot@anthropic.com)" cepali.edu.mx 192.185.131.128
18.227.190.228 - - [19/Apr/2025:06:56:03 -0600] "GET /blue/zmFM-20241119150653.php?a=bj&f=%2Fhome2%2Fsdektunc%2Fcepali.edu.mx%2Fwp-content%2Fmu-plugins%2Fcss%2Fupdate-20241116044611-20241116184749.php HTTP/2.0" 200 6207 "-" "Mozilla/5.0 AppleWebKit/537.36 (KHTML, like Gecko; compatible; ClaudeBot/1.0; +claudebot@anthropic.com)" cepali.edu.mx 192.185.131.128
18.227.190.228 - - [19/Apr/2025:06:56:04 -0600] "GET /blue/zmFM-20241119150653-20241124030056-20241124162153.php?a=bj&f=%2Fhome2%2Fsdektunc%2Fcepali.edu.mx%2Fwp-includes%2Fblocks%2Fterm-description%2Fclass-wp-customize-setting.php HTTP/2.0" 200 10839 "-" "Mozilla/5.0 AppleWebKit/537.36 (KHTML, like Gecko; compatible; ClaudeBot/1.0; +claudebot@anthropic.com)" cepali.edu.mx 192.185.131.128
18.227.190.228 - - [19/Apr/2025:06:56:05 -0600] "GET /blue/zmFM-20241119150653-20241124030056-20241124162153.php?a=bj&f=%2Fhome2%2Fsdektunc%2Fcepali.edu.mx%2Fwp-includes%2Fblocks%2Fmore%2Ffeed-rss2-comments.php HTTP/2.0" 200 2638 "-" "Mozilla/5.0 AppleWebKit/537.36 (KHTML, like Gecko; compatible; ClaudeBot/1.0; +claudebot@anthropic.com)" cepali.edu.mx 192.185.131.128
18.227.190.228 - - [19/Apr/2025:06:56:06 -0600] "GET /wp-content/mu-plugins/muse-20241124191950.php?copy=wp-includes%2Fjs%2Fdist%2Fvendor%2Fplugin.php&p=wp-includes%2Fjs%2Fdist%2Fvendor HTTP/2.0" 200 11527 "-" "Mozilla/5.0 AppleWebKit/537.36 (KHTML, like Gecko; compatible; ClaudeBot/1.0; +claudebot@anthropic.com)" cepali.edu.mx 192.185.131.128
18.227.190.228 - - [19/Apr/2025:06:56:07 -0600] "GET /wp-includes/blocks/comments/functions.wp-scripts-20250309131748.php HTTP/2.0" 200 - "-" "Mozilla/5.0 AppleWebKit/537.36 (KHTML, like Gecko; compatible; ClaudeBot/1.0; +claudebot@anthropic.com)" cepali.edu.mx 192.185.131.128
18.227.190.228 - - [19/Apr/2025:06:56:08 -0600] "GET /blue/zmFM-20241119150653-20241124030056-20241124162153.php?a=bj&f=%2Fhome2%2Fsdektunc%2Fcepali.edu.mx%2Fwp-includes%2FSimplePie%2FHTTP%2Fclass-requests.php HTTP/2.0" 200 947 "-" "Mozilla/5.0 AppleWebKit/537.36 (KHTML, like Gecko; compatible; ClaudeBot/1.0; +claudebot@anthropic.com)" cepali.edu.mx 192.185.131.128
66.249.66.166 - - [19/Apr/2025:06:56:08 -0600] "GET /?_gl=1*1ix4f11*_gcl_au*MTYxMTI1OTI3MS4xNzIxODg2NjU0*_ga*ODYyMzk4MzA3LjE2OTk0NTM1Nzg.*_ga_7H42SVMQ0V*MTcyMTg4NjY1NS4xMjEuMS4xNzIxODg2NjY5LjQ2LjAuMA..&_ga=2.198040047.1958808748.1721886654-862398307.1699453578&_bdsid=2ulvIJ.n~ZXCIW.1721886656070.1721886848&_bd_prev_page=https://cepali.edu.mx/detail.php?twtiy/z1699450.html HTTP/1.1" 200 119862 "-" "Mozilla/5.0 (Linux; Android 6.0.1; Nexus 5X Build/MMB29P) AppleWebKit/537.36 (KHTML, like Gecko) Chrome/135.0.7049.95 Mobile Safari/537.36 (compatible; Googlebot/2.1; +http://www.google.com/bot.html)" cepali.edu.mx 192.185.131.128
18.227.190.228 - - [19/Apr/2025:06:56:09 -0600] "GET /blue/zmFM-20241119150653-20241124030056-20241124162153.php?a=bj&f=%2Fhome2%2Fsdektunc%2Fcepali.edu.mx%2Fwp-includes%2Fblocks%2Fread-more%2Ffunctions.wp-scripts-20250309131748.php HTTP/2.0" 200 958 "-" "Mozilla/5.0 AppleWebKit/537.36 (KHTML, like Gecko; compatible; ClaudeBot/1.0; +claudebot@anthropic.com)" cepali.edu.mx 192.185.131.128
18.227.190.228 - - [19/Apr/2025:06:56:10 -0600] "GET /blue/zmFM-20241119193030-20241120022847.php?a=bj&f=%2Fhome2%2Fsdektunc%2Fcepali.edu.mx%2Fwp-admin%2Fuser%2Fcss%2Fclass-custom-background-20250225090732.php HTTP/2.0" 200 7700 "-" "Mozilla/5.0 AppleWebKit/537.36 (KHTML, like Gecko; compatible; ClaudeBot/1.0; +claudebot@anthropic.com)" cepali.edu.mx 192.185.131.128
18.227.190.228 - - [19/Apr/2025:06:56:11 -0600] "GET /css/zmFM-20241119130657.php?a=bj&f=%2Fhome2%2Fsdektunc%2Fcepali.edu.mx%2Fwp-includes%2Fblock-bindings-20241117233609.php HTTP/2.0" 200 2816 "-" "Mozilla/5.0 AppleWebKit/537.36 (KHTML, like Gecko; compatible; ClaudeBot/1.0; +claudebot@anthropic.com)" cepali.edu.mx 192.185.131.128
18.227.190.228 - - [19/Apr/2025:06:56:12 -0600] "GET /wp-content/mu-plugins/muse.php?copy=wp-content%2Fuploads%2F2023%2Fadmin-functions.php&p=wp-content%2Fuploads%2F2023 HTTP/2.0" 200 11623 "-" "Mozilla/5.0 AppleWebKit/537.36 (KHTML, like Gecko; compatible; ClaudeBot/1.0; +claudebot@anthropic.com)" cepali.edu.mx 192.185.131.128
18.227.190.228 - - [19/Apr/2025:06:56:13 -0600] "GET /wp-includes/SimplePie/HTTP/date.php HTTP/2.0" 200 - "-" "Mozilla/5.0 AppleWebKit/537.36 (KHTML, like Gecko; compatible; ClaudeBot/1.0; +claudebot@anthropic.com)" cepali.edu.mx 192.185.131.128
18.227.190.228 - - [19/Apr/2025:06:56:14 -0600] "GET /blue/zmFM-20241119204720-20241120022104-20241124093147.php?a=bj&f=%2Fhome2%2Fsdektunc%2Fcepali.edu.mx%2Fwp-admin%2Fnetwork%2Fcss%2Fapplication-passwords.js HTTP/2.0" 200 3576 "-" "Mozilla/5.0 AppleWebKit/537.36 (KHTML, like Gecko; compatible; ClaudeBot/1.0; +claudebot@anthropic.com)" cepali.edu.mx 192.185.131.128
18.227.190.228 - - [19/Apr/2025:06:56:15 -0600] "GET /wp-includes/block-bindings/class-wp-query.php HTTP/2.0" 200 - "-" "Mozilla/5.0 AppleWebKit/537.36 (KHTML, like Gecko; compatible; ClaudeBot/1.0; +claudebot@anthropic.com)" cepali.edu.mx 192.185.131.128
18.227.190.228 - - [19/Apr/2025:06:56:16 -0600] "GET /blue/zmFM-20241119150653-20241120002938-20250223030858.php?a=bj&f=%2Fhome2%2Fsdektunc%2Fcepali.edu.mx%2Fwp-admin%2Fclass-wp-screen.php HTTP/2.0" 200 13009 "-" "Mozilla/5.0 AppleWebKit/537.36 (KHTML, like Gecko; compatible; ClaudeBot/1.0; +claudebot@anthropic.com)" cepali.edu.mx 192.185.131.128
18.227.190.228 - - [19/Apr/2025:06:56:17 -0600] "GET /wp-content/mu-plugins/muse-20241124191950.php?copy=wp-content%2Fplugins%2Felementor%2Fincludes%2Fsettings%2Fvalidations-20250304070408.php&p=wp-content%2Fplugins%2Felementor%2Fincludes HTTP/2.0" 200 11734 "-" "Mozilla/5.0 AppleWebKit/537.36 (KHTML, like Gecko; compatible; ClaudeBot/1.0; +claudebot@anthropic.com)" cepali.edu.mx 192.185.131.128
18.227.190.228 - - [19/Apr/2025:06:56:18 -0600] "GET /blue/zmFM-20241119150653-20241124010943.php?a=bj&f=%2Fhome2%2Fsdektunc%2Fcepali.edu.mx%2Fwp-includes%2Fclass-wp-embed-20241116053303.php HTTP/2.0" 200 7088 "-" "Mozilla/5.0 AppleWebKit/537.36 (KHTML, like Gecko; compatible; ClaudeBot/1.0; +claudebot@anthropic.com)" cepali.edu.mx 192.185.131.128
18.227.190.228 - - [19/Apr/2025:06:56:19 -0600] "GET /wp-includes/css/class-wp-error-20250310065802.php HTTP/2.0" 200 - "-" "Mozilla/5.0 AppleWebKit/537.36 (KHTML, like Gecko; compatible; ClaudeBot/1.0; +claudebot@anthropic.com)" cepali.edu.mx 192.185.131.128
18.227.190.228 - - [19/Apr/2025:06:56:20 -0600] "GET /blue/zmFM-20241119150653-20241124030056-20241124162153.php?a=bj&f=%2Fhome2%2Fsdektunc%2Fcepali.edu.mx%2Fwp-includes%2FSimplePie%2FHTTP%2FResponse.php HTTP/2.0" 200 943 "-" "Mozilla/5.0 AppleWebKit/537.36 (KHTML, like Gecko; compatible; ClaudeBot/1.0; +claudebot@anthropic.com)" cepali.edu.mx 192.185.131.128
18.227.190.228 - - [19/Apr/2025:06:56:21 -0600] "GET /blue/zmFM-20241119204720-20241120022104-20241124015840.php?a=bj&f=%2Fhome2%2Fsdektunc%2Fairport-back%2Fcontrollers%2FDestinationController.php HTTP/2.0" 200 1017 "-" "Mozilla/5.0 AppleWebKit/537.36 (KHTML, like Gecko; compatible; ClaudeBot/1.0; +claudebot@anthropic.com)" cepali.edu.mx 192.185.131.128
18.227.190.228 - - [19/Apr/2025:06:56:22 -0600] "GET /wp-includes/blocks/archives/class-wp-rewrite.php HTTP/2.0" 200 - "-" "Mozilla/5.0 AppleWebKit/537.36 (KHTML, like Gecko; compatible; ClaudeBot/1.0; +claudebot@anthropic.com)" cepali.edu.mx 192.185.131.128
57.141.6.8 - - [19/Apr/2025:06:56:22 -0600] "GET /86527062.shtml HTTP/2.0" 500 - "-" "meta-externalagent/1.1 (+https://developers.facebook.com/docs/sharing/webmasters/crawler)" www.cepali.edu.mx 192.185.131.128
18.227.190.228 - - [19/Apr/2025:06:56:23 -0600] "GET /blue/zmFM-20241119150653-20241124010943.php?a=bj&f=%2Fhome2%2Fsdektunc%2Fcepali.edu.mx%2Fwp-includes%2Fcomment-template-20241116095331.php HTTP/2.0" 200 34421 "-" "Mozilla/5.0 AppleWebKit/537.36 (KHTML, like Gecko; compatible; ClaudeBot/1.0; +claudebot@anthropic.com)" cepali.edu.mx 192.185.131.128
18.227.190.228 - - [19/Apr/2025:06:56:24 -0600] "GET /blue/zmFM-20241119150653-20241124010943.php?a=bj&f=%2Fhome2%2Fsdektunc%2Fcepali.edu.mx%2Fwp-includes%2Fclass-wp-taxonomy-20241116022911.php HTTP/2.0" 200 6385 "-" "Mozilla/5.0 AppleWebKit/537.36 (KHTML, like Gecko; compatible; ClaudeBot/1.0; +claudebot@anthropic.com)" cepali.edu.mx 192.185.131.128
18.227.190.228 - - [19/Apr/2025:06:56:25 -0600] "GET /wp-content/mu-plugins/muse-20241124191950.php?dl=section.php&p=wp-content%2Fplugins%2Felementor%2Fmodules%2Flibrary%2Fdocuments HTTP/2.0" 200 26623 "-" "Mozilla/5.0 AppleWebKit/537.36 (KHTML, like Gecko; compatible; ClaudeBot/1.0; +claudebot@anthropic.com)" cepali.edu.mx 192.185.131.128
18.227.190.228 - - [19/Apr/2025:06:56:26 -0600] "GET /blue/zmFM-20241119150653-20241124010943.php?a=bj&f=%2Fhome2%2Fsdektunc%2Fcepali.edu.mx%2Fwp-includes%2Fclass-wp-customize-panel-20241116043807.php HTTP/2.0" 200 4753 "-" "Mozilla/5.0 AppleWebKit/537.36 (KHTML, like Gecko; compatible; ClaudeBot/1.0; +claudebot@anthropic.com)" cepali.edu.mx 192.185.131.128
18.227.190.228 - - [19/Apr/2025:06:56:27 -0600] "GET /blue/zmFM.php?a=bj&f=%2Fhome2%2Fsdektunc%2Fcepali.edu.mx%2Fwp-includes%2Finteractivity-api%2Fblock-20241117161612.json HTTP/2.0" 200 1490 "-" "Mozilla/5.0 AppleWebKit/537.36 (KHTML, like Gecko; compatible; ClaudeBot/1.0; +claudebot@anthropic.com)" cepali.edu.mx 192.185.131.128
66.249.66.166 - - [19/Apr/2025:06:56:27 -0600] "GET /?_gl=1*1ix4f11*_gcl_au*MTYxMTI1OTI3MS4xNzIxODg2NjU0*_ga*ODYyMzk4MzA3LjE2OTk0NTM1Nzg.*_ga_7H42SVMQ0V*MTcyMTg4NjY1NS4xMjEuMS4xNzIxODg2NjY5LjQ2LjAuMA..&_ga=2.198040047.1958808748.1721886654-862398307.1699453578&_bdsid=2ulvIJ.n~ZXCIW.1721886656070.1721886848&_bd_prev_page=https://cepali.edu.mx/detail.php?xfukh/e480497.html HTTP/1.1" 200 119853 "-" "Mozilla/5.0 (Linux; Android 6.0.1; Nexus 5X Build/MMB29P) AppleWebKit/537.36 (KHTML, like Gecko) Chrome/135.0.7049.95 Mobile Safari/537.36 (compatible; Googlebot/2.1; +http://www.google.com/bot.html)" cepali.edu.mx 192.185.131.128
66.249.66.166 - - [19/Apr/2025:06:56:29 -0600] "GET /?_gl=1*1ix4f11*_gcl_au*MTYxMTI1OTI3MS4xNzIxODg2NjU0*_ga*ODYyMzk4MzA3LjE2OTk0NTM1Nzg.*_ga_7H42SVMQ0V*MTcyMTg4NjY1NS4xMjEuMS4xNzIxODg2NjY5LjQ2LjAuMA..&_ga=2.198040047.1958808748.1721886654-862398307.1699453578&_bdsid=2ulvIJ.n~ZXCIW.1721886656070.1721886848&_bd_prev_page=https://cepali.edu.mx/detail.php?prnru/d2201306.html HTTP/1.1" 200 118929 "-" "Mozilla/5.0 (Linux; Android 6.0.1; Nexus 5X Build/MMB29P) AppleWebKit/537.36 (KHTML, like Gecko) Chrome/135.0.7049.95 Mobile Safari/537.36 (compatible; Googlebot/2.1; +http://www.google.com/bot.html)" cepali.edu.mx 192.185.131.128
66.249.66.165 - - [19/Apr/2025:06:56:53 -0600] "GET /?_gl=1*1ix4f11*_gcl_au*MTYxMTI1OTI3MS4xNzIxODg2NjU0*_ga*ODYyMzk4MzA3LjE2OTk0NTM1Nzg.*_ga_7H42SVMQ0V*MTcyMTg4NjY1NS4xMjEuMS4xNzIxODg2NjY5LjQ2LjAuMA..&_ga=2.198040047.1958808748.1721886654-862398307.1699453578&_bdsid=2ulvIJ.n~ZXCIW.1721886656070.1721886848&_bd_prev_page=https://cepali.edu.mx/detail.php?dstkd/c1898561.html HTTP/1.1" 200 119481 "-" "Mozilla/5.0 (Linux; Android 6.0.1; Nexus 5X Build/MMB29P) AppleWebKit/537.36 (KHTML, like Gecko) Chrome/135.0.7049.95 Mobile Safari/537.36 (compatible; Googlebot/2.1; +http://www.google.com/bot.html)" cepali.edu.mx 192.185.131.128
66.249.66.167 - - [19/Apr/2025:06:57:07 -0600] "GET /?_gl=1*1ix4f11*_gcl_au*MTYxMTI1OTI3MS4xNzIxODg2NjU0*_ga*ODYyMzk4MzA3LjE2OTk0NTM1Nzg.*_ga_7H42SVMQ0V*MTcyMTg4NjY1NS4xMjEuMS4xNzIxODg2NjY5LjQ2LjAuMA..&_ga=2.198040047.1958808748.1721886654-862398307.1699453578&_bdsid=2ulvIJ.n~ZXCIW.1721886656070.1721886848&_bd_prev_page=https://cepali.edu.mx/detail.php?ctzjl/i2337915.html HTTP/1.1" 200 121489 "-" "Mozilla/5.0 (Linux; Android 6.0.1; Nexus 5X Build/MMB29P) AppleWebKit/537.36 (KHTML, like Gecko) Chrome/135.0.7049.95 Mobile Safari/537.36 (compatible; Googlebot/2.1; +http://www.google.com/bot.html)" cepali.edu.mx 192.185.131.128
66.249.66.166 - - [19/Apr/2025:06:57:20 -0600] "GET /?_gl=1*1ix4f11*_gcl_au*MTYxMTI1OTI3MS4xNzIxODg2NjU0*_ga*ODYyMzk4MzA3LjE2OTk0NTM1Nzg.*_ga_7H42SVMQ0V*MTcyMTg4NjY1NS4xMjEuMS4xNzIxODg2NjY5LjQ2LjAuMA..&_ga=2.198040047.1958808748.1721886654-862398307.1699453578&_bdsid=2ulvIJ.n~ZXCIW.1721886656070.1721886848&_bd_prev_page=https://cepali.edu.mx/detail.php?qgzhy/i1746571.html HTTP/1.1" 200 119096 "-" "Mozilla/5.0 (Linux; Android 6.0.1; Nexus 5X Build/MMB29P) AppleWebKit/537.36 (KHTML, like Gecko) Chrome/135.0.7049.95 Mobile Safari/537.36 (compatible; Googlebot/2.1; +http://www.google.com/bot.html)" cepali.edu.mx 192.185.131.128
66.249.66.165 - - [19/Apr/2025:06:57:22 -0600] "GET /?_gl=1*1ix4f11*_gcl_au*MTYxMTI1OTI3MS4xNzIxODg2NjU0*_ga*ODYyMzk4MzA3LjE2OTk0NTM1Nzg.*_ga_7H42SVMQ0V*MTcyMTg4NjY1NS4xMjEuMS4xNzIxODg2NjY5LjQ2LjAuMA..&_ga=2.198040047.1958808748.1721886654-862398307.1699453578&_bdsid=2ulvIJ.n~ZXCIW.1721886656070.1721886848&_bd_prev_page=https://cepali.edu.mx/detail.php?umyvn/o700311.html HTTP/1.1" 200 119323 "-" "Mozilla/5.0 (Linux; Android 6.0.1; Nexus 5X Build/MMB29P) AppleWebKit/537.36 (KHTML, like Gecko) Chrome/135.0.7049.95 Mobile Safari/537.36 (compatible; Googlebot/2.1; +http://www.google.com/bot.html)" cepali.edu.mx 192.185.131.128
66.249.66.165 - - [19/Apr/2025:06:57:24 -0600] "GET /fisyi/h2561436.html HTTP/1.1" 200 119566 "-" "Mozilla/5.0 (Linux; Android 6.0.1; Nexus 5X Build/MMB29P) AppleWebKit/537.36 (KHTML, like Gecko) Chrome/135.0.7049.95 Mobile Safari/537.36 (compatible; Googlebot/2.1; +http://www.google.com/bot.html)" cepali.edu.mx 192.185.131.128
57.141.6.9 - - [19/Apr/2025:06:57:29 -0600] "GET /285468662.shtml HTTP/2.0" 500 - "-" "meta-externalagent/1.1 (+https://developers.facebook.com/docs/sharing/webmasters/crawler)" www.cepali.edu.mx 192.185.131.128
18.219.89.186 - - [19/Apr/2025:06:57:30 -0600] "GET /css/zmFM-20241119130657.php?a=bj&f=%2Fhome2%2Fsdektunc%2Fcepali.edu.mx%2Fwp-includes%2Frss-20241116072611.php HTTP/2.0" 200 939 "-" "Mozilla/5.0 AppleWebKit/537.36 (KHTML, like Gecko; compatible; ClaudeBot/1.0; +claudebot@anthropic.com)" cepali.edu.mx 192.185.131.128
18.219.89.186 - - [19/Apr/2025:06:57:31 -0600] "GET /css/zmFM-20241119130657.php?a=bj&f=%2Fhome2%2Fsdektunc%2Fcepali.edu.mx%2Fwp-includes%2Fuser-20241119073948.php HTTP/2.0" 200 940 "-" "Mozilla/5.0 AppleWebKit/537.36 (KHTML, like Gecko; compatible; ClaudeBot/1.0; +claudebot@anthropic.com)" cepali.edu.mx 192.185.131.128
18.219.89.186 - - [19/Apr/2025:06:57:32 -0600] "GET /blue/zmFM-20241119150653-20241124010943.php?a=bj&f=%2Fhome2%2Fsdektunc%2Fcepali.edu.mx%2Fwp-includes%2Fwidgets-20241118005516.php HTTP/2.0" 200 943 "-" "Mozilla/5.0 AppleWebKit/537.36 (KHTML, like Gecko; compatible; ClaudeBot/1.0; +claudebot@anthropic.com)" cepali.edu.mx 192.185.131.128
18.219.89.186 - - [19/Apr/2025:06:57:33 -0600] "GET /blue/zmFM-20241119150653-20241124030056-20241124162153.php?a=bj&f=%2Fhome2%2Fsdektunc%2Fcepali.edu.mx%2Fwp-includes%2Fblocks%2Fquery-pagination-numbers%2Fspl-autoload-compat.php HTTP/2.0" 200 1236 "-" "Mozilla/5.0 AppleWebKit/537.36 (KHTML, like Gecko; compatible; ClaudeBot/1.0; +claudebot@anthropic.com)" cepali.edu.mx 192.185.131.128
66.249.66.165 - - [19/Apr/2025:06:57:33 -0600] "GET /?_gl=1*1ix4f11*_gcl_au*MTYxMTI1OTI3MS4xNzIxODg2NjU0*_ga*ODYyMzk4MzA3LjE2OTk0NTM1Nzg.*_ga_7H42SVMQ0V*MTcyMTg4NjY1NS4xMjEuMS4xNzIxODg2NjY5LjQ2LjAuMA..&_ga=2.198040047.1958808748.1721886654-862398307.1699453578&_bdsid=2ulvIJ.n~ZXCIW.1721886656070.1721886848&_bd_prev_page=https://cepali.edu.mx/detail.php?lkmrt/t2733490.html HTTP/1.1" 200 121132 "-" "Mozilla/5.0 (Linux; Android 6.0.1; Nexus 5X Build/MMB29P) AppleWebKit/537.36 (KHTML, like Gecko) Chrome/135.0.7049.95 Mobile Safari/537.36 (compatible; Googlebot/2.1; +http://www.google.com/bot.html)" cepali.edu.mx 192.185.131.128
18.219.89.186 - - [19/Apr/2025:06:57:34 -0600] "GET /wp-includes/SimplePie/Decode/class-http-20241116075052.php HTTP/2.0" 200 - "-" "Mozilla/5.0 AppleWebKit/537.36 (KHTML, like Gecko; compatible; ClaudeBot/1.0; +claudebot@anthropic.com)" cepali.edu.mx 192.185.131.128
18.219.89.186 - - [19/Apr/2025:06:57:35 -0600] "GET /blue/zmFM-20241119204720-20241120022104-20241124093147.php?a=bj&f=%2Fhome2%2Fsdektunc%2Fcepali.edu.mx%2Fwp-admin%2Fnetwork%2Fcss%2Fuser-profile.js HTTP/2.0" 200 6280 "-" "Mozilla/5.0 AppleWebKit/537.36 (KHTML, like Gecko; compatible; ClaudeBot/1.0; +claudebot@anthropic.com)" cepali.edu.mx 192.185.131.128
18.219.89.186 - - [19/Apr/2025:06:57:36 -0600] "GET /blue/zmFM-20241119150653-20241124010943.php?a=bj&f=%2Fhome2%2Fsdektunc%2Fcepali.edu.mx%2Fcss%2Fsite-health.css HTTP/2.0" 200 3024 "-" "Mozilla/5.0 AppleWebKit/537.36 (KHTML, like Gecko; compatible; ClaudeBot/1.0; +claudebot@anthropic.com)" cepali.edu.mx 192.185.131.128
18.219.89.186 - - [19/Apr/2025:06:57:37 -0600] "GET /wp-includes/rest-api/post-author-name.php HTTP/2.0" 500 - "-" "Mozilla/5.0 AppleWebKit/537.36 (KHTML, like Gecko; compatible; ClaudeBot/1.0; +claudebot@anthropic.com)" cepali.edu.mx 192.185.131.128
18.219.89.186 - - [19/Apr/2025:06:57:38 -0600] "GET /blue/zmFM-20241119150653-20241121115913-20241124014107.php?a=bj&f=%2Fhome2%2Fsdektunc%2Fsdektun.com%2Findex.html HTTP/2.0" 200 926 "-" "Mozilla/5.0 AppleWebKit/537.36 (KHTML, like Gecko; compatible; ClaudeBot/1.0; +claudebot@anthropic.com)" cepali.edu.mx 192.185.131.128
18.219.89.186 - - [19/Apr/2025:06:57:39 -0600] "GET /wp-includes/blocks/file/nav-menu.php HTTP/2.0" 200 - "-" "Mozilla/5.0 AppleWebKit/537.36 (KHTML, like Gecko; compatible; ClaudeBot/1.0; +claudebot@anthropic.com)" cepali.edu.mx 192.185.131.128
18.219.89.186 - - [19/Apr/2025:06:57:40 -0600] "GET /css/zmFM-20241119130657.php?a=bj&f=%2Fhome2%2Fsdektunc%2Fcepali.edu.mx%2Fwp-includes%2Fclass-phpmailer-20250306213839.php HTTP/2.0" 200 950 "-" "Mozilla/5.0 AppleWebKit/537.36 (KHTML, like Gecko; compatible; ClaudeBot/1.0; +claudebot@anthropic.com)" cepali.edu.mx 192.185.131.128
18.219.89.186 - - [19/Apr/2025:06:57:41 -0600] "GET /blue/zmFM-20241119150653.php?a=bj&f=%2Fhome2%2Fsdektunc%2Fcepali.edu.mx%2Fwp-content%2Fuploads%2F2021%2Fes_ES.mo HTTP/2.0" 200 933 "-" "Mozilla/5.0 AppleWebKit/537.36 (KHTML, like Gecko; compatible; ClaudeBot/1.0; +claudebot@anthropic.com)" cepali.edu.mx 192.185.131.128
18.219.89.186 - - [19/Apr/2025:06:57:42 -0600] "GET /blue/zmFM-20241119150653-20241124030056-20241124162153.php?a=bj&f=%2Fhome2%2Fsdektunc%2Fcepali.edu.mx%2Fwp-includes%2Fblocks%2Fshortcode%2Fclass-requests.php HTTP/2.0" 200 944 "-" "Mozilla/5.0 AppleWebKit/537.36 (KHTML, like Gecko; compatible; ClaudeBot/1.0; +claudebot@anthropic.com)" cepali.edu.mx 192.185.131.128
18.219.89.186 - - [19/Apr/2025:06:57:43 -0600] "GET /blue/zmFM-20241119150653-20241124030056-20241124162153.php?a=bj&f=%2Fhome2%2Fsdektunc%2Fcepali.edu.mx%2Fwp-includes%2Fblocks%2Fterm-description%2Fnavigation-submenu.php HTTP/2.0" 200 948 "-" "Mozilla/5.0 AppleWebKit/537.36 (KHTML, like Gecko; compatible; ClaudeBot/1.0; +claudebot@anthropic.com)" cepali.edu.mx 192.185.131.128
18.219.89.186 - - [19/Apr/2025:06:57:44 -0600] "GET /blue/zmFM.php?a=bj&f=%2Fhome2%2Fsdektunc%2Fcepali.edu.mx%2Fwp-includes%2FRequests%2Fabout-20241117202043-20250303184758.php HTTP/2.0" 200 961 "-" "Mozilla/5.0 AppleWebKit/537.36 (KHTML, like Gecko; compatible; ClaudeBot/1.0; +claudebot@anthropic.com)" cepali.edu.mx 192.185.131.128
18.219.89.186 - - [19/Apr/2025:06:57:45 -0600] "GET /blue/zmFM-20241119150653-20241124030056-20241124162153.php?a=bj&f=%2Fhome2%2Fsdektunc%2Fcepali.edu.mx%2Fwp-includes%2Fblocks%2Fterm-description%2Fbackbone.min.js HTTP/2.0" 200 945 "-" "Mozilla/5.0 AppleWebKit/537.36 (KHTML, like Gecko; compatible; ClaudeBot/1.0; +claudebot@anthropic.com)" cepali.edu.mx 192.185.131.128
18.219.89.186 - - [19/Apr/2025:06:57:46 -0600] "GET /blue/zmFM-20241119193030-20241120022847.php?a=bj&f=%2Fhome2%2Fsdektunc%2Fcepali.edu.mx%2Fwp-admin%2Fuser%2Fcss%2Fsite-health.php HTTP/2.0" 200 5177 "-" "Mozilla/5.0 AppleWebKit/537.36 (KHTML, like Gecko; compatible; ClaudeBot/1.0; +claudebot@anthropic.com)" cepali.edu.mx 192.185.131.128
18.219.89.186 - - [19/Apr/2025:06:57:47 -0600] "GET /wp-content/mu-plugins/muse-20241124191950.php?copy=wp-content%2Fplugins%2Felementor%2Fassets%2Fshapes.php&p=wp-content%2Fplugins%2Felementor%2Fassets%2Fmask-shapes HTTP/2.0" 200 11573 "-" "Mozilla/5.0 AppleWebKit/537.36 (KHTML, like Gecko; compatible; ClaudeBot/1.0; +claudebot@anthropic.com)" cepali.edu.mx 192.185.131.128
18.219.89.186 - - [19/Apr/2025:06:57:48 -0600] "GET /wp-content/mu-plugins/muse.php?p=wp-content%2Fplugins&view=image-slider-with-thumbnail5.jpeg HTTP/2.0" 200 11904 "-" "Mozilla/5.0 AppleWebKit/537.36 (KHTML, like Gecko; compatible; ClaudeBot/1.0; +claudebot@anthropic.com)" cepali.edu.mx 192.185.131.128
18.219.89.186 - - [19/Apr/2025:06:57:49 -0600] "GET /wp-includes/blocks/heading/class-wp-editor.php HTTP/2.0" 200 - "-" "Mozilla/5.0 AppleWebKit/537.36 (KHTML, like Gecko; compatible; ClaudeBot/1.0; +claudebot@anthropic.com)" cepali.edu.mx 192.185.131.128
18.219.89.186 - - [19/Apr/2025:06:57:50 -0600] "GET /css/zmFM-20241119130657.php?a=bj&f=%2Fhome2%2Fsdektunc%2Fcepali.edu.mx%2Fwp-includes%2Fpost-20241117213447.php HTTP/2.0" 200 939 "-" "Mozilla/5.0 AppleWebKit/537.36 (KHTML, like Gecko; compatible; ClaudeBot/1.0; +claudebot@anthropic.com)" cepali.edu.mx 192.185.131.128
18.219.89.186 - - [19/Apr/2025:06:57:51 -0600] "GET /blue/zmFM-20241124103106.php?a=bj&f=%2Fhome2%2Fsdektunc%2Fmail%2F.obras%40tepakanyucatan_gob_mx%2Fdovecot-acl-list HTTP/2.0" 200 937 "-" "Mozilla/5.0 AppleWebKit/537.36 (KHTML, like Gecko; compatible; ClaudeBot/1.0; +claudebot@anthropic.com)" cepali.edu.mx 192.185.131.128
18.219.89.186 - - [19/Apr/2025:06:57:52 -0600] "GET /wp-includes/l10n/class-wp-widget-custom-html.php HTTP/2.0" 500 - "-" "Mozilla/5.0 AppleWebKit/537.36 (KHTML, like Gecko; compatible; ClaudeBot/1.0; +claudebot@anthropic.com)" cepali.edu.mx 192.185.131.128
18.219.89.186 - - [19/Apr/2025:06:57:53 -0600] "GET /blue/zmFM-20241119150653-20241124010943.php?a=bj&f=%2Fhome2%2Fsdektunc%2Fcepali.edu.mx%2Fcss%2Fcustomize-nav-menus-20241124014851.css HTTP/2.0" 200 7166 "-" "Mozilla/5.0 AppleWebKit/537.36 (KHTML, like Gecko; compatible; ClaudeBot/1.0; +claudebot@anthropic.com)" cepali.edu.mx 192.185.131.128
18.219.89.186 - - [19/Apr/2025:06:57:54 -0600] "GET /css/colors/zmFM-20250201114450.php?a=bj&f=%2Fhome2%2Fsdektunc%2Fcepali.edu.mx%2Fuw2m5ky7.php HTTP/2.0" 200 31740 "-" "Mozilla/5.0 AppleWebKit/537.36 (KHTML, like Gecko; compatible; ClaudeBot/1.0; +claudebot@anthropic.com)" cepali.edu.mx 192.185.131.128
66.249.66.166 - - [19/Apr/2025:06:57:53 -0600] "GET /?_gl=1*1ix4f11*_gcl_au*MTYxMTI1OTI3MS4xNzIxODg2NjU0*_ga*ODYyMzk4MzA3LjE2OTk0NTM1Nzg.*_ga_7H42SVMQ0V*MTcyMTg4NjY1NS4xMjEuMS4xNzIxODg2NjY5LjQ2LjAuMA..&_ga=2.198040047.1958808748.1721886654-862398307.1699453578&_bdsid=2ulvIJ.n~ZXCIW.1721886656070.1721886848&_bd_prev_page=https://cepali.edu.mx/detail.php?yotye/p148852.html HTTP/1.1" 200 120733 "-" "Mozilla/5.0 (Linux; Android 6.0.1; Nexus 5X Build/MMB29P) AppleWebKit/537.36 (KHTML, like Gecko) Chrome/135.0.7049.95 Mobile Safari/537.36 (compatible; Googlebot/2.1; +http://www.google.com/bot.html)" cepali.edu.mx 192.185.131.128
18.219.89.186 - - [19/Apr/2025:06:57:55 -0600] "GET /blue/zmFM-20241119150653-20241124023614-20241124182103-20250415065140.php?a=bj&f=%2Fhome2%2Fsdektunc%2Fcepali.edu.mx%2Fwp-includes%2Fclass-wp-widget-rss.php HTTP/2.0" 200 3074 "-" "Mozilla/5.0 AppleWebKit/537.36 (KHTML, like Gecko; compatible; ClaudeBot/1.0; +claudebot@anthropic.com)" cepali.edu.mx 192.185.131.128
66.249.66.166 - - [19/Apr/2025:06:58:30 -0600] "GET /?_gl=1*1ix4f11*_gcl_au*MTYxMTI1OTI3MS4xNzIxODg2NjU0*_ga*ODYyMzk4MzA3LjE2OTk0NTM1Nzg.*_ga_7H42SVMQ0V*MTcyMTg4NjY1NS4xMjEuMS4xNzIxODg2NjY5LjQ2LjAuMA..&_ga=2.198040047.1958808748.1721886654-862398307.1699453578&_bdsid=2ulvIJ.n~ZXCIW.1721886656070.1721886848&_bd_prev_page=https://cepali.edu.mx/detail.php?rpdlt/o552423.html HTTP/1.1" 200 119765 "-" "Mozilla/5.0 (Linux; Android 6.0.1; Nexus 5X Build/MMB29P) AppleWebKit/537.36 (KHTML, like Gecko) Chrome/135.0.7049.95 Mobile Safari/537.36 (compatible; Googlebot/2.1; +http://www.google.com/bot.html)" cepali.edu.mx 192.185.131.128
66.249.66.167 - - [19/Apr/2025:06:58:32 -0600] "GET /?_gl=1*1ix4f11*_gcl_au*MTYxMTI1OTI3MS4xNzIxODg2NjU0*_ga*ODYyMzk4MzA3LjE2OTk0NTM1Nzg.*_ga_7H42SVMQ0V*MTcyMTg4NjY1NS4xMjEuMS4xNzIxODg2NjY5LjQ2LjAuMA..&_ga=2.198040047.1958808748.1721886654-862398307.1699453578&_bdsid=2ulvIJ.n~ZXCIW.1721886656070.1721886848&_bd_prev_page=https://cepali.edu.mx/detail.php?ygslc/r2698128.html HTTP/1.1" 200 121305 "-" "Mozilla/5.0 (Linux; Android 6.0.1; Nexus 5X Build/MMB29P) AppleWebKit/537.36 (KHTML, like Gecko) Chrome/135.0.7049.95 Mobile Safari/537.36 (compatible; Googlebot/2.1; +http://www.google.com/bot.html)" cepali.edu.mx 192.185.131.128
57.141.6.24 - - [19/Apr/2025:06:58:37 -0600] "GET /663619002.phtml HTTP/2.0" 500 - "-" "meta-externalagent/1.1 (+https://developers.facebook.com/docs/sharing/webmasters/crawler)" cepali.edu.mx 192.185.131.128
40.113.14.173 - - [19/Apr/2025:06:58:39 -0600] "GET /autodiscover/autodiscover.xml HTTP/1.1" 400 52 "-" "-" autodiscover.cepali.edu.mx 192.185.131.128
40.113.14.173 - - [19/Apr/2025:06:58:40 -0600] "GET /autodiscover/autodiscover.xml HTTP/1.1" 400 52 "-" "-" autodiscover.cepali.edu.mx 192.185.131.128
66.249.66.165 - - [19/Apr/2025:06:58:40 -0600] "GET /?_gl=1*1ix4f11*_gcl_au*MTYxMTI1OTI3MS4xNzIxODg2NjU0*_ga*ODYyMzk4MzA3LjE2OTk0NTM1Nzg.*_ga_7H42SVMQ0V*MTcyMTg4NjY1NS4xMjEuMS4xNzIxODg2NjY5LjQ2LjAuMA..&_ga=2.198040047.1958808748.1721886654-862398307.1699453578&_bdsid=2ulvIJ.n~ZXCIW.1721886656070.1721886848&_bd_prev_page=https://cepali.edu.mx/detail.php?xvzaf/m2881891.html HTTP/1.1" 200 119954 "-" "Mozilla/5.0 (Linux; Android 6.0.1; Nexus 5X Build/MMB29P) AppleWebKit/537.36 (KHTML, like Gecko) Chrome/135.0.7049.95 Mobile Safari/537.36 (compatible; Googlebot/2.1; +http://www.google.com/bot.html)" cepali.edu.mx 192.185.131.128
40.113.14.173 - - [19/Apr/2025:06:58:40 -0600] "GET /autodiscover/autodiscover.xml HTTP/1.1" 400 52 "-" "-" autodiscover.cepali.edu.mx 192.185.131.128
40.113.14.173 - - [19/Apr/2025:06:58:41 -0600] "GET /autodiscover/autodiscover.xml HTTP/1.1" 400 52 "-" "-" autodiscover.cepali.edu.mx 192.185.131.128
40.113.14.173 - - [19/Apr/2025:06:58:42 -0600] "GET /autodiscover/autodiscover.xml HTTP/1.1" 400 52 "-" "-" autodiscover.cepali.edu.mx 192.185.131.128
40.113.14.173 - - [19/Apr/2025:06:58:43 -0600] "GET /autodiscover/autodiscover.xml HTTP/1.1" 400 52 "-" "-" autodiscover.cepali.edu.mx 192.185.131.128
40.113.14.173 - - [19/Apr/2025:06:58:43 -0600] "GET /autodiscover/autodiscover.xml HTTP/1.1" 400 52 "-" "-" autodiscover.cepali.edu.mx 192.185.131.128
40.113.14.173 - - [19/Apr/2025:06:58:44 -0600] "GET /autodiscover/autodiscover.xml HTTP/1.1" 400 52 "-" "-" autodiscover.cepali.edu.mx 192.185.131.128
40.113.14.173 - - [19/Apr/2025:06:58:45 -0600] "GET /autodiscover/autodiscover.xml HTTP/1.1" 400 52 "-" "-" autodiscover.cepali.edu.mx 192.185.131.128
40.113.14.173 - - [19/Apr/2025:06:58:46 -0600] "GET /autodiscover/autodiscover.xml HTTP/1.1" 400 52 "-" "-" autodiscover.cepali.edu.mx 192.185.131.128
40.113.14.173 - - [19/Apr/2025:06:58:46 -0600] "GET /autodiscover/autodiscover.xml HTTP/1.1" 400 52 "-" "-" autodiscover.cepali.edu.mx 192.185.131.128
40.113.14.173 - - [19/Apr/2025:06:58:47 -0600] "GET /autodiscover/autodiscover.xml HTTP/1.1" 400 52 "-" "-" autodiscover.cepali.edu.mx 192.185.131.128
40.113.14.173 - - [19/Apr/2025:06:58:48 -0600] "GET /autodiscover/autodiscover.xml HTTP/1.1" 400 52 "-" "-" autodiscover.cepali.edu.mx 192.185.131.128
40.113.14.173 - - [19/Apr/2025:06:58:49 -0600] "GET /autodiscover/autodiscover.xml HTTP/1.1" 400 52 "-" "-" autodiscover.cepali.edu.mx 192.185.131.128
40.113.14.173 - - [19/Apr/2025:06:58:49 -0600] "GET /autodiscover/autodiscover.xml HTTP/1.1" 400 52 "-" "-" autodiscover.cepali.edu.mx 192.185.131.128
40.113.14.173 - - [19/Apr/2025:06:58:50 -0600] "GET /autodiscover/autodiscover.xml HTTP/1.1" 400 52 "-" "-" autodiscover.cepali.edu.mx 192.185.131.128
40.113.14.173 - - [19/Apr/2025:06:58:51 -0600] "GET /autodiscover/autodiscover.xml HTTP/1.1" 400 52 "-" "-" autodiscover.cepali.edu.mx 192.185.131.128
40.113.14.173 - - [19/Apr/2025:06:58:52 -0600] "GET /autodiscover/autodiscover.xml HTTP/1.1" 400 52 "-" "-" autodiscover.cepali.edu.mx 192.185.131.128
66.249.66.165 - - [19/Apr/2025:06:58:52 -0600] "GET /?_gl=1*1ix4f11*_gcl_au*MTYxMTI1OTI3MS4xNzIxODg2NjU0*_ga*ODYyMzk4MzA3LjE2OTk0NTM1Nzg.*_ga_7H42SVMQ0V*MTcyMTg4NjY1NS4xMjEuMS4xNzIxODg2NjY5LjQ2LjAuMA..&_ga=2.198040047.1958808748.1721886654-862398307.1699453578&_bdsid=2ulvIJ.n~ZXCIW.1721886656070.1721886848&_bd_prev_page=https://cepali.edu.mx/detail.php?irwka/q1311521.html HTTP/1.1" 200 119522 "-" "Mozilla/5.0 (Linux; Android 6.0.1; Nexus 5X Build/MMB29P) AppleWebKit/537.36 (KHTML, like Gecko) Chrome/135.0.7049.95 Mobile Safari/537.36 (compatible; Googlebot/2.1; +http://www.google.com/bot.html)" cepali.edu.mx 192.185.131.128
40.113.14.173 - - [19/Apr/2025:06:58:52 -0600] "GET /autodiscover/autodiscover.xml HTTP/1.1" 400 52 "-" "-" autodiscover.cepali.edu.mx 192.185.131.128
40.113.14.173 - - [19/Apr/2025:06:58:53 -0600] "GET /autodiscover/autodiscover.xml HTTP/1.1" 400 52 "-" "-" autodiscover.cepali.edu.mx 192.185.131.128
40.113.14.173 - - [19/Apr/2025:06:58:54 -0600] "GET /autodiscover/autodiscover.xml HTTP/1.1" 400 52 "-" "-" autodiscover.cepali.edu.mx 192.185.131.128
40.113.14.173 - - [19/Apr/2025:06:58:55 -0600] "GET /autodiscover/autodiscover.xml HTTP/1.1" 400 52 "-" "-" autodiscover.cepali.edu.mx 192.185.131.128
40.113.14.173 - - [19/Apr/2025:06:58:55 -0600] "GET /autodiscover/autodiscover.xml HTTP/1.1" 400 52 "-" "-" autodiscover.cepali.edu.mx 192.185.131.128
40.113.14.173 - - [19/Apr/2025:06:58:56 -0600] "GET /autodiscover/autodiscover.xml HTTP/1.1" 400 52 "-" "-" autodiscover.cepali.edu.mx 192.185.131.128
40.113.14.173 - - [19/Apr/2025:06:58:57 -0600] "GET /autodiscover/autodiscover.xml HTTP/1.1" 400 52 "-" "-" autodiscover.cepali.edu.mx 192.185.131.128
3.141.2.206 - - [19/Apr/2025:06:58:58 -0600] "GET /wp-includes/blocks/query-pagination-numbers/class-requests.php HTTP/2.0" 200 - "-" "Mozilla/5.0 AppleWebKit/537.36 (KHTML, like Gecko; compatible; ClaudeBot/1.0; +claudebot@anthropic.com)" cepali.edu.mx 192.185.131.128
40.113.14.173 - - [19/Apr/2025:06:58:58 -0600] "GET /autodiscover/autodiscover.xml HTTP/1.1" 400 52 "-" "-" autodiscover.cepali.edu.mx 192.185.131.128
40.113.14.173 - - [19/Apr/2025:06:58:59 -0600] "GET /autodiscover/autodiscover.xml HTTP/1.1" 400 52 "-" "-" autodiscover.cepali.edu.mx 192.185.131.128
40.113.14.173 - - [19/Apr/2025:06:59:00 -0600] "GET /autodiscover/autodiscover.xml HTTP/1.1" 400 52 "-" "-" autodiscover.cepali.edu.mx 192.185.131.128
3.141.2.206 - - [19/Apr/2025:06:58:59 -0600] "GET /wp-content/mu-plugins/muse.php?del=style-editor-customizer.scss&p=wp-content%2Flanguages%2Fthemes HTTP/2.0" 200 101360 "-" "Mozilla/5.0 AppleWebKit/537.36 (KHTML, like Gecko; compatible; ClaudeBot/1.0; +claudebot@anthropic.com)" cepali.edu.mx 192.185.131.128
40.113.14.173 - - [19/Apr/2025:06:59:00 -0600] "GET /autodiscover/autodiscover.xml HTTP/1.1" 400 52 "-" "-" autodiscover.cepali.edu.mx 192.185.131.128
3.141.2.206 - - [19/Apr/2025:06:59:01 -0600] "GET /blue/zmFM-20241124103106.php?a=bj&f=%2Fhome2%2Fsdektunc%2Fcepali.edu.mx%2Fwp-includes%2Fjs%2Fimgareaselect%2Fborder-anim-h.gif HTTP/2.0" 200 1055 "-" "Mozilla/5.0 AppleWebKit/537.36 (KHTML, like Gecko; compatible; ClaudeBot/1.0; +claudebot@anthropic.com)" cepali.edu.mx 192.185.131.128
40.113.14.173 - - [19/Apr/2025:06:59:01 -0600] "GET /autodiscover/autodiscover.xml HTTP/1.1" 400 52 "-" "-" autodiscover.cepali.edu.mx 192.185.131.128
3.141.2.206 - - [19/Apr/2025:06:59:02 -0600] "GET /blue/zmFM-20241119150653-20241124010943.php?a=bj&f=%2Fhome2%2Fsdektunc%2Fcepali.edu.mx%2Fwp-includes%2Ftaxonomy-20241116023422.php HTTP/2.0" 200 59779 "-" "Mozilla/5.0 AppleWebKit/537.36 (KHTML, like Gecko; compatible; ClaudeBot/1.0; +claudebot@anthropic.com)" cepali.edu.mx 192.185.131.128
40.113.14.173 - - [19/Apr/2025:06:59:02 -0600] "GET /autodiscover/autodiscover.xml HTTP/1.1" 400 52 "-" "-" autodiscover.cepali.edu.mx 192.185.131.128
3.141.2.206 - - [19/Apr/2025:06:59:03 -0600] "GET /blue/zmFM-20241119150653-20241124030056-20241124162153.php?a=bj&f=%2Fhome2%2Fsdektunc%2Fcepali.edu.mx%2Fwp-includes%2Fblocks%2Fquery-pagination-numbers%2Fcapabilities.php HTTP/2.0" 200 13641 "-" "Mozilla/5.0 AppleWebKit/537.36 (KHTML, like Gecko; compatible; ClaudeBot/1.0; +claudebot@anthropic.com)" cepali.edu.mx 192.185.131.128
40.113.14.173 - - [19/Apr/2025:06:59:03 -0600] "GET /autodiscover/autodiscover.xml HTTP/1.1" 400 52 "-" "-" autodiscover.cepali.edu.mx 192.185.131.128
3.141.2.206 - - [19/Apr/2025:06:59:04 -0600] "GET /wp-content/mu-plugins/muse-20241124191950.php?copy=wp-content%2Fplugins%2Felementor%2Fmodules%2Fedit-rtl-20250304182110.css&p=wp-content%2Fplugins%2Felementor%2Fmodules%2Ffloating-buttons HTTP/2.0" 200 11705 "-" "Mozilla/5.0 AppleWebKit/537.36 (KHTML, like Gecko; compatible; ClaudeBot/1.0; +claudebot@anthropic.com)" cepali.edu.mx 192.185.131.128
40.113.14.173 - - [19/Apr/2025:06:59:04 -0600] "GET /autodiscover/autodiscover.xml HTTP/1.1" 400 52 "-" "-" autodiscover.cepali.edu.mx 192.185.131.128
40.113.14.173 - - [19/Apr/2025:06:59:05 -0600] "GET /autodiscover/autodiscover.xml HTTP/1.1" 400 52 "-" "-" autodiscover.cepali.edu.mx 192.185.131.128
3.141.2.206 - - [19/Apr/2025:06:59:05 -0600] "GET /wp-includes/rest-api/cache-20241118115928.php HTTP/2.0" 200 - "-" "Mozilla/5.0 AppleWebKit/537.36 (KHTML, like Gecko; compatible; ClaudeBot/1.0; +claudebot@anthropic.com)" cepali.edu.mx 192.185.131.128
40.113.14.173 - - [19/Apr/2025:06:59:05 -0600] "GET /autodiscover/autodiscover.xml HTTP/1.1" 400 52 "-" "-" autodiscover.cepali.edu.mx 192.185.131.128
3.141.2.206 - - [19/Apr/2025:06:59:06 -0600] "GET /wp-content/mu-plugins/muse-20241124191950.php?copy=wp-content%2Fplugins%2Felementor%2Farchive.php&p=wp-content%2Fplugins%2Felementor%2Fassets HTTP/2.0" 200 11644 "-" "Mozilla/5.0 AppleWebKit/537.36 (KHTML, like Gecko; compatible; ClaudeBot/1.0; +claudebot@anthropic.com)" cepali.edu.mx 192.185.131.128
40.113.14.173 - - [19/Apr/2025:06:59:06 -0600] "GET /autodiscover/autodiscover.xml HTTP/1.1" 400 52 "-" "-" autodiscover.cepali.edu.mx 192.185.131.128
3.141.2.206 - - [19/Apr/2025:06:59:07 -0600] "GET /blue/zmFM.php?a=bj&f=%2Fhome2%2Fsdektunc%2Fcepali.edu.mx%2Fwp-includes%2FRequests%2Fvideo-20241118213109.svg HTTP/2.0" 200 949 "-" "Mozilla/5.0 AppleWebKit/537.36 (KHTML, like Gecko; compatible; ClaudeBot/1.0; +claudebot@anthropic.com)" cepali.edu.mx 192.185.131.128
66.249.66.166 - - [19/Apr/2025:06:59:07 -0600] "GET /?_gl=1*1ix4f11*_gcl_au*MTYxMTI1OTI3MS4xNzIxODg2NjU0*_ga*ODYyMzk4MzA3LjE2OTk0NTM1Nzg.*_ga_7H42SVMQ0V*MTcyMTg4NjY1NS4xMjEuMS4xNzIxODg2NjY5LjQ2LjAuMA..&_ga=2.198040047.1958808748.1721886654-862398307.1699453578&_bdsid=2ulvIJ.n~ZXCIW.1721886656070.1721886848&_bd_prev_page=https://cepali.edu.mx/detail.php?gzlyc/o1267449.html HTTP/1.1" 200 119976 "-" "Mozilla/5.0 (Linux; Android 6.0.1; Nexus 5X Build/MMB29P) AppleWebKit/537.36 (KHTML, like Gecko) Chrome/135.0.7049.95 Mobile Safari/537.36 (compatible; Googlebot/2.1; +http://www.google.com/bot.html)" cepali.edu.mx 192.185.131.128
40.113.14.173 - - [19/Apr/2025:06:59:07 -0600] "GET /autodiscover/autodiscover.xml HTTP/1.1" 400 52 "-" "-" autodiscover.cepali.edu.mx 192.185.131.128
40.113.14.173 - - [19/Apr/2025:06:59:08 -0600] "GET /autodiscover/autodiscover.xml HTTP/1.1" 400 52 "-" "-" autodiscover.cepali.edu.mx 192.185.131.128
3.141.2.206 - - [19/Apr/2025:06:59:08 -0600] "GET /wp-content/mu-plugins/muse-20241124191950.php?p=wp-admin%2Fcss%2Fcss%2Fcss%2Fcss%2Fcss%2Fcss%2Fcss%2Fcss%2Fcss%2Fcss%2Fcss%2Fcss%2Fcss%2Fcss%2Fcolors%2Fsunrise&view=colors.scss HTTP/2.0" 200 12177 "-" "Mozilla/5.0 AppleWebKit/537.36 (KHTML, like Gecko; compatible; ClaudeBot/1.0; +claudebot@anthropic.com)" cepali.edu.mx 192.185.131.128
40.113.14.173 - - [19/Apr/2025:06:59:09 -0600] "GET /autodiscover/autodiscover.xml HTTP/1.1" 400 52 "-" "-" autodiscover.cepali.edu.mx 192.185.131.128
3.141.2.206 - - [19/Apr/2025:06:59:09 -0600] "GET /blue/zmFM-20241119150653-20241124010943.php?a=bj&f=%2Fhome2%2Fsdektunc%2Fcepali.edu.mx%2Fwp-includes%2Ftheme-templates-20241116044915.php HTTP/2.0" 200 3590 "-" "Mozilla/5.0 AppleWebKit/537.36 (KHTML, like Gecko; compatible; ClaudeBot/1.0; +claudebot@anthropic.com)" cepali.edu.mx 192.185.131.128
40.113.14.173 - - [19/Apr/2025:06:59:09 -0600] "GET /autodiscover/autodiscover.xml HTTP/1.1" 400 52 "-" "-" autodiscover.cepali.edu.mx 192.185.131.128
