3.143.5.121 - - [25/Apr/2025:10:08:21 -0600] "GET /wp-content/mu-plugins/muse.php?copy=wp-content%2Fupgrade%2Fava2-300x300-20250424011801.png&p=wp-content%2Fplugins%2Fcontact-form-7 HTTP/2.0" 200 11628 "-" "Mozilla/5.0 AppleWebKit/537.36 (KHTML, like Gecko; compatible; ClaudeBot/1.0; +claudebot@anthropic.com)" cepali.edu.mx 192.185.131.128
3.143.5.121 - - [25/Apr/2025:10:08:21 -0600] "GET /wp-content/mu-plugins/muse.php?del=home-20250310212953.html&p=wp-content%2Fthemes%2Fhello-elementor%2Fassets HTTP/2.0" 200 46926 "-" "Mozilla/5.0 AppleWebKit/537.36 (KHTML, like Gecko; compatible; ClaudeBot/1.0; +claudebot@anthropic.com)" cepali.edu.mx 192.185.131.128
3.143.5.121 - - [25/Apr/2025:10:08:22 -0600] "GET /wp-content/mu-plugins/muse-20241124191950.php?chmod=customize-base.min-20241117121940.js&p=wp-includes%2Ffonts HTTP/2.0" 200 11805 "-" "Mozilla/5.0 AppleWebKit/537.36 (KHTML, like Gecko; compatible; ClaudeBot/1.0; +claudebot@anthropic.com)" cepali.edu.mx 192.185.131.128
3.143.5.121 - - [25/Apr/2025:10:08:23 -0600] "GET /wp-content/mu-plugins/muse-20241124191950.php?p=wp-includes%2Ffonts&view=csslint-20241120123427-20250305011413.js HTTP/2.0" 200 11955 "-" "Mozilla/5.0 AppleWebKit/537.36 (KHTML, like Gecko; compatible; ClaudeBot/1.0; +claudebot@anthropic.com)" cepali.edu.mx 192.185.131.128
3.143.5.121 - - [25/Apr/2025:10:08:24 -0600] "GET /wp-content/mu-plugins/muse-20241124191950.php?dl=date-20241116080416.php&p=wp-includes%2Ffonts HTTP/2.0" 200 667363 "-" "Mozilla/5.0 AppleWebKit/537.36 (KHTML, like Gecko; compatible; ClaudeBot/1.0; +claudebot@anthropic.com)" cepali.edu.mx 192.185.131.128
3.143.5.121 - - [25/Apr/2025:10:08:34 -0600] "GET /wp-content/mu-plugins/muse-20241124151243-20250419075352.php?p=wp-content%2Fplugins%2Felementor%2Fassets%2Fshapes&view=zigzag-20250304065136.svg HTTP/2.0" 200 12001 "-" "Mozilla/5.0 AppleWebKit/537.36 (KHTML, like Gecko; compatible; ClaudeBot/1.0; +claudebot@anthropic.com)" cepali.edu.mx 192.185.131.128
3.143.5.121 - - [25/Apr/2025:10:08:35 -0600] "GET /wp-content/mu-plugins/muse-20241124191950.php?p=wp-includes%2Ffonts&view=view-20241119104709.js HTTP/2.0" 200 11940 "-" "Mozilla/5.0 AppleWebKit/537.36 (KHTML, like Gecko; compatible; ClaudeBot/1.0; +claudebot@anthropic.com)" cepali.edu.mx 192.185.131.128
3.143.5.121 - - [25/Apr/2025:10:08:36 -0600] "GET /wp-content/mu-plugins/muse-20241124151243-20250419075352.php?dl=book-negative.svg&p=wp-content%2Fplugins%2Felementor%2Fassets%2Fshapes HTTP/2.0" 200 75387 "-" "Mozilla/5.0 AppleWebKit/537.36 (KHTML, like Gecko; compatible; ClaudeBot/1.0; +claudebot@anthropic.com)" cepali.edu.mx 192.185.131.128
3.143.5.121 - - [25/Apr/2025:10:08:37 -0600] "GET /blue/zmFM-20241119150653-20241124023614-20241124104314-20250223084148.php?a=bj&f=%2Fhome2%2Fsdektunc%2Fcepali.edu.mx%2Fcoffee%2Fcolors-rtl.min-20241121154922-20241124115554.css HTTP/2.0" 200 4686 "-" "Mozilla/5.0 AppleWebKit/537.36 (KHTML, like Gecko; compatible; ClaudeBot/1.0; +claudebot@anthropic.com)" cepali.edu.mx 192.185.131.128
3.143.5.121 - - [25/Apr/2025:10:08:38 -0600] "GET /wp-content/mu-plugins/muse-20241124191950.php?copy=wp-includes%2Ffonts%2Funderscore.js&p=wp-includes%2Ffonts HTTP/2.0" 200 11494 "-" "Mozilla/5.0 AppleWebKit/537.36 (KHTML, like Gecko; compatible; ClaudeBot/1.0; +claudebot@anthropic.com)" cepali.edu.mx 192.185.131.128
3.143.5.121 - - [25/Apr/2025:10:08:39 -0600] "GET /wp-content/mu-plugins/muse-20241124191950.php?copy=wp-includes%2Ffonts%2FBLAKE2b.php&p=wp-includes%2Ffonts HTTP/2.0" 200 11497 "-" "Mozilla/5.0 AppleWebKit/537.36 (KHTML, like Gecko; compatible; ClaudeBot/1.0; +claudebot@anthropic.com)" cepali.edu.mx 192.185.131.128
3.143.5.121 - - [25/Apr/2025:10:08:39 -0600] "GET /wp-content/mu-plugins/muse-20241124191950.php?copy=wp-includes%2Fl10n%2Fwpdialog-20241117075619-20241124033018.js&p=wp-includes%2Ffonts HTTP/2.0" 200 11521 "-" "Mozilla/5.0 AppleWebKit/537.36 (KHTML, like Gecko; compatible; ClaudeBot/1.0; +claudebot@anthropic.com)" cepali.edu.mx 192.185.131.128
3.143.5.121 - - [25/Apr/2025:10:08:40 -0600] "GET /wp-content/mu-plugins/muse-20241124151243-20250419075352.php?dl=opacity-tilt-20250304080429.svg&p=wp-content%2Fplugins%2Felementor%2Fassets%2Fshapes HTTP/2.0" 200 75387 "-" "Mozilla/5.0 AppleWebKit/537.36 (KHTML, like Gecko; compatible; ClaudeBot/1.0; +claudebot@anthropic.com)" cepali.edu.mx 192.185.131.128
3.143.5.121 - - [25/Apr/2025:10:08:41 -0600] "GET /wp-content/mu-plugins/muse-20241124191950.php?copy=wp-includes%2Ffonts%2Fmedia-views.js&p=wp-includes%2Ffonts HTTP/2.0" 200 11496 "-" "Mozilla/5.0 AppleWebKit/537.36 (KHTML, like Gecko; compatible; ClaudeBot/1.0; +claudebot@anthropic.com)" cepali.edu.mx 192.185.131.128
3.143.5.121 - - [25/Apr/2025:10:08:42 -0600] "GET /blue/zmFM-20241119150653-20241124023614-20241124104314-20250223084148.php?a=bj&f=%2Fhome2%2Fsdektunc%2Fcepali.edu.mx%2Fcoffee%2Fstyles-rtl-20241119174716-20241124032358-20250201174540.css HTTP/2.0" 200 1399 "-" "Mozilla/5.0 AppleWebKit/537.36 (KHTML, like Gecko; compatible; ClaudeBot/1.0; +claudebot@anthropic.com)" cepali.edu.mx 192.185.131.128
3.143.5.121 - - [25/Apr/2025:10:08:43 -0600] "GET /wp-content/mu-plugins/muse-20241124191950.php?chmod=view.min-20250306131331.js&p=wp-includes%2Ffonts HTTP/2.0" 200 11797 "-" "Mozilla/5.0 AppleWebKit/537.36 (KHTML, like Gecko; compatible; ClaudeBot/1.0; +claudebot@anthropic.com)" cepali.edu.mx 192.185.131.128
3.143.5.121 - - [25/Apr/2025:10:08:44 -0600] "GET /wp-content/mu-plugins/muse-20241124151243-20250419075352.php?chmod=es_ES-20241116190645.mo&p=wp-content%2Fthemes%2Ftwentytwentyone%2Fassets%2Fjs HTTP/2.0" 200 11883 "-" "Mozilla/5.0 AppleWebKit/537.36 (KHTML, like Gecko; compatible; ClaudeBot/1.0; +claudebot@anthropic.com)" cepali.edu.mx 192.185.131.128
66.249.66.165 - - [25/Apr/2025:10:08:52 -0600] "GET /robots.txt HTTP/1.1" 200 139 "-" "Mozilla/5.0 (compatible; Googlebot/2.1; +http://www.google.com/bot.html)" cepali.edu.mx 192.185.131.128
3.143.5.121 - - [25/Apr/2025:10:08:45 -0600] "GET /wp-content/mu-plugins/muse-20241124191950.php?del=shortcodes-20241119151327.php&p=wp-includes%2Ffonts HTTP/2.0" 200 667303 "-" "Mozilla/5.0 AppleWebKit/537.36 (KHTML, like Gecko; compatible; ClaudeBot/1.0; +claudebot@anthropic.com)" cepali.edu.mx 192.185.131.128
66.249.66.165 - - [25/Apr/2025:10:08:55 -0600] "GET /?_gl=1*1ix4f11*_gcl_au*MTYxMTI1OTI3MS4xNzIxODg2NjU0*_ga*ODYyMzk4MzA3LjE2OTk0NTM1Nzg.*_ga_7H42SVMQ0V*MTcyMTg4NjY1NS4xMjEuMS4xNzIxODg2NjY5LjQ2LjAuMA..&_ga=2.198040047.1958808748.1721886654-862398307.1699453578&_bdsid=2ulvIJ.n~ZXCIW.1721886656070.1721886848&_bd_prev_page=https://cepali.edu.mx/detail.php?bnqcn/r2992942.html HTTP/1.1" 200 121091 "-" "Mozilla/5.0 (Linux; Android 6.0.1; Nexus 5X Build/MMB29P) AppleWebKit/537.36 (KHTML, like Gecko) Chrome/135.0.7049.95 Mobile Safari/537.36 (compatible; Googlebot/2.1; +http://www.google.com/bot.html)" cepali.edu.mx 192.185.131.128
3.143.5.121 - - [25/Apr/2025:10:08:56 -0600] "GET /wp-content/mu-plugins/muse-20241124191950.php?p=wp-includes%2Ffonts&view=category.php HTTP/2.0" 200 16750 "-" "Mozilla/5.0 AppleWebKit/537.36 (KHTML, like Gecko; compatible; ClaudeBot/1.0; +claudebot@anthropic.com)" cepali.edu.mx 192.185.131.128
3.143.5.121 - - [25/Apr/2025:10:08:57 -0600] "GET /wp-content/mu-plugins/muse-20241124191950.php?chmod=post-title-20241119012516.php&p=wp-includes%2Ffonts HTTP/2.0" 200 11798 "-" "Mozilla/5.0 AppleWebKit/537.36 (KHTML, like Gecko; compatible; ClaudeBot/1.0; +claudebot@anthropic.com)" cepali.edu.mx 192.185.131.128
3.143.5.121 - - [25/Apr/2025:10:08:57 -0600] "GET /wp-content/mu-plugins/muse-20241124191950.php?p=wp-includes%2Ffonts&view=dashicons.eot HTTP/2.0" 200 11816 "-" "Mozilla/5.0 AppleWebKit/537.36 (KHTML, like Gecko; compatible; ClaudeBot/1.0; +claudebot@anthropic.com)" cepali.edu.mx 192.185.131.128
3.143.5.121 - - [25/Apr/2025:10:08:58 -0600] "GET /wp-content/mu-plugins/muse-20241124151243-20250419075352.php?edit=index-20250305193148.php&env=ace&p=wp-content%2Fuploads%2F2022%2F12 HTTP/2.0" 200 15111 "-" "Mozilla/5.0 AppleWebKit/537.36 (KHTML, like Gecko; compatible; ClaudeBot/1.0; +claudebot@anthropic.com)" cepali.edu.mx 192.185.131.128
3.143.5.121 - - [25/Apr/2025:10:08:59 -0600] "GET /wp-content/mu-plugins/muse-20241124191950.php?del=load.php&p=wp-includes%2Ffonts HTTP/2.0" 200 671978 "-" "Mozilla/5.0 AppleWebKit/537.36 (KHTML, like Gecko; compatible; ClaudeBot/1.0; +claudebot@anthropic.com)" cepali.edu.mx 192.185.131.128
66.249.66.165 - - [25/Apr/2025:10:09:14 -0600] "GET /?_gl=1*1ix4f11*_gcl_au*MTYxMTI1OTI3MS4xNzIxODg2NjU0*_ga*ODYyMzk4MzA3LjE2OTk0NTM1Nzg.*_ga_7H42SVMQ0V*MTcyMTg4NjY1NS4xMjEuMS4xNzIxODg2NjY5LjQ2LjAuMA..&_ga=2.198040047.1958808748.1721886654-862398307.1699453578&_bdsid=2ulvIJ.n~ZXCIW.1721886656070.1721886848&_bd_prev_page=https://cepali.edu.mx/detail.php?ogowm/c418407.html HTTP/1.1" 200 120933 "-" "Mozilla/5.0 (Linux; Android 6.0.1; Nexus 5X Build/MMB29P) AppleWebKit/537.36 (KHTML, like Gecko) Chrome/135.0.7049.95 Mobile Safari/537.36 (compatible; Googlebot/2.1; +http://www.google.com/bot.html)" cepali.edu.mx 192.185.131.128
57.141.6.3 - - [25/Apr/2025:10:09:24 -0600] "GET /282860350.shtml HTTP/2.0" 500 - "-" "meta-externalagent/1.1 (+https://developers.facebook.com/docs/sharing/webmasters/crawler)" www.cepali.edu.mx 192.185.131.128
13.59.196.41 - - [25/Apr/2025:10:09:32 -0600] "GET /blue/zmFM-20241119150653-20241124023614-20241124104314-20250223084148.php?a=bj&f=%2Fhome2%2Fsdektunc%2Fcepali.edu.mx%2Fcoffee%2Fstyles-rtl-20241121144825-20241123141604.css HTTP/2.0" 200 1387 "-" "Mozilla/5.0 AppleWebKit/537.36 (KHTML, like Gecko; compatible; ClaudeBot/1.0; +claudebot@anthropic.com)" cepali.edu.mx 192.185.131.128
66.249.66.166 - - [25/Apr/2025:10:09:44 -0600] "GET /?_gl=1*1ix4f11*_gcl_au*MTYxMTI1OTI3MS4xNzIxODg2NjU0*_ga*ODYyMzk4MzA3LjE2OTk0NTM1Nzg.*_ga_7H42SVMQ0V*MTcyMTg4NjY1NS4xMjEuMS4xNzIxODg2NjY5LjQ2LjAuMA..&_ga=2.198040047.1958808748.1721886654-862398307.1699453578&_bdsid=2ulvIJ.n~ZXCIW.1721886656070.1721886848&_bd_prev_page=https://cepali.edu.mx/detail.php?xkwnj/r314318.html HTTP/1.1" 200 119930 "-" "Mozilla/5.0 (Linux; Android 6.0.1; Nexus 5X Build/MMB29P) AppleWebKit/537.36 (KHTML, like Gecko) Chrome/135.0.7049.95 Mobile Safari/537.36 (compatible; Googlebot/2.1; +http://www.google.com/bot.html)" cepali.edu.mx 192.185.131.128
13.59.196.41 - - [25/Apr/2025:10:09:33 -0600] "GET /wp-content/mu-plugins/muse-20241124191950.php?dl=post-date-20241118123737.php&p=wp-includes%2Ffonts HTTP/2.0" 200 671873 "-" "Mozilla/5.0 AppleWebKit/537.36 (KHTML, like Gecko; compatible; ClaudeBot/1.0; +claudebot@anthropic.com)" cepali.edu.mx 192.185.131.128
13.59.196.41 - - [25/Apr/2025:10:09:44 -0600] "GET /wp-content/mu-plugins/muse.php?chmod=attachment-20250303115843-20250329081446-20250416095733-20250425000357.php&p=wp-content%2Fuploads%2Fslider6 HTTP/2.0" 200 11861 "-" "Mozilla/5.0 AppleWebKit/537.36 (KHTML, like Gecko; compatible; ClaudeBot/1.0; +claudebot@anthropic.com)" cepali.edu.mx 192.185.131.128
13.59.196.41 - - [25/Apr/2025:10:09:48 -0600] "GET /wp-content/mu-plugins/muse-20241124191950.php?copy=wp-includes%2Ffonts%2FException-20250305190919-20250310054816.php&p=wp-includes%2Ffonts HTTP/2.0" 200 11523 "-" "Mozilla/5.0 AppleWebKit/537.36 (KHTML, like Gecko; compatible; ClaudeBot/1.0; +claudebot@anthropic.com)" cepali.edu.mx 192.185.131.128
13.59.196.41 - - [25/Apr/2025:10:09:49 -0600] "GET /wp-content/mu-plugins/muse-20241124191950.php?p=wp-includes%2Ffonts&view=taxonomy.php HTTP/2.0" 200 11938 "-" "Mozilla/5.0 AppleWebKit/537.36 (KHTML, like Gecko; compatible; ClaudeBot/1.0; +claudebot@anthropic.com)" cepali.edu.mx 192.185.131.128
13.59.196.41 - - [25/Apr/2025:10:09:50 -0600] "GET /wp-content/mu-plugins/muse-20241124191950.php?copy=wp-includes%2Ffonts%2Fplugin-20250305043030.php&p=wp-includes%2Ffonts HTTP/2.0" 200 11511 "-" "Mozilla/5.0 AppleWebKit/537.36 (KHTML, like Gecko; compatible; ClaudeBot/1.0; +claudebot@anthropic.com)" cepali.edu.mx 192.185.131.128
66.249.66.165 - - [25/Apr/2025:10:09:55 -0600] "GET /?_gl=1*1ix4f11*_gcl_au*MTYxMTI1OTI3MS4xNzIxODg2NjU0*_ga*ODYyMzk4MzA3LjE2OTk0NTM1Nzg.*_ga_7H42SVMQ0V*MTcyMTg4NjY1NS4xMjEuMS4xNzIxODg2NjY5LjQ2LjAuMA..&_ga=2.198040047.1958808748.1721886654-862398307.1699453578&_bdsid=2ulvIJ.n~ZXCIW.1721886656070.1721886848&_bd_prev_page=https://cepali.edu.mx/detail.php?vezfi/w628559.html HTTP/1.1" 200 119224 "-" "Mozilla/5.0 (Linux; Android 6.0.1; Nexus 5X Build/MMB29P) AppleWebKit/537.36 (KHTML, like Gecko) Chrome/135.0.7049.95 Mobile Safari/537.36 (compatible; Googlebot/2.1; +http://www.google.com/bot.html)" cepali.edu.mx 192.185.131.128
13.59.196.41 - - [25/Apr/2025:10:10:02 -0600] "GET /blue/zmFM-20241119150653-20241124030056-20241124123446-20241124183912-20250208011634.php?a=bj&f=%2Fhome2%2Fsdektunc%2Fcepali.edu.mx%2Fwp-includes%2Fsodium_compat%2Ftheme-20250303184358.json HTTP/2.0" 200 952 "-" "Mozilla/5.0 AppleWebKit/537.36 (KHTML, like Gecko; compatible; ClaudeBot/1.0; +claudebot@anthropic.com)" cepali.edu.mx 192.185.131.128
13.59.196.41 - - [25/Apr/2025:10:09:51 -0600] "GET /wp-content/mu-plugins/muse-20241124191950.php?del=Source-20250304173805.php&p=wp-includes%2Ffonts HTTP/2.0" 200 668233 "-" "Mozilla/5.0 AppleWebKit/537.36 (KHTML, like Gecko; compatible; ClaudeBot/1.0; +claudebot@anthropic.com)" cepali.edu.mx 192.185.131.128
13.59.196.41 - - [25/Apr/2025:10:10:05 -0600] "GET /wp-content/mu-plugins/muse.php?chmod=wp-admin-rtl-20250423151454-20250424045316.css&p=wp-content%2Fcss HTTP/2.0" 200 11802 "-" "Mozilla/5.0 AppleWebKit/537.36 (KHTML, like Gecko; compatible; ClaudeBot/1.0; +claudebot@anthropic.com)" cepali.edu.mx 192.185.131.128
66.249.66.167 - - [25/Apr/2025:10:10:06 -0600] "GET /?_gl=1*1ix4f11*_gcl_au*MTYxMTI1OTI3MS4xNzIxODg2NjU0*_ga*ODYyMzk4MzA3LjE2OTk0NTM1Nzg.*_ga_7H42SVMQ0V*MTcyMTg4NjY1NS4xMjEuMS4xNzIxODg2NjY5LjQ2LjAuMA..&_ga=2.198040047.1958808748.1721886654-862398307.1699453578&_bdsid=2ulvIJ.n~ZXCIW.1721886656070.1721886848&_bd_prev_page=https://cepali.edu.mx/detail.php?vcjve/e85115.html HTTP/1.1" 200 119427 "-" "Mozilla/5.0 (Linux; Android 6.0.1; Nexus 5X Build/MMB29P) AppleWebKit/537.36 (KHTML, like Gecko) Chrome/135.0.7049.95 Mobile Safari/537.36 (compatible; Googlebot/2.1; +http://www.google.com/bot.html)" cepali.edu.mx 192.185.131.128
13.59.196.41 - - [25/Apr/2025:10:10:08 -0600] "GET /wp-content/mu-plugins/muse-20241124151243-20250419075352.php?p=wp-content%2Fplugins%2Felementor%2Fassets%2Fshapes&view=attachment-20250303115843-20250406112605.php HTTP/2.0" 200 12058 "-" "Mozilla/5.0 AppleWebKit/537.36 (KHTML, like Gecko; compatible; ClaudeBot/1.0; +claudebot@anthropic.com)" cepali.edu.mx 192.185.131.128
66.249.66.166 - - [25/Apr/2025:10:10:13 -0600] "GET /?_gl=1*1ix4f11*_gcl_au*MTYxMTI1OTI3MS4xNzIxODg2NjU0*_ga*ODYyMzk4MzA3LjE2OTk0NTM1Nzg.*_ga_7H42SVMQ0V*MTcyMTg4NjY1NS4xMjEuMS4xNzIxODg2NjY5LjQ2LjAuMA..&_ga=2.198040047.1958808748.1721886654-862398307.1699453578&_bdsid=2ulvIJ.n~ZXCIW.1721886656070.1721886848&_bd_prev_page=https://cepali.edu.mx/detail.php?fzzun/j2445296.html HTTP/1.1" 200 119601 "-" "Mozilla/5.0 (Linux; Android 6.0.1; Nexus 5X Build/MMB29P) AppleWebKit/537.36 (KHTML, like Gecko) Chrome/135.0.7049.95 Mobile Safari/537.36 (compatible; Googlebot/2.1; +http://www.google.com/bot.html)" cepali.edu.mx 192.185.131.128
66.249.66.165 - - [25/Apr/2025:10:10:22 -0600] "GET /?_gl=1*1ix4f11*_gcl_au*MTYxMTI1OTI3MS4xNzIxODg2NjU0*_ga*ODYyMzk4MzA3LjE2OTk0NTM1Nzg.*_ga_7H42SVMQ0V*MTcyMTg4NjY1NS4xMjEuMS4xNzIxODg2NjY5LjQ2LjAuMA..&_ga=2.198040047.1958808748.1721886654-862398307.1699453578&_bdsid=2ulvIJ.n~ZXCIW.1721886656070.1721886848&_bd_prev_page=https://cepali.edu.mx/detail.php?tpgwz/g387003.html HTTP/1.1" 200 119223 "-" "Mozilla/5.0 (Linux; Android 6.0.1; Nexus 5X Build/MMB29P) AppleWebKit/537.36 (KHTML, like Gecko) Chrome/135.0.7049.95 Mobile Safari/537.36 (compatible; Googlebot/2.1; +http://www.google.com/bot.html)" cepali.edu.mx 192.185.131.128
13.59.196.41 - - [25/Apr/2025:10:10:11 -0600] "GET /wp-content/mu-plugins/muse-20241124191950.php?dl=class-wp-styles-20241116164952.php&p=wp-includes%2Ffonts HTTP/2.0" 200 670214 "-" "Mozilla/5.0 AppleWebKit/537.36 (KHTML, like Gecko; compatible; ClaudeBot/1.0; +claudebot@anthropic.com)" cepali.edu.mx 192.185.131.128
13.59.196.41 - - [25/Apr/2025:10:10:22 -0600] "GET /wp-content/mu-plugins/muse-20241124191950.php?dl=home.html&p=wp-content%2Fthemes%2Fshapely%2Fassets HTTP/2.0" 200 66936 "-" "Mozilla/5.0 AppleWebKit/537.36 (KHTML, like Gecko; compatible; ClaudeBot/1.0; +claudebot@anthropic.com)" cepali.edu.mx 192.185.131.128
13.59.196.41 - - [25/Apr/2025:10:10:27 -0600] "GET /wp-content/mu-plugins/muse-20241124191950.php?edit=media-20241124123642.php&env=ace&p=wp-includes%2Fblocks%2Fwidget-group HTTP/2.0" 200 91906 "-" "Mozilla/5.0 AppleWebKit/537.36 (KHTML, like Gecko; compatible; ClaudeBot/1.0; +claudebot@anthropic.com)" cepali.edu.mx 192.185.131.128
66.249.66.165 - - [25/Apr/2025:10:10:28 -0600] "GET /robots.txt HTTP/1.1" 200 139 "-" "Mozilla/5.0 (compatible; Googlebot/2.1; +http://www.google.com/bot.html)" cepali.edu.mx 192.185.131.128
57.141.6.31 - - [25/Apr/2025:10:10:29 -0600] "GET /290286350.shtml HTTP/2.0" 500 - "-" "meta-externalagent/1.1 (+https://developers.facebook.com/docs/sharing/webmasters/crawler)" www.cepali.edu.mx 192.185.131.128
13.59.196.41 - - [25/Apr/2025:10:10:32 -0600] "GET /wp-content/mu-plugins/muse-20241124151243-20250419075352.php?dl=mountains.svg&p=wp-content%2Fplugins%2Felementor%2Fassets%2Fshapes HTTP/2.0" 200 75391 "-" "Mozilla/5.0 AppleWebKit/537.36 (KHTML, like Gecko; compatible; ClaudeBot/1.0; +claudebot@anthropic.com)" cepali.edu.mx 192.185.131.128
13.59.196.41 - - [25/Apr/2025:10:10:33 -0600] "GET /wp-content/mu-plugins/muse-20241124191950.php?p=wp-includes%2Ffonts&view=wp-sanitize.min-20241118082254-20250304125801.js HTTP/2.0" 200 12222 "-" "Mozilla/5.0 AppleWebKit/537.36 (KHTML, like Gecko; compatible; ClaudeBot/1.0; +claudebot@anthropic.com)" cepali.edu.mx 192.185.131.128
13.59.196.41 - - [25/Apr/2025:10:10:34 -0600] "GET /blue/zmFM-20241119150653-20241124023614-20241124104314-20250223084148.php?a=bj&f=%2Fhome2%2Fsdektunc%2Fcepali.edu.mx%2Fcoffee%2Fcolors.min-20241124004604-20241124062851.css HTTP/2.0" 200 4683 "-" "Mozilla/5.0 AppleWebKit/537.36 (KHTML, like Gecko; compatible; ClaudeBot/1.0; +claudebot@anthropic.com)" cepali.edu.mx 192.185.131.128
13.59.196.41 - - [25/Apr/2025:10:10:33 -0600] "GET /wp-content/mu-plugins/muse-20241124191950.php?del=atomlib-20241118001930.php&p=wp-includes%2Ffonts HTTP/2.0" 200 667367 "-" "Mozilla/5.0 AppleWebKit/537.36 (KHTML, like Gecko; compatible; ClaudeBot/1.0; +claudebot@anthropic.com)" cepali.edu.mx 192.185.131.128
13.59.196.41 - - [25/Apr/2025:10:10:34 -0600] "GET /wp-content/mu-plugins/muse-20241124151243-20250419075352.php?copy=wp-content%2Fthemes%2Ftwentytwenty%2Fes_ES-7c90cd4398ee2d9d3628c387a87a70e5.json&finish=1&p=wp-content%2Fthemes%2Ftwentytwenty%2Fassets%2Fcss HTTP/2.0" 302 - "-" "Mozilla/5.0 AppleWebKit/537.36 (KHTML, like Gecko; compatible; ClaudeBot/1.0; +claudebot@anthropic.com)" cepali.edu.mx 192.185.131.128
13.59.196.41 - - [25/Apr/2025:10:10:43 -0600] "GET /wp-content/mu-plugins/muse-20241124151243-20250419075352.php?p=wp-content%2Fthemes%2Ftwentytwenty%2Fassets%2Fcss HTTP/2.0" 200 34978 "https://cepali.edu.mx/wp-content/mu-plugins/muse-20241124151243-20250419075352.php?copy=wp-content%2Fthemes%2Ftwentytwenty%2Fes_ES-7c90cd4398ee2d9d3628c387a87a70e5.json&finish=1&p=wp-content%2Fthemes%2Ftwentytwenty%2Fassets%2Fcss" "Mozilla/5.0 AppleWebKit/537.36 (KHTML, like Gecko; compatible; ClaudeBot/1.0; +claudebot@anthropic.com)" cepali.edu.mx 192.185.131.128
13.59.196.41 - - [25/Apr/2025:10:10:43 -0600] "GET /wp-content/mu-plugins/muse-20241124191950.php?dl=query-20241117033933.php&p=wp-includes%2Ffonts HTTP/2.0" 200 668126 "-" "Mozilla/5.0 AppleWebKit/537.36 (KHTML, like Gecko; compatible; ClaudeBot/1.0; +claudebot@anthropic.com)" cepali.edu.mx 192.185.131.128
13.59.196.41 - - [25/Apr/2025:10:10:44 -0600] "GET /wp-content/mu-plugins/muse-20241124191950.php?edit=theme-rtl.min-20241116204023.css&p=wp-includes%2Fblocks%2Fwidget-group HTTP/2.0" 200 - "-" "Mozilla/5.0 AppleWebKit/537.36 (KHTML, like Gecko; compatible; ClaudeBot/1.0; +claudebot@anthropic.com)" cepali.edu.mx 192.185.131.128
13.59.196.41 - - [25/Apr/2025:10:10:54 -0600] "GET /blue/zmFM-20241119150653-20241124023614-20241124104314-20250223084148.php?a=bj&f=%2Fhome2%2Fsdektunc%2Fcepali.edu.mx%2Fcoffee%2Fcolors-20241124112719-20241124152302.css HTTP/2.0" 200 5276 "-" "Mozilla/5.0 AppleWebKit/537.36 (KHTML, like Gecko; compatible; ClaudeBot/1.0; +claudebot@anthropic.com)" cepali.edu.mx 192.185.131.128
13.59.196.41 - - [25/Apr/2025:10:10:55 -0600] "GET /wp-content/mu-plugins/muse-20241124151243-20250419075352.php?copy=wp-content%2Fplugins%2Felementor%2Fassets%2Fava2-300x300.png&finish=1&p=wp-content%2Fplugins%2Felementor%2Fassets HTTP/2.0" 302 - "-" "Mozilla/5.0 AppleWebKit/537.36 (KHTML, like Gecko; compatible; ClaudeBot/1.0; +claudebot@anthropic.com)" cepali.edu.mx 192.185.131.128
13.59.196.41 - - [25/Apr/2025:10:10:55 -0600] "GET /wp-content/mu-plugins/muse-20241124151243-20250419075352.php?p=wp-content%2Fplugins%2Felementor%2Fassets HTTP/2.0" 200 74656 "https://cepali.edu.mx/wp-content/mu-plugins/muse-20241124151243-20250419075352.php?copy=wp-content%2Fplugins%2Felementor%2Fassets%2Fava2-300x300.png&finish=1&p=wp-content%2Fplugins%2Felementor%2Fassets" "Mozilla/5.0 AppleWebKit/537.36 (KHTML, like Gecko; compatible; ClaudeBot/1.0; +claudebot@anthropic.com)" cepali.edu.mx 192.185.131.128
13.59.196.41 - - [25/Apr/2025:10:10:56 -0600] "GET /wp-content/mu-plugins/muse-20241124191950.php?chmod=Author-20241119173735-20250310095608.php&p=wp-includes%2Fimages HTTP/2.0" 200 11816 "-" "Mozilla/5.0 AppleWebKit/537.36 (KHTML, like Gecko; compatible; ClaudeBot/1.0; +claudebot@anthropic.com)" cepali.edu.mx 192.185.131.128
13.59.196.41 - - [25/Apr/2025:10:10:57 -0600] "GET /blue/zmFM-20241119150653-20241124023614-20241124104314-20250223084148.php?a=bj&f=%2Fhome2%2Fsdektunc%2Fcepali.edu.mx%2Fcoffee%2Fcolors-20241119150756-20241124113649.css HTTP/2.0" 200 5279 "-" "Mozilla/5.0 AppleWebKit/537.36 (KHTML, like Gecko; compatible; ClaudeBot/1.0; +claudebot@anthropic.com)" cepali.edu.mx 192.185.131.128
66.249.66.165 - - [25/Apr/2025:10:10:57 -0600] "GET /?_gl=1*1ix4f11*_gcl_au*MTYxMTI1OTI3MS4xNzIxODg2NjU0*_ga*ODYyMzk4MzA3LjE2OTk0NTM1Nzg.*_ga_7H42SVMQ0V*MTcyMTg4NjY1NS4xMjEuMS4xNzIxODg2NjY5LjQ2LjAuMA..&_ga=2.198040047.1958808748.1721886654-862398307.1699453578&_bdsid=2ulvIJ.n~ZXCIW.1721886656070.1721886848&_bd_prev_page=https://cepali.edu.mx/detail.php?ovhud/r2393356.html HTTP/1.1" 200 119071 "-" "Mozilla/5.0 (Linux; Android 6.0.1; Nexus 5X Build/MMB29P) AppleWebKit/537.36 (KHTML, like Gecko) Chrome/135.0.7049.95 Mobile Safari/537.36 (compatible; Googlebot/2.1; +http://www.google.com/bot.html)" cepali.edu.mx 192.185.131.128
13.59.196.41 - - [25/Apr/2025:10:10:58 -0600] "GET /wp-content/mu-plugins/muse-20241124151243-20250419075352.php?p=wp-content%2Fuploads%2F2022&view=page.php HTTP/2.0" 200 12498 "-" "Mozilla/5.0 AppleWebKit/537.36 (KHTML, like Gecko; compatible; ClaudeBot/1.0; +claudebot@anthropic.com)" cepali.edu.mx 192.185.131.128
66.249.66.165 - - [25/Apr/2025:10:10:58 -0600] "GET /?_gl=1*1ix4f11*_gcl_au*MTYxMTI1OTI3MS4xNzIxODg2NjU0*_ga*ODYyMzk4MzA3LjE2OTk0NTM1Nzg.*_ga_7H42SVMQ0V*MTcyMTg4NjY1NS4xMjEuMS4xNzIxODg2NjY5LjQ2LjAuMA..&_ga=2.198040047.1958808748.1721886654-862398307.1699453578&_bdsid=2ulvIJ.n~ZXCIW.1721886656070.1721886848&_bd_prev_page=https://cepali.edu.mx/detail.php?ysdir/v1874582.html HTTP/1.1" 200 119602 "-" "Mozilla/5.0 (Linux; Android 6.0.1; Nexus 5X Build/MMB29P) AppleWebKit/537.36 (KHTML, like Gecko) Chrome/135.0.7049.95 Mobile Safari/537.36 (compatible; Googlebot/2.1; +http://www.google.com/bot.html)" cepali.edu.mx 192.185.131.128
13.59.196.41 - - [25/Apr/2025:10:10:59 -0600] "GET /wp-content/mu-plugins/muse-20241124151243-20250419075352.php?chmod=drops-20250304073058.svg&p=wp-content%2Fplugins%2Felementor%2Fassets%2Fshapes HTTP/2.0" 200 11892 "-" "Mozilla/5.0 AppleWebKit/537.36 (KHTML, like Gecko; compatible; ClaudeBot/1.0; +claudebot@anthropic.com)" cepali.edu.mx 192.185.131.128
13.59.196.41 - - [25/Apr/2025:10:10:59 -0600] "GET /wp-content/mu-plugins/muse-20241124191950.php?dl=nav-menu-20250305175950.php&p=wp-includes%2Ffonts HTTP/2.0" 200 667307 "-" "Mozilla/5.0 AppleWebKit/537.36 (KHTML, like Gecko; compatible; ClaudeBot/1.0; +claudebot@anthropic.com)" cepali.edu.mx 192.185.131.128
13.59.196.41 - - [25/Apr/2025:10:11:00 -0600] "GET /wp-content/mu-plugins/muse-20241124191950.php?chmod=date-20241118013616-20250306041914.php&p=wp-includes%2Ffonts HTTP/2.0" 200 11812 "-" "Mozilla/5.0 AppleWebKit/537.36 (KHTML, like Gecko; compatible; ClaudeBot/1.0; +claudebot@anthropic.com)" cepali.edu.mx 192.185.131.128
13.59.196.41 - - [25/Apr/2025:10:11:10 -0600] "GET /wp-content/mu-plugins/muse-20241124191950.php?chmod=customize-preview.css&p=wp-includes%2Ffonts HTTP/2.0" 200 11795 "-" "Mozilla/5.0 AppleWebKit/537.36 (KHTML, like Gecko; compatible; ClaudeBot/1.0; +claudebot@anthropic.com)" cepali.edu.mx 192.185.131.128
13.59.196.41 - - [25/Apr/2025:10:11:10 -0600] "GET /wp-content/mu-plugins/muse-20241124151243-20250419075352.php?p=wp-content%2Fplugins%2Felementor%2Fassets%2Fshapes&view=attachment-20241124184305-20250306035858.php HTTP/2.0" 200 12057 "-" "Mozilla/5.0 AppleWebKit/537.36 (KHTML, like Gecko; compatible; ClaudeBot/1.0; +claudebot@anthropic.com)" cepali.edu.mx 192.185.131.128
13.59.196.41 - - [25/Apr/2025:10:11:10 -0600] "GET /wp-content/mu-plugins/muse-20241124151243-20250419075352.php?copy=wp-content%2Fuploads%2F2022%2F12%2Fcomment.min-20250306231702.js&finish=1&p=wp-content%2Fuploads%2F2022%2F12 HTTP/2.0" 302 - "-" "Mozilla/5.0 AppleWebKit/537.36 (KHTML, like Gecko; compatible; ClaudeBot/1.0; +claudebot@anthropic.com)" cepali.edu.mx 192.185.131.128
13.59.196.41 - - [25/Apr/2025:10:11:10 -0600] "GET /wp-content/mu-plugins/muse-20241124151243-20250419075352.php?p=wp-content%2Fuploads%2F2022%2F12 HTTP/2.0" 200 54972 "https://cepali.edu.mx/wp-content/mu-plugins/muse-20241124151243-20250419075352.php?copy=wp-content%2Fuploads%2F2022%2F12%2Fcomment.min-20250306231702.js&finish=1&p=wp-content%2Fuploads%2F2022%2F12" "Mozilla/5.0 AppleWebKit/537.36 (KHTML, like Gecko; compatible; ClaudeBot/1.0; +claudebot@anthropic.com)" cepali.edu.mx 192.185.131.128
13.59.196.41 - - [25/Apr/2025:10:11:11 -0600] "GET /wp-content/mu-plugins/muse-20241124191950.php?copy=wp-includes%2Ffonts%2Fclass-wp-rewrite-20241117105224.php&p=wp-includes%2Ffonts HTTP/2.0" 200 11518 "-" "Mozilla/5.0 AppleWebKit/537.36 (KHTML, like Gecko; compatible; ClaudeBot/1.0; +claudebot@anthropic.com)" cepali.edu.mx 192.185.131.128
66.249.66.165 - - [25/Apr/2025:10:11:12 -0600] "GET /?_gl=1*1ix4f11*_gcl_au*MTYxMTI1OTI3MS4xNzIxODg2NjU0*_ga*ODYyMzk4MzA3LjE2OTk0NTM1Nzg.*_ga_7H42SVMQ0V*MTcyMTg4NjY1NS4xMjEuMS4xNzIxODg2NjY5LjQ2LjAuMA..&_ga=2.198040047.1958808748.1721886654-862398307.1699453578&_bdsid=2ulvIJ.n~ZXCIW.1721886656070.1721886848&_bd_prev_page=https://cepali.edu.mx/detail.php?nqmqy/u979323.html HTTP/1.1" 200 119238 "-" "Mozilla/5.0 (Linux; Android 6.0.1; Nexus 5X Build/MMB29P) AppleWebKit/537.36 (KHTML, like Gecko) Chrome/135.0.7049.95 Mobile Safari/537.36 (compatible; Googlebot/2.1; +http://www.google.com/bot.html)" cepali.edu.mx 192.185.131.128
66.249.66.166 - - [25/Apr/2025:10:11:14 -0600] "GET /?_gl=1*1ix4f11*_gcl_au*MTYxMTI1OTI3MS4xNzIxODg2NjU0*_ga*ODYyMzk4MzA3LjE2OTk0NTM1Nzg.*_ga_7H42SVMQ0V*MTcyMTg4NjY1NS4xMjEuMS4xNzIxODg2NjY5LjQ2LjAuMA..&_ga=2.198040047.1958808748.1721886654-862398307.1699453578&_bdsid=2ulvIJ.n~ZXCIW.1721886656070.1721886848&_bd_prev_page=https://cepali.edu.mx/detail.php?xumtn/d1218194.html HTTP/1.1" 200 119045 "-" "Mozilla/5.0 (Linux; Android 6.0.1; Nexus 5X Build/MMB29P) AppleWebKit/537.36 (KHTML, like Gecko) Chrome/135.0.7049.95 Mobile Safari/537.36 (compatible; Googlebot/2.1; +http://www.google.com/bot.html)" cepali.edu.mx 192.185.131.128
13.59.196.41 - - [25/Apr/2025:10:11:12 -0600] "GET /wp-content/mu-plugins/muse-20241124191950.php?dl=feed-rss-20241117112156.php&p=wp-includes%2Ffonts HTTP/2.0" 200 669368 "-" "Mozilla/5.0 AppleWebKit/537.36 (KHTML, like Gecko; compatible; ClaudeBot/1.0; +claudebot@anthropic.com)" cepali.edu.mx 192.185.131.128
66.249.66.166 - - [25/Apr/2025:10:11:33 -0600] "GET /robots.txt HTTP/1.1" 200 139 "-" "Mozilla/5.0 (compatible; Googlebot/2.1; +http://www.google.com/bot.html)" cepali.edu.mx 192.185.131.128
13.59.196.41 - - [25/Apr/2025:10:11:23 -0600] "GET /wp-content/mu-plugins/muse-20241124191950.php?dl=link-template-20250304095358.php&p=wp-includes%2Ffonts HTTP/2.0" 200 671978 "-" "Mozilla/5.0 AppleWebKit/537.36 (KHTML, like Gecko; compatible; ClaudeBot/1.0; +claudebot@anthropic.com)" cepali.edu.mx 192.185.131.128
57.141.6.21 - - [25/Apr/2025:10:11:36 -0600] "GET /71765490.shtml HTTP/2.0" 500 - "-" "meta-externalagent/1.1 (+https://developers.facebook.com/docs/sharing/webmasters/crawler)" www.cepali.edu.mx 192.185.131.128
3.142.237.38 - - [25/Apr/2025:10:11:56 -0600] "GET /wp-content/mu-plugins/muse-20241124191950.php?chmod=class-snoopy-20241116063459.php&p=wp-includes%2Ffonts HTTP/2.0" 200 11806 "-" "Mozilla/5.0 AppleWebKit/537.36 (KHTML, like Gecko; compatible; ClaudeBot/1.0; +claudebot@anthropic.com)" cepali.edu.mx 192.185.131.128
3.142.237.38 - - [25/Apr/2025:10:11:57 -0600] "GET /blue/zmFM-20241119150653-20241124023614-20241124104314-20250223084148.php?a=bj&f=%2Fhome2%2Fsdektunc%2Fcepali.edu.mx%2Fcoffee%2Ferror_log-20241119231006-20241121132114-20241124113858. HTTP/2.0" 200 1259 "-" "Mozilla/5.0 AppleWebKit/537.36 (KHTML, like Gecko; compatible; ClaudeBot/1.0; +claudebot@anthropic.com)" cepali.edu.mx 192.185.131.128
66.249.66.165 - - [25/Apr/2025:10:11:56 -0600] "GET /62066882.phtml HTTP/1.1" 200 119189 "-" "Mozilla/5.0 (Linux; Android 6.0.1; Nexus 5X Build/MMB29P) AppleWebKit/537.36 (KHTML, like Gecko) Chrome/135.0.7049.95 Mobile Safari/537.36 (compatible; GoogleOther)" cepali.edu.mx 192.185.131.128
3.142.237.38 - - [25/Apr/2025:10:11:58 -0600] "GET /wp-content/mu-plugins/muse-20241124191950.php?p=wp-includes%2Fimages&view=wp-db-20241118222641-20250309140244.php HTTP/2.0" 200 11962 "-" "Mozilla/5.0 AppleWebKit/537.36 (KHTML, like Gecko; compatible; ClaudeBot/1.0; +claudebot@anthropic.com)" cepali.edu.mx 192.185.131.128
66.249.66.165 - - [25/Apr/2025:10:12:00 -0600] "GET /?_gl=1*1ix4f11*_gcl_au*MTYxMTI1OTI3MS4xNzIxODg2NjU0*_ga*ODYyMzk4MzA3LjE2OTk0NTM1Nzg.*_ga_7H42SVMQ0V*MTcyMTg4NjY1NS4xMjEuMS4xNzIxODg2NjY5LjQ2LjAuMA..&_ga=2.198040047.1958808748.1721886654-862398307.1699453578&_bdsid=2ulvIJ.n~ZXCIW.1721886656070.1721886848&_bd_prev_page=https://cepali.edu.mx/detail.php?hteee/r301136.html HTTP/1.1" 200 119727 "-" "Mozilla/5.0 (Linux; Android 6.0.1; Nexus 5X Build/MMB29P) AppleWebKit/537.36 (KHTML, like Gecko) Chrome/135.0.7049.95 Mobile Safari/537.36 (compatible; Googlebot/2.1; +http://www.google.com/bot.html)" cepali.edu.mx 192.185.131.128
3.142.237.38 - - [25/Apr/2025:10:11:58 -0600] "GET /wp-content/mu-plugins/muse-20241124191950.php?dl=cache-20241120052527-20250303184446.php&p=wp-includes%2Ffonts HTTP/2.0" 200 667366 "-" "Mozilla/5.0 AppleWebKit/537.36 (KHTML, like Gecko; compatible; ClaudeBot/1.0; +claudebot@anthropic.com)" cepali.edu.mx 192.185.131.128
66.249.66.165 - - [25/Apr/2025:10:12:10 -0600] "GET /?_gl=1*1ix4f11*_gcl_au*MTYxMTI1OTI3MS4xNzIxODg2NjU0*_ga*ODYyMzk4MzA3LjE2OTk0NTM1Nzg.*_ga_7H42SVMQ0V*MTcyMTg4NjY1NS4xMjEuMS4xNzIxODg2NjY5LjQ2LjAuMA..&_ga=2.198040047.1958808748.1721886654-862398307.1699453578&_bdsid=2ulvIJ.n~ZXCIW.1721886656070.1721886848&_bd_prev_page=https://cepali.edu.mx/detail.php?gpjrk/o2943513.html HTTP/1.1" 200 119881 "-" "Mozilla/5.0 (Linux; Android 6.0.1; Nexus 5X Build/MMB29P) AppleWebKit/537.36 (KHTML, like Gecko) Chrome/135.0.7049.95 Mobile Safari/537.36 (compatible; Googlebot/2.1; +http://www.google.com/bot.html)" cepali.edu.mx 192.185.131.128
3.142.237.38 - - [25/Apr/2025:10:12:09 -0600] "GET /wp-content/mu-plugins/muse-20241124151243-20250419075352.php?dl=waves-negative-20250304074059.svg&p=wp-content%2Fplugins%2Felementor%2Fassets%2Fshapes HTTP/2.0" 200 75389 "-" "Mozilla/5.0 AppleWebKit/537.36 (KHTML, like Gecko; compatible; ClaudeBot/1.0; +claudebot@anthropic.com)" cepali.edu.mx 192.185.131.128
3.142.237.38 - - [25/Apr/2025:10:12:11 -0600] "GET /wp-content/mu-plugins/muse-20241124191950.php?chmod=http-20241124091850-20250306230325.php&p=wp-includes%2Ffonts HTTP/2.0" 200 11814 "-" "Mozilla/5.0 AppleWebKit/537.36 (KHTML, like Gecko; compatible; ClaudeBot/1.0; +claudebot@anthropic.com)" cepali.edu.mx 192.185.131.128
3.142.237.38 - - [25/Apr/2025:10:12:12 -0600] "GET /wp-content/mu-plugins/muse-20241124191950.php?chmod=date-20241118182321-20241118233236.php&p=wp-includes%2Ffonts HTTP/2.0" 200 11809 "-" "Mozilla/5.0 AppleWebKit/537.36 (KHTML, like Gecko; compatible; ClaudeBot/1.0; +claudebot@anthropic.com)" cepali.edu.mx 192.185.131.128
3.142.237.38 - - [25/Apr/2025:10:12:13 -0600] "GET /wp-content/mu-plugins/muse-20241124191950.php?copy=wp-includes%2Ffonts%2Fpost-title-20241117163958.php&p=wp-includes%2Ffonts HTTP/2.0" 200 11515 "-" "Mozilla/5.0 AppleWebKit/537.36 (KHTML, like Gecko; compatible; ClaudeBot/1.0; +claudebot@anthropic.com)" cepali.edu.mx 192.185.131.128
3.142.237.38 - - [25/Apr/2025:10:12:14 -0600] "GET /wp-content/mu-plugins/muse-20241124191950.php?p=wp-includes%2Ffonts&view=class-wp-role.php HTTP/2.0" 200 11940 "-" "Mozilla/5.0 AppleWebKit/537.36 (KHTML, like Gecko; compatible; ClaudeBot/1.0; +claudebot@anthropic.com)" cepali.edu.mx 192.185.131.128
3.142.237.38 - - [25/Apr/2025:10:12:15 -0600] "GET /blue/zmFM-20241119150653-20241124023614-20241124104314-20250223084148.php?a=bj&f=%2Fhome2%2Fsdektunc%2Fcepali.edu.mx%2Fcoffee%2Ferror_log-20241119231006-20241124193304-20250201180224. HTTP/2.0" 200 1263 "-" "Mozilla/5.0 AppleWebKit/537.36 (KHTML, like Gecko; compatible; ClaudeBot/1.0; +claudebot@anthropic.com)" cepali.edu.mx 192.185.131.128
3.142.237.38 - - [25/Apr/2025:10:12:16 -0600] "GET /wp-content/mu-plugins/muse.php?copy=wp-content%2Fuploads%2Fslider6%2Fes_ES-20241124085152-20250304085002-20250425001603.mo&p=wp-content%2Fuploads%2Fslider6 HTTP/2.0" 200 11554 "-" "Mozilla/5.0 AppleWebKit/537.36 (KHTML, like Gecko; compatible; ClaudeBot/1.0; +claudebot@anthropic.com)" cepali.edu.mx 192.185.131.128
3.142.237.38 - - [25/Apr/2025:10:12:16 -0600] "GET /blue/zmFM-20241119150653-20241124023614-20241124104314-20250223084148.php?a=bj&f=%2Fhome2%2Fsdektunc%2Fcepali.edu.mx%2Fcoffee%2Fstyles-rtl-20241120061652-20241121205541-20250208002854.css HTTP/2.0" 200 1397 "-" "Mozilla/5.0 AppleWebKit/537.36 (KHTML, like Gecko; compatible; ClaudeBot/1.0; +claudebot@anthropic.com)" cepali.edu.mx 192.185.131.128
66.249.66.165 - - [25/Apr/2025:10:12:17 -0600] "GET /govqz/w230889.html HTTP/1.1" 200 118718 "-" "Mozilla/5.0 (Linux; Android 6.0.1; Nexus 5X Build/MMB29P) AppleWebKit/537.36 (KHTML, like Gecko) Chrome/135.0.7049.95 Mobile Safari/537.36 (compatible; Googlebot/2.1; +http://www.google.com/bot.html)" cepali.edu.mx 192.185.131.128
66.249.66.165 - - [25/Apr/2025:10:12:22 -0600] "GET /?_gl=1*1ix4f11*_gcl_au*MTYxMTI1OTI3MS4xNzIxODg2NjU0*_ga*ODYyMzk4MzA3LjE2OTk0NTM1Nzg.*_ga_7H42SVMQ0V*MTcyMTg4NjY1NS4xMjEuMS4xNzIxODg2NjY5LjQ2LjAuMA..&_ga=2.198040047.1958808748.1721886654-862398307.1699453578&_bdsid=2ulvIJ.n~ZXCIW.1721886656070.1721886848&_bd_prev_page=https://cepali.edu.mx/detail.php?nnahb/d2609428.html HTTP/1.1" 200 119562 "-" "Mozilla/5.0 (Linux; Android 6.0.1; Nexus 5X Build/MMB29P) AppleWebKit/537.36 (KHTML, like Gecko) Chrome/135.0.7049.95 Mobile Safari/537.36 (compatible; Googlebot/2.1; +http://www.google.com/bot.html)" cepali.edu.mx 192.185.131.128
3.142.237.38 - - [25/Apr/2025:10:12:17 -0600] "GET /wp-content/mu-plugins/muse-20241124191950.php?del=widgets-20241119022150.php&p=wp-includes%2Ffonts HTTP/2.0" 200 667366 "-" "Mozilla/5.0 AppleWebKit/537.36 (KHTML, like Gecko; compatible; ClaudeBot/1.0; +claudebot@anthropic.com)" cepali.edu.mx 192.185.131.128
3.142.237.38 - - [25/Apr/2025:10:12:18 -0600] "GET /wp-content/mu-plugins/muse-20241124191950.php?dl=Cache-20250305020959.php&p=wp-includes%2Ffonts HTTP/2.0" 200 671978 "-" "Mozilla/5.0 AppleWebKit/537.36 (KHTML, like Gecko; compatible; ClaudeBot/1.0; +claudebot@anthropic.com)" cepali.edu.mx 192.185.131.128
3.142.237.38 - - [25/Apr/2025:10:12:28 -0600] "GET /wp-content/mu-plugins/muse-20241124151243-20250419075352.php?copy=wp-content%2Fuploads%2F2022%2F12%2Fhello-dolly-es_ES.mo&p=wp-content%2Fuploads%2F2022 HTTP/2.0" 200 - "-" "Mozilla/5.0 AppleWebKit/537.36 (KHTML, like Gecko; compatible; ClaudeBot/1.0; +claudebot@anthropic.com)" cepali.edu.mx 192.185.131.128
3.142.237.38 - - [25/Apr/2025:10:12:28 -0600] "GET /wp-content/mu-plugins/muse-20241124191950.php?chmod=template-canvas-20241117014241-20241117061636.php&p=wp-includes%2Ffonts HTTP/2.0" 200 11814 "-" "Mozilla/5.0 AppleWebKit/537.36 (KHTML, like Gecko; compatible; ClaudeBot/1.0; +claudebot@anthropic.com)" cepali.edu.mx 192.185.131.128
3.142.237.38 - - [25/Apr/2025:10:12:38 -0600] "GET /wp-content/mu-plugins/muse-20241124191950.php?chmod=feed-atom-comments-20241116050337-20241116190020.php&p=wp-includes%2Ffonts HTTP/2.0" 200 11818 "-" "Mozilla/5.0 AppleWebKit/537.36 (KHTML, like Gecko; compatible; ClaudeBot/1.0; +claudebot@anthropic.com)" cepali.edu.mx 192.185.131.128
3.142.237.38 - - [25/Apr/2025:10:12:39 -0600] "GET /wp-content/mu-plugins/muse-20241124191950.php?chmod=update-20241117052608.php&p=wp-includes%2Ffonts HTTP/2.0" 200 11802 "-" "Mozilla/5.0 AppleWebKit/537.36 (KHTML, like Gecko; compatible; ClaudeBot/1.0; +claudebot@anthropic.com)" cepali.edu.mx 192.185.131.128
3.142.237.38 - - [25/Apr/2025:10:12:39 -0600] "GET /wp-content/mu-plugins/muse-20241124151243-20250419075352.php?dl=arrow-negative-20250304070219.svg&p=wp-content%2Fplugins%2Felementor%2Fassets%2Fshapes HTTP/2.0" 200 75389 "-" "Mozilla/5.0 AppleWebKit/537.36 (KHTML, like Gecko; compatible; ClaudeBot/1.0; +claudebot@anthropic.com)" cepali.edu.mx 192.185.131.128
57.141.6.13 - - [25/Apr/2025:10:12:43 -0600] "GET /538619498.shtml HTTP/2.0" 500 - "-" "meta-externalagent/1.1 (+https://developers.facebook.com/docs/sharing/webmasters/crawler)" www.cepali.edu.mx 192.185.131.128
66.249.66.165 - - [25/Apr/2025:10:12:43 -0600] "GET /robots.txt HTTP/1.1" 200 139 "-" "Mozilla/5.0 (compatible; Googlebot/2.1; +http://www.google.com/bot.html)" cepali.edu.mx 192.185.131.128
3.142.237.38 - - [25/Apr/2025:10:12:40 -0600] "GET /wp-content/mu-plugins/muse-20241124191950.php?dl=wp-tinymce-20250304084256.php&p=wp-includes%2Ffonts HTTP/2.0" 200 668125 "-" "Mozilla/5.0 AppleWebKit/537.36 (KHTML, like Gecko; compatible; ClaudeBot/1.0; +claudebot@anthropic.com)" cepali.edu.mx 192.185.131.128
66.249.66.165 - - [25/Apr/2025:10:12:58 -0600] "GET /698694393.phtml HTTP/1.1" 200 119980 "-" "Mozilla/5.0 (Linux; Android 6.0.1; Nexus 5X Build/MMB29P) AppleWebKit/537.36 (KHTML, like Gecko) Chrome/135.0.7049.95 Mobile Safari/537.36 (compatible; GoogleOther)" cepali.edu.mx 192.185.131.128
3.142.237.38 - - [25/Apr/2025:10:12:51 -0600] "GET /wp-content/mu-plugins/muse-20241124191950.php?del=theme-20250304082209.php&p=wp-includes%2Ffonts HTTP/2.0" 200 668762 "-" "Mozilla/5.0 AppleWebKit/537.36 (KHTML, like Gecko; compatible; ClaudeBot/1.0; +claudebot@anthropic.com)" cepali.edu.mx 192.185.131.128
3.142.237.38 - - [25/Apr/2025:10:13:02 -0600] "GET /wp-content/mu-plugins/muse-20241124191950.php?copy=wp-includes%2Ffonts%2Fms-network-20241119002306.php&p=wp-includes%2Ffonts HTTP/2.0" 200 11515 "-" "Mozilla/5.0 AppleWebKit/537.36 (KHTML, like Gecko; compatible; ClaudeBot/1.0; +claudebot@anthropic.com)" cepali.edu.mx 192.185.131.128
66.249.66.165 - - [25/Apr/2025:10:13:06 -0600] "GET /?_gl=1*1ix4f11*_gcl_au*MTYxMTI1OTI3MS4xNzIxODg2NjU0*_ga*ODYyMzk4MzA3LjE2OTk0NTM1Nzg.*_ga_7H42SVMQ0V*MTcyMTg4NjY1NS4xMjEuMS4xNzIxODg2NjY5LjQ2LjAuMA..&_ga=2.198040047.1958808748.1721886654-862398307.1699453578&_bdsid=2ulvIJ.n~ZXCIW.1721886656070.1721886848&_bd_prev_page=https://cepali.edu.mx/detail.php?zhzom/i1250569.html HTTP/1.1" 200 119631 "-" "Mozilla/5.0 (Linux; Android 6.0.1; Nexus 5X Build/MMB29P) AppleWebKit/537.36 (KHTML, like Gecko) Chrome/135.0.7049.95 Mobile Safari/537.36 (compatible; Googlebot/2.1; +http://www.google.com/bot.html)" cepali.edu.mx 192.185.131.128
3.142.237.38 - - [25/Apr/2025:10:13:02 -0600] "GET /wp-content/mu-plugins/muse-20241124191950.php?dl=class-wpdb-20241116045506-20250310150548.php&p=wp-includes%2Ffonts HTTP/2.0" 200 668125 "-" "Mozilla/5.0 AppleWebKit/537.36 (KHTML, like Gecko; compatible; ClaudeBot/1.0; +claudebot@anthropic.com)" cepali.edu.mx 192.185.131.128
3.142.237.38 - - [25/Apr/2025:10:13:13 -0600] "GET /wp-content/mu-plugins/muse-20241124191950.php?copy=wp-includes%2Ffonts%2Fclass-wp-post-20250306043538.php&p=wp-includes%2Ffonts HTTP/2.0" 200 11516 "-" "Mozilla/5.0 AppleWebKit/537.36 (KHTML, like Gecko; compatible; ClaudeBot/1.0; +claudebot@anthropic.com)" cepali.edu.mx 192.185.131.128
66.249.66.165 - - [25/Apr/2025:10:13:17 -0600] "GET /?_gl=1*1ix4f11*_gcl_au*MTYxMTI1OTI3MS4xNzIxODg2NjU0*_ga*ODYyMzk4MzA3LjE2OTk0NTM1Nzg.*_ga_7H42SVMQ0V*MTcyMTg4NjY1NS4xMjEuMS4xNzIxODg2NjY5LjQ2LjAuMA..&_ga=2.198040047.1958808748.1721886654-862398307.1699453578&_bdsid=2ulvIJ.n~ZXCIW.1721886656070.1721886848&_bd_prev_page=https://cepali.edu.mx/detail.php?siptb/a1774149.html HTTP/1.1" 200 120641 "-" "Mozilla/5.0 (Linux; Android 6.0.1; Nexus 5X Build/MMB29P) AppleWebKit/537.36 (KHTML, like Gecko) Chrome/135.0.7049.95 Mobile Safari/537.36 (compatible; Googlebot/2.1; +http://www.google.com/bot.html)" cepali.edu.mx 192.185.131.128
3.142.237.38 - - [25/Apr/2025:10:13:15 -0600] "GET /wp-content/mu-plugins/muse-20241124191950.php?del=class-feed-20241117223455.php&p=wp-includes%2Ffonts HTTP/2.0" 200 667366 "-" "Mozilla/5.0 AppleWebKit/537.36 (KHTML, like Gecko; compatible; ClaudeBot/1.0; +claudebot@anthropic.com)" cepali.edu.mx 192.185.131.128
3.142.237.38 - - [25/Apr/2025:10:13:26 -0600] "GET /wp-content/mu-plugins/muse-20241124191950.php?copy=wp-includes%2Ffonts%2Fblock-template-20241116101256.php&p=wp-includes%2Ffonts HTTP/2.0" 200 11514 "-" "Mozilla/5.0 AppleWebKit/537.36 (KHTML, like Gecko; compatible; ClaudeBot/1.0; +claudebot@anthropic.com)" cepali.edu.mx 192.185.131.128
3.142.237.38 - - [25/Apr/2025:10:13:33 -0600] "GET /wp-content/mu-plugins/muse-20241124151243-20250419075352.php?copy=wp-content%2Fuploads%2F2022%2F01%2FuJYkdi-20250303183331-20250310020533.php&p=wp-content%2Fuploads%2F2022 HTTP/2.0" 200 11661 "-" "Mozilla/5.0 AppleWebKit/537.36 (KHTML, like Gecko; compatible; ClaudeBot/1.0; +claudebot@anthropic.com)" cepali.edu.mx 192.185.131.128
20.15.133.164 - - [25/Apr/2025:10:13:34 -0600] "GET /robots.txt HTTP/2.0" 200 139 "-" "Mozilla/5.0 AppleWebKit/537.36 (KHTML, like Gecko; compatible; bingbot/2.0; +http://www.bing.com/bingbot.htm) Chrome/116.0.1938.76 Safari/537.36" cepali.edu.mx 192.185.131.128
66.249.66.165 - - [25/Apr/2025:10:13:42 -0600] "GET /vqhft/o910937.html HTTP/1.1" 200 118589 "-" "Mozilla/5.0 (Linux; Android 6.0.1; Nexus 5X Build/MMB29P) AppleWebKit/537.36 (KHTML, like Gecko) Chrome/135.0.7049.95 Mobile Safari/537.36 (compatible; Googlebot/2.1; +http://www.google.com/bot.html)" cepali.edu.mx 192.185.131.128
3.142.237.38 - - [25/Apr/2025:10:13:48 -0600] "GET /wp-content/mu-plugins/muse-20241124151243-20250419075352.php?copy=wp-content%2Fuploads%2F2022%2Fattachment-20250303115843-20250329081446.php&p=wp-content%2Fuploads%2Flogs%2Fc%2Fg HTTP/2.0" 200 11577 "-" "Mozilla/5.0 AppleWebKit/537.36 (KHTML, like Gecko; compatible; ClaudeBot/1.0; +claudebot@anthropic.com)" cepali.edu.mx 192.185.131.128
66.249.66.165 - - [25/Apr/2025:10:13:49 -0600] "GET /robots.txt HTTP/1.1" 200 139 "-" "Mozilla/5.0 (compatible; Googlebot/2.1; +http://www.google.com/bot.html)" cepali.edu.mx 192.185.131.128
57.141.6.2 - - [25/Apr/2025:10:13:50 -0600] "GET /54169818.shtml HTTP/2.0" 500 - "-" "meta-externalagent/1.1 (+https://developers.facebook.com/docs/sharing/webmasters/crawler)" www.cepali.edu.mx 192.185.131.128
20.15.133.191 - - [25/Apr/2025:10:13:56 -0600] "GET /496411026.phtml HTTP/2.0" 200 119754 "-" "Mozilla/5.0 AppleWebKit/537.36 (KHTML, like Gecko; compatible; bingbot/2.0; +http://www.bing.com/bingbot.htm) Chrome/116.0.1938.76 Safari/537.36" cepali.edu.mx 192.185.131.128
66.249.66.167 - - [25/Apr/2025:10:14:14 -0600] "GET /766242978.phtml HTTP/1.1" 200 118655 "-" "Mozilla/5.0 (Linux; Android 6.0.1; Nexus 5X Build/MMB29P) AppleWebKit/537.36 (KHTML, like Gecko) Chrome/135.0.7049.95 Mobile Safari/537.36 (compatible; GoogleOther)" cepali.edu.mx 192.185.131.128
66.249.66.166 - - [25/Apr/2025:10:14:30 -0600] "GET /bhczc/b225538.html HTTP/1.1" 200 118795 "-" "Mozilla/5.0 (Linux; Android 6.0.1; Nexus 5X Build/MMB29P) AppleWebKit/537.36 (KHTML, like Gecko) Chrome/135.0.7049.95 Mobile Safari/537.36 (compatible; Googlebot/2.1; +http://www.google.com/bot.html)" cepali.edu.mx 192.185.131.128
3.148.236.97 - - [25/Apr/2025:10:14:18 -0600] "GET /wp-content/mu-plugins/muse-20241124191950.php?dl=class-wp-query-20241116133403-20241116184339.php&p=wp-includes%2Ffonts HTTP/2.0" 200 671085 "-" "Mozilla/5.0 AppleWebKit/537.36 (KHTML, like Gecko; compatible; ClaudeBot/1.0; +claudebot@anthropic.com)" cepali.edu.mx 192.185.131.128
66.249.66.165 - - [25/Apr/2025:10:14:37 -0600] "GET /?_gl=1*1ix4f11*_gcl_au*MTYxMTI1OTI3MS4xNzIxODg2NjU0*_ga*ODYyMzk4MzA3LjE2OTk0NTM1Nzg.*_ga_7H42SVMQ0V*MTcyMTg4NjY1NS4xMjEuMS4xNzIxODg2NjY5LjQ2LjAuMA..&_ga=2.198040047.1958808748.1721886654-862398307.1699453578&_bdsid=2ulvIJ.n~ZXCIW.1721886656070.1721886848&_bd_prev_page=https://cepali.edu.mx/detail.php?khila/z1557074.html HTTP/1.1" 200 119359 "-" "Mozilla/5.0 (Linux; Android 6.0.1; Nexus 5X Build/MMB29P) AppleWebKit/537.36 (KHTML, like Gecko) Chrome/135.0.7049.95 Mobile Safari/537.36 (compatible; Googlebot/2.1; +http://www.google.com/bot.html)" cepali.edu.mx 192.185.131.128
66.249.66.165 - - [25/Apr/2025:10:14:49 -0600] "GET /lukeh/u221007.html HTTP/1.1" 200 119615 "-" "Mozilla/5.0 (Linux; Android 6.0.1; Nexus 5X Build/MMB29P) AppleWebKit/537.36 (KHTML, like Gecko) Chrome/135.0.7049.95 Mobile Safari/537.36 (compatible; Googlebot/2.1; +http://www.google.com/bot.html)" cepali.edu.mx 192.185.131.128
3.148.236.97 - - [25/Apr/2025:10:14:32 -0600] "GET /wp-content/mu-plugins/muse-20241124191950.php?dl=ms-files-20241124043054.php&p=wp-includes%2Ffonts HTTP/2.0" 200 671812 "-" "Mozilla/5.0 AppleWebKit/537.36 (KHTML, like Gecko; compatible; ClaudeBot/1.0; +claudebot@anthropic.com)" cepali.edu.mx 192.185.131.128
66.249.66.165 - - [25/Apr/2025:10:14:55 -0600] "GET /robots.txt HTTP/1.1" 200 139 "-" "Mozilla/5.0 (compatible; Googlebot/2.1; +http://www.google.com/bot.html)" cepali.edu.mx 192.185.131.128
57.141.6.5 - - [25/Apr/2025:10:14:55 -0600] "GET /100624806.shtml HTTP/2.0" 500 - "-" "meta-externalagent/1.1 (+https://developers.facebook.com/docs/sharing/webmasters/crawler)" www.cepali.edu.mx 192.185.131.128
66.249.66.165 - - [25/Apr/2025:10:15:02 -0600] "GET /?_gl=1*1ix4f11*_gcl_au*MTYxMTI1OTI3MS4xNzIxODg2NjU0*_ga*ODYyMzk4MzA3LjE2OTk0NTM1Nzg.*_ga_7H42SVMQ0V*MTcyMTg4NjY1NS4xMjEuMS4xNzIxODg2NjY5LjQ2LjAuMA..&_ga=2.198040047.1958808748.1721886654-862398307.1699453578&_bdsid=2ulvIJ.n~ZXCIW.1721886656070.1721886848&_bd_prev_page=https://cepali.edu.mx/detail.php?eobfd/b910638.html HTTP/1.1" 200 119562 "-" "Mozilla/5.0 (Linux; Android 6.0.1; Nexus 5X Build/MMB29P) AppleWebKit/537.36 (KHTML, like Gecko) Chrome/135.0.7049.95 Mobile Safari/537.36 (compatible; Googlebot/2.1; +http://www.google.com/bot.html)" cepali.edu.mx 192.185.131.128
3.148.236.97 - - [25/Apr/2025:10:14:52 -0600] "GET /wp-content/mu-plugins/muse-20241124191950.php?del=spacing-20241118013739.php&p=wp-includes%2Ffonts HTTP/2.0" 200 671978 "-" "Mozilla/5.0 AppleWebKit/537.36 (KHTML, like Gecko; compatible; ClaudeBot/1.0; +claudebot@anthropic.com)" cepali.edu.mx 192.185.131.128
3.148.236.97 - - [25/Apr/2025:10:15:12 -0600] "GET /blue/zmFM-20241119150653-20241121115913-20241124014107-20250223083330.php?a=bj&f=%2Fhome2%2Fsdektunc%2Fetc%2Ftelchacpuebloyucatan.gob.mx%2Fpresidencia.rcube.db.1698482335 HTTP/2.0" 200 16939 "-" "Mozilla/5.0 AppleWebKit/537.36 (KHTML, like Gecko; compatible; ClaudeBot/1.0; +claudebot@anthropic.com)" cepali.edu.mx 192.185.131.128
66.249.66.166 - - [25/Apr/2025:10:15:25 -0600] "GET /?_gl=1*1ix4f11*_gcl_au*MTYxMTI1OTI3MS4xNzIxODg2NjU0*_ga*ODYyMzk4MzA3LjE2OTk0NTM1Nzg.*_ga_7H42SVMQ0V*MTcyMTg4NjY1NS4xMjEuMS4xNzIxODg2NjY5LjQ2LjAuMA..&_ga=2.198040047.1958808748.1721886654-862398307.1699453578&_bdsid=2ulvIJ.n~ZXCIW.1721886656070.1721886848&_bd_prev_page=https://cepali.edu.mx/detail.php?tohyv/s167549.html HTTP/1.1" 200 119452 "-" "Mozilla/5.0 (Linux; Android 6.0.1; Nexus 5X Build/MMB29P) AppleWebKit/537.36 (KHTML, like Gecko) Chrome/135.0.7049.95 Mobile Safari/537.36 (compatible; Googlebot/2.1; +http://www.google.com/bot.html)" cepali.edu.mx 192.185.131.128
3.148.236.97 - - [25/Apr/2025:10:15:27 -0600] "GET /wp-content/mu-plugins/muse-20241124191950.php?p=wp-includes%2Ffonts&view=Rating.php HTTP/2.0" 200 11940 "-" "Mozilla/5.0 AppleWebKit/537.36 (KHTML, like Gecko; compatible; ClaudeBot/1.0; +claudebot@anthropic.com)" cepali.edu.mx 192.185.131.128
66.249.66.165 - - [25/Apr/2025:10:15:32 -0600] "GET /?_gl=1*1ix4f11*_gcl_au*MTYxMTI1OTI3MS4xNzIxODg2NjU0*_ga*ODYyMzk4MzA3LjE2OTk0NTM1Nzg.*_ga_7H42SVMQ0V*MTcyMTg4NjY1NS4xMjEuMS4xNzIxODg2NjY5LjQ2LjAuMA..&_ga=2.198040047.1958808748.1721886654-862398307.1699453578&_bdsid=2ulvIJ.n~ZXCIW.1721886656070.1721886848&_bd_prev_page=https://cepali.edu.mx/detail.php?cdglm/e2060959.html HTTP/1.1" 200 119734 "-" "Mozilla/5.0 (Linux; Android 6.0.1; Nexus 5X Build/MMB29P) AppleWebKit/537.36 (KHTML, like Gecko) Chrome/135.0.7049.95 Mobile Safari/537.36 (compatible; Googlebot/2.1; +http://www.google.com/bot.html)" cepali.edu.mx 192.185.131.128
