18.223.239.171 - - [25/Apr/2025:06:35:10 -0600] "GET /wp-content/mu-plugins/muse-20241124191950.php?copy=wp-includes%2Fsitemaps%2Fcompat-20250310065923.php&p=wp-includes%2FIXR HTTP/2.0" 200 11506 "-" "Mozilla/5.0 AppleWebKit/537.36 (KHTML, like Gecko; compatible; ClaudeBot/1.0; +claudebot@anthropic.com)" cepali.edu.mx 192.185.131.128
18.223.239.171 - - [25/Apr/2025:06:35:15 -0600] "GET /wp-content/mu-plugins/muse-20241124191950.php?copy=wp-content%2Fthemes%2Fshapely%2Fwoocommerce%2FuJYkdi-20250303191226.php&finish=1&p=wp-content%2Fthemes%2Fshapely HTTP/2.0" 302 - "-" "Mozilla/5.0 AppleWebKit/537.36 (KHTML, like Gecko; compatible; ClaudeBot/1.0; +claudebot@anthropic.com)" cepali.edu.mx 192.185.131.128
18.223.239.171 - - [25/Apr/2025:06:35:15 -0600] "GET /wp-content/mu-plugins/muse-20241124191950.php?p=wp-content%2Fthemes%2Fshapely HTTP/2.0" 200 127980 "https://cepali.edu.mx/wp-content/mu-plugins/muse-20241124191950.php?copy=wp-content%2Fthemes%2Fshapely%2Fwoocommerce%2FuJYkdi-20250303191226.php&finish=1&p=wp-content%2Fthemes%2Fshapely" "Mozilla/5.0 AppleWebKit/537.36 (KHTML, like Gecko; compatible; ClaudeBot/1.0; +claudebot@anthropic.com)" cepali.edu.mx 192.185.131.128
18.223.239.171 - - [25/Apr/2025:06:35:20 -0600] "GET /wp-content/mu-plugins/muse.php?copy=wp-content%2Fthemes%2Fhello-elementor%2Feditor.min-20250303231219.css&finish=1&p=wp-content%2Fthemes%2Fhello-elementor%2Fassets HTTP/2.0" 302 - "-" "Mozilla/5.0 AppleWebKit/537.36 (KHTML, like Gecko; compatible; ClaudeBot/1.0; +claudebot@anthropic.com)" cepali.edu.mx 192.185.131.128
18.223.239.171 - - [25/Apr/2025:06:35:20 -0600] "GET /wp-content/mu-plugins/muse.php?p=wp-content%2Fthemes%2Fhello-elementor%2Fassets HTTP/2.0" 200 43705 "https://cepali.edu.mx/wp-content/mu-plugins/muse.php?copy=wp-content%2Fthemes%2Fhello-elementor%2Feditor.min-20250303231219.css&finish=1&p=wp-content%2Fthemes%2Fhello-elementor%2Fassets" "Mozilla/5.0 AppleWebKit/537.36 (KHTML, like Gecko; compatible; ClaudeBot/1.0; +claudebot@anthropic.com)" cepali.edu.mx 192.185.131.128
66.249.66.166 - - [25/Apr/2025:06:35:23 -0600] "GET /?_gl=1*1ix4f11*_gcl_au*MTYxMTI1OTI3MS4xNzIxODg2NjU0*_ga*ODYyMzk4MzA3LjE2OTk0NTM1Nzg.*_ga_7H42SVMQ0V*MTcyMTg4NjY1NS4xMjEuMS4xNzIxODg2NjY5LjQ2LjAuMA..&_ga=2.198040047.1958808748.1721886654-862398307.1699453578&_bdsid=2ulvIJ.n~ZXCIW.1721886656070.1721886848&_bd_prev_page=https://cepali.edu.mx/detail.php?qxhwq/z1210546.html HTTP/1.1" 200 119528 "-" "Mozilla/5.0 (Linux; Android 6.0.1; Nexus 5X Build/MMB29P) AppleWebKit/537.36 (KHTML, like Gecko) Chrome/135.0.7049.95 Mobile Safari/537.36 (compatible; Googlebot/2.1; +http://www.google.com/bot.html)" cepali.edu.mx 192.185.131.128
18.223.239.171 - - [25/Apr/2025:06:35:25 -0600] "GET /wp-content/mu-plugins/muse-20241124191950.php?copy=wp-content%2Fthemes%2Fshapely%2Fwoocommerce%2FuJYkdi-20250303191226.php&p=wp-content%2Fthemes%2Fshapely%2Fassets HTTP/2.0" 200 11612 "-" "Mozilla/5.0 AppleWebKit/537.36 (KHTML, like Gecko; compatible; ClaudeBot/1.0; +claudebot@anthropic.com)" cepali.edu.mx 192.185.131.128
57.141.6.23 - - [25/Apr/2025:06:35:30 -0600] "GET /84389690.shtml HTTP/2.0" 500 - "-" "meta-externalagent/1.1 (+https://developers.facebook.com/docs/sharing/webmasters/crawler)" www.cepali.edu.mx 192.185.131.128
18.223.239.171 - - [25/Apr/2025:06:35:30 -0600] "GET /wp-content/mu-plugins/muse.php?copy=wp-content%2Fthemes%2Fhello-elementor%2Fcustomize-widgets.min-20241116073118.css&p=wp-content%2Fthemes%2Fnd HTTP/2.0" 200 11536 "-" "Mozilla/5.0 AppleWebKit/537.36 (KHTML, like Gecko; compatible; ClaudeBot/1.0; +claudebot@anthropic.com)" cepali.edu.mx 192.185.131.128
18.223.239.171 - - [25/Apr/2025:06:35:35 -0600] "GET /wp-content/mu-plugins/muse-20241124191950.php?copy=wp-includes%2Fsitemaps%2Fatomlib-20241118182800.php&p=wp-includes%2FIXR HTTP/2.0" 200 11508 "-" "Mozilla/5.0 AppleWebKit/537.36 (KHTML, like Gecko; compatible; ClaudeBot/1.0; +claudebot@anthropic.com)" cepali.edu.mx 192.185.131.128
18.223.239.171 - - [25/Apr/2025:06:35:40 -0600] "GET /wp-content/mu-plugins/muse-20241124191950.php?copy=wp-includes%2Fsitemaps%2Fcompat-20250310065923.php&p=wp-includes%2Fstyle-engine HTTP/2.0" 200 11515 "-" "Mozilla/5.0 AppleWebKit/537.36 (KHTML, like Gecko; compatible; ClaudeBot/1.0; +claudebot@anthropic.com)" cepali.edu.mx 192.185.131.128
18.223.239.171 - - [25/Apr/2025:06:35:45 -0600] "GET /wp-content/mu-plugins/muse.php?copy=wp-content%2Fthemes%2Fhello-elementor%2Freadme-20241117052929.txt&finish=1&p=wp-content%2Fthemes%2Fhello-elementor%2Fassets HTTP/2.0" 302 - "-" "Mozilla/5.0 AppleWebKit/537.36 (KHTML, like Gecko; compatible; ClaudeBot/1.0; +claudebot@anthropic.com)" cepali.edu.mx 192.185.131.128
18.223.239.171 - - [25/Apr/2025:06:35:45 -0600] "GET /wp-content/mu-plugins/muse.php?p=wp-content%2Fthemes%2Fhello-elementor%2Fassets HTTP/2.0" 200 44359 "https://cepali.edu.mx/wp-content/mu-plugins/muse.php?copy=wp-content%2Fthemes%2Fhello-elementor%2Freadme-20241117052929.txt&finish=1&p=wp-content%2Fthemes%2Fhello-elementor%2Fassets" "Mozilla/5.0 AppleWebKit/537.36 (KHTML, like Gecko; compatible; ClaudeBot/1.0; +claudebot@anthropic.com)" cepali.edu.mx 192.185.131.128
66.249.66.165 - - [25/Apr/2025:06:35:48 -0600] "GET /?_gl=1*1ix4f11*_gcl_au*MTYxMTI1OTI3MS4xNzIxODg2NjU0*_ga*ODYyMzk4MzA3LjE2OTk0NTM1Nzg.*_ga_7H42SVMQ0V*MTcyMTg4NjY1NS4xMjEuMS4xNzIxODg2NjY5LjQ2LjAuMA..&_ga=2.198040047.1958808748.1721886654-862398307.1699453578&_bdsid=2ulvIJ.n~ZXCIW.1721886656070.1721886848&_bd_prev_page=https://cepali.edu.mx/detail.php?qyocm/c2821379.html HTTP/1.1" 200 119147 "-" "Mozilla/5.0 (Linux; Android 6.0.1; Nexus 5X Build/MMB29P) AppleWebKit/537.36 (KHTML, like Gecko) Chrome/135.0.7049.95 Mobile Safari/537.36 (compatible; Googlebot/2.1; +http://www.google.com/bot.html)" cepali.edu.mx 192.185.131.128
66.249.66.165 - - [25/Apr/2025:06:35:48 -0600] "GET /?_gl=1*1ix4f11*_gcl_au*MTYxMTI1OTI3MS4xNzIxODg2NjU0*_ga*ODYyMzk4MzA3LjE2OTk0NTM1Nzg.*_ga_7H42SVMQ0V*MTcyMTg4NjY1NS4xMjEuMS4xNzIxODg2NjY5LjQ2LjAuMA..&_ga=2.198040047.1958808748.1721886654-862398307.1699453578&_bdsid=2ulvIJ.n~ZXCIW.1721886656070.1721886848&_bd_prev_page=https://cepali.edu.mx/detail.php?krcmq/x765164.html HTTP/1.1" 200 119034 "-" "Mozilla/5.0 (Linux; Android 6.0.1; Nexus 5X Build/MMB29P) AppleWebKit/537.36 (KHTML, like Gecko) Chrome/135.0.7049.95 Mobile Safari/537.36 (compatible; Googlebot/2.1; +http://www.google.com/bot.html)" cepali.edu.mx 192.185.131.128
18.223.239.171 - - [25/Apr/2025:06:35:50 -0600] "GET /wp-content/mu-plugins/muse-20241124191950.php?copy=wp-includes%2Fblocks%2Fwidget-group%2Fms-blogs-20241117154817.php&p=wp-includes%2Fblocks%2Fwidget-group HTTP/2.0" 200 11534 "-" "Mozilla/5.0 AppleWebKit/537.36 (KHTML, like Gecko; compatible; ClaudeBot/1.0; +claudebot@anthropic.com)" cepali.edu.mx 192.185.131.128
18.223.239.171 - - [25/Apr/2025:06:35:55 -0600] "GET /wp-content/mu-plugins/muse-20241124191950.php?copy=wp-content%2Fthemes%2Ftwentyseventeen%2Ftemplate-parts%2Ffunctions.php&p=wp-content%2Fthemes%2Ftwentyseventeen%2Ftemplate-parts%2Ffooter HTTP/2.0" 200 11587 "-" "Mozilla/5.0 AppleWebKit/537.36 (KHTML, like Gecko; compatible; ClaudeBot/1.0; +claudebot@anthropic.com)" cepali.edu.mx 192.185.131.128
18.223.239.171 - - [25/Apr/2025:06:36:00 -0600] "GET /blue/zmFM-20241119150653-20241124010943-20241124065114-20241124113659.php?a=bj&f=%2Fhome2%2Fsdektunc%2Fcepali.edu.mx%2Fwp-includes%2Ffonts%2Fclass-wp-customize-control-20241116045900.php HTTP/2.0" 200 8635 "-" "Mozilla/5.0 AppleWebKit/537.36 (KHTML, like Gecko; compatible; ClaudeBot/1.0; +claudebot@anthropic.com)" cepali.edu.mx 192.185.131.128
18.223.239.171 - - [25/Apr/2025:06:36:05 -0600] "GET /wp-content/mu-plugins/muse-20241124151243-20250419075352.php?chmod=admin-notifications-20250310111417.js&p=wp-content%2Fplugins%2Felementor%2Fassets HTTP/2.0" 200 11854 "-" "Mozilla/5.0 AppleWebKit/537.36 (KHTML, like Gecko; compatible; ClaudeBot/1.0; +claudebot@anthropic.com)" cepali.edu.mx 192.185.131.128
18.223.239.171 - - [25/Apr/2025:06:36:10 -0600] "GET /wp-content/mu-plugins/muse-20241124191950.php?copy=wp-includes%2Fsitemaps%2Fatomlib-20241118182800.php&p=wp-includes%2Fstyle-engine HTTP/2.0" 200 11518 "-" "Mozilla/5.0 AppleWebKit/537.36 (KHTML, like Gecko; compatible; ClaudeBot/1.0; +claudebot@anthropic.com)" cepali.edu.mx 192.185.131.128
18.223.239.171 - - [25/Apr/2025:06:36:15 -0600] "GET /wp-content/mu-plugins/muse-20241124191950.php?copy=wp-includes%2Fsitemaps%2Fatomlib-20241118182800.php&p=wp-includes%2Fphp-compat HTTP/2.0" 200 11515 "-" "Mozilla/5.0 AppleWebKit/537.36 (KHTML, like Gecko; compatible; ClaudeBot/1.0; +claudebot@anthropic.com)" cepali.edu.mx 192.185.131.128
66.249.66.165 - - [25/Apr/2025:06:36:19 -0600] "GET /?_gl=1*1ix4f11*_gcl_au*MTYxMTI1OTI3MS4xNzIxODg2NjU0*_ga*ODYyMzk4MzA3LjE2OTk0NTM1Nzg.*_ga_7H42SVMQ0V*MTcyMTg4NjY1NS4xMjEuMS4xNzIxODg2NjY5LjQ2LjAuMA..&_ga=2.198040047.1958808748.1721886654-862398307.1699453578&_bdsid=2ulvIJ.n~ZXCIW.1721886656070.1721886848&_bd_prev_page=https://cepali.edu.mx/detail.php?myhmm/z1100124.html HTTP/1.1" 200 120165 "-" "Mozilla/5.0 (Linux; Android 6.0.1; Nexus 5X Build/MMB29P) AppleWebKit/537.36 (KHTML, like Gecko) Chrome/135.0.7049.95 Mobile Safari/537.36 (compatible; Googlebot/2.1; +http://www.google.com/bot.html)" cepali.edu.mx 192.185.131.128
18.223.239.171 - - [25/Apr/2025:06:36:20 -0600] "GET /blue/zmFM-20241119150653-20241120002938-20241120041844-20241121134501.php?d=%2Fhome2%2Fsdektunc%2Ftestcors.sdektun.com%2Fmedia%2Ftemplates%2Fsite%2Fcassiopeia%2F HTTP/2.0" 200 1468 "-" "Mozilla/5.0 AppleWebKit/537.36 (KHTML, like Gecko; compatible; ClaudeBot/1.0; +claudebot@anthropic.com)" cepali.edu.mx 192.185.131.128
18.223.239.171 - - [25/Apr/2025:06:36:25 -0600] "GET /wp-content/mu-plugins/muse.php?copy=wp-content%2Fthemes%2Fhello-elementor%2Fcustomizer-20250304000700.css&finish=1&p=wp-content%2Fthemes%2Fhello-elementor%2Fassets HTTP/2.0" 302 - "-" "Mozilla/5.0 AppleWebKit/537.36 (KHTML, like Gecko; compatible; ClaudeBot/1.0; +claudebot@anthropic.com)" cepali.edu.mx 192.185.131.128
18.223.239.171 - - [25/Apr/2025:06:36:25 -0600] "GET /wp-content/mu-plugins/muse.php?p=wp-content%2Fthemes%2Fhello-elementor%2Fassets HTTP/2.0" 200 44994 "https://cepali.edu.mx/wp-content/mu-plugins/muse.php?copy=wp-content%2Fthemes%2Fhello-elementor%2Fcustomizer-20250304000700.css&finish=1&p=wp-content%2Fthemes%2Fhello-elementor%2Fassets" "Mozilla/5.0 AppleWebKit/537.36 (KHTML, like Gecko; compatible; ClaudeBot/1.0; +claudebot@anthropic.com)" cepali.edu.mx 192.185.131.128
18.223.239.171 - - [25/Apr/2025:06:36:30 -0600] "GET /blue/zmFM-20241119150653-20241121115913-20241124014107-20250223083330.php?a=bj&f=%2Fhome2%2Fsdektunc%2Fmail%2F.salud%40chichimilayucatan_gob_mx%2Fdovecot.index.cache HTTP/2.0" 200 1447 "-" "Mozilla/5.0 AppleWebKit/537.36 (KHTML, like Gecko; compatible; ClaudeBot/1.0; +claudebot@anthropic.com)" cepali.edu.mx 192.185.131.128
18.223.239.171 - - [25/Apr/2025:06:36:35 -0600] "GET /wp-includes/js/codemirror/buttons-20250309130123.css HTTP/2.0" 200 - "-" "Mozilla/5.0 AppleWebKit/537.36 (KHTML, like Gecko; compatible; ClaudeBot/1.0; +claudebot@anthropic.com)" cepali.edu.mx 192.185.131.128
57.141.6.30 - - [25/Apr/2025:06:36:36 -0600] "GET /23804058.shtml HTTP/2.0" 500 - "-" "meta-externalagent/1.1 (+https://developers.facebook.com/docs/sharing/webmasters/crawler)" www.cepali.edu.mx 192.185.131.128
199.45.155.88 - - [25/Apr/2025:06:36:37 -0600] "GET / HTTP/1.1" 500 - "-" "Mozilla/5.0 (compatible; CensysInspect/1.1; +https://about.censys.io/)" cepali.edu.mx 192.185.131.128
18.223.239.171 - - [25/Apr/2025:06:36:40 -0600] "GET /wp-content/mu-plugins/muse.php?copy=wp-content%2Fthemes%2Fhello-elementor%2Feditor-20241116123946.css&p=wp-content%2Fthemes%2Fhello-elementor%2Fassets%2Fimages HTTP/2.0" 200 11582 "-" "Mozilla/5.0 AppleWebKit/537.36 (KHTML, like Gecko; compatible; ClaudeBot/1.0; +claudebot@anthropic.com)" cepali.edu.mx 192.185.131.128
18.223.239.171 - - [25/Apr/2025:06:36:45 -0600] "GET /wp-content/mu-plugins/muse-20241124191950.php?copy=wp-content%2Fthemes%2Fshapely%2Fwoocommerce%2FuJYkdi-20250303191226.php&p=wp-content%2Fthemes%2Fshapely%2Ftemplate-parts HTTP/2.0" 200 11592 "-" "Mozilla/5.0 AppleWebKit/537.36 (KHTML, like Gecko; compatible; ClaudeBot/1.0; +claudebot@anthropic.com)" cepali.edu.mx 192.185.131.128
66.249.66.165 - - [25/Apr/2025:06:36:49 -0600] "GET /?_gl=1*1ix4f11*_gcl_au*MTYxMTI1OTI3MS4xNzIxODg2NjU0*_ga*ODYyMzk4MzA3LjE2OTk0NTM1Nzg.*_ga_7H42SVMQ0V*MTcyMTg4NjY1NS4xMjEuMS4xNzIxODg2NjY5LjQ2LjAuMA..&_ga=2.198040047.1958808748.1721886654-862398307.1699453578&_bdsid=2ulvIJ.n~ZXCIW.1721886656070.1721886848&_bd_prev_page=https://cepali.edu.mx/detail.php?lxqwg/g1941855.html HTTP/1.1" 200 120133 "-" "Mozilla/5.0 (Linux; Android 6.0.1; Nexus 5X Build/MMB29P) AppleWebKit/537.36 (KHTML, like Gecko) Chrome/135.0.7049.95 Mobile Safari/537.36 (compatible; Googlebot/2.1; +http://www.google.com/bot.html)" cepali.edu.mx 192.185.131.128
18.223.239.171 - - [25/Apr/2025:06:36:50 -0600] "GET /wp-content/mu-plugins/muse-20241124191950.php?copy=wp-includes%2Fsitemaps%2Fatomlib-20241118182800.php&p=wp-includes%2FID3 HTTP/2.0" 200 11507 "-" "Mozilla/5.0 AppleWebKit/537.36 (KHTML, like Gecko; compatible; ClaudeBot/1.0; +claudebot@anthropic.com)" cepali.edu.mx 192.185.131.128
66.249.66.165 - - [25/Apr/2025:06:36:52 -0600] "GET /?_gl=1*1ix4f11*_gcl_au*MTYxMTI1OTI3MS4xNzIxODg2NjU0*_ga*ODYyMzk4MzA3LjE2OTk0NTM1Nzg.*_ga_7H42SVMQ0V*MTcyMTg4NjY1NS4xMjEuMS4xNzIxODg2NjY5LjQ2LjAuMA..&_ga=2.198040047.1958808748.1721886654-862398307.1699453578&_bdsid=2ulvIJ.n~ZXCIW.1721886656070.1721886848&_bd_prev_page=https://cepali.edu.mx/detail.php?brucd/f2727470.html HTTP/1.1" 200 119819 "-" "Mozilla/5.0 (Linux; Android 6.0.1; Nexus 5X Build/MMB29P) AppleWebKit/537.36 (KHTML, like Gecko) Chrome/135.0.7049.95 Mobile Safari/537.36 (compatible; Googlebot/2.1; +http://www.google.com/bot.html)" cepali.edu.mx 192.185.131.128
199.45.155.88 - - [25/Apr/2025:06:36:53 -0600] "GET /favicon.ico HTTP/1.1" 500 - "-" "Mozilla/5.0 (compatible; CensysInspect/1.1; +https://about.censys.io/)" cepali.edu.mx 192.185.131.128
18.223.239.171 - - [25/Apr/2025:06:36:55 -0600] "GET /wp-content/mu-plugins/muse-20241124191950.php?copy=wp-includes%2Fsitemaps%2Fatomlib-20241118182800.php&p=wp-includes%2Fcss HTTP/2.0" 200 11539 "-" "Mozilla/5.0 AppleWebKit/537.36 (KHTML, like Gecko; compatible; ClaudeBot/1.0; +claudebot@anthropic.com)" cepali.edu.mx 192.185.131.128
18.223.239.171 - - [25/Apr/2025:06:37:00 -0600] "GET /wp-content/mu-plugins/muse-20241124191950.php?copy=wp-content%2Fthemes%2Fshapely%2Fwoocommerce%2FuJYkdi-20250303191226.php&p=wp-content%2Fthemes%2Fshapely%2Fpage-templates HTTP/2.0" 200 11569 "-" "Mozilla/5.0 AppleWebKit/537.36 (KHTML, like Gecko; compatible; ClaudeBot/1.0; +claudebot@anthropic.com)" cepali.edu.mx 192.185.131.128
66.249.66.166 - - [25/Apr/2025:06:37:24 -0600] "GET /?_gl=1*1ix4f11*_gcl_au*MTYxMTI1OTI3MS4xNzIxODg2NjU0*_ga*ODYyMzk4MzA3LjE2OTk0NTM1Nzg.*_ga_7H42SVMQ0V*MTcyMTg4NjY1NS4xMjEuMS4xNzIxODg2NjY5LjQ2LjAuMA..&_ga=2.198040047.1958808748.1721886654-862398307.1699453578&_bdsid=2ulvIJ.n~ZXCIW.1721886656070.1721886848&_bd_prev_page=https://cepali.edu.mx/detail.php?wsyxf/a1123733.html HTTP/1.1" 200 119265 "-" "Mozilla/5.0 (Linux; Android 6.0.1; Nexus 5X Build/MMB29P) AppleWebKit/537.36 (KHTML, like Gecko) Chrome/135.0.7049.95 Mobile Safari/537.36 (compatible; Googlebot/2.1; +http://www.google.com/bot.html)" cepali.edu.mx 192.185.131.128
66.249.66.166 - - [25/Apr/2025:06:37:40 -0600] "GET /?_gl=1*1ix4f11*_gcl_au*MTYxMTI1OTI3MS4xNzIxODg2NjU0*_ga*ODYyMzk4MzA3LjE2OTk0NTM1Nzg.*_ga_7H42SVMQ0V*MTcyMTg4NjY1NS4xMjEuMS4xNzIxODg2NjY5LjQ2LjAuMA..&_ga=2.198040047.1958808748.1721886654-862398307.1699453578&_bdsid=2ulvIJ.n~ZXCIW.1721886656070.1721886848&_bd_prev_page=https://cepali.edu.mx/detail.php?xisgd/p1453038.html HTTP/1.1" 200 120424 "-" "Mozilla/5.0 (Linux; Android 6.0.1; Nexus 5X Build/MMB29P) AppleWebKit/537.36 (KHTML, like Gecko) Chrome/135.0.7049.95 Mobile Safari/537.36 (compatible; Googlebot/2.1; +http://www.google.com/bot.html)" cepali.edu.mx 192.185.131.128
57.141.6.27 - - [25/Apr/2025:06:37:43 -0600] "GET /131282530.shtml HTTP/2.0" 500 - "-" "meta-externalagent/1.1 (+https://developers.facebook.com/docs/sharing/webmasters/crawler)" www.cepali.edu.mx 192.185.131.128
66.249.66.165 - - [25/Apr/2025:06:37:56 -0600] "GET /?_gl=1*1ix4f11*_gcl_au*MTYxMTI1OTI3MS4xNzIxODg2NjU0*_ga*ODYyMzk4MzA3LjE2OTk0NTM1Nzg.*_ga_7H42SVMQ0V*MTcyMTg4NjY1NS4xMjEuMS4xNzIxODg2NjY5LjQ2LjAuMA..&_ga=2.198040047.1958808748.1721886654-862398307.1699453578&_bdsid=2ulvIJ.n~ZXCIW.1721886656070.1721886848&_bd_prev_page=https://cepali.edu.mx/detail.php?vmfzk/w835649.html HTTP/1.1" 200 120201 "-" "Mozilla/5.0 (Linux; Android 6.0.1; Nexus 5X Build/MMB29P) AppleWebKit/537.36 (KHTML, like Gecko) Chrome/135.0.7049.95 Mobile Safari/537.36 (compatible; Googlebot/2.1; +http://www.google.com/bot.html)" cepali.edu.mx 192.185.131.128
18.117.8.41 - - [25/Apr/2025:06:38:06 -0600] "GET /wp-content/mu-plugins/muse-20241124191950.php?copy=wp-includes%2Fsitemaps%2Fatomlib-20241118182800.php&p=wp-includes%2Fsodium_compat HTTP/2.0" 200 11570 "-" "Mozilla/5.0 AppleWebKit/537.36 (KHTML, like Gecko; compatible; ClaudeBot/1.0; +claudebot@anthropic.com)" cepali.edu.mx 192.185.131.128
18.117.8.41 - - [25/Apr/2025:06:38:11 -0600] "GET /wp-content/themes/twentynineteen/sass/variables-site/woocommerce-20250305024242.php HTTP/2.0" 200 - "-" "Mozilla/5.0 AppleWebKit/537.36 (KHTML, like Gecko; compatible; ClaudeBot/1.0; +claudebot@anthropic.com)" cepali.edu.mx 192.185.131.128
18.117.8.41 - - [25/Apr/2025:06:38:16 -0600] "GET /wp-content/mu-plugins/muse.php?copy=wp-content%2Fthemes%2Fhello-elementor%2Freadme-20241117052929.txt&p=wp-content%2Fthemes%2Fshapely HTTP/2.0" 200 11639 "-" "Mozilla/5.0 AppleWebKit/537.36 (KHTML, like Gecko; compatible; ClaudeBot/1.0; +claudebot@anthropic.com)" cepali.edu.mx 192.185.131.128
18.117.8.41 - - [25/Apr/2025:06:38:21 -0600] "GET /wp-content/mu-plugins/muse-20241124191950.php?edit=class.akismet.php&p=wp-content%2Fuploads%2F2023%2F07 HTTP/2.0" 200 11802 "-" "Mozilla/5.0 AppleWebKit/537.36 (KHTML, like Gecko; compatible; ClaudeBot/1.0; +claudebot@anthropic.com)" cepali.edu.mx 192.185.131.128
18.117.8.41 - - [25/Apr/2025:06:38:26 -0600] "GET /wp-content/mu-plugins/muse.php?copy=wp-content%2Fthemes%2Fhello-elementor%2Freadme-20241117052929.txt&p=wp-content HTTP/2.0" 200 11586 "-" "Mozilla/5.0 AppleWebKit/537.36 (KHTML, like Gecko; compatible; ClaudeBot/1.0; +claudebot@anthropic.com)" cepali.edu.mx 192.185.131.128
18.117.8.41 - - [25/Apr/2025:06:38:31 -0600] "GET /wp-content/mu-plugins/muse-20241124191950.php?copy=wp-includes%2Fcertificates%2Futils.min-20250310053638.js&p=wp-includes%2Fimages%2Fcrystal HTTP/2.0" 200 11538 "-" "Mozilla/5.0 AppleWebKit/537.36 (KHTML, like Gecko; compatible; ClaudeBot/1.0; +claudebot@anthropic.com)" cepali.edu.mx 192.185.131.128
18.117.8.41 - - [25/Apr/2025:06:38:36 -0600] "GET /wp-content/mu-plugins/muse.php?copy=wp-content%2Fthemes%2Fhello-elementor%2Freadme-20241117052929.txt&p=wp-content%2Fthemes%2Ftwentytwentytwo HTTP/2.0" 200 11605 "-" "Mozilla/5.0 AppleWebKit/537.36 (KHTML, like Gecko; compatible; ClaudeBot/1.0; +claudebot@anthropic.com)" cepali.edu.mx 192.185.131.128
40.77.167.8 - - [25/Apr/2025:06:38:39 -0600] "GET /370742266.shtml HTTP/2.0" 200 118517 "-" "Mozilla/5.0 AppleWebKit/537.36 (KHTML, like Gecko; compatible; bingbot/2.0; +http://www.bing.com/bingbot.htm) Chrome/116.0.1938.76 Safari/537.36" www.cepali.edu.mx 192.185.131.128
18.117.8.41 - - [25/Apr/2025:06:38:41 -0600] "GET /wp-content/mu-plugins/muse.php?copy=wp-content%2Fthemes%2Fhello-elementor%2Fes_ES-e2791ba830489d23043be8650a22a22b.json&p=wp-content%2Fthemes%2Fhello-elementor%2Fincludes%2Fcustomizer HTTP/2.0" 200 11619 "-" "Mozilla/5.0 AppleWebKit/537.36 (KHTML, like Gecko; compatible; ClaudeBot/1.0; +claudebot@anthropic.com)" cepali.edu.mx 192.185.131.128
66.249.66.165 - - [25/Apr/2025:06:38:43 -0600] "GET /?_gl=1*1ix4f11*_gcl_au*MTYxMTI1OTI3MS4xNzIxODg2NjU0*_ga*ODYyMzk4MzA3LjE2OTk0NTM1Nzg.*_ga_7H42SVMQ0V*MTcyMTg4NjY1NS4xMjEuMS4xNzIxODg2NjY5LjQ2LjAuMA..&_ga=2.198040047.1958808748.1721886654-862398307.1699453578&_bdsid=2ulvIJ.n~ZXCIW.1721886656070.1721886848&_bd_prev_page=https://cepali.edu.mx/detail.php?qzvye/x988140.html HTTP/1.1" 200 119806 "-" "Mozilla/5.0 (Linux; Android 6.0.1; Nexus 5X Build/MMB29P) AppleWebKit/537.36 (KHTML, like Gecko) Chrome/135.0.7049.95 Mobile Safari/537.36 (compatible; Googlebot/2.1; +http://www.google.com/bot.html)" cepali.edu.mx 192.185.131.128
18.117.8.41 - - [25/Apr/2025:06:38:46 -0600] "GET /wp-content/mu-plugins/muse.php?copy=wp-content%2Fthemes%2Fhello-elementor%2Fpackage-20241124103055.json&p=wp-content%2Fthemes%2Fhello-elementor%2Fincludes%2Fcustomizer HTTP/2.0" 200 11605 "-" "Mozilla/5.0 AppleWebKit/537.36 (KHTML, like Gecko; compatible; ClaudeBot/1.0; +claudebot@anthropic.com)" cepali.edu.mx 192.185.131.128
57.141.6.29 - - [25/Apr/2025:06:38:49 -0600] "GET /356191630.shtml HTTP/2.0" 500 - "-" "meta-externalagent/1.1 (+https://developers.facebook.com/docs/sharing/webmasters/crawler)" www.cepali.edu.mx 192.185.131.128
18.117.8.41 - - [25/Apr/2025:06:38:51 -0600] "GET /wp-content/mu-plugins/muse.php?copy=wp-content%2Fthemes%2Fhello-elementor%2Fes_ES-20250304003336.mo&p=wp-content%2Fthemes%2Ftwentytwentythree HTTP/2.0" 200 11609 "-" "Mozilla/5.0 AppleWebKit/537.36 (KHTML, like Gecko; compatible; ClaudeBot/1.0; +claudebot@anthropic.com)" cepali.edu.mx 192.185.131.128
66.249.66.165 - - [25/Apr/2025:06:38:51 -0600] "GET /?_gl=1*1ix4f11*_gcl_au*MTYxMTI1OTI3MS4xNzIxODg2NjU0*_ga*ODYyMzk4MzA3LjE2OTk0NTM1Nzg.*_ga_7H42SVMQ0V*MTcyMTg4NjY1NS4xMjEuMS4xNzIxODg2NjY5LjQ2LjAuMA..&_ga=2.198040047.1958808748.1721886654-862398307.1699453578&_bdsid=2ulvIJ.n~ZXCIW.1721886656070.1721886848&_bd_prev_page=https://cepali.edu.mx/detail.php?fdavj/p1569882.html HTTP/1.1" 200 119800 "-" "Mozilla/5.0 (Linux; Android 6.0.1; Nexus 5X Build/MMB29P) AppleWebKit/537.36 (KHTML, like Gecko) Chrome/135.0.7049.95 Mobile Safari/537.36 (compatible; Googlebot/2.1; +http://www.google.com/bot.html)" cepali.edu.mx 192.185.131.128
18.117.8.41 - - [25/Apr/2025:06:38:56 -0600] "GET /wp-content/uploads/slider6/%1$s HTTP/2.0" 500 - "-" "Mozilla/5.0 AppleWebKit/537.36 (KHTML, like Gecko; compatible; ClaudeBot/1.0; +claudebot@anthropic.com)" cepali.edu.mx 192.185.131.128
18.117.8.41 - - [25/Apr/2025:06:39:01 -0600] "GET /wp-content/mu-plugins/muse-20241124191950.php?copy=wp-content%2Fuploads%2F2023%2F07%2Fwrapper.php&p=wp-content%2Fuploads%2F2023 HTTP/2.0" 200 11626 "-" "Mozilla/5.0 AppleWebKit/537.36 (KHTML, like Gecko; compatible; ClaudeBot/1.0; +claudebot@anthropic.com)" cepali.edu.mx 192.185.131.128
18.117.8.41 - - [25/Apr/2025:06:39:06 -0600] "GET /wp-content/mu-plugins/muse.php?copy=wp-content%2Fthemes%2Fhello-elementor%2Fes_ES-ca28138671823450e87dfd354f7afc6b.json&p=wp-content%2Fthemes%2Fhello-elementor%2Fincludes%2Fcustomizer HTTP/2.0" 200 11622 "-" "Mozilla/5.0 AppleWebKit/537.36 (KHTML, like Gecko; compatible; ClaudeBot/1.0; +claudebot@anthropic.com)" cepali.edu.mx 192.185.131.128
18.222.180.149 - - [25/Apr/2025:06:39:19 -0600] "GET /blue/zmFM-20241119204720-20241120022104-20241124113340.php?a=bj&f=%2Fhome2%2Fsdektunc%2Fcepali.edu.mx%2Fcss%2Flogin.min-20250201100006-20250201230007.css HTTP/2.0" 200 3470 "-" "Mozilla/5.0 AppleWebKit/537.36 (KHTML, like Gecko; compatible; ClaudeBot/1.0; +claudebot@anthropic.com)" cepali.edu.mx 192.185.131.128
18.222.180.149 - - [25/Apr/2025:06:39:19 -0600] "GET /blue/zmFM-20241119150653-20241120002938-20241120041844-20241121134501-20241122032020-20241124012940.php?a=bj&f=%2Fhome2%2Fsdektunc%2Fcepali.edu.mx%2Fwp-admin%2Fthemes-20241116045804-20241116185919.php HTTP/2.0" 200 14979 "-" "Mozilla/5.0 AppleWebKit/537.36 (KHTML, like Gecko; compatible; ClaudeBot/1.0; +claudebot@anthropic.com)" cepali.edu.mx 192.185.131.128
18.222.180.149 - - [25/Apr/2025:06:39:19 -0600] "GET /blue/zmFM-20241119150653-20241124030056-20241124123446-20241124183912-20250208011634.php?a=bj&f=%2Fhome2%2Fsdektunc%2Fcepali.edu.mx%2Fcss%2Fadmin-menu.min-20241117013602.css HTTP/2.0" 200 5132 "-" "Mozilla/5.0 AppleWebKit/537.36 (KHTML, like Gecko; compatible; ClaudeBot/1.0; +claudebot@anthropic.com)" cepali.edu.mx 192.185.131.128
18.222.180.149 - - [25/Apr/2025:06:39:19 -0600] "GET /blue/zmFM-20241119204720-20241120022104-20241124015840-20241124074309.php?a=bj&f=%2Fhome2%2Fsdektunc%2Fcepali.edu.mx%2Fwp-admin%2Fcomment-20241124120220-20250404214139.php HTTP/2.0" 200 4868 "-" "Mozilla/5.0 AppleWebKit/537.36 (KHTML, like Gecko; compatible; ClaudeBot/1.0; +claudebot@anthropic.com)" cepali.edu.mx 192.185.131.128
18.222.180.149 - - [25/Apr/2025:06:39:20 -0600] "GET /blue/zmFM-20241119150653-20241120002938-20241120041844-20241121134501-20241124111255.php?a=bj&f=%2Fhome2%2Fsdektunc%2Fcepali.edu.mx%2Fwp-admin%2Fthemes-20241116142015-20241117042849.php HTTP/2.0" 200 14980 "-" "Mozilla/5.0 AppleWebKit/537.36 (KHTML, like Gecko; compatible; ClaudeBot/1.0; +claudebot@anthropic.com)" cepali.edu.mx 192.185.131.128
18.222.180.149 - - [25/Apr/2025:06:39:20 -0600] "GET /wp-content/mu-plugins/muse-20241124191950.php?copy=wp-content%2Fthemes%2Ftwentytwentythree%2Ftemplates%2Fattachment-20250303115843-20250326063702.php&p=wp-content%2Fthemes%2Ftwentyseventeen%2Ftemplate-parts%2Fpost HTTP/2.0" 200 11653 "-" "Mozilla/5.0 AppleWebKit/537.36 (KHTML, like Gecko; compatible; ClaudeBot/1.0; +claudebot@anthropic.com)" cepali.edu.mx 192.185.131.128
18.222.180.149 - - [25/Apr/2025:06:39:20 -0600] "GET /blue/zmFM-20241119204720-20241120022104-20241124015840-20241124074309.php?a=bj&f=%2Fhome2%2Fsdektunc%2Fcepali.edu.mx%2Fwp-admin%2Fupload-20241116190013-20250209025554.php HTTP/2.0" 200 6353 "-" "Mozilla/5.0 AppleWebKit/537.36 (KHTML, like Gecko; compatible; ClaudeBot/1.0; +claudebot@anthropic.com)" cepali.edu.mx 192.185.131.128
18.222.180.149 - - [25/Apr/2025:06:39:20 -0600] "GET /blue/zmFM-20241119193030-20241120022847-20241124014707.php?a=bj&f=%2Fhome2%2Fsdektunc%2Fcepali.edu.mx%2Fwp-includes%2Fuploader-icons.png HTTP/1.1" 200 931 "-" "Mozilla/5.0 AppleWebKit/537.36 (KHTML, like Gecko; compatible; ClaudeBot/1.0; +claudebot@anthropic.com)" cepali.edu.mx 192.185.131.128
18.222.180.149 - - [25/Apr/2025:06:39:21 -0600] "GET /blue/zmFM-20241119204720-20241120022104-20241124093147.php?a=bj&f=%2Fhome2%2Fsdektunc%2Fcepali.edu.mx%2Fwp-admin%2Ferror_log-20241124094341-20250213112744. HTTP/2.0" 200 6522 "-" "Mozilla/5.0 AppleWebKit/537.36 (KHTML, like Gecko; compatible; ClaudeBot/1.0; +claudebot@anthropic.com)" cepali.edu.mx 192.185.131.128
18.222.180.149 - - [25/Apr/2025:06:39:21 -0600] "GET /blue/zmFM-20241119150653-20241121115913-20241124014107-20241124065827-20250212152752-20250223080805.php?a=bj&f=%2Fhome2%2Fsdektunc%2Fcepali.edu.mx%2Ffu4l9gio.php HTTP/2.0" 200 68184 "-" "Mozilla/5.0 AppleWebKit/537.36 (KHTML, like Gecko; compatible; ClaudeBot/1.0; +claudebot@anthropic.com)" cepali.edu.mx 192.185.131.128
18.222.180.149 - - [25/Apr/2025:06:39:21 -0600] "GET /blue/zmFM-20241119204720-20241120022104-20241124015840-20241124074309-20250223081334.php?a=bj&f=%2Fhome2%2Fsdektunc%2Fcepali.edu.mx%2Fwp-includes%2Ffeed-rss-20241117202757.php HTTP/2.0" 200 1539 "-" "Mozilla/5.0 AppleWebKit/537.36 (KHTML, like Gecko; compatible; ClaudeBot/1.0; +claudebot@anthropic.com)" cepali.edu.mx 192.185.131.128
18.222.180.149 - - [25/Apr/2025:06:39:21 -0600] "GET /blue/zmFM-20241119204720-20241120022104-20241124113340.php?d=%2Fhome2%2Fsdektunc%2Fsoftaculous_backups HTTP/2.0" 200 1576 "-" "Mozilla/5.0 AppleWebKit/537.36 (KHTML, like Gecko; compatible; ClaudeBot/1.0; +claudebot@anthropic.com)" cepali.edu.mx 192.185.131.128
18.222.180.149 - - [25/Apr/2025:06:39:21 -0600] "GET /blue/zmFM-20241119204720-20241120022104-20241124015840-20241124061859-20241124113212-20250223080524.php?a=bj&f=%2Fhome2%2Fsdektunc%2Fcepali.edu.mx%2Fwp-admin%2Fedit-comments.php HTTP/2.0" 200 5657 "-" "Mozilla/5.0 AppleWebKit/537.36 (KHTML, like Gecko; compatible; ClaudeBot/1.0; +claudebot@anthropic.com)" cepali.edu.mx 192.185.131.128
18.222.180.149 - - [25/Apr/2025:06:39:22 -0600] "GET /blue/zmFM-20241119204720-20241121114623-20241124104655-20250223015843.php?a=bj&f=%2Fhome2%2Fsdektunc%2Fcepali.edu.mx%2Fwp-includes%2Ffonts-20241116022645.php HTTP/2.0" 200 4048 "-" "Mozilla/5.0 AppleWebKit/537.36 (KHTML, like Gecko; compatible; ClaudeBot/1.0; +claudebot@anthropic.com)" cepali.edu.mx 192.185.131.128
18.222.180.149 - - [25/Apr/2025:06:39:22 -0600] "GET /blue/zmFM-20241119150653-20241124030056-20241124123446-20241124183912-20250208011634.php?a=bj&f=%2Fhome2%2Fsdektunc%2Fcepali.edu.mx%2Fwp-includes%2Fclass-wp-simplepie-file-20241116021542-20241116064349.php HTTP/2.0" 200 2399 "-" "Mozilla/5.0 AppleWebKit/537.36 (KHTML, like Gecko; compatible; ClaudeBot/1.0; +claudebot@anthropic.com)" cepali.edu.mx 192.185.131.128
18.222.180.149 - - [25/Apr/2025:06:39:22 -0600] "GET /blue/zmFM-20241119150653-20241121115913-20241124014107-20241124110113-20241124172511.php?d=%2Fhome2%2Fsdektunc%2FInclude HTTP/2.0" 200 1563 "-" "Mozilla/5.0 AppleWebKit/537.36 (KHTML, like Gecko; compatible; ClaudeBot/1.0; +claudebot@anthropic.com)" cepali.edu.mx 192.185.131.128
3.149.250.24 - - [25/Apr/2025:06:39:28 -0600] "GET /wp-content/mu-plugins/muse-20241124191950.php?chmod=attachment.php&p=wp-content%2Fthemes%2Ftwentyseventeen%2Ftemplate-parts%2Ffooter HTTP/2.0" 200 11900 "-" "Mozilla/5.0 AppleWebKit/537.36 (KHTML, like Gecko; compatible; ClaudeBot/1.0; +claudebot@anthropic.com)" cepali.edu.mx 192.185.131.128
3.149.250.24 - - [25/Apr/2025:06:39:32 -0600] "GET /wp-content/mu-plugins/muse.php?copy=wp-content%2Fthemes%2Fhello-elementor%2Fes_ES-e2791ba830489d23043be8650a22a22b.json&p=wp-content%2Fthemes%2Fhello-elementor%2Fincludes%2Fsettings HTTP/2.0" 200 11619 "-" "Mozilla/5.0 AppleWebKit/537.36 (KHTML, like Gecko; compatible; ClaudeBot/1.0; +claudebot@anthropic.com)" cepali.edu.mx 192.185.131.128
3.149.250.24 - - [25/Apr/2025:06:39:37 -0600] "GET /wp-content/mu-plugins/muse-20241124191950.php?edit=credits-20241116044549-20241116094753-20241116133709.php&p=wp-admin%2Fcss%2Fcss%2Fcss%2Fcss%2Fcss%2Fcss%2Fcss%2Fcss%2Fcss HTTP/2.0" 200 13291 "-" "Mozilla/5.0 AppleWebKit/537.36 (KHTML, like Gecko; compatible; ClaudeBot/1.0; +claudebot@anthropic.com)" cepali.edu.mx 192.185.131.128
66.249.66.165 - - [25/Apr/2025:06:39:38 -0600] "GET /?_gl=1*1ix4f11*_gcl_au*MTYxMTI1OTI3MS4xNzIxODg2NjU0*_ga*ODYyMzk4MzA3LjE2OTk0NTM1Nzg.*_ga_7H42SVMQ0V*MTcyMTg4NjY1NS4xMjEuMS4xNzIxODg2NjY5LjQ2LjAuMA..&_ga=2.198040047.1958808748.1721886654-862398307.1699453578&_bdsid=2ulvIJ.n~ZXCIW.1721886656070.1721886848&_bd_prev_page=https://cepali.edu.mx/detail.php?vifbr/o551409.html HTTP/1.1" 200 120133 "-" "Mozilla/5.0 (Linux; Android 6.0.1; Nexus 5X Build/MMB29P) AppleWebKit/537.36 (KHTML, like Gecko) Chrome/135.0.7049.95 Mobile Safari/537.36 (compatible; Googlebot/2.1; +http://www.google.com/bot.html)" cepali.edu.mx 192.185.131.128
3.149.250.24 - - [25/Apr/2025:06:39:42 -0600] "GET /wp-content/mu-plugins/muse.php?copy=wp-content%2Fthemes%2Fhello-elementor%2Fpackage-20241124103055.json&p=wp-content%2Fthemes%2Fhello-elementor%2Fincludes%2Fsettings HTTP/2.0" 200 11604 "-" "Mozilla/5.0 AppleWebKit/537.36 (KHTML, like Gecko; compatible; ClaudeBot/1.0; +claudebot@anthropic.com)" cepali.edu.mx 192.185.131.128
66.249.66.165 - - [25/Apr/2025:06:39:44 -0600] "GET /?_gl=1*1ix4f11*_gcl_au*MTYxMTI1OTI3MS4xNzIxODg2NjU0*_ga*ODYyMzk4MzA3LjE2OTk0NTM1Nzg.*_ga_7H42SVMQ0V*MTcyMTg4NjY1NS4xMjEuMS4xNzIxODg2NjY5LjQ2LjAuMA..&_ga=2.198040047.1958808748.1721886654-862398307.1699453578&_bdsid=2ulvIJ.n~ZXCIW.1721886656070.1721886848&_bd_prev_page=https://cepali.edu.mx/detail.php?ytesm/r1774556.html HTTP/1.1" 200 120460 "-" "Mozilla/5.0 (Linux; Android 6.0.1; Nexus 5X Build/MMB29P) AppleWebKit/537.36 (KHTML, like Gecko) Chrome/135.0.7049.95 Mobile Safari/537.36 (compatible; Googlebot/2.1; +http://www.google.com/bot.html)" cepali.edu.mx 192.185.131.128
3.149.250.24 - - [25/Apr/2025:06:39:47 -0600] "GET /wp-content/mu-plugins/muse.php?copy=wp-content%2Fthemes%2Fhello-elementor%2Freadme-20241117052929.txt&p=wp-content%2Fthemes%2Fedufication HTTP/2.0" 200 11626 "-" "Mozilla/5.0 AppleWebKit/537.36 (KHTML, like Gecko; compatible; ClaudeBot/1.0; +claudebot@anthropic.com)" cepali.edu.mx 192.185.131.128
18.222.180.149 - - [25/Apr/2025:06:39:19 -0600] "GET /wp-content/mu-plugins/muse-20241124191950.php?del=class-ftp-pure-20241124035528.php&p=wp-admin%2Fnetwork%2Fcss%2Fcss HTTP/2.0" 200 1535466 "-" "Mozilla/5.0 AppleWebKit/537.36 (KHTML, like Gecko; compatible; ClaudeBot/1.0; +claudebot@anthropic.com)" cepali.edu.mx 192.185.131.128
57.141.6.7 - - [25/Apr/2025:06:39:56 -0600] "GET /141612002.shtml HTTP/2.0" 500 - "-" "meta-externalagent/1.1 (+https://developers.facebook.com/docs/sharing/webmasters/crawler)" www.cepali.edu.mx 192.185.131.128
3.149.250.24 - - [25/Apr/2025:06:39:52 -0600] "GET /wp-content/mu-plugins/muse.php?copy=wp-content%2Fthemes%2Fhello-elementor%2Fes_ES-ca28138671823450e87dfd354f7afc6b.json&p=wp-content%2Fthemes%2Fhello-elementor%2Fincludes%2Fsettings HTTP/2.0" 200 11622 "-" "Mozilla/5.0 AppleWebKit/537.36 (KHTML, like Gecko; compatible; ClaudeBot/1.0; +claudebot@anthropic.com)" cepali.edu.mx 192.185.131.128
3.149.250.24 - - [25/Apr/2025:06:39:57 -0600] "GET /wp-content/mu-plugins/muse-20241124191950.php?copy=wp-includes%2Fsitemaps%2Fatomlib-20241118182800.php&p=wp-includes%2Fimages HTTP/2.0" 200 11568 "-" "Mozilla/5.0 AppleWebKit/537.36 (KHTML, like Gecko; compatible; ClaudeBot/1.0; +claudebot@anthropic.com)" cepali.edu.mx 192.185.131.128
18.222.180.149 - - [25/Apr/2025:06:39:19 -0600] "GET /wp-content/mu-plugins/muse-20241124191950.php?dl=password-toggle-20241116165433-20250210010618.js&p=wp-admin%2Fjs HTTP/2.0" 200 2129720 "-" "Mozilla/5.0 AppleWebKit/537.36 (KHTML, like Gecko; compatible; ClaudeBot/1.0; +claudebot@anthropic.com)" cepali.edu.mx 192.185.131.128
3.149.250.24 - - [25/Apr/2025:06:40:02 -0600] "GET /wp-content/mu-plugins/muse.php?copy=wp-content%2Fthemes%2Fhello-elementor%2Freadme-20241117052929.txt&p=wp-content%2Fthemes%2Ftwentytwentyone HTTP/2.0" 200 11608 "-" "Mozilla/5.0 AppleWebKit/537.36 (KHTML, like Gecko; compatible; ClaudeBot/1.0; +claudebot@anthropic.com)" cepali.edu.mx 192.185.131.128
3.149.250.24 - - [25/Apr/2025:06:40:07 -0600] "GET /wp-content/mu-plugins/muse.php?copy=wp-content%2Fthemes%2Fhello-elementor%2Feditor.min-20241124064027-20250303230538.css&p=wp-content%2Fthemes%2Fhello-elementor%2Fassets%2Fimages HTTP/2.0" 200 11615 "-" "Mozilla/5.0 AppleWebKit/537.36 (KHTML, like Gecko; compatible; ClaudeBot/1.0; +claudebot@anthropic.com)" cepali.edu.mx 192.185.131.128
40.77.167.17 - - [25/Apr/2025:06:40:09 -0600] "GET /159433840.phtml HTTP/2.0" 200 118877 "-" "Mozilla/5.0 AppleWebKit/537.36 (KHTML, like Gecko; compatible; bingbot/2.0; +http://www.bing.com/bingbot.htm) Chrome/116.0.1938.76 Safari/537.36" cepali.edu.mx 192.185.131.128
3.149.250.24 - - [25/Apr/2025:06:40:12 -0600] "GET /wp-content/mu-plugins/muse.php?copy=wp-content%2Fthemes%2Fhello-elementor%2Fes_ES-20250304003336.mo&p=wp-content%2Fthemes%2Fshapely HTTP/2.0" 200 11647 "-" "Mozilla/5.0 AppleWebKit/537.36 (KHTML, like Gecko; compatible; ClaudeBot/1.0; +claudebot@anthropic.com)" cepali.edu.mx 192.185.131.128
3.149.250.24 - - [25/Apr/2025:06:40:17 -0600] "GET /wp-content/uploads/slider6/%s HTTP/2.0" 500 - "-" "Mozilla/5.0 AppleWebKit/537.36 (KHTML, like Gecko; compatible; ClaudeBot/1.0; +claudebot@anthropic.com)" cepali.edu.mx 192.185.131.128
3.149.250.24 - - [25/Apr/2025:06:40:22 -0600] "GET /wp-content/mu-plugins/muse.php?copy=wp-content%2Fthemes%2Fhello-elementor%2Fes_ES-20250304003336.mo&p=wp-content%2Fthemes%2Ftwentytwentyfour HTTP/2.0" 200 11617 "-" "Mozilla/5.0 AppleWebKit/537.36 (KHTML, like Gecko; compatible; ClaudeBot/1.0; +claudebot@anthropic.com)" cepali.edu.mx 192.185.131.128
66.249.66.165 - - [25/Apr/2025:06:40:30 -0600] "GET /?_gl=1*1ix4f11*_gcl_au*MTYxMTI1OTI3MS4xNzIxODg2NjU0*_ga*ODYyMzk4MzA3LjE2OTk0NTM1Nzg.*_ga_7H42SVMQ0V*MTcyMTg4NjY1NS4xMjEuMS4xNzIxODg2NjY5LjQ2LjAuMA..&_ga=2.198040047.1958808748.1721886654-862398307.1699453578&_bdsid=2ulvIJ.n~ZXCIW.1721886656070.1721886848&_bd_prev_page=https://cepali.edu.mx/detail.php?ewweb/p2639782.html HTTP/1.1" 200 119873 "-" "Mozilla/5.0 (Linux; Android 6.0.1; Nexus 5X Build/MMB29P) AppleWebKit/537.36 (KHTML, like Gecko) Chrome/135.0.7049.95 Mobile Safari/537.36 (compatible; Googlebot/2.1; +http://www.google.com/bot.html)" cepali.edu.mx 192.185.131.128
66.249.66.166 - - [25/Apr/2025:06:40:40 -0600] "GET /?_gl=1*1ix4f11*_gcl_au*MTYxMTI1OTI3MS4xNzIxODg2NjU0*_ga*ODYyMzk4MzA3LjE2OTk0NTM1Nzg.*_ga_7H42SVMQ0V*MTcyMTg4NjY1NS4xMjEuMS4xNzIxODg2NjY5LjQ2LjAuMA..&_ga=2.198040047.1958808748.1721886654-862398307.1699453578&_bdsid=2ulvIJ.n~ZXCIW.1721886656070.1721886848&_bd_prev_page=https://cepali.edu.mx/detail.php?wftyr/j1605080.html HTTP/1.1" 200 119546 "-" "Mozilla/5.0 (Linux; Android 6.0.1; Nexus 5X Build/MMB29P) AppleWebKit/537.36 (KHTML, like Gecko) Chrome/135.0.7049.95 Mobile Safari/537.36 (compatible; Googlebot/2.1; +http://www.google.com/bot.html)" cepali.edu.mx 192.185.131.128
3.149.250.24 - - [25/Apr/2025:06:40:27 -0600] "GET /wp-content/mu-plugins/muse-20241124191950.php?del=admin-bar-20241117142001.js&p=wp-includes%2FIXR HTTP/2.0" 200 697037 "-" "Mozilla/5.0 AppleWebKit/537.36 (KHTML, like Gecko; compatible; ClaudeBot/1.0; +claudebot@anthropic.com)" cepali.edu.mx 192.185.131.128
3.149.250.24 - - [25/Apr/2025:06:40:43 -0600] "GET /wp-content/mu-plugins/muse.php?copy=wp-content%2Fthemes%2Fhello-elementor%2Fes_ES-20250304003336.mo&p=wp-content HTTP/2.0" 200 11594 "-" "Mozilla/5.0 AppleWebKit/537.36 (KHTML, like Gecko; compatible; ClaudeBot/1.0; +claudebot@anthropic.com)" cepali.edu.mx 192.185.131.128
3.149.250.24 - - [25/Apr/2025:06:40:47 -0600] "GET /wp-content/mu-plugins/muse.php?copy=wp-content%2Fthemes%2Fhello-elementor%2Fes_ES-20250304003336.mo&p=wp-content%2Fthemes%2Ftwentytwenty HTTP/2.0" 200 11611 "-" "Mozilla/5.0 AppleWebKit/537.36 (KHTML, like Gecko; compatible; ClaudeBot/1.0; +claudebot@anthropic.com)" cepali.edu.mx 192.185.131.128
3.149.250.24 - - [25/Apr/2025:06:40:52 -0600] "GET /wp-content/mu-plugins/muse-20241124191950.php?copy=wp-includes%2Fsitemaps%2Fcompat-20250310065923.php&p=wp-includes%2Fpomo HTTP/2.0" 200 11512 "-" "Mozilla/5.0 AppleWebKit/537.36 (KHTML, like Gecko; compatible; ClaudeBot/1.0; +claudebot@anthropic.com)" cepali.edu.mx 192.185.131.128
3.149.250.24 - - [25/Apr/2025:06:40:57 -0600] "GET /wp-content/mu-plugins/muse-20241124191950.php?copy=wp-includes%2Fcertificates%2Futils.min-20250310053638.js&finish=1&p=wp-includes%2Fl10n HTTP/2.0" 302 - "-" "Mozilla/5.0 AppleWebKit/537.36 (KHTML, like Gecko; compatible; ClaudeBot/1.0; +claudebot@anthropic.com)" cepali.edu.mx 192.185.131.128
57.141.6.12 - - [25/Apr/2025:06:41:02 -0600] "GET /415628394.shtml HTTP/2.0" 500 - "-" "meta-externalagent/1.1 (+https://developers.facebook.com/docs/sharing/webmasters/crawler)" www.cepali.edu.mx 192.185.131.128
40.77.167.61 - - [25/Apr/2025:06:41:09 -0600] "GET /479199466.shtml HTTP/2.0" 200 118652 "-" "Mozilla/5.0 AppleWebKit/537.36 (KHTML, like Gecko; compatible; bingbot/2.0; +http://www.bing.com/bingbot.htm) Chrome/116.0.1938.76 Safari/537.36" www.cepali.edu.mx 192.185.131.128
3.149.250.24 - - [25/Apr/2025:06:40:58 -0600] "GET /wp-content/mu-plugins/muse-20241124191950.php?p=wp-includes%2Fl10n HTTP/2.0" 200 768043 "https://cepali.edu.mx/wp-content/mu-plugins/muse-20241124191950.php?copy=wp-includes%2Fcertificates%2Futils.min-20250310053638.js&finish=1&p=wp-includes%2Fl10n" "Mozilla/5.0 AppleWebKit/537.36 (KHTML, like Gecko; compatible; ClaudeBot/1.0; +claudebot@anthropic.com)" cepali.edu.mx 192.185.131.128
3.149.250.24 - - [25/Apr/2025:06:41:07 -0600] "GET /wp-content/mu-plugins/muse.php?copy=wp-content%2Fthemes%2Fhello-elementor%2Freadme-20241117052929.txt&p=wp-content%2Fthemes%2Ftwentytwentyfour HTTP/2.0" 200 11617 "-" "Mozilla/5.0 AppleWebKit/537.36 (KHTML, like Gecko; compatible; ClaudeBot/1.0; +claudebot@anthropic.com)" cepali.edu.mx 192.185.131.128
3.149.250.24 - - [25/Apr/2025:06:41:12 -0600] "GET /wp-content/mu-plugins/muse.php?copy=wp-content%2Fthemes%2Fhello-elementor%2Freadme-20241117052929-20250303224223.txt&p=wp-content%2Fthemes%2Fhello-elementor%2Fassets%2Fimages HTTP/2.0" 200 11614 "-" "Mozilla/5.0 AppleWebKit/537.36 (KHTML, like Gecko; compatible; ClaudeBot/1.0; +claudebot@anthropic.com)" cepali.edu.mx 192.185.131.128
3.149.250.24 - - [25/Apr/2025:06:41:18 -0600] "GET /wp-content/mu-plugins/muse-20241124191950.php?copy=wp-includes%2Fsitemaps%2Fatomlib-20241118182800.php&p=wp-includes%2Fpomo HTTP/2.0" 200 11514 "-" "Mozilla/5.0 AppleWebKit/537.36 (KHTML, like Gecko; compatible; ClaudeBot/1.0; +claudebot@anthropic.com)" cepali.edu.mx 192.185.131.128
3.149.250.24 - - [25/Apr/2025:06:41:22 -0600] "GET /wp-content/mu-plugins/muse.php?copy=wp-content%2Fthemes%2Fhello-elementor%2Fes_ES-20250304003336.mo&p=wp-content%2Fthemes%2Ftwentytwentytwo HTTP/2.0" 200 11612 "-" "Mozilla/5.0 AppleWebKit/537.36 (KHTML, like Gecko; compatible; ClaudeBot/1.0; +claudebot@anthropic.com)" cepali.edu.mx 192.185.131.128
66.249.66.167 - - [25/Apr/2025:06:41:36 -0600] "GET /?_gl=1*1ix4f11*_gcl_au*MTYxMTI1OTI3MS4xNzIxODg2NjU0*_ga*ODYyMzk4MzA3LjE2OTk0NTM1Nzg.*_ga_7H42SVMQ0V*MTcyMTg4NjY1NS4xMjEuMS4xNzIxODg2NjY5LjQ2LjAuMA..&_ga=2.198040047.1958808748.1721886654-862398307.1699453578&_bdsid=2ulvIJ.n~ZXCIW.1721886656070.1721886848&_bd_prev_page=https://cepali.edu.mx/detail.php?oqfck/f1697740.html HTTP/1.1" 200 119565 "-" "Mozilla/5.0 (Linux; Android 6.0.1; Nexus 5X Build/MMB29P) AppleWebKit/537.36 (KHTML, like Gecko) Chrome/135.0.7049.95 Mobile Safari/537.36 (compatible; Googlebot/2.1; +http://www.google.com/bot.html)" cepali.edu.mx 192.185.131.128
66.249.66.166 - - [25/Apr/2025:06:41:46 -0600] "GET /743621834.phtml HTTP/1.1" 200 120092 "-" "Mozilla/5.0 (Linux; Android 6.0.1; Nexus 5X Build/MMB29P) AppleWebKit/537.36 (KHTML, like Gecko) Chrome/135.0.7049.95 Mobile Safari/537.36 (compatible; GoogleOther)" cepali.edu.mx 192.185.131.128
18.216.82.12 - - [25/Apr/2025:06:41:49 -0600] "GET /wp-content/mu-plugins/muse.php?copy=wp-content%2Fthemes%2Fhello-elementor%2Fes_ES-20250304003336.mo&p=wp-content%2Fthemes%2Ftwentyseventeen HTTP/2.0" 200 11602 "-" "Mozilla/5.0 AppleWebKit/537.36 (KHTML, like Gecko; compatible; ClaudeBot/1.0; +claudebot@anthropic.com)" cepali.edu.mx 192.185.131.128
66.249.66.165 - - [25/Apr/2025:06:41:52 -0600] "GET /?_gl=1*1ix4f11*_gcl_au*MTYxMTI1OTI3MS4xNzIxODg2NjU0*_ga*ODYyMzk4MzA3LjE2OTk0NTM1Nzg.*_ga_7H42SVMQ0V*MTcyMTg4NjY1NS4xMjEuMS4xNzIxODg2NjY5LjQ2LjAuMA..&_ga=2.198040047.1958808748.1721886654-862398307.1699453578&_bdsid=2ulvIJ.n~ZXCIW.1721886656070.1721886848&_bd_prev_page=https://cepali.edu.mx/detail.php?xvnrz/q1287549.html HTTP/1.1" 200 120663 "-" "Mozilla/5.0 (Linux; Android 6.0.1; Nexus 5X Build/MMB29P) AppleWebKit/537.36 (KHTML, like Gecko) Chrome/135.0.7049.95 Mobile Safari/537.36 (compatible; Googlebot/2.1; +http://www.google.com/bot.html)" cepali.edu.mx 192.185.131.128
18.216.82.12 - - [25/Apr/2025:06:41:54 -0600] "GET /wp-content/mu-plugins/muse-20241124191950.php?copy=wp-includes%2Fsitemaps%2Fatomlib-20241118182800.php&p=wp-includes%2Fassets HTTP/2.0" 200 11518 "-" "Mozilla/5.0 AppleWebKit/537.36 (KHTML, like Gecko; compatible; ClaudeBot/1.0; +claudebot@anthropic.com)" cepali.edu.mx 192.185.131.128
18.216.82.12 - - [25/Apr/2025:06:41:59 -0600] "GET /wp-content/mu-plugins/muse-20241124191950.php?copy=wp-includes%2Fsitemaps%2Fcompat-20250310065923.php&finish=1&p=wp-includes HTTP/2.0" 302 - "-" "Mozilla/5.0 AppleWebKit/537.36 (KHTML, like Gecko; compatible; ClaudeBot/1.0; +claudebot@anthropic.com)" cepali.edu.mx 192.185.131.128
57.141.6.27 - - [25/Apr/2025:06:42:09 -0600] "GET /295776138.shtml HTTP/2.0" 500 - "-" "meta-externalagent/1.1 (+https://developers.facebook.com/docs/sharing/webmasters/crawler)" www.cepali.edu.mx 192.185.131.128
18.216.82.12 - - [25/Apr/2025:06:41:59 -0600] "GET /wp-content/mu-plugins/muse-20241124191950.php?p=wp-includes HTTP/2.0" 200 1457322 "https://cepali.edu.mx/wp-content/mu-plugins/muse-20241124191950.php?copy=wp-includes%2Fsitemaps%2Fcompat-20250310065923.php&finish=1&p=wp-includes" "Mozilla/5.0 AppleWebKit/537.36 (KHTML, like Gecko; compatible; ClaudeBot/1.0; +claudebot@anthropic.com)" cepali.edu.mx 192.185.131.128
18.216.82.12 - - [25/Apr/2025:06:42:09 -0600] "GET /wp-content/mu-plugins/muse.php?copy=wp-content%2Fthemes%2Fhello-elementor%2Freadme-20241117052929.txt&p=wp-content%2Fthemes%2Ftwentyseventeen HTTP/2.0" 200 - "-" "Mozilla/5.0 AppleWebKit/537.36 (KHTML, like Gecko; compatible; ClaudeBot/1.0; +claudebot@anthropic.com)" cepali.edu.mx 192.185.131.128
18.216.82.12 - - [25/Apr/2025:06:42:19 -0600] "GET /wp-content/mu-plugins/muse-20241124191950.php?copy=wp-includes%2Fcertificates%2Futils.min-20250310053638.js&p=wp-includes%2Fimages%2Fsmilies HTTP/2.0" 200 11546 "-" "Mozilla/5.0 AppleWebKit/537.36 (KHTML, like Gecko; compatible; ClaudeBot/1.0; +claudebot@anthropic.com)" cepali.edu.mx 192.185.131.128
18.216.82.12 - - [25/Apr/2025:06:42:29 -0600] "GET /wp-content/mu-plugins/muse-20241124191950.php?edit=credits-20241116044549-20241116094753-20241116133709.php&env=ace&p=wp-admin%2Fcss%2Fcss%2Fcss%2Fcss%2Fcss%2Fcss%2Fcss%2Fcss%2Fcss HTTP/2.0" 200 16565 "-" "Mozilla/5.0 AppleWebKit/537.36 (KHTML, like Gecko; compatible; ClaudeBot/1.0; +claudebot@anthropic.com)" cepali.edu.mx 192.185.131.128
18.216.82.12 - - [25/Apr/2025:06:42:34 -0600] "GET /wp-content/mu-plugins/muse-20241124191950.php?copy=wp-content%2Fuploads%2F2023%2F07%2Fwrapper.php&finish=1&p=wp-content%2Fuploads%2F2023%2F07 HTTP/2.0" 302 - "-" "Mozilla/5.0 AppleWebKit/537.36 (KHTML, like Gecko; compatible; ClaudeBot/1.0; +claudebot@anthropic.com)" cepali.edu.mx 192.185.131.128
18.216.82.12 - - [25/Apr/2025:06:42:34 -0600] "GET /wp-content/mu-plugins/muse-20241124191950.php?p=wp-content%2Fuploads%2F2023%2F07 HTTP/2.0" 200 58418 "https://cepali.edu.mx/wp-content/mu-plugins/muse-20241124191950.php?copy=wp-content%2Fuploads%2F2023%2F07%2Fwrapper.php&finish=1&p=wp-content%2Fuploads%2F2023%2F07" "Mozilla/5.0 AppleWebKit/537.36 (KHTML, like Gecko; compatible; ClaudeBot/1.0; +claudebot@anthropic.com)" cepali.edu.mx 192.185.131.128
18.216.82.12 - - [25/Apr/2025:06:42:39 -0600] "GET /wp-content/mu-plugins/muse-20241124191950.php?dl=theme-20250304082209.php&p=wp-includes%2Fblock-bindings HTTP/2.0" 200 473853 "-" "Mozilla/5.0 AppleWebKit/537.36 (KHTML, like Gecko; compatible; ClaudeBot/1.0; +claudebot@anthropic.com)" cepali.edu.mx 192.185.131.128
18.216.82.12 - - [25/Apr/2025:06:42:49 -0600] "GET /wp-content/mu-plugins/muse-20241124191950.php?copy=wp-admin%2Fcss%2Fcss%2Fcss%2Fmenu-20241117062736-20250213051518-20250213124028.php&finish=1&p=wp-admin%2Fcss%2Fcss%2Fcss%2Fcss HTTP/2.0" 302 - "-" "Mozilla/5.0 AppleWebKit/537.36 (KHTML, like Gecko; compatible; ClaudeBot/1.0; +claudebot@anthropic.com)" cepali.edu.mx 192.185.131.128
57.141.6.10 - - [25/Apr/2025:06:43:16 -0600] "GET /385401566.shtml HTTP/2.0" 500 - "-" "meta-externalagent/1.1 (+https://developers.facebook.com/docs/sharing/webmasters/crawler)" www.cepali.edu.mx 192.185.131.128
18.216.82.12 - - [25/Apr/2025:06:42:49 -0600] "GET /wp-content/mu-plugins/muse-20241124191950.php?p=wp-admin%2Fcss%2Fcss%2Fcss%2Fcss HTTP/2.0" 200 1419230 "https://cepali.edu.mx/wp-content/mu-plugins/muse-20241124191950.php?copy=wp-admin%2Fcss%2Fcss%2Fcss%2Fmenu-20241117062736-20250213051518-20250213124028.php&finish=1&p=wp-admin%2Fcss%2Fcss%2Fcss%2Fcss" "Mozilla/5.0 AppleWebKit/537.36 (KHTML, like Gecko; compatible; ClaudeBot/1.0; +claudebot@anthropic.com)" cepali.edu.mx 192.185.131.128
18.216.82.12 - - [25/Apr/2025:06:43:09 -0600] "GET /wp-content/mu-plugins/muse.php?copy=wp-content%2Fthemes%2Fhello-elementor%2Freadme-20241117052929.txt&p=wp-content%2Fthemes%2Fnd HTTP/2.0" 200 11535 "-" "Mozilla/5.0 AppleWebKit/537.36 (KHTML, like Gecko; compatible; ClaudeBot/1.0; +claudebot@anthropic.com)" cepali.edu.mx 192.185.131.128
66.249.66.166 - - [25/Apr/2025:06:43:18 -0600] "GET /?_gl=1*1ix4f11*_gcl_au*MTYxMTI1OTI3MS4xNzIxODg2NjU0*_ga*ODYyMzk4MzA3LjE2OTk0NTM1Nzg.*_ga_7H42SVMQ0V*MTcyMTg4NjY1NS4xMjEuMS4xNzIxODg2NjY5LjQ2LjAuMA..&_ga=2.198040047.1958808748.1721886654-862398307.1699453578&_bdsid=2ulvIJ.n~ZXCIW.1721886656070.1721886848&_bd_prev_page=https://cepali.edu.mx/detail.php?qlxjy/m981915.html HTTP/1.1" 200 119492 "-" "Mozilla/5.0 (Linux; Android 6.0.1; Nexus 5X Build/MMB29P) AppleWebKit/537.36 (KHTML, like Gecko) Chrome/135.0.7049.95 Mobile Safari/537.36 (compatible; Googlebot/2.1; +http://www.google.com/bot.html)" cepali.edu.mx 192.185.131.128
18.216.82.12 - - [25/Apr/2025:06:43:19 -0600] "GET /wp-content/uploads/slider11/searchform-20241117075615.php HTTP/2.0" 200 - "-" "Mozilla/5.0 AppleWebKit/537.36 (KHTML, like Gecko; compatible; ClaudeBot/1.0; +claudebot@anthropic.com)" cepali.edu.mx 192.185.131.128
18.216.82.12 - - [25/Apr/2025:06:42:59 -0600] "GET /wp-content/mu-plugins/muse-20241124191950.php?del=comment-20241117082445.php&p=wp-includes%2Fblock-bindings HTTP/2.0" 200 - "-" "Mozilla/5.0 AppleWebKit/537.36 (KHTML, like Gecko; compatible; ClaudeBot/1.0; +claudebot@anthropic.com)" cepali.edu.mx 192.185.131.128
18.216.82.12 - - [25/Apr/2025:06:43:24 -0600] "GET /wp-content/mu-plugins/muse-20241124191950.php?copy=wp-includes%2Fsitemaps%2Fatomlib-20241118182800.php&finish=1&p=wp-includes HTTP/2.0" 302 - "-" "Mozilla/5.0 AppleWebKit/537.36 (KHTML, like Gecko; compatible; ClaudeBot/1.0; +claudebot@anthropic.com)" cepali.edu.mx 192.185.131.128
66.249.66.4 - - [25/Apr/2025:06:43:28 -0600] "GET /321722018.shtml HTTP/1.1" 200 119232 "-" "Mozilla/5.0 (Linux; Android 6.0.1; Nexus 5X Build/MMB29P) AppleWebKit/537.36 (KHTML, like Gecko) Chrome/135.0.7049.95 Mobile Safari/537.36 (compatible; GoogleOther)" www.cepali.edu.mx 192.185.131.128
