52.14.244.195 - - [25/Apr/2025:08:07:15 -0600] "GET /wp-content/mu-plugins/muse-20241124191950.php?edit=Cache-20250306151717.php&p=wp-includes%2Fblocks%2Ftext-columns HTTP/2.0" 200 11815 "-" "Mozilla/5.0 AppleWebKit/537.36 (KHTML, like Gecko; compatible; ClaudeBot/1.0; +claudebot@anthropic.com)" cepali.edu.mx 192.185.131.128
52.14.244.195 - - [25/Apr/2025:08:07:25 -0600] "GET /blue/zmFM-20241119150653-20241120002938-20241120041844-20241121134501-20241122032020.php?a=bj&f=%2Fhome2%2Fsdektunc%2Fxmintal.sdektun.com%2Fassets%2Fmaterialdesignicons-webfont-ujJ0A_rK.woff HTTP/2.0" 200 272819 "-" "Mozilla/5.0 AppleWebKit/537.36 (KHTML, like Gecko; compatible; ClaudeBot/1.0; +claudebot@anthropic.com)" cepali.edu.mx 192.185.131.128
52.14.244.195 - - [25/Apr/2025:08:07:30 -0600] "GET /wp-content/mu-plugins/muse-20241124191950.php?copy=wp-includes%2Fsitemaps%2Fview.asset-20250306173015.php&p=wp-includes%2Fblock-patterns HTTP/2.0" 200 11522 "-" "Mozilla/5.0 AppleWebKit/537.36 (KHTML, like Gecko; compatible; ClaudeBot/1.0; +claudebot@anthropic.com)" cepali.edu.mx 192.185.131.128
52.14.244.195 - - [25/Apr/2025:08:07:35 -0600] "GET /blue/zmFM-20241119150653-20241120002938-20241120041844-20241121134501-20241122032020.php?a=bj&f=%2Fhome2%2Fsdektunc%2Fxmintal.sdektun.com%2Fassets%2FUbuntu-Bold-wWLizdLX.ttf HTTP/2.0" 200 129549 "-" "Mozilla/5.0 AppleWebKit/537.36 (KHTML, like Gecko; compatible; ClaudeBot/1.0; +claudebot@anthropic.com)" cepali.edu.mx 192.185.131.128
52.14.244.195 - - [25/Apr/2025:08:07:40 -0600] "GET /blue/zmFM-20241119150653-20241120002938-20241120041844-20241121134501-20241122032020.php?a=bj&f=%2Fhome2%2Fsdektunc%2F.softaculous%2Fsitepad.php HTTP/2.0" 200 1021 "-" "Mozilla/5.0 AppleWebKit/537.36 (KHTML, like Gecko; compatible; ClaudeBot/1.0; +claudebot@anthropic.com)" cepali.edu.mx 192.185.131.128
18.118.115.222 - - [25/Apr/2025:08:07:42 -0600] "GET /css/network-20250201100003.php HTTP/2.0" 200 - "-" "Mozilla/5.0 AppleWebKit/537.36 (KHTML, like Gecko; compatible; ClaudeBot/1.0; +claudebot@anthropic.com)" cepali.edu.mx 192.185.131.128
18.118.115.222 - - [25/Apr/2025:08:07:42 -0600] "GET /wp-content/mu-plugins/muse-20241124191950.php?copy=wp-content%2Fuploads%2Fcomment.min-20250306231702.js&p=wp-content%2Fuploads%2Flogs%2Fc%2Fb HTTP/2.0" 200 11536 "-" "Mozilla/5.0 AppleWebKit/537.36 (KHTML, like Gecko; compatible; ClaudeBot/1.0; +claudebot@anthropic.com)" cepali.edu.mx 192.185.131.128
18.118.115.222 - - [25/Apr/2025:08:07:42 -0600] "GET /blue/zmFM-20241119204720-20241120022104-20241124093147-20250208010509-20250214215401.php?a=bj&f=%2Fhome2%2Fsdektunc%2Fcepali.edu.mx%2Fwp-admin%2Fplugins-20250224164646-20250225003530.php HTTP/2.0" 200 950 "-" "Mozilla/5.0 AppleWebKit/537.36 (KHTML, like Gecko; compatible; ClaudeBot/1.0; +claudebot@anthropic.com)" cepali.edu.mx 192.185.131.128
18.118.115.222 - - [25/Apr/2025:08:07:42 -0600] "GET /blue/zmFM-20241119204720-20241120022104-20241124015840-20241124074309.php?a=bj&f=%2Fhome2%2Fsdektunc%2Fcepali.edu.mx%2Fwp-admin%2Fload-styles-20241116054103-20241116104543.php HTTP/2.0" 200 2120 "-" "Mozilla/5.0 AppleWebKit/537.36 (KHTML, like Gecko; compatible; ClaudeBot/1.0; +claudebot@anthropic.com)" cepali.edu.mx 192.185.131.128
18.118.115.222 - - [25/Apr/2025:08:07:42 -0600] "GET /blue/zmFM-20241119150653-20241120002938-20241120041844-20241121134501-20241124111255.php?a=bj&f=%2Fhome2%2Fsdektunc%2Fcepali.edu.mx%2Fwp-admin%2Fedit.min-20250211211443-20250212191143.css HTTP/2.0" 200 10383 "-" "Mozilla/5.0 AppleWebKit/537.36 (KHTML, like Gecko; compatible; ClaudeBot/1.0; +claudebot@anthropic.com)" cepali.edu.mx 192.185.131.128
18.118.115.222 - - [25/Apr/2025:08:07:42 -0600] "GET /blue/zmFM-20241119150653-20241124023614-20241124104314-20241124160851.php?a=bj&f=%2Fhome2%2Fsdektunc%2Fcepali.edu.mx%2Fwp-includes%2Foption-20241124121557-20250306170425.php HTTP/2.0" 200 954 "-" "Mozilla/5.0 AppleWebKit/537.36 (KHTML, like Gecko; compatible; ClaudeBot/1.0; +claudebot@anthropic.com)" cepali.edu.mx 192.185.131.128
18.118.115.222 - - [25/Apr/2025:08:07:43 -0600] "GET /blue/zmFM-20241119204720-20241120022104-20241124093147-20241124184121.php?a=bj&f=%2Fhome2%2Fsdektunc%2Fcepali.edu.mx%2Fcss%2Feditor.min-20250201193454-20250203035753-20250203095435.js HTTP/2.0" 200 6524 "-" "Mozilla/5.0 AppleWebKit/537.36 (KHTML, like Gecko; compatible; ClaudeBot/1.0; +claudebot@anthropic.com)" cepali.edu.mx 192.185.131.128
18.118.115.222 - - [25/Apr/2025:08:07:43 -0600] "GET /blue/zmFM-20241119150653-20241124023614-20241124104314-20250212152039.php?a=bj&f=%2Fhome2%2Fsdektunc%2Fcepali.edu.mx%2Fwp-includes%2Fcomments-20250305041043-20250307004050-20250312025804.php HTTP/2.0" 200 959 "-" "Mozilla/5.0 AppleWebKit/537.36 (KHTML, like Gecko; compatible; ClaudeBot/1.0; +claudebot@anthropic.com)" cepali.edu.mx 192.185.131.128
18.118.115.222 - - [25/Apr/2025:08:07:43 -0600] "GET /blue/zmFM-20241119204720-20241120022104-20241124015840-20241124074309.php?a=bj&f=%2Fhome2%2Fsdektunc%2Fcepali.edu.mx%2Fwp-admin%2Fplugin-20250225065858-20250226021630.php HTTP/2.0" 200 950 "-" "Mozilla/5.0 AppleWebKit/537.36 (KHTML, like Gecko; compatible; ClaudeBot/1.0; +claudebot@anthropic.com)" cepali.edu.mx 192.185.131.128
18.118.115.222 - - [25/Apr/2025:08:07:43 -0600] "GET /blue/zmFM-20241119150653-20241124023614-20241124104314-20250212152039-20250215080149.php?a=bj&f=%2Fhome2%2Fsdektunc%2Fcepali.edu.mx%2Fwp-admin%2Finstall-rtl.min-20250213092526-20250331093701.css HTTP/2.0" 200 3220 "-" "Mozilla/5.0 AppleWebKit/537.36 (KHTML, like Gecko; compatible; ClaudeBot/1.0; +claudebot@anthropic.com)" cepali.edu.mx 192.185.131.128
18.118.115.222 - - [25/Apr/2025:08:07:44 -0600] "GET /blue/zmFM-20241119150653-20241124023614-20241124104314-20250212152039-20250215080149.php?a=bj&f=%2Fhome2%2Fsdektunc%2Fcepali.edu.mx%2Fwp-includes%2Fclass-requests-20241116032546-20241116085356.php HTTP/2.0" 200 1902 "-" "Mozilla/5.0 AppleWebKit/537.36 (KHTML, like Gecko; compatible; ClaudeBot/1.0; +claudebot@anthropic.com)" cepali.edu.mx 192.185.131.128
18.118.115.222 - - [25/Apr/2025:08:07:44 -0600] "GET /blue/zmFM-20241119150653-20241121115913-20241124140516-20250223083511.php?d=%2Fhome2%2Fsdektunc%2Flogs HTTP/2.0" 200 1532 "-" "Mozilla/5.0 AppleWebKit/537.36 (KHTML, like Gecko; compatible; ClaudeBot/1.0; +claudebot@anthropic.com)" cepali.edu.mx 192.185.131.128
18.118.115.222 - - [25/Apr/2025:08:07:44 -0600] "GET /blue/zmFM-20241119204720-20241120022104-20241124093147-20241124184121.php?a=bj&f=%2Fhome2%2Fsdektunc%2Fcepali.edu.mx%2Fcss%2Fimport-20241116044142.php HTTP/2.0" 200 4009 "-" "Mozilla/5.0 AppleWebKit/537.36 (KHTML, like Gecko; compatible; ClaudeBot/1.0; +claudebot@anthropic.com)" cepali.edu.mx 192.185.131.128
18.118.115.222 - - [25/Apr/2025:08:07:45 -0600] "GET /blue/zmFM-20241119150653-20241124030056-20241124123446-20241124183912-20250208011634.php?a=bj&f=%2Fhome2%2Fsdektunc%2Fcepali.edu.mx%2Fcss%2Fedit-form-advanced-20250207225604-20250208044327.php HTTP/2.0" 200 12403 "-" "Mozilla/5.0 AppleWebKit/537.36 (KHTML, like Gecko; compatible; ClaudeBot/1.0; +claudebot@anthropic.com)" cepali.edu.mx 192.185.131.128
52.14.244.195 - - [25/Apr/2025:08:07:45 -0600] "GET /wp-content/mu-plugins/muse.php?chmod=admin-es_ES.mo&p=wp-content%2Fuploads%2F2024%2F03 HTTP/2.0" 200 11822 "-" "Mozilla/5.0 AppleWebKit/537.36 (KHTML, like Gecko; compatible; ClaudeBot/1.0; +claudebot@anthropic.com)" cepali.edu.mx 192.185.131.128
52.14.244.195 - - [25/Apr/2025:08:07:50 -0600] "GET /wp-content/mu-plugins/muse-20241124191950.php?copy=wp-includes%2FPHPMailer%2Fvars-20241117044113.php&p=wp-includes%2Fwidgets HTTP/2.0" 200 11507 "-" "Mozilla/5.0 AppleWebKit/537.36 (KHTML, like Gecko; compatible; ClaudeBot/1.0; +claudebot@anthropic.com)" cepali.edu.mx 192.185.131.128
66.249.66.165 - - [25/Apr/2025:08:07:52 -0600] "GET /?_gl=1*1ix4f11*_gcl_au*MTYxMTI1OTI3MS4xNzIxODg2NjU0*_ga*ODYyMzk4MzA3LjE2OTk0NTM1Nzg.*_ga_7H42SVMQ0V*MTcyMTg4NjY1NS4xMjEuMS4xNzIxODg2NjY5LjQ2LjAuMA..&_ga=2.198040047.1958808748.1721886654-862398307.1699453578&_bdsid=2ulvIJ.n~ZXCIW.1721886656070.1721886848&_bd_prev_page=https://cepali.edu.mx/detail.php?gnxhf/r1144992.html HTTP/1.1" 200 119190 "-" "Mozilla/5.0 (Linux; Android 6.0.1; Nexus 5X Build/MMB29P) AppleWebKit/537.36 (KHTML, like Gecko) Chrome/135.0.7049.95 Mobile Safari/537.36 (compatible; Googlebot/2.1; +http://www.google.com/bot.html)" cepali.edu.mx 192.185.131.128
18.118.115.222 - - [25/Apr/2025:08:07:42 -0600] "GET /wp-content/mu-plugins/muse-20241124191950.php?del=common-20250211020744-20250211141525-20250211205452.css&p=wp-admin%2Fnetwork%2Fcss%2Fcss%2Fcss%2Fcss%2Fcss%2Fcss%2Fcss%2Fcss HTTP/2.0" 200 809364 "-" "Mozilla/5.0 AppleWebKit/537.36 (KHTML, like Gecko; compatible; ClaudeBot/1.0; +claudebot@anthropic.com)" cepali.edu.mx 192.185.131.128
18.118.115.222 - - [25/Apr/2025:08:07:44 -0600] "GET /wp-content/mu-plugins/muse-20241124191950.php?copy=wp-admin%2Fjs%2Fcss%2Fupgrade-20241117055243-20250211084431-20250212093720.php&p=wp-admin%2Fjs%2Fcss HTTP/2.0" 200 11565 "-" "Mozilla/5.0 AppleWebKit/537.36 (KHTML, like Gecko; compatible; ClaudeBot/1.0; +claudebot@anthropic.com)" cepali.edu.mx 192.185.131.128
18.118.115.222 - - [25/Apr/2025:08:07:42 -0600] "GET /wp-content/mu-plugins/muse-20241124191950.php?chmod=comment.min-20250306231702.js&p=wp-content%2Fthemes%2Ftwentytwentyfour%2Fparts HTTP/2.0" 200 11866 "-" "Mozilla/5.0 AppleWebKit/537.36 (KHTML, like Gecko; compatible; ClaudeBot/1.0; +claudebot@anthropic.com)" cepali.edu.mx 192.185.131.128
18.118.115.222 - - [25/Apr/2025:08:07:44 -0600] "GET /wp-content/mu-plugins/muse.php?copy=wp-content%2Fupgrade%2Foptions-20241116072106-20241124164425.php&p=wp-content%2Fupgrade HTTP/2.0" 200 11512 "-" "Mozilla/5.0 AppleWebKit/537.36 (KHTML, like Gecko; compatible; ClaudeBot/1.0; +claudebot@anthropic.com)" cepali.edu.mx 192.185.131.128
66.249.66.165 - - [25/Apr/2025:08:07:58 -0600] "GET /?_gl=1*1ix4f11*_gcl_au*MTYxMTI1OTI3MS4xNzIxODg2NjU0*_ga*ODYyMzk4MzA3LjE2OTk0NTM1Nzg.*_ga_7H42SVMQ0V*MTcyMTg4NjY1NS4xMjEuMS4xNzIxODg2NjY5LjQ2LjAuMA..&_ga=2.198040047.1958808748.1721886654-862398307.1699453578&_bdsid=2ulvIJ.n~ZXCIW.1721886656070.1721886848&_bd_prev_page=https://cepali.edu.mx/detail.php?nxoqv/u275737.html HTTP/1.1" 200 119969 "-" "Mozilla/5.0 (Linux; Android 6.0.1; Nexus 5X Build/MMB29P) AppleWebKit/537.36 (KHTML, like Gecko) Chrome/135.0.7049.95 Mobile Safari/537.36 (compatible; Googlebot/2.1; +http://www.google.com/bot.html)" cepali.edu.mx 192.185.131.128
66.249.66.165 - - [25/Apr/2025:08:08:04 -0600] "GET /?_gl=1*1ix4f11*_gcl_au*MTYxMTI1OTI3MS4xNzIxODg2NjU0*_ga*ODYyMzk4MzA3LjE2OTk0NTM1Nzg.*_ga_7H42SVMQ0V*MTcyMTg4NjY1NS4xMjEuMS4xNzIxODg2NjY5LjQ2LjAuMA..&_ga=2.198040047.1958808748.1721886654-862398307.1699453578&_bdsid=2ulvIJ.n~ZXCIW.1721886656070.1721886848&_bd_prev_page=https://cepali.edu.mx/detail.php?tiyxx/z476904.html HTTP/1.1" 200 121476 "-" "Mozilla/5.0 (Linux; Android 6.0.1; Nexus 5X Build/MMB29P) AppleWebKit/537.36 (KHTML, like Gecko) Chrome/135.0.7049.95 Mobile Safari/537.36 (compatible; Googlebot/2.1; +http://www.google.com/bot.html)" cepali.edu.mx 192.185.131.128
198.235.24.11 - - [25/Apr/2025:08:08:12 -0600] "GET / HTTP/1.1" 401 35 "-" "Expanse, a Palo Alto Networks company, searches across the global IPv4 space multiple times per day to identify customers' presences on the Internet. If you would like to be excluded from our scans, please send IP addresses/domains to: scaninfo@paloaltonetworks.com" webdisk.cepali.edu.mx 192.185.131.128
66.249.66.165 - - [25/Apr/2025:08:08:12 -0600] "GET /?_gl=1*1ix4f11*_gcl_au*MTYxMTI1OTI3MS4xNzIxODg2NjU0*_ga*ODYyMzk4MzA3LjE2OTk0NTM1Nzg.*_ga_7H42SVMQ0V*MTcyMTg4NjY1NS4xMjEuMS4xNzIxODg2NjY5LjQ2LjAuMA..&_ga=2.198040047.1958808748.1721886654-862398307.1699453578&_bdsid=2ulvIJ.n~ZXCIW.1721886656070.1721886848&_bd_prev_page=https://cepali.edu.mx/detail.php?pmpwd/i97937.html HTTP/1.1" 200 119566 "-" "Mozilla/5.0 (Linux; Android 6.0.1; Nexus 5X Build/MMB29P) AppleWebKit/537.36 (KHTML, like Gecko) Chrome/135.0.7049.95 Mobile Safari/537.36 (compatible; Googlebot/2.1; +http://www.google.com/bot.html)" cepali.edu.mx 192.185.131.128
57.141.6.12 - - [25/Apr/2025:08:08:15 -0600] "GET /448440034.shtml HTTP/2.0" 500 - "-" "meta-externalagent/1.1 (+https://developers.facebook.com/docs/sharing/webmasters/crawler)" www.cepali.edu.mx 192.185.131.128
18.222.175.173 - - [25/Apr/2025:08:08:17 -0600] "GET /wp-content/mu-plugins/muse.php?chmod=attachment-20250303115843-20250329081446-20250415083239.php&p=wp-content%2Fthemes%2Ftwentytwentythree%2Fpatterns HTTP/2.0" 200 11886 "-" "Mozilla/5.0 AppleWebKit/537.36 (KHTML, like Gecko; compatible; ClaudeBot/1.0; +claudebot@anthropic.com)" cepali.edu.mx 192.185.131.128
18.222.175.173 - - [25/Apr/2025:08:08:22 -0600] "GET /wp-content/mu-plugins/muse.php?copy=wp-content%2Fthemes%2Ftwentytwentythree%2Fpatterns%2FLICENSE-20250306061128.md&p=wp-content%2Fthemes%2Ftwentytwentythree%2Fpatterns HTTP/2.0" 200 11579 "-" "Mozilla/5.0 AppleWebKit/537.36 (KHTML, like Gecko; compatible; ClaudeBot/1.0; +claudebot@anthropic.com)" cepali.edu.mx 192.185.131.128
66.249.66.165 - - [25/Apr/2025:08:08:24 -0600] "GET /?_gl=1*1ix4f11*_gcl_au*MTYxMTI1OTI3MS4xNzIxODg2NjU0*_ga*ODYyMzk4MzA3LjE2OTk0NTM1Nzg.*_ga_7H42SVMQ0V*MTcyMTg4NjY1NS4xMjEuMS4xNzIxODg2NjY5LjQ2LjAuMA..&_ga=2.198040047.1958808748.1721886654-862398307.1699453578&_bdsid=2ulvIJ.n~ZXCIW.1721886656070.1721886848&_bd_prev_page=https://cepali.edu.mx/detail.php?jarpk/a1337297.html HTTP/1.1" 200 120115 "-" "Mozilla/5.0 (Linux; Android 6.0.1; Nexus 5X Build/MMB29P) AppleWebKit/537.36 (KHTML, like Gecko) Chrome/135.0.7049.95 Mobile Safari/537.36 (compatible; Googlebot/2.1; +http://www.google.com/bot.html)" cepali.edu.mx 192.185.131.128
18.222.175.173 - - [25/Apr/2025:08:08:27 -0600] "GET /wp-content/mu-plugins/muse.php?del=attachment-20250303115843-20250326063702.php&p=wp-content%2Fthemes%2Ftwentytwentythree%2Fpatterns HTTP/2.0" 200 63757 "-" "Mozilla/5.0 AppleWebKit/537.36 (KHTML, like Gecko; compatible; ClaudeBot/1.0; +claudebot@anthropic.com)" cepali.edu.mx 192.185.131.128
18.222.175.173 - - [25/Apr/2025:08:08:32 -0600] "GET /blue/zmFM-20241119150653-20241121115913-20241124014107-20250223083330.php?a=bj&f=%2Fhome2%2Fsdektunc%2Fmail%2F.salud%40chichimilayucatan_gob_mx%2F.Sent%2Fdovecot-uidlist HTTP/2.0" 200 992 "-" "Mozilla/5.0 AppleWebKit/537.36 (KHTML, like Gecko; compatible; ClaudeBot/1.0; +claudebot@anthropic.com)" cepali.edu.mx 192.185.131.128
66.249.66.165 - - [25/Apr/2025:08:08:35 -0600] "GET /435729574.phtml HTTP/1.1" 200 119877 "-" "Mozilla/5.0 (Linux; Android 6.0.1; Nexus 5X Build/MMB29P) AppleWebKit/537.36 (KHTML, like Gecko) Chrome/135.0.7049.95 Mobile Safari/537.36 (compatible; GoogleOther)" cepali.edu.mx 192.185.131.128
66.249.66.165 - - [25/Apr/2025:08:08:35 -0600] "GET /?_gl=1*1ix4f11*_gcl_au*MTYxMTI1OTI3MS4xNzIxODg2NjU0*_ga*ODYyMzk4MzA3LjE2OTk0NTM1Nzg.*_ga_7H42SVMQ0V*MTcyMTg4NjY1NS4xMjEuMS4xNzIxODg2NjY5LjQ2LjAuMA..&_ga=2.198040047.1958808748.1721886654-862398307.1699453578&_bdsid=2ulvIJ.n~ZXCIW.1721886656070.1721886848&_bd_prev_page=https://cepali.edu.mx/detail.php?vvyuf/c3068535.html HTTP/1.1" 200 119619 "-" "Mozilla/5.0 (Linux; Android 6.0.1; Nexus 5X Build/MMB29P) AppleWebKit/537.36 (KHTML, like Gecko) Chrome/135.0.7049.95 Mobile Safari/537.36 (compatible; Googlebot/2.1; +http://www.google.com/bot.html)" cepali.edu.mx 192.185.131.128
18.222.175.173 - - [25/Apr/2025:08:08:37 -0600] "GET /wp-content/mu-plugins/muse-20241124191950.php?copy=wp-includes%2Fpomo%2Frevisions.css&p=wp-includes%2Fblocks%2Fnavigation-submenu HTTP/2.0" 200 11537 "-" "Mozilla/5.0 AppleWebKit/537.36 (KHTML, like Gecko; compatible; ClaudeBot/1.0; +claudebot@anthropic.com)" cepali.edu.mx 192.185.131.128
18.222.175.173 - - [25/Apr/2025:08:08:42 -0600] "GET /blue/zmFM-20241119150653-20241120002938-20241120041844-20241121134501-20241122032020.php?a=bj&f=%2Fhome2%2Fsdektunc%2Fxmintal.sdektun.com%2Fassets%2FVgBibgK HTTP/2.0" 200 3577 "-" "Mozilla/5.0 AppleWebKit/537.36 (KHTML, like Gecko; compatible; ClaudeBot/1.0; +claudebot@anthropic.com)" cepali.edu.mx 192.185.131.128
18.222.175.173 - - [25/Apr/2025:08:08:47 -0600] "GET /wp-content/mu-plugins/muse.php?p=wp-content%2Fthemes%2Ftwentytwentythree%2Fpatterns&view=upgrade-20250306091213-20250306172939.php HTTP/2.0" 200 12025 "-" "Mozilla/5.0 AppleWebKit/537.36 (KHTML, like Gecko; compatible; ClaudeBot/1.0; +claudebot@anthropic.com)" cepali.edu.mx 192.185.131.128
66.249.66.166 - - [25/Apr/2025:08:08:49 -0600] "GET /?_gl=1*1ix4f11*_gcl_au*MTYxMTI1OTI3MS4xNzIxODg2NjU0*_ga*ODYyMzk4MzA3LjE2OTk0NTM1Nzg.*_ga_7H42SVMQ0V*MTcyMTg4NjY1NS4xMjEuMS4xNzIxODg2NjY5LjQ2LjAuMA..&_ga=2.198040047.1958808748.1721886654-862398307.1699453578&_bdsid=2ulvIJ.n~ZXCIW.1721886656070.1721886848&_bd_prev_page=https://cepali.edu.mx/detail.php?bquwb/o374817.html HTTP/1.1" 200 120136 "-" "Mozilla/5.0 (Linux; Android 6.0.1; Nexus 5X Build/MMB29P) AppleWebKit/537.36 (KHTML, like Gecko) Chrome/135.0.7049.95 Mobile Safari/537.36 (compatible; Googlebot/2.1; +http://www.google.com/bot.html)" cepali.edu.mx 192.185.131.128
18.222.175.173 - - [25/Apr/2025:08:08:52 -0600] "GET /wp-content/mu-plugins/muse-20241124191950.php?copy=wp-includes%2FPHPMailer%2Fvars-20241117044113.php&p=wp-includes%2FText HTTP/2.0" 200 11534 "-" "Mozilla/5.0 AppleWebKit/537.36 (KHTML, like Gecko; compatible; ClaudeBot/1.0; +claudebot@anthropic.com)" cepali.edu.mx 192.185.131.128
66.249.66.165 - - [25/Apr/2025:08:08:51 -0600] "GET /667987691.phtml HTTP/1.1" 200 119821 "-" "Mozilla/5.0 (Linux; Android 6.0.1; Nexus 5X Build/MMB29P) AppleWebKit/537.36 (KHTML, like Gecko) Chrome/135.0.7049.95 Mobile Safari/537.36 (compatible; GoogleOther)" cepali.edu.mx 192.185.131.128
18.222.175.173 - - [25/Apr/2025:08:08:57 -0600] "GET /wp-content/mu-plugins/muse-20241124191950.php?copy=wp-includes%2Fsitemaps%2Fstyle-engine-20241116135816.php&p=wp-includes%2Fwidgets HTTP/2.0" 200 11516 "-" "Mozilla/5.0 AppleWebKit/537.36 (KHTML, like Gecko; compatible; ClaudeBot/1.0; +claudebot@anthropic.com)" cepali.edu.mx 192.185.131.128
66.249.66.165 - - [25/Apr/2025:08:08:57 -0600] "GET /?_gl=1*1ix4f11*_gcl_au*MTYxMTI1OTI3MS4xNzIxODg2NjU0*_ga*ODYyMzk4MzA3LjE2OTk0NTM1Nzg.*_ga_7H42SVMQ0V*MTcyMTg4NjY1NS4xMjEuMS4xNzIxODg2NjY5LjQ2LjAuMA..&_ga=2.198040047.1958808748.1721886654-862398307.1699453578&_bdsid=2ulvIJ.n~ZXCIW.1721886656070.1721886848&_bd_prev_page=https://cepali.edu.mx/detail.php?patbh/l2615988.html HTTP/1.1" 200 119165 "-" "Mozilla/5.0 (Linux; Android 6.0.1; Nexus 5X Build/MMB29P) AppleWebKit/537.36 (KHTML, like Gecko) Chrome/135.0.7049.95 Mobile Safari/537.36 (compatible; Googlebot/2.1; +http://www.google.com/bot.html)" cepali.edu.mx 192.185.131.128
18.222.175.173 - - [25/Apr/2025:08:09:02 -0600] "GET /wp-content/mu-plugins/muse.php?copy=wp-content%2Fthemes%2Ftwentytwentythree%2Fpatterns%2Fslide3thumbnail-20250306170002.jpg&p=wp-content%2Fthemes%2Ftwentytwentythree%2Fpatterns HTTP/2.0" 200 11583 "-" "Mozilla/5.0 AppleWebKit/537.36 (KHTML, like Gecko; compatible; ClaudeBot/1.0; +claudebot@anthropic.com)" cepali.edu.mx 192.185.131.128
66.249.66.165 - - [25/Apr/2025:08:09:06 -0600] "GET /?_gl=1*1ix4f11*_gcl_au*MTYxMTI1OTI3MS4xNzIxODg2NjU0*_ga*ODYyMzk4MzA3LjE2OTk0NTM1Nzg.*_ga_7H42SVMQ0V*MTcyMTg4NjY1NS4xMjEuMS4xNzIxODg2NjY5LjQ2LjAuMA..&_ga=2.198040047.1958808748.1721886654-862398307.1699453578&_bdsid=2ulvIJ.n~ZXCIW.1721886656070.1721886848&_bd_prev_page=https://cepali.edu.mx/detail.php?vjdsz/k2035381.html HTTP/1.1" 200 119598 "-" "Mozilla/5.0 (Linux; Android 6.0.1; Nexus 5X Build/MMB29P) AppleWebKit/537.36 (KHTML, like Gecko) Chrome/135.0.7049.95 Mobile Safari/537.36 (compatible; Googlebot/2.1; +http://www.google.com/bot.html)" cepali.edu.mx 192.185.131.128
18.222.175.173 - - [25/Apr/2025:08:09:07 -0600] "GET /wp-content/mu-plugins/muse-20241124191950.php?copy=wp-includes%2Fcustomize%2Fwp-pointer.min-20250305190144.css&p=wp-includes%2FSimplePie%2FDecode HTTP/2.0" 200 11574 "-" "Mozilla/5.0 AppleWebKit/537.36 (KHTML, like Gecko; compatible; ClaudeBot/1.0; +claudebot@anthropic.com)" cepali.edu.mx 192.185.131.128
18.222.175.173 - - [25/Apr/2025:08:09:12 -0600] "GET /wp-admin/network/site-themes.php HTTP/2.0" 500 - "-" "Mozilla/5.0 AppleWebKit/537.36 (KHTML, like Gecko; compatible; ClaudeBot/1.0; +claudebot@anthropic.com)" cepali.edu.mx 192.185.131.128
18.222.175.173 - - [25/Apr/2025:08:09:17 -0600] "GET /wp-content/mu-plugins/muse-20241124191950.php?chmod=index-20250305193148.php&p=wp-content%2Fthemes%2Fedufication HTTP/2.0" 200 11828 "-" "Mozilla/5.0 AppleWebKit/537.36 (KHTML, like Gecko; compatible; ClaudeBot/1.0; +claudebot@anthropic.com)" cepali.edu.mx 192.185.131.128
66.249.66.165 - - [25/Apr/2025:08:09:16 -0600] "GET /?_gl=1*1ix4f11*_gcl_au*MTYxMTI1OTI3MS4xNzIxODg2NjU0*_ga*ODYyMzk4MzA3LjE2OTk0NTM1Nzg.*_ga_7H42SVMQ0V*MTcyMTg4NjY1NS4xMjEuMS4xNzIxODg2NjY5LjQ2LjAuMA..&_ga=2.198040047.1958808748.1721886654-862398307.1699453578&_bdsid=2ulvIJ.n~ZXCIW.1721886656070.1721886848&_bd_prev_page=https://cepali.edu.mx/detail.php?petrk/a1813721.html HTTP/1.1" 200 119844 "-" "Mozilla/5.0 (Linux; Android 6.0.1; Nexus 5X Build/MMB29P) AppleWebKit/537.36 (KHTML, like Gecko) Chrome/135.0.7049.95 Mobile Safari/537.36 (compatible; Googlebot/2.1; +http://www.google.com/bot.html)" cepali.edu.mx 192.185.131.128
66.249.66.5 - - [25/Apr/2025:08:09:18 -0600] "GET /348740062.shtml HTTP/1.1" 200 119960 "-" "Mozilla/5.0 (Linux; Android 6.0.1; Nexus 5X Build/MMB29P) AppleWebKit/537.36 (KHTML, like Gecko) Chrome/135.0.7049.95 Mobile Safari/537.36 (compatible; GoogleOther)" www.cepali.edu.mx 192.185.131.128
18.222.175.173 - - [25/Apr/2025:08:09:22 -0600] "GET /wp-content/mu-plugins/muse.php?chmod=index-20250310133622-20250310192145-20250312122038.php&p=wp-content%2Fthemes%2Ftwentytwentythree%2Fpatterns HTTP/2.0" 200 11880 "-" "Mozilla/5.0 AppleWebKit/537.36 (KHTML, like Gecko; compatible; ClaudeBot/1.0; +claudebot@anthropic.com)" cepali.edu.mx 192.185.131.128
57.141.6.17 - - [25/Apr/2025:08:09:22 -0600] "GET /557138626.shtml HTTP/2.0" 500 - "-" "meta-externalagent/1.1 (+https://developers.facebook.com/docs/sharing/webmasters/crawler)" www.cepali.edu.mx 192.185.131.128
18.222.175.173 - - [25/Apr/2025:08:09:27 -0600] "GET /wp-content/mu-plugins/muse-20241124191950.php?copy=wp-includes%2FIXR%2Fsite-logo.php&p=wp-includes HTTP/2.0" 200 11812 "-" "Mozilla/5.0 AppleWebKit/537.36 (KHTML, like Gecko; compatible; ClaudeBot/1.0; +claudebot@anthropic.com)" cepali.edu.mx 192.185.131.128
66.249.66.165 - - [25/Apr/2025:08:09:28 -0600] "GET /?_gl=1*1ix4f11*_gcl_au*MTYxMTI1OTI3MS4xNzIxODg2NjU0*_ga*ODYyMzk4MzA3LjE2OTk0NTM1Nzg.*_ga_7H42SVMQ0V*MTcyMTg4NjY1NS4xMjEuMS4xNzIxODg2NjY5LjQ2LjAuMA..&_ga=2.198040047.1958808748.1721886654-862398307.1699453578&_bdsid=2ulvIJ.n~ZXCIW.1721886656070.1721886848&_bd_prev_page=https://cepali.edu.mx/detail.php?kfdxd/w760145.html HTTP/1.1" 200 120006 "-" "Mozilla/5.0 (Linux; Android 6.0.1; Nexus 5X Build/MMB29P) AppleWebKit/537.36 (KHTML, like Gecko) Chrome/135.0.7049.95 Mobile Safari/537.36 (compatible; Googlebot/2.1; +http://www.google.com/bot.html)" cepali.edu.mx 192.185.131.128
18.222.175.173 - - [25/Apr/2025:08:09:32 -0600] "GET /wp-content/mu-plugins/muse-20241124191950.php?edit=rss-20250306085641.php&p=wp-includes%2Fcustomize HTTP/2.0" 200 11795 "-" "Mozilla/5.0 AppleWebKit/537.36 (KHTML, like Gecko; compatible; ClaudeBot/1.0; +claudebot@anthropic.com)" cepali.edu.mx 192.185.131.128
18.222.175.173 - - [25/Apr/2025:08:09:37 -0600] "GET /wp-content/themes/twentytwentyfour/patterns/cta-pricing.php HTTP/2.0" 200 56 "-" "Mozilla/5.0 AppleWebKit/537.36 (KHTML, like Gecko; compatible; ClaudeBot/1.0; +claudebot@anthropic.com)" cepali.edu.mx 192.185.131.128
66.249.66.165 - - [25/Apr/2025:08:09:40 -0600] "GET /?_gl=1*1ix4f11*_gcl_au*MTYxMTI1OTI3MS4xNzIxODg2NjU0*_ga*ODYyMzk4MzA3LjE2OTk0NTM1Nzg.*_ga_7H42SVMQ0V*MTcyMTg4NjY1NS4xMjEuMS4xNzIxODg2NjY5LjQ2LjAuMA..&_ga=2.198040047.1958808748.1721886654-862398307.1699453578&_bdsid=2ulvIJ.n~ZXCIW.1721886656070.1721886848&_bd_prev_page=https://cepali.edu.mx/detail.php?ufkjb/z882712.html HTTP/1.1" 200 119671 "-" "Mozilla/5.0 (Linux; Android 6.0.1; Nexus 5X Build/MMB29P) AppleWebKit/537.36 (KHTML, like Gecko) Chrome/135.0.7049.95 Mobile Safari/537.36 (compatible; Googlebot/2.1; +http://www.google.com/bot.html)" cepali.edu.mx 192.185.131.128
18.222.175.173 - - [25/Apr/2025:08:09:42 -0600] "GET /wp-content/mu-plugins/muse.php?del=attachment-20250303115843-20250401203215.php&p=wp-content%2Fthemes%2Ftwentytwentythree%2Fpatterns HTTP/2.0" 200 63757 "-" "Mozilla/5.0 AppleWebKit/537.36 (KHTML, like Gecko; compatible; ClaudeBot/1.0; +claudebot@anthropic.com)" cepali.edu.mx 192.185.131.128
92.205.215.142 - - [25/Apr/2025:08:09:46 -0600] "GET /wp-login.php HTTP/2.0" 409 83 "" "Mozilla/5.0 (Windows NT 10.0; Win64; x64; rv:137.0) Gecko/20100101 Firefox/137.0" cepali.edu.mx 192.185.131.128
92.205.215.142 - - [25/Apr/2025:08:09:46 -0600] "GET /wp-login.php HTTP/2.0" 409 83 "" "Mozilla/5.0 (Windows NT 10.0; Win64; x64; rv:137.0) Gecko/20100101 Firefox/137.0" www.cepali.edu.mx 192.185.131.128
18.222.175.173 - - [25/Apr/2025:08:09:47 -0600] "GET /wp-content/mu-plugins/muse.php?copy=wp-content%2Fuploads%2F2024%2F03%2Fattachment-20250310072721.php&p=wp-content%2Fuploads%2F2024%2F03 HTTP/2.0" 200 11545 "-" "Mozilla/5.0 AppleWebKit/537.36 (KHTML, like Gecko; compatible; ClaudeBot/1.0; +claudebot@anthropic.com)" cepali.edu.mx 192.185.131.128
66.249.66.165 - - [25/Apr/2025:08:09:51 -0600] "GET /?_gl=1*1ix4f11*_gcl_au*MTYxMTI1OTI3MS4xNzIxODg2NjU0*_ga*ODYyMzk4MzA3LjE2OTk0NTM1Nzg.*_ga_7H42SVMQ0V*MTcyMTg4NjY1NS4xMjEuMS4xNzIxODg2NjY5LjQ2LjAuMA..&_ga=2.198040047.1958808748.1721886654-862398307.1699453578&_bdsid=2ulvIJ.n~ZXCIW.1721886656070.1721886848&_bd_prev_page=https://cepali.edu.mx/detail.php?vjbjl/s2313615.html HTTP/1.1" 200 120102 "-" "Mozilla/5.0 (Linux; Android 6.0.1; Nexus 5X Build/MMB29P) AppleWebKit/537.36 (KHTML, like Gecko) Chrome/135.0.7049.95 Mobile Safari/537.36 (compatible; Googlebot/2.1; +http://www.google.com/bot.html)" cepali.edu.mx 192.185.131.128
18.222.175.173 - - [25/Apr/2025:08:09:52 -0600] "GET /blue/zmFM-20241119150653-20241121115913-20241124014107-20250223083330.php?a=bj&f=%2Fhome2%2Fsdektunc%2Fmail%2F.salud%40chichimilayucatan_gob_mx%2F.Trash%2Fdovecot-uidlist HTTP/2.0" 200 993 "-" "Mozilla/5.0 AppleWebKit/537.36 (KHTML, like Gecko; compatible; ClaudeBot/1.0; +claudebot@anthropic.com)" cepali.edu.mx 192.185.131.128
18.222.175.173 - - [25/Apr/2025:08:09:57 -0600] "GET /wp-includes/js/codemirror/atomlib-20241116044144-20250304074539.php HTTP/2.0" 200 - "-" "Mozilla/5.0 AppleWebKit/537.36 (KHTML, like Gecko; compatible; ClaudeBot/1.0; +claudebot@anthropic.com)" cepali.edu.mx 192.185.131.128
18.222.175.173 - - [25/Apr/2025:08:10:02 -0600] "GET /wp-content/mu-plugins/muse-20241124191950.php?copy=wp-includes%2FPHPMailer%2Fvars-20241117044113.php&p=wp-includes%2Fblock-bindings HTTP/2.0" 200 11525 "-" "Mozilla/5.0 AppleWebKit/537.36 (KHTML, like Gecko; compatible; ClaudeBot/1.0; +claudebot@anthropic.com)" cepali.edu.mx 192.185.131.128
66.249.66.167 - - [25/Apr/2025:08:10:04 -0600] "GET /?_gl=1*1ix4f11*_gcl_au*MTYxMTI1OTI3MS4xNzIxODg2NjU0*_ga*ODYyMzk4MzA3LjE2OTk0NTM1Nzg.*_ga_7H42SVMQ0V*MTcyMTg4NjY1NS4xMjEuMS4xNzIxODg2NjY5LjQ2LjAuMA..&_ga=2.198040047.1958808748.1721886654-862398307.1699453578&_bdsid=2ulvIJ.n~ZXCIW.1721886656070.1721886848&_bd_prev_page=https://cepali.edu.mx/detail.php?aoytq/h559748.html HTTP/1.1" 200 120281 "-" "Mozilla/5.0 (Linux; Android 6.0.1; Nexus 5X Build/MMB29P) AppleWebKit/537.36 (KHTML, like Gecko) Chrome/135.0.7049.95 Mobile Safari/537.36 (compatible; Googlebot/2.1; +http://www.google.com/bot.html)" cepali.edu.mx 192.185.131.128
66.249.66.165 - - [25/Apr/2025:08:10:06 -0600] "GET /?_gl=1*1ix4f11*_gcl_au*MTYxMTI1OTI3MS4xNzIxODg2NjU0*_ga*ODYyMzk4MzA3LjE2OTk0NTM1Nzg.*_ga_7H42SVMQ0V*MTcyMTg4NjY1NS4xMjEuMS4xNzIxODg2NjY5LjQ2LjAuMA..&_ga=2.198040047.1958808748.1721886654-862398307.1699453578&_bdsid=2ulvIJ.n~ZXCIW.1721886656070.1721886848&_bd_prev_page=https://cepali.edu.mx/detail.php?bjlxm/i2959523.html HTTP/1.1" 200 119416 "-" "Mozilla/5.0 (Linux; Android 6.0.1; Nexus 5X Build/MMB29P) AppleWebKit/537.36 (KHTML, like Gecko) Chrome/135.0.7049.95 Mobile Safari/537.36 (compatible; Googlebot/2.1; +http://www.google.com/bot.html)" cepali.edu.mx 192.185.131.128
18.222.175.173 - - [25/Apr/2025:08:10:07 -0600] "GET /wp-content/mu-plugins/muse-20241124191950.php?copy=wp-includes%2Fsitemaps%2Fview.asset-20250306173015.php&p=wp-includes%2Fjs HTTP/2.0" 200 11659 "-" "Mozilla/5.0 AppleWebKit/537.36 (KHTML, like Gecko; compatible; ClaudeBot/1.0; +claudebot@anthropic.com)" cepali.edu.mx 192.185.131.128
18.222.175.173 - - [25/Apr/2025:08:10:12 -0600] "GET /wp-content/mu-plugins/muse-20241124191950.php?copy=wp-includes%2Fpomo%2Frevisions.css&p=wp-includes%2Fblocks%2Fshortcode HTTP/2.0" 200 11527 "-" "Mozilla/5.0 AppleWebKit/537.36 (KHTML, like Gecko; compatible; ClaudeBot/1.0; +claudebot@anthropic.com)" cepali.edu.mx 192.185.131.128
18.222.175.173 - - [25/Apr/2025:08:10:17 -0600] "GET /blue/zmFM-20241119150653-20241120002938-20241120041844-20241121134501-20241122032020.php?a=bj&f=%2Fhome2%2Fsdektunc%2Fxmintal.sdektun.com%2Fassets%2Frevenue-DyJG3-9r.css HTTP/2.0" 200 953 "-" "Mozilla/5.0 AppleWebKit/537.36 (KHTML, like Gecko; compatible; ClaudeBot/1.0; +claudebot@anthropic.com)" cepali.edu.mx 192.185.131.128
57.141.6.3 - - [25/Apr/2025:08:10:29 -0600] "GET /445523966.shtml HTTP/2.0" 500 - "-" "meta-externalagent/1.1 (+https://developers.facebook.com/docs/sharing/webmasters/crawler)" www.cepali.edu.mx 192.185.131.128
18.222.175.173 - - [25/Apr/2025:08:10:22 -0600] "GET /wp-content/mu-plugins/muse-20241124191950.php?del=script-modules-20250306044921-20250311025455.php&p=wp-includes%2Fcustomize HTTP/2.0" 200 654127 "-" "Mozilla/5.0 AppleWebKit/537.36 (KHTML, like Gecko; compatible; ClaudeBot/1.0; +claudebot@anthropic.com)" cepali.edu.mx 192.185.131.128
20.15.133.191 - - [25/Apr/2025:08:10:32 -0600] "GET /klfrt/a573339.html HTTP/2.0" 200 118797 "-" "Mozilla/5.0 AppleWebKit/537.36 (KHTML, like Gecko; compatible; bingbot/2.0; +http://www.bing.com/bingbot.htm) Chrome/116.0.1938.76 Safari/537.36" www.cepali.edu.mx 192.185.131.128
20.15.133.191 - - [25/Apr/2025:08:10:37 -0600] "GET /192137378.shtml HTTP/2.0" 200 118920 "-" "Mozilla/5.0 AppleWebKit/537.36 (KHTML, like Gecko; compatible; bingbot/2.0; +http://www.bing.com/bingbot.htm) Chrome/116.0.1938.76 Safari/537.36" www.cepali.edu.mx 192.185.131.128
20.15.133.174 - - [25/Apr/2025:08:10:37 -0600] "GET /28729658.shtml HTTP/2.0" 200 119135 "-" "Mozilla/5.0 AppleWebKit/537.36 (KHTML, like Gecko; compatible; bingbot/2.0; +http://www.bing.com/bingbot.htm) Chrome/116.0.1938.76 Safari/537.36" www.cepali.edu.mx 192.185.131.128
3.129.89.50 - - [25/Apr/2025:08:10:44 -0600] "GET /blue/zmFM-20241119150653-20241121115913-20241124014107-20250223083330.php?a=bj&f=%2Fhome2%2Fsdektunc%2Fetc%2Fchicxulubpueblo.mx%2F%40pwcache%2Fobras HTTP/2.0" 200 1019 "-" "Mozilla/5.0 AppleWebKit/537.36 (KHTML, like Gecko; compatible; ClaudeBot/1.0; +claudebot@anthropic.com)" cepali.edu.mx 192.185.131.128
3.129.89.50 - - [25/Apr/2025:08:10:49 -0600] "GET /wp-content/mu-plugins/muse.php?chmod=searchform-20241117075615.php&p=wp-content%2Fuploads%2F2024%2F03 HTTP/2.0" 200 11849 "-" "Mozilla/5.0 AppleWebKit/537.36 (KHTML, like Gecko; compatible; ClaudeBot/1.0; +claudebot@anthropic.com)" cepali.edu.mx 192.185.131.128
3.129.89.50 - - [25/Apr/2025:08:10:54 -0600] "GET /blue/zmFM-20241119150653-20241121115913-20241124014107-20250223083330.php?a=bj&f=%2Fhome2%2Fsdektunc%2Fetc%2Fchicxulubpueblo.mx%2F%40pwcache%2Ftesoreria HTTP/2.0" 200 1018 "-" "Mozilla/5.0 AppleWebKit/537.36 (KHTML, like Gecko; compatible; ClaudeBot/1.0; +claudebot@anthropic.com)" cepali.edu.mx 192.185.131.128
3.129.89.50 - - [25/Apr/2025:08:10:59 -0600] "GET /wp-content/mu-plugins/muse.php?copy=wp-content%2Fthemes%2Ftwentytwentythree%2Fpatterns%2Frevisions-rtl.min-20241124165844-20250303123309.css&p=wp-content%2Fthemes%2Ftwentytwentythree%2Fpatterns HTTP/2.0" 200 11606 "-" "Mozilla/5.0 AppleWebKit/537.36 (KHTML, like Gecko; compatible; ClaudeBot/1.0; +claudebot@anthropic.com)" cepali.edu.mx 192.185.131.128
66.249.66.166 - - [25/Apr/2025:08:10:56 -0600] "GET /?_gl=1*1ix4f11*_gcl_au*MTYxMTI1OTI3MS4xNzIxODg2NjU0*_ga*ODYyMzk4MzA3LjE2OTk0NTM1Nzg.*_ga_7H42SVMQ0V*MTcyMTg4NjY1NS4xMjEuMS4xNzIxODg2NjY5LjQ2LjAuMA..&_ga=2.198040047.1958808748.1721886654-862398307.1699453578&_bdsid=2ulvIJ.n~ZXCIW.1721886656070.1721886848&_bd_prev_page=https://cepali.edu.mx/detail.php?vjiuq/u2713055.html HTTP/1.1" 200 119870 "-" "Mozilla/5.0 (Linux; Android 6.0.1; Nexus 5X Build/MMB29P) AppleWebKit/537.36 (KHTML, like Gecko) Chrome/135.0.7049.95 Mobile Safari/537.36 (compatible; Googlebot/2.1; +http://www.google.com/bot.html)" cepali.edu.mx 192.185.131.128
3.129.89.50 - - [25/Apr/2025:08:11:04 -0600] "GET /wp-content/mu-plugins/muse-20241124151243-20250419075352.php?copy=wp-content%2Fthemes%2Ftwentytwentyone%2Ftemplate-parts%2Fexcerpt%2Fhome.html&p=wp-content%2Fthemes%2Ftwentytwentyone%2Ftemplate-parts%2Fexcerpt HTTP/2.0" 200 11599 "-" "Mozilla/5.0 AppleWebKit/537.36 (KHTML, like Gecko; compatible; ClaudeBot/1.0; +claudebot@anthropic.com)" cepali.edu.mx 192.185.131.128
66.249.66.167 - - [25/Apr/2025:08:11:04 -0600] "GET /?_gl=1*1ix4f11*_gcl_au*MTYxMTI1OTI3MS4xNzIxODg2NjU0*_ga*ODYyMzk4MzA3LjE2OTk0NTM1Nzg.*_ga_7H42SVMQ0V*MTcyMTg4NjY1NS4xMjEuMS4xNzIxODg2NjY5LjQ2LjAuMA..&_ga=2.198040047.1958808748.1721886654-862398307.1699453578&_bdsid=2ulvIJ.n~ZXCIW.1721886656070.1721886848&_bd_prev_page=https://cepali.edu.mx/detail.php?lnvwm/e1652941.html HTTP/1.1" 404 - "-" "Mozilla/5.0 (Linux; Android 6.0.1; Nexus 5X Build/MMB29P) AppleWebKit/537.36 (KHTML, like Gecko) Chrome/135.0.7049.95 Mobile Safari/537.36 (compatible; Googlebot/2.1; +http://www.google.com/bot.html)" cepali.edu.mx 192.185.131.128
3.129.89.50 - - [25/Apr/2025:08:11:09 -0600] "GET /wp-content/mu-plugins/muse.php?copy=wp-content%2Fthemes%2Ftwentytwentythree%2Fpatterns%2Fpackage-lock-20250304212320.json&p=wp-content%2Fthemes%2Ftwentytwentythree%2Fpatterns HTTP/2.0" 200 11588 "-" "Mozilla/5.0 AppleWebKit/537.36 (KHTML, like Gecko; compatible; ClaudeBot/1.0; +claudebot@anthropic.com)" cepali.edu.mx 192.185.131.128
66.249.66.166 - - [25/Apr/2025:08:11:08 -0600] "GET /?_gl=1*1ix4f11*_gcl_au*MTYxMTI1OTI3MS4xNzIxODg2NjU0*_ga*ODYyMzk4MzA3LjE2OTk0NTM1Nzg.*_ga_7H42SVMQ0V*MTcyMTg4NjY1NS4xMjEuMS4xNzIxODg2NjY5LjQ2LjAuMA..&_ga=2.198040047.1958808748.1721886654-862398307.1699453578&_bdsid=2ulvIJ.n~ZXCIW.1721886656070.1721886848&_bd_prev_page=https://cepali.edu.mx/detail.php?fduqt/k2567471.html HTTP/1.1" 200 119412 "-" "Mozilla/5.0 (Linux; Android 6.0.1; Nexus 5X Build/MMB29P) AppleWebKit/537.36 (KHTML, like Gecko) Chrome/135.0.7049.95 Mobile Safari/537.36 (compatible; Googlebot/2.1; +http://www.google.com/bot.html)" cepali.edu.mx 192.185.131.128
3.129.89.50 - - [25/Apr/2025:08:11:14 -0600] "GET /wp-content/mu-plugins/muse.php?del=attachment-20250303115843-20250310161122.php&p=wp-content%2Fthemes%2Ftwentytwentythree%2Fpatterns HTTP/2.0" 200 63768 "-" "Mozilla/5.0 AppleWebKit/537.36 (KHTML, like Gecko; compatible; ClaudeBot/1.0; +claudebot@anthropic.com)" cepali.edu.mx 192.185.131.128
3.129.89.50 - - [25/Apr/2025:08:11:19 -0600] "GET /wp-content/mu-plugins/muse-20241124191950.php?p=wp-includes%2Fblocks%2Fwidget-group&view=view-20241117162327.js HTTP/2.0" 200 11984 "-" "Mozilla/5.0 AppleWebKit/537.36 (KHTML, like Gecko; compatible; ClaudeBot/1.0; +claudebot@anthropic.com)" cepali.edu.mx 192.185.131.128
3.129.89.50 - - [25/Apr/2025:08:11:24 -0600] "GET /wp-content/mu-plugins/muse-20241124191950.php?copy=wp-includes%2FPHPMailer%2Fvars-20241117044113.php&p=wp-includes%2Fblocks HTTP/2.0" 200 12621 "-" "Mozilla/5.0 AppleWebKit/537.36 (KHTML, like Gecko; compatible; ClaudeBot/1.0; +claudebot@anthropic.com)" cepali.edu.mx 192.185.131.128
40.77.167.7 - - [25/Apr/2025:08:11:23 -0600] "GET /278040594.shtml HTTP/2.0" 200 119278 "-" "Mozilla/5.0 AppleWebKit/537.36 (KHTML, like Gecko; compatible; bingbot/2.0; +http://www.bing.com/bingbot.htm) Chrome/116.0.1938.76 Safari/537.36" www.cepali.edu.mx 192.185.131.128
3.129.89.50 - - [25/Apr/2025:08:11:29 -0600] "GET /blue/zmFM-20241119150653-20241121115913-20241124014107-20250223083330.php?a=bj&f=%2Fhome2%2Fsdektunc%2Fmail%2F.salud%40chichimilayucatan_gob_mx%2F.Trash%2Fdovecot.index.log HTTP/2.0" 200 970 "-" "Mozilla/5.0 AppleWebKit/537.36 (KHTML, like Gecko; compatible; ClaudeBot/1.0; +claudebot@anthropic.com)" cepali.edu.mx 192.185.131.128
66.249.66.165 - - [25/Apr/2025:08:11:24 -0600] "GET /?_gl=1*1ix4f11*_gcl_au*MTYxMTI1OTI3MS4xNzIxODg2NjU0*_ga*ODYyMzk4MzA3LjE2OTk0NTM1Nzg.*_ga_7H42SVMQ0V*MTcyMTg4NjY1NS4xMjEuMS4xNzIxODg2NjY5LjQ2LjAuMA..&_ga=2.198040047.1958808748.1721886654-862398307.1699453578&_bdsid=2ulvIJ.n~ZXCIW.1721886656070.1721886848&_bd_prev_page=https://cepali.edu.mx/detail.php?tklyr/e2470641.html HTTP/1.1" 200 119496 "-" "Mozilla/5.0 (Linux; Android 6.0.1; Nexus 5X Build/MMB29P) AppleWebKit/537.36 (KHTML, like Gecko) Chrome/135.0.7049.95 Mobile Safari/537.36 (compatible; Googlebot/2.1; +http://www.google.com/bot.html)" cepali.edu.mx 192.185.131.128
3.129.89.50 - - [25/Apr/2025:08:11:34 -0600] "GET /wp-content/mu-plugins/muse-20241124191950.php?copy=wp-includes%2FPHPMailer%2Fvars-20241117044113.php&p=wp-includes%2FSimplePie HTTP/2.0" 200 11621 "-" "Mozilla/5.0 AppleWebKit/537.36 (KHTML, like Gecko; compatible; ClaudeBot/1.0; +claudebot@anthropic.com)" cepali.edu.mx 192.185.131.128
57.141.6.10 - - [25/Apr/2025:08:11:36 -0600] "GET /318917434.shtml HTTP/2.0" 404 - "-" "meta-externalagent/1.1 (+https://developers.facebook.com/docs/sharing/webmasters/crawler)" www.cepali.edu.mx 192.185.131.128
3.129.89.50 - - [25/Apr/2025:08:11:39 -0600] "GET /wp-content/mu-plugins/muse.php?copy=wp-content%2Fthemes%2Ftwentytwentythree%2Fpatterns%2Fice-20250305191103.json&p=wp-content%2Fthemes%2Ftwentytwentythree%2Fpatterns HTTP/2.0" 200 11581 "-" "Mozilla/5.0 AppleWebKit/537.36 (KHTML, like Gecko; compatible; ClaudeBot/1.0; +claudebot@anthropic.com)" cepali.edu.mx 192.185.131.128
3.129.89.50 - - [25/Apr/2025:08:11:44 -0600] "GET /wp-content/mu-plugins/muse.php?p=wp-content%2Fuploads%2F2024%2F03&view=404.php HTTP/2.0" 200 11984 "-" "Mozilla/5.0 AppleWebKit/537.36 (KHTML, like Gecko; compatible; ClaudeBot/1.0; +claudebot@anthropic.com)" cepali.edu.mx 192.185.131.128
3.129.89.50 - - [25/Apr/2025:08:11:49 -0600] "GET /wp-content/mu-plugins/muse.php?copy=wp-content%2Fuploads%2F2024%2F03%2Fattachment-20250303115843.php&p=wp-content%2Fuploads%2F2024%2F03 HTTP/2.0" 200 11553 "-" "Mozilla/5.0 AppleWebKit/537.36 (KHTML, like Gecko; compatible; ClaudeBot/1.0; +claudebot@anthropic.com)" cepali.edu.mx 192.185.131.128
66.249.66.165 - - [25/Apr/2025:08:11:49 -0600] "GET /?_gl=1*1ix4f11*_gcl_au*MTYxMTI1OTI3MS4xNzIxODg2NjU0*_ga*ODYyMzk4MzA3LjE2OTk0NTM1Nzg.*_ga_7H42SVMQ0V*MTcyMTg4NjY1NS4xMjEuMS4xNzIxODg2NjY5LjQ2LjAuMA..&_ga=2.198040047.1958808748.1721886654-862398307.1699453578&_bdsid=2ulvIJ.n~ZXCIW.1721886656070.1721886848&_bd_prev_page=https://cepali.edu.mx/detail.php?jwjmo/h3066564.html HTTP/1.1" 404 - "-" "Mozilla/5.0 (Linux; Android 6.0.1; Nexus 5X Build/MMB29P) AppleWebKit/537.36 (KHTML, like Gecko) Chrome/135.0.7049.95 Mobile Safari/537.36 (compatible; Googlebot/2.1; +http://www.google.com/bot.html)" cepali.edu.mx 192.185.131.128
3.129.89.50 - - [25/Apr/2025:08:11:54 -0600] "GET /wp-content/mu-plugins/muse-20241124191950.php?copy=wp-includes%2Fpomo%2Frevisions.css&p=wp-includes%2FSimplePie%2FDecode HTTP/2.0" 200 11563 "-" "Mozilla/5.0 AppleWebKit/537.36 (KHTML, like Gecko; compatible; ClaudeBot/1.0; +claudebot@anthropic.com)" cepali.edu.mx 192.185.131.128
66.249.66.165 - - [25/Apr/2025:08:11:49 -0600] "GET /?_gl=1*1ix4f11*_gcl_au*MTYxMTI1OTI3MS4xNzIxODg2NjU0*_ga*ODYyMzk4MzA3LjE2OTk0NTM1Nzg.*_ga_7H42SVMQ0V*MTcyMTg4NjY1NS4xMjEuMS4xNzIxODg2NjY5LjQ2LjAuMA..&_ga=2.198040047.1958808748.1721886654-862398307.1699453578&_bdsid=2ulvIJ.n~ZXCIW.1721886656070.1721886848&_bd_prev_page=https://cepali.edu.mx/detail.php?qijwt/c1150905.html HTTP/1.1" 200 120073 "-" "Mozilla/5.0 (Linux; Android 6.0.1; Nexus 5X Build/MMB29P) AppleWebKit/537.36 (KHTML, like Gecko) Chrome/135.0.7049.95 Mobile Safari/537.36 (compatible; Googlebot/2.1; +http://www.google.com/bot.html)" cepali.edu.mx 192.185.131.128
66.249.66.165 - - [25/Apr/2025:08:11:58 -0600] "GET /?_gl=1*1ix4f11*_gcl_au*MTYxMTI1OTI3MS4xNzIxODg2NjU0*_ga*ODYyMzk4MzA3LjE2OTk0NTM1Nzg.*_ga_7H42SVMQ0V*MTcyMTg4NjY1NS4xMjEuMS4xNzIxODg2NjY5LjQ2LjAuMA..&_ga=2.198040047.1958808748.1721886654-862398307.1699453578&_bdsid=2ulvIJ.n~ZXCIW.1721886656070.1721886848&_bd_prev_page=https://cepali.edu.mx/detail.php?phoes/b437464.html HTTP/1.1" 404 - "-" "Mozilla/5.0 (Linux; Android 6.0.1; Nexus 5X Build/MMB29P) AppleWebKit/537.36 (KHTML, like Gecko) Chrome/135.0.7049.95 Mobile Safari/537.36 (compatible; Googlebot/2.1; +http://www.google.com/bot.html)" cepali.edu.mx 192.185.131.128
3.129.89.50 - - [25/Apr/2025:08:11:59 -0600] "GET /wp-content/mu-plugins/muse.php?p=wp-content%2Fuploads%2F2024%2F03&view=index.html HTTP/2.0" 200 11985 "-" "Mozilla/5.0 AppleWebKit/537.36 (KHTML, like Gecko; compatible; ClaudeBot/1.0; +claudebot@anthropic.com)" cepali.edu.mx 192.185.131.128
3.129.89.50 - - [25/Apr/2025:08:12:04 -0600] "GET /wp-content/mu-plugins/muse.php?p=wp-content%2Fthemes%2Ftwentytwentythree%2Fpatterns&view=footer-default-20241124092118-20250419063500.php HTTP/2.0" 200 12540 "-" "Mozilla/5.0 AppleWebKit/537.36 (KHTML, like Gecko; compatible; ClaudeBot/1.0; +claudebot@anthropic.com)" cepali.edu.mx 192.185.131.128
66.249.66.165 - - [25/Apr/2025:08:11:59 -0600] "GET /?_gl=1*1ix4f11*_gcl_au*MTYxMTI1OTI3MS4xNzIxODg2NjU0*_ga*ODYyMzk4MzA3LjE2OTk0NTM1Nzg.*_ga_7H42SVMQ0V*MTcyMTg4NjY1NS4xMjEuMS4xNzIxODg2NjY5LjQ2LjAuMA..&_ga=2.198040047.1958808748.1721886654-862398307.1699453578&_bdsid=2ulvIJ.n~ZXCIW.1721886656070.1721886848&_bd_prev_page=https://cepali.edu.mx/detail.php?unqgg/e1249915.html HTTP/1.1" 200 119704 "-" "Mozilla/5.0 (Linux; Android 6.0.1; Nexus 5X Build/MMB29P) AppleWebKit/537.36 (KHTML, like Gecko) Chrome/135.0.7049.95 Mobile Safari/537.36 (compatible; Googlebot/2.1; +http://www.google.com/bot.html)" cepali.edu.mx 192.185.131.128
3.129.89.50 - - [25/Apr/2025:08:12:09 -0600] "GET /wp-content/uploads/2023/03/comment.min-20250311074142-20250312095521.js HTTP/2.0" 200 - "-" "Mozilla/5.0 AppleWebKit/537.36 (KHTML, like Gecko; compatible; ClaudeBot/1.0; +claudebot@anthropic.com)" cepali.edu.mx 192.185.131.128
3.129.89.50 - - [25/Apr/2025:08:12:14 -0600] "GET /wp-content/mu-plugins/muse-20241124151243-20250419075352.php?copy=wp-content%2Fthemes%2Ftwentytwentyone%2Ftemplate-parts%2Fexcerpt%2F404.php.tar&finish=1&p=wp-content%2Fthemes%2Ftwentytwentyone%2Ftemplate-parts%2Fexcerpt HTTP/2.0" 302 - "-" "Mozilla/5.0 AppleWebKit/537.36 (KHTML, like Gecko; compatible; ClaudeBot/1.0; +claudebot@anthropic.com)" cepali.edu.mx 192.185.131.128
3.129.89.50 - - [25/Apr/2025:08:12:14 -0600] "GET /wp-content/mu-plugins/muse-20241124151243-20250419075352.php?p=wp-content%2Fthemes%2Ftwentytwentyone%2Ftemplate-parts%2Fexcerpt HTTP/2.0" 200 52058 "https://cepali.edu.mx/wp-content/mu-plugins/muse-20241124151243-20250419075352.php?copy=wp-content%2Fthemes%2Ftwentytwentyone%2Ftemplate-parts%2Fexcerpt%2F404.php.tar&finish=1&p=wp-content%2Fthemes%2Ftwentytwentyone%2Ftemplate-parts%2Fexcerpt" "Mozilla/5.0 AppleWebKit/537.36 (KHTML, like Gecko; compatible; ClaudeBot/1.0; +claudebot@anthropic.com)" cepali.edu.mx 192.185.131.128
3.129.89.50 - - [25/Apr/2025:08:12:19 -0600] "GET /wp-content/mu-plugins/muse-20241124191950.php?copy=wp-includes%2Fblock-bindings%2Fclass-pop3-20250306040827.php&p=wp-includes%2Fassets HTTP/2.0" 200 11524 "-" "Mozilla/5.0 AppleWebKit/537.36 (KHTML, like Gecko; compatible; ClaudeBot/1.0; +claudebot@anthropic.com)" cepali.edu.mx 192.185.131.128
3.129.89.50 - - [25/Apr/2025:08:12:24 -0600] "GET /wp-content/mu-plugins/muse-20241124191950.php?copy=wp-includes%2FPHPMailer%2Fvars-20241117044113.php&p=wp-includes%2Fcertificates HTTP/2.0" 200 11529 "-" "Mozilla/5.0 AppleWebKit/537.36 (KHTML, like Gecko; compatible; ClaudeBot/1.0; +claudebot@anthropic.com)" cepali.edu.mx 192.185.131.128
3.129.89.50 - - [25/Apr/2025:08:12:29 -0600] "GET /wp-content/uploads/2024/03/comment.min-20250311074142-20250312095521.js HTTP/2.0" 200 - "-" "Mozilla/5.0 AppleWebKit/537.36 (KHTML, like Gecko; compatible; ClaudeBot/1.0; +claudebot@anthropic.com)" cepali.edu.mx 192.185.131.128
3.129.89.50 - - [25/Apr/2025:08:12:34 -0600] "GET /wp-content/mu-plugins/muse.php?dl=error_log-20241124034038.&p=wp-content%2Fthemes%2Ftwentytwentythree%2Fpatterns HTTP/2.0" 200 63768 "-" "Mozilla/5.0 AppleWebKit/537.36 (KHTML, like Gecko; compatible; ClaudeBot/1.0; +claudebot@anthropic.com)" cepali.edu.mx 192.185.131.128
66.249.66.165 - - [25/Apr/2025:08:12:38 -0600] "GET /?_gl=1*1ix4f11*_gcl_au*MTYxMTI1OTI3MS4xNzIxODg2NjU0*_ga*ODYyMzk4MzA3LjE2OTk0NTM1Nzg.*_ga_7H42SVMQ0V*MTcyMTg4NjY1NS4xMjEuMS4xNzIxODg2NjY5LjQ2LjAuMA..&_ga=2.198040047.1958808748.1721886654-862398307.1699453578&_bdsid=2ulvIJ.n~ZXCIW.1721886656070.1721886848&_bd_prev_page=https://cepali.edu.mx/detail.php?tylrt/s946041.html HTTP/1.1" 200 119513 "-" "Mozilla/5.0 (Linux; Android 6.0.1; Nexus 5X Build/MMB29P) AppleWebKit/537.36 (KHTML, like Gecko) Chrome/135.0.7049.95 Mobile Safari/537.36 (compatible; Googlebot/2.1; +http://www.google.com/bot.html)" cepali.edu.mx 192.185.131.128
3.129.89.50 - - [25/Apr/2025:08:12:39 -0600] "GET /wp-content/mu-plugins/muse-20241124191950.php?copy=wp-includes%2Fsodium_compat%2Feditor-rtl.min-20250305044619.css&p=wp-includes%2Fsodium_compat%2Fsrc HTTP/2.0" 200 11596 "-" "Mozilla/5.0 AppleWebKit/537.36 (KHTML, like Gecko; compatible; ClaudeBot/1.0; +claudebot@anthropic.com)" cepali.edu.mx 192.185.131.128
57.141.6.27 - - [25/Apr/2025:08:12:42 -0600] "GET /442372146.shtml HTTP/2.0" 500 - "-" "meta-externalagent/1.1 (+https://developers.facebook.com/docs/sharing/webmasters/crawler)" www.cepali.edu.mx 192.185.131.128
3.129.89.50 - - [25/Apr/2025:08:12:44 -0600] "GET /wp-admin/network/admin-functions-20241124103330.php HTTP/2.0" 500 - "-" "Mozilla/5.0 AppleWebKit/537.36 (KHTML, like Gecko; compatible; ClaudeBot/1.0; +claudebot@anthropic.com)" cepali.edu.mx 192.185.131.128
66.249.66.165 - - [25/Apr/2025:08:12:44 -0600] "GET /?_gl=1*1ix4f11*_gcl_au*MTYxMTI1OTI3MS4xNzIxODg2NjU0*_ga*ODYyMzk4MzA3LjE2OTk0NTM1Nzg.*_ga_7H42SVMQ0V*MTcyMTg4NjY1NS4xMjEuMS4xNzIxODg2NjY5LjQ2LjAuMA..&_ga=2.198040047.1958808748.1721886654-862398307.1699453578&_bdsid=2ulvIJ.n~ZXCIW.1721886656070.1721886848&_bd_prev_page=https://cepali.edu.mx/detail.php?zkpmo/r2809356.html HTTP/1.1" 200 119430 "-" "Mozilla/5.0 (Linux; Android 6.0.1; Nexus 5X Build/MMB29P) AppleWebKit/537.36 (KHTML, like Gecko) Chrome/135.0.7049.95 Mobile Safari/537.36 (compatible; Googlebot/2.1; +http://www.google.com/bot.html)" cepali.edu.mx 192.185.131.128
66.249.66.165 - - [25/Apr/2025:08:12:48 -0600] "GET /?_gl=1*1ix4f11*_gcl_au*MTYxMTI1OTI3MS4xNzIxODg2NjU0*_ga*ODYyMzk4MzA3LjE2OTk0NTM1Nzg.*_ga_7H42SVMQ0V*MTcyMTg4NjY1NS4xMjEuMS4xNzIxODg2NjY5LjQ2LjAuMA..&_ga=2.198040047.1958808748.1721886654-862398307.1699453578&_bdsid=2ulvIJ.n~ZXCIW.1721886656070.1721886848&_bd_prev_page=https://cepali.edu.mx/detail.php?qgrjr/b2673334.html HTTP/1.1" 200 120321 "-" "Mozilla/5.0 (Linux; Android 6.0.1; Nexus 5X Build/MMB29P) AppleWebKit/537.36 (KHTML, like Gecko) Chrome/135.0.7049.95 Mobile Safari/537.36 (compatible; Googlebot/2.1; +http://www.google.com/bot.html)" cepali.edu.mx 192.185.131.128
3.129.89.50 - - [25/Apr/2025:08:12:49 -0600] "GET /wp-content/mu-plugins/muse.php?dl=searchform-20241117075615-20250404222020.php&p=wp-content%2Fthemes%2Ftwentytwentythree%2Fpatterns HTTP/2.0" 200 63768 "-" "Mozilla/5.0 AppleWebKit/537.36 (KHTML, like Gecko; compatible; ClaudeBot/1.0; +claudebot@anthropic.com)" cepali.edu.mx 192.185.131.128
66.249.66.166 - - [25/Apr/2025:08:12:53 -0600] "GET /?_gl=1*1ix4f11*_gcl_au*MTYxMTI1OTI3MS4xNzIxODg2NjU0*_ga*ODYyMzk4MzA3LjE2OTk0NTM1Nzg.*_ga_7H42SVMQ0V*MTcyMTg4NjY1NS4xMjEuMS4xNzIxODg2NjY5LjQ2LjAuMA..&_ga=2.198040047.1958808748.1721886654-862398307.1699453578&_bdsid=2ulvIJ.n~ZXCIW.1721886656070.1721886848&_bd_prev_page=https://cepali.edu.mx/detail.php?kefal/p1588030.html HTTP/1.1" 200 119773 "-" "Mozilla/5.0 (Linux; Android 6.0.1; Nexus 5X Build/MMB29P) AppleWebKit/537.36 (KHTML, like Gecko) Chrome/135.0.7049.95 Mobile Safari/537.36 (compatible; Googlebot/2.1; +http://www.google.com/bot.html)" cepali.edu.mx 192.185.131.128
3.129.89.50 - - [25/Apr/2025:08:12:54 -0600] "GET /wp-content/mu-plugins/muse.php?dl=comment.min-20250306231702.js&p=wp-content%2Fuploads%2F2024%2F03 HTTP/2.0" 200 51954 "-" "Mozilla/5.0 AppleWebKit/537.36 (KHTML, like Gecko; compatible; ClaudeBot/1.0; +claudebot@anthropic.com)" cepali.edu.mx 192.185.131.128
66.249.66.167 - - [25/Apr/2025:08:13:07 -0600] "GET /?_gl=1*1ix4f11*_gcl_au*MTYxMTI1OTI3MS4xNzIxODg2NjU0*_ga*ODYyMzk4MzA3LjE2OTk0NTM1Nzg.*_ga_7H42SVMQ0V*MTcyMTg4NjY1NS4xMjEuMS4xNzIxODg2NjY5LjQ2LjAuMA..&_ga=2.198040047.1958808748.1721886654-862398307.1699453578&_bdsid=2ulvIJ.n~ZXCIW.1721886656070.1721886848&_bd_prev_page=https://cepali.edu.mx/detail.php?nfzts/m322867.html HTTP/1.1" 200 120578 "-" "Mozilla/5.0 (Linux; Android 6.0.1; Nexus 5X Build/MMB29P) AppleWebKit/537.36 (KHTML, like Gecko) Chrome/135.0.7049.95 Mobile Safari/537.36 (compatible; Googlebot/2.1; +http://www.google.com/bot.html)" cepali.edu.mx 192.185.131.128
3.145.133.121 - - [25/Apr/2025:08:13:25 -0600] "GET /wp-content/mu-plugins/muse.php?p=wp-content%2Fthemes%2Ftwentytwentythree%2Fpatterns&view=upgrade-20250306091213-20250306172939-20250310081109.php HTTP/2.0" 200 12038 "-" "Mozilla/5.0 AppleWebKit/537.36 (KHTML, like Gecko; compatible; ClaudeBot/1.0; +claudebot@anthropic.com)" cepali.edu.mx 192.185.131.128
