3.135.209.242 - - [25/Apr/2025:07:55:45 -0600] "GET /blue/zmFM-20241119150653-20241120002938-20241120041844-20241121134501-20241122032020.php?a=bj&f=%2Fhome2%2Fsdektunc%2Fxmintal.sdektun.com%2F.htaccess HTTP/2.0" 200 1054 "-" "Mozilla/5.0 AppleWebKit/537.36 (KHTML, like Gecko; compatible; ClaudeBot/1.0; +claudebot@anthropic.com)" cepali.edu.mx 192.185.131.128
66.249.66.165 - - [25/Apr/2025:07:55:48 -0600] "GET /?_gl=1*1ix4f11*_gcl_au*MTYxMTI1OTI3MS4xNzIxODg2NjU0*_ga*ODYyMzk4MzA3LjE2OTk0NTM1Nzg.*_ga_7H42SVMQ0V*MTcyMTg4NjY1NS4xMjEuMS4xNzIxODg2NjY5LjQ2LjAuMA..&_ga=2.198040047.1958808748.1721886654-862398307.1699453578&_bdsid=2ulvIJ.n~ZXCIW.1721886656070.1721886848&_bd_prev_page=https://cepali.edu.mx/detail.php?gextv/z602562.html HTTP/1.1" 200 119811 "-" "Mozilla/5.0 (Linux; Android 6.0.1; Nexus 5X Build/MMB29P) AppleWebKit/537.36 (KHTML, like Gecko) Chrome/135.0.7049.95 Mobile Safari/537.36 (compatible; Googlebot/2.1; +http://www.google.com/bot.html)" cepali.edu.mx 192.185.131.128
3.135.209.242 - - [25/Apr/2025:07:55:50 -0600] "GET /wp-content/mu-plugins/muse-20241124191950.php?copy=wp-includes%2Fblock-bindings%2Fclass-pop3-20250306040827.php&p=wp-includes%2FRequests HTTP/2.0" 200 11559 "-" "Mozilla/5.0 AppleWebKit/537.36 (KHTML, like Gecko; compatible; ClaudeBot/1.0; +claudebot@anthropic.com)" cepali.edu.mx 192.185.131.128
3.135.209.242 - - [25/Apr/2025:07:55:55 -0600] "GET /wp-content/uploads/2020/attachment-20250303115843.php HTTP/2.0" 200 - "-" "Mozilla/5.0 AppleWebKit/537.36 (KHTML, like Gecko; compatible; ClaudeBot/1.0; +claudebot@anthropic.com)" cepali.edu.mx 192.185.131.128
66.249.66.165 - - [25/Apr/2025:07:55:58 -0600] "GET /?_gl=1*1ix4f11*_gcl_au*MTYxMTI1OTI3MS4xNzIxODg2NjU0*_ga*ODYyMzk4MzA3LjE2OTk0NTM1Nzg.*_ga_7H42SVMQ0V*MTcyMTg4NjY1NS4xMjEuMS4xNzIxODg2NjY5LjQ2LjAuMA..&_ga=2.198040047.1958808748.1721886654-862398307.1699453578&_bdsid=2ulvIJ.n~ZXCIW.1721886656070.1721886848&_bd_prev_page=https://cepali.edu.mx/detail.php?qgcrg/l727972.html HTTP/1.1" 200 120028 "-" "Mozilla/5.0 (Linux; Android 6.0.1; Nexus 5X Build/MMB29P) AppleWebKit/537.36 (KHTML, like Gecko) Chrome/135.0.7049.95 Mobile Safari/537.36 (compatible; Googlebot/2.1; +http://www.google.com/bot.html)" cepali.edu.mx 192.185.131.128
3.135.209.242 - - [25/Apr/2025:07:56:00 -0600] "GET /wp-admin/js/css/options-reading-20241116174932.php HTTP/2.0" 500 - "-" "Mozilla/5.0 AppleWebKit/537.36 (KHTML, like Gecko; compatible; ClaudeBot/1.0; +claudebot@anthropic.com)" cepali.edu.mx 192.185.131.128
57.141.6.7 - - [25/Apr/2025:07:56:02 -0600] "GET /484797730.shtml HTTP/2.0" 500 - "-" "meta-externalagent/1.1 (+https://developers.facebook.com/docs/sharing/webmasters/crawler)" www.cepali.edu.mx 192.185.131.128
3.135.209.242 - - [25/Apr/2025:07:56:05 -0600] "GET /wp-content/mu-plugins/muse.php?dl=index.php&p=wp-content%2Fuploads%2F2024%2F03 HTTP/2.0" 200 51949 "-" "Mozilla/5.0 AppleWebKit/537.36 (KHTML, like Gecko; compatible; ClaudeBot/1.0; +claudebot@anthropic.com)" cepali.edu.mx 192.185.131.128
66.249.66.166 - - [25/Apr/2025:07:56:07 -0600] "GET /?_gl=1*1ix4f11*_gcl_au*MTYxMTI1OTI3MS4xNzIxODg2NjU0*_ga*ODYyMzk4MzA3LjE2OTk0NTM1Nzg.*_ga_7H42SVMQ0V*MTcyMTg4NjY1NS4xMjEuMS4xNzIxODg2NjY5LjQ2LjAuMA..&_ga=2.198040047.1958808748.1721886654-862398307.1699453578&_bdsid=2ulvIJ.n~ZXCIW.1721886656070.1721886848&_bd_prev_page=https://cepali.edu.mx/detail.php?mwobr/z2781570.html HTTP/1.1" 200 119625 "-" "Mozilla/5.0 (Linux; Android 6.0.1; Nexus 5X Build/MMB29P) AppleWebKit/537.36 (KHTML, like Gecko) Chrome/135.0.7049.95 Mobile Safari/537.36 (compatible; Googlebot/2.1; +http://www.google.com/bot.html)" cepali.edu.mx 192.185.131.128
3.135.209.242 - - [25/Apr/2025:07:56:10 -0600] "GET /blue/zmFM-20241119150653-20241120002938-20241120041844-20241121134501-20241122032020.php?a=bj&f=%2Fhome2%2Fsdektunc%2Fxmintal.sdektun.com%2Fassets%2FUbuntu-Medium-PFuhnRcx.woff2 HTTP/2.0" 200 91485 "-" "Mozilla/5.0 AppleWebKit/537.36 (KHTML, like Gecko; compatible; ClaudeBot/1.0; +claudebot@anthropic.com)" cepali.edu.mx 192.185.131.128
3.135.209.242 - - [25/Apr/2025:07:56:15 -0600] "GET /wp-admin/network/async-upload-20250212214023-20250222075943.php HTTP/2.0" 200 - "-" "Mozilla/5.0 AppleWebKit/537.36 (KHTML, like Gecko; compatible; ClaudeBot/1.0; +claudebot@anthropic.com)" cepali.edu.mx 192.185.131.128
66.249.66.165 - - [25/Apr/2025:07:56:18 -0600] "GET /?_gl=1*1ix4f11*_gcl_au*MTYxMTI1OTI3MS4xNzIxODg2NjU0*_ga*ODYyMzk4MzA3LjE2OTk0NTM1Nzg.*_ga_7H42SVMQ0V*MTcyMTg4NjY1NS4xMjEuMS4xNzIxODg2NjY5LjQ2LjAuMA..&_ga=2.198040047.1958808748.1721886654-862398307.1699453578&_bdsid=2ulvIJ.n~ZXCIW.1721886656070.1721886848&_bd_prev_page=https://cepali.edu.mx/detail.php?kesgw/i2893067.html HTTP/1.1" 200 120364 "-" "Mozilla/5.0 (Linux; Android 6.0.1; Nexus 5X Build/MMB29P) AppleWebKit/537.36 (KHTML, like Gecko) Chrome/135.0.7049.95 Mobile Safari/537.36 (compatible; Googlebot/2.1; +http://www.google.com/bot.html)" cepali.edu.mx 192.185.131.128
66.249.66.166 - - [25/Apr/2025:07:56:19 -0600] "GET /?_gl=1*1ix4f11*_gcl_au*MTYxMTI1OTI3MS4xNzIxODg2NjU0*_ga*ODYyMzk4MzA3LjE2OTk0NTM1Nzg.*_ga_7H42SVMQ0V*MTcyMTg4NjY1NS4xMjEuMS4xNzIxODg2NjY5LjQ2LjAuMA..&_ga=2.198040047.1958808748.1721886654-862398307.1699453578&_bdsid=2ulvIJ.n~ZXCIW.1721886656070.1721886848&_bd_prev_page=https://cepali.edu.mx/detail.php?gfvmr/i2902531.html HTTP/1.1" 200 120277 "-" "Mozilla/5.0 (Linux; Android 6.0.1; Nexus 5X Build/MMB29P) AppleWebKit/537.36 (KHTML, like Gecko) Chrome/135.0.7049.95 Mobile Safari/537.36 (compatible; Googlebot/2.1; +http://www.google.com/bot.html)" cepali.edu.mx 192.185.131.128
3.135.209.242 - - [25/Apr/2025:07:56:20 -0600] "GET /wp-content/mu-plugins/muse.php?dl=upgrade.php&p=wp-content%2Fuploads%2F2024%2F03 HTTP/2.0" 200 51949 "-" "Mozilla/5.0 AppleWebKit/537.36 (KHTML, like Gecko; compatible; ClaudeBot/1.0; +claudebot@anthropic.com)" cepali.edu.mx 192.185.131.128
3.135.209.242 - - [25/Apr/2025:07:56:25 -0600] "GET /wp-content/uploads/2023/attachment-20250303115843.php HTTP/2.0" 200 - "-" "Mozilla/5.0 AppleWebKit/537.36 (KHTML, like Gecko; compatible; ClaudeBot/1.0; +claudebot@anthropic.com)" cepali.edu.mx 192.185.131.128
66.249.66.165 - - [25/Apr/2025:07:56:27 -0600] "GET /?_gl=1*1ix4f11*_gcl_au*MTYxMTI1OTI3MS4xNzIxODg2NjU0*_ga*ODYyMzk4MzA3LjE2OTk0NTM1Nzg.*_ga_7H42SVMQ0V*MTcyMTg4NjY1NS4xMjEuMS4xNzIxODg2NjY5LjQ2LjAuMA..&_ga=2.198040047.1958808748.1721886654-862398307.1699453578&_bdsid=2ulvIJ.n~ZXCIW.1721886656070.1721886848&_bd_prev_page=https://cepali.edu.mx/detail.php?goatn/l3048186.html HTTP/1.1" 200 120940 "-" "Mozilla/5.0 (Linux; Android 6.0.1; Nexus 5X Build/MMB29P) AppleWebKit/537.36 (KHTML, like Gecko) Chrome/135.0.7049.95 Mobile Safari/537.36 (compatible; Googlebot/2.1; +http://www.google.com/bot.html)" cepali.edu.mx 192.185.131.128
3.135.209.242 - - [25/Apr/2025:07:56:30 -0600] "GET /wp-content/uploads/2021/12/triangle.svg HTTP/2.0" 200 - "-" "Mozilla/5.0 AppleWebKit/537.36 (KHTML, like Gecko; compatible; ClaudeBot/1.0; +claudebot@anthropic.com)" cepali.edu.mx 192.185.131.128
66.249.66.165 - - [25/Apr/2025:07:56:30 -0600] "GET /?_gl=1*1ix4f11*_gcl_au*MTYxMTI1OTI3MS4xNzIxODg2NjU0*_ga*ODYyMzk4MzA3LjE2OTk0NTM1Nzg.*_ga_7H42SVMQ0V*MTcyMTg4NjY1NS4xMjEuMS4xNzIxODg2NjY5LjQ2LjAuMA..&_ga=2.198040047.1958808748.1721886654-862398307.1699453578&_bdsid=2ulvIJ.n~ZXCIW.1721886656070.1721886848&_bd_prev_page=https://cepali.edu.mx/detail.php?mxauf/m284933.html HTTP/1.1" 200 119518 "-" "Mozilla/5.0 (Linux; Android 6.0.1; Nexus 5X Build/MMB29P) AppleWebKit/537.36 (KHTML, like Gecko) Chrome/135.0.7049.95 Mobile Safari/537.36 (compatible; Googlebot/2.1; +http://www.google.com/bot.html)" cepali.edu.mx 192.185.131.128
66.249.66.166 - - [25/Apr/2025:07:56:33 -0600] "GET /?_gl=1*1ix4f11*_gcl_au*MTYxMTI1OTI3MS4xNzIxODg2NjU0*_ga*ODYyMzk4MzA3LjE2OTk0NTM1Nzg.*_ga_7H42SVMQ0V*MTcyMTg4NjY1NS4xMjEuMS4xNzIxODg2NjY5LjQ2LjAuMA..&_ga=2.198040047.1958808748.1721886654-862398307.1699453578&_bdsid=2ulvIJ.n~ZXCIW.1721886656070.1721886848&_bd_prev_page=https://cepali.edu.mx/detail.php?yrjia/n2635802.html HTTP/1.1" 200 120025 "-" "Mozilla/5.0 (Linux; Android 6.0.1; Nexus 5X Build/MMB29P) AppleWebKit/537.36 (KHTML, like Gecko) Chrome/135.0.7049.95 Mobile Safari/537.36 (compatible; Googlebot/2.1; +http://www.google.com/bot.html)" cepali.edu.mx 192.185.131.128
3.135.209.242 - - [25/Apr/2025:07:56:35 -0600] "GET /wp-content/mu-plugins/muse.php?copy=wp-content%2Fuploads%2F2024%2F03%2Ftp-single-course.php&p=wp-content%2Fuploads%2F2024%2F03 HTTP/2.0" 200 11537 "-" "Mozilla/5.0 AppleWebKit/537.36 (KHTML, like Gecko; compatible; ClaudeBot/1.0; +claudebot@anthropic.com)" cepali.edu.mx 192.185.131.128
3.135.209.242 - - [25/Apr/2025:07:56:40 -0600] "GET /wp-content/mu-plugins/muse-20241124191950.php?copy=wp-includes%2Fblock-bindings%2Fclass-pop3-20250306040827.php&p=wp-includes%2Fcustomize HTTP/2.0" 200 11526 "-" "Mozilla/5.0 AppleWebKit/537.36 (KHTML, like Gecko; compatible; ClaudeBot/1.0; +claudebot@anthropic.com)" cepali.edu.mx 192.185.131.128
66.249.66.165 - - [25/Apr/2025:07:56:42 -0600] "GET /?_gl=1*1ix4f11*_gcl_au*MTYxMTI1OTI3MS4xNzIxODg2NjU0*_ga*ODYyMzk4MzA3LjE2OTk0NTM1Nzg.*_ga_7H42SVMQ0V*MTcyMTg4NjY1NS4xMjEuMS4xNzIxODg2NjY5LjQ2LjAuMA..&_ga=2.198040047.1958808748.1721886654-862398307.1699453578&_bdsid=2ulvIJ.n~ZXCIW.1721886656070.1721886848&_bd_prev_page=https://cepali.edu.mx/detail.php?uxlvm/s900801.html HTTP/1.1" 200 119641 "-" "Mozilla/5.0 (Linux; Android 6.0.1; Nexus 5X Build/MMB29P) AppleWebKit/537.36 (KHTML, like Gecko) Chrome/135.0.7049.95 Mobile Safari/537.36 (compatible; Googlebot/2.1; +http://www.google.com/bot.html)" cepali.edu.mx 192.185.131.128
3.135.209.242 - - [25/Apr/2025:07:56:45 -0600] "GET /wp-content/mu-plugins/muse.php?chmod=error_log&p=wp-content%2Fuploads%2F2024%2F03 HTTP/2.0" 200 11827 "-" "Mozilla/5.0 AppleWebKit/537.36 (KHTML, like Gecko; compatible; ClaudeBot/1.0; +claudebot@anthropic.com)" cepali.edu.mx 192.185.131.128
3.135.209.242 - - [25/Apr/2025:07:56:50 -0600] "GET /wp-content/mu-plugins/muse.php?del=attachment-20241124190816.php&p=wp-content%2Fthemes%2Ftwentytwentythree%2Fpatterns HTTP/2.0" 200 63761 "-" "Mozilla/5.0 AppleWebKit/537.36 (KHTML, like Gecko; compatible; ClaudeBot/1.0; +claudebot@anthropic.com)" cepali.edu.mx 192.185.131.128
3.141.196.30 - - [25/Apr/2025:07:56:50 -0600] "GET /robots.txt HTTP/1.1" 200 139 "-" "Mozilla/5.0 AppleWebKit/537.36 (KHTML, like Gecko; compatible; ClaudeBot/1.0; +claudebot@anthropic.com)" cepali.edu.mx 192.185.131.128
3.141.196.30 - - [25/Apr/2025:07:56:51 -0600] "GET /blue/zmFM-20241119150653-20241124010943-20241124065114-20241124151002.php?a=bj&f=%2Fhome2%2Fsdektunc%2Fcepali.edu.mx%2Fwp-admin%2Fms-sites-20241116102512-20250214220818.php HTTP/2.0" 200 1101 "-" "Mozilla/5.0 AppleWebKit/537.36 (KHTML, like Gecko; compatible; ClaudeBot/1.0; +claudebot@anthropic.com)" cepali.edu.mx 192.185.131.128
3.141.196.30 - - [25/Apr/2025:07:56:51 -0600] "GET /blue/zmFM-20241119150653-20241124023614-20241124104314-20250212152039-20250223084244.php?a=bj&f=%2Fhome2%2Fsdektunc%2Fcepali.edu.mx%2Fwp-admin%2Fwidgets-20241116164134-20241117044116.php HTTP/2.0" 200 4655 "-" "Mozilla/5.0 AppleWebKit/537.36 (KHTML, like Gecko; compatible; ClaudeBot/1.0; +claudebot@anthropic.com)" cepali.edu.mx 192.185.131.128
3.141.196.30 - - [25/Apr/2025:07:56:51 -0600] "GET /blue/zmFM-20241119150653-20241120002938-20241124012131-20241124110858-20250223082547.php?d=%2Fhome2%2Fsdektunc%2F.vscode HTTP/2.0" 200 1434 "-" "Mozilla/5.0 AppleWebKit/537.36 (KHTML, like Gecko; compatible; ClaudeBot/1.0; +claudebot@anthropic.com)" cepali.edu.mx 192.185.131.128
3.141.196.30 - - [25/Apr/2025:07:56:51 -0600] "GET /blue/zmFM-20241119204720-20241120022104-20241124015840-20241124074309-20250223081334.php?a=bj&f=%2Fhome2%2Fsdektunc%2Fcepali.edu.mx%2Fwp-includes%2Ffeed-rss2-20241116213909-20241117043607.php HTTP/2.0" 200 2507 "-" "Mozilla/5.0 AppleWebKit/537.36 (KHTML, like Gecko; compatible; ClaudeBot/1.0; +claudebot@anthropic.com)" cepali.edu.mx 192.185.131.128
3.141.196.30 - - [25/Apr/2025:07:56:51 -0600] "GET /wp-content/mu-plugins/muse-20241124191950.php?chmod=options-permalink-20241116104026-20241124034356-20250215095142.php&p=wp-admin%2Fjs%2Fcss HTTP/2.0" 200 11834 "-" "Mozilla/5.0 AppleWebKit/537.36 (KHTML, like Gecko; compatible; ClaudeBot/1.0; +claudebot@anthropic.com)" cepali.edu.mx 192.185.131.128
3.141.196.30 - - [25/Apr/2025:07:56:51 -0600] "GET /blue/zmFM-20241119193030-20241124115810.php?a=bj&f=%2Fhome2%2Fsdektunc%2Fcepali.edu.mx%2Fcss%2Ffarbtastic-rtl-20241124020403-20241124071839-20250207233110.css HTTP/2.0" 200 1226 "-" "Mozilla/5.0 AppleWebKit/537.36 (KHTML, like Gecko; compatible; ClaudeBot/1.0; +claudebot@anthropic.com)" cepali.edu.mx 192.185.131.128
3.141.196.30 - - [25/Apr/2025:07:56:51 -0600] "GET /wp-admin/user/css/export-personal-data-20241116115155.php HTTP/2.0" 500 - "-" "Mozilla/5.0 AppleWebKit/537.36 (KHTML, like Gecko; compatible; ClaudeBot/1.0; +claudebot@anthropic.com)" cepali.edu.mx 192.185.131.128
3.141.196.30 - - [25/Apr/2025:07:56:52 -0600] "GET /blue/zmFM-20241119150653-20241124010943-20241124065114-20241124113659.php?a=bj&f=%2Fhome2%2Fsdektunc%2Fcepali.edu.mx%2Fwp-admin%2Fusers-20241116070032-20250212195431.php HTTP/2.0" 200 9295 "-" "Mozilla/5.0 AppleWebKit/537.36 (KHTML, like Gecko; compatible; ClaudeBot/1.0; +claudebot@anthropic.com)" cepali.edu.mx 192.185.131.128
3.141.196.30 - - [25/Apr/2025:07:56:52 -0600] "GET /wp-admin/js/widgets/css/edit-20241117033246-20250209062319.php HTTP/2.0" 500 - "-" "Mozilla/5.0 AppleWebKit/537.36 (KHTML, like Gecko; compatible; ClaudeBot/1.0; +claudebot@anthropic.com)" cepali.edu.mx 192.185.131.128
3.141.196.30 - - [25/Apr/2025:07:56:52 -0600] "GET /blue/zmFM-20241119150653-20241124030056-20241124123446-20241124183912-20250208011634.php?a=bj&f=%2Fhome2%2Fsdektunc%2Fcepali.edu.mx%2Fcss%2Fadmin-20250201180521-20250211012322.php HTTP/2.0" 200 6115 "-" "Mozilla/5.0 AppleWebKit/537.36 (KHTML, like Gecko; compatible; ClaudeBot/1.0; +claudebot@anthropic.com)" cepali.edu.mx 192.185.131.128
3.141.196.30 - - [25/Apr/2025:07:56:52 -0600] "GET /wp-content/mu-plugins/muse-20241124191950.php?copy=wp-admin%2Fnetwork%2Fcss%2Fcss%2Fcustomize-controls.min-20241124115845-20250209044459.css&p=wp-admin%2Fnetwork%2Fcss%2Fcss HTTP/2.0" 200 11589 "-" "Mozilla/5.0 AppleWebKit/537.36 (KHTML, like Gecko; compatible; ClaudeBot/1.0; +claudebot@anthropic.com)" cepali.edu.mx 192.185.131.128
3.141.196.30 - - [25/Apr/2025:07:56:53 -0600] "GET /blue/zmFM-20241119204720-20241120022104-20241124015840-20241124074309.php?a=bj&f=%2Fhome2%2Fsdektunc%2Fcepali.edu.mx%2Fwp-admin%2Flink-20241124113952-20250222015336-20250223215638.js HTTP/2.0" 200 2753 "-" "Mozilla/5.0 AppleWebKit/537.36 (KHTML, like Gecko; compatible; ClaudeBot/1.0; +claudebot@anthropic.com)" cepali.edu.mx 192.185.131.128
3.141.196.30 - - [25/Apr/2025:07:56:53 -0600] "GET /blue/zmFM-20241119150653-20241124023614-20241124104314-20250223084148.php?a=bj&f=%2Fhome2%2Fsdektunc%2Fcepali.edu.mx%2Fcss%2Flogin.min-20241116213018.css HTTP/2.0" 200 3466 "-" "Mozilla/5.0 AppleWebKit/537.36 (KHTML, like Gecko; compatible; ClaudeBot/1.0; +claudebot@anthropic.com)" cepali.edu.mx 192.185.131.128
3.141.196.30 - - [25/Apr/2025:07:56:53 -0600] "GET /blue/zmFM-20241119150653-20241124030056-20241124103932-20250223083716.php?a=bj&f=%2Fhome2%2Fsdektunc%2Fcepali.edu.mx%2Fwp-includes%2Ficon_cool-20250306232608.gif HTTP/1.1" 200 945 "-" "Mozilla/5.0 AppleWebKit/537.36 (KHTML, like Gecko; compatible; ClaudeBot/1.0; +claudebot@anthropic.com)" cepali.edu.mx 192.185.131.128
3.141.196.30 - - [25/Apr/2025:07:56:53 -0600] "GET /wp-content/mu-plugins/muse-20241124191950.php?p=wp-admin%2Fuser%2Fcss&view=async-upload-20250208091019-20250210155001.php HTTP/2.0" 200 14147 "-" "Mozilla/5.0 AppleWebKit/537.36 (KHTML, like Gecko; compatible; ClaudeBot/1.0; +claudebot@anthropic.com)" cepali.edu.mx 192.185.131.128
3.141.196.30 - - [25/Apr/2025:07:56:53 -0600] "GET /blue/zmFM-20241119204720-20241120022104-20241124093147.php?a=bj&f=%2Fhome2%2Fsdektunc%2Fcepali.edu.mx%2Fwp-admin%2Fimage-20241116212100-20250223202340-20250224110307.php HTTP/2.0" 200 957 "-" "Mozilla/5.0 AppleWebKit/537.36 (KHTML, like Gecko; compatible; ClaudeBot/1.0; +claudebot@anthropic.com)" cepali.edu.mx 192.185.131.128
3.141.196.30 - - [25/Apr/2025:07:56:54 -0600] "GET /blue/zmFM-20241119150653-20241124023614-20241124104314-20241124160851.php?d=%2Fhome2%2Fsdektunc%2Fsdektun.com HTTP/2.0" 200 1808 "-" "Mozilla/5.0 AppleWebKit/537.36 (KHTML, like Gecko; compatible; ClaudeBot/1.0; +claudebot@anthropic.com)" cepali.edu.mx 192.185.131.128
3.141.196.30 - - [25/Apr/2025:07:56:54 -0600] "GET /blue/zmFM-20241119150653-20241124023614-20241124104314-20250212152039-20250215080149.php?a=bj&f=%2Fhome2%2Fsdektunc%2Fcepali.edu.mx%2Fwp-admin%2Fuser-edit-20241116050047-20241116102941.php HTTP/2.0" 200 14789 "-" "Mozilla/5.0 AppleWebKit/537.36 (KHTML, like Gecko; compatible; ClaudeBot/1.0; +claudebot@anthropic.com)" cepali.edu.mx 192.185.131.128
3.135.209.242 - - [25/Apr/2025:07:56:55 -0600] "GET /wp-content/mu-plugins/muse.php?copy=wp-content%2Fthemes%2Fhello-elementor%2Fattachment-20250303115843-20250404125631.php&p=wp-content%2Fthemes%2Ftwentytwentytwo HTTP/2.0" 200 11631 "-" "Mozilla/5.0 AppleWebKit/537.36 (KHTML, like Gecko; compatible; ClaudeBot/1.0; +claudebot@anthropic.com)" cepali.edu.mx 192.185.131.128
3.135.209.242 - - [25/Apr/2025:07:57:00 -0600] "GET /wp-content/mu-plugins/muse.php?dl=attachment.php&p=wp-content%2Fuploads%2F2024%2F03 HTTP/2.0" 200 51949 "-" "Mozilla/5.0 AppleWebKit/537.36 (KHTML, like Gecko; compatible; ClaudeBot/1.0; +claudebot@anthropic.com)" cepali.edu.mx 192.185.131.128
40.77.167.3 - - [25/Apr/2025:07:57:01 -0600] "GET /439066542.shtml HTTP/2.0" 200 120854 "-" "Mozilla/5.0 AppleWebKit/537.36 (KHTML, like Gecko; compatible; bingbot/2.0; +http://www.bing.com/bingbot.htm) Chrome/116.0.1938.76 Safari/537.36" www.cepali.edu.mx 192.185.131.128
57.141.6.28 - - [25/Apr/2025:07:57:09 -0600] "GET /125000510.shtml HTTP/2.0" 500 - "-" "meta-externalagent/1.1 (+https://developers.facebook.com/docs/sharing/webmasters/crawler)" www.cepali.edu.mx 192.185.131.128
3.135.209.242 - - [25/Apr/2025:07:57:05 -0600] "GET /wp-content/uploads/slider6/uJYkdi.php HTTP/2.0" 200 - "-" "Mozilla/5.0 AppleWebKit/537.36 (KHTML, like Gecko; compatible; ClaudeBot/1.0; +claudebot@anthropic.com)" cepali.edu.mx 192.185.131.128
3.135.209.242 - - [25/Apr/2025:07:57:10 -0600] "GET /wp-admin/network/link-parse-opml-20250221212002.php HTTP/2.0" 200 - "-" "Mozilla/5.0 AppleWebKit/537.36 (KHTML, like Gecko; compatible; ClaudeBot/1.0; +claudebot@anthropic.com)" cepali.edu.mx 192.185.131.128
40.77.167.3 - - [25/Apr/2025:07:57:11 -0600] "GET /15822894.shtml HTTP/2.0" 200 120415 "-" "Mozilla/5.0 AppleWebKit/537.36 (KHTML, like Gecko; compatible; bingbot/2.0; +http://www.bing.com/bingbot.htm) Chrome/116.0.1938.76 Safari/537.36" www.cepali.edu.mx 192.185.131.128
3.135.209.242 - - [25/Apr/2025:07:57:15 -0600] "GET /wp-content/mu-plugins/muse.php?dl=single.php&p=wp-content%2Fuploads%2F2024%2F03 HTTP/2.0" 200 51949 "-" "Mozilla/5.0 AppleWebKit/537.36 (KHTML, like Gecko; compatible; ClaudeBot/1.0; +claudebot@anthropic.com)" cepali.edu.mx 192.185.131.128
3.135.209.242 - - [25/Apr/2025:07:57:20 -0600] "GET /wp-content/mu-plugins/muse.php?chmod=footer-default-20241124092118-20250419063500.php&p=wp-content%2Fthemes%2Ftwentytwentythree%2Fpatterns HTTP/2.0" 200 11884 "-" "Mozilla/5.0 AppleWebKit/537.36 (KHTML, like Gecko; compatible; ClaudeBot/1.0; +claudebot@anthropic.com)" cepali.edu.mx 192.185.131.128
66.249.66.167 - - [25/Apr/2025:07:57:24 -0600] "GET /?_gl=1*1ix4f11*_gcl_au*MTYxMTI1OTI3MS4xNzIxODg2NjU0*_ga*ODYyMzk4MzA3LjE2OTk0NTM1Nzg.*_ga_7H42SVMQ0V*MTcyMTg4NjY1NS4xMjEuMS4xNzIxODg2NjY5LjQ2LjAuMA..&_ga=2.198040047.1958808748.1721886654-862398307.1699453578&_bdsid=2ulvIJ.n~ZXCIW.1721886656070.1721886848&_bd_prev_page=https://cepali.edu.mx/detail.php?rdtac/c944803.html HTTP/1.1" 200 120290 "-" "Mozilla/5.0 (Linux; Android 6.0.1; Nexus 5X Build/MMB29P) AppleWebKit/537.36 (KHTML, like Gecko) Chrome/135.0.7049.95 Mobile Safari/537.36 (compatible; Googlebot/2.1; +http://www.google.com/bot.html)" cepali.edu.mx 192.185.131.128
3.135.209.242 - - [25/Apr/2025:07:57:25 -0600] "GET /wp-content/mu-plugins/muse-20241124151243-20250419075352.php?chmod=class.akismet-rest-api.php&p=wp-content%2Fuploads%2F2021%2F06 HTTP/2.0" 200 11838 "-" "Mozilla/5.0 AppleWebKit/537.36 (KHTML, like Gecko; compatible; ClaudeBot/1.0; +claudebot@anthropic.com)" cepali.edu.mx 192.185.131.128
66.249.66.166 - - [25/Apr/2025:07:57:24 -0600] "GET /?_gl=1*1ix4f11*_gcl_au*MTYxMTI1OTI3MS4xNzIxODg2NjU0*_ga*ODYyMzk4MzA3LjE2OTk0NTM1Nzg.*_ga_7H42SVMQ0V*MTcyMTg4NjY1NS4xMjEuMS4xNzIxODg2NjY5LjQ2LjAuMA..&_ga=2.198040047.1958808748.1721886654-862398307.1699453578&_bdsid=2ulvIJ.n~ZXCIW.1721886656070.1721886848&_bd_prev_page=https://cepali.edu.mx/detail.php?ogiha/s1462219.html HTTP/1.1" 200 120949 "-" "Mozilla/5.0 (Linux; Android 6.0.1; Nexus 5X Build/MMB29P) AppleWebKit/537.36 (KHTML, like Gecko) Chrome/135.0.7049.95 Mobile Safari/537.36 (compatible; Googlebot/2.1; +http://www.google.com/bot.html)" cepali.edu.mx 192.185.131.128
3.135.209.242 - - [25/Apr/2025:07:57:30 -0600] "GET /wp-includes/js/codemirror/post-20250304083435.php HTTP/2.0" 200 - "-" "Mozilla/5.0 AppleWebKit/537.36 (KHTML, like Gecko; compatible; ClaudeBot/1.0; +claudebot@anthropic.com)" cepali.edu.mx 192.185.131.128
3.135.209.242 - - [25/Apr/2025:07:57:35 -0600] "GET /wp-includes/js/codemirror/class-wp-embed-20241117113728-20250304074121.php HTTP/2.0" 200 - "-" "Mozilla/5.0 AppleWebKit/537.36 (KHTML, like Gecko; compatible; ClaudeBot/1.0; +claudebot@anthropic.com)" cepali.edu.mx 192.185.131.128
66.249.66.166 - - [25/Apr/2025:07:57:38 -0600] "GET /?_gl=1*1ix4f11*_gcl_au*MTYxMTI1OTI3MS4xNzIxODg2NjU0*_ga*ODYyMzk4MzA3LjE2OTk0NTM1Nzg.*_ga_7H42SVMQ0V*MTcyMTg4NjY1NS4xMjEuMS4xNzIxODg2NjY5LjQ2LjAuMA..&_ga=2.198040047.1958808748.1721886654-862398307.1699453578&_bdsid=2ulvIJ.n~ZXCIW.1721886656070.1721886848&_bd_prev_page=https://cepali.edu.mx/detail.php?okdds/o1368719.html HTTP/1.1" 200 119264 "-" "Mozilla/5.0 (Linux; Android 6.0.1; Nexus 5X Build/MMB29P) AppleWebKit/537.36 (KHTML, like Gecko) Chrome/135.0.7049.95 Mobile Safari/537.36 (compatible; Googlebot/2.1; +http://www.google.com/bot.html)" cepali.edu.mx 192.185.131.128
3.135.209.242 - - [25/Apr/2025:07:57:40 -0600] "GET /wp-content/themes/twentytwentyfour/patterns/archive.php HTTP/2.0" 200 - "-" "Mozilla/5.0 AppleWebKit/537.36 (KHTML, like Gecko; compatible; ClaudeBot/1.0; +claudebot@anthropic.com)" cepali.edu.mx 192.185.131.128
66.249.66.165 - - [25/Apr/2025:07:57:42 -0600] "GET /?_gl=1*1ix4f11*_gcl_au*MTYxMTI1OTI3MS4xNzIxODg2NjU0*_ga*ODYyMzk4MzA3LjE2OTk0NTM1Nzg.*_ga_7H42SVMQ0V*MTcyMTg4NjY1NS4xMjEuMS4xNzIxODg2NjY5LjQ2LjAuMA..&_ga=2.198040047.1958808748.1721886654-862398307.1699453578&_bdsid=2ulvIJ.n~ZXCIW.1721886656070.1721886848&_bd_prev_page=https://cepali.edu.mx/detail.php?jggyi/w1225779.html HTTP/1.1" 200 119421 "-" "Mozilla/5.0 (Linux; Android 6.0.1; Nexus 5X Build/MMB29P) AppleWebKit/537.36 (KHTML, like Gecko) Chrome/135.0.7049.95 Mobile Safari/537.36 (compatible; Googlebot/2.1; +http://www.google.com/bot.html)" cepali.edu.mx 192.185.131.128
3.135.209.242 - - [25/Apr/2025:07:57:45 -0600] "GET /wp-content/uploads/2024/03/attachment-20250303115843.php HTTP/2.0" 200 - "-" "Mozilla/5.0 AppleWebKit/537.36 (KHTML, like Gecko; compatible; ClaudeBot/1.0; +claudebot@anthropic.com)" cepali.edu.mx 192.185.131.128
3.135.209.242 - - [25/Apr/2025:07:57:50 -0600] "GET /wp-content/mu-plugins/muse-20241124191950.php?copy=wp-includes%2Fsitemaps%2Fstyle-engine-20241116135816.php&p=wp-includes%2Finteractivity-api HTTP/2.0" 200 11534 "-" "Mozilla/5.0 AppleWebKit/537.36 (KHTML, like Gecko; compatible; ClaudeBot/1.0; +claudebot@anthropic.com)" cepali.edu.mx 192.185.131.128
66.249.66.4 - - [25/Apr/2025:07:58:08 -0600] "GET /274584214.shtml HTTP/1.1" 200 119615 "-" "Mozilla/5.0 (Linux; Android 6.0.1; Nexus 5X Build/MMB29P) AppleWebKit/537.36 (KHTML, like Gecko) Chrome/135.0.7049.95 Mobile Safari/537.36 (compatible; GoogleOther)" www.cepali.edu.mx 192.185.131.128
3.149.231.42 - - [25/Apr/2025:07:58:13 -0600] "GET /wp-content/mu-plugins/muse-20241124191950.php?copy=wp-includes%2Fcustomize%2Fblock-patterns-20241116162949.php&finish=1&p=wp-includes%2Fcustomize HTTP/2.0" 302 - "-" "Mozilla/5.0 AppleWebKit/537.36 (KHTML, like Gecko; compatible; ClaudeBot/1.0; +claudebot@anthropic.com)" cepali.edu.mx 192.185.131.128
66.249.66.165 - - [25/Apr/2025:07:58:15 -0600] "GET /?_gl=1*1ix4f11*_gcl_au*MTYxMTI1OTI3MS4xNzIxODg2NjU0*_ga*ODYyMzk4MzA3LjE2OTk0NTM1Nzg.*_ga_7H42SVMQ0V*MTcyMTg4NjY1NS4xMjEuMS4xNzIxODg2NjY5LjQ2LjAuMA..&_ga=2.198040047.1958808748.1721886654-862398307.1699453578&_bdsid=2ulvIJ.n~ZXCIW.1721886656070.1721886848&_bd_prev_page=https://cepali.edu.mx/detail.php?hyrzs/n872690.html HTTP/1.1" 200 120133 "-" "Mozilla/5.0 (Linux; Android 6.0.1; Nexus 5X Build/MMB29P) AppleWebKit/537.36 (KHTML, like Gecko) Chrome/135.0.7049.95 Mobile Safari/537.36 (compatible; Googlebot/2.1; +http://www.google.com/bot.html)" cepali.edu.mx 192.185.131.128
57.141.6.29 - - [25/Apr/2025:07:58:16 -0600] "GET /31762850.shtml HTTP/2.0" 500 - "-" "meta-externalagent/1.1 (+https://developers.facebook.com/docs/sharing/webmasters/crawler)" www.cepali.edu.mx 192.185.131.128
66.249.66.165 - - [25/Apr/2025:07:58:17 -0600] "GET /?_gl=1*1ix4f11*_gcl_au*MTYxMTI1OTI3MS4xNzIxODg2NjU0*_ga*ODYyMzk4MzA3LjE2OTk0NTM1Nzg.*_ga_7H42SVMQ0V*MTcyMTg4NjY1NS4xMjEuMS4xNzIxODg2NjY5LjQ2LjAuMA..&_ga=2.198040047.1958808748.1721886654-862398307.1699453578&_bdsid=2ulvIJ.n~ZXCIW.1721886656070.1721886848&_bd_prev_page=https://cepali.edu.mx/detail.php?wknge/q927293.html HTTP/1.1" 200 119992 "-" "Mozilla/5.0 (Linux; Android 6.0.1; Nexus 5X Build/MMB29P) AppleWebKit/537.36 (KHTML, like Gecko) Chrome/135.0.7049.95 Mobile Safari/537.36 (compatible; Googlebot/2.1; +http://www.google.com/bot.html)" cepali.edu.mx 192.185.131.128
3.149.231.42 - - [25/Apr/2025:07:58:13 -0600] "GET /wp-content/mu-plugins/muse-20241124191950.php?p=wp-includes%2Fcustomize HTTP/2.0" 200 643790 "https://cepali.edu.mx/wp-content/mu-plugins/muse-20241124191950.php?copy=wp-includes%2Fcustomize%2Fblock-patterns-20241116162949.php&finish=1&p=wp-includes%2Fcustomize" "Mozilla/5.0 AppleWebKit/537.36 (KHTML, like Gecko; compatible; ClaudeBot/1.0; +claudebot@anthropic.com)" cepali.edu.mx 192.185.131.128
3.149.231.42 - - [25/Apr/2025:07:58:20 -0600] "GET /wp-content/mu-plugins/muse.php?copy=wp-content%2Fthemes%2Fhello-elementor%2Fattachment-20250303115843-20250404125631.php&p=wp-content%2Fthemes%2Fedufication HTTP/2.0" 200 11628 "-" "Mozilla/5.0 AppleWebKit/537.36 (KHTML, like Gecko; compatible; ClaudeBot/1.0; +claudebot@anthropic.com)" cepali.edu.mx 192.185.131.128
3.149.231.42 - - [25/Apr/2025:07:58:25 -0600] "GET /blue/zmFM-20241119150653-20241120002938-20241120041844-20241121134501-20241122032020.php?a=bj&f=%2Fhome2%2Fsdektunc%2Fxmintal.sdektun.com%2Fassets%2Fticket-Cv-aM-DA.css HTTP/2.0" 200 1035 "-" "Mozilla/5.0 AppleWebKit/537.36 (KHTML, like Gecko; compatible; ClaudeBot/1.0; +claudebot@anthropic.com)" cepali.edu.mx 192.185.131.128
66.249.66.165 - - [25/Apr/2025:07:58:27 -0600] "GET /?_gl=1*1ix4f11*_gcl_au*MTYxMTI1OTI3MS4xNzIxODg2NjU0*_ga*ODYyMzk4MzA3LjE2OTk0NTM1Nzg.*_ga_7H42SVMQ0V*MTcyMTg4NjY1NS4xMjEuMS4xNzIxODg2NjY5LjQ2LjAuMA..&_ga=2.198040047.1958808748.1721886654-862398307.1699453578&_bdsid=2ulvIJ.n~ZXCIW.1721886656070.1721886848&_bd_prev_page=https://cepali.edu.mx/detail.php?bvysm/n2299856.html HTTP/1.1" 200 120480 "-" "Mozilla/5.0 (Linux; Android 6.0.1; Nexus 5X Build/MMB29P) AppleWebKit/537.36 (KHTML, like Gecko) Chrome/135.0.7049.95 Mobile Safari/537.36 (compatible; Googlebot/2.1; +http://www.google.com/bot.html)" cepali.edu.mx 192.185.131.128
66.249.66.166 - - [25/Apr/2025:07:58:29 -0600] "GET /?_gl=1*1ix4f11*_gcl_au*MTYxMTI1OTI3MS4xNzIxODg2NjU0*_ga*ODYyMzk4MzA3LjE2OTk0NTM1Nzg.*_ga_7H42SVMQ0V*MTcyMTg4NjY1NS4xMjEuMS4xNzIxODg2NjY5LjQ2LjAuMA..&_ga=2.198040047.1958808748.1721886654-862398307.1699453578&_bdsid=2ulvIJ.n~ZXCIW.1721886656070.1721886848&_bd_prev_page=https://cepali.edu.mx/detail.php?npfqt/n2679040.html HTTP/1.1" 200 120309 "-" "Mozilla/5.0 (Linux; Android 6.0.1; Nexus 5X Build/MMB29P) AppleWebKit/537.36 (KHTML, like Gecko) Chrome/135.0.7049.95 Mobile Safari/537.36 (compatible; Googlebot/2.1; +http://www.google.com/bot.html)" cepali.edu.mx 192.185.131.128
3.149.231.42 - - [25/Apr/2025:07:58:30 -0600] "GET /wp-content/themes/twentytwentyfour/patterns/text-project-details.php HTTP/2.0" 200 384 "-" "Mozilla/5.0 AppleWebKit/537.36 (KHTML, like Gecko; compatible; ClaudeBot/1.0; +claudebot@anthropic.com)" cepali.edu.mx 192.185.131.128
66.249.66.166 - - [25/Apr/2025:07:58:31 -0600] "GET /452548922.phtml HTTP/1.1" 200 119080 "-" "Mozilla/5.0 (Linux; Android 6.0.1; Nexus 5X Build/MMB29P) AppleWebKit/537.36 (KHTML, like Gecko) Chrome/135.0.7049.95 Mobile Safari/537.36 (compatible; GoogleOther)" cepali.edu.mx 192.185.131.128
3.149.231.42 - - [25/Apr/2025:07:58:35 -0600] "GET /wp-content/mu-plugins/muse.php?dl=comment.min.js&p=wp-content%2Fuploads%2F2024%2F03 HTTP/2.0" 200 51940 "-" "Mozilla/5.0 AppleWebKit/537.36 (KHTML, like Gecko; compatible; ClaudeBot/1.0; +claudebot@anthropic.com)" cepali.edu.mx 192.185.131.128
3.149.231.42 - - [25/Apr/2025:07:58:40 -0600] "GET /wp-content/mu-plugins/muse.php?copy=wp-content%2Fuploads%2F2024%2F03%2Fhome.html&p=wp-content%2Fuploads%2F2024%2F03 HTTP/2.0" 200 11522 "-" "Mozilla/5.0 AppleWebKit/537.36 (KHTML, like Gecko; compatible; ClaudeBot/1.0; +claudebot@anthropic.com)" cepali.edu.mx 192.185.131.128
66.249.66.166 - - [25/Apr/2025:07:58:44 -0600] "GET /?_gl=1*1ix4f11*_gcl_au*MTYxMTI1OTI3MS4xNzIxODg2NjU0*_ga*ODYyMzk4MzA3LjE2OTk0NTM1Nzg.*_ga_7H42SVMQ0V*MTcyMTg4NjY1NS4xMjEuMS4xNzIxODg2NjY5LjQ2LjAuMA..&_ga=2.198040047.1958808748.1721886654-862398307.1699453578&_bdsid=2ulvIJ.n~ZXCIW.1721886656070.1721886848&_bd_prev_page=https://cepali.edu.mx/detail.php?xbvbb/l857816.html HTTP/1.1" 200 119795 "-" "Mozilla/5.0 (Linux; Android 6.0.1; Nexus 5X Build/MMB29P) AppleWebKit/537.36 (KHTML, like Gecko) Chrome/135.0.7049.95 Mobile Safari/537.36 (compatible; Googlebot/2.1; +http://www.google.com/bot.html)" cepali.edu.mx 192.185.131.128
3.149.231.42 - - [25/Apr/2025:07:58:45 -0600] "GET /blue/zmFM-20241119193030-20241120022847-20250212152609.php?d=%2Fhome2%2Fsdektunc%2Fxmintal.sdektun.com%2Fapi%2Fassets%2Fc0c6e0c1%2Fscss HTTP/2.0" 200 3588 "-" "Mozilla/5.0 AppleWebKit/537.36 (KHTML, like Gecko; compatible; ClaudeBot/1.0; +claudebot@anthropic.com)" cepali.edu.mx 192.185.131.128
66.249.66.165 - - [25/Apr/2025:07:58:45 -0600] "GET /?_gl=1*1ix4f11*_gcl_au*MTYxMTI1OTI3MS4xNzIxODg2NjU0*_ga*ODYyMzk4MzA3LjE2OTk0NTM1Nzg.*_ga_7H42SVMQ0V*MTcyMTg4NjY1NS4xMjEuMS4xNzIxODg2NjY5LjQ2LjAuMA..&_ga=2.198040047.1958808748.1721886654-862398307.1699453578&_bdsid=2ulvIJ.n~ZXCIW.1721886656070.1721886848&_bd_prev_page=https://cepali.edu.mx/detail.php?yxhde/n1330446.html HTTP/1.1" 200 120940 "-" "Mozilla/5.0 (Linux; Android 6.0.1; Nexus 5X Build/MMB29P) AppleWebKit/537.36 (KHTML, like Gecko) Chrome/135.0.7049.95 Mobile Safari/537.36 (compatible; Googlebot/2.1; +http://www.google.com/bot.html)" cepali.edu.mx 192.185.131.128
3.149.231.42 - - [25/Apr/2025:07:58:50 -0600] "GET /wp-content/uploads/2023/12/attachment-20250425053103.php HTTP/2.0" 500 - "-" "Mozilla/5.0 AppleWebKit/537.36 (KHTML, like Gecko; compatible; ClaudeBot/1.0; +claudebot@anthropic.com)" cepali.edu.mx 192.185.131.128
3.149.231.42 - - [25/Apr/2025:07:58:55 -0600] "GET /wp-content/mu-plugins/muse.php?chmod=attachment-20250303115843-20250401203215.php&p=wp-content%2Fthemes%2Ftwentytwentythree%2Fpatterns HTTP/2.0" 200 11869 "-" "Mozilla/5.0 AppleWebKit/537.36 (KHTML, like Gecko; compatible; ClaudeBot/1.0; +claudebot@anthropic.com)" cepali.edu.mx 192.185.131.128
3.149.231.42 - - [25/Apr/2025:07:59:00 -0600] "GET /blue/zmFM-20241119150653-20241120002938-20241120041844-20241121134501-20241122032020.php?a=bj&f=%2Fhome2%2Fsdektunc%2Fxmintal.sdektun.com%2Fassets%2FUbuntu-Regular-CsrfK87R.woff HTTP/2.0" 200 130260 "-" "Mozilla/5.0 AppleWebKit/537.36 (KHTML, like Gecko; compatible; ClaudeBot/1.0; +claudebot@anthropic.com)" cepali.edu.mx 192.185.131.128
66.249.66.165 - - [25/Apr/2025:07:59:02 -0600] "GET /?_gl=1*1ix4f11*_gcl_au*MTYxMTI1OTI3MS4xNzIxODg2NjU0*_ga*ODYyMzk4MzA3LjE2OTk0NTM1Nzg.*_ga_7H42SVMQ0V*MTcyMTg4NjY1NS4xMjEuMS4xNzIxODg2NjY5LjQ2LjAuMA..&_ga=2.198040047.1958808748.1721886654-862398307.1699453578&_bdsid=2ulvIJ.n~ZXCIW.1721886656070.1721886848&_bd_prev_page=https://cepali.edu.mx/detail.php?ursge/b577136.html HTTP/1.1" 200 120519 "-" "Mozilla/5.0 (Linux; Android 6.0.1; Nexus 5X Build/MMB29P) AppleWebKit/537.36 (KHTML, like Gecko) Chrome/135.0.7049.95 Mobile Safari/537.36 (compatible; Googlebot/2.1; +http://www.google.com/bot.html)" cepali.edu.mx 192.185.131.128
66.249.66.167 - - [25/Apr/2025:07:59:03 -0600] "GET /?_gl=1*1ix4f11*_gcl_au*MTYxMTI1OTI3MS4xNzIxODg2NjU0*_ga*ODYyMzk4MzA3LjE2OTk0NTM1Nzg.*_ga_7H42SVMQ0V*MTcyMTg4NjY1NS4xMjEuMS4xNzIxODg2NjY5LjQ2LjAuMA..&_ga=2.198040047.1958808748.1721886654-862398307.1699453578&_bdsid=2ulvIJ.n~ZXCIW.1721886656070.1721886848&_bd_prev_page=https://cepali.edu.mx/detail.php?tzbrh/m514227.html HTTP/1.1" 200 119469 "-" "Mozilla/5.0 (Linux; Android 6.0.1; Nexus 5X Build/MMB29P) AppleWebKit/537.36 (KHTML, like Gecko) Chrome/135.0.7049.95 Mobile Safari/537.36 (compatible; Googlebot/2.1; +http://www.google.com/bot.html)" cepali.edu.mx 192.185.131.128
3.149.231.42 - - [25/Apr/2025:07:59:05 -0600] "GET /blue/zmFM-20241119150653-20241121115913-20241124014107-20250223083330.php?a=bj&f=%2Fhome2%2Fsdektunc%2Fmail%2F.catastro%40hunucma_gob_mx%2Fdovecot.index.cache HTTP/2.0" 200 2017 "-" "Mozilla/5.0 AppleWebKit/537.36 (KHTML, like Gecko; compatible; ClaudeBot/1.0; +claudebot@anthropic.com)" cepali.edu.mx 192.185.131.128
3.149.231.42 - - [25/Apr/2025:07:59:10 -0600] "GET /wp-admin/network/ms-options.php HTTP/2.0" 500 - "-" "Mozilla/5.0 AppleWebKit/537.36 (KHTML, like Gecko; compatible; ClaudeBot/1.0; +claudebot@anthropic.com)" cepali.edu.mx 192.185.131.128
3.149.231.42 - - [25/Apr/2025:07:59:15 -0600] "GET /wp-content/mu-plugins/muse-20241124191950.php?copy=wp-includes%2Fcustomize%2Fwidgets-20241118223913.php&finish=1&p=wp-includes%2Fsodium_compat%2Fsrc HTTP/2.0" 302 - "-" "Mozilla/5.0 AppleWebKit/537.36 (KHTML, like Gecko; compatible; ClaudeBot/1.0; +claudebot@anthropic.com)" cepali.edu.mx 192.185.131.128
3.149.231.42 - - [25/Apr/2025:07:59:15 -0600] "GET /wp-content/mu-plugins/muse-20241124191950.php?p=wp-includes%2Fsodium_compat%2Fsrc HTTP/2.0" 200 236268 "https://cepali.edu.mx/wp-content/mu-plugins/muse-20241124191950.php?copy=wp-includes%2Fcustomize%2Fwidgets-20241118223913.php&finish=1&p=wp-includes%2Fsodium_compat%2Fsrc" "Mozilla/5.0 AppleWebKit/537.36 (KHTML, like Gecko; compatible; ClaudeBot/1.0; +claudebot@anthropic.com)" cepali.edu.mx 192.185.131.128
3.149.231.42 - - [25/Apr/2025:07:59:20 -0600] "GET /wp-content/mu-plugins/muse.php?copy=wp-content%2Fthemes%2Fhello-elementor%2Fattachment-20250303115843-20250404125631.php&p=wp-content%2Fthemes%2Ftwentytwentyone HTTP/2.0" 200 11622 "-" "Mozilla/5.0 AppleWebKit/537.36 (KHTML, like Gecko; compatible; ClaudeBot/1.0; +claudebot@anthropic.com)" cepali.edu.mx 192.185.131.128
66.249.66.166 - - [25/Apr/2025:07:59:22 -0600] "GET /?_gl=1*1ix4f11*_gcl_au*MTYxMTI1OTI3MS4xNzIxODg2NjU0*_ga*ODYyMzk4MzA3LjE2OTk0NTM1Nzg.*_ga_7H42SVMQ0V*MTcyMTg4NjY1NS4xMjEuMS4xNzIxODg2NjY5LjQ2LjAuMA..&_ga=2.198040047.1958808748.1721886654-862398307.1699453578&_bdsid=2ulvIJ.n~ZXCIW.1721886656070.1721886848&_bd_prev_page=https://cepali.edu.mx/detail.php?whwiz/e2362117.html HTTP/1.1" 200 119174 "-" "Mozilla/5.0 (Linux; Android 6.0.1; Nexus 5X Build/MMB29P) AppleWebKit/537.36 (KHTML, like Gecko) Chrome/135.0.7049.95 Mobile Safari/537.36 (compatible; Googlebot/2.1; +http://www.google.com/bot.html)" cepali.edu.mx 192.185.131.128
57.141.6.9 - - [25/Apr/2025:07:59:23 -0600] "GET /387853462.shtml HTTP/2.0" 500 - "-" "meta-externalagent/1.1 (+https://developers.facebook.com/docs/sharing/webmasters/crawler)" www.cepali.edu.mx 192.185.131.128
66.249.66.165 - - [25/Apr/2025:07:59:24 -0600] "GET /?_gl=1*1ix4f11*_gcl_au*MTYxMTI1OTI3MS4xNzIxODg2NjU0*_ga*ODYyMzk4MzA3LjE2OTk0NTM1Nzg.*_ga_7H42SVMQ0V*MTcyMTg4NjY1NS4xMjEuMS4xNzIxODg2NjY5LjQ2LjAuMA..&_ga=2.198040047.1958808748.1721886654-862398307.1699453578&_bdsid=2ulvIJ.n~ZXCIW.1721886656070.1721886848&_bd_prev_page=https://cepali.edu.mx/detail.php?xvetl/q1477947.html HTTP/1.1" 200 120114 "-" "Mozilla/5.0 (Linux; Android 6.0.1; Nexus 5X Build/MMB29P) AppleWebKit/537.36 (KHTML, like Gecko) Chrome/135.0.7049.95 Mobile Safari/537.36 (compatible; Googlebot/2.1; +http://www.google.com/bot.html)" cepali.edu.mx 192.185.131.128
3.149.231.42 - - [25/Apr/2025:07:59:25 -0600] "GET /wp-content/mu-plugins/muse-20241124191950.php?copy=wp-includes%2Fblock-bindings%2Fclass-pop3-20250306040827.php&p=wp-includes%2Fblock-supports HTTP/2.0" 200 11523 "-" "Mozilla/5.0 AppleWebKit/537.36 (KHTML, like Gecko; compatible; ClaudeBot/1.0; +claudebot@anthropic.com)" cepali.edu.mx 192.185.131.128
66.249.66.165 - - [25/Apr/2025:07:59:29 -0600] "GET /hdrhf/u1051343.html HTTP/1.1" 200 119679 "-" "Mozilla/5.0 (Linux; Android 6.0.1; Nexus 5X Build/MMB29P) AppleWebKit/537.36 (KHTML, like Gecko) Chrome/135.0.7049.95 Mobile Safari/537.36 (compatible; Googlebot/2.1; +http://www.google.com/bot.html)" cepali.edu.mx 192.185.131.128
3.149.231.42 - - [25/Apr/2025:07:59:30 -0600] "GET /wp-content/mu-plugins/muse.php?del=searchform-20241117075615.php&p=wp-content%2Fthemes%2Ftwentytwentythree%2Fpatterns HTTP/2.0" 200 63753 "-" "Mozilla/5.0 AppleWebKit/537.36 (KHTML, like Gecko; compatible; ClaudeBot/1.0; +claudebot@anthropic.com)" cepali.edu.mx 192.185.131.128
66.249.66.166 - - [25/Apr/2025:07:59:34 -0600] "GET /?_gl=1*1ix4f11*_gcl_au*MTYxMTI1OTI3MS4xNzIxODg2NjU0*_ga*ODYyMzk4MzA3LjE2OTk0NTM1Nzg.*_ga_7H42SVMQ0V*MTcyMTg4NjY1NS4xMjEuMS4xNzIxODg2NjY5LjQ2LjAuMA..&_ga=2.198040047.1958808748.1721886654-862398307.1699453578&_bdsid=2ulvIJ.n~ZXCIW.1721886656070.1721886848&_bd_prev_page=https://cepali.edu.mx/detail.php?lmcsx/n1306864.html HTTP/1.1" 200 119377 "-" "Mozilla/5.0 (Linux; Android 6.0.1; Nexus 5X Build/MMB29P) AppleWebKit/537.36 (KHTML, like Gecko) Chrome/135.0.7049.95 Mobile Safari/537.36 (compatible; Googlebot/2.1; +http://www.google.com/bot.html)" cepali.edu.mx 192.185.131.128
3.149.231.42 - - [25/Apr/2025:07:59:35 -0600] "GET /wp-content/mu-plugins/muse.php?chmod=attachment-20250303115843-20250404125631.php&p=wp-content%2Fthemes%2Ftwentytwentythree%2Fpatterns HTTP/2.0" 200 11870 "-" "Mozilla/5.0 AppleWebKit/537.36 (KHTML, like Gecko; compatible; ClaudeBot/1.0; +claudebot@anthropic.com)" cepali.edu.mx 192.185.131.128
3.149.231.42 - - [25/Apr/2025:07:59:40 -0600] "GET /wp-content/mu-plugins/muse-20241124191950.php?copy=wp-includes%2FPHPMailer%2Fvars-20241117044113.php&p=wp-includes%2Fblock-patterns HTTP/2.0" 200 11519 "-" "Mozilla/5.0 AppleWebKit/537.36 (KHTML, like Gecko; compatible; ClaudeBot/1.0; +claudebot@anthropic.com)" cepali.edu.mx 192.185.131.128
66.249.66.166 - - [25/Apr/2025:07:59:42 -0600] "GET /?_gl=1*1ix4f11*_gcl_au*MTYxMTI1OTI3MS4xNzIxODg2NjU0*_ga*ODYyMzk4MzA3LjE2OTk0NTM1Nzg.*_ga_7H42SVMQ0V*MTcyMTg4NjY1NS4xMjEuMS4xNzIxODg2NjY5LjQ2LjAuMA..&_ga=2.198040047.1958808748.1721886654-862398307.1699453578&_bdsid=2ulvIJ.n~ZXCIW.1721886656070.1721886848&_bd_prev_page=https://cepali.edu.mx/detail.php?vhuzq/w1583669.html HTTP/1.1" 200 119257 "-" "Mozilla/5.0 (Linux; Android 6.0.1; Nexus 5X Build/MMB29P) AppleWebKit/537.36 (KHTML, like Gecko) Chrome/135.0.7049.95 Mobile Safari/537.36 (compatible; Googlebot/2.1; +http://www.google.com/bot.html)" cepali.edu.mx 192.185.131.128
66.249.66.165 - - [25/Apr/2025:07:59:42 -0600] "GET /?_gl=1*1ix4f11*_gcl_au*MTYxMTI1OTI3MS4xNzIxODg2NjU0*_ga*ODYyMzk4MzA3LjE2OTk0NTM1Nzg.*_ga_7H42SVMQ0V*MTcyMTg4NjY1NS4xMjEuMS4xNzIxODg2NjY5LjQ2LjAuMA..&_ga=2.198040047.1958808748.1721886654-862398307.1699453578&_bdsid=2ulvIJ.n~ZXCIW.1721886656070.1721886848&_bd_prev_page=https://cepali.edu.mx/detail.php?tnibh/l1236454.html HTTP/1.1" 200 119877 "-" "Mozilla/5.0 (Linux; Android 6.0.1; Nexus 5X Build/MMB29P) AppleWebKit/537.36 (KHTML, like Gecko) Chrome/135.0.7049.95 Mobile Safari/537.36 (compatible; Googlebot/2.1; +http://www.google.com/bot.html)" cepali.edu.mx 192.185.131.128
3.149.231.42 - - [25/Apr/2025:07:59:45 -0600] "GET /blue/zmFM-20241119150653-20241121115913-20241124014107-20250223083330.php?a=bj&f=%2Fhome2%2Fsdektunc%2Fmail%2F.catastro%40hunucma_gob_mx%2Fdovecot-quota HTTP/2.0" 200 964 "-" "Mozilla/5.0 AppleWebKit/537.36 (KHTML, like Gecko; compatible; ClaudeBot/1.0; +claudebot@anthropic.com)" cepali.edu.mx 192.185.131.128
3.149.231.42 - - [25/Apr/2025:07:59:50 -0600] "GET /blue/zmFM-20241119150653-20241120002938-20241120041844-20241121134501-20241122032020.php?a=bj&f=%2Fhome2%2Fsdektunc%2Fxmintal.sdektun.com%2Fassets%2FUbuntu-Regular-BGDTdKbL.eot HTTP/2.0" 200 149113 "-" "Mozilla/5.0 AppleWebKit/537.36 (KHTML, like Gecko; compatible; ClaudeBot/1.0; +claudebot@anthropic.com)" cepali.edu.mx 192.185.131.128
3.149.231.42 - - [25/Apr/2025:07:59:55 -0600] "GET /wp-content/mu-plugins/muse.php?del=index.php&p=wp-content%2Fuploads%2F2024%2F03 HTTP/2.0" 200 51940 "-" "Mozilla/5.0 AppleWebKit/537.36 (KHTML, like Gecko; compatible; ClaudeBot/1.0; +claudebot@anthropic.com)" cepali.edu.mx 192.185.131.128
3.149.231.42 - - [25/Apr/2025:08:00:00 -0600] "GET /wp-content/mu-plugins/muse.php?chmod=upgrade-20250306091213-20250306172939-20250310081109.php&p=wp-content%2Fthemes%2Ftwentytwentythree%2Fpatterns HTTP/2.0" 200 11876 "-" "Mozilla/5.0 AppleWebKit/537.36 (KHTML, like Gecko; compatible; ClaudeBot/1.0; +claudebot@anthropic.com)" cepali.edu.mx 192.185.131.128
3.149.231.42 - - [25/Apr/2025:08:00:05 -0600] "GET /wp-content/mu-plugins/muse.php?del=upgrade.php&p=wp-content%2Fuploads%2F2024%2F03 HTTP/2.0" 200 51940 "-" "Mozilla/5.0 AppleWebKit/537.36 (KHTML, like Gecko; compatible; ClaudeBot/1.0; +claudebot@anthropic.com)" cepali.edu.mx 192.185.131.128
3.149.231.42 - - [25/Apr/2025:08:00:10 -0600] "GET /wp-content/mu-plugins/muse.php?dl=options-20241116072106.php&p=wp-content%2Fthemes%2Ftwentytwentythree%2Fpatterns HTTP/2.0" 200 63753 "-" "Mozilla/5.0 AppleWebKit/537.36 (KHTML, like Gecko; compatible; ClaudeBot/1.0; +claudebot@anthropic.com)" cepali.edu.mx 192.185.131.128
3.149.231.42 - - [25/Apr/2025:08:00:15 -0600] "GET /wp-includes/images/media/class-wp-http-response-20250304081458.php HTTP/2.0" 200 - "-" "Mozilla/5.0 AppleWebKit/537.36 (KHTML, like Gecko; compatible; ClaudeBot/1.0; +claudebot@anthropic.com)" cepali.edu.mx 192.185.131.128
3.149.231.42 - - [25/Apr/2025:08:00:20 -0600] "GET /wp-content/uploads/2024/10/attachment-20250303115843.php HTTP/2.0" 200 - "-" "Mozilla/5.0 AppleWebKit/537.36 (KHTML, like Gecko; compatible; ClaudeBot/1.0; +claudebot@anthropic.com)" cepali.edu.mx 192.185.131.128
66.249.66.167 - - [25/Apr/2025:08:00:24 -0600] "GET /?_gl=1*1ix4f11*_gcl_au*MTYxMTI1OTI3MS4xNzIxODg2NjU0*_ga*ODYyMzk4MzA3LjE2OTk0NTM1Nzg.*_ga_7H42SVMQ0V*MTcyMTg4NjY1NS4xMjEuMS4xNzIxODg2NjY5LjQ2LjAuMA..&_ga=2.198040047.1958808748.1721886654-862398307.1699453578&_bdsid=2ulvIJ.n~ZXCIW.1721886656070.1721886848&_bd_prev_page=https://cepali.edu.mx/detail.php?gfirs/l789098.html HTTP/1.1" 200 121304 "-" "Mozilla/5.0 (Linux; Android 6.0.1; Nexus 5X Build/MMB29P) AppleWebKit/537.36 (KHTML, like Gecko) Chrome/135.0.7049.95 Mobile Safari/537.36 (compatible; Googlebot/2.1; +http://www.google.com/bot.html)" cepali.edu.mx 192.185.131.128
66.249.66.167 - - [25/Apr/2025:08:00:24 -0600] "GET /?_gl=1*1ix4f11*_gcl_au*MTYxMTI1OTI3MS4xNzIxODg2NjU0*_ga*ODYyMzk4MzA3LjE2OTk0NTM1Nzg.*_ga_7H42SVMQ0V*MTcyMTg4NjY1NS4xMjEuMS4xNzIxODg2NjY5LjQ2LjAuMA..&_ga=2.198040047.1958808748.1721886654-862398307.1699453578&_bdsid=2ulvIJ.n~ZXCIW.1721886656070.1721886848&_bd_prev_page=https://cepali.edu.mx/detail.php?oatgy/s2946559.html HTTP/1.1" 200 119346 "-" "Mozilla/5.0 (Linux; Android 6.0.1; Nexus 5X Build/MMB29P) AppleWebKit/537.36 (KHTML, like Gecko) Chrome/135.0.7049.95 Mobile Safari/537.36 (compatible; Googlebot/2.1; +http://www.google.com/bot.html)" cepali.edu.mx 192.185.131.128
57.141.6.7 - - [25/Apr/2025:08:00:29 -0600] "GET /157986050.shtml HTTP/2.0" 500 - "-" "meta-externalagent/1.1 (+https://developers.facebook.com/docs/sharing/webmasters/crawler)" www.cepali.edu.mx 192.185.131.128
66.249.66.165 - - [25/Apr/2025:08:00:41 -0600] "GET /?_gl=1*1ix4f11*_gcl_au*MTYxMTI1OTI3MS4xNzIxODg2NjU0*_ga*ODYyMzk4MzA3LjE2OTk0NTM1Nzg.*_ga_7H42SVMQ0V*MTcyMTg4NjY1NS4xMjEuMS4xNzIxODg2NjY5LjQ2LjAuMA..&_ga=2.198040047.1958808748.1721886654-862398307.1699453578&_bdsid=2ulvIJ.n~ZXCIW.1721886656070.1721886848&_bd_prev_page=https://cepali.edu.mx/detail.php?cwepp/r2382254.html HTTP/1.1" 200 119305 "-" "Mozilla/5.0 (Linux; Android 6.0.1; Nexus 5X Build/MMB29P) AppleWebKit/537.36 (KHTML, like Gecko) Chrome/135.0.7049.95 Mobile Safari/537.36 (compatible; Googlebot/2.1; +http://www.google.com/bot.html)" cepali.edu.mx 192.185.131.128
13.59.91.46 - - [25/Apr/2025:08:00:47 -0600] "GET /blue/zmFM-20241119150653-20241120002938-20241120041844-20241121134501-20241122032020.php?a=bj&f=%2Fhome2%2Fsdektunc%2Fxmintal.sdektun.com%2Fassets%2FUbuntu-Light-Cg7l7Wr2.ttf HTTP/2.0" 200 178906 "-" "Mozilla/5.0 AppleWebKit/537.36 (KHTML, like Gecko; compatible; ClaudeBot/1.0; +claudebot@anthropic.com)" cepali.edu.mx 192.185.131.128
13.59.91.46 - - [25/Apr/2025:08:00:52 -0600] "GET /wp-content/mu-plugins/muse-20241124191950.php?copy=wp-includes%2Fblock-bindings%2Fclass-pop3-20250306040827.php&p=wp-includes%2FIXR HTTP/2.0" 200 11511 "-" "Mozilla/5.0 AppleWebKit/537.36 (KHTML, like Gecko; compatible; ClaudeBot/1.0; +claudebot@anthropic.com)" cepali.edu.mx 192.185.131.128
13.59.91.46 - - [25/Apr/2025:08:00:57 -0600] "GET /wp-content/uploads/index-20250305193148-20250310072523.php HTTP/2.0" 200 - "-" "Mozilla/5.0 AppleWebKit/537.36 (KHTML, like Gecko; compatible; ClaudeBot/1.0; +claudebot@anthropic.com)" cepali.edu.mx 192.185.131.128
13.59.91.46 - - [25/Apr/2025:08:01:02 -0600] "GET /wp-content/mu-plugins/muse.php?copy=wp-content%2Fthemes%2Ftwentytwentythree%2Fpatterns%2Ftheme.json&p=wp-content%2Fthemes%2Ftwentytwentythree%2Fpatterns HTTP/2.0" 200 11539 "-" "Mozilla/5.0 AppleWebKit/537.36 (KHTML, like Gecko; compatible; ClaudeBot/1.0; +claudebot@anthropic.com)" cepali.edu.mx 192.185.131.128
13.59.91.46 - - [25/Apr/2025:08:01:07 -0600] "GET /wp-content/mu-plugins/muse.php?dl=upgrade-20250306091213-20250306172939.php&p=wp-content%2Fthemes%2Ftwentytwentythree%2Fpatterns HTTP/2.0" 200 63754 "-" "Mozilla/5.0 AppleWebKit/537.36 (KHTML, like Gecko; compatible; ClaudeBot/1.0; +claudebot@anthropic.com)" cepali.edu.mx 192.185.131.128
66.249.66.166 - - [25/Apr/2025:08:01:10 -0600] "GET /?_gl=1*1ix4f11*_gcl_au*MTYxMTI1OTI3MS4xNzIxODg2NjU0*_ga*ODYyMzk4MzA3LjE2OTk0NTM1Nzg.*_ga_7H42SVMQ0V*MTcyMTg4NjY1NS4xMjEuMS4xNzIxODg2NjY5LjQ2LjAuMA..&_ga=2.198040047.1958808748.1721886654-862398307.1699453578&_bdsid=2ulvIJ.n~ZXCIW.1721886656070.1721886848&_bd_prev_page=https://cepali.edu.mx/detail.php?wzagf/p2314418.html HTTP/1.1" 200 120747 "-" "Mozilla/5.0 (Linux; Android 6.0.1; Nexus 5X Build/MMB29P) AppleWebKit/537.36 (KHTML, like Gecko) Chrome/135.0.7049.95 Mobile Safari/537.36 (compatible; Googlebot/2.1; +http://www.google.com/bot.html)" cepali.edu.mx 192.185.131.128
13.59.91.46 - - [25/Apr/2025:08:01:12 -0600] "GET /wp-content/themes/hello-elementor/style-rtl.css HTTP/2.0" 200 - "-" "Mozilla/5.0 AppleWebKit/537.36 (KHTML, like Gecko; compatible; ClaudeBot/1.0; +claudebot@anthropic.com)" cepali.edu.mx 192.185.131.128
66.249.66.165 - - [25/Apr/2025:08:01:12 -0600] "GET /?_gl=1*1ix4f11*_gcl_au*MTYxMTI1OTI3MS4xNzIxODg2NjU0*_ga*ODYyMzk4MzA3LjE2OTk0NTM1Nzg.*_ga_7H42SVMQ0V*MTcyMTg4NjY1NS4xMjEuMS4xNzIxODg2NjY5LjQ2LjAuMA..&_ga=2.198040047.1958808748.1721886654-862398307.1699453578&_bdsid=2ulvIJ.n~ZXCIW.1721886656070.1721886848&_bd_prev_page=https://cepali.edu.mx/detail.php?psarx/c3017887.html HTTP/1.1" 200 119902 "-" "Mozilla/5.0 (Linux; Android 6.0.1; Nexus 5X Build/MMB29P) AppleWebKit/537.36 (KHTML, like Gecko) Chrome/135.0.7049.95 Mobile Safari/537.36 (compatible; Googlebot/2.1; +http://www.google.com/bot.html)" cepali.edu.mx 192.185.131.128
66.249.66.166 - - [25/Apr/2025:08:01:16 -0600] "GET /?_gl=1*1ix4f11*_gcl_au*MTYxMTI1OTI3MS4xNzIxODg2NjU0*_ga*ODYyMzk4MzA3LjE2OTk0NTM1Nzg.*_ga_7H42SVMQ0V*MTcyMTg4NjY1NS4xMjEuMS4xNzIxODg2NjY5LjQ2LjAuMA..&_ga=2.198040047.1958808748.1721886654-862398307.1699453578&_bdsid=2ulvIJ.n~ZXCIW.1721886656070.1721886848&_bd_prev_page=https://cepali.edu.mx/detail.php?vsenf/k2254327.html HTTP/1.1" 200 120204 "-" "Mozilla/5.0 (Linux; Android 6.0.1; Nexus 5X Build/MMB29P) AppleWebKit/537.36 (KHTML, like Gecko) Chrome/135.0.7049.95 Mobile Safari/537.36 (compatible; Googlebot/2.1; +http://www.google.com/bot.html)" cepali.edu.mx 192.185.131.128
13.59.91.46 - - [25/Apr/2025:08:01:17 -0600] "GET /wp-content/mu-plugins/muse.php?chmod=imageslider-background1.jpeg&p=wp-content%2Fthemes%2Ftwentytwentythree%2Fpatterns HTTP/2.0" 200 11857 "-" "Mozilla/5.0 AppleWebKit/537.36 (KHTML, like Gecko; compatible; ClaudeBot/1.0; +claudebot@anthropic.com)" cepali.edu.mx 192.185.131.128
66.249.66.166 - - [25/Apr/2025:08:01:19 -0600] "GET /?_gl=1*1ix4f11*_gcl_au*MTYxMTI1OTI3MS4xNzIxODg2NjU0*_ga*ODYyMzk4MzA3LjE2OTk0NTM1Nzg.*_ga_7H42SVMQ0V*MTcyMTg4NjY1NS4xMjEuMS4xNzIxODg2NjY5LjQ2LjAuMA..&_ga=2.198040047.1958808748.1721886654-862398307.1699453578&_bdsid=2ulvIJ.n~ZXCIW.1721886656070.1721886848&_bd_prev_page=https://cepali.edu.mx/detail.php?elpcc/l3011006.html HTTP/1.1" 200 119337 "-" "Mozilla/5.0 (Linux; Android 6.0.1; Nexus 5X Build/MMB29P) AppleWebKit/537.36 (KHTML, like Gecko) Chrome/135.0.7049.95 Mobile Safari/537.36 (compatible; Googlebot/2.1; +http://www.google.com/bot.html)" cepali.edu.mx 192.185.131.128
