66.249.66.166 - - [25/Apr/2025:08:34:43 -0600] "GET /?_gl=1*1ix4f11*_gcl_au*MTYxMTI1OTI3MS4xNzIxODg2NjU0*_ga*ODYyMzk4MzA3LjE2OTk0NTM1Nzg.*_ga_7H42SVMQ0V*MTcyMTg4NjY1NS4xMjEuMS4xNzIxODg2NjY5LjQ2LjAuMA..&_ga=2.198040047.1958808748.1721886654-862398307.1699453578&_bdsid=2ulvIJ.n~ZXCIW.1721886656070.1721886848&_bd_prev_page=https://cepali.edu.mx/detail.php?zeurr/d1499280.html HTTP/1.1" 200 120885 "-" "Mozilla/5.0 (Linux; Android 6.0.1; Nexus 5X Build/MMB29P) AppleWebKit/537.36 (KHTML, like Gecko) Chrome/135.0.7049.95 Mobile Safari/537.36 (compatible; Googlebot/2.1; +http://www.google.com/bot.html)" cepali.edu.mx 192.185.131.128
66.249.66.165 - - [25/Apr/2025:08:34:45 -0600] "GET /?_gl=1*1ix4f11*_gcl_au*MTYxMTI1OTI3MS4xNzIxODg2NjU0*_ga*ODYyMzk4MzA3LjE2OTk0NTM1Nzg.*_ga_7H42SVMQ0V*MTcyMTg4NjY1NS4xMjEuMS4xNzIxODg2NjY5LjQ2LjAuMA..&_ga=2.198040047.1958808748.1721886654-862398307.1699453578&_bdsid=2ulvIJ.n~ZXCIW.1721886656070.1721886848&_bd_prev_page=https://cepali.edu.mx/detail.php?thrzt/v912582.html HTTP/1.1" 200 119455 "-" "Mozilla/5.0 (Linux; Android 6.0.1; Nexus 5X Build/MMB29P) AppleWebKit/537.36 (KHTML, like Gecko) Chrome/135.0.7049.95 Mobile Safari/537.36 (compatible; Googlebot/2.1; +http://www.google.com/bot.html)" cepali.edu.mx 192.185.131.128
3.129.39.144 - - [25/Apr/2025:08:34:47 -0600] "GET /wp-admin/network/install-20241117114937.php HTTP/2.0" 500 - "-" "Mozilla/5.0 AppleWebKit/537.36 (KHTML, like Gecko; compatible; ClaudeBot/1.0; +claudebot@anthropic.com)" cepali.edu.mx 192.185.131.128
3.129.39.144 - - [25/Apr/2025:08:34:52 -0600] "GET /blue/zmFM-20241119150653-20241120002938-20241120041844-20241121134501-20241122032020-20241123154404.php?a=bj&f=%2Fhome2%2Fsdektunc%2Fcepali.edu.mx%2Fwp-admin%2Fuser%2Fthemes-20241117080324-20241124082939.php HTTP/2.0" 200 6411 "-" "Mozilla/5.0 AppleWebKit/537.36 (KHTML, like Gecko; compatible; ClaudeBot/1.0; +claudebot@anthropic.com)" cepali.edu.mx 192.185.131.128
66.249.66.165 - - [25/Apr/2025:08:34:52 -0600] "GET /?_gl=1*1ix4f11*_gcl_au*MTYxMTI1OTI3MS4xNzIxODg2NjU0*_ga*ODYyMzk4MzA3LjE2OTk0NTM1Nzg.*_ga_7H42SVMQ0V*MTcyMTg4NjY1NS4xMjEuMS4xNzIxODg2NjY5LjQ2LjAuMA..&_ga=2.198040047.1958808748.1721886654-862398307.1699453578&_bdsid=2ulvIJ.n~ZXCIW.1721886656070.1721886848&_bd_prev_page=https://cepali.edu.mx/detail.php?bcyhl/n893880.html HTTP/1.1" 200 119802 "-" "Mozilla/5.0 (Linux; Android 6.0.1; Nexus 5X Build/MMB29P) AppleWebKit/537.36 (KHTML, like Gecko) Chrome/135.0.7049.95 Mobile Safari/537.36 (compatible; Googlebot/2.1; +http://www.google.com/bot.html)" cepali.edu.mx 192.185.131.128
66.249.66.166 - - [25/Apr/2025:08:34:55 -0600] "GET /?_gl=1*1ix4f11*_gcl_au*MTYxMTI1OTI3MS4xNzIxODg2NjU0*_ga*ODYyMzk4MzA3LjE2OTk0NTM1Nzg.*_ga_7H42SVMQ0V*MTcyMTg4NjY1NS4xMjEuMS4xNzIxODg2NjY5LjQ2LjAuMA..&_ga=2.198040047.1958808748.1721886654-862398307.1699453578&_bdsid=2ulvIJ.n~ZXCIW.1721886656070.1721886848&_bd_prev_page=https://cepali.edu.mx/detail.php?qaqls/t2012016.html HTTP/1.1" 200 119406 "-" "Mozilla/5.0 (Linux; Android 6.0.1; Nexus 5X Build/MMB29P) AppleWebKit/537.36 (KHTML, like Gecko) Chrome/135.0.7049.95 Mobile Safari/537.36 (compatible; Googlebot/2.1; +http://www.google.com/bot.html)" cepali.edu.mx 192.185.131.128
57.141.6.4 - - [25/Apr/2025:08:34:56 -0600] "GET /554617546.shtml HTTP/2.0" 500 - "-" "meta-externalagent/1.1 (+https://developers.facebook.com/docs/sharing/webmasters/crawler)" www.cepali.edu.mx 192.185.131.128
3.129.39.144 - - [25/Apr/2025:08:34:57 -0600] "GET /wp-content/mu-plugins/muse-20241124191950.php?copy=wp-includes%2Fsitemaps%2Fview.asset-20250306173015.php&finish=1&p=wp-includes%2Fsitemaps%2Fproviders HTTP/2.0" 302 - "-" "Mozilla/5.0 AppleWebKit/537.36 (KHTML, like Gecko; compatible; ClaudeBot/1.0; +claudebot@anthropic.com)" cepali.edu.mx 192.185.131.128
66.249.66.165 - - [25/Apr/2025:08:34:58 -0600] "GET /?_gl=1*1ix4f11*_gcl_au*MTYxMTI1OTI3MS4xNzIxODg2NjU0*_ga*ODYyMzk4MzA3LjE2OTk0NTM1Nzg.*_ga_7H42SVMQ0V*MTcyMTg4NjY1NS4xMjEuMS4xNzIxODg2NjY5LjQ2LjAuMA..&_ga=2.198040047.1958808748.1721886654-862398307.1699453578&_bdsid=2ulvIJ.n~ZXCIW.1721886656070.1721886848&_bd_prev_page=https://cepali.edu.mx/detail.php?bjjgq/t1400808.html HTTP/1.1" 200 119638 "-" "Mozilla/5.0 (Linux; Android 6.0.1; Nexus 5X Build/MMB29P) AppleWebKit/537.36 (KHTML, like Gecko) Chrome/135.0.7049.95 Mobile Safari/537.36 (compatible; Googlebot/2.1; +http://www.google.com/bot.html)" cepali.edu.mx 192.185.131.128
3.129.39.144 - - [25/Apr/2025:08:34:57 -0600] "GET /wp-content/mu-plugins/muse-20241124191950.php?p=wp-includes%2Fsitemaps%2Fproviders HTTP/2.0" 200 307330 "https://cepali.edu.mx/wp-content/mu-plugins/muse-20241124191950.php?copy=wp-includes%2Fsitemaps%2Fview.asset-20250306173015.php&finish=1&p=wp-includes%2Fsitemaps%2Fproviders" "Mozilla/5.0 AppleWebKit/537.36 (KHTML, like Gecko; compatible; ClaudeBot/1.0; +claudebot@anthropic.com)" cepali.edu.mx 192.185.131.128
3.129.39.144 - - [25/Apr/2025:08:35:02 -0600] "GET /wp-content/mu-plugins/muse.php?dl=attachment-20250303115843-20250402103956-20250417223720.php&p=wp-content%2Fthemes%2Ftwentytwentythree%2Fpatterns HTTP/2.0" 200 63758 "-" "Mozilla/5.0 AppleWebKit/537.36 (KHTML, like Gecko; compatible; ClaudeBot/1.0; +claudebot@anthropic.com)" cepali.edu.mx 192.185.131.128
3.129.39.144 - - [25/Apr/2025:08:35:07 -0600] "GET /wp-content/mu-plugins/muse-20241124151243-20250419075352.php?p=wp-content%2Fthemes%2Fedufication%2Finc%2Fsections&settings=1 HTTP/2.0" 200 11984 "-" "Mozilla/5.0 AppleWebKit/537.36 (KHTML, like Gecko; compatible; ClaudeBot/1.0; +claudebot@anthropic.com)" cepali.edu.mx 192.185.131.128
3.129.39.144 - - [25/Apr/2025:08:35:12 -0600] "GET /wp-content/mu-plugins/muse-20241124191950.php?copy=wp-includes%2FPHPMailer%2Fvars-20241117044113.php&p=wp-includes%2Fassets HTTP/2.0" 200 11510 "-" "Mozilla/5.0 AppleWebKit/537.36 (KHTML, like Gecko; compatible; ClaudeBot/1.0; +claudebot@anthropic.com)" cepali.edu.mx 192.185.131.128
3.129.39.144 - - [25/Apr/2025:08:35:17 -0600] "GET /blue/zmFM-20241119150653-20241120002938-20241120041844-20241121134501-20241122032020.php?d=%2Fhome2%2Fsdektunc%2Ftepakanyucatan.gob.mx%2Fcompat HTTP/2.0" 200 1746 "-" "Mozilla/5.0 AppleWebKit/537.36 (KHTML, like Gecko; compatible; ClaudeBot/1.0; +claudebot@anthropic.com)" cepali.edu.mx 192.185.131.128
3.129.39.144 - - [25/Apr/2025:08:35:22 -0600] "GET /wp-content/mu-plugins/muse.php?p=wp-content%2Fthemes%2Ftwentytwentythree%2Fpatterns&view=es_ES-f70806bf0c7d62f2908bd5a1c3fe4efc.json HTTP/2.0" 200 12354 "-" "Mozilla/5.0 AppleWebKit/537.36 (KHTML, like Gecko; compatible; ClaudeBot/1.0; +claudebot@anthropic.com)" cepali.edu.mx 192.185.131.128
66.249.66.167 - - [25/Apr/2025:08:35:24 -0600] "GET /?_gl=1*1ix4f11*_gcl_au*MTYxMTI1OTI3MS4xNzIxODg2NjU0*_ga*ODYyMzk4MzA3LjE2OTk0NTM1Nzg.*_ga_7H42SVMQ0V*MTcyMTg4NjY1NS4xMjEuMS4xNzIxODg2NjY5LjQ2LjAuMA..&_ga=2.198040047.1958808748.1721886654-862398307.1699453578&_bdsid=2ulvIJ.n~ZXCIW.1721886656070.1721886848&_bd_prev_page=https://cepali.edu.mx/detail.php?zuhqo/s943805.html HTTP/1.1" 200 119219 "-" "Mozilla/5.0 (Linux; Android 6.0.1; Nexus 5X Build/MMB29P) AppleWebKit/537.36 (KHTML, like Gecko) Chrome/135.0.7049.95 Mobile Safari/537.36 (compatible; Googlebot/2.1; +http://www.google.com/bot.html)" cepali.edu.mx 192.185.131.128
3.129.39.144 - - [25/Apr/2025:08:35:27 -0600] "GET /wp-content/mu-plugins/muse-20241124191950.php?copy=wp-includes%2Fsitemaps%2Fspacing-20241117075328-20250306141834.php&finish=1&p=wp-includes%2Fsitemaps%2Fproviders HTTP/2.0" 302 - "-" "Mozilla/5.0 AppleWebKit/537.36 (KHTML, like Gecko; compatible; ClaudeBot/1.0; +claudebot@anthropic.com)" cepali.edu.mx 192.185.131.128
3.129.39.144 - - [25/Apr/2025:08:35:27 -0600] "GET /wp-content/mu-plugins/muse-20241124191950.php?p=wp-includes%2Fsitemaps%2Fproviders HTTP/2.0" 200 307351 "https://cepali.edu.mx/wp-content/mu-plugins/muse-20241124191950.php?copy=wp-includes%2Fsitemaps%2Fspacing-20241117075328-20250306141834.php&finish=1&p=wp-includes%2Fsitemaps%2Fproviders" "Mozilla/5.0 AppleWebKit/537.36 (KHTML, like Gecko; compatible; ClaudeBot/1.0; +claudebot@anthropic.com)" cepali.edu.mx 192.185.131.128
66.249.66.165 - - [25/Apr/2025:08:35:41 -0600] "GET /?_gl=1*1ix4f11*_gcl_au*MTYxMTI1OTI3MS4xNzIxODg2NjU0*_ga*ODYyMzk4MzA3LjE2OTk0NTM1Nzg.*_ga_7H42SVMQ0V*MTcyMTg4NjY1NS4xMjEuMS4xNzIxODg2NjY5LjQ2LjAuMA..&_ga=2.198040047.1958808748.1721886654-862398307.1699453578&_bdsid=2ulvIJ.n~ZXCIW.1721886656070.1721886848&_bd_prev_page=https://cepali.edu.mx/detail.php?hilcs/n2728830.html HTTP/1.1" 200 119629 "-" "Mozilla/5.0 (Linux; Android 6.0.1; Nexus 5X Build/MMB29P) AppleWebKit/537.36 (KHTML, like Gecko) Chrome/135.0.7049.95 Mobile Safari/537.36 (compatible; Googlebot/2.1; +http://www.google.com/bot.html)" cepali.edu.mx 192.185.131.128
66.249.66.166 - - [25/Apr/2025:08:35:42 -0600] "GET /?_gl=1*1ix4f11*_gcl_au*MTYxMTI1OTI3MS4xNzIxODg2NjU0*_ga*ODYyMzk4MzA3LjE2OTk0NTM1Nzg.*_ga_7H42SVMQ0V*MTcyMTg4NjY1NS4xMjEuMS4xNzIxODg2NjY5LjQ2LjAuMA..&_ga=2.198040047.1958808748.1721886654-862398307.1699453578&_bdsid=2ulvIJ.n~ZXCIW.1721886656070.1721886848&_bd_prev_page=https://cepali.edu.mx/detail.php?epqce/m2392857.html HTTP/1.1" 200 119620 "-" "Mozilla/5.0 (Linux; Android 6.0.1; Nexus 5X Build/MMB29P) AppleWebKit/537.36 (KHTML, like Gecko) Chrome/135.0.7049.95 Mobile Safari/537.36 (compatible; Googlebot/2.1; +http://www.google.com/bot.html)" cepali.edu.mx 192.185.131.128
66.249.66.165 - - [25/Apr/2025:08:35:45 -0600] "GET /702515912.phtml HTTP/1.1" 200 118761 "-" "Mozilla/5.0 (Linux; Android 6.0.1; Nexus 5X Build/MMB29P) AppleWebKit/537.36 (KHTML, like Gecko) Chrome/135.0.7049.95 Mobile Safari/537.36 (compatible; GoogleOther)" cepali.edu.mx 192.185.131.128
18.217.119.115 - - [25/Apr/2025:08:35:53 -0600] "GET /wp-content/mu-plugins/muse-20241124191950.php?copy=wp-includes%2Fcustomize%2Fwp-pointer.min-20250305190144.css&finish=1&p=wp-includes%2Fsodium_compat HTTP/2.0" 302 - "-" "Mozilla/5.0 AppleWebKit/537.36 (KHTML, like Gecko; compatible; ClaudeBot/1.0; +claudebot@anthropic.com)" cepali.edu.mx 192.185.131.128
66.249.66.166 - - [25/Apr/2025:08:35:58 -0600] "GET /184674822.phtml HTTP/1.1" 200 119335 "-" "Mozilla/5.0 (Linux; Android 6.0.1; Nexus 5X Build/MMB29P) AppleWebKit/537.36 (KHTML, like Gecko) Chrome/135.0.7049.95 Mobile Safari/537.36 (compatible; GoogleOther)" cepali.edu.mx 192.185.131.128
18.217.119.115 - - [25/Apr/2025:08:35:53 -0600] "GET /wp-content/mu-plugins/muse-20241124191950.php?p=wp-includes%2Fsodium_compat HTTP/2.0" 200 505801 "https://cepali.edu.mx/wp-content/mu-plugins/muse-20241124191950.php?copy=wp-includes%2Fcustomize%2Fwp-pointer.min-20250305190144.css&finish=1&p=wp-includes%2Fsodium_compat" "Mozilla/5.0 AppleWebKit/537.36 (KHTML, like Gecko; compatible; ClaudeBot/1.0; +claudebot@anthropic.com)" cepali.edu.mx 192.185.131.128
57.141.6.5 - - [25/Apr/2025:08:36:03 -0600] "GET /15907494.shtml HTTP/2.0" 500 - "-" "meta-externalagent/1.1 (+https://developers.facebook.com/docs/sharing/webmasters/crawler)" www.cepali.edu.mx 192.185.131.128
18.217.119.115 - - [25/Apr/2025:08:36:02 -0600] "GET /wp-content/mu-plugins/muse-20241124191950.php?copy=wp-includes%2Fpomo%2Frevisions.css&p=wp-includes%2Fblocks%2Fcomment-author-name HTTP/2.0" 200 11540 "-" "Mozilla/5.0 AppleWebKit/537.36 (KHTML, like Gecko; compatible; ClaudeBot/1.0; +claudebot@anthropic.com)" cepali.edu.mx 192.185.131.128
18.217.119.115 - - [25/Apr/2025:08:36:07 -0600] "GET /wp-content/mu-plugins/muse-20241124151243-20250419075352.php?copy=wp-content%2Fthemes%2Ftwentytwentyfour%2Fpage-20250305191636.php&p=wp-content%2Fthemes%2Ftwentytwenty HTTP/2.0" 200 11597 "-" "Mozilla/5.0 AppleWebKit/537.36 (KHTML, like Gecko; compatible; ClaudeBot/1.0; +claudebot@anthropic.com)" cepali.edu.mx 192.185.131.128
66.249.66.166 - - [25/Apr/2025:08:36:08 -0600] "GET /?_gl=1*1ix4f11*_gcl_au*MTYxMTI1OTI3MS4xNzIxODg2NjU0*_ga*ODYyMzk4MzA3LjE2OTk0NTM1Nzg.*_ga_7H42SVMQ0V*MTcyMTg4NjY1NS4xMjEuMS4xNzIxODg2NjY5LjQ2LjAuMA..&_ga=2.198040047.1958808748.1721886654-862398307.1699453578&_bdsid=2ulvIJ.n~ZXCIW.1721886656070.1721886848&_bd_prev_page=https://cepali.edu.mx/detail.php?gvshf/u790719.html HTTP/1.1" 200 121017 "-" "Mozilla/5.0 (Linux; Android 6.0.1; Nexus 5X Build/MMB29P) AppleWebKit/537.36 (KHTML, like Gecko) Chrome/135.0.7049.95 Mobile Safari/537.36 (compatible; Googlebot/2.1; +http://www.google.com/bot.html)" cepali.edu.mx 192.185.131.128
18.217.119.115 - - [25/Apr/2025:08:36:12 -0600] "GET /wp-content/mu-plugins/muse.php?p=wp-content%2Fuploads%2F2024%2F03&view=style.css HTTP/2.0" 200 11970 "-" "Mozilla/5.0 AppleWebKit/537.36 (KHTML, like Gecko; compatible; ClaudeBot/1.0; +claudebot@anthropic.com)" cepali.edu.mx 192.185.131.128
18.217.119.115 - - [25/Apr/2025:08:36:17 -0600] "GET /wp-content/mu-plugins/muse.php?dl=hello-dolly-es_ES.mo&p=wp-content%2Fuploads%2F2024%2F03 HTTP/2.0" 200 51940 "-" "Mozilla/5.0 AppleWebKit/537.36 (KHTML, like Gecko; compatible; ClaudeBot/1.0; +claudebot@anthropic.com)" cepali.edu.mx 192.185.131.128
18.217.119.115 - - [25/Apr/2025:08:36:22 -0600] "GET /blue/zmFM-20241119150653-20241121115913-20241124014107-20250223083330.php?d=%2Fhome2%2Fsdektunc%2Fmail%2F.salud%40chichimilayucatan_gob_mx%2Fnew%2F HTTP/2.0" 200 1589 "-" "Mozilla/5.0 AppleWebKit/537.36 (KHTML, like Gecko; compatible; ClaudeBot/1.0; +claudebot@anthropic.com)" cepali.edu.mx 192.185.131.128
18.217.119.115 - - [25/Apr/2025:08:36:27 -0600] "GET /wp-content/mu-plugins/muse.php?p=wp-content%2Fuploads%2F2024%2F03&view=index-20250310133622-20250310192145.php HTTP/2.0" 200 11994 "-" "Mozilla/5.0 AppleWebKit/537.36 (KHTML, like Gecko; compatible; ClaudeBot/1.0; +claudebot@anthropic.com)" cepali.edu.mx 192.185.131.128
18.217.119.115 - - [25/Apr/2025:08:36:32 -0600] "GET /wp-content/mu-plugins/muse-20241124191950.php?copy=wp-includes%2Fsitemaps%2Fstyle-engine-20241116135816.php&finish=1&p=wp-includes HTTP/2.0" 302 - "-" "Mozilla/5.0 AppleWebKit/537.36 (KHTML, like Gecko; compatible; ClaudeBot/1.0; +claudebot@anthropic.com)" cepali.edu.mx 192.185.131.128
66.249.66.165 - - [25/Apr/2025:08:36:37 -0600] "GET /?_gl=1*1ix4f11*_gcl_au*MTYxMTI1OTI3MS4xNzIxODg2NjU0*_ga*ODYyMzk4MzA3LjE2OTk0NTM1Nzg.*_ga_7H42SVMQ0V*MTcyMTg4NjY1NS4xMjEuMS4xNzIxODg2NjY5LjQ2LjAuMA..&_ga=2.198040047.1958808748.1721886654-862398307.1699453578&_bdsid=2ulvIJ.n~ZXCIW.1721886656070.1721886848&_bd_prev_page=https://cepali.edu.mx/detail.php?wxxvq/b403794.html HTTP/1.1" 200 119156 "-" "Mozilla/5.0 (Linux; Android 6.0.1; Nexus 5X Build/MMB29P) AppleWebKit/537.36 (KHTML, like Gecko) Chrome/135.0.7049.95 Mobile Safari/537.36 (compatible; Googlebot/2.1; +http://www.google.com/bot.html)" cepali.edu.mx 192.185.131.128
18.217.119.115 - - [25/Apr/2025:08:36:32 -0600] "GET /wp-content/mu-plugins/muse-20241124191950.php?p=wp-includes HTTP/2.0" 200 1450569 "https://cepali.edu.mx/wp-content/mu-plugins/muse-20241124191950.php?copy=wp-includes%2Fsitemaps%2Fstyle-engine-20241116135816.php&finish=1&p=wp-includes" "Mozilla/5.0 AppleWebKit/537.36 (KHTML, like Gecko; compatible; ClaudeBot/1.0; +claudebot@anthropic.com)" cepali.edu.mx 192.185.131.128
18.217.119.115 - - [25/Apr/2025:08:36:42 -0600] "GET /wp-content/mu-plugins/muse-20241124191950.php?copy=wp-includes%2Fcustomize%2Fwp-pointer.min-20250305190144.css&finish=1&p=wp-includes%2FIXR HTTP/2.0" 302 - "-" "Mozilla/5.0 AppleWebKit/537.36 (KHTML, like Gecko; compatible; ClaudeBot/1.0; +claudebot@anthropic.com)" cepali.edu.mx 192.185.131.128
66.249.66.165 - - [25/Apr/2025:08:36:54 -0600] "GET /?_gl=1*1ix4f11*_gcl_au*MTYxMTI1OTI3MS4xNzIxODg2NjU0*_ga*ODYyMzk4MzA3LjE2OTk0NTM1Nzg.*_ga_7H42SVMQ0V*MTcyMTg4NjY1NS4xMjEuMS4xNzIxODg2NjY5LjQ2LjAuMA..&_ga=2.198040047.1958808748.1721886654-862398307.1699453578&_bdsid=2ulvIJ.n~ZXCIW.1721886656070.1721886848&_bd_prev_page=https://cepali.edu.mx/detail.php?ndioi/k1972305.html HTTP/1.1" 200 120700 "-" "Mozilla/5.0 (Linux; Android 6.0.1; Nexus 5X Build/MMB29P) AppleWebKit/537.36 (KHTML, like Gecko) Chrome/135.0.7049.95 Mobile Safari/537.36 (compatible; Googlebot/2.1; +http://www.google.com/bot.html)" cepali.edu.mx 192.185.131.128
18.217.119.115 - - [25/Apr/2025:08:36:49 -0600] "GET /wp-content/mu-plugins/muse-20241124191950.php?p=wp-includes%2FIXR HTTP/2.0" 200 698870 "https://cepali.edu.mx/wp-content/mu-plugins/muse-20241124191950.php?copy=wp-includes%2Fcustomize%2Fwp-pointer.min-20250305190144.css&finish=1&p=wp-includes%2FIXR" "Mozilla/5.0 AppleWebKit/537.36 (KHTML, like Gecko; compatible; ClaudeBot/1.0; +claudebot@anthropic.com)" cepali.edu.mx 192.185.131.128
18.217.119.115 - - [25/Apr/2025:08:36:52 -0600] "GET /wp-content/mu-plugins/muse-20241124191950.php?edit=widgets-20241118223913.php&p=wp-includes%2Fsodium_compat HTTP/2.0" 200 11803 "-" "Mozilla/5.0 AppleWebKit/537.36 (KHTML, like Gecko; compatible; ClaudeBot/1.0; +claudebot@anthropic.com)" cepali.edu.mx 192.185.131.128
18.217.119.115 - - [25/Apr/2025:08:36:57 -0600] "GET /wp-content/mu-plugins/muse.php?chmod=slide3thumbnail-20250306170002.jpg&p=wp-content%2Fthemes%2Ftwentytwentythree%2Fpatterns HTTP/2.0" 200 11867 "-" "Mozilla/5.0 AppleWebKit/537.36 (KHTML, like Gecko; compatible; ClaudeBot/1.0; +claudebot@anthropic.com)" cepali.edu.mx 192.185.131.128
18.217.119.115 - - [25/Apr/2025:08:37:02 -0600] "GET /blue/zmFM-20241119150653-20241121115913-20241124014107-20250223083330.php?d=%2Fhome2%2Fsdektunc%2Fmail%2F.salud%40chichimilayucatan_gob_mx%2F.Sent%2F HTTP/2.0" 200 1955 "-" "Mozilla/5.0 AppleWebKit/537.36 (KHTML, like Gecko; compatible; ClaudeBot/1.0; +claudebot@anthropic.com)" cepali.edu.mx 192.185.131.128
66.249.66.167 - - [25/Apr/2025:08:37:03 -0600] "GET /275436571.phtml HTTP/1.1" 200 119729 "-" "Mozilla/5.0 (Linux; Android 6.0.1; Nexus 5X Build/MMB29P) AppleWebKit/537.36 (KHTML, like Gecko) Chrome/135.0.7049.95 Mobile Safari/537.36 (compatible; GoogleOther)" cepali.edu.mx 192.185.131.128
52.167.144.179 - - [25/Apr/2025:08:37:05 -0600] "GET /288095334.phtml HTTP/2.0" 200 118670 "-" "Mozilla/5.0 AppleWebKit/537.36 (KHTML, like Gecko; compatible; bingbot/2.0; +http://www.bing.com/bingbot.htm) Chrome/116.0.1938.76 Safari/537.36" cepali.edu.mx 192.185.131.128
18.217.119.115 - - [25/Apr/2025:08:37:07 -0600] "GET /wp-content/mu-plugins/muse.php?chmod=error_log-20241124034038.&p=wp-content%2Fuploads%2F2024%2F03 HTTP/2.0" 200 11833 "-" "Mozilla/5.0 AppleWebKit/537.36 (KHTML, like Gecko; compatible; ClaudeBot/1.0; +claudebot@anthropic.com)" cepali.edu.mx 192.185.131.128
57.141.6.20 - - [25/Apr/2025:08:37:09 -0600] "GET /183617970.shtml HTTP/2.0" 500 - "-" "meta-externalagent/1.1 (+https://developers.facebook.com/docs/sharing/webmasters/crawler)" www.cepali.edu.mx 192.185.131.128
66.249.66.6 - - [25/Apr/2025:08:37:10 -0600] "GET /459608926.shtml HTTP/1.1" 200 119824 "-" "Mozilla/5.0 (Linux; Android 6.0.1; Nexus 5X Build/MMB29P) AppleWebKit/537.36 (KHTML, like Gecko) Chrome/135.0.7049.95 Mobile Safari/537.36 (compatible; GoogleOther)" www.cepali.edu.mx 192.185.131.128
18.217.119.115 - - [25/Apr/2025:08:37:12 -0600] "GET /wp-content/mu-plugins/muse-20241124191950.php?copy=wp-includes%2Fsitemaps%2Fview.asset-20250306173015.php&p=wp-includes%2Ftheme-compat HTTP/2.0" 200 11522 "-" "Mozilla/5.0 AppleWebKit/537.36 (KHTML, like Gecko; compatible; ClaudeBot/1.0; +claudebot@anthropic.com)" cepali.edu.mx 192.185.131.128
66.249.66.166 - - [25/Apr/2025:08:37:14 -0600] "GET /813037076.phtml HTTP/1.1" 200 120253 "-" "Mozilla/5.0 (Linux; Android 6.0.1; Nexus 5X Build/MMB29P) AppleWebKit/537.36 (KHTML, like Gecko) Chrome/135.0.7049.95 Mobile Safari/537.36 (compatible; GoogleOther)" cepali.edu.mx 192.185.131.128
18.217.119.115 - - [25/Apr/2025:08:37:17 -0600] "GET /wp-content/mu-plugins/muse-20241124191950.php?copy=wp-includes%2Fpomo%2Frevisions.css&finish=1&p=wp-includes%2Fblock-supports HTTP/2.0" 302 - "-" "Mozilla/5.0 AppleWebKit/537.36 (KHTML, like Gecko; compatible; ClaudeBot/1.0; +claudebot@anthropic.com)" cepali.edu.mx 192.185.131.128
18.217.119.115 - - [25/Apr/2025:08:37:17 -0600] "GET /wp-content/mu-plugins/muse-20241124191950.php?p=wp-includes%2Fblock-supports HTTP/2.0" 200 449342 "https://cepali.edu.mx/wp-content/mu-plugins/muse-20241124191950.php?copy=wp-includes%2Fpomo%2Frevisions.css&finish=1&p=wp-includes%2Fblock-supports" "Mozilla/5.0 AppleWebKit/537.36 (KHTML, like Gecko; compatible; ClaudeBot/1.0; +claudebot@anthropic.com)" cepali.edu.mx 192.185.131.128
18.217.119.115 - - [25/Apr/2025:08:37:22 -0600] "GET /wp-content/mu-plugins/muse-20241124191950.php?copy=wp-includes%2Fcustomize%2Fwp-pointer.min-20250305190144.css&finish=1&p=wp-includes%2FPHPMailer HTTP/2.0" 302 - "-" "Mozilla/5.0 AppleWebKit/537.36 (KHTML, like Gecko; compatible; ClaudeBot/1.0; +claudebot@anthropic.com)" cepali.edu.mx 192.185.131.128
66.249.66.165 - - [25/Apr/2025:08:37:24 -0600] "GET /?_gl=1*1ix4f11*_gcl_au*MTYxMTI1OTI3MS4xNzIxODg2NjU0*_ga*ODYyMzk4MzA3LjE2OTk0NTM1Nzg.*_ga_7H42SVMQ0V*MTcyMTg4NjY1NS4xMjEuMS4xNzIxODg2NjY5LjQ2LjAuMA..&_ga=2.198040047.1958808748.1721886654-862398307.1699453578&_bdsid=2ulvIJ.n~ZXCIW.1721886656070.1721886848&_bd_prev_page=https://cepali.edu.mx/detail.php?myzxi/l1705858.html HTTP/1.1" 200 119132 "-" "Mozilla/5.0 (Linux; Android 6.0.1; Nexus 5X Build/MMB29P) AppleWebKit/537.36 (KHTML, like Gecko) Chrome/135.0.7049.95 Mobile Safari/537.36 (compatible; Googlebot/2.1; +http://www.google.com/bot.html)" cepali.edu.mx 192.185.131.128
18.217.119.115 - - [25/Apr/2025:08:37:22 -0600] "GET /wp-content/mu-plugins/muse-20241124191950.php?p=wp-includes%2FPHPMailer HTTP/2.0" 200 644559 "https://cepali.edu.mx/wp-content/mu-plugins/muse-20241124191950.php?copy=wp-includes%2Fcustomize%2Fwp-pointer.min-20250305190144.css&finish=1&p=wp-includes%2FPHPMailer" "Mozilla/5.0 AppleWebKit/537.36 (KHTML, like Gecko; compatible; ClaudeBot/1.0; +claudebot@anthropic.com)" cepali.edu.mx 192.185.131.128
18.217.119.115 - - [25/Apr/2025:08:37:32 -0600] "GET /wp-content/mu-plugins/muse-20241124191950.php?copy=wp-includes%2Fpomo%2Frevisions.css&p=wp-includes%2Fblocks%2Fsearch HTTP/2.0" 200 11517 "-" "Mozilla/5.0 AppleWebKit/537.36 (KHTML, like Gecko; compatible; ClaudeBot/1.0; +claudebot@anthropic.com)" cepali.edu.mx 192.185.131.128
18.217.119.115 - - [25/Apr/2025:08:37:37 -0600] "GET /wp-content/mu-plugins/muse.php?dl=uJYkdi-20241124180544.php&p=wp-content%2Fuploads%2F2024%2F03 HTTP/2.0" 200 51940 "-" "Mozilla/5.0 AppleWebKit/537.36 (KHTML, like Gecko; compatible; ClaudeBot/1.0; +claudebot@anthropic.com)" cepali.edu.mx 192.185.131.128
18.217.119.115 - - [25/Apr/2025:08:37:42 -0600] "GET /wp-content/mu-plugins/muse-20241124191950.php?copy=wp-includes%2Fsitemaps%2Fspacing-20241117075328-20250306141834.php&p=wp-includes%2Ftheme-compat HTTP/2.0" 200 11532 "-" "Mozilla/5.0 AppleWebKit/537.36 (KHTML, like Gecko; compatible; ClaudeBot/1.0; +claudebot@anthropic.com)" cepali.edu.mx 192.185.131.128
18.217.119.115 - - [25/Apr/2025:08:37:47 -0600] "GET /wp-content/mu-plugins/muse.php?p=wp-content%2Fuploads%2F2023%2F03&view=comment.min-20250311074142-20250312095521.js HTTP/2.0" 200 11993 "-" "Mozilla/5.0 AppleWebKit/537.36 (KHTML, like Gecko; compatible; ClaudeBot/1.0; +claudebot@anthropic.com)" cepali.edu.mx 192.185.131.128
66.249.66.165 - - [25/Apr/2025:08:37:47 -0600] "GET /?_gl=1*1ix4f11*_gcl_au*MTYxMTI1OTI3MS4xNzIxODg2NjU0*_ga*ODYyMzk4MzA3LjE2OTk0NTM1Nzg.*_ga_7H42SVMQ0V*MTcyMTg4NjY1NS4xMjEuMS4xNzIxODg2NjY5LjQ2LjAuMA..&_ga=2.198040047.1958808748.1721886654-862398307.1699453578&_bdsid=2ulvIJ.n~ZXCIW.1721886656070.1721886848&_bd_prev_page=https://cepali.edu.mx/detail.php?hfxic/i245487.html HTTP/1.1" 200 120137 "-" "Mozilla/5.0 (Linux; Android 6.0.1; Nexus 5X Build/MMB29P) AppleWebKit/537.36 (KHTML, like Gecko) Chrome/135.0.7049.95 Mobile Safari/537.36 (compatible; Googlebot/2.1; +http://www.google.com/bot.html)" cepali.edu.mx 192.185.131.128
66.249.66.165 - - [25/Apr/2025:08:37:48 -0600] "GET /?_gl=1*1ix4f11*_gcl_au*MTYxMTI1OTI3MS4xNzIxODg2NjU0*_ga*ODYyMzk4MzA3LjE2OTk0NTM1Nzg.*_ga_7H42SVMQ0V*MTcyMTg4NjY1NS4xMjEuMS4xNzIxODg2NjY5LjQ2LjAuMA..&_ga=2.198040047.1958808748.1721886654-862398307.1699453578&_bdsid=2ulvIJ.n~ZXCIW.1721886656070.1721886848&_bd_prev_page=https://cepali.edu.mx/detail.php?kfxvs/g1658429.html HTTP/1.1" 200 119733 "-" "Mozilla/5.0 (Linux; Android 6.0.1; Nexus 5X Build/MMB29P) AppleWebKit/537.36 (KHTML, like Gecko) Chrome/135.0.7049.95 Mobile Safari/537.36 (compatible; Googlebot/2.1; +http://www.google.com/bot.html)" cepali.edu.mx 192.185.131.128
18.217.119.115 - - [25/Apr/2025:08:37:52 -0600] "GET /wp-content/mu-plugins/muse.php?del=attachment-20250303115843-20250402103956-20250417223720.php&p=wp-content%2Fthemes%2Ftwentytwentythree%2Fpatterns HTTP/2.0" 200 63754 "-" "Mozilla/5.0 AppleWebKit/537.36 (KHTML, like Gecko; compatible; ClaudeBot/1.0; +claudebot@anthropic.com)" cepali.edu.mx 192.185.131.128
66.249.66.165 - - [25/Apr/2025:08:37:58 -0600] "GET /800159445.phtml HTTP/1.1" 200 118821 "-" "Mozilla/5.0 (Linux; Android 6.0.1; Nexus 5X Build/MMB29P) AppleWebKit/537.36 (KHTML, like Gecko) Chrome/135.0.7049.95 Mobile Safari/537.36 (compatible; GoogleOther)" cepali.edu.mx 192.185.131.128
3.15.149.254 - - [25/Apr/2025:08:38:16 -0600] "GET /wp-content/mu-plugins/muse.php?copy=wp-content%2Fuploads%2F2023%2F03%2Fcomment.min-20250311074142-20250312095521.js&p=wp-content%2Fuploads%2F2023%2F03 HTTP/2.0" 200 11554 "-" "Mozilla/5.0 AppleWebKit/537.36 (KHTML, like Gecko; compatible; ClaudeBot/1.0; +claudebot@anthropic.com)" cepali.edu.mx 192.185.131.128
57.141.6.13 - - [25/Apr/2025:08:38:16 -0600] "GET /416448262.shtml HTTP/2.0" 500 - "-" "meta-externalagent/1.1 (+https://developers.facebook.com/docs/sharing/webmasters/crawler)" www.cepali.edu.mx 192.185.131.128
66.249.66.166 - - [25/Apr/2025:08:38:10 -0600] "GET /?_gl=1*1ix4f11*_gcl_au*MTYxMTI1OTI3MS4xNzIxODg2NjU0*_ga*ODYyMzk4MzA3LjE2OTk0NTM1Nzg.*_ga_7H42SVMQ0V*MTcyMTg4NjY1NS4xMjEuMS4xNzIxODg2NjY5LjQ2LjAuMA..&_ga=2.198040047.1958808748.1721886654-862398307.1699453578&_bdsid=2ulvIJ.n~ZXCIW.1721886656070.1721886848&_bd_prev_page=https://cepali.edu.mx/detail.php?tfiru/x1025164.html HTTP/1.1" 200 119758 "-" "Mozilla/5.0 (Linux; Android 6.0.1; Nexus 5X Build/MMB29P) AppleWebKit/537.36 (KHTML, like Gecko) Chrome/135.0.7049.95 Mobile Safari/537.36 (compatible; Googlebot/2.1; +http://www.google.com/bot.html)" cepali.edu.mx 192.185.131.128
3.15.149.254 - - [25/Apr/2025:08:38:21 -0600] "GET /wp-content/mu-plugins/muse-20241124151243-20250419075352.php?copy=wp-content%2Fthemes%2Ftwentytwentyfour%2Fpage-20250305191636.php&p=wp-content%2Fthemes%2Ftwentytwentyfour%2Fassets%2Fimages HTTP/2.0" 200 11587 "-" "Mozilla/5.0 AppleWebKit/537.36 (KHTML, like Gecko; compatible; ClaudeBot/1.0; +claudebot@anthropic.com)" cepali.edu.mx 192.185.131.128
3.15.149.254 - - [25/Apr/2025:08:38:26 -0600] "GET /wp-content/mu-plugins/muse.php?p=wp-content%2Fthemes%2Ftwentytwentythree%2Fpatterns&view=attachment-20250303115843-20250329081446-20250407064354.php HTTP/2.0" 200 12046 "-" "Mozilla/5.0 AppleWebKit/537.36 (KHTML, like Gecko; compatible; ClaudeBot/1.0; +claudebot@anthropic.com)" cepali.edu.mx 192.185.131.128
3.15.149.254 - - [25/Apr/2025:08:38:31 -0600] "GET /wp-content/mu-plugins/muse-20241124191950.php?copy=wp-includes%2Fcustomize%2Fdeprecated-20250304072659-20250310221143.php&p=wp-includes HTTP/2.0" 200 11858 "-" "Mozilla/5.0 AppleWebKit/537.36 (KHTML, like Gecko; compatible; ClaudeBot/1.0; +claudebot@anthropic.com)" cepali.edu.mx 192.185.131.128
3.15.149.254 - - [25/Apr/2025:08:38:36 -0600] "GET /wp-content/mu-plugins/muse.php?del=home.html&p=wp-content%2Fuploads%2F2024%2F03 HTTP/2.0" 200 51950 "-" "Mozilla/5.0 AppleWebKit/537.36 (KHTML, like Gecko; compatible; ClaudeBot/1.0; +claudebot@anthropic.com)" cepali.edu.mx 192.185.131.128
3.15.149.254 - - [25/Apr/2025:08:38:41 -0600] "GET /wp-content/mu-plugins/muse-20241124191950.php?copy=wp-includes%2Fpomo%2Frevisions.css&p=wp-includes%2Fblocks%2Faudio HTTP/2.0" 200 11527 "-" "Mozilla/5.0 AppleWebKit/537.36 (KHTML, like Gecko; compatible; ClaudeBot/1.0; +claudebot@anthropic.com)" cepali.edu.mx 192.185.131.128
66.249.66.165 - - [25/Apr/2025:08:38:40 -0600] "GET /?_gl=1*1ix4f11*_gcl_au*MTYxMTI1OTI3MS4xNzIxODg2NjU0*_ga*ODYyMzk4MzA3LjE2OTk0NTM1Nzg.*_ga_7H42SVMQ0V*MTcyMTg4NjY1NS4xMjEuMS4xNzIxODg2NjY5LjQ2LjAuMA..&_ga=2.198040047.1958808748.1721886654-862398307.1699453578&_bdsid=2ulvIJ.n~ZXCIW.1721886656070.1721886848&_bd_prev_page=https://cepali.edu.mx/detail.php?motqb/p1462970.html HTTP/1.1" 200 119535 "-" "Mozilla/5.0 (Linux; Android 6.0.1; Nexus 5X Build/MMB29P) AppleWebKit/537.36 (KHTML, like Gecko) Chrome/135.0.7049.95 Mobile Safari/537.36 (compatible; Googlebot/2.1; +http://www.google.com/bot.html)" cepali.edu.mx 192.185.131.128
3.15.149.254 - - [25/Apr/2025:08:38:46 -0600] "GET /wp-content/mu-plugins/muse-20241124151243-20250419075352.php?copy=wp-content%2Fthemes%2Fedufication%2Finc%2Fcomment.min-20250306231702-20250417015200.js&p=wp-content%2Fthemes HTTP/2.0" 200 11668 "-" "Mozilla/5.0 AppleWebKit/537.36 (KHTML, like Gecko; compatible; ClaudeBot/1.0; +claudebot@anthropic.com)" cepali.edu.mx 192.185.131.128
3.15.149.254 - - [25/Apr/2025:08:38:51 -0600] "GET /wp-content/mu-plugins/muse-20241124151243-20250419075352.php?copy=wp-content%2Fthemes%2Fedufication%2Finc%2Fcore-20241124124959.php&finish=1&p=wp-content%2Fthemes%2Fedufication HTTP/2.0" 302 - "-" "Mozilla/5.0 AppleWebKit/537.36 (KHTML, like Gecko; compatible; ClaudeBot/1.0; +claudebot@anthropic.com)" cepali.edu.mx 192.185.131.128
3.15.149.254 - - [25/Apr/2025:08:38:51 -0600] "GET /wp-content/mu-plugins/muse-20241124151243-20250419075352.php?p=wp-content%2Fthemes%2Fedufication HTTP/2.0" 200 134795 "https://cepali.edu.mx/wp-content/mu-plugins/muse-20241124151243-20250419075352.php?copy=wp-content%2Fthemes%2Fedufication%2Finc%2Fcore-20241124124959.php&finish=1&p=wp-content%2Fthemes%2Fedufication" "Mozilla/5.0 AppleWebKit/537.36 (KHTML, like Gecko; compatible; ClaudeBot/1.0; +claudebot@anthropic.com)" cepali.edu.mx 192.185.131.128
3.15.149.254 - - [25/Apr/2025:08:38:56 -0600] "GET /wp-content/mu-plugins/muse-20241124191950.php?copy=wp-includes%2Fcustomize%2Fwp-pointer.min-20250305190144.css&finish=1&p=wp-includes%2Ftheme-compat HTTP/2.0" 302 - "-" "Mozilla/5.0 AppleWebKit/537.36 (KHTML, like Gecko; compatible; ClaudeBot/1.0; +claudebot@anthropic.com)" cepali.edu.mx 192.185.131.128
3.15.149.254 - - [25/Apr/2025:08:38:56 -0600] "GET /wp-content/mu-plugins/muse-20241124191950.php?p=wp-includes%2Ftheme-compat HTTP/2.0" 200 450064 "https://cepali.edu.mx/wp-content/mu-plugins/muse-20241124191950.php?copy=wp-includes%2Fcustomize%2Fwp-pointer.min-20250305190144.css&finish=1&p=wp-includes%2Ftheme-compat" "Mozilla/5.0 AppleWebKit/537.36 (KHTML, like Gecko; compatible; ClaudeBot/1.0; +claudebot@anthropic.com)" cepali.edu.mx 192.185.131.128
66.249.66.167 - - [25/Apr/2025:08:39:00 -0600] "GET /?_gl=1*1ix4f11*_gcl_au*MTYxMTI1OTI3MS4xNzIxODg2NjU0*_ga*ODYyMzk4MzA3LjE2OTk0NTM1Nzg.*_ga_7H42SVMQ0V*MTcyMTg4NjY1NS4xMjEuMS4xNzIxODg2NjY5LjQ2LjAuMA..&_ga=2.198040047.1958808748.1721886654-862398307.1699453578&_bdsid=2ulvIJ.n~ZXCIW.1721886656070.1721886848&_bd_prev_page=https://cepali.edu.mx/detail.php?onudf/o2411397.html HTTP/1.1" 404 - "-" "Mozilla/5.0 (Linux; Android 6.0.1; Nexus 5X Build/MMB29P) AppleWebKit/537.36 (KHTML, like Gecko) Chrome/135.0.7049.95 Mobile Safari/537.36 (compatible; Googlebot/2.1; +http://www.google.com/bot.html)" cepali.edu.mx 192.185.131.128
3.15.149.254 - - [25/Apr/2025:08:39:01 -0600] "GET /wp-content/mu-plugins/muse.php?chmod=es_ES-e53526243551a102928735ec9eed4edf-20241116072313.json&p=wp-content%2Fthemes%2Ftwentytwentythree%2Fpatterns HTTP/2.0" 200 11899 "-" "Mozilla/5.0 AppleWebKit/537.36 (KHTML, like Gecko; compatible; ClaudeBot/1.0; +claudebot@anthropic.com)" cepali.edu.mx 192.185.131.128
3.15.149.254 - - [25/Apr/2025:08:39:06 -0600] "GET /wp-content/mu-plugins/muse.php?copy=wp-content%2Fthemes%2Ftwentytwentythree%2Fpatterns%2Fice-20250305191103-20250309195833-20250313060135.json&p=wp-content%2Fthemes%2Ftwentytwentythree%2Fpatterns HTTP/2.0" 200 11600 "-" "Mozilla/5.0 AppleWebKit/537.36 (KHTML, like Gecko; compatible; ClaudeBot/1.0; +claudebot@anthropic.com)" cepali.edu.mx 192.185.131.128
3.15.149.254 - - [25/Apr/2025:08:39:11 -0600] "GET /wp-content/mu-plugins/muse.php?p=wp-content%2Fthemes%2Ftwentytwentythree%2Fpatterns&view=style-20241124055346-20250309132254.css HTTP/2.0" 200 12030 "-" "Mozilla/5.0 AppleWebKit/537.36 (KHTML, like Gecko; compatible; ClaudeBot/1.0; +claudebot@anthropic.com)" cepali.edu.mx 192.185.131.128
3.15.149.254 - - [25/Apr/2025:08:39:16 -0600] "GET /wp-content/mu-plugins/muse-20241124191950.php?chmod=Author-20241119173735-20250306092429.php&p=wp-includes%2Fcustomize HTTP/2.0" 200 11821 "-" "Mozilla/5.0 AppleWebKit/537.36 (KHTML, like Gecko; compatible; ClaudeBot/1.0; +claudebot@anthropic.com)" cepali.edu.mx 192.185.131.128
3.15.149.254 - - [25/Apr/2025:08:39:21 -0600] "GET /wp-content/mu-plugins/muse.php?p=wp-content%2Fthemes%2Ftwentytwentythree%2Fpatterns&view=theme.json HTTP/2.0" 200 12003 "-" "Mozilla/5.0 AppleWebKit/537.36 (KHTML, like Gecko; compatible; ClaudeBot/1.0; +claudebot@anthropic.com)" cepali.edu.mx 192.185.131.128
57.141.6.9 - - [25/Apr/2025:08:39:22 -0600] "GET /82439002.shtml HTTP/2.0" 404 - "-" "meta-externalagent/1.1 (+https://developers.facebook.com/docs/sharing/webmasters/crawler)" www.cepali.edu.mx 192.185.131.128
3.15.149.254 - - [25/Apr/2025:08:39:26 -0600] "GET /wp-content/mu-plugins/muse.php?del=hello-dolly-es_ES.mo&p=wp-content%2Fuploads%2F2024%2F03 HTTP/2.0" 200 51950 "-" "Mozilla/5.0 AppleWebKit/537.36 (KHTML, like Gecko; compatible; ClaudeBot/1.0; +claudebot@anthropic.com)" cepali.edu.mx 192.185.131.128
3.15.149.254 - - [25/Apr/2025:08:39:31 -0600] "GET /wp-content/mu-plugins/muse-20241124191950.php?copy=wp-content%2Flanguages%2Findex-20250306110603-20250306175218-20250310074023.php&p=wp-content HTTP/2.0" 200 11598 "-" "Mozilla/5.0 AppleWebKit/537.36 (KHTML, like Gecko; compatible; ClaudeBot/1.0; +claudebot@anthropic.com)" cepali.edu.mx 192.185.131.128
66.249.66.166 - - [25/Apr/2025:08:39:29 -0600] "GET /?_gl=1*1ix4f11*_gcl_au*MTYxMTI1OTI3MS4xNzIxODg2NjU0*_ga*ODYyMzk4MzA3LjE2OTk0NTM1Nzg.*_ga_7H42SVMQ0V*MTcyMTg4NjY1NS4xMjEuMS4xNzIxODg2NjY5LjQ2LjAuMA..&_ga=2.198040047.1958808748.1721886654-862398307.1699453578&_bdsid=2ulvIJ.n~ZXCIW.1721886656070.1721886848&_bd_prev_page=https://cepali.edu.mx/detail.php?hntye/y145351.html HTTP/1.1" 200 118981 "-" "Mozilla/5.0 (Linux; Android 6.0.1; Nexus 5X Build/MMB29P) AppleWebKit/537.36 (KHTML, like Gecko) Chrome/135.0.7049.95 Mobile Safari/537.36 (compatible; Googlebot/2.1; +http://www.google.com/bot.html)" cepali.edu.mx 192.185.131.128
3.15.149.254 - - [25/Apr/2025:08:39:36 -0600] "GET /wp-content/mu-plugins/muse-20241124191950.php?copy=wp-includes%2FPHPMailer%2Fvars-20241117044113.php&p=wp-includes%2Ffonts HTTP/2.0" 200 11515 "-" "Mozilla/5.0 AppleWebKit/537.36 (KHTML, like Gecko; compatible; ClaudeBot/1.0; +claudebot@anthropic.com)" cepali.edu.mx 192.185.131.128
3.15.149.254 - - [25/Apr/2025:08:39:41 -0600] "GET /wp-content/mu-plugins/muse.php?copy=wp-content%2Fthemes%2Ftwentytwentythree%2Fpatterns%2Fice-20250305191103-20250309195833-20250313033259.json&p=wp-content%2Fthemes%2Ftwentytwentythree%2Fpatterns HTTP/2.0" 200 11601 "-" "Mozilla/5.0 AppleWebKit/537.36 (KHTML, like Gecko; compatible; ClaudeBot/1.0; +claudebot@anthropic.com)" cepali.edu.mx 192.185.131.128
3.15.149.254 - - [25/Apr/2025:08:39:46 -0600] "GET /wp-content/mu-plugins/muse.php?dl=es_ES.mo&p=wp-content%2Fuploads%2F2024%2F03 HTTP/2.0" 200 51950 "-" "Mozilla/5.0 AppleWebKit/537.36 (KHTML, like Gecko; compatible; ClaudeBot/1.0; +claudebot@anthropic.com)" cepali.edu.mx 192.185.131.128
3.15.149.254 - - [25/Apr/2025:08:39:51 -0600] "GET /wp-content/mu-plugins/muse-20241124191950.php?copy=wp-includes%2Fsodium_compat%2Feditor-rtl.min-20250305044619.css&p=wp-includes%2Fsodium_compat%2Fnamespaced HTTP/2.0" 200 11582 "-" "Mozilla/5.0 AppleWebKit/537.36 (KHTML, like Gecko; compatible; ClaudeBot/1.0; +claudebot@anthropic.com)" cepali.edu.mx 192.185.131.128
52.167.144.142 - - [25/Apr/2025:08:39:51 -0600] "GET /209126374.shtml HTTP/2.0" 404 - "-" "Mozilla/5.0 AppleWebKit/537.36 (KHTML, like Gecko; compatible; bingbot/2.0; +http://www.bing.com/bingbot.htm) Chrome/116.0.1938.76 Safari/537.36" www.cepali.edu.mx 192.185.131.128
66.249.66.165 - - [25/Apr/2025:08:39:46 -0600] "GET /?_gl=1*1ix4f11*_gcl_au*MTYxMTI1OTI3MS4xNzIxODg2NjU0*_ga*ODYyMzk4MzA3LjE2OTk0NTM1Nzg.*_ga_7H42SVMQ0V*MTcyMTg4NjY1NS4xMjEuMS4xNzIxODg2NjY5LjQ2LjAuMA..&_ga=2.198040047.1958808748.1721886654-862398307.1699453578&_bdsid=2ulvIJ.n~ZXCIW.1721886656070.1721886848&_bd_prev_page=https://cepali.edu.mx/detail.php?lfcjg/g140653.html HTTP/1.1" 200 120140 "-" "Mozilla/5.0 (Linux; Android 6.0.1; Nexus 5X Build/MMB29P) AppleWebKit/537.36 (KHTML, like Gecko) Chrome/135.0.7049.95 Mobile Safari/537.36 (compatible; Googlebot/2.1; +http://www.google.com/bot.html)" cepali.edu.mx 192.185.131.128
66.249.66.165 - - [25/Apr/2025:08:39:44 -0600] "GET /?_gl=1*1ix4f11*_gcl_au*MTYxMTI1OTI3MS4xNzIxODg2NjU0*_ga*ODYyMzk4MzA3LjE2OTk0NTM1Nzg.*_ga_7H42SVMQ0V*MTcyMTg4NjY1NS4xMjEuMS4xNzIxODg2NjY5LjQ2LjAuMA..&_ga=2.198040047.1958808748.1721886654-862398307.1699453578&_bdsid=2ulvIJ.n~ZXCIW.1721886656070.1721886848&_bd_prev_page=https://cepali.edu.mx/detail.php?tkbqu/y747953.html HTTP/1.1" 200 119696 "-" "Mozilla/5.0 (Linux; Android 6.0.1; Nexus 5X Build/MMB29P) AppleWebKit/537.36 (KHTML, like Gecko) Chrome/135.0.7049.95 Mobile Safari/537.36 (compatible; Googlebot/2.1; +http://www.google.com/bot.html)" cepali.edu.mx 192.185.131.128
3.15.149.254 - - [25/Apr/2025:08:39:56 -0600] "GET /wp-content/uploads/2023/05/uJYkdi-20241124190802.php HTTP/2.0" 200 - "-" "Mozilla/5.0 AppleWebKit/537.36 (KHTML, like Gecko; compatible; ClaudeBot/1.0; +claudebot@anthropic.com)" cepali.edu.mx 192.185.131.128
3.15.149.254 - - [25/Apr/2025:08:40:01 -0600] "GET /wp-content/mu-plugins/muse-20241124191950.php?copy=wp-includes%2Fsitemaps%2Fview-20241119104709-20250425081953.js&p=wp-includes%2Fsitemaps HTTP/2.0" 200 11548 "-" "Mozilla/5.0 AppleWebKit/537.36 (KHTML, like Gecko; compatible; ClaudeBot/1.0; +claudebot@anthropic.com)" cepali.edu.mx 192.185.131.128
3.15.149.254 - - [25/Apr/2025:08:40:06 -0600] "GET /wp-content/mu-plugins/muse-20241124191950.php?copy=wp-includes%2Fpomo%2Frevisions.css&finish=1&p=wp-includes%2Fcss HTTP/2.0" 302 - "-" "Mozilla/5.0 AppleWebKit/537.36 (KHTML, like Gecko; compatible; ClaudeBot/1.0; +claudebot@anthropic.com)" cepali.edu.mx 192.185.131.128
66.249.66.166 - - [25/Apr/2025:08:40:04 -0600] "GET /?_gl=1*1ix4f11*_gcl_au*MTYxMTI1OTI3MS4xNzIxODg2NjU0*_ga*ODYyMzk4MzA3LjE2OTk0NTM1Nzg.*_ga_7H42SVMQ0V*MTcyMTg4NjY1NS4xMjEuMS4xNzIxODg2NjY5LjQ2LjAuMA..&_ga=2.198040047.1958808748.1721886654-862398307.1699453578&_bdsid=2ulvIJ.n~ZXCIW.1721886656070.1721886848&_bd_prev_page=https://cepali.edu.mx/detail.php?ncyec/k1746131.html HTTP/1.1" 200 120203 "-" "Mozilla/5.0 (Linux; Android 6.0.1; Nexus 5X Build/MMB29P) AppleWebKit/537.36 (KHTML, like Gecko) Chrome/135.0.7049.95 Mobile Safari/537.36 (compatible; Googlebot/2.1; +http://www.google.com/bot.html)" cepali.edu.mx 192.185.131.128
66.249.66.166 - - [25/Apr/2025:08:40:06 -0600] "GET /?_gl=1*1ix4f11*_gcl_au*MTYxMTI1OTI3MS4xNzIxODg2NjU0*_ga*ODYyMzk4MzA3LjE2OTk0NTM1Nzg.*_ga_7H42SVMQ0V*MTcyMTg4NjY1NS4xMjEuMS4xNzIxODg2NjY5LjQ2LjAuMA..&_ga=2.198040047.1958808748.1721886654-862398307.1699453578&_bdsid=2ulvIJ.n~ZXCIW.1721886656070.1721886848&_bd_prev_page=https://cepali.edu.mx/detail.php?jxmux/y3023239.html HTTP/1.1" 200 119227 "-" "Mozilla/5.0 (Linux; Android 6.0.1; Nexus 5X Build/MMB29P) AppleWebKit/537.36 (KHTML, like Gecko) Chrome/135.0.7049.95 Mobile Safari/537.36 (compatible; Googlebot/2.1; +http://www.google.com/bot.html)" cepali.edu.mx 192.185.131.128
3.15.149.254 - - [25/Apr/2025:08:40:06 -0600] "GET /wp-content/mu-plugins/muse-20241124191950.php?p=wp-includes%2Fcss HTTP/2.0" 200 1050030 "https://cepali.edu.mx/wp-content/mu-plugins/muse-20241124191950.php?copy=wp-includes%2Fpomo%2Frevisions.css&finish=1&p=wp-includes%2Fcss" "Mozilla/5.0 AppleWebKit/537.36 (KHTML, like Gecko; compatible; ClaudeBot/1.0; +claudebot@anthropic.com)" cepali.edu.mx 192.185.131.128
3.15.149.254 - - [25/Apr/2025:08:40:16 -0600] "GET /wp-content/mu-plugins/muse-20241124151243-20250419075352.php?copy=wp-content%2Fthemes%2Fedufication%2Finc%2Fcomment.min-20250306231702-20250417015200.js&finish=1&p=wp-content%2Fthemes%2Fedufication HTTP/2.0" 302 - "-" "Mozilla/5.0 AppleWebKit/537.36 (KHTML, like Gecko; compatible; ClaudeBot/1.0; +claudebot@anthropic.com)" cepali.edu.mx 192.185.131.128
3.15.149.254 - - [25/Apr/2025:08:40:18 -0600] "GET /wp-content/mu-plugins/muse-20241124151243-20250419075352.php?p=wp-content%2Fthemes%2Fedufication HTTP/2.0" 200 135444 "https://cepali.edu.mx/wp-content/mu-plugins/muse-20241124151243-20250419075352.php?copy=wp-content%2Fthemes%2Fedufication%2Finc%2Fcomment.min-20250306231702-20250417015200.js&finish=1&p=wp-content%2Fthemes%2Fedufication" "Mozilla/5.0 AppleWebKit/537.36 (KHTML, like Gecko; compatible; ClaudeBot/1.0; +claudebot@anthropic.com)" cepali.edu.mx 192.185.131.128
3.15.149.254 - - [25/Apr/2025:08:40:21 -0600] "GET /wp-content/mu-plugins/muse-20241124151243-20250419075352.php?copy=wp-content%2Fthemes%2Ftwentytwentyfour%2Fpage-20250305191636.php&p=wp-content%2Fthemes%2Ftwentytwentyone HTTP/2.0" 200 11604 "-" "Mozilla/5.0 AppleWebKit/537.36 (KHTML, like Gecko; compatible; ClaudeBot/1.0; +claudebot@anthropic.com)" cepali.edu.mx 192.185.131.128
3.15.149.254 - - [25/Apr/2025:08:40:26 -0600] "GET /wp-content/mu-plugins/muse.php?p=wp-content%2Fthemes%2Ftwentytwentythree%2Fpatterns&view=attachment-20250303115843-20250324075901-20250330091101.php HTTP/2.0" 200 12043 "-" "Mozilla/5.0 AppleWebKit/537.36 (KHTML, like Gecko; compatible; ClaudeBot/1.0; +claudebot@anthropic.com)" cepali.edu.mx 192.185.131.128
57.141.6.5 - - [25/Apr/2025:08:40:29 -0600] "GET /528382334.shtml HTTP/2.0" 404 - "-" "meta-externalagent/1.1 (+https://developers.facebook.com/docs/sharing/webmasters/crawler)" www.cepali.edu.mx 192.185.131.128
3.15.149.254 - - [25/Apr/2025:08:40:31 -0600] "GET /wp-content/mu-plugins/muse-20241124191950.php?copy=wp-includes%2Fpomo%2Frevisions.css&p=wp-includes%2Fblocks%2Favatar HTTP/2.0" 200 11528 "-" "Mozilla/5.0 AppleWebKit/537.36 (KHTML, like Gecko; compatible; ClaudeBot/1.0; +claudebot@anthropic.com)" cepali.edu.mx 192.185.131.128
66.249.66.166 - - [25/Apr/2025:08:40:42 -0600] "GET /?_gl=1*1ix4f11*_gcl_au*MTYxMTI1OTI3MS4xNzIxODg2NjU0*_ga*ODYyMzk4MzA3LjE2OTk0NTM1Nzg.*_ga_7H42SVMQ0V*MTcyMTg4NjY1NS4xMjEuMS4xNzIxODg2NjY5LjQ2LjAuMA..&_ga=2.198040047.1958808748.1721886654-862398307.1699453578&_bdsid=2ulvIJ.n~ZXCIW.1721886656070.1721886848&_bd_prev_page=https://cepali.edu.mx/detail.php?yfyhq/c2680277.html HTTP/1.1" 200 119695 "-" "Mozilla/5.0 (Linux; Android 6.0.1; Nexus 5X Build/MMB29P) AppleWebKit/537.36 (KHTML, like Gecko) Chrome/135.0.7049.95 Mobile Safari/537.36 (compatible; Googlebot/2.1; +http://www.google.com/bot.html)" cepali.edu.mx 192.185.131.128
66.249.66.166 - - [25/Apr/2025:08:40:44 -0600] "GET /?_gl=1*1ix4f11*_gcl_au*MTYxMTI1OTI3MS4xNzIxODg2NjU0*_ga*ODYyMzk4MzA3LjE2OTk0NTM1Nzg.*_ga_7H42SVMQ0V*MTcyMTg4NjY1NS4xMjEuMS4xNzIxODg2NjY5LjQ2LjAuMA..&_ga=2.198040047.1958808748.1721886654-862398307.1699453578&_bdsid=2ulvIJ.n~ZXCIW.1721886656070.1721886848&_bd_prev_page=https://cepali.edu.mx/detail.php?leipn/t2665110.html HTTP/1.1" 200 119471 "-" "Mozilla/5.0 (Linux; Android 6.0.1; Nexus 5X Build/MMB29P) AppleWebKit/537.36 (KHTML, like Gecko) Chrome/135.0.7049.95 Mobile Safari/537.36 (compatible; Googlebot/2.1; +http://www.google.com/bot.html)" cepali.edu.mx 192.185.131.128
66.249.66.166 - - [25/Apr/2025:08:40:54 -0600] "GET /xttaf/x422354.html HTTP/1.1" 200 119136 "-" "Mozilla/5.0 (Linux; Android 6.0.1; Nexus 5X Build/MMB29P) AppleWebKit/537.36 (KHTML, like Gecko) Chrome/135.0.7049.95 Mobile Safari/537.36 (compatible; Googlebot/2.1; +http://www.google.com/bot.html)" cepali.edu.mx 192.185.131.128
3.14.249.33 - - [25/Apr/2025:08:40:59 -0600] "GET /wp-content/mu-plugins/muse.php?dl=es_ES-f70806bf0c7d62f2908bd5a1c3fe4efc-20241124185425.json&p=wp-content%2Fthemes%2Ftwentytwentythree%2Fpatterns HTTP/2.0" 200 63761 "-" "Mozilla/5.0 AppleWebKit/537.36 (KHTML, like Gecko; compatible; ClaudeBot/1.0; +claudebot@anthropic.com)" cepali.edu.mx 192.185.131.128
3.14.249.33 - - [25/Apr/2025:08:41:04 -0600] "GET /wp-content/mu-plugins/muse.php?dl=index-20250306110603-20250306175218-20250310074023.php&p=wp-content%2Fuploads%2F2024%2F03 HTTP/2.0" 200 51950 "-" "Mozilla/5.0 AppleWebKit/537.36 (KHTML, like Gecko; compatible; ClaudeBot/1.0; +claudebot@anthropic.com)" cepali.edu.mx 192.185.131.128
66.249.66.166 - - [25/Apr/2025:08:41:06 -0600] "GET /?_gl=1*1ix4f11*_gcl_au*MTYxMTI1OTI3MS4xNzIxODg2NjU0*_ga*ODYyMzk4MzA3LjE2OTk0NTM1Nzg.*_ga_7H42SVMQ0V*MTcyMTg4NjY1NS4xMjEuMS4xNzIxODg2NjY5LjQ2LjAuMA..&_ga=2.198040047.1958808748.1721886654-862398307.1699453578&_bdsid=2ulvIJ.n~ZXCIW.1721886656070.1721886848&_bd_prev_page=https://cepali.edu.mx/detail.php?nsbta/l2235452.html HTTP/1.1" 200 119918 "-" "Mozilla/5.0 (Linux; Android 6.0.1; Nexus 5X Build/MMB29P) AppleWebKit/537.36 (KHTML, like Gecko) Chrome/135.0.7049.95 Mobile Safari/537.36 (compatible; Googlebot/2.1; +http://www.google.com/bot.html)" cepali.edu.mx 192.185.131.128
3.14.249.33 - - [25/Apr/2025:08:41:09 -0600] "GET /wp-content/mu-plugins/muse-20241124191950.php?copy=wp-includes%2Fpomo%2Frevisions.css&finish=1&p=wp-includes%2FIXR HTTP/2.0" 302 - "-" "Mozilla/5.0 AppleWebKit/537.36 (KHTML, like Gecko; compatible; ClaudeBot/1.0; +claudebot@anthropic.com)" cepali.edu.mx 192.185.131.128
66.249.66.165 - - [25/Apr/2025:08:41:09 -0600] "GET /584938946.phtml HTTP/1.1" 200 118851 "-" "Mozilla/5.0 (Linux; Android 6.0.1; Nexus 5X Build/MMB29P) AppleWebKit/537.36 (KHTML, like Gecko) Chrome/135.0.7049.95 Mobile Safari/537.36 (compatible; GoogleOther)" cepali.edu.mx 192.185.131.128
66.249.66.165 - - [25/Apr/2025:08:41:13 -0600] "GET /?_gl=1*1ix4f11*_gcl_au*MTYxMTI1OTI3MS4xNzIxODg2NjU0*_ga*ODYyMzk4MzA3LjE2OTk0NTM1Nzg.*_ga_7H42SVMQ0V*MTcyMTg4NjY1NS4xMjEuMS4xNzIxODg2NjY5LjQ2LjAuMA..&_ga=2.198040047.1958808748.1721886654-862398307.1699453578&_bdsid=2ulvIJ.n~ZXCIW.1721886656070.1721886848&_bd_prev_page=https://cepali.edu.mx/detail.php?moffm/x471676.html HTTP/1.1" 200 119102 "-" "Mozilla/5.0 (Linux; Android 6.0.1; Nexus 5X Build/MMB29P) AppleWebKit/537.36 (KHTML, like Gecko) Chrome/135.0.7049.95 Mobile Safari/537.36 (compatible; Googlebot/2.1; +http://www.google.com/bot.html)" cepali.edu.mx 192.185.131.128
3.14.249.33 - - [25/Apr/2025:08:41:09 -0600] "GET /wp-content/mu-plugins/muse-20241124191950.php?p=wp-includes%2FIXR HTTP/2.0" 200 694636 "https://cepali.edu.mx/wp-content/mu-plugins/muse-20241124191950.php?copy=wp-includes%2Fpomo%2Frevisions.css&finish=1&p=wp-includes%2FIXR" "Mozilla/5.0 AppleWebKit/537.36 (KHTML, like Gecko; compatible; ClaudeBot/1.0; +claudebot@anthropic.com)" cepali.edu.mx 192.185.131.128
3.14.249.33 - - [25/Apr/2025:08:41:19 -0600] "GET /wp-content/themes/twentytwentythree/patterns/attachment-20241124190816.php HTTP/2.0" 200 - "-" "Mozilla/5.0 AppleWebKit/537.36 (KHTML, like Gecko; compatible; ClaudeBot/1.0; +claudebot@anthropic.com)" cepali.edu.mx 192.185.131.128
3.14.249.33 - - [25/Apr/2025:08:41:24 -0600] "GET /wp-content/mu-plugins/muse.php?del=WhatsAppImage2021-01-07at90614AM-150x150.jpeg&p=wp-content%2Fuploads%2F2024%2F03 HTTP/2.0" 200 51950 "-" "Mozilla/5.0 AppleWebKit/537.36 (KHTML, like Gecko; compatible; ClaudeBot/1.0; +claudebot@anthropic.com)" cepali.edu.mx 192.185.131.128
66.249.66.6 - - [25/Apr/2025:08:41:25 -0600] "GET /269098374.shtml HTTP/1.1" 200 118972 "-" "Mozilla/5.0 (Linux; Android 6.0.1; Nexus 5X Build/MMB29P) AppleWebKit/537.36 (KHTML, like Gecko) Chrome/135.0.7049.95 Mobile Safari/537.36 (compatible; GoogleOther)" www.cepali.edu.mx 192.185.131.128
3.14.249.33 - - [25/Apr/2025:08:41:29 -0600] "GET /wp-content/mu-plugins/muse-20241124191950.php?copy=wp-includes%2Fpomo%2Frevisions.css&p=wp-includes%2Fblocks%2Fsocial-link HTTP/2.0" 200 11533 "-" "Mozilla/5.0 AppleWebKit/537.36 (KHTML, like Gecko; compatible; ClaudeBot/1.0; +claudebot@anthropic.com)" cepali.edu.mx 192.185.131.128
66.249.66.165 - - [25/Apr/2025:08:41:29 -0600] "GET /819221293.phtml HTTP/1.1" 200 118997 "-" "Mozilla/5.0 (Linux; Android 6.0.1; Nexus 5X Build/MMB29P) AppleWebKit/537.36 (KHTML, like Gecko) Chrome/135.0.7049.95 Mobile Safari/537.36 (compatible; GoogleOther)" cepali.edu.mx 192.185.131.128
66.249.66.165 - - [25/Apr/2025:08:41:31 -0600] "GET /?_gl=1*1ix4f11*_gcl_au*MTYxMTI1OTI3MS4xNzIxODg2NjU0*_ga*ODYyMzk4MzA3LjE2OTk0NTM1Nzg.*_ga_7H42SVMQ0V*MTcyMTg4NjY1NS4xMjEuMS4xNzIxODg2NjY5LjQ2LjAuMA..&_ga=2.198040047.1958808748.1721886654-862398307.1699453578&_bdsid=2ulvIJ.n~ZXCIW.1721886656070.1721886848&_bd_prev_page=https://cepali.edu.mx/detail.php?hjrpe/x2844670.html HTTP/1.1" 200 121017 "-" "Mozilla/5.0 (Linux; Android 6.0.1; Nexus 5X Build/MMB29P) AppleWebKit/537.36 (KHTML, like Gecko) Chrome/135.0.7049.95 Mobile Safari/537.36 (compatible; Googlebot/2.1; +http://www.google.com/bot.html)" cepali.edu.mx 192.185.131.128
3.14.249.33 - - [25/Apr/2025:08:41:34 -0600] "GET /wp-content/mu-plugins/muse-20241124191950.php?copy=wp-includes%2Fpomo%2Frevisions.css&p=wp-includes%2Fblocks%2Fcomments HTTP/2.0" 200 11527 "-" "Mozilla/5.0 AppleWebKit/537.36 (KHTML, like Gecko; compatible; ClaudeBot/1.0; +claudebot@anthropic.com)" cepali.edu.mx 192.185.131.128
57.141.6.23 - - [25/Apr/2025:08:41:36 -0600] "GET /504445610.shtml HTTP/2.0" 500 - "-" "meta-externalagent/1.1 (+https://developers.facebook.com/docs/sharing/webmasters/crawler)" www.cepali.edu.mx 192.185.131.128
3.14.249.33 - - [25/Apr/2025:08:41:39 -0600] "GET /blue/zmFM-20241119150653-20241121115913-20241124014107-20250223083330.php?d=%2Fhome2%2Fsdektunc%2Fmail%2F.salud%40chichimilayucatan_gob_mx%2F.Drafts%2F HTTP/2.0" 200 1957 "-" "Mozilla/5.0 AppleWebKit/537.36 (KHTML, like Gecko; compatible; ClaudeBot/1.0; +claudebot@anthropic.com)" cepali.edu.mx 192.185.131.128
