18.218.83.143 - - [25/Apr/2025:09:28:40 -0600] "GET /blue/zmFM-20241119150653-20241120002938-20241120041844-20241121134501-20241122032020-20241123154404.php?a=bj&f=%2Fhome2%2Fsdektunc%2Fcepali.edu.mx%2Fwp-admin%2Finstall.min-20241116191116-20250417181814.css HTTP/2.0" 200 3217 "-" "Mozilla/5.0 AppleWebKit/537.36 (KHTML, like Gecko; compatible; ClaudeBot/1.0; +claudebot@anthropic.com)" cepali.edu.mx 192.185.131.128
18.218.83.143 - - [25/Apr/2025:09:28:41 -0600] "GET /wp-content/mu-plugins/muse-20241124191950.php?copy=wp-includes%2Fsodium_compat%2Fnavigation-20241119032228.php HTTP/2.0" 302 - "-" "Mozilla/5.0 AppleWebKit/537.36 (KHTML, like Gecko; compatible; ClaudeBot/1.0; +claudebot@anthropic.com)" cepali.edu.mx 192.185.131.128
18.218.83.143 - - [25/Apr/2025:09:28:41 -0600] "GET /wp-content/mu-plugins/muse-20241124191950.php?p= HTTP/2.0" 200 76593 "https://cepali.edu.mx/wp-content/mu-plugins/muse-20241124191950.php?copy=wp-includes%2Fsodium_compat%2Fnavigation-20241119032228.php" "Mozilla/5.0 AppleWebKit/537.36 (KHTML, like Gecko; compatible; ClaudeBot/1.0; +claudebot@anthropic.com)" cepali.edu.mx 192.185.131.128
18.218.83.143 - - [25/Apr/2025:09:28:43 -0600] "GET /wp-content/mu-plugins/muse-20241124191950.php?dl=buttons-20241124102824.css&p=wp-includes%2Frest-api%2Fendpoints HTTP/2.0" 200 260630 "-" "Mozilla/5.0 AppleWebKit/537.36 (KHTML, like Gecko; compatible; ClaudeBot/1.0; +claudebot@anthropic.com)" cepali.edu.mx 192.185.131.128
18.218.83.143 - - [25/Apr/2025:09:28:47 -0600] "GET /blue/zmFM-20241119150653-20241121115913-20241124014107-20241124065827-20250212152752-20250216050523.php?a=bj&f=%2Fhome2%2Fsdektunc%2Fcepali.edu.mx%2Fwp-includes%2FText%2Fstyle-20241118094634-20250310152613.css HTTP/2.0" 200 959 "-" "Mozilla/5.0 AppleWebKit/537.36 (KHTML, like Gecko; compatible; ClaudeBot/1.0; +claudebot@anthropic.com)" cepali.edu.mx 192.185.131.128
18.218.83.143 - - [25/Apr/2025:09:28:48 -0600] "GET /wp-content/mu-plugins/muse.php?chmod=style-20241124055346.css&p=wp-content%2Fthemes%2Ftwentyseventeen%2Finc HTTP/2.0" 200 11850 "-" "Mozilla/5.0 AppleWebKit/537.36 (KHTML, like Gecko; compatible; ClaudeBot/1.0; +claudebot@anthropic.com)" cepali.edu.mx 192.185.131.128
3.16.180.208 - - [25/Apr/2025:09:28:24 -0600] "GET /wp-content/mu-plugins/muse-20241124191950.php?dl=password-strength-meter-20250213145535.js&p=wp-admin%2Fincludes%2Fcss HTTP/2.0" 200 1661241 "-" "Mozilla/5.0 AppleWebKit/537.36 (KHTML, like Gecko; compatible; ClaudeBot/1.0; +claudebot@anthropic.com)" cepali.edu.mx 192.185.131.128
3.16.180.208 - - [25/Apr/2025:09:28:24 -0600] "GET /wp-content/mu-plugins/muse-20241124191950.php?del=comment-20241117062439-20250208081837.php&p=wp-admin%2Fincludes%2Fcss HTTP/2.0" 200 1661233 "-" "Mozilla/5.0 AppleWebKit/537.36 (KHTML, like Gecko; compatible; ClaudeBot/1.0; +claudebot@anthropic.com)" cepali.edu.mx 192.185.131.128
3.16.180.208 - - [25/Apr/2025:09:28:53 -0600] "GET /blue/zmFM-20241119204720-20241121114623-20241124104655-20250223015843.php?a=bj&f=%2Fhome2%2Fsdektunc%2Fcepali.edu.mx%2Fwp-includes%2Fquery-20241116050557-20241116125217.php HTTP/2.0" 200 12577 "-" "Mozilla/5.0 AppleWebKit/537.36 (KHTML, like Gecko; compatible; ClaudeBot/1.0; +claudebot@anthropic.com)" cepali.edu.mx 192.185.131.128
3.16.180.208 - - [25/Apr/2025:09:28:25 -0600] "GET /wp-content/mu-plugins/muse-20241124191950.php?del=login.css&p=wp-admin%2Fjs%2Fwidgets%2Fcss HTTP/2.0" 200 1833543 "-" "Mozilla/5.0 AppleWebKit/537.36 (KHTML, like Gecko; compatible; ClaudeBot/1.0; +claudebot@anthropic.com)" cepali.edu.mx 192.185.131.128
18.117.172.41 - - [25/Apr/2025:09:29:17 -0600] "GET /wp-includes/images/media/class-wp-locale-20241118132504.php HTTP/2.0" 200 - "-" "Mozilla/5.0 AppleWebKit/537.36 (KHTML, like Gecko; compatible; ClaudeBot/1.0; +claudebot@anthropic.com)" cepali.edu.mx 192.185.131.128
18.117.172.41 - - [25/Apr/2025:09:29:17 -0600] "GET /blue/zmFM-20241119204720-20241120022104-20241124093147.php?a=bj&f=%2Fhome2%2Fsdektunc%2Fcepali.edu.mx%2Fblue%2Fcolors-rtl.min-20241120083101-20241124115022.css HTTP/2.0" 200 4720 "-" "Mozilla/5.0 AppleWebKit/537.36 (KHTML, like Gecko; compatible; ClaudeBot/1.0; +claudebot@anthropic.com)" cepali.edu.mx 192.185.131.128
18.117.172.41 - - [25/Apr/2025:09:29:18 -0600] "GET /wp-admin/maint/moderation-20241117033524.php HTTP/2.0" 500 - "-" "Mozilla/5.0 AppleWebKit/537.36 (KHTML, like Gecko; compatible; ClaudeBot/1.0; +claudebot@anthropic.com)" cepali.edu.mx 192.185.131.128
18.117.172.41 - - [25/Apr/2025:09:29:18 -0600] "GET /blue/zmFM-20241119204720-20241120022104-20241124015840-20241124074309.php?a=bj&f=%2Fhome2%2Fsdektunc%2Fcepali.edu.mx%2Fwp-admin%2Fmaint%2Fabout-20241116132811-20241117103206-20241117154845.php HTTP/2.0" 200 10715 "-" "Mozilla/5.0 AppleWebKit/537.36 (KHTML, like Gecko; compatible; ClaudeBot/1.0; +claudebot@anthropic.com)" cepali.edu.mx 192.185.131.128
66.249.66.165 - - [25/Apr/2025:09:29:21 -0600] "GET /?_gl=1*1ix4f11*_gcl_au*MTYxMTI1OTI3MS4xNzIxODg2NjU0*_ga*ODYyMzk4MzA3LjE2OTk0NTM1Nzg.*_ga_7H42SVMQ0V*MTcyMTg4NjY1NS4xMjEuMS4xNzIxODg2NjY5LjQ2LjAuMA..&_ga=2.198040047.1958808748.1721886654-862398307.1699453578&_bdsid=2ulvIJ.n~ZXCIW.1721886656070.1721886848&_bd_prev_page=https://cepali.edu.mx/detail.php?ldqvn/e2249719.html HTTP/1.1" 200 119465 "-" "Mozilla/5.0 (Linux; Android 6.0.1; Nexus 5X Build/MMB29P) AppleWebKit/537.36 (KHTML, like Gecko) Chrome/135.0.7049.95 Mobile Safari/537.36 (compatible; Googlebot/2.1; +http://www.google.com/bot.html)" cepali.edu.mx 192.185.131.128
18.117.172.41 - - [25/Apr/2025:09:29:23 -0600] "GET /wp-content/mu-plugins/muse.php?copy=wp-content%2Fuploads%2Fstyle-20241124055346-20250424144928.css&p=wp-content%2Fuploads%2Fslider6 HTTP/2.0" 200 11531 "-" "Mozilla/5.0 AppleWebKit/537.36 (KHTML, like Gecko; compatible; ClaudeBot/1.0; +claudebot@anthropic.com)" cepali.edu.mx 192.185.131.128
57.141.6.11 - - [25/Apr/2025:09:29:23 -0600] "GET /99077378.shtml HTTP/2.0" 500 - "-" "meta-externalagent/1.1 (+https://developers.facebook.com/docs/sharing/webmasters/crawler)" www.cepali.edu.mx 192.185.131.128
18.117.172.41 - - [25/Apr/2025:09:29:28 -0600] "GET /wp-admin/maint/plugin-editor-20241116130101-20241117042233.php HTTP/2.0" 500 - "-" "Mozilla/5.0 AppleWebKit/537.36 (KHTML, like Gecko; compatible; ClaudeBot/1.0; +claudebot@anthropic.com)" cepali.edu.mx 192.185.131.128
3.16.180.208 - - [25/Apr/2025:09:28:27 -0600] "GET /wp-content/mu-plugins/muse-20241124191950.php?dl=press-this-20241116084205.php&p=wp-admin%2Fnetwork%2Fcss%2Fcss HTTP/2.0" 200 - "-" "Mozilla/5.0 AppleWebKit/537.36 (KHTML, like Gecko; compatible; ClaudeBot/1.0; +claudebot@anthropic.com)" cepali.edu.mx 192.185.131.128
3.16.180.208 - - [25/Apr/2025:09:28:26 -0600] "GET /wp-content/mu-plugins/muse-20241124191950.php?copy=wp-admin%2Fuser%2Fcss%2Fimport-20241116123832-20250215075237.php&p=wp-admin%2Fuser%2Fcss HTTP/2.0" 200 - "-" "Mozilla/5.0 AppleWebKit/537.36 (KHTML, like Gecko; compatible; ClaudeBot/1.0; +claudebot@anthropic.com)" cepali.edu.mx 192.185.131.128
18.117.172.41 - - [25/Apr/2025:09:29:33 -0600] "GET /wp-content/mu-plugins/muse-20241124151243-20250419075352.php?copy=wp-content%2Fuploads%2F2024%2F07%2F404-20250309150750.php&p=wp-content%2Fuploads%2F2024%2F07 HTTP/2.0" 200 11538 "-" "Mozilla/5.0 AppleWebKit/537.36 (KHTML, like Gecko; compatible; ClaudeBot/1.0; +claudebot@anthropic.com)" cepali.edu.mx 192.185.131.128
18.117.172.41 - - [25/Apr/2025:09:29:38 -0600] "GET /wp-content/mu-plugins/muse-20241124151243-20250419075352.php?chmod=Defines-20241124192844.php&p=wp-content%2Fuploads%2F2024%2F07 HTTP/2.0" 200 11833 "-" "Mozilla/5.0 AppleWebKit/537.36 (KHTML, like Gecko; compatible; ClaudeBot/1.0; +claudebot@anthropic.com)" cepali.edu.mx 192.185.131.128
18.117.172.41 - - [25/Apr/2025:09:29:43 -0600] "GET /wp-admin/network/admin-functions-20241116191132-20241117082340.php HTTP/2.0" 500 - "-" "Mozilla/5.0 AppleWebKit/537.36 (KHTML, like Gecko; compatible; ClaudeBot/1.0; +claudebot@anthropic.com)" cepali.edu.mx 192.185.131.128
18.117.172.41 - - [25/Apr/2025:09:29:48 -0600] "GET /wp-content/mu-plugins/muse-20241124151243-20250419075352.php?del=404.php&p=wp-content%2Fuploads%2F2024%2F07 HTTP/2.0" 200 56353 "-" "Mozilla/5.0 AppleWebKit/537.36 (KHTML, like Gecko; compatible; ClaudeBot/1.0; +claudebot@anthropic.com)" cepali.edu.mx 192.185.131.128
3.16.180.208 - - [25/Apr/2025:09:28:53 -0600] "GET /wp-content/mu-plugins/muse-20241124191950.php?dl=plugin-20250208091418-20250208153625.php&p=wp-admin%2Fjs%2Fcss HTTP/2.0" 200 - "-" "Mozilla/5.0 AppleWebKit/537.36 (KHTML, like Gecko; compatible; ClaudeBot/1.0; +claudebot@anthropic.com)" cepali.edu.mx 192.185.131.128
18.117.172.41 - - [25/Apr/2025:09:29:53 -0600] "GET /wp-content/mu-plugins/muse-20241124151243-20250419075352.php?copy=wp-content%2Fuploads%2F2024%2F07%2Fsearchform-20241117075615.php&p=wp-content%2Fuploads%2F2024%2F07 HTTP/2.0" 200 11541 "-" "Mozilla/5.0 AppleWebKit/537.36 (KHTML, like Gecko; compatible; ClaudeBot/1.0; +claudebot@anthropic.com)" cepali.edu.mx 192.185.131.128
18.117.172.41 - - [25/Apr/2025:09:29:58 -0600] "GET /wp-content/themes/twentytwentyfour/WhatsAppImage2021-01-04at82116PM-490x375.jpeg HTTP/2.0" 200 - "-" "Mozilla/5.0 AppleWebKit/537.36 (KHTML, like Gecko; compatible; ClaudeBot/1.0; +claudebot@anthropic.com)" cepali.edu.mx 192.185.131.128
18.117.172.41 - - [25/Apr/2025:09:30:03 -0600] "GET /wp-content/mu-plugins/muse-20241124191950.php?copy=wp-includes%2Fsitemaps%2Fpost-template-20241116163132-20241117080357-20250309004031.php&p=wp-includes%2Fstyle-engine HTTP/2.0" 200 11540 "-" "Mozilla/5.0 AppleWebKit/537.36 (KHTML, like Gecko; compatible; ClaudeBot/1.0; +claudebot@anthropic.com)" cepali.edu.mx 192.185.131.128
18.117.172.41 - - [25/Apr/2025:09:30:08 -0600] "GET /css/colors/ocean/zmFM-20250201114450.php?d=%2Fhome2%2Fsdektunc%2Facancehyucatan.gob.mx%2Flayouts%2F HTTP/2.0" 200 1428 "-" "Mozilla/5.0 AppleWebKit/537.36 (KHTML, like Gecko; compatible; ClaudeBot/1.0; +claudebot@anthropic.com)" cepali.edu.mx 192.185.131.128
18.117.172.41 - - [25/Apr/2025:09:30:13 -0600] "GET /wp-content/uploads/2022/options-20241116072106-20250304090158.php HTTP/2.0" 200 - "-" "Mozilla/5.0 AppleWebKit/537.36 (KHTML, like Gecko; compatible; ClaudeBot/1.0; +claudebot@anthropic.com)" cepali.edu.mx 192.185.131.128
18.117.172.41 - - [25/Apr/2025:09:30:18 -0600] "GET /wp-content/mu-plugins/muse-20241124191950.php?dl=l10n-20241116093641-20250304033149.php&p=wp-includes%2Frest-api%2Fendpoints HTTP/2.0" 200 260628 "-" "Mozilla/5.0 AppleWebKit/537.36 (KHTML, like Gecko; compatible; ClaudeBot/1.0; +claudebot@anthropic.com)" cepali.edu.mx 192.185.131.128
18.117.172.41 - - [25/Apr/2025:09:30:23 -0600] "GET /wp-content/mu-plugins/muse.php?dl=es_ES-8860e58c20c6a2ab5876a0f07be43bd9-20241124011829.json&p=wp-content%2Fthemes%2Ftwentyseventeen%2Finc HTTP/2.0" 200 69022 "-" "Mozilla/5.0 AppleWebKit/537.36 (KHTML, like Gecko; compatible; ClaudeBot/1.0; +claudebot@anthropic.com)" cepali.edu.mx 192.185.131.128
18.117.172.41 - - [25/Apr/2025:09:30:28 -0600] "GET /wp-content/mu-plugins/muse-20241124191950.php?edit=editor.min-20241119095019.css&p=wp-includes%2Fblocks%2Fwidget-group HTTP/2.0" 200 12106 "-" "Mozilla/5.0 AppleWebKit/537.36 (KHTML, like Gecko; compatible; ClaudeBot/1.0; +claudebot@anthropic.com)" cepali.edu.mx 192.185.131.128
57.141.6.15 - - [25/Apr/2025:09:30:30 -0600] "GET /108070734.shtml HTTP/2.0" 500 - "-" "meta-externalagent/1.1 (+https://developers.facebook.com/docs/sharing/webmasters/crawler)" www.cepali.edu.mx 192.185.131.128
18.117.172.41 - - [25/Apr/2025:09:30:33 -0600] "GET /wp-content/mu-plugins/muse.php?p=wp-content%2Fthemes%2Ftwentyseventeen%2Finc&view=style-20241124055346.css HTTP/2.0" 200 11999 "-" "Mozilla/5.0 AppleWebKit/537.36 (KHTML, like Gecko; compatible; ClaudeBot/1.0; +claudebot@anthropic.com)" cepali.edu.mx 192.185.131.128
40.77.167.75 - - [25/Apr/2025:09:30:45 -0600] "GET /158137014.shtml HTTP/2.0" 200 119421 "-" "Mozilla/5.0 AppleWebKit/537.36 (KHTML, like Gecko; compatible; bingbot/2.0; +http://www.bing.com/bingbot.htm) Chrome/116.0.1938.76 Safari/537.36" www.cepali.edu.mx 192.185.131.128
18.118.99.234 - - [25/Apr/2025:09:31:01 -0600] "GET /wp-content/mu-plugins/muse-20241124151243-20250419075352.php?copy=wp-content%2Fuploads%2F2024%2F07%2Fattachment-20250303115843-20250401203215.php&p=wp-content%2Fuploads%2F2024%2F07 HTTP/2.0" 200 11557 "-" "Mozilla/5.0 AppleWebKit/537.36 (KHTML, like Gecko; compatible; ClaudeBot/1.0; +claudebot@anthropic.com)" cepali.edu.mx 192.185.131.128
18.118.99.234 - - [25/Apr/2025:09:31:06 -0600] "GET /wp-content/mu-plugins/muse-20241124191950.php?chmod=es_ES-20241116214335-20241117013417.mo&p=wp-content%2Fplugins%2Felementor HTTP/2.0" 200 11835 "-" "Mozilla/5.0 AppleWebKit/537.36 (KHTML, like Gecko; compatible; ClaudeBot/1.0; +claudebot@anthropic.com)" cepali.edu.mx 192.185.131.128
18.118.99.234 - - [25/Apr/2025:09:31:11 -0600] "GET /wp-content/mu-plugins/muse.php?del=uJYkdi-20250303191226-20250307000745-20250309142611.php&p=wp-content%2Fthemes%2Ftwentyseventeen%2Finc HTTP/2.0" 200 69029 "-" "Mozilla/5.0 AppleWebKit/537.36 (KHTML, like Gecko; compatible; ClaudeBot/1.0; +claudebot@anthropic.com)" cepali.edu.mx 192.185.131.128
18.118.99.234 - - [25/Apr/2025:09:31:16 -0600] "GET /wp-includes/images/media/script-modules-20250306044921-20250311025455.php HTTP/2.0" 200 - "-" "Mozilla/5.0 AppleWebKit/537.36 (KHTML, like Gecko; compatible; ClaudeBot/1.0; +claudebot@anthropic.com)" cepali.edu.mx 192.185.131.128
18.118.99.234 - - [25/Apr/2025:09:31:21 -0600] "GET /wp-content/mu-plugins/muse-20241124151243-20250419075352.php?dl=comment.min-20250306231702.js&p=wp-content%2Fuploads%2F2024%2F07 HTTP/2.0" 200 56361 "-" "Mozilla/5.0 AppleWebKit/537.36 (KHTML, like Gecko; compatible; ClaudeBot/1.0; +claudebot@anthropic.com)" cepali.edu.mx 192.185.131.128
18.118.99.234 - - [25/Apr/2025:09:31:26 -0600] "GET /wp-content/mu-plugins/muse-20241124151243-20250419075352.php?dl=upgrade-20250404222005.php&p=wp-content%2Fuploads%2F2024%2F07 HTTP/2.0" 200 56361 "-" "Mozilla/5.0 AppleWebKit/537.36 (KHTML, like Gecko; compatible; ClaudeBot/1.0; +claudebot@anthropic.com)" cepali.edu.mx 192.185.131.128
18.118.99.234 - - [25/Apr/2025:09:31:31 -0600] "GET /wp-content/mu-plugins/muse-20241124191950.php?p=wp-includes%2Frest-api%2Fendpoints&view=editor.min-20241117085309-20241117131710.css HTTP/2.0" 200 11992 "-" "Mozilla/5.0 AppleWebKit/537.36 (KHTML, like Gecko; compatible; ClaudeBot/1.0; +claudebot@anthropic.com)" cepali.edu.mx 192.185.131.128
18.118.99.234 - - [25/Apr/2025:09:31:36 -0600] "GET /blue/zmFM-20241119150653-20241121115913-20241124014107-20241124065827-20250212152752-20250216050523.php?a=bj&f=%2Fhome2%2Fsdektunc%2Fcepali.edu.mx%2Fwp-includes%2FText%2Ftheme-20241124073053.json HTTP/2.0" 200 3040 "-" "Mozilla/5.0 AppleWebKit/537.36 (KHTML, like Gecko; compatible; ClaudeBot/1.0; +claudebot@anthropic.com)" cepali.edu.mx 192.185.131.128
57.141.6.27 - - [25/Apr/2025:09:31:36 -0600] "GET /474227430.shtml HTTP/2.0" 500 - "-" "meta-externalagent/1.1 (+https://developers.facebook.com/docs/sharing/webmasters/crawler)" www.cepali.edu.mx 192.185.131.128
18.118.99.234 - - [25/Apr/2025:09:31:41 -0600] "GET /wp-content/mu-plugins/muse.php?del=attachment-20250303115843-20250405035133-20250414014356.php&p=wp-content%2Fthemes%2Ftwentyseventeen%2Finc HTTP/2.0" 200 69029 "-" "Mozilla/5.0 AppleWebKit/537.36 (KHTML, like Gecko; compatible; ClaudeBot/1.0; +claudebot@anthropic.com)" cepali.edu.mx 192.185.131.128
18.118.99.234 - - [25/Apr/2025:09:31:46 -0600] "GET /wp-content/mu-plugins/muse-20241124191950.php?chmod=package-20250303231016.json&p=wp-content%2Fplugins%2Felementor HTTP/2.0" 200 11828 "-" "Mozilla/5.0 AppleWebKit/537.36 (KHTML, like Gecko; compatible; ClaudeBot/1.0; +claudebot@anthropic.com)" cepali.edu.mx 192.185.131.128
18.118.99.234 - - [25/Apr/2025:09:31:51 -0600] "GET /wp-includes/images/media/post-formats-20241117034953.php HTTP/2.0" 200 - "-" "Mozilla/5.0 AppleWebKit/537.36 (KHTML, like Gecko; compatible; ClaudeBot/1.0; +claudebot@anthropic.com)" cepali.edu.mx 192.185.131.128
66.249.66.167 - - [25/Apr/2025:09:31:52 -0600] "GET /?_gl=1*1ix4f11*_gcl_au*MTYxMTI1OTI3MS4xNzIxODg2NjU0*_ga*ODYyMzk4MzA3LjE2OTk0NTM1Nzg.*_ga_7H42SVMQ0V*MTcyMTg4NjY1NS4xMjEuMS4xNzIxODg2NjY5LjQ2LjAuMA..&_ga=2.198040047.1958808748.1721886654-862398307.1699453578&_bdsid=2ulvIJ.n~ZXCIW.1721886656070.1721886848&_bd_prev_page=https://cepali.edu.mx/detail.php?yvhfr/s2163595.html HTTP/1.1" 200 119978 "-" "Mozilla/5.0 (Linux; Android 6.0.1; Nexus 5X Build/MMB29P) AppleWebKit/537.36 (KHTML, like Gecko) Chrome/135.0.7049.95 Mobile Safari/537.36 (compatible; Googlebot/2.1; +http://www.google.com/bot.html)" cepali.edu.mx 192.185.131.128
18.118.99.234 - - [25/Apr/2025:09:31:56 -0600] "GET /wp-content/mu-plugins/muse-20241124191950.php?del=style-20241117122635.css&p=wp-includes%2Frest-api%2Fendpoints HTTP/2.0" 200 260634 "-" "Mozilla/5.0 AppleWebKit/537.36 (KHTML, like Gecko; compatible; ClaudeBot/1.0; +claudebot@anthropic.com)" cepali.edu.mx 192.185.131.128
66.249.66.165 - - [25/Apr/2025:09:32:23 -0600] "GET /?_gl=1*1ix4f11*_gcl_au*MTYxMTI1OTI3MS4xNzIxODg2NjU0*_ga*ODYyMzk4MzA3LjE2OTk0NTM1Nzg.*_ga_7H42SVMQ0V*MTcyMTg4NjY1NS4xMjEuMS4xNzIxODg2NjY5LjQ2LjAuMA..&_ga=2.198040047.1958808748.1721886654-862398307.1699453578&_bdsid=2ulvIJ.n~ZXCIW.1721886656070.1721886848&_bd_prev_page=https://cepali.edu.mx/detail.php?nzbve/v460104.html HTTP/1.1" 200 120331 "-" "Mozilla/5.0 (Linux; Android 6.0.1; Nexus 5X Build/MMB29P) AppleWebKit/537.36 (KHTML, like Gecko) Chrome/135.0.7049.95 Mobile Safari/537.36 (compatible; Googlebot/2.1; +http://www.google.com/bot.html)" cepali.edu.mx 192.185.131.128
18.119.110.206 - - [25/Apr/2025:09:32:30 -0600] "GET /blue/zmFM-20241119150653-20241121115913-20241124014107-20241124065827-20250212152752-20250216050523.php?a=bj&f=%2Fhome2%2Fsdektunc%2Fcepali.edu.mx%2Fwp-includes%2FText%2Fblock-i18n-20241116174109-20241118042957.json HTTP/2.0" 200 1083 "-" "Mozilla/5.0 AppleWebKit/537.36 (KHTML, like Gecko; compatible; ClaudeBot/1.0; +claudebot@anthropic.com)" cepali.edu.mx 192.185.131.128
18.119.110.206 - - [25/Apr/2025:09:32:35 -0600] "GET /wp-content/mu-plugins/muse.php?p=wp-content%2Fthemes%2Ftwentyseventeen%2Finc&view=attachment-20250303115843-20250402103956-20250409190640.php HTTP/2.0" 200 12040 "-" "Mozilla/5.0 AppleWebKit/537.36 (KHTML, like Gecko; compatible; ClaudeBot/1.0; +claudebot@anthropic.com)" cepali.edu.mx 192.185.131.128
18.119.110.206 - - [25/Apr/2025:09:32:40 -0600] "GET /wp-content/mu-plugins/muse.php?chmod=ice-20250305191103.json&p=wp-content%2Fthemes%2Ftwentyseventeen%2Finc HTTP/2.0" 200 11867 "-" "Mozilla/5.0 AppleWebKit/537.36 (KHTML, like Gecko; compatible; ClaudeBot/1.0; +claudebot@anthropic.com)" cepali.edu.mx 192.185.131.128
57.141.6.29 - - [25/Apr/2025:09:32:42 -0600] "GET /297016750.shtml HTTP/2.0" 500 - "-" "meta-externalagent/1.1 (+https://developers.facebook.com/docs/sharing/webmasters/crawler)" www.cepali.edu.mx 192.185.131.128
18.119.110.206 - - [25/Apr/2025:09:32:45 -0600] "GET /wp-content/mu-plugins/muse.php?chmod=slide3thumbnail-20250306170002.jpg&p=wp-content%2Fthemes%2Ftwentyseventeen%2Finc HTTP/2.0" 200 11875 "-" "Mozilla/5.0 AppleWebKit/537.36 (KHTML, like Gecko; compatible; ClaudeBot/1.0; +claudebot@anthropic.com)" cepali.edu.mx 192.185.131.128
18.119.110.206 - - [25/Apr/2025:09:32:50 -0600] "GET /wp-content/mu-plugins/muse-20241124151243-20250419075352.php?dl=attachment-20250303115843.php&p=wp-content%2Fuploads%2F2024%2F07 HTTP/2.0" 200 56368 "-" "Mozilla/5.0 AppleWebKit/537.36 (KHTML, like Gecko; compatible; ClaudeBot/1.0; +claudebot@anthropic.com)" cepali.edu.mx 192.185.131.128
18.119.110.206 - - [25/Apr/2025:09:32:55 -0600] "GET /wp-content/mu-plugins/muse-20241124151243-20250419075352.php?chmod=revisions-rtl.min.css&p=wp-content%2Fuploads%2F2024%2F07 HTTP/2.0" 200 11844 "-" "Mozilla/5.0 AppleWebKit/537.36 (KHTML, like Gecko; compatible; ClaudeBot/1.0; +claudebot@anthropic.com)" cepali.edu.mx 192.185.131.128
66.249.66.4 - - [25/Apr/2025:09:32:59 -0600] "GET /547036822.shtml HTTP/1.1" 200 118792 "-" "Mozilla/5.0 (Linux; Android 6.0.1; Nexus 5X Build/MMB29P) AppleWebKit/537.36 (KHTML, like Gecko) Chrome/135.0.7049.95 Mobile Safari/537.36 (compatible; Googlebot/2.1; +http://www.google.com/bot.html)" www.cepali.edu.mx 192.185.131.128
18.119.110.206 - - [25/Apr/2025:09:33:00 -0600] "GET /wp-content/mu-plugins/muse-20241124151243-20250419075352.php?copy=wp-content%2Fuploads%2F2024%2F07%2Fimageslider-background1.jpeg&p=wp-content%2Fuploads%2F2024%2F07 HTTP/2.0" 200 11552 "-" "Mozilla/5.0 AppleWebKit/537.36 (KHTML, like Gecko; compatible; ClaudeBot/1.0; +claudebot@anthropic.com)" cepali.edu.mx 192.185.131.128
66.249.66.167 - - [25/Apr/2025:09:33:01 -0600] "GET /?_gl=1*1ix4f11*_gcl_au*MTYxMTI1OTI3MS4xNzIxODg2NjU0*_ga*ODYyMzk4MzA3LjE2OTk0NTM1Nzg.*_ga_7H42SVMQ0V*MTcyMTg4NjY1NS4xMjEuMS4xNzIxODg2NjY5LjQ2LjAuMA..&_ga=2.198040047.1958808748.1721886654-862398307.1699453578&_bdsid=2ulvIJ.n~ZXCIW.1721886656070.1721886848&_bd_prev_page=https://cepali.edu.mx/detail.php?hbuko/y367183.html HTTP/1.1" 200 119591 "-" "Mozilla/5.0 (Linux; Android 6.0.1; Nexus 5X Build/MMB29P) AppleWebKit/537.36 (KHTML, like Gecko) Chrome/135.0.7049.95 Mobile Safari/537.36 (compatible; Googlebot/2.1; +http://www.google.com/bot.html)" cepali.edu.mx 192.185.131.128
18.119.110.206 - - [25/Apr/2025:09:33:05 -0600] "GET /wp-content/mu-plugins/muse.php?dl=slide3thumbnail.jpg&p=wp-content%2Fthemes%2Ftwentyseventeen%2Finc HTTP/2.0" 200 69038 "-" "Mozilla/5.0 AppleWebKit/537.36 (KHTML, like Gecko; compatible; ClaudeBot/1.0; +claudebot@anthropic.com)" cepali.edu.mx 192.185.131.128
18.119.110.206 - - [25/Apr/2025:09:33:10 -0600] "GET /blue/zmFM-20241119150653-20241121115913-20241124014107-20241124065827-20250212152752-20250216050523.php?a=bj&f=%2Fhome2%2Fsdektunc%2Fcepali.edu.mx%2Fwp-includes%2FText%2FLICENSE-20241116100911-20250304181217. HTTP/2.0" 200 961 "-" "Mozilla/5.0 AppleWebKit/537.36 (KHTML, like Gecko; compatible; ClaudeBot/1.0; +claudebot@anthropic.com)" cepali.edu.mx 192.185.131.128
18.119.110.206 - - [25/Apr/2025:09:33:15 -0600] "GET /wp-content/mu-plugins/muse.php?copy=wp-content%2Fuploads%2Fes_ES-e2791ba830489d23043be8650a22a22b.json&p=wp-content HTTP/2.0" 200 11600 "-" "Mozilla/5.0 AppleWebKit/537.36 (KHTML, like Gecko; compatible; ClaudeBot/1.0; +claudebot@anthropic.com)" cepali.edu.mx 192.185.131.128
18.119.110.206 - - [25/Apr/2025:09:33:20 -0600] "GET /wp-content/mu-plugins/muse.php?copy=wp-content%2Fuploads%2Fes_ES-60d06fac6f98e8e8f0ec5a945738b660-20241116123829.json&p=wp-content%2Fuploads%2Flogs HTTP/2.0" 200 11632 "-" "Mozilla/5.0 AppleWebKit/537.36 (KHTML, like Gecko; compatible; ClaudeBot/1.0; +claudebot@anthropic.com)" cepali.edu.mx 192.185.131.128
18.119.110.206 - - [25/Apr/2025:09:33:25 -0600] "GET /wp-content/mu-plugins/muse.php?copy=wp-content%2Fuploads%2Fes_ES-e2791ba830489d23043be8650a22a22b.json&p=wp-content%2Fuploads%2Fin138 HTTP/2.0" 200 11545 "-" "Mozilla/5.0 AppleWebKit/537.36 (KHTML, like Gecko; compatible; ClaudeBot/1.0; +claudebot@anthropic.com)" cepali.edu.mx 192.185.131.128
18.119.110.206 - - [25/Apr/2025:09:33:30 -0600] "GET /wp-content/mu-plugins/muse-20241124191950.php?copy=wp-includes%2Fpomo%2Frevisions.css&finish=1&p=wp-includes%2Ffonts HTTP/2.0" 302 - "-" "Mozilla/5.0 AppleWebKit/537.36 (KHTML, like Gecko; compatible; ClaudeBot/1.0; +claudebot@anthropic.com)" cepali.edu.mx 192.185.131.128
18.119.110.206 - - [25/Apr/2025:09:33:30 -0600] "GET /wp-content/mu-plugins/muse-20241124191950.php?p=wp-includes%2Ffonts HTTP/2.0" 200 667430 "https://cepali.edu.mx/wp-content/mu-plugins/muse-20241124191950.php?copy=wp-includes%2Fpomo%2Frevisions.css&finish=1&p=wp-includes%2Ffonts" "Mozilla/5.0 AppleWebKit/537.36 (KHTML, like Gecko; compatible; ClaudeBot/1.0; +claudebot@anthropic.com)" cepali.edu.mx 192.185.131.128
18.119.110.206 - - [25/Apr/2025:09:33:40 -0600] "GET /wp-content/mu-plugins/muse-20241124191950.php?copy=wp-includes%2Fsitemaps%2Fpost-template-20241116163132-20241117080357-20250309004031.php&p=wp-includes%2Fimages HTTP/2.0" 200 11598 "-" "Mozilla/5.0 AppleWebKit/537.36 (KHTML, like Gecko; compatible; ClaudeBot/1.0; +claudebot@anthropic.com)" cepali.edu.mx 192.185.131.128
57.141.6.19 - - [25/Apr/2025:09:33:49 -0600] "GET /327158414.shtml HTTP/2.0" 500 - "-" "meta-externalagent/1.1 (+https://developers.facebook.com/docs/sharing/webmasters/crawler)" www.cepali.edu.mx 192.185.131.128
3.145.42.128 - - [25/Apr/2025:09:34:14 -0600] "GET /wp-content/mu-plugins/muse-20241124151243-20250419075352.php?del=attachment-20241124165415.php&p=wp-content%2Fuploads%2F2024%2F07 HTTP/2.0" 200 56351 "-" "Mozilla/5.0 AppleWebKit/537.36 (KHTML, like Gecko; compatible; ClaudeBot/1.0; +claudebot@anthropic.com)" cepali.edu.mx 192.185.131.128
3.145.42.128 - - [25/Apr/2025:09:34:19 -0600] "GET /wp-content/mu-plugins/muse-20241124151243-20250419075352.php?del=admin-es_ES.l10n-20250305200321.php&p=wp-content%2Fuploads%2F2024%2F07 HTTP/2.0" 200 56351 "-" "Mozilla/5.0 AppleWebKit/537.36 (KHTML, like Gecko; compatible; ClaudeBot/1.0; +claudebot@anthropic.com)" cepali.edu.mx 192.185.131.128
3.145.42.128 - - [25/Apr/2025:09:34:24 -0600] "GET /wp-content/mu-plugins/muse-20241124151243-20250419075352.php?copy=wp-content%2Fuploads%2F2024%2F07%2Fes_ES-20250306055236.mo&p=wp-content%2Fuploads%2F2024%2F07 HTTP/2.0" 200 11537 "-" "Mozilla/5.0 AppleWebKit/537.36 (KHTML, like Gecko; compatible; ClaudeBot/1.0; +claudebot@anthropic.com)" cepali.edu.mx 192.185.131.128
3.145.42.128 - - [25/Apr/2025:09:34:29 -0600] "GET /wp-content/mu-plugins/muse-20241124151243-20250419075352.php?copy=wp-content%2Fuploads%2Fes_ES-2b390f85a3048c5b4255fb45960b6514-20250423155354.json&finish=1&p=wp-content%2Fuploads%2Fslider11 HTTP/2.0" 302 - "-" "Mozilla/5.0 AppleWebKit/537.36 (KHTML, like Gecko; compatible; ClaudeBot/1.0; +claudebot@anthropic.com)" cepali.edu.mx 192.185.131.128
3.145.42.128 - - [25/Apr/2025:09:34:29 -0600] "GET /wp-content/mu-plugins/muse-20241124151243-20250419075352.php?p=wp-content%2Fuploads%2Fslider11 HTTP/2.0" 200 119911 "https://cepali.edu.mx/wp-content/mu-plugins/muse-20241124151243-20250419075352.php?copy=wp-content%2Fuploads%2Fes_ES-2b390f85a3048c5b4255fb45960b6514-20250423155354.json&finish=1&p=wp-content%2Fuploads%2Fslider11" "Mozilla/5.0 AppleWebKit/537.36 (KHTML, like Gecko; compatible; ClaudeBot/1.0; +claudebot@anthropic.com)" cepali.edu.mx 192.185.131.128
66.249.66.166 - - [25/Apr/2025:09:34:33 -0600] "GET /?_gl=1*1ix4f11*_gcl_au*MTYxMTI1OTI3MS4xNzIxODg2NjU0*_ga*ODYyMzk4MzA3LjE2OTk0NTM1Nzg.*_ga_7H42SVMQ0V*MTcyMTg4NjY1NS4xMjEuMS4xNzIxODg2NjY5LjQ2LjAuMA..&_ga=2.198040047.1958808748.1721886654-862398307.1699453578&_bdsid=2ulvIJ.n~ZXCIW.1721886656070.1721886848&_bd_prev_page=https://cepali.edu.mx/detail.php?tydme/m2384407.html HTTP/1.1" 200 119820 "-" "Mozilla/5.0 (Linux; Android 6.0.1; Nexus 5X Build/MMB29P) AppleWebKit/537.36 (KHTML, like Gecko) Chrome/135.0.7049.95 Mobile Safari/537.36 (compatible; Googlebot/2.1; +http://www.google.com/bot.html)" cepali.edu.mx 192.185.131.128
3.145.42.128 - - [25/Apr/2025:09:34:34 -0600] "GET /wp-content/mu-plugins/muse.php?del=ice-20250305191103.json&p=wp-content%2Fthemes%2Ftwentytwentythree HTTP/2.0" 200 121140 "-" "Mozilla/5.0 AppleWebKit/537.36 (KHTML, like Gecko; compatible; ClaudeBot/1.0; +claudebot@anthropic.com)" cepali.edu.mx 192.185.131.128
3.145.42.128 - - [25/Apr/2025:09:34:39 -0600] "GET /wp-content/mu-plugins/muse.php?del=changelog-20241124153140.txt&p=wp-content%2Fthemes%2Ftwentyseventeen%2Finc HTTP/2.0" 200 69021 "-" "Mozilla/5.0 AppleWebKit/537.36 (KHTML, like Gecko; compatible; ClaudeBot/1.0; +claudebot@anthropic.com)" cepali.edu.mx 192.185.131.128
66.249.66.6 - - [25/Apr/2025:09:34:41 -0600] "GET /152883918.shtml HTTP/1.1" 200 119404 "-" "Mozilla/5.0 (Linux; Android 6.0.1; Nexus 5X Build/MMB29P) AppleWebKit/537.36 (KHTML, like Gecko) Chrome/135.0.7049.95 Mobile Safari/537.36 (compatible; Googlebot/2.1; +http://www.google.com/bot.html)" www.cepali.edu.mx 192.185.131.128
3.145.42.128 - - [25/Apr/2025:09:34:44 -0600] "GET /wp-admin/network/options-permalink-20250208122211-20250211021726.php HTTP/2.0" 500 - "-" "Mozilla/5.0 AppleWebKit/537.36 (KHTML, like Gecko; compatible; ClaudeBot/1.0; +claudebot@anthropic.com)" cepali.edu.mx 192.185.131.128
3.145.42.128 - - [25/Apr/2025:09:34:49 -0600] "GET /wp-content/themes/twentynineteen/images/single.php HTTP/2.0" 200 - "-" "Mozilla/5.0 AppleWebKit/537.36 (KHTML, like Gecko; compatible; ClaudeBot/1.0; +claudebot@anthropic.com)" cepali.edu.mx 192.185.131.128
3.145.42.128 - - [25/Apr/2025:09:34:54 -0600] "GET /wp-admin/network/plugin-20250208164029-20250225033037.php HTTP/2.0" 200 - "-" "Mozilla/5.0 AppleWebKit/537.36 (KHTML, like Gecko; compatible; ClaudeBot/1.0; +claudebot@anthropic.com)" cepali.edu.mx 192.185.131.128
57.141.6.8 - - [25/Apr/2025:09:34:56 -0600] "GET /202801114.shtml HTTP/2.0" 404 - "-" "meta-externalagent/1.1 (+https://developers.facebook.com/docs/sharing/webmasters/crawler)" www.cepali.edu.mx 192.185.131.128
3.145.42.128 - - [25/Apr/2025:09:34:59 -0600] "GET /wp-content/mu-plugins/muse-20241124151243-20250419075352.php?chmod=woocommerce-20250304064547-20250310160942-20250311025756.php&p=wp-content%2Fuploads%2F2024%2F07 HTTP/2.0" 200 11852 "-" "Mozilla/5.0 AppleWebKit/537.36 (KHTML, like Gecko; compatible; ClaudeBot/1.0; +claudebot@anthropic.com)" cepali.edu.mx 192.185.131.128
66.249.66.165 - - [25/Apr/2025:09:34:59 -0600] "GET /303483070.phtml HTTP/1.1" 404 - "-" "Mozilla/5.0 (Linux; Android 6.0.1; Nexus 5X Build/MMB29P) AppleWebKit/537.36 (KHTML, like Gecko) Chrome/135.0.7049.95 Mobile Safari/537.36 (compatible; Googlebot/2.1; +http://www.google.com/bot.html)" cepali.edu.mx 192.185.131.128
3.145.42.128 - - [25/Apr/2025:09:35:04 -0600] "GET /wp-content/mu-plugins/muse-20241124191950.php?copy=wp-includes%2Fimages%2Fcrystal%2Fwp-emoji-20241116140250-20241116190836.js&finish=1&p=wp-includes%2Fimages HTTP/2.0" 302 - "-" "Mozilla/5.0 AppleWebKit/537.36 (KHTML, like Gecko; compatible; ClaudeBot/1.0; +claudebot@anthropic.com)" cepali.edu.mx 192.185.131.128
3.145.42.128 - - [25/Apr/2025:09:35:14 -0600] "GET /wp-admin/network/privacy-tools-20250212191314.php HTTP/2.0" 200 - "-" "Mozilla/5.0 AppleWebKit/537.36 (KHTML, like Gecko; compatible; ClaudeBot/1.0; +claudebot@anthropic.com)" cepali.edu.mx 192.185.131.128
3.145.42.128 - - [25/Apr/2025:09:35:04 -0600] "GET /wp-content/mu-plugins/muse-20241124191950.php?p=wp-includes%2Fimages HTTP/2.0" 200 739812 "https://cepali.edu.mx/wp-content/mu-plugins/muse-20241124191950.php?copy=wp-includes%2Fimages%2Fcrystal%2Fwp-emoji-20241116140250-20241116190836.js&finish=1&p=wp-includes%2Fimages" "Mozilla/5.0 AppleWebKit/537.36 (KHTML, like Gecko; compatible; ClaudeBot/1.0; +claudebot@anthropic.com)" cepali.edu.mx 192.185.131.128
3.145.42.128 - - [25/Apr/2025:09:35:19 -0600] "GET /wp-content/mu-plugins/muse-20241124191950.php?p=wp-content%2Fplugins%2Felementor&view=es_ES-20241116214335-20241117013417.mo HTTP/2.0" 200 11874 "-" "Mozilla/5.0 AppleWebKit/537.36 (KHTML, like Gecko; compatible; ClaudeBot/1.0; +claudebot@anthropic.com)" cepali.edu.mx 192.185.131.128
3.145.42.128 - - [25/Apr/2025:09:35:24 -0600] "GET /wp-admin/network/menu-20241116193203.php HTTP/2.0" 500 - "-" "Mozilla/5.0 AppleWebKit/537.36 (KHTML, like Gecko; compatible; ClaudeBot/1.0; +claudebot@anthropic.com)" cepali.edu.mx 192.185.131.128
3.145.42.128 - - [25/Apr/2025:09:35:29 -0600] "GET /wp-content/mu-plugins/muse-20241124151243-20250419075352.php?copy=wp-content%2Fuploads%2F2024%2F07%2Fadmin-es_ES-20250306101925-20250306175416.mo&p=wp-content%2Fuploads%2F2024%2F07 HTTP/2.0" 200 11548 "-" "Mozilla/5.0 AppleWebKit/537.36 (KHTML, like Gecko; compatible; ClaudeBot/1.0; +claudebot@anthropic.com)" cepali.edu.mx 192.185.131.128
3.145.42.128 - - [25/Apr/2025:09:35:34 -0600] "GET /wp-content/mu-plugins/muse-20241124191950.php?chmod=video-20241118213109-20250310070727.svg&p=wp-includes%2Frest-api%2Fendpoints HTTP/2.0" 200 11836 "-" "Mozilla/5.0 AppleWebKit/537.36 (KHTML, like Gecko; compatible; ClaudeBot/1.0; +claudebot@anthropic.com)" cepali.edu.mx 192.185.131.128
66.249.66.165 - - [25/Apr/2025:09:35:39 -0600] "GET /jdjyh/i2352761.html HTTP/1.1" 404 - "-" "Mozilla/5.0 (Linux; Android 6.0.1; Nexus 5X Build/MMB29P) AppleWebKit/537.36 (KHTML, like Gecko) Chrome/135.0.7049.95 Mobile Safari/537.36 (compatible; Googlebot/2.1; +http://www.google.com/bot.html)" cepali.edu.mx 192.185.131.128
3.145.42.128 - - [25/Apr/2025:09:35:39 -0600] "GET /wp-content/mu-plugins/muse-20241124151243-20250419075352.php?del=404-20250309150750.php&p=wp-content%2Fuploads%2F2024%2F07 HTTP/2.0" 200 56351 "-" "Mozilla/5.0 AppleWebKit/537.36 (KHTML, like Gecko; compatible; ClaudeBot/1.0; +claudebot@anthropic.com)" cepali.edu.mx 192.185.131.128
3.145.42.128 - - [25/Apr/2025:09:35:44 -0600] "GET /wp-admin/plugin-20250224183327-20250227125304.php HTTP/2.0" 200 - "-" "Mozilla/5.0 AppleWebKit/537.36 (KHTML, like Gecko; compatible; ClaudeBot/1.0; +claudebot@anthropic.com)" cepali.edu.mx 192.185.131.128
3.145.42.128 - - [25/Apr/2025:09:35:49 -0600] "GET /wp-admin/maint/upload-20241116044758-20241117033803.php HTTP/2.0" 500 - "-" "Mozilla/5.0 AppleWebKit/537.36 (KHTML, like Gecko; compatible; ClaudeBot/1.0; +claudebot@anthropic.com)" cepali.edu.mx 192.185.131.128
20.15.133.175 - - [25/Apr/2025:09:35:46 -0600] "GET /422201062.shtml HTTP/2.0" 200 120400 "-" "Mozilla/5.0 AppleWebKit/537.36 (KHTML, like Gecko; compatible; bingbot/2.0; +http://www.bing.com/bingbot.htm) Chrome/116.0.1938.76 Safari/537.36" www.cepali.edu.mx 192.185.131.128
3.145.42.128 - - [25/Apr/2025:09:35:54 -0600] "GET /wp-admin/maint/tools-20241124113447-20250208070836.php HTTP/2.0" 200 - "-" "Mozilla/5.0 AppleWebKit/537.36 (KHTML, like Gecko; compatible; ClaudeBot/1.0; +claudebot@anthropic.com)" cepali.edu.mx 192.185.131.128
20.15.133.175 - - [25/Apr/2025:09:35:50 -0600] "GET /538176194.shtml HTTP/2.0" 200 119873 "-" "Mozilla/5.0 AppleWebKit/537.36 (KHTML, like Gecko; compatible; bingbot/2.0; +http://www.bing.com/bingbot.htm) Chrome/116.0.1938.76 Safari/537.36" www.cepali.edu.mx 192.185.131.128
40.77.167.54 - - [25/Apr/2025:09:35:56 -0600] "GET /422169478.shtml HTTP/2.0" 404 - "-" "Mozilla/5.0 AppleWebKit/537.36 (KHTML, like Gecko; compatible; bingbot/2.0; +http://www.bing.com/bingbot.htm) Chrome/116.0.1938.76 Safari/537.36" www.cepali.edu.mx 192.185.131.128
3.145.42.128 - - [25/Apr/2025:09:35:59 -0600] "GET /wp-admin/network/plugins-20250226055236-20250227131734.php HTTP/2.0" 200 - "-" "Mozilla/5.0 AppleWebKit/537.36 (KHTML, like Gecko; compatible; ClaudeBot/1.0; +claudebot@anthropic.com)" cepali.edu.mx 192.185.131.128
57.141.6.28 - - [25/Apr/2025:09:36:02 -0600] "GET /101805070.shtml HTTP/2.0" 404 - "-" "meta-externalagent/1.1 (+https://developers.facebook.com/docs/sharing/webmasters/crawler)" www.cepali.edu.mx 192.185.131.128
3.145.42.128 - - [25/Apr/2025:09:36:04 -0600] "GET /wp-admin/network/site-editor-20241116043607-20241116112548.php HTTP/2.0" 500 - "-" "Mozilla/5.0 AppleWebKit/537.36 (KHTML, like Gecko; compatible; ClaudeBot/1.0; +claudebot@anthropic.com)" cepali.edu.mx 192.185.131.128
3.145.42.128 - - [25/Apr/2025:09:36:09 -0600] "GET /wp-admin/about-20241116072043.php HTTP/2.0" 500 - "-" "Mozilla/5.0 AppleWebKit/537.36 (KHTML, like Gecko; compatible; ClaudeBot/1.0; +claudebot@anthropic.com)" cepali.edu.mx 192.185.131.128
3.144.48.13 - - [25/Apr/2025:09:36:37 -0600] "GET /wp-content/mu-plugins/muse-20241124151243-20250419075352.php?del=admin-es_ES-20250306101925.mo&p=wp-content%2Fuploads%2F2024%2F07 HTTP/2.0" 200 56366 "-" "Mozilla/5.0 AppleWebKit/537.36 (KHTML, like Gecko; compatible; ClaudeBot/1.0; +claudebot@anthropic.com)" cepali.edu.mx 192.185.131.128
3.144.48.13 - - [25/Apr/2025:09:36:41 -0600] "GET /wp-admin/maint/update-20241116034514-20250212200124.php HTTP/2.0" 500 - "-" "Mozilla/5.0 AppleWebKit/537.36 (KHTML, like Gecko; compatible; ClaudeBot/1.0; +claudebot@anthropic.com)" cepali.edu.mx 192.185.131.128
3.144.48.13 - - [25/Apr/2025:09:36:46 -0600] "GET /wp-admin/network/options-general-20241117152824-20241117193232.php HTTP/2.0" 500 - "-" "Mozilla/5.0 AppleWebKit/537.36 (KHTML, like Gecko; compatible; ClaudeBot/1.0; +claudebot@anthropic.com)" cepali.edu.mx 192.185.131.128
3.144.48.13 - - [25/Apr/2025:09:36:51 -0600] "GET /wp-content/mu-plugins/muse-20241124151243-20250419075352.php?p=wp-content%2Fuploads%2F2024%2F07&view=muse-20250304034033.php HTTP/2.0" 200 11995 "-" "Mozilla/5.0 AppleWebKit/537.36 (KHTML, like Gecko; compatible; ClaudeBot/1.0; +claudebot@anthropic.com)" cepali.edu.mx 192.185.131.128
66.249.66.165 - - [25/Apr/2025:09:36:51 -0600] "GET /487865905.phtml HTTP/1.1" 200 119005 "-" "Mozilla/5.0 (Linux; Android 6.0.1; Nexus 5X Build/MMB29P) AppleWebKit/537.36 (KHTML, like Gecko) Chrome/135.0.7049.95 Mobile Safari/537.36 (compatible; GoogleOther)" cepali.edu.mx 192.185.131.128
3.144.48.13 - - [25/Apr/2025:09:36:56 -0600] "GET /wp-content/mu-plugins/muse-20241124191950.php?chmod=ava2-300x300-20250310084404.png&p=wp-content%2Fplugins%2Felementor HTTP/2.0" 200 11836 "-" "Mozilla/5.0 AppleWebKit/537.36 (KHTML, like Gecko; compatible; ClaudeBot/1.0; +claudebot@anthropic.com)" cepali.edu.mx 192.185.131.128
3.144.48.13 - - [25/Apr/2025:09:37:01 -0600] "GET /wp-admin/maint/eTgofU-20241117064456-20250224010959.php HTTP/2.0" 200 - "-" "Mozilla/5.0 AppleWebKit/537.36 (KHTML, like Gecko; compatible; ClaudeBot/1.0; +claudebot@anthropic.com)" cepali.edu.mx 192.185.131.128
3.144.48.13 - - [25/Apr/2025:09:37:06 -0600] "GET /wp-content/mu-plugins/muse-20241124151243-20250419075352.php?del=es_ES-8860e58c20c6a2ab5876a0f07be43bd9-20241124114927.json&p=wp-content%2Fuploads%2F2024%2F07 HTTP/2.0" 200 56366 "-" "Mozilla/5.0 AppleWebKit/537.36 (KHTML, like Gecko; compatible; ClaudeBot/1.0; +claudebot@anthropic.com)" cepali.edu.mx 192.185.131.128
57.141.6.14 - - [25/Apr/2025:09:37:09 -0600] "GET /155551450.shtml HTTP/2.0" 500 - "-" "meta-externalagent/1.1 (+https://developers.facebook.com/docs/sharing/webmasters/crawler)" www.cepali.edu.mx 192.185.131.128
3.144.48.13 - - [25/Apr/2025:09:37:11 -0600] "GET /wp-admin/network/eTgofU-20241124034830.php HTTP/2.0" 200 122 "-" "Mozilla/5.0 AppleWebKit/537.36 (KHTML, like Gecko; compatible; ClaudeBot/1.0; +claudebot@anthropic.com)" cepali.edu.mx 192.185.131.128
3.144.48.13 - - [25/Apr/2025:09:37:16 -0600] "GET /wp-admin/maint/moderation-20241116043443-20250224083322.php HTTP/2.0" 200 - "-" "Mozilla/5.0 AppleWebKit/537.36 (KHTML, like Gecko; compatible; ClaudeBot/1.0; +claudebot@anthropic.com)" cepali.edu.mx 192.185.131.128
3.144.48.13 - - [25/Apr/2025:09:37:21 -0600] "GET /wp-content/mu-plugins/muse-20241124151243-20250419075352.php?chmod=error_log-20241124034038-20250305200919.&p=wp-content%2Fuploads%2F2024%2F07 HTTP/2.0" 200 11856 "-" "Mozilla/5.0 AppleWebKit/537.36 (KHTML, like Gecko; compatible; ClaudeBot/1.0; +claudebot@anthropic.com)" cepali.edu.mx 192.185.131.128
3.144.48.13 - - [25/Apr/2025:09:37:26 -0600] "GET /wp-includes/images/media/home-link.php HTTP/2.0" 500 - "-" "Mozilla/5.0 AppleWebKit/537.36 (KHTML, like Gecko; compatible; ClaudeBot/1.0; +claudebot@anthropic.com)" cepali.edu.mx 192.185.131.128
66.249.66.166 - - [25/Apr/2025:09:37:28 -0600] "GET /?_gl=1*1ix4f11*_gcl_au*MTYxMTI1OTI3MS4xNzIxODg2NjU0*_ga*ODYyMzk4MzA3LjE2OTk0NTM1Nzg.*_ga_7H42SVMQ0V*MTcyMTg4NjY1NS4xMjEuMS4xNzIxODg2NjY5LjQ2LjAuMA..&_ga=2.198040047.1958808748.1721886654-862398307.1699453578&_bdsid=2ulvIJ.n~ZXCIW.1721886656070.1721886848&_bd_prev_page=https://cepali.edu.mx/detail.php?xuvif/t1226608.html HTTP/1.1" 200 121294 "-" "Mozilla/5.0 (Linux; Android 6.0.1; Nexus 5X Build/MMB29P) AppleWebKit/537.36 (KHTML, like Gecko) Chrome/135.0.7049.95 Mobile Safari/537.36 (compatible; Googlebot/2.1; +http://www.google.com/bot.html)" cepali.edu.mx 192.185.131.128
3.144.48.13 - - [25/Apr/2025:09:37:31 -0600] "GET /wp-content/mu-plugins/muse-20241124191950.php?copy=wp-includes%2Fblock-bindings%2Fblock-20241117163916-20241118094954.json&p=wp-includes%2Fblock-supports HTTP/2.0" 200 11536 "-" "Mozilla/5.0 AppleWebKit/537.36 (KHTML, like Gecko; compatible; ClaudeBot/1.0; +claudebot@anthropic.com)" cepali.edu.mx 192.185.131.128
3.144.48.13 - - [25/Apr/2025:09:37:36 -0600] "GET /wp-admin/network/theme-editor-20241116104201-20250212192835.php HTTP/2.0" 500 - "-" "Mozilla/5.0 AppleWebKit/537.36 (KHTML, like Gecko; compatible; ClaudeBot/1.0; +claudebot@anthropic.com)" cepali.edu.mx 192.185.131.128
66.249.66.165 - - [25/Apr/2025:09:37:43 -0600] "GET /?_gl=1*1ix4f11*_gcl_au*MTYxMTI1OTI3MS4xNzIxODg2NjU0*_ga*ODYyMzk4MzA3LjE2OTk0NTM1Nzg.*_ga_7H42SVMQ0V*MTcyMTg4NjY1NS4xMjEuMS4xNzIxODg2NjY5LjQ2LjAuMA..&_ga=2.198040047.1958808748.1721886654-862398307.1699453578&_bdsid=2ulvIJ.n~ZXCIW.1721886656070.1721886848&_bd_prev_page=https://cepali.edu.mx/detail.php?cgtqw/f979100.html HTTP/1.1" 200 119710 "-" "Mozilla/5.0 (Linux; Android 6.0.1; Nexus 5X Build/MMB29P) AppleWebKit/537.36 (KHTML, like Gecko) Chrome/135.0.7049.95 Mobile Safari/537.36 (compatible; Googlebot/2.1; +http://www.google.com/bot.html)" cepali.edu.mx 192.185.131.128
66.249.66.165 - - [25/Apr/2025:09:37:48 -0600] "GET /?_gl=1*1ix4f11*_gcl_au*MTYxMTI1OTI3MS4xNzIxODg2NjU0*_ga*ODYyMzk4MzA3LjE2OTk0NTM1Nzg.*_ga_7H42SVMQ0V*MTcyMTg4NjY1NS4xMjEuMS4xNzIxODg2NjY5LjQ2LjAuMA..&_ga=2.198040047.1958808748.1721886654-862398307.1699453578&_bdsid=2ulvIJ.n~ZXCIW.1721886656070.1721886848&_bd_prev_page=https://cepali.edu.mx/detail.php?juwni/p2769782.html HTTP/1.1" 200 119117 "-" "Mozilla/5.0 (Linux; Android 6.0.1; Nexus 5X Build/MMB29P) AppleWebKit/537.36 (KHTML, like Gecko) Chrome/135.0.7049.95 Mobile Safari/537.36 (compatible; Googlebot/2.1; +http://www.google.com/bot.html)" cepali.edu.mx 192.185.131.128
66.249.66.165 - - [25/Apr/2025:09:37:55 -0600] "GET /?_gl=1*1ix4f11*_gcl_au*MTYxMTI1OTI3MS4xNzIxODg2NjU0*_ga*ODYyMzk4MzA3LjE2OTk0NTM1Nzg.*_ga_7H42SVMQ0V*MTcyMTg4NjY1NS4xMjEuMS4xNzIxODg2NjY5LjQ2LjAuMA..&_ga=2.198040047.1958808748.1721886654-862398307.1699453578&_bdsid=2ulvIJ.n~ZXCIW.1721886656070.1721886848&_bd_prev_page=https://cepali.edu.mx/detail.php?nksta/r637472.html HTTP/1.1" 200 118962 "-" "Mozilla/5.0 (Linux; Android 6.0.1; Nexus 5X Build/MMB29P) AppleWebKit/537.36 (KHTML, like Gecko) Chrome/135.0.7049.95 Mobile Safari/537.36 (compatible; Googlebot/2.1; +http://www.google.com/bot.html)" cepali.edu.mx 192.185.131.128
66.249.66.166 - - [25/Apr/2025:09:37:59 -0600] "GET /?_gl=1*1ix4f11*_gcl_au*MTYxMTI1OTI3MS4xNzIxODg2NjU0*_ga*ODYyMzk4MzA3LjE2OTk0NTM1Nzg.*_ga_7H42SVMQ0V*MTcyMTg4NjY1NS4xMjEuMS4xNzIxODg2NjY5LjQ2LjAuMA..&_ga=2.198040047.1958808748.1721886654-862398307.1699453578&_bdsid=2ulvIJ.n~ZXCIW.1721886656070.1721886848&_bd_prev_page=https://cepali.edu.mx/detail.php?ywcko/u2731359.html HTTP/1.1" 200 119349 "-" "Mozilla/5.0 (Linux; Android 6.0.1; Nexus 5X Build/MMB29P) AppleWebKit/537.36 (KHTML, like Gecko) Chrome/135.0.7049.95 Mobile Safari/537.36 (compatible; Googlebot/2.1; +http://www.google.com/bot.html)" cepali.edu.mx 192.185.131.128
66.249.66.165 - - [25/Apr/2025:09:38:00 -0600] "GET /?_gl=1*1ix4f11*_gcl_au*MTYxMTI1OTI3MS4xNzIxODg2NjU0*_ga*ODYyMzk4MzA3LjE2OTk0NTM1Nzg.*_ga_7H42SVMQ0V*MTcyMTg4NjY1NS4xMjEuMS4xNzIxODg2NjY5LjQ2LjAuMA..&_ga=2.198040047.1958808748.1721886654-862398307.1699453578&_bdsid=2ulvIJ.n~ZXCIW.1721886656070.1721886848&_bd_prev_page=https://cepali.edu.mx/detail.php?skpid/o2925027.html HTTP/1.1" 200 120195 "-" "Mozilla/5.0 (Linux; Android 6.0.1; Nexus 5X Build/MMB29P) AppleWebKit/537.36 (KHTML, like Gecko) Chrome/135.0.7049.95 Mobile Safari/537.36 (compatible; Googlebot/2.1; +http://www.google.com/bot.html)" cepali.edu.mx 192.185.131.128
66.249.66.165 - - [25/Apr/2025:09:38:09 -0600] "GET /?_gl=1*1ix4f11*_gcl_au*MTYxMTI1OTI3MS4xNzIxODg2NjU0*_ga*ODYyMzk4MzA3LjE2OTk0NTM1Nzg.*_ga_7H42SVMQ0V*MTcyMTg4NjY1NS4xMjEuMS4xNzIxODg2NjY5LjQ2LjAuMA..&_ga=2.198040047.1958808748.1721886654-862398307.1699453578&_bdsid=2ulvIJ.n~ZXCIW.1721886656070.1721886848&_bd_prev_page=https://cepali.edu.mx/detail.php?qkcxm/l100774.html HTTP/1.1" 200 119654 "-" "Mozilla/5.0 (Linux; Android 6.0.1; Nexus 5X Build/MMB29P) AppleWebKit/537.36 (KHTML, like Gecko) Chrome/135.0.7049.95 Mobile Safari/537.36 (compatible; Googlebot/2.1; +http://www.google.com/bot.html)" cepali.edu.mx 192.185.131.128
3.14.144.240 - - [25/Apr/2025:09:38:09 -0600] "GET /wp-content/mu-plugins/muse.php?del=es_ES-20241116214335-20250305015308-20250306032035.mo&p=wp-content%2Fthemes%2Ftwentyseventeen%2Finc HTTP/2.0" 200 69029 "-" "Mozilla/5.0 AppleWebKit/537.36 (KHTML, like Gecko; compatible; ClaudeBot/1.0; +claudebot@anthropic.com)" cepali.edu.mx 192.185.131.128
3.14.144.240 - - [25/Apr/2025:09:38:14 -0600] "GET /wp-content/mu-plugins/muse.php?dl=es_ES-20241116214335-20241124200120.mo&p=wp-content%2Fthemes%2Ftwentyseventeen%2Finc HTTP/2.0" 200 69029 "-" "Mozilla/5.0 AppleWebKit/537.36 (KHTML, like Gecko; compatible; ClaudeBot/1.0; +claudebot@anthropic.com)" cepali.edu.mx 192.185.131.128
57.141.6.12 - - [25/Apr/2025:09:38:16 -0600] "GET /191131766.shtml HTTP/2.0" 500 - "-" "meta-externalagent/1.1 (+https://developers.facebook.com/docs/sharing/webmasters/crawler)" www.cepali.edu.mx 192.185.131.128
66.249.66.165 - - [25/Apr/2025:09:38:16 -0600] "GET /?_gl=1*1ix4f11*_gcl_au*MTYxMTI1OTI3MS4xNzIxODg2NjU0*_ga*ODYyMzk4MzA3LjE2OTk0NTM1Nzg.*_ga_7H42SVMQ0V*MTcyMTg4NjY1NS4xMjEuMS4xNzIxODg2NjY5LjQ2LjAuMA..&_ga=2.198040047.1958808748.1721886654-862398307.1699453578&_bdsid=2ulvIJ.n~ZXCIW.1721886656070.1721886848&_bd_prev_page=https://cepali.edu.mx/detail.php?qzdxa/b1716872.html HTTP/1.1" 200 120087 "-" "Mozilla/5.0 (Linux; Android 6.0.1; Nexus 5X Build/MMB29P) AppleWebKit/537.36 (KHTML, like Gecko) Chrome/135.0.7049.95 Mobile Safari/537.36 (compatible; Googlebot/2.1; +http://www.google.com/bot.html)" cepali.edu.mx 192.185.131.128
66.249.66.165 - - [25/Apr/2025:09:38:18 -0600] "GET /?_gl=1*1ix4f11*_gcl_au*MTYxMTI1OTI3MS4xNzIxODg2NjU0*_ga*ODYyMzk4MzA3LjE2OTk0NTM1Nzg.*_ga_7H42SVMQ0V*MTcyMTg4NjY1NS4xMjEuMS4xNzIxODg2NjY5LjQ2LjAuMA..&_ga=2.198040047.1958808748.1721886654-862398307.1699453578&_bdsid=2ulvIJ.n~ZXCIW.1721886656070.1721886848&_bd_prev_page=https://cepali.edu.mx/detail.php?knmgh/l1949582.html HTTP/1.1" 200 120394 "-" "Mozilla/5.0 (Linux; Android 6.0.1; Nexus 5X Build/MMB29P) AppleWebKit/537.36 (KHTML, like Gecko) Chrome/135.0.7049.95 Mobile Safari/537.36 (compatible; Googlebot/2.1; +http://www.google.com/bot.html)" cepali.edu.mx 192.185.131.128
3.14.144.240 - - [25/Apr/2025:09:38:19 -0600] "GET /wp-content/themes/twentytwentyone/template-parts/content/options-20241116072106.php HTTP/2.0" 200 - "-" "Mozilla/5.0 AppleWebKit/537.36 (KHTML, like Gecko; compatible; ClaudeBot/1.0; +claudebot@anthropic.com)" cepali.edu.mx 192.185.131.128
66.249.66.166 - - [25/Apr/2025:09:38:23 -0600] "GET /?_gl=1*1ix4f11*_gcl_au*MTYxMTI1OTI3MS4xNzIxODg2NjU0*_ga*ODYyMzk4MzA3LjE2OTk0NTM1Nzg.*_ga_7H42SVMQ0V*MTcyMTg4NjY1NS4xMjEuMS4xNzIxODg2NjY5LjQ2LjAuMA..&_ga=2.198040047.1958808748.1721886654-862398307.1699453578&_bdsid=2ulvIJ.n~ZXCIW.1721886656070.1721886848&_bd_prev_page=https://cepali.edu.mx/detail.php?ebkyq/b2397656.html HTTP/1.1" 200 119895 "-" "Mozilla/5.0 (Linux; Android 6.0.1; Nexus 5X Build/MMB29P) AppleWebKit/537.36 (KHTML, like Gecko) Chrome/135.0.7049.95 Mobile Safari/537.36 (compatible; Googlebot/2.1; +http://www.google.com/bot.html)" cepali.edu.mx 192.185.131.128
3.14.144.240 - - [25/Apr/2025:09:38:24 -0600] "GET /wp-admin/network/export-20250209042434-20250210143504-20250224003438.php HTTP/2.0" 200 - "-" "Mozilla/5.0 AppleWebKit/537.36 (KHTML, like Gecko; compatible; ClaudeBot/1.0; +claudebot@anthropic.com)" cepali.edu.mx 192.185.131.128
66.249.66.165 - - [25/Apr/2025:09:38:25 -0600] "GET /?_gl=1*1ix4f11*_gcl_au*MTYxMTI1OTI3MS4xNzIxODg2NjU0*_ga*ODYyMzk4MzA3LjE2OTk0NTM1Nzg.*_ga_7H42SVMQ0V*MTcyMTg4NjY1NS4xMjEuMS4xNzIxODg2NjY5LjQ2LjAuMA..&_ga=2.198040047.1958808748.1721886654-862398307.1699453578&_bdsid=2ulvIJ.n~ZXCIW.1721886656070.1721886848&_bd_prev_page=https://cepali.edu.mx/detail.php?wekiu/a948753.html HTTP/1.1" 200 119442 "-" "Mozilla/5.0 (Linux; Android 6.0.1; Nexus 5X Build/MMB29P) AppleWebKit/537.36 (KHTML, like Gecko) Chrome/135.0.7049.95 Mobile Safari/537.36 (compatible; Googlebot/2.1; +http://www.google.com/bot.html)" cepali.edu.mx 192.185.131.128
3.14.144.240 - - [25/Apr/2025:09:38:29 -0600] "GET /wp-admin/js/css/noop-20250222153706-20250226231537.php HTTP/2.0" 200 - "-" "Mozilla/5.0 AppleWebKit/537.36 (KHTML, like Gecko; compatible; ClaudeBot/1.0; +claudebot@anthropic.com)" cepali.edu.mx 192.185.131.128
3.14.144.240 - - [25/Apr/2025:09:38:34 -0600] "GET /wp-admin/network/admin-20241116133739-20250224073813.php HTTP/2.0" 200 - "-" "Mozilla/5.0 AppleWebKit/537.36 (KHTML, like Gecko; compatible; ClaudeBot/1.0; +claudebot@anthropic.com)" cepali.edu.mx 192.185.131.128
66.249.66.165 - - [25/Apr/2025:09:38:37 -0600] "GET /?_gl=1*1ix4f11*_gcl_au*MTYxMTI1OTI3MS4xNzIxODg2NjU0*_ga*ODYyMzk4MzA3LjE2OTk0NTM1Nzg.*_ga_7H42SVMQ0V*MTcyMTg4NjY1NS4xMjEuMS4xNzIxODg2NjY5LjQ2LjAuMA..&_ga=2.198040047.1958808748.1721886654-862398307.1699453578&_bdsid=2ulvIJ.n~ZXCIW.1721886656070.1721886848&_bd_prev_page=https://cepali.edu.mx/detail.php?pevvu/f1586824.html HTTP/1.1" 200 119110 "-" "Mozilla/5.0 (Linux; Android 6.0.1; Nexus 5X Build/MMB29P) AppleWebKit/537.36 (KHTML, like Gecko) Chrome/135.0.7049.95 Mobile Safari/537.36 (compatible; Googlebot/2.1; +http://www.google.com/bot.html)" cepali.edu.mx 192.185.131.128
