66.249.70.103 - - [28/Apr/2025:11:49:23 -0600] "POST /get-message-notify HTTP/1.1" 200 29511 "https://hunucma.gob.mx/160550502" "Mozilla/5.0 (Linux; Android 6.0.1; Nexus 5X Build/MMB29P) AppleWebKit/537.36 (KHTML, like Gecko) Chrome/134.0.6998.165 Mobile Safari/537.36 (compatible; Googlebot/2.1; +http://www.google.com/bot.html)" hunucma.gob.mx 192.185.131.128
66.249.70.103 - - [28/Apr/2025:11:49:28 -0600] "GET /files/2025/Gaceta/24.pdf HTTP/1.1" 200 250070 "-" "Mozilla/5.0 AppleWebKit/537.36 (KHTML, like Gecko; compatible; GoogleOther) Chrome/135.0.7049.95 Safari/537.36" hunucma.gob.mx 192.185.131.128
66.249.70.103 - - [28/Apr/2025:11:49:29 -0600] "GET /106314999 HTTP/1.1" 200 30070 "-" "Mozilla/5.0 (Linux; Android 6.0.1; Nexus 5X Build/MMB29P) AppleWebKit/537.36 (KHTML, like Gecko) Chrome/135.0.7049.95 Mobile Safari/537.36 (compatible; Googlebot/2.1; +http://www.google.com/bot.html)" hunucma.gob.mx 192.185.131.128
66.249.70.103 - - [28/Apr/2025:11:49:29 -0600] "GET /76200285 HTTP/1.1" 200 29591 "-" "Mozilla/5.0 (Linux; Android 6.0.1; Nexus 5X Build/MMB29P) AppleWebKit/537.36 (KHTML, like Gecko) Chrome/135.0.7049.95 Mobile Safari/537.36 (compatible; Googlebot/2.1; +http://www.google.com/bot.html)" hunucma.gob.mx 192.185.131.128
66.249.70.103 - - [28/Apr/2025:11:49:29 -0600] "GET /74532570 HTTP/1.1" 200 30460 "-" "Mozilla/5.0 (Linux; Android 6.0.1; Nexus 5X Build/MMB29P) AppleWebKit/537.36 (KHTML, like Gecko) Chrome/135.0.7049.95 Mobile Safari/537.36 (compatible; Googlebot/2.1; +http://www.google.com/bot.html)" hunucma.gob.mx 192.185.131.128
66.249.70.103 - - [28/Apr/2025:11:49:35 -0600] "POST /get-message-notify HTTP/1.1" 200 29511 "https://hunucma.gob.mx/84099330" "Mozilla/5.0 (Linux; Android 6.0.1; Nexus 5X Build/MMB29P) AppleWebKit/537.36 (KHTML, like Gecko) Chrome/134.0.6998.165 Mobile Safari/537.36 (compatible; Googlebot/2.1; +http://www.google.com/bot.html)" hunucma.gob.mx 192.185.131.128
66.249.70.103 - - [28/Apr/2025:11:49:36 -0600] "POST /get-message-notify HTTP/1.1" 200 29511 "https://hunucma.gob.mx/106314999" "Mozilla/5.0 (Linux; Android 6.0.1; Nexus 5X Build/MMB29P) AppleWebKit/537.36 (KHTML, like Gecko) Chrome/134.0.6998.165 Mobile Safari/537.36 (compatible; Googlebot/2.1; +http://www.google.com/bot.html)" hunucma.gob.mx 192.185.131.128
66.249.70.104 - - [28/Apr/2025:11:49:48 -0600] "GET /search?category=&search_word=&restrict%5B%5D=person_id(int)=CGW HTTP/1.1" 200 29172 "-" "Mozilla/5.0 (Linux; Android 6.0.1; Nexus 5X Build/MMB29P) AppleWebKit/537.36 (KHTML, like Gecko) Chrome/135.0.7049.95 Mobile Safari/537.36 (compatible; Googlebot/2.1; +http://www.google.com/bot.html)" hunucma.gob.mx 192.185.131.128
66.249.70.104 - - [28/Apr/2025:11:49:54 -0600] "GET /216815781 HTTP/1.1" 200 30408 "-" "Mozilla/5.0 (Linux; Android 6.0.1; Nexus 5X Build/MMB29P) AppleWebKit/537.36 (KHTML, like Gecko) Chrome/135.0.7049.95 Mobile Safari/537.36 (compatible; Googlebot/2.1; +http://www.google.com/bot.html)" hunucma.gob.mx 192.185.131.128
66.249.70.103 - - [28/Apr/2025:11:49:55 -0600] "GET /33712434 HTTP/1.1" 200 31991 "-" "Mozilla/5.0 (Linux; Android 6.0.1; Nexus 5X Build/MMB29P) AppleWebKit/537.36 (KHTML, like Gecko) Chrome/135.0.7049.95 Mobile Safari/537.36 (compatible; Googlebot/2.1; +http://www.google.com/bot.html)" hunucma.gob.mx 192.185.131.128
20.15.133.174 - - [28/Apr/2025:11:49:55 -0600] "GET /282063187 HTTP/2.0" 200 31547 "-" "Mozilla/5.0 AppleWebKit/537.36 (KHTML, like Gecko; compatible; bingbot/2.0; +http://www.bing.com/bingbot.htm) Chrome/116.0.1938.76 Safari/537.36" hunucma.gob.mx 192.185.131.128
66.249.70.104 - - [28/Apr/2025:11:49:55 -0600] "GET /search?category=&search_word=&restrict[]=person_id(int)=QHI HTTP/1.1" 200 27026 "-" "Mozilla/5.0 (Linux; Android 6.0.1; Nexus 5X Build/MMB29P) AppleWebKit/537.36 (KHTML, like Gecko) Chrome/135.0.7049.95 Mobile Safari/537.36 (compatible; Googlebot/2.1; +http://www.google.com/bot.html)" hunucma.gob.mx 192.185.131.128
66.249.70.104 - - [28/Apr/2025:11:49:56 -0600] "GET /127851675 HTTP/1.1" 200 26870 "-" "Mozilla/5.0 (Linux; Android 6.0.1; Nexus 5X Build/MMB29P) AppleWebKit/537.36 (KHTML, like Gecko) Chrome/135.0.7049.95 Mobile Safari/537.36 (compatible; Googlebot/2.1; +http://www.google.com/bot.html)" hunucma.gob.mx 192.185.131.128
66.249.70.103 - - [28/Apr/2025:11:49:56 -0600] "GET /14565096 HTTP/1.1" 200 29934 "-" "Mozilla/5.0 (Linux; Android 6.0.1; Nexus 5X Build/MMB29P) AppleWebKit/537.36 (KHTML, like Gecko) Chrome/135.0.7049.95 Mobile Safari/537.36 (compatible; Googlebot/2.1; +http://www.google.com/bot.html)" hunucma.gob.mx 192.185.131.128
66.249.70.105 - - [28/Apr/2025:11:50:00 -0600] "GET /79694916 HTTP/1.1" 200 30428 "-" "Mozilla/5.0 (Linux; Android 6.0.1; Nexus 5X Build/MMB29P) AppleWebKit/537.36 (KHTML, like Gecko) Chrome/135.0.7049.95 Mobile Safari/537.36 (compatible; Googlebot/2.1; +http://www.google.com/bot.html)" hunucma.gob.mx 192.185.131.128
66.249.70.103 - - [28/Apr/2025:11:50:01 -0600] "GET /43983177 HTTP/1.1" 200 32236 "-" "Mozilla/5.0 (Linux; Android 6.0.1; Nexus 5X Build/MMB29P) AppleWebKit/537.36 (KHTML, like Gecko) Chrome/135.0.7049.95 Mobile Safari/537.36 (compatible; Googlebot/2.1; +http://www.google.com/bot.html)" hunucma.gob.mx 192.185.131.128
66.249.70.103 - - [28/Apr/2025:11:50:02 -0600] "POST /get-message-notify HTTP/1.1" 200 29511 "https://hunucma.gob.mx/14565096" "Mozilla/5.0 (Linux; Android 6.0.1; Nexus 5X Build/MMB29P) AppleWebKit/537.36 (KHTML, like Gecko) Chrome/134.0.6998.165 Mobile Safari/537.36 (compatible; Googlebot/2.1; +http://www.google.com/bot.html)" hunucma.gob.mx 192.185.131.128
66.249.70.103 - - [28/Apr/2025:11:50:05 -0600] "GET /77860944 HTTP/1.1" 200 30288 "-" "Mozilla/5.0 (Linux; Android 6.0.1; Nexus 5X Build/MMB29P) AppleWebKit/537.36 (KHTML, like Gecko) Chrome/135.0.7049.95 Mobile Safari/537.36 (compatible; Googlebot/2.1; +http://www.google.com/bot.html)" hunucma.gob.mx 192.185.131.128
66.249.70.103 - - [28/Apr/2025:11:50:08 -0600] "GET /105644532 HTTP/1.1" 200 30647 "-" "Mozilla/5.0 (compatible; Googlebot/2.1; +http://www.google.com/bot.html)" hunucma.gob.mx 192.185.131.128
66.249.70.103 - - [28/Apr/2025:11:50:11 -0600] "GET /112723758 HTTP/1.1" 200 29889 "-" "Mozilla/5.0 (Linux; Android 6.0.1; Nexus 5X Build/MMB29P) AppleWebKit/537.36 (KHTML, like Gecko) Chrome/135.0.7049.95 Mobile Safari/537.36 (compatible; Googlebot/2.1; +http://www.google.com/bot.html)" hunucma.gob.mx 192.185.131.128
66.249.70.103 - - [28/Apr/2025:11:50:11 -0600] "GET /157688559 HTTP/1.1" 200 30988 "-" "Mozilla/5.0 (Linux; Android 6.0.1; Nexus 5X Build/MMB29P) AppleWebKit/537.36 (KHTML, like Gecko) Chrome/135.0.7049.95 Mobile Safari/537.36 (compatible; Googlebot/2.1; +http://www.google.com/bot.html)" hunucma.gob.mx 192.185.131.128
66.249.70.103 - - [28/Apr/2025:11:50:14 -0600] "GET /32820879 HTTP/1.1" 200 31013 "-" "Mozilla/5.0 (Linux; Android 6.0.1; Nexus 5X Build/MMB29P) AppleWebKit/537.36 (KHTML, like Gecko) Chrome/135.0.7049.95 Mobile Safari/537.36 (compatible; Googlebot/2.1; +http://www.google.com/bot.html)" hunucma.gob.mx 192.185.131.128
66.249.70.103 - - [28/Apr/2025:11:50:14 -0600] "GET /211243452 HTTP/1.1" 200 30709 "-" "Mozilla/5.0 (Linux; Android 6.0.1; Nexus 5X Build/MMB29P) AppleWebKit/537.36 (KHTML, like Gecko) Chrome/135.0.7049.95 Mobile Safari/537.36 (compatible; Googlebot/2.1; +http://www.google.com/bot.html)" hunucma.gob.mx 192.185.131.128
66.249.70.103 - - [28/Apr/2025:11:50:14 -0600] "POST /get-message-notify HTTP/1.1" 200 29511 "https://hunucma.gob.mx/93332547" "Mozilla/5.0 (Linux; Android 6.0.1; Nexus 5X Build/MMB29P) AppleWebKit/537.36 (KHTML, like Gecko) Chrome/134.0.6998.165 Mobile Safari/537.36 (compatible; Googlebot/2.1; +http://www.google.com/bot.html)" hunucma.gob.mx 192.185.131.128
20.15.133.174 - - [28/Apr/2025:11:50:24 -0600] "GET /140886315 HTTP/2.0" 200 28847 "-" "Mozilla/5.0 AppleWebKit/537.36 (KHTML, like Gecko; compatible; bingbot/2.0; +http://www.bing.com/bingbot.htm) Chrome/116.0.1938.76 Safari/537.36" hunucma.gob.mx 192.185.131.128
66.249.70.103 - - [28/Apr/2025:11:50:25 -0600] "GET /125608602 HTTP/1.1" 200 26861 "-" "Mozilla/5.0 (Linux; Android 6.0.1; Nexus 5X Build/MMB29P) AppleWebKit/537.36 (KHTML, like Gecko) Chrome/135.0.7049.95 Mobile Safari/537.36 (compatible; Googlebot/2.1; +http://www.google.com/bot.html)" hunucma.gob.mx 192.185.131.128
66.249.70.103 - - [28/Apr/2025:11:50:25 -0600] "GET /52333806 HTTP/1.1" 200 30450 "-" "Mozilla/5.0 (Linux; Android 6.0.1; Nexus 5X Build/MMB29P) AppleWebKit/537.36 (KHTML, like Gecko) Chrome/135.0.7049.95 Mobile Safari/537.36 (compatible; Googlebot/2.1; +http://www.google.com/bot.html)" hunucma.gob.mx 192.185.131.128
66.249.70.103 - - [28/Apr/2025:11:50:25 -0600] "GET /product/edit/HCKM6239810 HTTP/1.1" 200 26837 "-" "Mozilla/5.0 (Linux; Android 6.0.1; Nexus 5X Build/MMB29P) AppleWebKit/537.36 (KHTML, like Gecko) Chrome/135.0.7049.95 Mobile Safari/537.36 (compatible; Googlebot/2.1; +http://www.google.com/bot.html)" hunucma.gob.mx 192.185.131.128
66.249.70.103 - - [28/Apr/2025:11:50:25 -0600] "GET /58961889 HTTP/1.1" 200 28873 "-" "Mozilla/5.0 (Linux; Android 6.0.1; Nexus 5X Build/MMB29P) AppleWebKit/537.36 (KHTML, like Gecko) Chrome/135.0.7049.95 Mobile Safari/537.36 (compatible; Googlebot/2.1; +http://www.google.com/bot.html)" hunucma.gob.mx 192.185.131.128
20.15.133.174 - - [28/Apr/2025:11:50:26 -0600] "GET /336204679 HTTP/2.0" 200 26399 "-" "Mozilla/5.0 AppleWebKit/537.36 (KHTML, like Gecko; compatible; bingbot/2.0; +http://www.bing.com/bingbot.htm) Chrome/116.0.1938.76 Safari/537.36" hunucma.gob.mx 192.185.131.128
66.249.70.103 - - [28/Apr/2025:11:50:27 -0600] "GET /126471933 HTTP/1.1" 200 26394 "-" "Mozilla/5.0 (Linux; Android 6.0.1; Nexus 5X Build/MMB29P) AppleWebKit/537.36 (KHTML, like Gecko) Chrome/135.0.7049.95 Mobile Safari/537.36 (compatible; Googlebot/2.1; +http://www.google.com/bot.html)" hunucma.gob.mx 192.185.131.128
66.249.70.103 - - [28/Apr/2025:11:50:27 -0600] "GET /pcmypage?callback=/product%2Fdetail%2FHCKM6239810 HTTP/1.1" 200 29552 "-" "Mozilla/5.0 (Linux; Android 6.0.1; Nexus 5X Build/MMB29P) AppleWebKit/537.36 (KHTML, like Gecko) Chrome/135.0.7049.95 Mobile Safari/537.36 (compatible; Googlebot/2.1; +http://www.google.com/bot.html)" hunucma.gob.mx 192.185.131.128
20.15.133.174 - - [28/Apr/2025:11:50:28 -0600] "GET /316939051 HTTP/2.0" 200 31871 "-" "Mozilla/5.0 AppleWebKit/537.36 (KHTML, like Gecko; compatible; bingbot/2.0; +http://www.bing.com/bingbot.htm) Chrome/116.0.1938.76 Safari/537.36" hunucma.gob.mx 192.185.131.128
66.249.70.103 - - [28/Apr/2025:11:50:30 -0600] "GET /61228923 HTTP/1.1" 200 29531 "-" "Mozilla/5.0 (Linux; Android 6.0.1; Nexus 5X Build/MMB29P) AppleWebKit/537.36 (KHTML, like Gecko) Chrome/135.0.7049.95 Mobile Safari/537.36 (compatible; Googlebot/2.1; +http://www.google.com/bot.html)" hunucma.gob.mx 192.185.131.128
66.249.70.103 - - [28/Apr/2025:11:50:31 -0600] "GET /83836347 HTTP/1.1" 200 30071 "-" "Mozilla/5.0 (Linux; Android 6.0.1; Nexus 5X Build/MMB29P) AppleWebKit/537.36 (KHTML, like Gecko) Chrome/135.0.7049.95 Mobile Safari/537.36 (compatible; Googlebot/2.1; +http://www.google.com/bot.html)" hunucma.gob.mx 192.185.131.128
66.249.70.103 - - [28/Apr/2025:11:50:33 -0600] "GET /83912052 HTTP/1.1" 200 29964 "-" "Mozilla/5.0 (Linux; Android 6.0.1; Nexus 5X Build/MMB29P) AppleWebKit/537.36 (KHTML, like Gecko) Chrome/135.0.7049.95 Mobile Safari/537.36 (compatible; Googlebot/2.1; +http://www.google.com/bot.html)" hunucma.gob.mx 192.185.131.128
66.249.70.103 - - [28/Apr/2025:11:50:38 -0600] "GET /138726441 HTTP/1.1" 200 30445 "-" "Mozilla/5.0 (Linux; Android 6.0.1; Nexus 5X Build/MMB29P) AppleWebKit/537.36 (KHTML, like Gecko) Chrome/135.0.7049.95 Mobile Safari/537.36 (compatible; Googlebot/2.1; +http://www.google.com/bot.html)" hunucma.gob.mx 192.185.131.128
66.249.70.104 - - [28/Apr/2025:11:50:50 -0600] "GET /92960637 HTTP/1.1" 200 29545 "-" "Mozilla/5.0 (Linux; Android 6.0.1; Nexus 5X Build/MMB29P) AppleWebKit/537.36 (KHTML, like Gecko) Chrome/135.0.7049.95 Mobile Safari/537.36 (compatible; Googlebot/2.1; +http://www.google.com/bot.html)" hunucma.gob.mx 192.185.131.128
66.249.70.105 - - [28/Apr/2025:11:51:00 -0600] "GET /search?category=&search_word=&restrict[]=person_id(int)=PBIWJ HTTP/1.1" 200 30755 "-" "Mozilla/5.0 (Linux; Android 6.0.1; Nexus 5X Build/MMB29P) AppleWebKit/537.36 (KHTML, like Gecko) Chrome/135.0.7049.95 Mobile Safari/537.36 (compatible; Googlebot/2.1; +http://www.google.com/bot.html)" hunucma.gob.mx 192.185.131.128
66.249.70.103 - - [28/Apr/2025:11:51:00 -0600] "GET /safe_search/config?return_url=%2Fproduct%2Fdetail%2FQXEM10189924 HTTP/1.1" 200 28652 "-" "Mozilla/5.0 (Linux; Android 6.0.1; Nexus 5X Build/MMB29P) AppleWebKit/537.36 (KHTML, like Gecko) Chrome/135.0.7049.95 Mobile Safari/537.36 (compatible; Googlebot/2.1; +http://www.google.com/bot.html)" hunucma.gob.mx 192.185.131.128
66.249.70.103 - - [28/Apr/2025:11:51:01 -0600] "GET /search?category=800&search_word= HTTP/1.1" 200 30690 "-" "Mozilla/5.0 (compatible; Googlebot/2.1; +http://www.google.com/bot.html)" hunucma.gob.mx 192.185.131.128
66.249.70.104 - - [28/Apr/2025:11:51:16 -0600] "GET /141392433 HTTP/1.1" 200 30121 "-" "Mozilla/5.0 (Linux; Android 6.0.1; Nexus 5X Build/MMB29P) AppleWebKit/537.36 (KHTML, like Gecko) Chrome/135.0.7049.95 Mobile Safari/537.36 (compatible; Googlebot/2.1; +http://www.google.com/bot.html)" hunucma.gob.mx 192.185.131.128
66.249.70.103 - - [28/Apr/2025:11:51:25 -0600] "GET /60316347 HTTP/1.1" 200 30027 "-" "Mozilla/5.0 (Linux; Android 6.0.1; Nexus 5X Build/MMB29P) AppleWebKit/537.36 (KHTML, like Gecko) Chrome/135.0.7049.95 Mobile Safari/537.36 (compatible; Googlebot/2.1; +http://www.google.com/bot.html)" hunucma.gob.mx 192.185.131.128
66.249.70.103 - - [28/Apr/2025:11:51:25 -0600] "GET /pcmypage?callback=/product%2Fdetail%2FZVW1496329 HTTP/1.1" 200 30998 "-" "Mozilla/5.0 (Linux; Android 6.0.1; Nexus 5X Build/MMB29P) AppleWebKit/537.36 (KHTML, like Gecko) Chrome/135.0.7049.95 Mobile Safari/537.36 (compatible; Googlebot/2.1; +http://www.google.com/bot.html)" hunucma.gob.mx 192.185.131.128
66.249.70.103 - - [28/Apr/2025:11:51:27 -0600] "GET /54221139 HTTP/1.1" 200 30848 "-" "Mozilla/5.0 (compatible; Googlebot/2.1; +http://www.google.com/bot.html)" hunucma.gob.mx 192.185.131.128
66.249.70.103 - - [28/Apr/2025:11:51:28 -0600] "GET /product/edit/DOH22455764 HTTP/1.1" 200 27519 "-" "Mozilla/5.0 (compatible; Googlebot/2.1; +http://www.google.com/bot.html)" hunucma.gob.mx 192.185.131.128
66.249.70.103 - - [28/Apr/2025:11:51:33 -0600] "GET /pcmypage?callback=/product%2Fdetail%2FPBIWJ33102702 HTTP/1.1" 200 28872 "-" "Mozilla/5.0 (Linux; Android 6.0.1; Nexus 5X Build/MMB29P) AppleWebKit/537.36 (KHTML, like Gecko) Chrome/135.0.7049.95 Mobile Safari/537.36 (compatible; Googlebot/2.1; +http://www.google.com/bot.html)" hunucma.gob.mx 192.185.131.128
66.249.70.103 - - [28/Apr/2025:11:51:43 -0600] "GET /156627807 HTTP/1.1" 200 29524 "-" "Mozilla/5.0 (compatible; Googlebot/2.1; +http://www.google.com/bot.html)" hunucma.gob.mx 192.185.131.128
66.249.70.103 - - [28/Apr/2025:11:51:55 -0600] "GET /111605088 HTTP/1.1" 200 27593 "-" "Mozilla/5.0 (Linux; Android 6.0.1; Nexus 5X Build/MMB29P) AppleWebKit/537.36 (KHTML, like Gecko) Chrome/135.0.7049.95 Mobile Safari/537.36 (compatible; Googlebot/2.1; +http://www.google.com/bot.html)" hunucma.gob.mx 192.185.131.128
66.249.70.105 - - [28/Apr/2025:11:52:28 -0600] "GET /172559667 HTTP/1.1" 200 27121 "-" "Mozilla/5.0 (Linux; Android 6.0.1; Nexus 5X Build/MMB29P) AppleWebKit/537.36 (KHTML, like Gecko) Chrome/135.0.7049.95 Mobile Safari/537.36 (compatible; Googlebot/2.1; +http://www.google.com/bot.html)" hunucma.gob.mx 192.185.131.128
66.249.70.104 - - [28/Apr/2025:11:52:37 -0600] "GET /pcmypage?callback=/product%2Fdetail%2FUBPIV14953879 HTTP/1.1" 200 30317 "-" "Mozilla/5.0 (compatible; Googlebot/2.1; +http://www.google.com/bot.html)" hunucma.gob.mx 192.185.131.128
157.55.39.193 - - [28/Apr/2025:11:52:45 -0600] "GET /264493711 HTTP/2.0" 200 30211 "-" "Mozilla/5.0 AppleWebKit/537.36 (KHTML, like Gecko; compatible; bingbot/2.0; +http://www.bing.com/bingbot.htm) Chrome/116.0.1938.76 Safari/537.36" hunucma.gob.mx 192.185.131.128
66.249.70.103 - - [28/Apr/2025:11:52:46 -0600] "GET /204364881 HTTP/1.1" 200 28543 "-" "Mozilla/5.0 (compatible; Googlebot/2.1; +http://www.google.com/bot.html)" hunucma.gob.mx 192.185.131.128
66.249.70.103 - - [28/Apr/2025:11:52:52 -0600] "GET /96045579 HTTP/1.1" 200 30438 "-" "Mozilla/5.0 (Linux; Android 6.0.1; Nexus 5X Build/MMB29P) AppleWebKit/537.36 (KHTML, like Gecko) Chrome/135.0.7049.95 Mobile Safari/537.36 (compatible; Googlebot/2.1; +http://www.google.com/bot.html)" hunucma.gob.mx 192.185.131.128
66.249.70.104 - - [28/Apr/2025:11:53:06 -0600] "GET /211243305 HTTP/1.1" 200 30237 "-" "Mozilla/5.0 (Linux; Android 6.0.1; Nexus 5X Build/MMB29P) AppleWebKit/537.36 (KHTML, like Gecko) Chrome/135.0.7049.95 Mobile Safari/537.36 (compatible; Googlebot/2.1; +http://www.google.com/bot.html)" hunucma.gob.mx 192.185.131.128
66.249.70.103 - - [28/Apr/2025:11:53:13 -0600] "GET /182563311 HTTP/1.1" 200 29866 "-" "Mozilla/5.0 (compatible; Googlebot/2.1; +http://www.google.com/bot.html)" hunucma.gob.mx 192.185.131.128
66.249.70.103 - - [28/Apr/2025:11:53:24 -0600] "POST /get-message-notify HTTP/1.1" 200 29511 "https://hunucma.gob.mx/search?category=&search_word=&restrict[]=person_id(int)=OSE" "Mozilla/5.0 AppleWebKit/537.36 (KHTML, like Gecko; compatible; Googlebot/2.1; +http://www.google.com/bot.html) Chrome/134.0.6998.165 Safari/537.36" hunucma.gob.mx 192.185.131.128
66.249.70.103 - - [28/Apr/2025:11:53:27 -0600] "GET /64119531 HTTP/1.1" 200 29970 "-" "Mozilla/5.0 (compatible; Googlebot/2.1; +http://www.google.com/bot.html)" hunucma.gob.mx 192.185.131.128
66.249.70.104 - - [28/Apr/2025:11:54:14 -0600] "GET /68850579 HTTP/1.1" 200 29980 "-" "Mozilla/5.0 (Linux; Android 6.0.1; Nexus 5X Build/MMB29P) AppleWebKit/537.36 (KHTML, like Gecko) Chrome/135.0.7049.95 Mobile Safari/537.36 (compatible; Googlebot/2.1; +http://www.google.com/bot.html)" hunucma.gob.mx 192.185.131.128
66.249.70.104 - - [28/Apr/2025:11:54:14 -0600] "GET /68850579 HTTP/1.1" 200 29980 "-" "Mozilla/5.0 (compatible; Googlebot/2.1; +http://www.google.com/bot.html)" hunucma.gob.mx 192.185.131.128
66.249.70.105 - - [28/Apr/2025:11:54:17 -0600] "GET /167523741 HTTP/1.1" 200 29951 "-" "Mozilla/5.0 (compatible; Googlebot/2.1; +http://www.google.com/bot.html)" hunucma.gob.mx 192.185.131.128
66.249.70.103 - - [28/Apr/2025:11:54:17 -0600] "GET /178007487 HTTP/1.1" 200 29602 "-" "Mozilla/5.0 (compatible; Googlebot/2.1; +http://www.google.com/bot.html)" hunucma.gob.mx 192.185.131.128
66.249.70.103 - - [28/Apr/2025:11:54:31 -0600] "GET /pcmypage?callback=/product%2Fdetail%2FEIK24423818 HTTP/1.1" 200 30544 "-" "Mozilla/5.0 (compatible; Googlebot/2.1; +http://www.google.com/bot.html)" hunucma.gob.mx 192.185.131.128
66.249.70.103 - - [28/Apr/2025:11:54:53 -0600] "GET /pcmypage?callback=/product%2Fdetail%2FZGC53567643 HTTP/1.1" 200 30700 "-" "Mozilla/5.0 (Linux; Android 6.0.1; Nexus 5X Build/MMB29P) AppleWebKit/537.36 (KHTML, like Gecko) Chrome/135.0.7049.95 Mobile Safari/537.36 (compatible; Googlebot/2.1; +http://www.google.com/bot.html)" hunucma.gob.mx 192.185.131.128
66.249.70.103 - - [28/Apr/2025:11:54:59 -0600] "GET /212473548 HTTP/1.1" 200 29791 "-" "Mozilla/5.0 (compatible; Googlebot/2.1; +http://www.google.com/bot.html)" hunucma.gob.mx 192.185.131.128
66.249.70.104 - - [28/Apr/2025:11:55:11 -0600] "GET /36491175 HTTP/1.1" 200 31087 "-" "Mozilla/5.0 (compatible; Googlebot/2.1; +http://www.google.com/bot.html)" hunucma.gob.mx 192.185.131.128
66.249.70.103 - - [28/Apr/2025:11:55:30 -0600] "GET /pcmypage?callback=product%2Fdetail%2FLUZE12666282 HTTP/1.1" 200 30034 "-" "Mozilla/5.0 (compatible; Googlebot/2.1; +http://www.google.com/bot.html)" hunucma.gob.mx 192.185.131.128
189.172.163.125 - - [28/Apr/2025:11:54:29 -0600] "GET /files/informes/informe2.pdf HTTP/1.1" 200 14855761 "-" "Dalvik/2.1.0 (Linux; U; Android 11; M2003J15SC Build/RP1A.200720.011)" www.hunucma.gob.mx 192.185.131.128
189.172.127.25 - - [28/Apr/2025:11:55:47 -0600] "GET / HTTP/2.0" 200 10817 "-" "Mozilla/5.0 (Linux; Android 10; K) AppleWebKit/537.36 (KHTML, like Gecko) Chrome/135.0.0.0 Mobile Safari/537.36" hunucma.gob.mx 192.185.131.128
189.172.127.25 - - [28/Apr/2025:11:55:48 -0600] "GET /assets/css/nice-select.css HTTP/2.0" 200 1268 "https://hunucma.gob.mx/" "Mozilla/5.0 (Linux; Android 10; K) AppleWebKit/537.36 (KHTML, like Gecko) Chrome/135.0.0.0 Mobile Safari/537.36" hunucma.gob.mx 192.185.131.128
189.172.127.25 - - [28/Apr/2025:11:55:48 -0600] "GET /assets/css/flaticon.css HTTP/2.0" 200 1022 "https://hunucma.gob.mx/" "Mozilla/5.0 (Linux; Android 10; K) AppleWebKit/537.36 (KHTML, like Gecko) Chrome/135.0.0.0 Mobile Safari/537.36" hunucma.gob.mx 192.185.131.128
189.172.127.25 - - [28/Apr/2025:11:55:48 -0600] "GET /assets/css/owl.css HTTP/2.0" 200 1621 "https://hunucma.gob.mx/" "Mozilla/5.0 (Linux; Android 10; K) AppleWebKit/537.36 (KHTML, like Gecko) Chrome/135.0.0.0 Mobile Safari/537.36" hunucma.gob.mx 192.185.131.128
189.172.127.25 - - [28/Apr/2025:11:55:48 -0600] "GET /assets/images/escudoperiodo.png HTTP/2.0" 200 74602 "https://hunucma.gob.mx/" "Mozilla/5.0 (Linux; Android 10; K) AppleWebKit/537.36 (KHTML, like Gecko) Chrome/135.0.0.0 Mobile Safari/537.36" hunucma.gob.mx 192.185.131.128
189.172.127.25 - - [28/Apr/2025:11:55:48 -0600] "GET /assets/images/escudo.png HTTP/2.0" 200 172565 "https://hunucma.gob.mx/" "Mozilla/5.0 (Linux; Android 10; K) AppleWebKit/537.36 (KHTML, like Gecko) Chrome/135.0.0.0 Mobile Safari/537.36" hunucma.gob.mx 192.185.131.128
189.172.127.25 - - [28/Apr/2025:11:55:48 -0600] "GET /assets/css/jquery.fancybox.min.css HTTP/2.0" 200 4233 "https://hunucma.gob.mx/" "Mozilla/5.0 (Linux; Android 10; K) AppleWebKit/537.36 (KHTML, like Gecko) Chrome/135.0.0.0 Mobile Safari/537.36" hunucma.gob.mx 192.185.131.128
189.172.127.25 - - [28/Apr/2025:11:55:48 -0600] "GET /assets/css/animate.css HTTP/2.0" 200 8738 "https://hunucma.gob.mx/" "Mozilla/5.0 (Linux; Android 10; K) AppleWebKit/537.36 (KHTML, like Gecko) Chrome/135.0.0.0 Mobile Safari/537.36" hunucma.gob.mx 192.185.131.128
189.172.127.25 - - [28/Apr/2025:11:55:48 -0600] "GET /assets/css/color.css HTTP/2.0" 200 4651 "https://hunucma.gob.mx/" "Mozilla/5.0 (Linux; Android 10; K) AppleWebKit/537.36 (KHTML, like Gecko) Chrome/135.0.0.0 Mobile Safari/537.36" hunucma.gob.mx 192.185.131.128
189.172.127.25 - - [28/Apr/2025:11:55:48 -0600] "GET /assets/css/style.css HTTP/2.0" 200 63213 "https://hunucma.gob.mx/" "Mozilla/5.0 (Linux; Android 10; K) AppleWebKit/537.36 (KHTML, like Gecko) Chrome/135.0.0.0 Mobile Safari/537.36" hunucma.gob.mx 192.185.131.128
189.172.127.25 - - [28/Apr/2025:11:55:48 -0600] "GET /assets/css/responsive.css HTTP/2.0" 200 5982 "https://hunucma.gob.mx/" "Mozilla/5.0 (Linux; Android 10; K) AppleWebKit/537.36 (KHTML, like Gecko) Chrome/135.0.0.0 Mobile Safari/537.36" hunucma.gob.mx 192.185.131.128
189.172.127.25 - - [28/Apr/2025:11:55:48 -0600] "GET /assets/css/btm.css HTTP/2.0" 200 290 "https://hunucma.gob.mx/" "Mozilla/5.0 (Linux; Android 10; K) AppleWebKit/537.36 (KHTML, like Gecko) Chrome/135.0.0.0 Mobile Safari/537.36" hunucma.gob.mx 192.185.131.128
189.172.127.25 - - [28/Apr/2025:11:55:48 -0600] "GET /assets/js/jquery.js HTTP/2.0" 200 42869 "https://hunucma.gob.mx/" "Mozilla/5.0 (Linux; Android 10; K) AppleWebKit/537.36 (KHTML, like Gecko) Chrome/135.0.0.0 Mobile Safari/537.36" hunucma.gob.mx 192.185.131.128
189.172.127.25 - - [28/Apr/2025:11:55:48 -0600] "GET /assets/js/popper.min.js HTTP/2.0" 200 8610 "https://hunucma.gob.mx/" "Mozilla/5.0 (Linux; Android 10; K) AppleWebKit/537.36 (KHTML, like Gecko) Chrome/135.0.0.0 Mobile Safari/537.36" hunucma.gob.mx 192.185.131.128
189.172.127.25 - - [28/Apr/2025:11:55:48 -0600] "GET /assets/js/bootstrap.min.js HTTP/2.0" 200 24118 "https://hunucma.gob.mx/" "Mozilla/5.0 (Linux; Android 10; K) AppleWebKit/537.36 (KHTML, like Gecko) Chrome/135.0.0.0 Mobile Safari/537.36" hunucma.gob.mx 192.185.131.128
189.172.127.25 - - [28/Apr/2025:11:55:48 -0600] "GET /assets/js/owl.js HTTP/2.0" 200 30750 "https://hunucma.gob.mx/" "Mozilla/5.0 (Linux; Android 10; K) AppleWebKit/537.36 (KHTML, like Gecko) Chrome/135.0.0.0 Mobile Safari/537.36" hunucma.gob.mx 192.185.131.128
189.172.127.25 - - [28/Apr/2025:11:55:48 -0600] "GET /assets/js/wow.js HTTP/2.0" 200 2509 "https://hunucma.gob.mx/" "Mozilla/5.0 (Linux; Android 10; K) AppleWebKit/537.36 (KHTML, like Gecko) Chrome/135.0.0.0 Mobile Safari/537.36" hunucma.gob.mx 192.185.131.128
189.172.127.25 - - [28/Apr/2025:11:55:48 -0600] "GET /assets/js/jquery.fancybox.js HTTP/2.0" 200 48176 "https://hunucma.gob.mx/" "Mozilla/5.0 (Linux; Android 10; K) AppleWebKit/537.36 (KHTML, like Gecko) Chrome/135.0.0.0 Mobile Safari/537.36" hunucma.gob.mx 192.185.131.128
189.172.127.25 - - [28/Apr/2025:11:55:48 -0600] "GET /assets/js/appear.js HTTP/2.0" 200 1455 "https://hunucma.gob.mx/" "Mozilla/5.0 (Linux; Android 10; K) AppleWebKit/537.36 (KHTML, like Gecko) Chrome/135.0.0.0 Mobile Safari/537.36" hunucma.gob.mx 192.185.131.128
189.172.127.25 - - [28/Apr/2025:11:55:48 -0600] "GET /assets/js/scrollbar.js HTTP/2.0" 200 15951 "https://hunucma.gob.mx/" "Mozilla/5.0 (Linux; Android 10; K) AppleWebKit/537.36 (KHTML, like Gecko) Chrome/135.0.0.0 Mobile Safari/537.36" hunucma.gob.mx 192.185.131.128
189.172.127.25 - - [28/Apr/2025:11:55:48 -0600] "GET /assets/js/jquery.nice-select.min.js HTTP/2.0" 200 1078 "https://hunucma.gob.mx/" "Mozilla/5.0 (Linux; Android 10; K) AppleWebKit/537.36 (KHTML, like Gecko) Chrome/135.0.0.0 Mobile Safari/537.36" hunucma.gob.mx 192.185.131.128
189.172.127.25 - - [28/Apr/2025:11:55:48 -0600] "GET /assets/js/nav-tool.js HTTP/2.0" 200 394 "https://hunucma.gob.mx/" "Mozilla/5.0 (Linux; Android 10; K) AppleWebKit/537.36 (KHTML, like Gecko) Chrome/135.0.0.0 Mobile Safari/537.36" hunucma.gob.mx 192.185.131.128
189.172.127.25 - - [28/Apr/2025:11:55:48 -0600] "GET /assets/images/resource/about-1.jpg HTTP/2.0" 200 56341 "https://hunucma.gob.mx/" "Mozilla/5.0 (Linux; Android 10; K) AppleWebKit/537.36 (KHTML, like Gecko) Chrome/135.0.0.0 Mobile Safari/537.36" hunucma.gob.mx 192.185.131.128
189.172.127.25 - - [28/Apr/2025:11:55:48 -0600] "GET /assets/images/icons/icon-1.png HTTP/2.0" 200 3044 "https://hunucma.gob.mx/" "Mozilla/5.0 (Linux; Android 10; K) AppleWebKit/537.36 (KHTML, like Gecko) Chrome/135.0.0.0 Mobile Safari/537.36" hunucma.gob.mx 192.185.131.128
189.172.127.25 - - [28/Apr/2025:11:55:48 -0600] "GET /assets/css/font-awesome-all.css HTTP/2.0" 200 16985 "https://hunucma.gob.mx/" "Mozilla/5.0 (Linux; Android 10; K) AppleWebKit/537.36 (KHTML, like Gecko) Chrome/135.0.0.0 Mobile Safari/537.36" hunucma.gob.mx 192.185.131.128
189.172.127.25 - - [28/Apr/2025:11:55:48 -0600] "GET /assets/css/bootstrap.css HTTP/2.0" 200 39582 "https://hunucma.gob.mx/" "Mozilla/5.0 (Linux; Android 10; K) AppleWebKit/537.36 (KHTML, like Gecko) Chrome/135.0.0.0 Mobile Safari/537.36" hunucma.gob.mx 192.185.131.128
189.172.127.25 - - [28/Apr/2025:11:55:48 -0600] "GET /assets/js/validation.js HTTP/2.0" 200 14813 "https://hunucma.gob.mx/" "Mozilla/5.0 (Linux; Android 10; K) AppleWebKit/537.36 (KHTML, like Gecko) Chrome/135.0.0.0 Mobile Safari/537.36" hunucma.gob.mx 192.185.131.128
189.172.127.25 - - [28/Apr/2025:11:55:48 -0600] "GET /assets/js/script.js HTTP/2.0" 200 4125 "https://hunucma.gob.mx/" "Mozilla/5.0 (Linux; Android 10; K) AppleWebKit/537.36 (KHTML, like Gecko) Chrome/135.0.0.0 Mobile Safari/537.36" hunucma.gob.mx 192.185.131.128
189.172.127.25 - - [28/Apr/2025:11:55:50 -0600] "GET /assets/fonts/fa-regular-400.woff2 HTTP/2.0" 200 145152 "https://hunucma.gob.mx/assets/css/font-awesome-all.css" "Mozilla/5.0 (Linux; Android 10; K) AppleWebKit/537.36 (KHTML, like Gecko) Chrome/135.0.0.0 Mobile Safari/537.36" hunucma.gob.mx 192.185.131.128
189.172.127.25 - - [28/Apr/2025:11:55:50 -0600] "GET /assets/fonts/fa-solid-900.woff2 HTTP/2.0" 200 117452 "https://hunucma.gob.mx/assets/css/font-awesome-all.css" "Mozilla/5.0 (Linux; Android 10; K) AppleWebKit/537.36 (KHTML, like Gecko) Chrome/135.0.0.0 Mobile Safari/537.36" hunucma.gob.mx 192.185.131.128
189.172.127.25 - - [28/Apr/2025:11:55:50 -0600] "GET /assets/fonts/Flaticon.woff2 HTTP/2.0" 200 16952 "https://hunucma.gob.mx/assets/css/flaticon.css" "Mozilla/5.0 (Linux; Android 10; K) AppleWebKit/537.36 (KHTML, like Gecko) Chrome/135.0.0.0 Mobile Safari/537.36" hunucma.gob.mx 192.185.131.128
189.172.127.25 - - [28/Apr/2025:11:55:50 -0600] "GET /assets/fonts/fa-brands-400.woff2 HTTP/2.0" 200 74700 "https://hunucma.gob.mx/assets/css/font-awesome-all.css" "Mozilla/5.0 (Linux; Android 10; K) AppleWebKit/537.36 (KHTML, like Gecko) Chrome/135.0.0.0 Mobile Safari/537.36" hunucma.gob.mx 192.185.131.128
189.172.127.25 - - [28/Apr/2025:11:55:50 -0600] "GET /assets/images/banner/banner-4.jpg HTTP/2.0" 200 487539 "https://hunucma.gob.mx/" "Mozilla/5.0 (Linux; Android 10; K) AppleWebKit/537.36 (KHTML, like Gecko) Chrome/135.0.0.0 Mobile Safari/537.36" hunucma.gob.mx 192.185.131.128
189.172.127.25 - - [28/Apr/2025:11:55:50 -0600] "GET /assets/images/banner/banner-1.jpg HTTP/2.0" 200 832878 "https://hunucma.gob.mx/" "Mozilla/5.0 (Linux; Android 10; K) AppleWebKit/537.36 (KHTML, like Gecko) Chrome/135.0.0.0 Mobile Safari/537.36" hunucma.gob.mx 192.185.131.128
189.172.127.25 - - [28/Apr/2025:11:55:50 -0600] "GET /assets/images/banner/banner-3.jpg HTTP/2.0" 200 381617 "https://hunucma.gob.mx/" "Mozilla/5.0 (Linux; Android 10; K) AppleWebKit/537.36 (KHTML, like Gecko) Chrome/135.0.0.0 Mobile Safari/537.36" hunucma.gob.mx 192.185.131.128
189.172.127.25 - - [28/Apr/2025:11:55:51 -0600] "GET /favico.ico HTTP/2.0" 200 72295 "https://hunucma.gob.mx/" "Mozilla/5.0 (Linux; Android 10; K) AppleWebKit/537.36 (KHTML, like Gecko) Chrome/135.0.0.0 Mobile Safari/537.36" hunucma.gob.mx 192.185.131.128
66.249.70.105 - - [28/Apr/2025:11:56:11 -0600] "GET /search?category=&search_word=&restrict%5B%5D=person_id(int)=JLVA HTTP/1.1" 200 30286 "-" "Mozilla/5.0 (Linux; Android 6.0.1; Nexus 5X Build/MMB29P) AppleWebKit/537.36 (KHTML, like Gecko) Chrome/135.0.7049.95 Mobile Safari/537.36 (compatible; Googlebot/2.1; +http://www.google.com/bot.html)" hunucma.gob.mx 192.185.131.128
66.249.70.103 - - [28/Apr/2025:11:56:25 -0600] "GET /153691335 HTTP/1.1" 200 29851 "-" "Mozilla/5.0 (compatible; Googlebot/2.1; +http://www.google.com/bot.html)" hunucma.gob.mx 192.185.131.128
66.249.70.103 - - [28/Apr/2025:11:56:37 -0600] "GET /209614104 HTTP/1.1" 200 29985 "-" "Mozilla/5.0 (compatible; Googlebot/2.1; +http://www.google.com/bot.html)" hunucma.gob.mx 192.185.131.128
66.249.70.103 - - [28/Apr/2025:11:56:39 -0600] "GET /pcmypage?callback=/product%2Fdetail%2FJCRLZ143088506 HTTP/1.1" 200 29759 "-" "Mozilla/5.0 (Linux; Android 6.0.1; Nexus 5X Build/MMB29P) AppleWebKit/537.36 (KHTML, like Gecko) Chrome/135.0.7049.95 Mobile Safari/537.36 (compatible; Googlebot/2.1; +http://www.google.com/bot.html)" hunucma.gob.mx 192.185.131.128
189.172.127.25 - - [28/Apr/2025:11:56:49 -0600] "GET / HTTP/2.0" 200 10817 "-" "Mozilla/5.0 (Linux; Android 10; K) AppleWebKit/537.36 (KHTML, like Gecko) Chrome/135.0.0.0 Mobile Safari/537.36" hunucma.gob.mx 192.185.131.128
66.249.70.104 - - [28/Apr/2025:11:57:12 -0600] "GET /safe_search/config?return_url=%2Fproduct%2Fdetail%2FGIC139999171 HTTP/1.1" 200 26837 "-" "Mozilla/5.0 (compatible; Googlebot/2.1; +http://www.google.com/bot.html)" hunucma.gob.mx 192.185.131.128
66.249.70.103 - - [28/Apr/2025:11:57:23 -0600] "GET /pcmypage?callback=/product%2Fdetail%2FEIDQ84574266 HTTP/1.1" 200 29192 "-" "Mozilla/5.0 (Linux; Android 6.0.1; Nexus 5X Build/MMB29P) AppleWebKit/537.36 (KHTML, like Gecko) Chrome/135.0.7049.95 Mobile Safari/537.36 (compatible; Googlebot/2.1; +http://www.google.com/bot.html)" hunucma.gob.mx 192.185.131.128
66.249.70.103 - - [28/Apr/2025:11:57:24 -0600] "GET /111607293 HTTP/1.1" 200 30430 "-" "Mozilla/5.0 (Linux; Android 6.0.1; Nexus 5X Build/MMB29P) AppleWebKit/537.36 (KHTML, like Gecko) Chrome/135.0.7049.95 Mobile Safari/537.36 (compatible; Googlebot/2.1; +http://www.google.com/bot.html)" hunucma.gob.mx 192.185.131.128
66.249.70.103 - - [28/Apr/2025:11:57:25 -0600] "GET /pcmypage?callback=product/review/TMLN42313226 HTTP/1.1" 200 26566 "-" "Mozilla/5.0 (Linux; Android 6.0.1; Nexus 5X Build/MMB29P) AppleWebKit/537.36 (KHTML, like Gecko) Chrome/135.0.7049.95 Mobile Safari/537.36 (compatible; Googlebot/2.1; +http://www.google.com/bot.html)" hunucma.gob.mx 192.185.131.128
66.249.70.104 - - [28/Apr/2025:11:58:16 -0600] "GET /170353932 HTTP/1.1" 200 29019 "-" "Mozilla/5.0 (compatible; Googlebot/2.1; +http://www.google.com/bot.html)" hunucma.gob.mx 192.185.131.128
66.249.70.103 - - [28/Apr/2025:11:58:32 -0600] "GET /91748034 HTTP/1.1" 200 29806 "-" "Mozilla/5.0 (compatible; Googlebot/2.1; +http://www.google.com/bot.html)" hunucma.gob.mx 192.185.131.128
66.249.70.103 - - [28/Apr/2025:11:58:56 -0600] "GET /pcmypage?callback=/product%2Fdetail%2FBFJKT60579720 HTTP/1.1" 200 27474 "-" "Mozilla/5.0 (Linux; Android 6.0.1; Nexus 5X Build/MMB29P) AppleWebKit/537.36 (KHTML, like Gecko) Chrome/135.0.7049.95 Mobile Safari/537.36 (compatible; Googlebot/2.1; +http://www.google.com/bot.html)" hunucma.gob.mx 192.185.131.128
66.249.70.103 - - [28/Apr/2025:11:59:03 -0600] "GET /pcmypage?callback=product%2Fdetail%2FZCHO23591546 HTTP/1.1" 200 26493 "-" "Mozilla/5.0 (Linux; Android 6.0.1; Nexus 5X Build/MMB29P) AppleWebKit/537.36 (KHTML, like Gecko) Chrome/135.0.7049.95 Mobile Safari/537.36 (compatible; Googlebot/2.1; +http://www.google.com/bot.html)" hunucma.gob.mx 192.185.131.128
66.249.70.104 - - [28/Apr/2025:11:59:27 -0600] "GET /73043607 HTTP/1.1" 200 29014 "-" "Mozilla/5.0 (compatible; Googlebot/2.1; +http://www.google.com/bot.html)" hunucma.gob.mx 192.185.131.128
72.14.201.213 - - [28/Apr/2025:11:59:32 -0600] "GET /sevac.php HTTP/2.0" 200 10530 "https://www.google.com/" "Mozilla/5.0 (Macintosh; Intel Mac OS X 10_15_7) AppleWebKit/537.36 (KHTML, like Gecko) Chrome/135.0.0.0 Safari/537.36" hunucma.gob.mx 192.185.131.128
74.125.215.67 - - [28/Apr/2025:11:59:32 -0600] "GET /.well-known/traffic-advice HTTP/1.1" 200 10817 "-" "Chrome Privacy Preserving Prefetch Proxy" hunucma.gob.mx 192.185.131.128
189.176.239.152 - - [28/Apr/2025:11:59:33 -0600] "GET /assets/css/font-awesome-all.css HTTP/2.0" 200 16985 "https://hunucma.gob.mx/sevac.php" "Mozilla/5.0 (Macintosh; Intel Mac OS X 10_15_7) AppleWebKit/537.36 (KHTML, like Gecko) Chrome/135.0.0.0 Safari/537.36" hunucma.gob.mx 192.185.131.128
189.176.239.152 - - [28/Apr/2025:11:59:33 -0600] "GET /assets/css/flaticon.css HTTP/2.0" 200 1022 "https://hunucma.gob.mx/sevac.php" "Mozilla/5.0 (Macintosh; Intel Mac OS X 10_15_7) AppleWebKit/537.36 (KHTML, like Gecko) Chrome/135.0.0.0 Safari/537.36" hunucma.gob.mx 192.185.131.128
189.176.239.152 - - [28/Apr/2025:11:59:33 -0600] "GET /assets/css/owl.css HTTP/2.0" 200 1621 "https://hunucma.gob.mx/sevac.php" "Mozilla/5.0 (Macintosh; Intel Mac OS X 10_15_7) AppleWebKit/537.36 (KHTML, like Gecko) Chrome/135.0.0.0 Safari/537.36" hunucma.gob.mx 192.185.131.128
189.176.239.152 - - [28/Apr/2025:11:59:33 -0600] "GET /assets/css/bootstrap.css HTTP/2.0" 200 39582 "https://hunucma.gob.mx/sevac.php" "Mozilla/5.0 (Macintosh; Intel Mac OS X 10_15_7) AppleWebKit/537.36 (KHTML, like Gecko) Chrome/135.0.0.0 Safari/537.36" hunucma.gob.mx 192.185.131.128
189.176.239.152 - - [28/Apr/2025:11:59:33 -0600] "GET /assets/css/color.css HTTP/2.0" 200 4651 "https://hunucma.gob.mx/sevac.php" "Mozilla/5.0 (Macintosh; Intel Mac OS X 10_15_7) AppleWebKit/537.36 (KHTML, like Gecko) Chrome/135.0.0.0 Safari/537.36" hunucma.gob.mx 192.185.131.128
189.176.239.152 - - [28/Apr/2025:11:59:33 -0600] "GET /assets/css/nice-select.css HTTP/2.0" 200 1268 "https://hunucma.gob.mx/sevac.php" "Mozilla/5.0 (Macintosh; Intel Mac OS X 10_15_7) AppleWebKit/537.36 (KHTML, like Gecko) Chrome/135.0.0.0 Safari/537.36" hunucma.gob.mx 192.185.131.128
189.176.239.152 - - [28/Apr/2025:11:59:33 -0600] "GET /assets/css/animate.css HTTP/2.0" 200 8738 "https://hunucma.gob.mx/sevac.php" "Mozilla/5.0 (Macintosh; Intel Mac OS X 10_15_7) AppleWebKit/537.36 (KHTML, like Gecko) Chrome/135.0.0.0 Safari/537.36" hunucma.gob.mx 192.185.131.128
189.176.239.152 - - [28/Apr/2025:11:59:33 -0600] "GET /assets/css/jquery.fancybox.min.css HTTP/2.0" 200 4233 "https://hunucma.gob.mx/sevac.php" "Mozilla/5.0 (Macintosh; Intel Mac OS X 10_15_7) AppleWebKit/537.36 (KHTML, like Gecko) Chrome/135.0.0.0 Safari/537.36" hunucma.gob.mx 192.185.131.128
189.176.239.152 - - [28/Apr/2025:11:59:33 -0600] "GET /assets/images/escudoperiodo.png HTTP/2.0" 200 74602 "https://hunucma.gob.mx/sevac.php" "Mozilla/5.0 (Macintosh; Intel Mac OS X 10_15_7) AppleWebKit/537.36 (KHTML, like Gecko) Chrome/135.0.0.0 Safari/537.36" hunucma.gob.mx 192.185.131.128
189.176.239.152 - - [28/Apr/2025:11:59:33 -0600] "GET /assets/images/escudo.png HTTP/2.0" 200 172565 "https://hunucma.gob.mx/sevac.php" "Mozilla/5.0 (Macintosh; Intel Mac OS X 10_15_7) AppleWebKit/537.36 (KHTML, like Gecko) Chrome/135.0.0.0 Safari/537.36" hunucma.gob.mx 192.185.131.128
189.176.239.152 - - [28/Apr/2025:11:59:33 -0600] "GET /assets/js/validation.js HTTP/2.0" 200 14813 "https://hunucma.gob.mx/sevac.php" "Mozilla/5.0 (Macintosh; Intel Mac OS X 10_15_7) AppleWebKit/537.36 (KHTML, like Gecko) Chrome/135.0.0.0 Safari/537.36" hunucma.gob.mx 192.185.131.128
189.176.239.152 - - [28/Apr/2025:11:59:33 -0600] "GET /assets/js/isotope.js HTTP/2.0" 200 13773 "https://hunucma.gob.mx/sevac.php" "Mozilla/5.0 (Macintosh; Intel Mac OS X 10_15_7) AppleWebKit/537.36 (KHTML, like Gecko) Chrome/135.0.0.0 Safari/537.36" hunucma.gob.mx 192.185.131.128
189.176.239.152 - - [28/Apr/2025:11:59:33 -0600] "GET /assets/css/responsive.css HTTP/2.0" 200 5982 "https://hunucma.gob.mx/sevac.php" "Mozilla/5.0 (Macintosh; Intel Mac OS X 10_15_7) AppleWebKit/537.36 (KHTML, like Gecko) Chrome/135.0.0.0 Safari/537.36" hunucma.gob.mx 192.185.131.128
189.176.239.152 - - [28/Apr/2025:11:59:33 -0600] "GET /assets/js/jquery.js HTTP/2.0" 200 42869 "https://hunucma.gob.mx/sevac.php" "Mozilla/5.0 (Macintosh; Intel Mac OS X 10_15_7) AppleWebKit/537.36 (KHTML, like Gecko) Chrome/135.0.0.0 Safari/537.36" hunucma.gob.mx 192.185.131.128
189.176.239.152 - - [28/Apr/2025:11:59:33 -0600] "GET /assets/css/style.css HTTP/2.0" 200 63213 "https://hunucma.gob.mx/sevac.php" "Mozilla/5.0 (Macintosh; Intel Mac OS X 10_15_7) AppleWebKit/537.36 (KHTML, like Gecko) Chrome/135.0.0.0 Safari/537.36" hunucma.gob.mx 192.185.131.128
189.176.239.152 - - [28/Apr/2025:11:59:33 -0600] "GET /assets/js/popper.min.js HTTP/2.0" 200 8610 "https://hunucma.gob.mx/sevac.php" "Mozilla/5.0 (Macintosh; Intel Mac OS X 10_15_7) AppleWebKit/537.36 (KHTML, like Gecko) Chrome/135.0.0.0 Safari/537.36" hunucma.gob.mx 192.185.131.128
189.176.239.152 - - [28/Apr/2025:11:59:33 -0600] "GET /assets/js/bootstrap.min.js HTTP/2.0" 200 24118 "https://hunucma.gob.mx/sevac.php" "Mozilla/5.0 (Macintosh; Intel Mac OS X 10_15_7) AppleWebKit/537.36 (KHTML, like Gecko) Chrome/135.0.0.0 Safari/537.36" hunucma.gob.mx 192.185.131.128
189.176.239.152 - - [28/Apr/2025:11:59:33 -0600] "GET /assets/js/owl.js HTTP/2.0" 200 30750 "https://hunucma.gob.mx/sevac.php" "Mozilla/5.0 (Macintosh; Intel Mac OS X 10_15_7) AppleWebKit/537.36 (KHTML, like Gecko) Chrome/135.0.0.0 Safari/537.36" hunucma.gob.mx 192.185.131.128
189.176.239.152 - - [28/Apr/2025:11:59:33 -0600] "GET /assets/js/wow.js HTTP/2.0" 200 2509 "https://hunucma.gob.mx/sevac.php" "Mozilla/5.0 (Macintosh; Intel Mac OS X 10_15_7) AppleWebKit/537.36 (KHTML, like Gecko) Chrome/135.0.0.0 Safari/537.36" hunucma.gob.mx 192.185.131.128
189.176.239.152 - - [28/Apr/2025:11:59:33 -0600] "GET /assets/js/jquery.fancybox.js HTTP/2.0" 200 48176 "https://hunucma.gob.mx/sevac.php" "Mozilla/5.0 (Macintosh; Intel Mac OS X 10_15_7) AppleWebKit/537.36 (KHTML, like Gecko) Chrome/135.0.0.0 Safari/537.36" hunucma.gob.mx 192.185.131.128
189.176.239.152 - - [28/Apr/2025:11:59:33 -0600] "GET /assets/js/appear.js HTTP/2.0" 200 1455 "https://hunucma.gob.mx/sevac.php" "Mozilla/5.0 (Macintosh; Intel Mac OS X 10_15_7) AppleWebKit/537.36 (KHTML, like Gecko) Chrome/135.0.0.0 Safari/537.36" hunucma.gob.mx 192.185.131.128
189.176.239.152 - - [28/Apr/2025:11:59:33 -0600] "GET /assets/js/scrollbar.js HTTP/2.0" 200 15951 "https://hunucma.gob.mx/sevac.php" "Mozilla/5.0 (Macintosh; Intel Mac OS X 10_15_7) AppleWebKit/537.36 (KHTML, like Gecko) Chrome/135.0.0.0 Safari/537.36" hunucma.gob.mx 192.185.131.128
189.176.239.152 - - [28/Apr/2025:11:59:33 -0600] "GET /assets/js/jquery.nice-select.min.js HTTP/2.0" 200 1078 "https://hunucma.gob.mx/sevac.php" "Mozilla/5.0 (Macintosh; Intel Mac OS X 10_15_7) AppleWebKit/537.36 (KHTML, like Gecko) Chrome/135.0.0.0 Safari/537.36" hunucma.gob.mx 192.185.131.128
189.176.239.152 - - [28/Apr/2025:11:59:33 -0600] "GET /assets/js/nav-tool.js HTTP/2.0" 200 394 "https://hunucma.gob.mx/sevac.php" "Mozilla/5.0 (Macintosh; Intel Mac OS X 10_15_7) AppleWebKit/537.36 (KHTML, like Gecko) Chrome/135.0.0.0 Safari/537.36" hunucma.gob.mx 192.185.131.128
189.176.239.152 - - [28/Apr/2025:11:59:33 -0600] "GET /assets/js/script.js HTTP/2.0" 200 4125 "https://hunucma.gob.mx/sevac.php" "Mozilla/5.0 (Macintosh; Intel Mac OS X 10_15_7) AppleWebKit/537.36 (KHTML, like Gecko) Chrome/135.0.0.0 Safari/537.36" hunucma.gob.mx 192.185.131.128
189.176.239.152 - - [28/Apr/2025:11:59:34 -0600] "GET /assets/images/icons/icon-3.png HTTP/2.0" 200 4203 "https://hunucma.gob.mx/sevac.php" "Mozilla/5.0 (Macintosh; Intel Mac OS X 10_15_7) AppleWebKit/537.36 (KHTML, like Gecko) Chrome/135.0.0.0 Safari/537.36" hunucma.gob.mx 192.185.131.128
189.176.239.152 - - [28/Apr/2025:11:59:34 -0600] "GET /assets/images/background/page-title.jpg HTTP/2.0" 200 134792 "https://hunucma.gob.mx/sevac.php" "Mozilla/5.0 (Macintosh; Intel Mac OS X 10_15_7) AppleWebKit/537.36 (KHTML, like Gecko) Chrome/135.0.0.0 Safari/537.36" hunucma.gob.mx 192.185.131.128
189.176.239.152 - - [28/Apr/2025:11:59:36 -0600] "GET /assets/fonts/fa-solid-900.woff2 HTTP/2.0" 200 117452 "https://hunucma.gob.mx/assets/css/font-awesome-all.css" "Mozilla/5.0 (Macintosh; Intel Mac OS X 10_15_7) AppleWebKit/537.36 (KHTML, like Gecko) Chrome/135.0.0.0 Safari/537.36" hunucma.gob.mx 192.185.131.128
189.176.239.152 - - [28/Apr/2025:11:59:36 -0600] "GET /assets/fonts/fa-regular-400.woff2 HTTP/2.0" 200 145152 "https://hunucma.gob.mx/assets/css/font-awesome-all.css" "Mozilla/5.0 (Macintosh; Intel Mac OS X 10_15_7) AppleWebKit/537.36 (KHTML, like Gecko) Chrome/135.0.0.0 Safari/537.36" hunucma.gob.mx 192.185.131.128
189.176.239.152 - - [28/Apr/2025:11:59:36 -0600] "GET /assets/fonts/Flaticon.woff2 HTTP/2.0" 200 16952 "https://hunucma.gob.mx/assets/css/flaticon.css" "Mozilla/5.0 (Macintosh; Intel Mac OS X 10_15_7) AppleWebKit/537.36 (KHTML, like Gecko) Chrome/135.0.0.0 Safari/537.36" hunucma.gob.mx 192.185.131.128
189.176.239.152 - - [28/Apr/2025:11:59:36 -0600] "GET /assets/fonts/fa-brands-400.woff2 HTTP/2.0" 200 74700 "https://hunucma.gob.mx/assets/css/font-awesome-all.css" "Mozilla/5.0 (Macintosh; Intel Mac OS X 10_15_7) AppleWebKit/537.36 (KHTML, like Gecko) Chrome/135.0.0.0 Safari/537.36" hunucma.gob.mx 192.185.131.128
189.176.239.152 - - [28/Apr/2025:11:59:36 -0600] "GET /favico.ico HTTP/2.0" 200 72295 "https://hunucma.gob.mx/sevac.php" "Mozilla/5.0 (Macintosh; Intel Mac OS X 10_15_7) AppleWebKit/537.36 (KHTML, like Gecko) Chrome/135.0.0.0 Safari/537.36" hunucma.gob.mx 192.185.131.128
66.249.70.103 - - [28/Apr/2025:11:59:47 -0600] "GET /121352217 HTTP/1.1" 200 26503 "-" "Mozilla/5.0 (Linux; Android 6.0.1; Nexus 5X Build/MMB29P) AppleWebKit/537.36 (KHTML, like Gecko) Chrome/135.0.7049.95 Mobile Safari/537.36 (compatible; Googlebot/2.1; +http://www.google.com/bot.html)" hunucma.gob.mx 192.185.131.128
72.14.201.213 - - [28/Apr/2025:11:59:55 -0600] "GET /sevac.php HTTP/2.0" 200 10530 "https://www.google.com/" "Mozilla/5.0 (Macintosh; Intel Mac OS X 10_15_7) AppleWebKit/537.36 (KHTML, like Gecko) Chrome/135.0.0.0 Safari/537.36" hunucma.gob.mx 192.185.131.128
189.176.239.152 - - [28/Apr/2025:12:00:08 -0600] "GET /index.php HTTP/2.0" 200 10817 "https://hunucma.gob.mx/sevac.php" "Mozilla/5.0 (Macintosh; Intel Mac OS X 10_15_7) AppleWebKit/537.36 (KHTML, like Gecko) Chrome/135.0.0.0 Safari/537.36" hunucma.gob.mx 192.185.131.128
189.176.239.152 - - [28/Apr/2025:12:00:09 -0600] "GET /assets/images/icons/icon-1.png HTTP/2.0" 200 3044 "https://hunucma.gob.mx/index.php" "Mozilla/5.0 (Macintosh; Intel Mac OS X 10_15_7) AppleWebKit/537.36 (KHTML, like Gecko) Chrome/135.0.0.0 Safari/537.36" hunucma.gob.mx 192.185.131.128
189.176.239.152 - - [28/Apr/2025:12:00:09 -0600] "GET /assets/css/btm.css HTTP/2.0" 200 290 "https://hunucma.gob.mx/index.php" "Mozilla/5.0 (Macintosh; Intel Mac OS X 10_15_7) AppleWebKit/537.36 (KHTML, like Gecko) Chrome/135.0.0.0 Safari/537.36" hunucma.gob.mx 192.185.131.128
189.176.239.152 - - [28/Apr/2025:12:00:09 -0600] "GET /assets/images/resource/about-1.jpg HTTP/2.0" 200 56341 "https://hunucma.gob.mx/index.php" "Mozilla/5.0 (Macintosh; Intel Mac OS X 10_15_7) AppleWebKit/537.36 (KHTML, like Gecko) Chrome/135.0.0.0 Safari/537.36" hunucma.gob.mx 192.185.131.128
189.176.239.152 - - [28/Apr/2025:12:00:09 -0600] "GET /assets/images/banner/banner-3.jpg HTTP/2.0" 200 381617 "https://hunucma.gob.mx/index.php" "Mozilla/5.0 (Macintosh; Intel Mac OS X 10_15_7) AppleWebKit/537.36 (KHTML, like Gecko) Chrome/135.0.0.0 Safari/537.36" hunucma.gob.mx 192.185.131.128
189.176.239.152 - - [28/Apr/2025:12:00:09 -0600] "GET /assets/images/banner/banner-4.jpg HTTP/2.0" 200 487539 "https://hunucma.gob.mx/index.php" "Mozilla/5.0 (Macintosh; Intel Mac OS X 10_15_7) AppleWebKit/537.36 (KHTML, like Gecko) Chrome/135.0.0.0 Safari/537.36" hunucma.gob.mx 192.185.131.128
189.176.239.152 - - [28/Apr/2025:12:00:09 -0600] "GET /assets/images/banner/banner-1.jpg HTTP/2.0" 200 832878 "https://hunucma.gob.mx/index.php" "Mozilla/5.0 (Macintosh; Intel Mac OS X 10_15_7) AppleWebKit/537.36 (KHTML, like Gecko) Chrome/135.0.0.0 Safari/537.36" hunucma.gob.mx 192.185.131.128
189.176.239.152 - - [28/Apr/2025:12:00:11 -0600] "GET /assets/fonts/fa-light-300.woff2 HTTP/2.0" 200 156896 "https://hunucma.gob.mx/assets/css/font-awesome-all.css" "Mozilla/5.0 (Macintosh; Intel Mac OS X 10_15_7) AppleWebKit/537.36 (KHTML, like Gecko) Chrome/135.0.0.0 Safari/537.36" hunucma.gob.mx 192.185.131.128
66.249.70.103 - - [28/Apr/2025:12:00:16 -0600] "GET /pcmypage?callback=product/review/OKF38855285 HTTP/1.1" 200 29872 "-" "Mozilla/5.0 (compatible; Googlebot/2.1; +http://www.google.com/bot.html)" hunucma.gob.mx 192.185.131.128
189.176.239.152 - - [28/Apr/2025:12:00:27 -0600] "GET /index.html HTTP/2.0" 200 10817 "https://hunucma.gob.mx/index.php" "Mozilla/5.0 (Macintosh; Intel Mac OS X 10_15_7) AppleWebKit/537.36 (KHTML, like Gecko) Chrome/135.0.0.0 Safari/537.36" hunucma.gob.mx 192.185.131.128
66.249.70.104 - - [28/Apr/2025:12:00:32 -0600] "GET /122768268 HTTP/1.1" 200 26661 "-" "Mozilla/5.0 (compatible; Googlebot/2.1; +http://www.google.com/bot.html)" hunucma.gob.mx 192.185.131.128
66.249.70.103 - - [28/Apr/2025:12:00:38 -0600] "GET /124068042 HTTP/1.1" 200 26710 "-" "Mozilla/5.0 (compatible; Googlebot/2.1; +http://www.google.com/bot.html)" hunucma.gob.mx 192.185.131.128
66.249.70.103 - - [28/Apr/2025:12:00:40 -0600] "GET /186439260 HTTP/1.1" 200 29665 "-" "Mozilla/5.0 (compatible; Googlebot/2.1; +http://www.google.com/bot.html)" hunucma.gob.mx 192.185.131.128
66.249.70.104 - - [28/Apr/2025:12:01:08 -0600] "GET /89608596 HTTP/1.1" 200 29418 "-" "Mozilla/5.0 (Linux; Android 6.0.1; Nexus 5X Build/MMB29P) AppleWebKit/537.36 (KHTML, like Gecko) Chrome/135.0.7049.95 Mobile Safari/537.36 (compatible; GoogleOther)" hunucma.gob.mx 192.185.131.128
66.249.70.103 - - [28/Apr/2025:12:01:10 -0600] "POST /get-message-notify HTTP/1.1" 200 29510 "https://hunucma.gob.mx/89608596" "Mozilla/5.0 (Linux; Android 6.0.1; Nexus 5X Build/MMB29P) AppleWebKit/537.36 (KHTML, like Gecko) Chrome/134.0.6998.165 Mobile Safari/537.36 (compatible; Googlebot/2.1; +http://www.google.com/bot.html)" hunucma.gob.mx 192.185.131.128
66.249.70.104 - - [28/Apr/2025:12:01:25 -0600] "GET /product/edit/CDPF16699828 HTTP/1.1" 200 29691 "-" "Mozilla/5.0 (compatible; Googlebot/2.1; +http://www.google.com/bot.html)" hunucma.gob.mx 192.185.131.128
66.249.70.103 - - [28/Apr/2025:12:01:57 -0600] "GET /pcmypage?callback=product%2Fdetail%2FYTCLA4810293 HTTP/1.1" 200 27602 "-" "Mozilla/5.0 (Linux; Android 6.0.1; Nexus 5X Build/MMB29P) AppleWebKit/537.36 (KHTML, like Gecko) Chrome/135.0.7049.95 Mobile Safari/537.36 (compatible; Googlebot/2.1; +http://www.google.com/bot.html)" hunucma.gob.mx 192.185.131.128
207.46.13.86 - - [28/Apr/2025:12:02:02 -0600] "GET /476704596.htm HTTP/2.0" 200 28991 "-" "Mozilla/5.0 AppleWebKit/537.36 (KHTML, like Gecko; compatible; bingbot/2.0; +http://www.bing.com/bingbot.htm) Chrome/116.0.1938.76 Safari/537.36" www.hunucma.gob.mx 192.185.131.128
66.249.70.104 - - [28/Apr/2025:12:02:28 -0600] "GET /pcmypage?callback=product%2Fdetail%2FURBX4691001 HTTP/1.1" 200 31543 "-" "Mozilla/5.0 (compatible; Googlebot/2.1; +http://www.google.com/bot.html)" hunucma.gob.mx 192.185.131.128
66.249.70.103 - - [28/Apr/2025:12:02:31 -0600] "GET /70849632 HTTP/1.1" 200 30077 "-" "Mozilla/5.0 (Linux; Android 6.0.1; Nexus 5X Build/MMB29P) AppleWebKit/537.36 (KHTML, like Gecko) Chrome/135.0.7049.95 Mobile Safari/537.36 (compatible; Googlebot/2.1; +http://www.google.com/bot.html)" hunucma.gob.mx 192.185.131.128
66.249.70.105 - - [28/Apr/2025:12:02:31 -0600] "GET /13247535 HTTP/1.1" 200 28002 "-" "Mozilla/5.0 (compatible; Googlebot/2.1; +http://www.google.com/bot.html)" hunucma.gob.mx 192.185.131.128
66.249.70.104 - - [28/Apr/2025:12:02:31 -0600] "GET /216019335 HTTP/1.1" 200 29590 "-" "Mozilla/5.0 (compatible; Googlebot/2.1; +http://www.google.com/bot.html)" hunucma.gob.mx 192.185.131.128
