芝麻web文件管理V1.00
编辑当前文件:/home2/sdektunc/access-logs/sdektun.com-ssl_log
114.119.157.234 - - [19/Jan/2025:06:16:02 -0600] "GET /apps/licencias/vendor/sebastian/code-unit-reverse-lookup/src/ HTTP/1.1" 406 226 "https://sdektun.com/apps/licencias/vendor/sebastian/code-unit-reverse-lookup" "Mozilla/5.0 (Linux; Android 7.0;) AppleWebKit/537.36 (KHTML, like Gecko) Mobile Safari/537.36 (compatible; PetalBot;+https://webmaster.petalsearch.com/site/petalbot)" sdektun.com 192.185.131.128
114.119.139.26 - - [19/Jan/2025:06:17:38 -0600] "GET /apps/licencias/vendor/symfony/console/Tests/Fixtures/Style/SymfonyStyle?C=N%3BO%3DD HTTP/1.1" 406 226 "https://sdektun.com/apps/licencias/vendor/symfony/console/Tests/Fixtures/Style/SymfonyStyle?C=S%3BO%3DA" "Mozilla/5.0 (Linux; Android 7.0;) AppleWebKit/537.36 (KHTML, like Gecko) Mobile Safari/537.36 (compatible; PetalBot;+https://webmaster.petalsearch.com/site/petalbot)" sdektun.com 192.185.131.128
114.119.134.208 - - [19/Jan/2025:06:21:03 -0600] "GET /apps/licencias/vendor/sebastian/code-unit-reverse-lookup/build.xml HTTP/1.1" 406 226 "https://sdektun.com/apps/licencias/vendor/sebastian/code-unit-reverse-lookup" "Mozilla/5.0 (Linux; Android 7.0;) AppleWebKit/537.36 (KHTML, like Gecko) Mobile Safari/537.36 (compatible; PetalBot;+https://webmaster.petalsearch.com/site/petalbot)" sdektun.com 192.185.131.128
114.119.157.206 - - [19/Jan/2025:06:22:39 -0600] "GET /apps/licencias/vendor/symfony/console/Tests/Fixtures/Style/SymfonyStyle?C=M%3BO%3DA HTTP/1.1" 406 226 "https://sdektun.com/apps/licencias/vendor/symfony/console/Tests/Fixtures/Style/SymfonyStyle?C=S%3BO%3DA" "Mozilla/5.0 (Linux; Android 7.0;) AppleWebKit/537.36 (KHTML, like Gecko) Mobile Safari/537.36 (compatible; PetalBot;+https://webmaster.petalsearch.com/site/petalbot)" sdektun.com 192.185.131.128
114.119.139.26 - - [19/Jan/2025:06:26:03 -0600] "GET /apps/licencias/vendor/sebastian/code-unit-reverse-lookup/?C=S%3BO%3DA HTTP/1.1" 406 226 "https://sdektun.com/apps/licencias/vendor/sebastian/code-unit-reverse-lookup" "Mozilla/5.0 (Linux; Android 7.0;) AppleWebKit/537.36 (KHTML, like Gecko) Mobile Safari/537.36 (compatible; PetalBot;+https://webmaster.petalsearch.com/site/petalbot)" sdektun.com 192.185.131.128
114.119.152.164 - - [19/Jan/2025:06:27:38 -0600] "GET /apps/licencias/vendor/symfony/console/Tests/Fixtures/Style/SymfonyStyle/command?C=S%3BO%3DA HTTP/1.1" 406 226 "https://sdektun.com/apps/licencias/vendor/symfony/console/Tests/Fixtures/Style/SymfonyStyle/command?C=M%3BO%3DA" "Mozilla/5.0 (Linux; Android 7.0;) AppleWebKit/537.36 (KHTML, like Gecko) Mobile Safari/537.36 (compatible; PetalBot;+https://webmaster.petalsearch.com/site/petalbot)" sdektun.com 192.185.131.128
114.119.134.208 - - [19/Jan/2025:06:31:07 -0600] "GET /apps/licencias/vendor/sebastian/code-unit-reverse-lookup/?C=N%3BO%3DD HTTP/1.1" 406 226 "https://sdektun.com/apps/licencias/vendor/sebastian/code-unit-reverse-lookup" "Mozilla/5.0 (Linux; Android 7.0;) AppleWebKit/537.36 (KHTML, like Gecko) Mobile Safari/537.36 (compatible; PetalBot;+https://webmaster.petalsearch.com/site/petalbot)" sdektun.com 192.185.131.128
114.119.134.208 - - [19/Jan/2025:06:32:38 -0600] "GET /apps/licencias/vendor/symfony/console/Tests/Fixtures/Style/SymfonyStyle/command/command_7.php HTTP/1.1" 406 226 "https://sdektun.com/apps/licencias/vendor/symfony/console/Tests/Fixtures/Style/SymfonyStyle/command?C=M%3BO%3DA" "Mozilla/5.0 (Linux; Android 7.0;) AppleWebKit/537.36 (KHTML, like Gecko) Mobile Safari/537.36 (compatible; PetalBot;+https://webmaster.petalsearch.com/site/petalbot)" sdektun.com 192.185.131.128
114.119.157.206 - - [19/Jan/2025:06:36:04 -0600] "GET /apps/licencias/vendor/sebastian/code-unit-reverse-lookup/?C=M%3BO%3DA HTTP/1.1" 406 226 "https://sdektun.com/apps/licencias/vendor/sebastian/code-unit-reverse-lookup" "Mozilla/5.0 (Linux; Android 7.0;) AppleWebKit/537.36 (KHTML, like Gecko) Mobile Safari/537.36 (compatible; PetalBot;+https://webmaster.petalsearch.com/site/petalbot)" sdektun.com 192.185.131.128
114.119.135.163 - - [19/Jan/2025:06:37:40 -0600] "GET /apps/licencias/vendor/symfony/console/Tests/Fixtures/Style/SymfonyStyle/command/command_5.php HTTP/1.1" 406 226 "https://sdektun.com/apps/licencias/vendor/symfony/console/Tests/Fixtures/Style/SymfonyStyle/command?C=M%3BO%3DA" "Mozilla/5.0 (Linux; Android 7.0;) AppleWebKit/537.36 (KHTML, like Gecko) Mobile Safari/537.36 (compatible; PetalBot;+https://webmaster.petalsearch.com/site/petalbot)" sdektun.com 192.185.131.128
114.119.157.206 - - [19/Jan/2025:06:41:03 -0600] "GET /apps/licencias/vendor/sebastian/code-unit-reverse-lookup/ HTTP/1.1" 406 226 "https://sdektun.com/apps/licencias/vendor/sebastian/" "Mozilla/5.0 (Linux; Android 7.0;) AppleWebKit/537.36 (KHTML, like Gecko) Mobile Safari/537.36 (compatible; PetalBot;+https://webmaster.petalsearch.com/site/petalbot)" sdektun.com 192.185.131.128
114.119.157.206 - - [19/Jan/2025:06:42:38 -0600] "GET /apps/licencias/vendor/symfony/console/Tests/Fixtures/Style/SymfonyStyle/command/command_4_with_iterators.php HTTP/1.1" 406 226 "https://sdektun.com/apps/licencias/vendor/symfony/console/Tests/Fixtures/Style/SymfonyStyle/command?C=M%3BO%3DA" "Mozilla/5.0 (Linux; Android 7.0;) AppleWebKit/537.36 (KHTML, like Gecko) Mobile Safari/537.36 (compatible; PetalBot;+https://webmaster.petalsearch.com/site/petalbot)" sdektun.com 192.185.131.128
114.119.152.164 - - [19/Jan/2025:06:46:03 -0600] "GET /apps/licencias/vendor/sebastian/?C=M%3BO%3DA HTTP/1.1" 406 226 "https://sdektun.com/apps/licencias/vendor/sebastian/" "Mozilla/5.0 (Linux; Android 7.0;) AppleWebKit/537.36 (KHTML, like Gecko) Mobile Safari/537.36 (compatible; PetalBot;+https://webmaster.petalsearch.com/site/petalbot)" sdektun.com 192.185.131.128
114.119.143.187 - - [19/Jan/2025:06:47:40 -0600] "GET /apps/licencias/vendor/symfony/console/Tests/Fixtures/Style/SymfonyStyle/command/command_17.php HTTP/1.1" 406 226 "https://sdektun.com/apps/licencias/vendor/symfony/console/Tests/Fixtures/Style/SymfonyStyle/command?C=M%3BO%3DA" "Mozilla/5.0 (Linux; Android 7.0;) AppleWebKit/537.36 (KHTML, like Gecko) Mobile Safari/537.36 (compatible; PetalBot;+https://webmaster.petalsearch.com/site/petalbot)" sdektun.com 192.185.131.128
114.119.139.26 - - [19/Jan/2025:06:51:03 -0600] "GET /apps/licencias/vendor/ramsey/uuid/src/Provider/Time/?C=N%3BO%3DD HTTP/1.1" 406 226 "https://sdektun.com/apps/licencias/vendor/ramsey/uuid/src/Provider/Time?C=S%3BO%3DA" "Mozilla/5.0 (Linux; Android 7.0;) AppleWebKit/537.36 (KHTML, like Gecko) Mobile Safari/537.36 (compatible; PetalBot;+https://webmaster.petalsearch.com/site/petalbot)" sdektun.com 192.185.131.128
114.119.157.234 - - [19/Jan/2025:06:52:40 -0600] "GET /apps/licencias/vendor/symfony/console/Tests/Fixtures/Style/SymfonyStyle/command/command_12.php HTTP/1.1" 406 226 "https://sdektun.com/apps/licencias/vendor/symfony/console/Tests/Fixtures/Style/SymfonyStyle/command?C=M%3BO%3DA" "Mozilla/5.0 (Linux; Android 7.0;) AppleWebKit/537.36 (KHTML, like Gecko) Mobile Safari/537.36 (compatible; PetalBot;+https://webmaster.petalsearch.com/site/petalbot)" sdektun.com 192.185.131.128
114.119.143.187 - - [19/Jan/2025:06:56:03 -0600] "GET /apps/licencias/vendor/ramsey/uuid/src/Exception/?C=S%3BO%3DA HTTP/1.1" 406 226 "https://sdektun.com/apps/licencias/vendor/ramsey/uuid/src/Exception?C=M%3BO%3DA" "Mozilla/5.0 (Linux; Android 7.0;) AppleWebKit/537.36 (KHTML, like Gecko) Mobile Safari/537.36 (compatible; PetalBot;+https://webmaster.petalsearch.com/site/petalbot)" sdektun.com 192.185.131.128
114.119.134.208 - - [19/Jan/2025:06:57:39 -0600] "GET /apps/licencias/vendor/symfony/console/Tests/Fixtures/Style/SymfonyStyle/command HTTP/1.1" 406 226 "https://sdektun.com/apps/licencias/vendor/symfony/console/Tests/Fixtures/Style/SymfonyStyle?C=S%3BO%3DA" "Mozilla/5.0 (Linux; Android 7.0;) AppleWebKit/537.36 (KHTML, like Gecko) Mobile Safari/537.36 (compatible; PetalBot;+https://webmaster.petalsearch.com/site/petalbot)" sdektun.com 192.185.131.128
114.119.142.232 - - [19/Jan/2025:07:01:04 -0600] "GET /apps/licencias/vendor/ramsey/uuid/src/Converter/Time/?C=S%3BO%3DA HTTP/1.1" 406 226 "https://sdektun.com/apps/licencias/vendor/ramsey/uuid/src/Converter/Time" "Mozilla/5.0 (Linux; Android 7.0;) AppleWebKit/537.36 (KHTML, like Gecko) Mobile Safari/537.36 (compatible; PetalBot;+https://webmaster.petalsearch.com/site/petalbot)" sdektun.com 192.185.131.128
114.119.139.26 - - [19/Jan/2025:07:02:41 -0600] "GET /apps/licencias/vendor/symfony/console/Tests/Fixtures/Style/SymfonyStyle/ HTTP/1.1" 406 226 "https://sdektun.com/apps/licencias/vendor/symfony/console/Tests/Fixtures/Style/SymfonyStyle/output?C=M%3BO%3DA" "Mozilla/5.0 (Linux; Android 7.0;) AppleWebKit/537.36 (KHTML, like Gecko) Mobile Safari/537.36 (compatible; PetalBot;+https://webmaster.petalsearch.com/site/petalbot)" sdektun.com 192.185.131.128
114.119.157.234 - - [19/Jan/2025:07:06:03 -0600] "GET /apps/licencias/vendor/ramsey/uuid/src/Converter/Time/?C=S%3BO%3DA HTTP/1.1" 406 226 "https://sdektun.com/apps/licencias/vendor/ramsey/uuid/src/Converter/Time" "Mozilla/5.0 (Linux; Android 7.0;) AppleWebKit/537.36 (KHTML, like Gecko) Mobile Safari/537.36 (compatible; PetalBot;+https://webmaster.petalsearch.com/site/petalbot)" sdektun.com 192.185.131.128
114.119.135.163 - - [19/Jan/2025:07:07:40 -0600] "GET /apps/licencias/vendor/symfony/console/Tests/Fixtures/Style HTTP/1.1" 406 226 "https://sdektun.com/apps/licencias/vendor/symfony/console/Tests/Fixtures?C=D%3BO%3DA" "Mozilla/5.0 (Linux; Android 7.0;) AppleWebKit/537.36 (KHTML, like Gecko) Mobile Safari/537.36 (compatible; PetalBot;+https://webmaster.petalsearch.com/site/petalbot)" sdektun.com 192.185.131.128
114.119.142.232 - - [19/Jan/2025:07:11:04 -0600] "GET /apps/licencias/vendor/ramsey/uuid/src/Converter/Time/?C=M%3BO%3DA HTTP/1.1" 406 226 "https://sdektun.com/apps/licencias/vendor/ramsey/uuid/src/Converter/Time" "Mozilla/5.0 (Linux; Android 7.0;) AppleWebKit/537.36 (KHTML, like Gecko) Mobile Safari/537.36 (compatible; PetalBot;+https://webmaster.petalsearch.com/site/petalbot)" sdektun.com 192.185.131.128
114.119.134.208 - - [19/Jan/2025:07:12:40 -0600] "GET /apps/licencias/vendor/symfony/console/Tests/Fixtures/FooSameCaseUppercaseCommand.php HTTP/1.1" 406 226 "https://sdektun.com/apps/licencias/vendor/symfony/console/Tests/Fixtures?C=D%3BO%3DA" "Mozilla/5.0 (Linux; Android 7.0;) AppleWebKit/537.36 (KHTML, like Gecko) Mobile Safari/537.36 (compatible; PetalBot;+https://webmaster.petalsearch.com/site/petalbot)" sdektun.com 192.185.131.128
114.119.157.206 - - [19/Jan/2025:07:16:05 -0600] "GET /apps/licencias/vendor/ramsey/uuid/src/Converter/Number/?C=D%3BO%3DA HTTP/1.1" 406 226 "https://sdektun.com/apps/licencias/vendor/ramsey/uuid/src/Converter/Number?C=S%3BO%3DA" "Mozilla/5.0 (Linux; Android 7.0;) AppleWebKit/537.36 (KHTML, like Gecko) Mobile Safari/537.36 (compatible; PetalBot;+https://webmaster.petalsearch.com/site/petalbot)" sdektun.com 192.185.131.128
114.119.143.187 - - [19/Jan/2025:07:17:39 -0600] "GET /apps/licencias/vendor/symfony/console/Tests/Fixtures/FooCommand.php HTTP/1.1" 406 226 "https://sdektun.com/apps/licencias/vendor/symfony/console/Tests/Fixtures?C=D%3BO%3DA" "Mozilla/5.0 (Linux; Android 7.0;) AppleWebKit/537.36 (KHTML, like Gecko) Mobile Safari/537.36 (compatible; PetalBot;+https://webmaster.petalsearch.com/site/petalbot)" sdektun.com 192.185.131.128
114.119.152.164 - - [19/Jan/2025:07:21:04 -0600] "GET /apps/licencias/vendor/ramsey/uuid/src/Converter/ HTTP/1.1" 406 226 "https://sdektun.com/apps/licencias/vendor/ramsey/uuid/src?C=N%3BO%3DD" "Mozilla/5.0 (Linux; Android 7.0;) AppleWebKit/537.36 (KHTML, like Gecko) Mobile Safari/537.36 (compatible; PetalBot;+https://webmaster.petalsearch.com/site/petalbot)" sdektun.com 192.185.131.128
114.119.157.206 - - [19/Jan/2025:07:22:39 -0600] "GET /apps/licencias/vendor/symfony/console/Tests/Fixtures HTTP/1.1" 406 226 "https://sdektun.com/apps/licencias/vendor/symfony/console/Tests?C=D%3BO%3DA" "Mozilla/5.0 (Linux; Android 7.0;) AppleWebKit/537.36 (KHTML, like Gecko) Mobile Safari/537.36 (compatible; PetalBot;+https://webmaster.petalsearch.com/site/petalbot)" sdektun.com 192.185.131.128
114.119.143.187 - - [19/Jan/2025:07:26:05 -0600] "GET /apps/licencias/vendor/ramsey/uuid/src/Codec/ HTTP/1.1" 406 226 "https://sdektun.com/apps/licencias/vendor/ramsey/uuid/src?C=N%3BO%3DD" "Mozilla/5.0 (Linux; Android 7.0;) AppleWebKit/537.36 (KHTML, like Gecko) Mobile Safari/537.36 (compatible; PetalBot;+https://webmaster.petalsearch.com/site/petalbot)" sdektun.com 192.185.131.128
114.119.142.232 - - [19/Jan/2025:07:27:39 -0600] "GET /apps/licencias/vendor/symfony/console/Tests/Descriptor/ObjectsProvider.php HTTP/1.1" 406 226 "https://sdektun.com/apps/licencias/vendor/symfony/console/Tests/Descriptor?C=M%3BO%3DA" "Mozilla/5.0 (Linux; Android 7.0;) AppleWebKit/537.36 (KHTML, like Gecko) Mobile Safari/537.36 (compatible; PetalBot;+https://webmaster.petalsearch.com/site/petalbot)" sdektun.com 192.185.131.128
114.119.135.163 - - [19/Jan/2025:07:31:04 -0600] "GET /apps/licencias/vendor/ramsey/uuid/src/?C=S%3BO%3DA HTTP/1.1" 406 226 "https://sdektun.com/apps/licencias/vendor/ramsey/uuid/src?C=N%3BO%3DD" "Mozilla/5.0 (Linux; Android 7.0;) AppleWebKit/537.36 (KHTML, like Gecko) Mobile Safari/537.36 (compatible; PetalBot;+https://webmaster.petalsearch.com/site/petalbot)" sdektun.com 192.185.131.128
114.119.157.206 - - [19/Jan/2025:07:32:40 -0600] "GET /apps/licencias/vendor/symfony/console/Tests/CommandLoader?C=M%3BO%3DA HTTP/1.1" 406 226 "-" "Mozilla/5.0 (Linux; Android 7.0;) AppleWebKit/537.36 (KHTML, like Gecko) Mobile Safari/537.36 (compatible; PetalBot;+https://webmaster.petalsearch.com/site/petalbot)" sdektun.com 192.185.131.128
114.119.139.26 - - [19/Jan/2025:07:36:04 -0600] "GET /apps/licencias/vendor/ramsey/uuid/src/?C=N%3BO%3DD HTTP/1.1" 406 226 "https://sdektun.com/apps/licencias/vendor/ramsey/uuid/src?C=N%3BO%3DD" "Mozilla/5.0 (Linux; Android 7.0;) AppleWebKit/537.36 (KHTML, like Gecko) Mobile Safari/537.36 (compatible; PetalBot;+https://webmaster.petalsearch.com/site/petalbot)" sdektun.com 192.185.131.128
114.119.157.234 - - [19/Jan/2025:07:37:39 -0600] "GET /apps/licencias/vendor/symfony/console/Tests/CommandLoader HTTP/1.1" 406 226 "https://sdektun.com/apps/licencias/vendor/symfony/console/Tests?C=D%3BO%3DA" "Mozilla/5.0 (Linux; Android 7.0;) AppleWebKit/537.36 (KHTML, like Gecko) Mobile Safari/537.36 (compatible; PetalBot;+https://webmaster.petalsearch.com/site/petalbot)" sdektun.com 192.185.131.128
114.119.134.208 - - [19/Jan/2025:07:41:05 -0600] "GET /apps/licencias/vendor/ramsey/uuid/src/?C=M%3BO%3DA HTTP/1.1" 406 226 "https://sdektun.com/apps/licencias/vendor/ramsey/uuid/src?C=N%3BO%3DD" "Mozilla/5.0 (Linux; Android 7.0;) AppleWebKit/537.36 (KHTML, like Gecko) Mobile Safari/537.36 (compatible; PetalBot;+https://webmaster.petalsearch.com/site/petalbot)" sdektun.com 192.185.131.128
114.119.135.163 - - [19/Jan/2025:07:42:40 -0600] "GET /apps/licencias/vendor/symfony/console/Tests/Command?C=M%3BO%3DA HTTP/1.1" 406 226 "https://sdektun.com/apps/licencias/vendor/symfony/console/Tests/Command?C=D%3BO%3DA" "Mozilla/5.0 (Linux; Android 7.0;) AppleWebKit/537.36 (KHTML, like Gecko) Mobile Safari/537.36 (compatible; PetalBot;+https://webmaster.petalsearch.com/site/petalbot)" sdektun.com 192.185.131.128
114.119.143.187 - - [19/Jan/2025:07:46:05 -0600] "GET /apps/licencias/vendor/ramsey/uuid/src/?C=D%3BO%3DA HTTP/1.1" 406 226 "https://sdektun.com/apps/licencias/vendor/ramsey/uuid/src?C=N%3BO%3DD" "Mozilla/5.0 (Linux; Android 7.0;) AppleWebKit/537.36 (KHTML, like Gecko) Mobile Safari/537.36 (compatible; PetalBot;+https://webmaster.petalsearch.com/site/petalbot)" sdektun.com 192.185.131.128
114.119.143.187 - - [19/Jan/2025:07:47:40 -0600] "GET /apps/licencias/vendor/symfony/console/Tests/Command HTTP/1.1" 406 226 "https://sdektun.com/apps/licencias/vendor/symfony/console/Tests?C=D%3BO%3DA" "Mozilla/5.0 (Linux; Android 7.0;) AppleWebKit/537.36 (KHTML, like Gecko) Mobile Safari/537.36 (compatible; PetalBot;+https://webmaster.petalsearch.com/site/petalbot)" sdektun.com 192.185.131.128
114.119.157.206 - - [19/Jan/2025:07:51:06 -0600] "GET /apps/licencias/vendor/ramsey/uuid/src/ HTTP/1.1" 406 226 "https://sdektun.com/apps/licencias/vendor/ramsey/uuid/src/Exception?C=M%3BO%3DA" "Mozilla/5.0 (Linux; Android 7.0;) AppleWebKit/537.36 (KHTML, like Gecko) Mobile Safari/537.36 (compatible; PetalBot;+https://webmaster.petalsearch.com/site/petalbot)" sdektun.com 192.185.131.128
114.119.152.164 - - [19/Jan/2025:07:52:42 -0600] "GET /apps/licencias/vendor/symfony/console/Tester?C=S%3BO%3DA HTTP/1.1" 406 226 "https://sdektun.com/apps/licencias/vendor/symfony/console/Tester?C=N%3BO%3DD" "Mozilla/5.0 (Linux; Android 7.0;) AppleWebKit/537.36 (KHTML, like Gecko) Mobile Safari/537.36 (compatible; PetalBot;+https://webmaster.petalsearch.com/site/petalbot)" sdektun.com 192.185.131.128
114.119.134.208 - - [19/Jan/2025:07:56:04 -0600] "GET /apps/licencias/vendor/ramsey/uuid/?C=N%3BO%3DD HTTP/1.1" 406 226 "https://sdektun.com/apps/licencias/vendor/ramsey/uuid" "Mozilla/5.0 (Linux; Android 7.0;) AppleWebKit/537.36 (KHTML, like Gecko) Mobile Safari/537.36 (compatible; PetalBot;+https://webmaster.petalsearch.com/site/petalbot)" sdektun.com 192.185.131.128
194.50.16.252 - - [19/Jan/2025:07:56:38 -0600] "GET /env HTTP/1.1" 404 4677 "-" "Mozilla/5.0 (Macintosh; Intel Mac OS X 10_15_7) AppleWebKit/605.1.15 (KHTML, like Gecko) Version/17.5 Safari/605.5.26" sdektun.com 192.185.131.128
194.50.16.252 - - [19/Jan/2025:07:56:40 -0600] "GET /actuator/env HTTP/1.1" 404 4677 "-" "Mozilla/5.0 (Knoppix; Linux i686) AppleWebKit/537.36 (KHTML, like Gecko) Chrome/121.0.0.0 Safari/537.36" sdektun.com 192.185.131.128
194.50.16.252 - - [19/Jan/2025:07:56:42 -0600] "GET /admin/actuator/env HTTP/1.1" 404 4677 "-" "Mozilla/5.0 (Macintosh; Intel Mac OS X 10_15_7) AppleWebKit/605.1.15 (KHTML, like Gecko) Version/17.5 Safari/605.1.27" sdektun.com 192.185.131.128
194.50.16.252 - - [19/Jan/2025:07:56:45 -0600] "GET /api/env HTTP/1.1" 404 4677 "-" "Mozilla/5.0 (X11; Linux x86_64) AppleWebKit/537.36 (KHTML, like Gecko) Chrome/126.0.0.0 Safari/537.36" sdektun.com 192.185.131.128
194.50.16.252 - - [19/Jan/2025:07:56:47 -0600] "GET /admin/env HTTP/1.1" 404 4677 "-" "Mozilla/5.0 (X11; Ubuntu; Linux x86_64; rv:123.0) Gecko/20100101 Firefox/123.0" sdektun.com 192.185.131.128
194.50.16.252 - - [19/Jan/2025:07:56:50 -0600] "GET /api/actuator/env HTTP/1.1" 404 4677 "-" "Mozilla/5.0 (Macintosh; Intel Mac OS X 10_15_7) AppleWebKit/605.1.15 (KHTML, like Gecko) Version/17.4.1 Safari/605.6.25" sdektun.com 192.185.131.128
114.119.152.164 - - [19/Jan/2025:07:57:40 -0600] "GET /apps/licencias/vendor/symfony/console/Tester?C=N%3BO%3DD HTTP/1.1" 406 226 "https://sdektun.com/apps/licencias/vendor/symfony/console/Tester?C=D%3BO%3DA" "Mozilla/5.0 (Linux; Android 7.0;) AppleWebKit/537.36 (KHTML, like Gecko) Mobile Safari/537.36 (compatible; PetalBot;+https://webmaster.petalsearch.com/site/petalbot)" sdektun.com 192.185.131.128
114.119.157.234 - - [19/Jan/2025:08:01:05 -0600] "GET /apps/licencias/vendor/ramsey/uuid/?C=M%3BO%3DA HTTP/1.1" 406 226 "https://sdektun.com/apps/licencias/vendor/ramsey/uuid" "Mozilla/5.0 (Linux; Android 7.0;) AppleWebKit/537.36 (KHTML, like Gecko) Mobile Safari/537.36 (compatible; PetalBot;+https://webmaster.petalsearch.com/site/petalbot)" sdektun.com 192.185.131.128
114.119.143.187 - - [19/Jan/2025:08:02:40 -0600] "GET /apps/licencias/vendor/symfony/console/Tester/?C=D%3BO%3DA HTTP/1.1" 406 226 "https://sdektun.com/apps/licencias/vendor/symfony/console/Tester/?C=S%3BO%3DA" "Mozilla/5.0 (Linux; Android 7.0;) AppleWebKit/537.36 (KHTML, like Gecko) Mobile Safari/537.36 (compatible; PetalBot;+https://webmaster.petalsearch.com/site/petalbot)" sdektun.com 192.185.131.128
114.119.157.206 - - [19/Jan/2025:08:06:05 -0600] "GET /apps/licencias/vendor/ramsey/?C=S%3BO%3DA HTTP/1.1" 406 226 "https://sdektun.com/apps/licencias/vendor/ramsey" "Mozilla/5.0 (Linux; Android 7.0;) AppleWebKit/537.36 (KHTML, like Gecko) Mobile Safari/537.36 (compatible; PetalBot;+https://webmaster.petalsearch.com/site/petalbot)" sdektun.com 192.185.131.128
114.119.142.232 - - [19/Jan/2025:08:07:40 -0600] "GET /apps/licencias/vendor/symfony/console/Tester HTTP/1.1" 406 226 "https://sdektun.com/apps/licencias/vendor/symfony/console?C=D%3BO%3DA" "Mozilla/5.0 (Linux; Android 7.0;) AppleWebKit/537.36 (KHTML, like Gecko) Mobile Safari/537.36 (compatible; PetalBot;+https://webmaster.petalsearch.com/site/petalbot)" sdektun.com 192.185.131.128
114.119.152.164 - - [19/Jan/2025:08:11:09 -0600] "GET /apps/licencias/vendor/ramsey/?C=M%3BO%3DA HTTP/1.1" 406 226 "https://sdektun.com/apps/licencias/vendor/ramsey" "Mozilla/5.0 (Linux; Android 7.0;) AppleWebKit/537.36 (KHTML, like Gecko) Mobile Safari/537.36 (compatible; PetalBot;+https://webmaster.petalsearch.com/site/petalbot)" sdektun.com 192.185.131.128
114.119.139.26 - - [19/Jan/2025:08:12:41 -0600] "GET /apps/licencias/vendor/symfony/console/Style?C=S%3BO%3DA HTTP/1.1" 406 226 "https://sdektun.com/apps/licencias/vendor/symfony/console/Style" "Mozilla/5.0 (Linux; Android 7.0;) AppleWebKit/537.36 (KHTML, like Gecko) Mobile Safari/537.36 (compatible; PetalBot;+https://webmaster.petalsearch.com/site/petalbot)" sdektun.com 192.185.131.128
114.119.139.26 - - [19/Jan/2025:08:16:04 -0600] "GET /apps/licencias/vendor/psy/psysh/vendor-bin/box/?C=S%3BO%3DA HTTP/1.1" 406 226 "https://sdektun.com/apps/licencias/vendor/psy/psysh/vendor-bin/box?C=N%3BO%3DD" "Mozilla/5.0 (Linux; Android 7.0;) AppleWebKit/537.36 (KHTML, like Gecko) Mobile Safari/537.36 (compatible; PetalBot;+https://webmaster.petalsearch.com/site/petalbot)" sdektun.com 192.185.131.128
114.119.157.206 - - [19/Jan/2025:08:17:43 -0600] "GET /apps/licencias/vendor/symfony/console/Style?C=M%3BO%3DA HTTP/1.1" 406 226 "https://sdektun.com/apps/licencias/vendor/symfony/console/Style" "Mozilla/5.0 (Linux; Android 7.0;) AppleWebKit/537.36 (KHTML, like Gecko) Mobile Safari/537.36 (compatible; PetalBot;+https://webmaster.petalsearch.com/site/petalbot)" sdektun.com 192.185.131.128
114.119.142.232 - - [19/Jan/2025:08:21:12 -0600] "GET /apps/licencias/vendor/psy/psysh/vendor-bin/box/?C=N%3BO%3DD HTTP/1.1" 406 226 "https://sdektun.com/apps/licencias/vendor/psy/psysh/vendor-bin/box?C=N%3BO%3DD" "Mozilla/5.0 (Linux; Android 7.0;) AppleWebKit/537.36 (KHTML, like Gecko) Mobile Safari/537.36 (compatible; PetalBot;+https://webmaster.petalsearch.com/site/petalbot)" sdektun.com 192.185.131.128
114.119.134.208 - - [19/Jan/2025:08:22:42 -0600] "GET /apps/licencias/vendor/symfony/console/Style?C=D%3BO%3DA HTTP/1.1" 406 226 "https://sdektun.com/apps/licencias/vendor/symfony/console/Style" "Mozilla/5.0 (Linux; Android 7.0;) AppleWebKit/537.36 (KHTML, like Gecko) Mobile Safari/537.36 (compatible; PetalBot;+https://webmaster.petalsearch.com/site/petalbot)" sdektun.com 192.185.131.128
114.119.157.206 - - [19/Jan/2025:08:26:06 -0600] "GET /apps/licencias/vendor/psy/psysh/vendor-bin/box/?C=M%3BO%3DA HTTP/1.1" 406 226 "https://sdektun.com/apps/licencias/vendor/psy/psysh/vendor-bin/box?C=N%3BO%3DD" "Mozilla/5.0 (Linux; Android 7.0;) AppleWebKit/537.36 (KHTML, like Gecko) Mobile Safari/537.36 (compatible; PetalBot;+https://webmaster.petalsearch.com/site/petalbot)" sdektun.com 192.185.131.128
114.119.142.232 - - [19/Jan/2025:08:27:41 -0600] "GET /apps/licencias/vendor/symfony/console/Style/?C=N%3BO%3DD HTTP/1.1" 406 226 "https://sdektun.com/apps/licencias/vendor/symfony/console/Style?C=S%3BO%3DA" "Mozilla/5.0 (Linux; Android 7.0;) AppleWebKit/537.36 (KHTML, like Gecko) Mobile Safari/537.36 (compatible; PetalBot;+https://webmaster.petalsearch.com/site/petalbot)" sdektun.com 192.185.131.128
114.119.134.208 - - [19/Jan/2025:08:31:06 -0600] "GET /apps/licencias/vendor/psy/psysh/vendor-bin/box/?C=D%3BO%3DA HTTP/1.1" 406 226 "https://sdektun.com/apps/licencias/vendor/psy/psysh/vendor-bin/box?C=N%3BO%3DD" "Mozilla/5.0 (Linux; Android 7.0;) AppleWebKit/537.36 (KHTML, like Gecko) Mobile Safari/537.36 (compatible; PetalBot;+https://webmaster.petalsearch.com/site/petalbot)" sdektun.com 192.185.131.128
114.119.135.163 - - [19/Jan/2025:08:32:40 -0600] "GET /apps/licencias/vendor/symfony/console/Style/?C=D%3BO%3DA HTTP/1.1" 406 226 "https://sdektun.com/apps/licencias/vendor/symfony/console/Style?C=S%3BO%3DA" "Mozilla/5.0 (Linux; Android 7.0;) AppleWebKit/537.36 (KHTML, like Gecko) Mobile Safari/537.36 (compatible; PetalBot;+https://webmaster.petalsearch.com/site/petalbot)" sdektun.com 192.185.131.128
114.119.142.232 - - [19/Jan/2025:08:36:07 -0600] "GET /apps/licencias/vendor/psy/psysh/test/fixtures/project/ HTTP/1.1" 406 226 "https://sdektun.com/apps/licencias/vendor/psy/psysh/test/fixtures?C=S%3BO%3DA" "Mozilla/5.0 (Linux; Android 7.0;) AppleWebKit/537.36 (KHTML, like Gecko) Mobile Safari/537.36 (compatible; PetalBot;+https://webmaster.petalsearch.com/site/petalbot)" sdektun.com 192.185.131.128
114.119.157.234 - - [19/Jan/2025:08:37:41 -0600] "GET /apps/licencias/vendor/symfony/console/Style HTTP/1.1" 406 226 "https://sdektun.com/apps/licencias/vendor/symfony/console?C=D%3BO%3DA" "Mozilla/5.0 (Linux; Android 7.0;) AppleWebKit/537.36 (KHTML, like Gecko) Mobile Safari/537.36 (compatible; PetalBot;+https://webmaster.petalsearch.com/site/petalbot)" sdektun.com 192.185.131.128
114.119.135.163 - - [19/Jan/2025:08:41:05 -0600] "GET /apps/licencias/vendor/psy/psysh/test/fixtures/mixed/?C=S%3BO%3DA HTTP/1.1" 406 226 "https://sdektun.com/apps/licencias/vendor/psy/psysh/test/fixtures/mixed" "Mozilla/5.0 (Linux; Android 7.0;) AppleWebKit/537.36 (KHTML, like Gecko) Mobile Safari/537.36 (compatible; PetalBot;+https://webmaster.petalsearch.com/site/petalbot)" sdektun.com 192.185.131.128
114.119.134.208 - - [19/Jan/2025:08:42:42 -0600] "GET /apps/licencias/vendor/symfony/console/Resources/bin?C=N%3BO%3DD HTTP/1.1" 406 226 "https://sdektun.com/apps/licencias/vendor/symfony/console/Resources/bin?C=D%3BO%3DA" "Mozilla/5.0 (Linux; Android 7.0;) AppleWebKit/537.36 (KHTML, like Gecko) Mobile Safari/537.36 (compatible; PetalBot;+https://webmaster.petalsearch.com/site/petalbot)" sdektun.com 192.185.131.128
114.119.135.163 - - [19/Jan/2025:08:46:08 -0600] "GET /apps/licencias/vendor/psy/psysh/test/fixtures/mixed/?C=N%3BO%3DD HTTP/1.1" 406 226 "https://sdektun.com/apps/licencias/vendor/psy/psysh/test/fixtures/mixed" "Mozilla/5.0 (Linux; Android 7.0;) AppleWebKit/537.36 (KHTML, like Gecko) Mobile Safari/537.36 (compatible; PetalBot;+https://webmaster.petalsearch.com/site/petalbot)" sdektun.com 192.185.131.128
114.119.134.208 - - [19/Jan/2025:08:47:43 -0600] "GET /apps/licencias/vendor/symfony/console/Resources/bin?C=M%3BO%3DA HTTP/1.1" 406 226 "-" "Mozilla/5.0 (Linux; Android 7.0;) AppleWebKit/537.36 (KHTML, like Gecko) Mobile Safari/537.36 (compatible; PetalBot;+https://webmaster.petalsearch.com/site/petalbot)" sdektun.com 192.185.131.128
114.119.152.164 - - [19/Jan/2025:08:51:07 -0600] "GET /apps/licencias/vendor/psy/psysh/test/fixtures/mixed/?C=D%3BO%3DA HTTP/1.1" 406 226 "https://sdektun.com/apps/licencias/vendor/psy/psysh/test/fixtures/mixed" "Mozilla/5.0 (Linux; Android 7.0;) AppleWebKit/537.36 (KHTML, like Gecko) Mobile Safari/537.36 (compatible; PetalBot;+https://webmaster.petalsearch.com/site/petalbot)" sdektun.com 192.185.131.128
114.119.134.208 - - [19/Jan/2025:08:52:41 -0600] "GET /apps/licencias/vendor/symfony/console/Resources/bin?C=D%3BO%3DA HTTP/1.1" 406 226 "https://sdektun.com/apps/licencias/vendor/symfony/console/Resources/bin?C=N%3BO%3DD" "Mozilla/5.0 (Linux; Android 7.0;) AppleWebKit/537.36 (KHTML, like Gecko) Mobile Safari/537.36 (compatible; PetalBot;+https://webmaster.petalsearch.com/site/petalbot)" sdektun.com 192.185.131.128
114.119.157.234 - - [19/Jan/2025:08:56:06 -0600] "GET /apps/licencias/vendor/psy/psysh/test/fixtures/legacy/?C=N%3BO%3DD HTTP/1.1" 406 226 "https://sdektun.com/apps/licencias/vendor/psy/psysh/test/fixtures/legacy/" "Mozilla/5.0 (Linux; Android 7.0;) AppleWebKit/537.36 (KHTML, like Gecko) Mobile Safari/537.36 (compatible; PetalBot;+https://webmaster.petalsearch.com/site/petalbot)" sdektun.com 192.185.131.128
114.119.143.187 - - [19/Jan/2025:08:57:41 -0600] "GET /apps/licencias/vendor/symfony/console/Resources/bin HTTP/1.1" 406 226 "https://sdektun.com/apps/licencias/vendor/symfony/console/Resources?C=M%3BO%3DA" "Mozilla/5.0 (Linux; Android 7.0;) AppleWebKit/537.36 (KHTML, like Gecko) Mobile Safari/537.36 (compatible; PetalBot;+https://webmaster.petalsearch.com/site/petalbot)" sdektun.com 192.185.131.128
114.119.143.187 - - [19/Jan/2025:09:01:05 -0600] "GET /apps/licencias/vendor/psy/psysh/test/fixtures/legacy/?C=M%3BO%3DA HTTP/1.1" 406 226 "https://sdektun.com/apps/licencias/vendor/psy/psysh/test/fixtures/legacy/" "Mozilla/5.0 (Linux; Android 7.0;) AppleWebKit/537.36 (KHTML, like Gecko) Mobile Safari/537.36 (compatible; PetalBot;+https://webmaster.petalsearch.com/site/petalbot)" sdektun.com 192.185.131.128
114.119.134.208 - - [19/Jan/2025:09:02:41 -0600] "GET /apps/licencias/vendor/symfony/console/Resources/?C=M%3BO%3DA HTTP/1.1" 406 226 "https://sdektun.com/apps/licencias/vendor/symfony/console/Resources?C=D%3BO%3DA" "Mozilla/5.0 (Linux; Android 7.0;) AppleWebKit/537.36 (KHTML, like Gecko) Mobile Safari/537.36 (compatible; PetalBot;+https://webmaster.petalsearch.com/site/petalbot)" sdektun.com 192.185.131.128
114.119.157.206 - - [19/Jan/2025:09:06:05 -0600] "GET /apps/licencias/vendor/psy/psysh/test/fixtures/legacy/?C=D%3BO%3DA HTTP/1.1" 406 226 "https://sdektun.com/apps/licencias/vendor/psy/psysh/test/fixtures/legacy/" "Mozilla/5.0 (Linux; Android 7.0;) AppleWebKit/537.36 (KHTML, like Gecko) Mobile Safari/537.36 (compatible; PetalBot;+https://webmaster.petalsearch.com/site/petalbot)" sdektun.com 192.185.131.128
114.119.139.26 - - [19/Jan/2025:09:07:41 -0600] "GET /apps/licencias/vendor/symfony/console/Question?C=S%3BO%3DA HTTP/1.1" 406 226 "-" "Mozilla/5.0 (Linux; Android 7.0;) AppleWebKit/537.36 (KHTML, like Gecko) Mobile Safari/537.36 (compatible; PetalBot;+https://webmaster.petalsearch.com/site/petalbot)" sdektun.com 192.185.131.128
114.119.139.26 - - [19/Jan/2025:09:11:10 -0600] "GET /apps/licencias/vendor/psy/psysh/test/fixtures/default/ HTTP/1.1" 406 226 "https://sdektun.com/apps/licencias/vendor/psy/psysh/test/fixtures?C=S%3BO%3DA" "Mozilla/5.0 (Linux; Android 7.0;) AppleWebKit/537.36 (KHTML, like Gecko) Mobile Safari/537.36 (compatible; PetalBot;+https://webmaster.petalsearch.com/site/petalbot)" sdektun.com 192.185.131.128
114.119.152.164 - - [19/Jan/2025:09:12:43 -0600] "GET /apps/licencias/vendor/symfony/console/Question?C=D%3BO%3DA HTTP/1.1" 406 226 "https://sdektun.com/apps/licencias/vendor/symfony/console/Question" "Mozilla/5.0 (Linux; Android 7.0;) AppleWebKit/537.36 (KHTML, like Gecko) Mobile Safari/537.36 (compatible; PetalBot;+https://webmaster.petalsearch.com/site/petalbot)" sdektun.com 192.185.131.128
114.119.142.232 - - [19/Jan/2025:09:16:07 -0600] "GET /apps/licencias/vendor/psy/psysh/test/fixtures/?C=S%3BO%3DA HTTP/1.1" 406 226 "https://sdektun.com/apps/licencias/vendor/psy/psysh/test/fixtures?C=S%3BO%3DA" "Mozilla/5.0 (Linux; Android 7.0;) AppleWebKit/537.36 (KHTML, like Gecko) Mobile Safari/537.36 (compatible; PetalBot;+https://webmaster.petalsearch.com/site/petalbot)" sdektun.com 192.185.131.128
114.119.157.234 - - [19/Jan/2025:09:17:42 -0600] "GET /apps/licencias/vendor/symfony/console/Question/ChoiceQuestion.php HTTP/1.1" 406 226 "https://sdektun.com/apps/licencias/vendor/symfony/console/Question" "Mozilla/5.0 (Linux; Android 7.0;) AppleWebKit/537.36 (KHTML, like Gecko) Mobile Safari/537.36 (compatible; PetalBot;+https://webmaster.petalsearch.com/site/petalbot)" sdektun.com 192.185.131.128
114.119.143.187 - - [19/Jan/2025:09:21:06 -0600] "GET /apps/licencias/vendor/psy/psysh/test/fixtures/?C=M%3BO%3DA HTTP/1.1" 406 226 "https://sdektun.com/apps/licencias/vendor/psy/psysh/test/fixtures?C=S%3BO%3DA" "Mozilla/5.0 (Linux; Android 7.0;) AppleWebKit/537.36 (KHTML, like Gecko) Mobile Safari/537.36 (compatible; PetalBot;+https://webmaster.petalsearch.com/site/petalbot)" sdektun.com 192.185.131.128
114.119.135.163 - - [19/Jan/2025:09:22:41 -0600] "GET /apps/licencias/vendor/symfony/console/Question HTTP/1.1" 406 226 "https://sdektun.com/apps/licencias/vendor/symfony/console?C=D%3BO%3DA" "Mozilla/5.0 (Linux; Android 7.0;) AppleWebKit/537.36 (KHTML, like Gecko) Mobile Safari/537.36 (compatible; PetalBot;+https://webmaster.petalsearch.com/site/petalbot)" sdektun.com 192.185.131.128
114.119.157.206 - - [19/Jan/2025:09:26:06 -0600] "GET /apps/licencias/vendor/psy/psysh/test/fixtures/?C=D%3BO%3DA HTTP/1.1" 406 226 "https://sdektun.com/apps/licencias/vendor/psy/psysh/test/fixtures?C=S%3BO%3DA" "Mozilla/5.0 (Linux; Android 7.0;) AppleWebKit/537.36 (KHTML, like Gecko) Mobile Safari/537.36 (compatible; PetalBot;+https://webmaster.petalsearch.com/site/petalbot)" sdektun.com 192.185.131.128
114.119.139.26 - - [19/Jan/2025:09:27:43 -0600] "GET /apps/licencias/vendor/symfony/console/Output?C=D%3BO%3DA HTTP/1.1" 406 226 "https://sdektun.com/apps/licencias/vendor/symfony/console/Output?C=S%3BO%3DA" "Mozilla/5.0 (Linux; Android 7.0;) AppleWebKit/537.36 (KHTML, like Gecko) Mobile Safari/537.36 (compatible; PetalBot;+https://webmaster.petalsearch.com/site/petalbot)" sdektun.com 192.185.131.128
178.128.229.179 - - [19/Jan/2025:09:28:33 -0600] "GET / HTTP/1.1" 200 12243 "-" "Mozilla/5.0 (compatible)" webmail.sdektun.com 192.185.131.128
178.128.229.179 - - [19/Jan/2025:09:28:34 -0600] "GET /ads.txt HTTP/1.1" 200 12245 "-" "Mozilla/5.0 (compatible)" webmail.sdektun.com 192.185.131.128
114.119.157.206 - - [19/Jan/2025:09:31:06 -0600] "GET /apps/licencias/vendor/psy/psysh/test/fixtures/ HTTP/1.1" 406 226 "https://sdektun.com/apps/licencias/vendor/psy/psysh/test/fixtures/mixed" "Mozilla/5.0 (Linux; Android 7.0;) AppleWebKit/537.36 (KHTML, like Gecko) Mobile Safari/537.36 (compatible; PetalBot;+https://webmaster.petalsearch.com/site/petalbot)" sdektun.com 192.185.131.128
114.119.135.163 - - [19/Jan/2025:09:32:43 -0600] "GET /apps/licencias/vendor/symfony/console/Output/StreamOutput.php HTTP/1.1" 406 226 "https://sdektun.com/apps/licencias/vendor/symfony/console/Output?C=N%3BO%3DD" "Mozilla/5.0 (Linux; Android 7.0;) AppleWebKit/537.36 (KHTML, like Gecko) Mobile Safari/537.36 (compatible; PetalBot;+https://webmaster.petalsearch.com/site/petalbot)" sdektun.com 192.185.131.128
114.119.135.163 - - [19/Jan/2025:09:36:06 -0600] "GET /apps/licencias/vendor/psy/psysh/test/TabCompletion/StaticSample.php HTTP/1.1" 406 226 "https://sdektun.com/apps/licencias/vendor/psy/psysh/test/TabCompletion" "Mozilla/5.0 (Linux; Android 7.0;) AppleWebKit/537.36 (KHTML, like Gecko) Mobile Safari/537.36 (compatible; PetalBot;+https://webmaster.petalsearch.com/site/petalbot)" sdektun.com 192.185.131.128
114.119.139.26 - - [19/Jan/2025:09:37:41 -0600] "GET /apps/licencias/vendor/symfony/console/Output/Output.php HTTP/1.1" 406 226 "https://sdektun.com/apps/licencias/vendor/symfony/console/Output?C=N%3BO%3DD" "Mozilla/5.0 (Linux; Android 7.0;) AppleWebKit/537.36 (KHTML, like Gecko) Mobile Safari/537.36 (compatible; PetalBot;+https://webmaster.petalsearch.com/site/petalbot)" sdektun.com 192.185.131.128
114.119.142.232 - - [19/Jan/2025:09:41:10 -0600] "GET /apps/licencias/vendor/psy/psysh/test/Sudo?C=S%3BO%3DA HTTP/1.1" 406 226 "https://sdektun.com/apps/licencias/vendor/psy/psysh/test/Sudo?C=N%3BO%3DD" "Mozilla/5.0 (Linux; Android 7.0;) AppleWebKit/537.36 (KHTML, like Gecko) Mobile Safari/537.36 (compatible; PetalBot;+https://webmaster.petalsearch.com/site/petalbot)" sdektun.com 192.185.131.128
114.119.134.208 - - [19/Jan/2025:09:42:42 -0600] "GET /apps/licencias/vendor/symfony/console/Logger?C=D%3BO%3DA HTTP/1.1" 406 226 "https://sdektun.com/apps/licencias/vendor/symfony/console/Logger?C=S%3BO%3DA" "Mozilla/5.0 (Linux; Android 7.0;) AppleWebKit/537.36 (KHTML, like Gecko) Mobile Safari/537.36 (compatible; PetalBot;+https://webmaster.petalsearch.com/site/petalbot)" sdektun.com 192.185.131.128
114.119.134.208 - - [19/Jan/2025:09:46:07 -0600] "GET /apps/licencias/vendor/psy/psysh/test/Sudo/?C=S%3BO%3DA HTTP/1.1" 406 226 "https://sdektun.com/apps/licencias/vendor/psy/psysh/test/Sudo" "Mozilla/5.0 (Linux; Android 7.0;) AppleWebKit/537.36 (KHTML, like Gecko) Mobile Safari/537.36 (compatible; PetalBot;+https://webmaster.petalsearch.com/site/petalbot)" sdektun.com 192.185.131.128
114.119.152.164 - - [19/Jan/2025:09:47:43 -0600] "GET /apps/licencias/vendor/symfony/console/Logger/?C=M%3BO%3DA HTTP/1.1" 406 226 "https://sdektun.com/apps/licencias/vendor/symfony/console/Logger?C=N%3BO%3DD" "Mozilla/5.0 (Linux; Android 7.0;) AppleWebKit/537.36 (KHTML, like Gecko) Mobile Safari/537.36 (compatible; PetalBot;+https://webmaster.petalsearch.com/site/petalbot)" sdektun.com 192.185.131.128
114.119.152.164 - - [19/Jan/2025:09:51:08 -0600] "GET /apps/licencias/vendor/psy/psysh/test/Command/TimeitCommand/?C=M%3BO%3DA HTTP/1.1" 406 226 "https://sdektun.com/apps/licencias/vendor/psy/psysh/test/Command/TimeitCommand?C=M%3BO%3DA" "Mozilla/5.0 (Linux; Android 7.0;) AppleWebKit/537.36 (KHTML, like Gecko) Mobile Safari/537.36 (compatible; PetalBot;+https://webmaster.petalsearch.com/site/petalbot)" sdektun.com 192.185.131.128
114.119.152.164 - - [19/Jan/2025:09:52:42 -0600] "GET /apps/licencias/vendor/symfony/console/Logger HTTP/1.1" 406 226 "https://sdektun.com/apps/licencias/vendor/symfony/console?C=D%3BO%3DA" "Mozilla/5.0 (Linux; Android 7.0;) AppleWebKit/537.36 (KHTML, like Gecko) Mobile Safari/537.36 (compatible; PetalBot;+https://webmaster.petalsearch.com/site/petalbot)" sdektun.com 192.185.131.128
114.119.157.234 - - [19/Jan/2025:09:56:08 -0600] "GET /apps/licencias/vendor/psy/psysh/test/Command/TimeitCommand/?C=D%3BO%3DA HTTP/1.1" 406 226 "https://sdektun.com/apps/licencias/vendor/psy/psysh/test/Command/TimeitCommand?C=M%3BO%3DA" "Mozilla/5.0 (Linux; Android 7.0;) AppleWebKit/537.36 (KHTML, like Gecko) Mobile Safari/537.36 (compatible; PetalBot;+https://webmaster.petalsearch.com/site/petalbot)" sdektun.com 192.185.131.128
114.119.139.26 - - [19/Jan/2025:09:57:42 -0600] "GET /apps/licencias/vendor/symfony/console/LICENSE HTTP/1.1" 406 226 "https://sdektun.com/apps/licencias/vendor/symfony/console?C=D%3BO%3DA" "Mozilla/5.0 (Linux; Android 7.0;) AppleWebKit/537.36 (KHTML, like Gecko) Mobile Safari/537.36 (compatible; PetalBot;+https://webmaster.petalsearch.com/site/petalbot)" sdektun.com 192.185.131.128
31.43.185.66 - - [19/Jan/2025:09:59:15 -0600] "GET /RDWeb/Pages/ HTTP/1.1" 404 4677 "-" "Mozilla/5.0 (Windows NT 10.0; Win64; x64) AppleWebKit/537.36" sdektun.com 192.185.131.128
114.119.135.163 - - [19/Jan/2025:10:01:07 -0600] "GET /apps/licencias/vendor/psy/psysh/test/Command/?C=S%3BO%3DA HTTP/1.1" 406 226 "https://sdektun.com/apps/licencias/vendor/psy/psysh/test/Command/?C=M%3BO%3DA" "Mozilla/5.0 (Linux; Android 7.0;) AppleWebKit/537.36 (KHTML, like Gecko) Mobile Safari/537.36 (compatible; PetalBot;+https://webmaster.petalsearch.com/site/petalbot)" sdektun.com 192.185.131.128
114.119.142.232 - - [19/Jan/2025:10:02:45 -0600] "GET /apps/licencias/vendor/symfony/console/Input?C=N%3BO%3DD HTTP/1.1" 406 226 "https://sdektun.com/apps/licencias/vendor/symfony/console/Input?C=M%3BO%3DA" "Mozilla/5.0 (Linux; Android 7.0;) AppleWebKit/537.36 (KHTML, like Gecko) Mobile Safari/537.36 (compatible; PetalBot;+https://webmaster.petalsearch.com/site/petalbot)" sdektun.com 192.185.131.128
114.119.135.163 - - [19/Jan/2025:10:06:07 -0600] "GET /apps/licencias/vendor/psy/psysh/test/Command/?C=N%3BO%3DD HTTP/1.1" 406 226 "https://sdektun.com/apps/licencias/vendor/psy/psysh/test/Command/?C=M%3BO%3DA" "Mozilla/5.0 (Linux; Android 7.0;) AppleWebKit/537.36 (KHTML, like Gecko) Mobile Safari/537.36 (compatible; PetalBot;+https://webmaster.petalsearch.com/site/petalbot)" sdektun.com 192.185.131.128
114.119.142.232 - - [19/Jan/2025:10:07:42 -0600] "GET /apps/licencias/vendor/symfony/console/Input/InputArgument.php HTTP/1.1" 406 226 "https://sdektun.com/apps/licencias/vendor/symfony/console/Input?C=M%3BO%3DA" "Mozilla/5.0 (Linux; Android 7.0;) AppleWebKit/537.36 (KHTML, like Gecko) Mobile Safari/537.36 (compatible; PetalBot;+https://webmaster.petalsearch.com/site/petalbot)" sdektun.com 192.185.131.128