66.249.66.74 - - [23/Feb/2025:23:15:14 -0600] "GET /mzjgl/i1701744.html HTTP/1.1" 200 53583 "-" "Mozilla/5.0 (Linux; Android 6.0.1; Nexus 5X Build/MMB29P) AppleWebKit/537.36 (KHTML, like Gecko) Chrome/133.0.6943.53 Mobile Safari/537.36 (compatible; Googlebot/2.1; +http://www.google.com/bot.html)" dzilamdebravo1821.gob.mx 192.185.131.128
66.249.66.73 - - [23/Feb/2025:23:15:16 -0600] "GET /qxlxe/l2049133.html HTTP/1.1" 200 53583 "-" "Mozilla/5.0 (Linux; Android 6.0.1; Nexus 5X Build/MMB29P) AppleWebKit/537.36 (KHTML, like Gecko) Chrome/133.0.6943.53 Mobile Safari/537.36 (compatible; Googlebot/2.1; +http://www.google.com/bot.html)" dzilamdebravo1821.gob.mx 192.185.131.128
66.249.66.73 - - [23/Feb/2025:23:15:17 -0600] "GET /igame/y449106.html HTTP/1.1" 200 53583 "-" "Mozilla/5.0 (Linux; Android 6.0.1; Nexus 5X Build/MMB29P) AppleWebKit/537.36 (KHTML, like Gecko) Chrome/133.0.6943.53 Mobile Safari/537.36 (compatible; Googlebot/2.1; +http://www.google.com/bot.html)" dzilamdebravo1821.gob.mx 192.185.131.128
66.249.66.73 - - [23/Feb/2025:23:15:18 -0600] "GET /tzkkj/c3096404.html HTTP/1.1" 200 53583 "-" "Mozilla/5.0 (Linux; Android 6.0.1; Nexus 5X Build/MMB29P) AppleWebKit/537.36 (KHTML, like Gecko) Chrome/133.0.6943.53 Mobile Safari/537.36 (compatible; Googlebot/2.1; +http://www.google.com/bot.html)" dzilamdebravo1821.gob.mx 192.185.131.128
66.249.66.74 - - [23/Feb/2025:23:15:20 -0600] "GET /lbald/x605261.html HTTP/1.1" 200 53583 "-" "Mozilla/5.0 (Linux; Android 6.0.1; Nexus 5X Build/MMB29P) AppleWebKit/537.36 (KHTML, like Gecko) Chrome/133.0.6943.53 Mobile Safari/537.36 (compatible; Googlebot/2.1; +http://www.google.com/bot.html)" dzilamdebravo1821.gob.mx 192.185.131.128
66.249.66.74 - - [23/Feb/2025:23:15:20 -0600] "GET /fcfpa/f462035.html HTTP/1.1" 200 53583 "-" "Mozilla/5.0 (Linux; Android 6.0.1; Nexus 5X Build/MMB29P) AppleWebKit/537.36 (KHTML, like Gecko) Chrome/133.0.6943.53 Mobile Safari/537.36 (compatible; Googlebot/2.1; +http://www.google.com/bot.html)" dzilamdebravo1821.gob.mx 192.185.131.128
66.249.66.73 - - [23/Feb/2025:23:15:21 -0600] "GET /bqwho/x996899.html HTTP/1.1" 200 53583 "-" "Mozilla/5.0 (Linux; Android 6.0.1; Nexus 5X Build/MMB29P) AppleWebKit/537.36 (KHTML, like Gecko) Chrome/133.0.6943.53 Mobile Safari/537.36 (compatible; Googlebot/2.1; +http://www.google.com/bot.html)" dzilamdebravo1821.gob.mx 192.185.131.128
66.249.66.74 - - [23/Feb/2025:23:15:22 -0600] "GET /qkpml/a375632.html HTTP/1.1" 200 53583 "-" "Mozilla/5.0 (Linux; Android 6.0.1; Nexus 5X Build/MMB29P) AppleWebKit/537.36 (KHTML, like Gecko) Chrome/133.0.6943.53 Mobile Safari/537.36 (compatible; Googlebot/2.1; +http://www.google.com/bot.html)" dzilamdebravo1821.gob.mx 192.185.131.128
66.249.66.73 - - [23/Feb/2025:23:15:23 -0600] "GET /buxlq/f682671.html HTTP/1.1" 200 53583 "-" "Mozilla/5.0 (Linux; Android 6.0.1; Nexus 5X Build/MMB29P) AppleWebKit/537.36 (KHTML, like Gecko) Chrome/133.0.6943.53 Mobile Safari/537.36 (compatible; Googlebot/2.1; +http://www.google.com/bot.html)" dzilamdebravo1821.gob.mx 192.185.131.128
66.249.66.74 - - [23/Feb/2025:23:15:25 -0600] "GET /pgzrk/g2460370.html HTTP/1.1" 200 53583 "-" "Mozilla/5.0 (Linux; Android 6.0.1; Nexus 5X Build/MMB29P) AppleWebKit/537.36 (KHTML, like Gecko) Chrome/133.0.6943.53 Mobile Safari/537.36 (compatible; Googlebot/2.1; +http://www.google.com/bot.html)" dzilamdebravo1821.gob.mx 192.185.131.128
66.249.66.73 - - [23/Feb/2025:23:15:27 -0600] "GET /zxxps/m513808.html HTTP/1.1" 200 53583 "-" "Mozilla/5.0 (Linux; Android 6.0.1; Nexus 5X Build/MMB29P) AppleWebKit/537.36 (KHTML, like Gecko) Chrome/133.0.6943.53 Mobile Safari/537.36 (compatible; Googlebot/2.1; +http://www.google.com/bot.html)" dzilamdebravo1821.gob.mx 192.185.131.128
66.249.66.73 - - [23/Feb/2025:23:15:28 -0600] "GET /kgkst/v468499.html HTTP/1.1" 200 53583 "-" "Mozilla/5.0 (Linux; Android 6.0.1; Nexus 5X Build/MMB29P) AppleWebKit/537.36 (KHTML, like Gecko) Chrome/133.0.6943.53 Mobile Safari/537.36 (compatible; Googlebot/2.1; +http://www.google.com/bot.html)" dzilamdebravo1821.gob.mx 192.185.131.128
66.249.66.75 - - [23/Feb/2025:23:15:29 -0600] "GET /ryfsp/l2252817.html HTTP/1.1" 200 53583 "-" "Mozilla/5.0 (Linux; Android 6.0.1; Nexus 5X Build/MMB29P) AppleWebKit/537.36 (KHTML, like Gecko) Chrome/133.0.6943.53 Mobile Safari/537.36 (compatible; Googlebot/2.1; +http://www.google.com/bot.html)" dzilamdebravo1821.gob.mx 192.185.131.128
66.249.66.74 - - [23/Feb/2025:23:15:30 -0600] "GET /vquns/g1942372.html HTTP/1.1" 200 53583 "-" "Mozilla/5.0 (Linux; Android 6.0.1; Nexus 5X Build/MMB29P) AppleWebKit/537.36 (KHTML, like Gecko) Chrome/133.0.6943.53 Mobile Safari/537.36 (compatible; Googlebot/2.1; +http://www.google.com/bot.html)" dzilamdebravo1821.gob.mx 192.185.131.128
66.249.66.75 - - [23/Feb/2025:23:15:32 -0600] "GET /gqxqo/r1740805.html HTTP/1.1" 200 53583 "-" "Mozilla/5.0 (Linux; Android 6.0.1; Nexus 5X Build/MMB29P) AppleWebKit/537.36 (KHTML, like Gecko) Chrome/133.0.6943.53 Mobile Safari/537.36 (compatible; Googlebot/2.1; +http://www.google.com/bot.html)" dzilamdebravo1821.gob.mx 192.185.131.128
66.249.66.74 - - [23/Feb/2025:23:15:33 -0600] "GET /rgiwp/u401002.html HTTP/1.1" 200 53583 "-" "Mozilla/5.0 (Linux; Android 6.0.1; Nexus 5X Build/MMB29P) AppleWebKit/537.36 (KHTML, like Gecko) Chrome/133.0.6943.53 Mobile Safari/537.36 (compatible; Googlebot/2.1; +http://www.google.com/bot.html)" dzilamdebravo1821.gob.mx 192.185.131.128
66.249.66.73 - - [23/Feb/2025:23:15:35 -0600] "GET /ncxlo/o730832.html HTTP/1.1" 200 53583 "-" "Mozilla/5.0 (Linux; Android 6.0.1; Nexus 5X Build/MMB29P) AppleWebKit/537.36 (KHTML, like Gecko) Chrome/133.0.6943.53 Mobile Safari/537.36 (compatible; Googlebot/2.1; +http://www.google.com/bot.html)" dzilamdebravo1821.gob.mx 192.185.131.128
66.249.66.74 - - [23/Feb/2025:23:15:37 -0600] "GET /rxyvy/e1075764.html HTTP/1.1" 200 53583 "-" "Mozilla/5.0 (Linux; Android 6.0.1; Nexus 5X Build/MMB29P) AppleWebKit/537.36 (KHTML, like Gecko) Chrome/133.0.6943.53 Mobile Safari/537.36 (compatible; Googlebot/2.1; +http://www.google.com/bot.html)" dzilamdebravo1821.gob.mx 192.185.131.128
66.249.66.76 - - [23/Feb/2025:23:15:39 -0600] "GET /fyiab/r913979.html HTTP/1.1" 200 53583 "-" "Mozilla/5.0 (Linux; Android 6.0.1; Nexus 5X Build/MMB29P) AppleWebKit/537.36 (KHTML, like Gecko) Chrome/133.0.6943.53 Mobile Safari/537.36 (compatible; Googlebot/2.1; +http://www.google.com/bot.html)" dzilamdebravo1821.gob.mx 192.185.131.128
66.249.66.75 - - [23/Feb/2025:23:15:40 -0600] "GET /jsfem/b895425.html HTTP/1.1" 200 53583 "-" "Mozilla/5.0 (Linux; Android 6.0.1; Nexus 5X Build/MMB29P) AppleWebKit/537.36 (KHTML, like Gecko) Chrome/133.0.6943.53 Mobile Safari/537.36 (compatible; Googlebot/2.1; +http://www.google.com/bot.html)" dzilamdebravo1821.gob.mx 192.185.131.128
66.249.66.73 - - [23/Feb/2025:23:15:41 -0600] "GET /tiykb/x1004179.html HTTP/1.1" 200 53583 "-" "Mozilla/5.0 (Linux; Android 6.0.1; Nexus 5X Build/MMB29P) AppleWebKit/537.36 (KHTML, like Gecko) Chrome/133.0.6943.53 Mobile Safari/537.36 (compatible; Googlebot/2.1; +http://www.google.com/bot.html)" dzilamdebravo1821.gob.mx 192.185.131.128
66.249.66.76 - - [23/Feb/2025:23:15:43 -0600] "GET /pfcji/x1250737.html HTTP/1.1" 200 53583 "-" "Mozilla/5.0 (Linux; Android 6.0.1; Nexus 5X Build/MMB29P) AppleWebKit/537.36 (KHTML, like Gecko) Chrome/133.0.6943.53 Mobile Safari/537.36 (compatible; Googlebot/2.1; +http://www.google.com/bot.html)" dzilamdebravo1821.gob.mx 192.185.131.128
66.249.66.75 - - [23/Feb/2025:23:15:44 -0600] "GET /egxtt/l1753617.html HTTP/1.1" 200 53583 "-" "Mozilla/5.0 (Linux; Android 6.0.1; Nexus 5X Build/MMB29P) AppleWebKit/537.36 (KHTML, like Gecko) Chrome/133.0.6943.53 Mobile Safari/537.36 (compatible; Googlebot/2.1; +http://www.google.com/bot.html)" dzilamdebravo1821.gob.mx 192.185.131.128
66.249.66.76 - - [23/Feb/2025:23:15:46 -0600] "GET /irfmd/y689060.html HTTP/1.1" 200 53583 "-" "Mozilla/5.0 (Linux; Android 6.0.1; Nexus 5X Build/MMB29P) AppleWebKit/537.36 (KHTML, like Gecko) Chrome/133.0.6943.53 Mobile Safari/537.36 (compatible; Googlebot/2.1; +http://www.google.com/bot.html)" dzilamdebravo1821.gob.mx 192.185.131.128
66.249.66.75 - - [23/Feb/2025:23:15:47 -0600] "GET /oqjov/c1421354.html HTTP/1.1" 200 53583 "-" "Mozilla/5.0 (Linux; Android 6.0.1; Nexus 5X Build/MMB29P) AppleWebKit/537.36 (KHTML, like Gecko) Chrome/133.0.6943.53 Mobile Safari/537.36 (compatible; Googlebot/2.1; +http://www.google.com/bot.html)" dzilamdebravo1821.gob.mx 192.185.131.128
66.249.66.74 - - [23/Feb/2025:23:15:49 -0600] "GET /zzyvb/f1214527.html HTTP/1.1" 200 53583 "-" "Mozilla/5.0 (Linux; Android 6.0.1; Nexus 5X Build/MMB29P) AppleWebKit/537.36 (KHTML, like Gecko) Chrome/133.0.6943.53 Mobile Safari/537.36 (compatible; Googlebot/2.1; +http://www.google.com/bot.html)" dzilamdebravo1821.gob.mx 192.185.131.128
66.249.66.74 - - [23/Feb/2025:23:15:50 -0600] "GET /bxhtn/u2120304.html HTTP/1.1" 200 53583 "-" "Mozilla/5.0 (Linux; Android 6.0.1; Nexus 5X Build/MMB29P) AppleWebKit/537.36 (KHTML, like Gecko) Chrome/133.0.6943.53 Mobile Safari/537.36 (compatible; Googlebot/2.1; +http://www.google.com/bot.html)" dzilamdebravo1821.gob.mx 192.185.131.128
66.249.66.74 - - [23/Feb/2025:23:15:52 -0600] "GET /rdxwt/p2466567.html HTTP/1.1" 200 53583 "-" "Mozilla/5.0 (Linux; Android 6.0.1; Nexus 5X Build/MMB29P) AppleWebKit/537.36 (KHTML, like Gecko) Chrome/133.0.6943.53 Mobile Safari/537.36 (compatible; Googlebot/2.1; +http://www.google.com/bot.html)" dzilamdebravo1821.gob.mx 192.185.131.128
66.249.66.73 - - [23/Feb/2025:23:15:53 -0600] "GET /caqsi/v274643.html HTTP/1.1" 200 53583 "-" "Mozilla/5.0 (Linux; Android 6.0.1; Nexus 5X Build/MMB29P) AppleWebKit/537.36 (KHTML, like Gecko) Chrome/133.0.6943.53 Mobile Safari/537.36 (compatible; Googlebot/2.1; +http://www.google.com/bot.html)" dzilamdebravo1821.gob.mx 192.185.131.128
66.249.66.76 - - [23/Feb/2025:23:15:55 -0600] "GET /hzqwq/b219763.html HTTP/1.1" 200 53583 "-" "Mozilla/5.0 (Linux; Android 6.0.1; Nexus 5X Build/MMB29P) AppleWebKit/537.36 (KHTML, like Gecko) Chrome/133.0.6943.53 Mobile Safari/537.36 (compatible; Googlebot/2.1; +http://www.google.com/bot.html)" dzilamdebravo1821.gob.mx 192.185.131.128
66.249.66.77 - - [23/Feb/2025:23:15:56 -0600] "GET /cnkdu/p3043923.html HTTP/1.1" 200 53583 "-" "Mozilla/5.0 (Linux; Android 6.0.1; Nexus 5X Build/MMB29P) AppleWebKit/537.36 (KHTML, like Gecko) Chrome/133.0.6943.53 Mobile Safari/537.36 (compatible; Googlebot/2.1; +http://www.google.com/bot.html)" dzilamdebravo1821.gob.mx 192.185.131.128
66.249.66.75 - - [23/Feb/2025:23:15:56 -0600] "GET /nmkrj/e1408616.html HTTP/1.1" 200 53583 "-" "Mozilla/5.0 (Linux; Android 6.0.1; Nexus 5X Build/MMB29P) AppleWebKit/537.36 (KHTML, like Gecko) Chrome/133.0.6943.53 Mobile Safari/537.36 (compatible; Googlebot/2.1; +http://www.google.com/bot.html)" dzilamdebravo1821.gob.mx 192.185.131.128
66.249.66.76 - - [23/Feb/2025:23:15:58 -0600] "GET /cbczk/r522341.html HTTP/1.1" 200 53583 "-" "Mozilla/5.0 (Linux; Android 6.0.1; Nexus 5X Build/MMB29P) AppleWebKit/537.36 (KHTML, like Gecko) Chrome/133.0.6943.53 Mobile Safari/537.36 (compatible; Googlebot/2.1; +http://www.google.com/bot.html)" dzilamdebravo1821.gob.mx 192.185.131.128
66.249.66.73 - - [23/Feb/2025:23:15:59 -0600] "GET /gnlcs/e1259896.html HTTP/1.1" 200 53583 "-" "Mozilla/5.0 (Linux; Android 6.0.1; Nexus 5X Build/MMB29P) AppleWebKit/537.36 (KHTML, like Gecko) Chrome/133.0.6943.53 Mobile Safari/537.36 (compatible; Googlebot/2.1; +http://www.google.com/bot.html)" dzilamdebravo1821.gob.mx 192.185.131.128
66.249.66.75 - - [23/Feb/2025:23:16:00 -0600] "GET /ujmep/e852450.html HTTP/1.1" 200 53583 "-" "Mozilla/5.0 (Linux; Android 6.0.1; Nexus 5X Build/MMB29P) AppleWebKit/537.36 (KHTML, like Gecko) Chrome/133.0.6943.53 Mobile Safari/537.36 (compatible; Googlebot/2.1; +http://www.google.com/bot.html)" dzilamdebravo1821.gob.mx 192.185.131.128
66.249.66.73 - - [23/Feb/2025:23:16:02 -0600] "GET /dmlza/i1004658.html HTTP/1.1" 200 53583 "-" "Mozilla/5.0 (Linux; Android 6.0.1; Nexus 5X Build/MMB29P) AppleWebKit/537.36 (KHTML, like Gecko) Chrome/133.0.6943.53 Mobile Safari/537.36 (compatible; Googlebot/2.1; +http://www.google.com/bot.html)" dzilamdebravo1821.gob.mx 192.185.131.128
66.249.66.74 - - [23/Feb/2025:23:16:04 -0600] "GET /bjgvm/m2460324.html HTTP/1.1" 200 53583 "-" "Mozilla/5.0 (Linux; Android 6.0.1; Nexus 5X Build/MMB29P) AppleWebKit/537.36 (KHTML, like Gecko) Chrome/133.0.6943.53 Mobile Safari/537.36 (compatible; Googlebot/2.1; +http://www.google.com/bot.html)" dzilamdebravo1821.gob.mx 192.185.131.128
66.249.66.74 - - [23/Feb/2025:23:16:05 -0600] "GET /wbjro/m2345222.html HTTP/1.1" 200 53583 "-" "Mozilla/5.0 (Linux; Android 6.0.1; Nexus 5X Build/MMB29P) AppleWebKit/537.36 (KHTML, like Gecko) Chrome/133.0.6943.53 Mobile Safari/537.36 (compatible; Googlebot/2.1; +http://www.google.com/bot.html)" dzilamdebravo1821.gob.mx 192.185.131.128
66.249.66.73 - - [23/Feb/2025:23:16:05 -0600] "GET /wdmma/p2312205.html HTTP/1.1" 200 53583 "-" "Mozilla/5.0 (Linux; Android 6.0.1; Nexus 5X Build/MMB29P) AppleWebKit/537.36 (KHTML, like Gecko) Chrome/133.0.6943.53 Mobile Safari/537.36 (compatible; Googlebot/2.1; +http://www.google.com/bot.html)" dzilamdebravo1821.gob.mx 192.185.131.128
66.249.66.73 - - [23/Feb/2025:23:16:08 -0600] "GET /kiuji/h811867.html HTTP/1.1" 200 53583 "-" "Mozilla/5.0 (Linux; Android 6.0.1; Nexus 5X Build/MMB29P) AppleWebKit/537.36 (KHTML, like Gecko) Chrome/133.0.6943.53 Mobile Safari/537.36 (compatible; Googlebot/2.1; +http://www.google.com/bot.html)" dzilamdebravo1821.gob.mx 192.185.131.128
66.249.66.73 - - [23/Feb/2025:23:16:09 -0600] "GET /mzxjf/l1834737.html HTTP/1.1" 200 53583 "-" "Mozilla/5.0 (Linux; Android 6.0.1; Nexus 5X Build/MMB29P) AppleWebKit/537.36 (KHTML, like Gecko) Chrome/133.0.6943.53 Mobile Safari/537.36 (compatible; Googlebot/2.1; +http://www.google.com/bot.html)" dzilamdebravo1821.gob.mx 192.185.131.128
66.249.66.73 - - [23/Feb/2025:23:16:10 -0600] "GET /rdsuf/h1732085.html HTTP/1.1" 200 53583 "-" "Mozilla/5.0 (Linux; Android 6.0.1; Nexus 5X Build/MMB29P) AppleWebKit/537.36 (KHTML, like Gecko) Chrome/133.0.6943.53 Mobile Safari/537.36 (compatible; Googlebot/2.1; +http://www.google.com/bot.html)" dzilamdebravo1821.gob.mx 192.185.131.128
66.249.66.74 - - [23/Feb/2025:23:16:13 -0600] "GET /ggycj/m1174650.html HTTP/1.1" 200 53583 "-" "Mozilla/5.0 (Linux; Android 6.0.1; Nexus 5X Build/MMB29P) AppleWebKit/537.36 (KHTML, like Gecko) Chrome/133.0.6943.53 Mobile Safari/537.36 (compatible; Googlebot/2.1; +http://www.google.com/bot.html)" dzilamdebravo1821.gob.mx 192.185.131.128
66.249.66.74 - - [23/Feb/2025:23:16:14 -0600] "GET /tszkv/p833949.html HTTP/1.1" 200 53583 "-" "Mozilla/5.0 (Linux; Android 6.0.1; Nexus 5X Build/MMB29P) AppleWebKit/537.36 (KHTML, like Gecko) Chrome/133.0.6943.53 Mobile Safari/537.36 (compatible; Googlebot/2.1; +http://www.google.com/bot.html)" dzilamdebravo1821.gob.mx 192.185.131.128
66.249.66.73 - - [23/Feb/2025:23:16:23 -0600] "POST /?wc-ajax=get_refreshed_fragments HTTP/1.1" 200 53583 "https://dzilamdebravo1821.gob.mx/rhszq/g2271350.html" "Mozilla/5.0 (Linux; Android 6.0.1; Nexus 5X Build/MMB29P) AppleWebKit/537.36 (KHTML, like Gecko) Chrome/133.0.6943.53 Mobile Safari/537.36 (compatible; Googlebot/2.1; +http://www.google.com/bot.html)" dzilamdebravo1821.gob.mx 192.185.131.128
66.249.66.74 - - [23/Feb/2025:23:16:24 -0600] "GET /bifju/m2318078.html HTTP/1.1" 200 53583 "-" "Mozilla/5.0 (Linux; Android 6.0.1; Nexus 5X Build/MMB29P) AppleWebKit/537.36 (KHTML, like Gecko) Chrome/133.0.6943.53 Mobile Safari/537.36 (compatible; Googlebot/2.1; +http://www.google.com/bot.html)" dzilamdebravo1821.gob.mx 192.185.131.128
66.249.66.73 - - [23/Feb/2025:23:16:25 -0600] "GET /ppqpe/a1760314.html HTTP/1.1" 200 53583 "-" "Mozilla/5.0 (Linux; Android 6.0.1; Nexus 5X Build/MMB29P) AppleWebKit/537.36 (KHTML, like Gecko) Chrome/133.0.6943.53 Mobile Safari/537.36 (compatible; Googlebot/2.1; +http://www.google.com/bot.html)" dzilamdebravo1821.gob.mx 192.185.131.128
52.167.144.140 - - [23/Feb/2025:23:16:30 -0600] "GET /qgtwk/x493747.html HTTP/2.0" 200 53583 "-" "Mozilla/5.0 AppleWebKit/537.36 (KHTML, like Gecko; compatible; bingbot/2.0; +http://www.bing.com/bingbot.htm) Chrome/116.0.1938.76 Safari/537.36" dzilamdebravo1821.gob.mx 192.185.131.128
66.249.66.74 - - [23/Feb/2025:23:16:39 -0600] "POST /?wc-ajax=get_refreshed_fragments HTTP/1.1" 200 53583 "https://dzilamdebravo1821.gob.mx/ikozh/w1150974.html" "Mozilla/5.0 (Linux; Android 6.0.1; Nexus 5X Build/MMB29P) AppleWebKit/537.36 (KHTML, like Gecko) Chrome/133.0.6943.53 Mobile Safari/537.36 (compatible; Googlebot/2.1; +http://www.google.com/bot.html)" dzilamdebravo1821.gob.mx 192.185.131.128
66.249.66.74 - - [23/Feb/2025:23:17:32 -0600] "GET /fqjnz/h1382957.html HTTP/1.1" 200 53583 "-" "Mozilla/5.0 (Linux; Android 6.0.1; Nexus 5X Build/MMB29P) AppleWebKit/537.36 (KHTML, like Gecko) Chrome/133.0.6943.53 Mobile Safari/537.36 (compatible; Googlebot/2.1; +http://www.google.com/bot.html)" dzilamdebravo1821.gob.mx 192.185.131.128
66.249.66.73 - - [23/Feb/2025:23:18:19 -0600] "GET /klubg/d1282385.html HTTP/1.1" 200 53583 "-" "Mozilla/5.0 (Linux; Android 6.0.1; Nexus 5X Build/MMB29P) AppleWebKit/537.36 (KHTML, like Gecko) Chrome/133.0.6943.53 Mobile Safari/537.36 (compatible; Googlebot/2.1; +http://www.google.com/bot.html)" dzilamdebravo1821.gob.mx 192.185.131.128
52.167.144.225 - - [23/Feb/2025:23:18:28 -0600] "GET /dpobt/o668380.html HTTP/2.0" 200 53583 "-" "Mozilla/5.0 AppleWebKit/537.36 (KHTML, like Gecko; compatible; bingbot/2.0; +http://www.bing.com/bingbot.htm) Chrome/116.0.1938.76 Safari/537.36" dzilamdebravo1821.gob.mx 192.185.131.128
66.249.66.74 - - [23/Feb/2025:23:18:30 -0600] "POST /?wc-ajax=get_refreshed_fragments HTTP/1.1" 200 53583 "https://dzilamdebravo1821.gob.mx/buxlq/f682671.html" "Mozilla/5.0 (Linux; Android 6.0.1; Nexus 5X Build/MMB29P) AppleWebKit/537.36 (KHTML, like Gecko) Chrome/133.0.6943.53 Mobile Safari/537.36 (compatible; Googlebot/2.1; +http://www.google.com/bot.html)" dzilamdebravo1821.gob.mx 192.185.131.128
66.249.66.73 - - [23/Feb/2025:23:18:32 -0600] "GET /ynkit/e1849940.html HTTP/1.1" 200 53583 "-" "Mozilla/5.0 (Linux; Android 6.0.1; Nexus 5X Build/MMB29P) AppleWebKit/537.36 (KHTML, like Gecko) Chrome/133.0.6943.53 Mobile Safari/537.36 (compatible; Googlebot/2.1; +http://www.google.com/bot.html)" dzilamdebravo1821.gob.mx 192.185.131.128
66.249.66.75 - - [23/Feb/2025:23:19:23 -0600] "GET /khfot/e585846.html HTTP/1.1" 200 53583 "-" "Mozilla/5.0 (Linux; Android 6.0.1; Nexus 5X Build/MMB29P) AppleWebKit/537.36 (KHTML, like Gecko) Chrome/133.0.6943.53 Mobile Safari/537.36 (compatible; Googlebot/2.1; +http://www.google.com/bot.html)" dzilamdebravo1821.gob.mx 192.185.131.128
66.249.66.74 - - [23/Feb/2025:23:19:53 -0600] "GET /ygnjk/n466177.html HTTP/1.1" 200 53583 "-" "Mozilla/5.0 (Linux; Android 6.0.1; Nexus 5X Build/MMB29P) AppleWebKit/537.36 (KHTML, like Gecko) Chrome/133.0.6943.53 Mobile Safari/537.36 (compatible; Googlebot/2.1; +http://www.google.com/bot.html)" dzilamdebravo1821.gob.mx 192.185.131.128
66.249.66.73 - - [23/Feb/2025:23:20:23 -0600] "GET /eruxj/k2220654.html HTTP/1.1" 200 53583 "-" "Mozilla/5.0 (Linux; Android 6.0.1; Nexus 5X Build/MMB29P) AppleWebKit/537.36 (KHTML, like Gecko) Chrome/133.0.6943.53 Mobile Safari/537.36 (compatible; Googlebot/2.1; +http://www.google.com/bot.html)" dzilamdebravo1821.gob.mx 192.185.131.128
207.46.13.160 - - [23/Feb/2025:23:21:45 -0600] "GET /poikl/x488521.html HTTP/2.0" 200 53583 "-" "Mozilla/5.0 AppleWebKit/537.36 (KHTML, like Gecko; compatible; bingbot/2.0; +http://www.bing.com/bingbot.htm) Chrome/116.0.1938.76 Safari/537.36" dzilamdebravo1821.gob.mx 192.185.131.128
66.249.66.73 - - [23/Feb/2025:23:23:01 -0600] "POST /?wc-ajax=get_refreshed_fragments HTTP/1.1" 200 53583 "https://dzilamdebravo1821.gob.mx/exrkm/m355416.html" "Mozilla/5.0 (Linux; Android 6.0.1; Nexus 5X Build/MMB29P) AppleWebKit/537.36 (KHTML, like Gecko) Chrome/133.0.6943.53 Mobile Safari/537.36 (compatible; Googlebot/2.1; +http://www.google.com/bot.html)" dzilamdebravo1821.gob.mx 192.185.131.128
66.249.66.73 - - [23/Feb/2025:23:23:06 -0600] "GET /hoedx/q2362958.html HTTP/1.1" 200 53583 "-" "Mozilla/5.0 (Linux; Android 6.0.1; Nexus 5X Build/MMB29P) AppleWebKit/537.36 (KHTML, like Gecko) Chrome/133.0.6943.53 Mobile Safari/537.36 (compatible; Googlebot/2.1; +http://www.google.com/bot.html)" dzilamdebravo1821.gob.mx 192.185.131.128
66.249.66.73 - - [23/Feb/2025:23:23:23 -0600] "GET /dvwlh/v464573.html HTTP/1.1" 200 53583 "-" "Mozilla/5.0 (Linux; Android 6.0.1; Nexus 5X Build/MMB29P) AppleWebKit/537.36 (KHTML, like Gecko) Chrome/133.0.6943.53 Mobile Safari/537.36 (compatible; Googlebot/2.1; +http://www.google.com/bot.html)" dzilamdebravo1821.gob.mx 192.185.131.128
66.249.66.73 - - [23/Feb/2025:23:23:58 -0600] "POST /?wc-ajax=get_refreshed_fragments HTTP/1.1" 200 53583 "https://dzilamdebravo1821.gob.mx/dsggu/l2081269.html" "Mozilla/5.0 (Linux; Android 6.0.1; Nexus 5X Build/MMB29P) AppleWebKit/537.36 (KHTML, like Gecko) Chrome/133.0.6943.53 Mobile Safari/537.36 (compatible; Googlebot/2.1; +http://www.google.com/bot.html)" dzilamdebravo1821.gob.mx 192.185.131.128
66.249.66.73 - - [23/Feb/2025:23:24:10 -0600] "POST /?wc-ajax=get_refreshed_fragments HTTP/1.1" 200 53583 "https://dzilamdebravo1821.gob.mx/advkz/v340137.html" "Mozilla/5.0 (Linux; Android 6.0.1; Nexus 5X Build/MMB29P) AppleWebKit/537.36 (KHTML, like Gecko) Chrome/133.0.6943.53 Mobile Safari/537.36 (compatible; Googlebot/2.1; +http://www.google.com/bot.html)" dzilamdebravo1821.gob.mx 192.185.131.128
20.15.133.175 - - [23/Feb/2025:23:27:13 -0600] "GET /ezlyl/z938869.html HTTP/2.0" 200 53583 "-" "Mozilla/5.0 AppleWebKit/537.36 (KHTML, like Gecko; compatible; bingbot/2.0; +http://www.bing.com/bingbot.htm) Chrome/116.0.1938.76 Safari/537.36" dzilamdebravo1821.gob.mx 192.185.131.128
66.249.66.75 - - [23/Feb/2025:23:27:29 -0600] "GET /urvxv/o3094258.html HTTP/1.1" 200 53583 "-" "Mozilla/5.0 (Linux; Android 6.0.1; Nexus 5X Build/MMB29P) AppleWebKit/537.36 (KHTML, like Gecko) Chrome/133.0.6943.53 Mobile Safari/537.36 (compatible; Googlebot/2.1; +http://www.google.com/bot.html)" dzilamdebravo1821.gob.mx 192.185.131.128
66.249.66.71 - - [23/Feb/2025:23:29:28 -0600] "GET /mwxas/f1335557.html HTTP/1.1" 200 53583 "-" "Mozilla/5.0 (Linux; Android 6.0.1; Nexus 5X Build/MMB29P) AppleWebKit/537.36 (KHTML, like Gecko) Chrome/133.0.6943.53 Mobile Safari/537.36 (compatible; Googlebot/2.1; +http://www.google.com/bot.html)" www.dzilamdebravo1821.gob.mx 192.185.131.128
66.249.66.75 - - [23/Feb/2025:23:31:31 -0600] "GET /degne/g2295634.html HTTP/1.1" 200 53583 "-" "Mozilla/5.0 (Linux; Android 6.0.1; Nexus 5X Build/MMB29P) AppleWebKit/537.36 (KHTML, like Gecko) Chrome/133.0.6943.53 Mobile Safari/537.36 (compatible; Googlebot/2.1; +http://www.google.com/bot.html)" dzilamdebravo1821.gob.mx 192.185.131.128
77.68.12.96 - - [23/Feb/2025:23:34:20 -0600] "GET /autodiscover/autodiscover.xml HTTP/1.1" 400 52 "www.google.com" "Mozlila/5.0 (Linux; Android 7.0; SM-G892A Bulid/NRD90M; wv) AppleWebKit/537.36 (KHTML, like Gecko) Version/4.0 Chrome/60.0.3112.107 Moblie Safari/537.36" autodiscover.dzilamdebravo1821.gob.mx 192.185.131.128
77.68.12.96 - - [23/Feb/2025:23:34:24 -0600] "GET /autodiscover/autodiscover.xml HTTP/1.1" 400 52 "www.google.com" "Mozlila/5.0 (Linux; Android 7.0; SM-G892A Bulid/NRD90M; wv) AppleWebKit/537.36 (KHTML, like Gecko) Version/4.0 Chrome/60.0.3112.107 Moblie Safari/537.36" autodiscover.dzilamdebravo1821.gob.mx 192.185.131.128
77.68.12.96 - - [23/Feb/2025:23:34:27 -0600] "GET /autodiscover/autodiscover.xml HTTP/1.1" 400 52 "www.google.com" "Mozlila/5.0 (Linux; Android 7.0; SM-G892A Bulid/NRD90M; wv) AppleWebKit/537.36 (KHTML, like Gecko) Version/4.0 Chrome/60.0.3112.107 Moblie Safari/537.36" autodiscover.dzilamdebravo1821.gob.mx 192.185.131.128
66.249.66.70 - - [23/Feb/2025:23:34:27 -0600] "GET /?_gl=1*1ix4f11*_gcl_au*MTYxMTI1OTI3MS4xNzIxODg2NjU0*_ga*ODYyMzk4MzA3LjE2OTk0NTM1Nzg.*_ga_7H42SVMQ0V*MTcyMTg4NjY1NS4xMjEuMS4xNzIxODg2NjY5LjQ2LjAuMA..&_ga=2.198040047.1958808748.1721886654-862398307.1699453578&_bdsid=2ulvIJ.n~ZXCIW.1721886656070.1721886848&_bd_prev_page=https://www.dzilamdebravo1821.gob.mx/detail.php?qrmzl/r780391.html HTTP/1.1" 200 53583 "-" "Mozilla/5.0 (Linux; Android 6.0.1; Nexus 5X Build/MMB29P) AppleWebKit/537.36 (KHTML, like Gecko) Chrome/133.0.6943.53 Mobile Safari/537.36 (compatible; Googlebot/2.1; +http://www.google.com/bot.html)" www.dzilamdebravo1821.gob.mx 192.185.131.128
77.68.12.96 - - [23/Feb/2025:23:34:30 -0600] "GET /autodiscover/autodiscover.xml HTTP/1.1" 400 52 "www.google.com" "Mozlila/5.0 (Linux; Android 7.0; SM-G892A Bulid/NRD90M; wv) AppleWebKit/537.36 (KHTML, like Gecko) Version/4.0 Chrome/60.0.3112.107 Moblie Safari/537.36" autodiscover.dzilamdebravo1821.gob.mx 192.185.131.128
66.249.66.71 - - [23/Feb/2025:23:34:33 -0600] "POST /?wc-ajax=get_refreshed_fragments HTTP/1.1" 200 53583 "https://www.dzilamdebravo1821.gob.mx/?_gl=1*1ix4f11*_gcl_au*MTYxMTI1OTI3MS4xNzIxODg2NjU0*_ga*ODYyMzk4MzA3LjE2OTk0NTM1Nzg.*_ga_7H42SVMQ0V*MTcyMTg4NjY1NS4xMjEuMS4xNzIxODg2NjY5LjQ2LjAuMA..&_ga=2.198040047.1958808748.1721886654-862398307.1699453578&_bdsid=2ulvIJ.n~ZXCIW.1721886656070.1721886848&_bd_prev_page=https://www.dzilamdebravo1821.gob.mx/detail.php?qrmzl/r780391.html" "Mozilla/5.0 (Linux; Android 6.0.1; Nexus 5X Build/MMB29P) AppleWebKit/537.36 (KHTML, like Gecko) Chrome/133.0.6943.53 Mobile Safari/537.36 (compatible; Googlebot/2.1; +http://www.google.com/bot.html)" www.dzilamdebravo1821.gob.mx 192.185.131.128
77.68.12.96 - - [23/Feb/2025:23:34:39 -0600] "GET /autodiscover/autodiscover.xml HTTP/1.1" 400 52 "www.google.com" "Mozlila/5.0 (Linux; Android 7.0; SM-G892A Bulid/NRD90M; wv) AppleWebKit/537.36 (KHTML, like Gecko) Version/4.0 Chrome/60.0.3112.107 Moblie Safari/537.36" autodiscover.dzilamdebravo1821.gob.mx 192.185.131.128
172.203.190.141 - - [23/Feb/2025:23:34:40 -0600] "GET /robots.txt HTTP/2.0" 200 175 "-" "Mozilla/5.0 (Macintosh; Intel Mac OS X 10_15_7) AppleWebKit/537.36 (KHTML, like Gecko) Chrome/131.0.0.0 Safari/537.36; compatible; OAI-SearchBot/1.0; +https://openai.com/searchbot" www.dzilamdebravo1821.gob.mx 192.185.131.128
77.68.12.96 - - [23/Feb/2025:23:34:44 -0600] "GET /autodiscover/autodiscover.xml HTTP/1.1" 400 52 "www.google.com" "Mozlila/5.0 (Linux; Android 7.0; SM-G892A Bulid/NRD90M; wv) AppleWebKit/537.36 (KHTML, like Gecko) Version/4.0 Chrome/60.0.3112.107 Moblie Safari/537.36" autodiscover.dzilamdebravo1821.gob.mx 192.185.131.128
77.68.12.96 - - [23/Feb/2025:23:34:56 -0600] "GET /autodiscover/autodiscover.xml HTTP/1.1" 400 52 "www.google.com" "Mozlila/5.0 (Linux; Android 7.0; SM-G892A Bulid/NRD90M; wv) AppleWebKit/537.36 (KHTML, like Gecko) Version/4.0 Chrome/60.0.3112.107 Moblie Safari/537.36" autodiscover.dzilamdebravo1821.gob.mx 192.185.131.128
77.68.12.96 - - [23/Feb/2025:23:35:04 -0600] "GET /autodiscover/autodiscover.xml HTTP/1.1" 400 52 "www.google.com" "Mozlila/5.0 (Linux; Android 7.0; SM-G892A Bulid/NRD90M; wv) AppleWebKit/537.36 (KHTML, like Gecko) Version/4.0 Chrome/60.0.3112.107 Moblie Safari/537.36" autodiscover.dzilamdebravo1821.gob.mx 192.185.131.128
66.249.66.73 - - [23/Feb/2025:23:35:08 -0600] "GET /csnqw/f1813151.html HTTP/1.1" 200 53583 "-" "Mozilla/5.0 (Linux; Android 6.0.1; Nexus 5X Build/MMB29P) AppleWebKit/537.36 (KHTML, like Gecko) Chrome/133.0.6943.53 Mobile Safari/537.36 (compatible; Googlebot/2.1; +http://www.google.com/bot.html)" dzilamdebravo1821.gob.mx 192.185.131.128
77.68.12.96 - - [23/Feb/2025:23:35:11 -0600] "GET /autodiscover/autodiscover.xml HTTP/1.1" 400 52 "www.google.com" "Mozlila/5.0 (Linux; Android 7.0; SM-G892A Bulid/NRD90M; wv) AppleWebKit/537.36 (KHTML, like Gecko) Version/4.0 Chrome/60.0.3112.107 Moblie Safari/537.36" autodiscover.dzilamdebravo1821.gob.mx 192.185.131.128
77.68.12.96 - - [23/Feb/2025:23:35:23 -0600] "GET /autodiscover/autodiscover.xml HTTP/1.1" 400 52 "www.google.com" "Mozlila/5.0 (Linux; Android 7.0; SM-G892A Bulid/NRD90M; wv) AppleWebKit/537.36 (KHTML, like Gecko) Version/4.0 Chrome/60.0.3112.107 Moblie Safari/537.36" autodiscover.dzilamdebravo1821.gob.mx 192.185.131.128
66.249.66.73 - - [23/Feb/2025:23:36:07 -0600] "GET /ftzkg/g1457368.html HTTP/1.1" 200 53583 "-" "Mozilla/5.0 (Linux; Android 6.0.1; Nexus 5X Build/MMB29P) AppleWebKit/537.36 (KHTML, like Gecko) Chrome/133.0.6943.53 Mobile Safari/537.36 (compatible; Googlebot/2.1; +http://www.google.com/bot.html)" dzilamdebravo1821.gob.mx 192.185.131.128
66.249.66.70 - - [23/Feb/2025:23:36:35 -0600] "POST /?wc-ajax=get_refreshed_fragments HTTP/1.1" 200 53583 "https://www.dzilamdebravo1821.gob.mx/mwxas/f1335557.html" "Mozilla/5.0 (Linux; Android 6.0.1; Nexus 5X Build/MMB29P) AppleWebKit/537.36 (KHTML, like Gecko) Chrome/133.0.6943.53 Mobile Safari/537.36 (compatible; Googlebot/2.1; +http://www.google.com/bot.html)" www.dzilamdebravo1821.gob.mx 192.185.131.128
66.249.66.74 - - [23/Feb/2025:23:41:48 -0600] "GET /hblxx/p851395.html HTTP/1.1" 200 53583 "-" "Mozilla/5.0 (Linux; Android 6.0.1; Nexus 5X Build/MMB29P) AppleWebKit/537.36 (KHTML, like Gecko) Chrome/133.0.6943.53 Mobile Safari/537.36 (compatible; Googlebot/2.1; +http://www.google.com/bot.html)" dzilamdebravo1821.gob.mx 192.185.131.128
66.249.66.73 - - [23/Feb/2025:23:45:23 -0600] "GET /archivos/2023/D.1.8.pdf HTTP/1.1" 200 1765762 "-" "Mozilla/5.0 (Linux; Android 6.0.1; Nexus 5X Build/MMB29P) AppleWebKit/537.36 (KHTML, like Gecko) Chrome/133.0.6943.53 Mobile Safari/537.36 (compatible; Googlebot/2.1; +http://www.google.com/bot.html)" dzilamdebravo1821.gob.mx 192.185.131.128
52.167.144.156 - - [23/Feb/2025:23:49:39 -0600] "GET /mesri/o2811924.html HTTP/2.0" 200 53583 "-" "Mozilla/5.0 AppleWebKit/537.36 (KHTML, like Gecko; compatible; bingbot/2.0; +http://www.bing.com/bingbot.htm) Chrome/116.0.1938.76 Safari/537.36" dzilamdebravo1821.gob.mx 192.185.131.128
20.15.133.174 - - [23/Feb/2025:23:54:56 -0600] "GET /scsrn/o2616690.html HTTP/2.0" 200 53583 "-" "Mozilla/5.0 AppleWebKit/537.36 (KHTML, like Gecko; compatible; bingbot/2.0; +http://www.bing.com/bingbot.htm) Chrome/116.0.1938.76 Safari/537.36" dzilamdebravo1821.gob.mx 192.185.131.128
207.46.13.168 - - [23/Feb/2025:23:55:17 -0600] "GET /oidbz/z1638711.html HTTP/2.0" 200 53583 "-" "Mozilla/5.0 AppleWebKit/537.36 (KHTML, like Gecko; compatible; bingbot/2.0; +http://www.bing.com/bingbot.htm) Chrome/116.0.1938.76 Safari/537.36" dzilamdebravo1821.gob.mx 192.185.131.128
64.23.179.255 - - [23/Feb/2025:23:57:18 -0600] "GET / HTTP/1.1" 200 12241 "-" "Mozilla/5.0 (compatible)" webmail.dzilamdebravo1821.gob.mx 192.185.131.128
64.23.179.255 - - [23/Feb/2025:23:57:20 -0600] "GET /ads.txt HTTP/1.1" 200 12249 "-" "Mozilla/5.0 (compatible)" webmail.dzilamdebravo1821.gob.mx 192.185.131.128
66.249.66.72 - - [23/Feb/2025:23:59:30 -0600] "GET /?_gl=1*1ix4f11*_gcl_au*MTYxMTI1OTI3MS4xNzIxODg2NjU0*_ga*ODYyMzk4MzA3LjE2OTk0NTM1Nzg.*_ga_7H42SVMQ0V*MTcyMTg4NjY1NS4xMjEuMS4xNzIxODg2NjY5LjQ2LjAuMA..&_ga=2.198040047.1958808748.1721886654-862398307.1699453578&_bdsid=2ulvIJ.n~ZXCIW.1721886656070.1721886848&_bd_prev_page=https://www.dzilamdebravo1821.gob.mx/detail.php?ozkep/p3032093.html HTTP/1.1" 200 53583 "-" "Mozilla/5.0 (Linux; Android 6.0.1; Nexus 5X Build/MMB29P) AppleWebKit/537.36 (KHTML, like Gecko) Chrome/133.0.6943.53 Mobile Safari/537.36 (compatible; Googlebot/2.1; +http://www.google.com/bot.html)" www.dzilamdebravo1821.gob.mx 192.185.131.128
66.249.66.75 - - [23/Feb/2025:23:59:44 -0600] "GET /avvqy/r1010491.html HTTP/1.1" 200 53583 "-" "Mozilla/5.0 (Linux; Android 6.0.1; Nexus 5X Build/MMB29P) AppleWebKit/537.36 (KHTML, like Gecko) Chrome/133.0.6943.53 Mobile Safari/537.36 (compatible; Googlebot/2.1; +http://www.google.com/bot.html)" dzilamdebravo1821.gob.mx 192.185.131.128
66.249.66.70 - - [24/Feb/2025:00:00:11 -0600] "GET /?_gl=1*1ix4f11*_gcl_au*MTYxMTI1OTI3MS4xNzIxODg2NjU0*_ga*ODYyMzk4MzA3LjE2OTk0NTM1Nzg.*_ga_7H42SVMQ0V*MTcyMTg4NjY1NS4xMjEuMS4xNzIxODg2NjY5LjQ2LjAuMA..&_ga=2.198040047.1958808748.1721886654-862398307.1699453578&_bdsid=2ulvIJ.n~ZXCIW.1721886656070.1721886848&_bd_prev_page=https://www.dzilamdebravo1821.gob.mx/detail.php?lbesf/h560473.html HTTP/1.1" 200 53583 "-" "Mozilla/5.0 (Linux; Android 6.0.1; Nexus 5X Build/MMB29P) AppleWebKit/537.36 (KHTML, like Gecko) Chrome/133.0.6943.53 Mobile Safari/537.36 (compatible; Googlebot/2.1; +http://www.google.com/bot.html)" www.dzilamdebravo1821.gob.mx 192.185.131.128
66.249.66.70 - - [24/Feb/2025:00:00:14 -0600] "POST /?wc-ajax=get_refreshed_fragments HTTP/1.1" 200 53583 "https://www.dzilamdebravo1821.gob.mx/?_gl=1*1ix4f11*_gcl_au*MTYxMTI1OTI3MS4xNzIxODg2NjU0*_ga*ODYyMzk4MzA3LjE2OTk0NTM1Nzg.*_ga_7H42SVMQ0V*MTcyMTg4NjY1NS4xMjEuMS4xNzIxODg2NjY5LjQ2LjAuMA..&_ga=2.198040047.1958808748.1721886654-862398307.1699453578&_bdsid=2ulvIJ.n~ZXCIW.1721886656070.1721886848&_bd_prev_page=https://www.dzilamdebravo1821.gob.mx/detail.php?lbesf/h560473.html" "Mozilla/5.0 (Linux; Android 6.0.1; Nexus 5X Build/MMB29P) AppleWebKit/537.36 (KHTML, like Gecko) Chrome/133.0.6943.53 Mobile Safari/537.36 (compatible; Googlebot/2.1; +http://www.google.com/bot.html)" www.dzilamdebravo1821.gob.mx 192.185.131.128
157.55.39.223 - - [24/Feb/2025:00:00:47 -0600] "GET /robots.txt HTTP/2.0" 200 175 "-" "Mozilla/5.0 AppleWebKit/537.36 (KHTML, like Gecko; compatible; bingbot/2.0; +http://www.bing.com/bingbot.htm) Chrome/116.0.1938.76 Safari/537.36" dzilamdebravo1821.gob.mx 192.185.131.128
52.167.144.162 - - [24/Feb/2025:00:00:49 -0600] "GET /sbeag/f2275249.html HTTP/2.0" 200 53583 "-" "Mozilla/5.0 AppleWebKit/537.36 (KHTML, like Gecko; compatible; bingbot/2.0; +http://www.bing.com/bingbot.htm) Chrome/116.0.1938.76 Safari/537.36" dzilamdebravo1821.gob.mx 192.185.131.128
66.249.66.72 - - [24/Feb/2025:00:02:14 -0600] "POST /?wc-ajax=get_refreshed_fragments HTTP/1.1" 200 53583 "https://www.dzilamdebravo1821.gob.mx/?_gl=1*1ix4f11*_gcl_au*MTYxMTI1OTI3MS4xNzIxODg2NjU0*_ga*ODYyMzk4MzA3LjE2OTk0NTM1Nzg.*_ga_7H42SVMQ0V*MTcyMTg4NjY1NS4xMjEuMS4xNzIxODg2NjY5LjQ2LjAuMA..&_ga=2.198040047.1958808748.1721886654-862398307.1699453578&_bdsid=2ulvIJ.n~ZXCIW.1721886656070.1721886848&_bd_prev_page=https://www.dzilamdebravo1821.gob.mx/detail.php?ozkep/p3032093.html" "Mozilla/5.0 (Linux; Android 6.0.1; Nexus 5X Build/MMB29P) AppleWebKit/537.36 (KHTML, like Gecko) Chrome/133.0.6943.53 Mobile Safari/537.36 (compatible; Googlebot/2.1; +http://www.google.com/bot.html)" www.dzilamdebravo1821.gob.mx 192.185.131.128
66.249.66.72 - - [24/Feb/2025:00:04:38 -0600] "GET /?_gl=1*1ix4f11*_gcl_au*MTYxMTI1OTI3MS4xNzIxODg2NjU0*_ga*ODYyMzk4MzA3LjE2OTk0NTM1Nzg.*_ga_7H42SVMQ0V*MTcyMTg4NjY1NS4xMjEuMS4xNzIxODg2NjY5LjQ2LjAuMA..&_ga=2.198040047.1958808748.1721886654-862398307.1699453578&_bdsid=2ulvIJ.n~ZXCIW.1721886656070.1721886848&_bd_prev_page=https://www.dzilamdebravo1821.gob.mx/detail.php?ntlpy/v1724611.html HTTP/1.1" 200 53583 "-" "Mozilla/5.0 (Linux; Android 6.0.1; Nexus 5X Build/MMB29P) AppleWebKit/537.36 (KHTML, like Gecko) Chrome/133.0.6943.53 Mobile Safari/537.36 (compatible; Googlebot/2.1; +http://www.google.com/bot.html)" www.dzilamdebravo1821.gob.mx 192.185.131.128
66.249.66.71 - - [24/Feb/2025:00:08:17 -0600] "GET /?_gl=1*1ix4f11*_gcl_au*MTYxMTI1OTI3MS4xNzIxODg2NjU0*_ga*ODYyMzk4MzA3LjE2OTk0NTM1Nzg.*_ga_7H42SVMQ0V*MTcyMTg4NjY1NS4xMjEuMS4xNzIxODg2NjY5LjQ2LjAuMA..&_ga=2.198040047.1958808748.1721886654-862398307.1699453578&_bdsid=2ulvIJ.n~ZXCIW.1721886656070.1721886848&_bd_prev_page=https://www.dzilamdebravo1821.gob.mx/detail.php?dgvms/m1866588.html HTTP/1.1" 200 53583 "-" "Mozilla/5.0 (Linux; Android 6.0.1; Nexus 5X Build/MMB29P) AppleWebKit/537.36 (KHTML, like Gecko) Chrome/133.0.6943.126 Mobile Safari/537.36 (compatible; Googlebot/2.1; +http://www.google.com/bot.html)" www.dzilamdebravo1821.gob.mx 192.185.131.128
66.249.66.71 - - [24/Feb/2025:00:08:44 -0600] "GET /hldzu/f1102259.html HTTP/1.1" 200 53583 "-" "Mozilla/5.0 (Linux; Android 6.0.1; Nexus 5X Build/MMB29P) AppleWebKit/537.36 (KHTML, like Gecko) Chrome/133.0.6943.53 Mobile Safari/537.36 (compatible; Googlebot/2.1; +http://www.google.com/bot.html)" www.dzilamdebravo1821.gob.mx 192.185.131.128
66.249.66.72 - - [24/Feb/2025:00:09:32 -0600] "GET /?_gl=1*1ix4f11*_gcl_au*MTYxMTI1OTI3MS4xNzIxODg2NjU0*_ga*ODYyMzk4MzA3LjE2OTk0NTM1Nzg.*_ga_7H42SVMQ0V*MTcyMTg4NjY1NS4xMjEuMS4xNzIxODg2NjY5LjQ2LjAuMA..&_ga=2.198040047.1958808748.1721886654-862398307.1699453578&_bdsid=2ulvIJ.n~ZXCIW.1721886656070.1721886848&_bd_prev_page=https://www.dzilamdebravo1821.gob.mx/detail.php?ewklz/j1219393.html HTTP/1.1" 200 53583 "-" "Mozilla/5.0 (Linux; Android 6.0.1; Nexus 5X Build/MMB29P) AppleWebKit/537.36 (KHTML, like Gecko) Chrome/133.0.6943.126 Mobile Safari/537.36 (compatible; Googlebot/2.1; +http://www.google.com/bot.html)" www.dzilamdebravo1821.gob.mx 192.185.131.128
157.55.39.9 - - [24/Feb/2025:00:18:39 -0600] "GET /class/2631/41.html HTTP/2.0" 200 53583 "-" "Mozilla/5.0 AppleWebKit/537.36 (KHTML, like Gecko; compatible; bingbot/2.0; +http://www.bing.com/bingbot.htm) Chrome/116.0.1938.76 Safari/537.36" www.dzilamdebravo1821.gob.mx 192.185.131.128
66.249.66.71 - - [24/Feb/2025:00:18:42 -0600] "GET /?_gl=1*1ix4f11*_gcl_au*MTYxMTI1OTI3MS4xNzIxODg2NjU0*_ga*ODYyMzk4MzA3LjE2OTk0NTM1Nzg.*_ga_7H42SVMQ0V*MTcyMTg4NjY1NS4xMjEuMS4xNzIxODg2NjY5LjQ2LjAuMA..&_ga=2.198040047.1958808748.1721886654-862398307.1699453578&_bdsid=2ulvIJ.n~ZXCIW.1721886656070.1721886848&_bd_prev_page=https://www.dzilamdebravo1821.gob.mx/detail.php?aohdx/l2488819.html HTTP/1.1" 200 53583 "-" "Mozilla/5.0 (Linux; Android 6.0.1; Nexus 5X Build/MMB29P) AppleWebKit/537.36 (KHTML, like Gecko) Chrome/133.0.6943.53 Mobile Safari/537.36 (compatible; Googlebot/2.1; +http://www.google.com/bot.html)" www.dzilamdebravo1821.gob.mx 192.185.131.128
178.62.117.108 - - [24/Feb/2025:00:20:00 -0600] "GET / HTTP/1.1" 400 52 "-" "Mozilla/5.0 (compatible)" autodiscover.dzilamdebravo1821.gob.mx 192.185.131.128
178.62.117.108 - - [24/Feb/2025:00:20:03 -0600] "GET /favicon.ico HTTP/1.1" 400 52 "https://autodiscover.dzilamdebravo1821.gob.mx/" "Mozilla/5.0 (compatible)" autodiscover.dzilamdebravo1821.gob.mx 192.185.131.128
178.62.117.108 - - [24/Feb/2025:00:20:03 -0600] "GET /ads.txt HTTP/1.1" 400 52 "-" "Mozilla/5.0 (compatible)" autodiscover.dzilamdebravo1821.gob.mx 192.185.131.128
157.55.39.10 - - [24/Feb/2025:00:30:37 -0600] "GET /vdttt/s840946.html HTTP/2.0" 200 53583 "-" "Mozilla/5.0 AppleWebKit/537.36 (KHTML, like Gecko; compatible; bingbot/2.0; +http://www.bing.com/bingbot.htm) Chrome/116.0.1938.76 Safari/537.36" dzilamdebravo1821.gob.mx 192.185.131.128
66.249.66.71 - - [24/Feb/2025:00:34:23 -0600] "GET /wujil/n1764721.html HTTP/1.1" 200 53583 "-" "Mozilla/5.0 (Linux; Android 6.0.1; Nexus 5X Build/MMB29P) AppleWebKit/537.36 (KHTML, like Gecko) Chrome/133.0.6943.53 Mobile Safari/537.36 (compatible; Googlebot/2.1; +http://www.google.com/bot.html)" www.dzilamdebravo1821.gob.mx 192.185.131.128
40.77.167.57 - - [24/Feb/2025:00:34:42 -0600] "GET /svazz/z869007.html HTTP/2.0" 200 53583 "-" "Mozilla/5.0 AppleWebKit/537.36 (KHTML, like Gecko; compatible; bingbot/2.0; +http://www.bing.com/bingbot.htm) Chrome/116.0.1938.76 Safari/537.36" dzilamdebravo1821.gob.mx 192.185.131.128
40.77.167.57 - - [24/Feb/2025:00:40:29 -0600] "GET /ipzqv/n487315.html HTTP/2.0" 200 53583 "-" "Mozilla/5.0 AppleWebKit/537.36 (KHTML, like Gecko; compatible; bingbot/2.0; +http://www.bing.com/bingbot.htm) Chrome/116.0.1938.76 Safari/537.36" dzilamdebravo1821.gob.mx 192.185.131.128
66.249.66.71 - - [24/Feb/2025:00:44:22 -0600] "GET /nuciy/q2599480.html HTTP/1.1" 200 53583 "-" "Mozilla/5.0 (Linux; Android 6.0.1; Nexus 5X Build/MMB29P) AppleWebKit/537.36 (KHTML, like Gecko) Chrome/133.0.6943.53 Mobile Safari/537.36 (compatible; Googlebot/2.1; +http://www.google.com/bot.html)" www.dzilamdebravo1821.gob.mx 192.185.131.128
66.249.66.70 - - [24/Feb/2025:00:44:30 -0600] "POST /?wc-ajax=get_refreshed_fragments HTTP/1.1" 200 53583 "https://www.dzilamdebravo1821.gob.mx/nuciy/q2599480.html" "Mozilla/5.0 (Linux; Android 6.0.1; Nexus 5X Build/MMB29P) AppleWebKit/537.36 (KHTML, like Gecko) Chrome/133.0.6943.53 Mobile Safari/537.36 (compatible; Googlebot/2.1; +http://www.google.com/bot.html)" www.dzilamdebravo1821.gob.mx 192.185.131.128
157.55.39.193 - - [24/Feb/2025:00:47:42 -0600] "GET /cruyy/h1083983.html HTTP/2.0" 200 53583 "-" "Mozilla/5.0 AppleWebKit/537.36 (KHTML, like Gecko; compatible; bingbot/2.0; +http://www.bing.com/bingbot.htm) Chrome/116.0.1938.76 Safari/537.36" dzilamdebravo1821.gob.mx 192.185.131.128
207.46.13.7 - - [24/Feb/2025:00:50:36 -0600] "GET /ahipz/j525973.html HTTP/2.0" 200 53583 "-" "Mozilla/5.0 AppleWebKit/537.36 (KHTML, like Gecko; compatible; bingbot/2.0; +http://www.bing.com/bingbot.htm) Chrome/116.0.1938.76 Safari/537.36" dzilamdebravo1821.gob.mx 192.185.131.128
66.249.66.72 - - [24/Feb/2025:00:51:54 -0600] "GET /?_gl=1*1ix4f11*_gcl_au*MTYxMTI1OTI3MS4xNzIxODg2NjU0*_ga*ODYyMzk4MzA3LjE2OTk0NTM1Nzg.*_ga_7H42SVMQ0V*MTcyMTg4NjY1NS4xMjEuMS4xNzIxODg2NjY5LjQ2LjAuMA..&_ga=2.198040047.1958808748.1721886654-862398307.1699453578&_bdsid=2ulvIJ.n~ZXCIW.1721886656070.1721886848&_bd_prev_page=https://www.dzilamdebravo1821.gob.mx/detail.php?ujvny/d623597.html HTTP/1.1" 200 53583 "-" "Mozilla/5.0 (Linux; Android 6.0.1; Nexus 5X Build/MMB29P) AppleWebKit/537.36 (KHTML, like Gecko) Chrome/133.0.6943.53 Mobile Safari/537.36 (compatible; Googlebot/2.1; +http://www.google.com/bot.html)" www.dzilamdebravo1821.gob.mx 192.185.131.128
66.249.66.71 - - [24/Feb/2025:00:52:13 -0600] "POST /?wc-ajax=get_refreshed_fragments HTTP/1.1" 200 53583 "https://www.dzilamdebravo1821.gob.mx/?_gl=1*1ix4f11*_gcl_au*MTYxMTI1OTI3MS4xNzIxODg2NjU0*_ga*ODYyMzk4MzA3LjE2OTk0NTM1Nzg.*_ga_7H42SVMQ0V*MTcyMTg4NjY1NS4xMjEuMS4xNzIxODg2NjY5LjQ2LjAuMA..&_ga=2.198040047.1958808748.1721886654-862398307.1699453578&_bdsid=2ulvIJ.n~ZXCIW.1721886656070.1721886848&_bd_prev_page=https://www.dzilamdebravo1821.gob.mx/detail.php?ujvny/d623597.html" "Mozilla/5.0 (Linux; Android 6.0.1; Nexus 5X Build/MMB29P) AppleWebKit/537.36 (KHTML, like Gecko) Chrome/133.0.6943.53 Mobile Safari/537.36 (compatible; Googlebot/2.1; +http://www.google.com/bot.html)" www.dzilamdebravo1821.gob.mx 192.185.131.128
20.15.133.174 - - [24/Feb/2025:00:56:19 -0600] "GET /hrbom/b410967.html HTTP/2.0" 200 53583 "-" "Mozilla/5.0 AppleWebKit/537.36 (KHTML, like Gecko; compatible; bingbot/2.0; +http://www.bing.com/bingbot.htm) Chrome/116.0.1938.76 Safari/537.36" dzilamdebravo1821.gob.mx 192.185.131.128
20.15.133.174 - - [24/Feb/2025:00:57:23 -0600] "GET /enghw/j2227049.html HTTP/2.0" 200 53583 "-" "Mozilla/5.0 AppleWebKit/537.36 (KHTML, like Gecko; compatible; bingbot/2.0; +http://www.bing.com/bingbot.htm) Chrome/116.0.1938.76 Safari/537.36" dzilamdebravo1821.gob.mx 192.185.131.128
20.15.133.175 - - [24/Feb/2025:00:57:35 -0600] "GET /phxnh/g2717848.html HTTP/2.0" 200 53583 "-" "Mozilla/5.0 AppleWebKit/537.36 (KHTML, like Gecko; compatible; bingbot/2.0; +http://www.bing.com/bingbot.htm) Chrome/116.0.1938.76 Safari/537.36" dzilamdebravo1821.gob.mx 192.185.131.128
207.46.13.36 - - [24/Feb/2025:00:57:43 -0600] "GET /sqcst/s912212.html HTTP/2.0" 200 53583 "-" "Mozilla/5.0 AppleWebKit/537.36 (KHTML, like Gecko; compatible; bingbot/2.0; +http://www.bing.com/bingbot.htm) Chrome/116.0.1938.76 Safari/537.36" dzilamdebravo1821.gob.mx 192.185.131.128
157.55.39.62 - - [24/Feb/2025:01:02:23 -0600] "GET /dnpto/l2063849.html HTTP/2.0" 200 53583 "-" "Mozilla/5.0 AppleWebKit/537.36 (KHTML, like Gecko; compatible; bingbot/2.0; +http://www.bing.com/bingbot.htm) Chrome/116.0.1938.76 Safari/537.36" dzilamdebravo1821.gob.mx 192.185.131.128
66.249.66.74 - - [24/Feb/2025:01:06:54 -0600] "GET /subwl/j465367.html HTTP/1.1" 200 53583 "-" "Mozilla/5.0 (Linux; Android 6.0.1; Nexus 5X Build/MMB29P) AppleWebKit/537.36 (KHTML, like Gecko) Chrome/133.0.6943.53 Mobile Safari/537.36 (compatible; Googlebot/2.1; +http://www.google.com/bot.html)" dzilamdebravo1821.gob.mx 192.185.131.128
66.249.66.73 - - [24/Feb/2025:01:06:56 -0600] "GET /wuzcb/g1404068.html HTTP/1.1" 200 53583 "-" "Mozilla/5.0 (Linux; Android 6.0.1; Nexus 5X Build/MMB29P) AppleWebKit/537.36 (KHTML, like Gecko) Chrome/133.0.6943.53 Mobile Safari/537.36 (compatible; Googlebot/2.1; +http://www.google.com/bot.html)" dzilamdebravo1821.gob.mx 192.185.131.128
66.249.66.73 - - [24/Feb/2025:01:06:58 -0600] "GET /jvjah/q490984.html HTTP/1.1" 200 53583 "-" "Mozilla/5.0 (Linux; Android 6.0.1; Nexus 5X Build/MMB29P) AppleWebKit/537.36 (KHTML, like Gecko) Chrome/133.0.6943.53 Mobile Safari/537.36 (compatible; Googlebot/2.1; +http://www.google.com/bot.html)" dzilamdebravo1821.gob.mx 192.185.131.128
66.249.66.74 - - [24/Feb/2025:01:07:00 -0600] "GET /jppvm/t2283635.html HTTP/1.1" 200 53583 "-" "Mozilla/5.0 (Linux; Android 6.0.1; Nexus 5X Build/MMB29P) AppleWebKit/537.36 (KHTML, like Gecko) Chrome/133.0.6943.53 Mobile Safari/537.36 (compatible; Googlebot/2.1; +http://www.google.com/bot.html)" dzilamdebravo1821.gob.mx 192.185.131.128
66.249.66.73 - - [24/Feb/2025:01:07:02 -0600] "GET /uxeqy/i1857198.html HTTP/1.1" 200 53583 "-" "Mozilla/5.0 (Linux; Android 6.0.1; Nexus 5X Build/MMB29P) AppleWebKit/537.36 (KHTML, like Gecko) Chrome/133.0.6943.53 Mobile Safari/537.36 (compatible; Googlebot/2.1; +http://www.google.com/bot.html)" dzilamdebravo1821.gob.mx 192.185.131.128
66.249.66.74 - - [24/Feb/2025:01:07:04 -0600] "GET /glmuq/p159223.html HTTP/1.1" 200 53583 "-" "Mozilla/5.0 (Linux; Android 6.0.1; Nexus 5X Build/MMB29P) AppleWebKit/537.36 (KHTML, like Gecko) Chrome/133.0.6943.53 Mobile Safari/537.36 (compatible; Googlebot/2.1; +http://www.google.com/bot.html)" dzilamdebravo1821.gob.mx 192.185.131.128
66.249.66.73 - - [24/Feb/2025:01:07:06 -0600] "GET /ybhti/i1059284.html HTTP/1.1" 200 53583 "-" "Mozilla/5.0 (Linux; Android 6.0.1; Nexus 5X Build/MMB29P) AppleWebKit/537.36 (KHTML, like Gecko) Chrome/133.0.6943.53 Mobile Safari/537.36 (compatible; Googlebot/2.1; +http://www.google.com/bot.html)" dzilamdebravo1821.gob.mx 192.185.131.128
66.249.66.74 - - [24/Feb/2025:01:07:08 -0600] "GET /zgoht/p1032979.html HTTP/1.1" 200 53583 "-" "Mozilla/5.0 (Linux; Android 6.0.1; Nexus 5X Build/MMB29P) AppleWebKit/537.36 (KHTML, like Gecko) Chrome/133.0.6943.53 Mobile Safari/537.36 (compatible; Googlebot/2.1; +http://www.google.com/bot.html)" dzilamdebravo1821.gob.mx 192.185.131.128
66.249.66.73 - - [24/Feb/2025:01:07:10 -0600] "GET /pshwh/l2570875.html HTTP/1.1" 200 53583 "-" "Mozilla/5.0 (Linux; Android 6.0.1; Nexus 5X Build/MMB29P) AppleWebKit/537.36 (KHTML, like Gecko) Chrome/133.0.6943.53 Mobile Safari/537.36 (compatible; Googlebot/2.1; +http://www.google.com/bot.html)" dzilamdebravo1821.gob.mx 192.185.131.128
66.249.66.73 - - [24/Feb/2025:01:07:12 -0600] "GET /klyzm/i918416.html HTTP/1.1" 200 53583 "-" "Mozilla/5.0 (Linux; Android 6.0.1; Nexus 5X Build/MMB29P) AppleWebKit/537.36 (KHTML, like Gecko) Chrome/133.0.6943.53 Mobile Safari/537.36 (compatible; Googlebot/2.1; +http://www.google.com/bot.html)" dzilamdebravo1821.gob.mx 192.185.131.128
66.249.66.73 - - [24/Feb/2025:01:07:14 -0600] "GET /rpbhu/o652494.html HTTP/1.1" 200 53583 "-" "Mozilla/5.0 (Linux; Android 6.0.1; Nexus 5X Build/MMB29P) AppleWebKit/537.36 (KHTML, like Gecko) Chrome/133.0.6943.53 Mobile Safari/537.36 (compatible; Googlebot/2.1; +http://www.google.com/bot.html)" dzilamdebravo1821.gob.mx 192.185.131.128
66.249.66.73 - - [24/Feb/2025:01:07:16 -0600] "GET /oylch/w2104680.html HTTP/1.1" 200 53583 "-" "Mozilla/5.0 (Linux; Android 6.0.1; Nexus 5X Build/MMB29P) AppleWebKit/537.36 (KHTML, like Gecko) Chrome/133.0.6943.53 Mobile Safari/537.36 (compatible; Googlebot/2.1; +http://www.google.com/bot.html)" dzilamdebravo1821.gob.mx 192.185.131.128
66.249.66.73 - - [24/Feb/2025:01:07:18 -0600] "GET /btooc/g744656.html HTTP/1.1" 200 53583 "-" "Mozilla/5.0 (Linux; Android 6.0.1; Nexus 5X Build/MMB29P) AppleWebKit/537.36 (KHTML, like Gecko) Chrome/133.0.6943.53 Mobile Safari/537.36 (compatible; Googlebot/2.1; +http://www.google.com/bot.html)" dzilamdebravo1821.gob.mx 192.185.131.128
66.249.66.73 - - [24/Feb/2025:01:07:19 -0600] "GET /rserd/t573875.html HTTP/1.1" 200 53583 "-" "Mozilla/5.0 (Linux; Android 6.0.1; Nexus 5X Build/MMB29P) AppleWebKit/537.36 (KHTML, like Gecko) Chrome/133.0.6943.53 Mobile Safari/537.36 (compatible; Googlebot/2.1; +http://www.google.com/bot.html)" dzilamdebravo1821.gob.mx 192.185.131.128
66.249.66.74 - - [24/Feb/2025:01:07:21 -0600] "GET /hvlou/u2342214.html HTTP/1.1" 200 53583 "-" "Mozilla/5.0 (Linux; Android 6.0.1; Nexus 5X Build/MMB29P) AppleWebKit/537.36 (KHTML, like Gecko) Chrome/133.0.6943.53 Mobile Safari/537.36 (compatible; Googlebot/2.1; +http://www.google.com/bot.html)" dzilamdebravo1821.gob.mx 192.185.131.128
66.249.66.74 - - [24/Feb/2025:01:07:23 -0600] "GET /oxzqc/e375792.html HTTP/1.1" 200 53583 "-" "Mozilla/5.0 (Linux; Android 6.0.1; Nexus 5X Build/MMB29P) AppleWebKit/537.36 (KHTML, like Gecko) Chrome/133.0.6943.53 Mobile Safari/537.36 (compatible; Googlebot/2.1; +http://www.google.com/bot.html)" dzilamdebravo1821.gob.mx 192.185.131.128
66.249.66.73 - - [24/Feb/2025:01:07:25 -0600] "GET /rhfec/y993078.html HTTP/1.1" 200 53583 "-" "Mozilla/5.0 (Linux; Android 6.0.1; Nexus 5X Build/MMB29P) AppleWebKit/537.36 (KHTML, like Gecko) Chrome/133.0.6943.53 Mobile Safari/537.36 (compatible; Googlebot/2.1; +http://www.google.com/bot.html)" dzilamdebravo1821.gob.mx 192.185.131.128
66.249.66.74 - - [24/Feb/2025:01:07:26 -0600] "GET /yjwlf/e2945762.html HTTP/1.1" 200 53583 "-" "Mozilla/5.0 (Linux; Android 6.0.1; Nexus 5X Build/MMB29P) AppleWebKit/537.36 (KHTML, like Gecko) Chrome/133.0.6943.53 Mobile Safari/537.36 (compatible; Googlebot/2.1; +http://www.google.com/bot.html)" dzilamdebravo1821.gob.mx 192.185.131.128
66.249.66.73 - - [24/Feb/2025:01:07:28 -0600] "GET /pcaoy/i996364.html HTTP/1.1" 200 53583 "-" "Mozilla/5.0 (Linux; Android 6.0.1; Nexus 5X Build/MMB29P) AppleWebKit/537.36 (KHTML, like Gecko) Chrome/133.0.6943.53 Mobile Safari/537.36 (compatible; Googlebot/2.1; +http://www.google.com/bot.html)" dzilamdebravo1821.gob.mx 192.185.131.128
