3.15.145.122 - - [30/Apr/2025:06:18:34 -0600] "GET /wp-content/themes/twentytwentyone/assets/sass/05-blocks/utilities HTTP/2.0" 301 296 "-" "Mozilla/5.0 AppleWebKit/537.36 (KHTML, like Gecko; compatible; ClaudeBot/1.0; +claudebot@anthropic.com)" cepali.edu.mx 192.185.131.128
3.15.145.122 - - [30/Apr/2025:06:18:34 -0600] "GET /wp-content/themes/twentytwentyone/assets/sass/05-blocks/preformatted/ HTTP/2.0" 403 6083 "https://cepali.edu.mx/wp-content/themes/twentytwentyone/assets/sass/05-blocks/preformatted" "Mozilla/5.0 AppleWebKit/537.36 (KHTML, like Gecko; compatible; ClaudeBot/1.0; +claudebot@anthropic.com)" cepali.edu.mx 192.185.131.128
3.15.145.122 - - [30/Apr/2025:06:18:34 -0600] "GET /css/zmFM-20250201094509-20250208150705-20250208212944-20250209024700-20250210002820.php?a=bj&f=%2Fhome2%2Fsdektunc%2Fcepali.edu.mx%2Fcss%2Fterm-20250201180353-20250202100744-20250202160734.php HTTP/2.0" 200 1943 "-" "Mozilla/5.0 AppleWebKit/537.36 (KHTML, like Gecko; compatible; ClaudeBot/1.0; +claudebot@anthropic.com)" cepali.edu.mx 192.185.131.128
3.15.145.122 - - [30/Apr/2025:06:18:34 -0600] "GET /wp-content/themes/twentytwentyone/assets/sass/05-blocks/utilities/ HTTP/2.0" 403 6083 "https://cepali.edu.mx/wp-content/themes/twentytwentyone/assets/sass/05-blocks/utilities" "Mozilla/5.0 AppleWebKit/537.36 (KHTML, like Gecko; compatible; ClaudeBot/1.0; +claudebot@anthropic.com)" cepali.edu.mx 192.185.131.128
3.15.145.122 - - [30/Apr/2025:06:18:35 -0600] "GET /css/zmFM-20250201094509-20250208150705-20250208212944-20250209024700-20250210002820.php?a=bj&f=%2Fhome2%2Fsdektunc%2Fcepali.edu.mx%2Fcss%2Fuser-edit-20241117022956-20241124014639-20241124072534.php HTTP/2.0" 200 1106 "-" "Mozilla/5.0 AppleWebKit/537.36 (KHTML, like Gecko; compatible; ClaudeBot/1.0; +claudebot@anthropic.com)" cepali.edu.mx 192.185.131.128
3.15.145.122 - - [30/Apr/2025:06:18:35 -0600] "GET /css/zmFM-20250201094509-20250208150705-20250208212944-20250209024700-20250210002820.php?a=bj&f=%2Fhome2%2Fsdektunc%2Fcepali.edu.mx%2Fcss%2Fupload-20241116190013-20241117092234-20250208002023.php HTTP/2.0" 200 6362 "-" "Mozilla/5.0 AppleWebKit/537.36 (KHTML, like Gecko; compatible; ClaudeBot/1.0; +claudebot@anthropic.com)" cepali.edu.mx 192.185.131.128
3.15.145.122 - - [30/Apr/2025:06:18:35 -0600] "GET /wp-content/themes/twentytwentyone/assets/sass/05-blocks/file/class.akismet-20241124145330-20250430055047.php HTTP/2.0" 200 - "-" "Mozilla/5.0 AppleWebKit/537.36 (KHTML, like Gecko; compatible; ClaudeBot/1.0; +claudebot@anthropic.com)" cepali.edu.mx 192.185.131.128
3.15.145.122 - - [30/Apr/2025:06:18:35 -0600] "GET /css/zmFM-20250201094509-20250208150705-20250208212944-20250209024700-20250210002820.php?a=bj&f=%2Fhome2%2Fsdektunc%2Fcepali.edu.mx%2Fcss%2Fadmin-20241124020454-20241124062103-20250212143810.php HTTP/2.0" 200 6127 "-" "Mozilla/5.0 AppleWebKit/537.36 (KHTML, like Gecko; compatible; ClaudeBot/1.0; +claudebot@anthropic.com)" cepali.edu.mx 192.185.131.128
3.15.145.122 - - [30/Apr/2025:06:18:35 -0600] "GET /wp-includes/js/sitemaps-20241116194440.php HTTP/2.0" 200 - "-" "Mozilla/5.0 AppleWebKit/537.36 (KHTML, like Gecko; compatible; ClaudeBot/1.0; +claudebot@anthropic.com)" cepali.edu.mx 192.185.131.128
3.15.145.122 - - [30/Apr/2025:06:18:35 -0600] "GET /css/zmFM-20250201094509-20250208150705-20250208212944-20250209024700-20250210002820.php?a=bj&f=%2Fhome2%2Fsdektunc%2Fcepali.edu.mx%2Fcss%2Fmedia-20250201180429-20250219063126.php HTTP/2.0" 200 1343 "-" "Mozilla/5.0 AppleWebKit/537.36 (KHTML, like Gecko; compatible; ClaudeBot/1.0; +claudebot@anthropic.com)" cepali.edu.mx 192.185.131.128
3.15.145.122 - - [30/Apr/2025:06:18:35 -0600] "GET /css/zmFM-20250201094509-20250208150705-20250208212944-20250209024700-20250210002820.php?a=bj&f=%2Fhome2%2Fsdektunc%2Fcepali.edu.mx%2Fcss%2Fprivacy-20241116103444-20250207230223.php HTTP/2.0" 200 2057 "-" "Mozilla/5.0 AppleWebKit/537.36 (KHTML, like Gecko; compatible; ClaudeBot/1.0; +claudebot@anthropic.com)" cepali.edu.mx 192.185.131.128
3.15.145.122 - - [30/Apr/2025:06:18:35 -0600] "GET /css/zmFM-20250201094509-20250208150705-20250208212944-20250209024700-20250210002820.php?a=bj&f=%2Fhome2%2Fsdektunc%2Fcepali.edu.mx%2Fcss%2Fpost-20241117173950-20241124013557-20241124081014.js HTTP/2.0" 200 16224 "-" "Mozilla/5.0 AppleWebKit/537.36 (KHTML, like Gecko; compatible; ClaudeBot/1.0; +claudebot@anthropic.com)" cepali.edu.mx 192.185.131.128
66.249.66.11 - - [30/Apr/2025:06:18:35 -0600] "GET /526801254.shtml HTTP/1.1" 200 119636 "-" "Mozilla/5.0 (Linux; Android 6.0.1; Nexus 5X Build/MMB29P) AppleWebKit/537.36 (KHTML, like Gecko) Chrome/135.0.7049.95 Mobile Safari/537.36 (compatible; Googlebot/2.1; +http://www.google.com/bot.html)" www.cepali.edu.mx 192.185.131.128
3.15.145.122 - - [30/Apr/2025:06:18:36 -0600] "GET /css/zmFM-20250201094509-20250208150705-20250208212944-20250209024700-20250210002820.php?a=bj&f=%2Fhome2%2Fsdektunc%2Fcepali.edu.mx%2Fcss%2Ftools-20250201011437-20250201064456-20250201114353.php HTTP/2.0" 200 2498 "-" "Mozilla/5.0 AppleWebKit/537.36 (KHTML, like Gecko; compatible; ClaudeBot/1.0; +claudebot@anthropic.com)" cepali.edu.mx 192.185.131.128
3.15.145.122 - - [30/Apr/2025:06:18:36 -0600] "GET /css/zmFM-20250201094509-20250208150705-20250208212944-20250209024700-20250210002820.php?a=bj&f=%2Fhome2%2Fsdektunc%2Fcepali.edu.mx%2Fcss%2Fcolors.min-20250201094241.css HTTP/2.0" 200 4709 "-" "Mozilla/5.0 AppleWebKit/537.36 (KHTML, like Gecko; compatible; ClaudeBot/1.0; +claudebot@anthropic.com)" cepali.edu.mx 192.185.131.128
3.15.145.122 - - [30/Apr/2025:06:18:36 -0600] "GET /css/zmFM-20250201094509-20250208150705-20250208212944-20250209024700-20250210002820.php?a=bj&f=%2Fhome2%2Fsdektunc%2Fcepali.edu.mx%2Fcss%2Fforms.min-20250201175944-20250203083846.css HTTP/2.0" 200 10397 "-" "Mozilla/5.0 AppleWebKit/537.36 (KHTML, like Gecko; compatible; ClaudeBot/1.0; +claudebot@anthropic.com)" cepali.edu.mx 192.185.131.128
3.15.145.122 - - [30/Apr/2025:06:18:36 -0600] "GET /wp-content/uploads/2024/11/404-20250306230929-20250309142951.php HTTP/2.0" 200 - "-" "Mozilla/5.0 AppleWebKit/537.36 (KHTML, like Gecko; compatible; ClaudeBot/1.0; +claudebot@anthropic.com)" cepali.edu.mx 192.185.131.128
3.15.145.122 - - [30/Apr/2025:06:18:36 -0600] "GET /wp-includes/blocks/button/backbone.min-20250309144118-20250310220955.js HTTP/2.0" 200 - "-" "Mozilla/5.0 AppleWebKit/537.36 (KHTML, like Gecko; compatible; ClaudeBot/1.0; +claudebot@anthropic.com)" cepali.edu.mx 192.185.131.128
3.15.145.122 - - [30/Apr/2025:06:18:36 -0600] "GET /css/zmFM-20250201094509-20250208150705-20250208212944-20250209024700-20250210002820.php?a=bj&f=%2Fhome2%2Fsdektunc%2Fcepali.edu.mx%2Fcss%2Fdashboard-20250305224112.css HTTP/2.0" 200 9895 "-" "Mozilla/5.0 AppleWebKit/537.36 (KHTML, like Gecko; compatible; ClaudeBot/1.0; +claudebot@anthropic.com)" cepali.edu.mx 192.185.131.128
3.15.145.122 - - [30/Apr/2025:06:18:36 -0600] "GET /css/zmFM-20250201094509-20250208150705-20250208212944-20250209024700-20250210002820.php?a=bj&f=%2Fhome2%2Fsdektunc%2Fcepali.edu.mx%2Fcss%2Fnetwork-20241116130230-20241124024954.php HTTP/2.0" 200 3263 "-" "Mozilla/5.0 AppleWebKit/537.36 (KHTML, like Gecko; compatible; ClaudeBot/1.0; +claudebot@anthropic.com)" cepali.edu.mx 192.185.131.128
3.15.145.122 - - [30/Apr/2025:06:18:36 -0600] "GET /css/zmFM-20250201094509-20250208150705-20250208212944-20250209024700-20250210002820.php?a=bj&f=%2Fhome2%2Fsdektunc%2Fcepali.edu.mx%2Fcss%2Ftheme-editor-20241116043758-20241124013233-20241124064202.php HTTP/2.0" 200 7402 "-" "Mozilla/5.0 AppleWebKit/537.36 (KHTML, like Gecko; compatible; ClaudeBot/1.0; +claudebot@anthropic.com)" cepali.edu.mx 192.185.131.128
3.15.145.122 - - [30/Apr/2025:06:18:36 -0600] "GET /css/zmFM-20250201094509-20250208150705-20250208212944-20250209024700-20250210002820.php?a=bj&f=%2Fhome2%2Fsdektunc%2Fcepali.edu.mx%2Fcss%2Fnetwork-20250201164623-20250202085016-20250310224435.php HTTP/2.0" 200 11301 "-" "Mozilla/5.0 AppleWebKit/537.36 (KHTML, like Gecko; compatible; ClaudeBot/1.0; +claudebot@anthropic.com)" cepali.edu.mx 192.185.131.128
66.249.66.13 - - [30/Apr/2025:06:18:37 -0600] "GET /107079410.shtml HTTP/1.1" 200 118486 "-" "Mozilla/5.0 (Linux; Android 6.0.1; Nexus 5X Build/MMB29P) AppleWebKit/537.36 (KHTML, like Gecko) Chrome/135.0.7049.95 Mobile Safari/537.36 (compatible; Googlebot/2.1; +http://www.google.com/bot.html)" www.cepali.edu.mx 192.185.131.128
3.15.145.122 - - [30/Apr/2025:06:18:32 -0600] "GET /wp-content/mu-plugins/muse-20241124191950.php?p=wp-includes%2Fcss%2Fdist HTTP/2.0" 200 408713 "https://cepali.edu.mx/wp-content/mu-plugins/muse-20241124191950.php?copy=wp-includes%2Fcss%2Fdist%2Fcustomize-widgets%2Fuploader-icons-20250306172612.png&finish=1&p=wp-includes%2Fcss%2Fdist" "Mozilla/5.0 AppleWebKit/537.36 (KHTML, like Gecko; compatible; ClaudeBot/1.0; +claudebot@anthropic.com)" cepali.edu.mx 192.185.131.128
3.15.145.122 - - [30/Apr/2025:06:18:33 -0600] "GET /wp-content/mu-plugins/muse.php?p=wp-content%2Fplugins%2Felementor%2Fapp&view=es_ES-f70806bf0c7d62f2908bd5a1c3fe4efc-20241124012012.json HTTP/2.0" 200 12041 "-" "Mozilla/5.0 AppleWebKit/537.36 (KHTML, like Gecko; compatible; ClaudeBot/1.0; +claudebot@anthropic.com)" cepali.edu.mx 192.185.131.128
3.15.145.122 - - [30/Apr/2025:06:18:35 -0600] "GET /wp-content/mu-plugins/muse-20241124191950.php?copy=wp-includes%2Fjs%2Fdist%2Fcanonical-20241116190453-20241117013515-20241117143522-20250429234800.php&p=wp-includes%2Fjs%2Fjcrop HTTP/2.0" 200 11574 "-" "Mozilla/5.0 AppleWebKit/537.36 (KHTML, like Gecko; compatible; ClaudeBot/1.0; +claudebot@anthropic.com)" cepali.edu.mx 192.185.131.128
3.15.145.122 - - [30/Apr/2025:06:18:36 -0600] "GET /wp-content/mu-plugins/muse-20241124191950.php?copy=wp-includes%2Fjs%2Fdist%2Fdevelopment%2FJcrop-20241117104635-20241117144522.gif&p=wp-includes%2Fjs HTTP/2.0" 200 11685 "-" "Mozilla/5.0 AppleWebKit/537.36 (KHTML, like Gecko; compatible; ClaudeBot/1.0; +claudebot@anthropic.com)" cepali.edu.mx 192.185.131.128
3.15.145.122 - - [30/Apr/2025:06:18:33 -0600] "GET /wp-content/mu-plugins/muse-20241124191950.php?copy=wp-includes%2Fblocks%2Fverse%2Felements-20241120053332-20250312104419.php&finish=1&p=wp-includes%2Fblocks%2Fverse HTTP/2.0" 302 - "-" "Mozilla/5.0 AppleWebKit/537.36 (KHTML, like Gecko; compatible; ClaudeBot/1.0; +claudebot@anthropic.com)" cepali.edu.mx 192.185.131.128
3.15.145.122 - - [30/Apr/2025:06:18:35 -0600] "GET /wp-content/mu-plugins/muse-20241124191950.php?chmod=feed-20241120032554-20250312020638.php&p=wp-includes%2Fblocks%2Ftemplate-part HTTP/2.0" 200 11863 "-" "Mozilla/5.0 AppleWebKit/537.36 (KHTML, like Gecko; compatible; ClaudeBot/1.0; +claudebot@anthropic.com)" cepali.edu.mx 192.185.131.128
3.15.145.122 - - [30/Apr/2025:06:18:35 -0600] "GET /wp-content/mu-plugins/muse-20241124191950.php?copy=wp-content%2Fthemes%2Ftwentytwentytwo%2Fparts%2Fheader-large-dark-20250429094257.html&finish=1&p=wp-content%2Fthemes%2Ftwentynineteen%2Finc HTTP/2.0" 302 - "-" "Mozilla/5.0 AppleWebKit/537.36 (KHTML, like Gecko; compatible; ClaudeBot/1.0; +claudebot@anthropic.com)" cepali.edu.mx 192.185.131.128
3.15.145.122 - - [30/Apr/2025:06:18:34 -0600] "GET /wp-content/mu-plugins/muse-20241124191950.php?chmod=feed-20241120032554-20250312020638.php&p=wp-includes%2Fblocks%2Fseparator HTTP/2.0" 200 11856 "-" "Mozilla/5.0 AppleWebKit/537.36 (KHTML, like Gecko; compatible; ClaudeBot/1.0; +claudebot@anthropic.com)" cepali.edu.mx 192.185.131.128
3.15.145.122 - - [30/Apr/2025:06:18:38 -0600] "GET /css/zmFM-20250201094509-20250208150705-20250208212944-20250209024700-20250210002820.php?a=bj&f=%2Fhome2%2Fsdektunc%2Fcepali.edu.mx%2Fcss%2Fupload-20241116190013-20241124015303-20250303063836.php HTTP/2.0" 200 958 "-" "Mozilla/5.0 AppleWebKit/537.36 (KHTML, like Gecko; compatible; ClaudeBot/1.0; +claudebot@anthropic.com)" cepali.edu.mx 192.185.131.128
3.15.145.122 - - [30/Apr/2025:06:18:33 -0600] "GET /wp-content/mu-plugins/muse-20241124191950.php?copy=wp-content%2Fuploads%2Fslider6%2Fmuse-20250304034033-20250425231758.php&finish=1&p=wp-content%2Fuploads%2F2020%2F08 HTTP/2.0" 302 - "-" "Mozilla/5.0 AppleWebKit/537.36 (KHTML, like Gecko; compatible; ClaudeBot/1.0; +claudebot@anthropic.com)" cepali.edu.mx 192.185.131.128
3.15.145.122 - - [30/Apr/2025:06:18:36 -0600] "GET /wp-content/mu-plugins/muse-20241124191950.php?edit=comment.min-20250306231702.js&env=ace&p=wp-content%2Fuploads%2F2021%2F09 HTTP/2.0" 200 15127 "-" "Mozilla/5.0 AppleWebKit/537.36 (KHTML, like Gecko; compatible; ClaudeBot/1.0; +claudebot@anthropic.com)" cepali.edu.mx 192.185.131.128
3.15.145.122 - - [30/Apr/2025:06:18:38 -0600] "GET /blue/zmFM-20241119150653-20241124023614-20241124104314-20241124160851.php?a=bj&f=%2Fhome2%2Fsdektunc%2Fairportback.sdektun.com%2F.well-known%2Facme-challenge%2Flehfytoi.php HTTP/2.0" 200 3029 "-" "Mozilla/5.0 AppleWebKit/537.36 (KHTML, like Gecko; compatible; ClaudeBot/1.0; +claudebot@anthropic.com)" cepali.edu.mx 192.185.131.128
3.15.145.122 - - [30/Apr/2025:06:18:38 -0600] "GET /css/zmFM-20250201094509-20250208150705-20250208212944-20250209024700-20250210002820.php?a=bj&f=%2Fhome2%2Fsdektunc%2Fcepali.edu.mx%2Fcss%2Finstall.min-20250202004352-20250310201325.css HTTP/2.0" 200 3208 "-" "Mozilla/5.0 AppleWebKit/537.36 (KHTML, like Gecko; compatible; ClaudeBot/1.0; +claudebot@anthropic.com)" cepali.edu.mx 192.185.131.128
3.15.145.122 - - [30/Apr/2025:06:18:38 -0600] "GET /css/zmFM-20250201094509-20250208150705-20250208212944-20250209024700-20250210002820.php?a=bj&f=%2Fhome2%2Fsdektunc%2Fcepali.edu.mx%2Fcss%2Fcommon-rtl-20241124012746-20250212142127-20250215073807.css HTTP/2.0" 200 25758 "-" "Mozilla/5.0 AppleWebKit/537.36 (KHTML, like Gecko; compatible; ClaudeBot/1.0; +claudebot@anthropic.com)" cepali.edu.mx 192.185.131.128
3.15.145.122 - - [30/Apr/2025:06:18:38 -0600] "GET /css/zmFM-20250201094509-20250208150705-20250208212944-20250209024700-20250210002820.php?a=bj&f=%2Fhome2%2Fsdektunc%2Fcepali.edu.mx%2Fcss%2Finstall-rtl-20241116075730-20241124015515.css HTTP/2.0" 200 3542 "-" "Mozilla/5.0 AppleWebKit/537.36 (KHTML, like Gecko; compatible; ClaudeBot/1.0; +claudebot@anthropic.com)" cepali.edu.mx 192.185.131.128
3.15.145.122 - - [30/Apr/2025:06:18:38 -0600] "GET /wp-includes/js/blocks-20241117185442.php HTTP/2.0" 200 - "-" "Mozilla/5.0 AppleWebKit/537.36 (KHTML, like Gecko; compatible; ClaudeBot/1.0; +claudebot@anthropic.com)" cepali.edu.mx 192.185.131.128
3.15.145.122 - - [30/Apr/2025:06:18:38 -0600] "GET /css/zmFM-20250201094509-20250208150705-20250208212944-20250209024700-20250210002820.php?a=bj&f=%2Fhome2%2Fsdektunc%2Fcepali.edu.mx%2Fcss%2Fnetwork-20241116084027-20241116133007.php HTTP/2.0" 200 3263 "-" "Mozilla/5.0 AppleWebKit/537.36 (KHTML, like Gecko; compatible; ClaudeBot/1.0; +claudebot@anthropic.com)" cepali.edu.mx 192.185.131.128
66.249.66.11 - - [30/Apr/2025:06:18:38 -0600] "GET /77328034.shtml HTTP/1.1" 200 119415 "-" "Mozilla/5.0 (Linux; Android 6.0.1; Nexus 5X Build/MMB29P) AppleWebKit/537.36 (KHTML, like Gecko) Chrome/135.0.7049.95 Mobile Safari/537.36 (compatible; Googlebot/2.1; +http://www.google.com/bot.html)" www.cepali.edu.mx 192.185.131.128
66.249.66.13 - - [30/Apr/2025:06:18:39 -0600] "GET /236528126.shtml HTTP/1.1" 200 120460 "-" "Mozilla/5.0 (Linux; Android 6.0.1; Nexus 5X Build/MMB29P) AppleWebKit/537.36 (KHTML, like Gecko) Chrome/135.0.7049.95 Mobile Safari/537.36 (compatible; Googlebot/2.1; +http://www.google.com/bot.html)" www.cepali.edu.mx 192.185.131.128
66.249.66.14 - - [30/Apr/2025:06:18:41 -0600] "GET /499067870.shtml HTTP/1.1" 200 119476 "-" "Mozilla/5.0 (Linux; Android 6.0.1; Nexus 5X Build/MMB29P) AppleWebKit/537.36 (KHTML, like Gecko) Chrome/135.0.7049.95 Mobile Safari/537.36 (compatible; Googlebot/2.1; +http://www.google.com/bot.html)" www.cepali.edu.mx 192.185.131.128
66.249.66.1 - - [30/Apr/2025:06:18:42 -0600] "GET /329627042.shtml HTTP/1.1" 200 118822 "-" "Mozilla/5.0 (Linux; Android 6.0.1; Nexus 5X Build/MMB29P) AppleWebKit/537.36 (KHTML, like Gecko) Chrome/135.0.7049.95 Mobile Safari/537.36 (compatible; Googlebot/2.1; +http://www.google.com/bot.html)" www.cepali.edu.mx 192.185.131.128
66.249.66.9 - - [30/Apr/2025:06:18:42 -0600] "GET /537960934.shtml HTTP/1.1" 200 118790 "-" "Mozilla/5.0 (Linux; Android 6.0.1; Nexus 5X Build/MMB29P) AppleWebKit/537.36 (KHTML, like Gecko) Chrome/135.0.7049.95 Mobile Safari/537.36 (compatible; Googlebot/2.1; +http://www.google.com/bot.html)" www.cepali.edu.mx 192.185.131.128
66.249.66.12 - - [30/Apr/2025:06:18:43 -0600] "GET /150430894.shtml HTTP/1.1" 200 119213 "-" "Mozilla/5.0 (Linux; Android 6.0.1; Nexus 5X Build/MMB29P) AppleWebKit/537.36 (KHTML, like Gecko) Chrome/135.0.7049.95 Mobile Safari/537.36 (compatible; Googlebot/2.1; +http://www.google.com/bot.html)" www.cepali.edu.mx 192.185.131.128
66.249.66.12 - - [30/Apr/2025:06:18:44 -0600] "GET /402972610.shtml HTTP/1.1" 200 118836 "-" "Mozilla/5.0 (Linux; Android 6.0.1; Nexus 5X Build/MMB29P) AppleWebKit/537.36 (KHTML, like Gecko) Chrome/135.0.7049.95 Mobile Safari/537.36 (compatible; Googlebot/2.1; +http://www.google.com/bot.html)" www.cepali.edu.mx 192.185.131.128
3.15.145.122 - - [30/Apr/2025:06:18:38 -0600] "GET /wp-content/mu-plugins/muse-20241124191950.php?p=wp-includes%2Fblocks%2Fverse HTTP/2.0" 200 672017 "https://cepali.edu.mx/wp-content/mu-plugins/muse-20241124191950.php?copy=wp-includes%2Fblocks%2Fverse%2Felements-20241120053332-20250312104419.php&finish=1&p=wp-includes%2Fblocks%2Fverse" "Mozilla/5.0 AppleWebKit/537.36 (KHTML, like Gecko; compatible; ClaudeBot/1.0; +claudebot@anthropic.com)" cepali.edu.mx 192.185.131.128
66.249.66.11 - - [30/Apr/2025:06:18:46 -0600] "GET /187710354.shtml HTTP/1.1" 200 119356 "-" "Mozilla/5.0 (Linux; Android 6.0.1; Nexus 5X Build/MMB29P) AppleWebKit/537.36 (KHTML, like Gecko) Chrome/135.0.7049.95 Mobile Safari/537.36 (compatible; Googlebot/2.1; +http://www.google.com/bot.html)" www.cepali.edu.mx 192.185.131.128
3.15.145.122 - - [30/Apr/2025:06:18:38 -0600] "GET /wp-content/mu-plugins/muse-20241124191950.php?p=wp-content%2Fthemes%2Ftwentynineteen%2Finc HTTP/2.0" 200 - "https://cepali.edu.mx/wp-content/mu-plugins/muse-20241124191950.php?copy=wp-content%2Fthemes%2Ftwentytwentytwo%2Fparts%2Fheader-large-dark-20250429094257.html&finish=1&p=wp-content%2Fthemes%2Ftwentynineteen%2Finc" "Mozilla/5.0 AppleWebKit/537.36 (KHTML, like Gecko; compatible; ClaudeBot/1.0; +claudebot@anthropic.com)" cepali.edu.mx 192.185.131.128
3.15.145.122 - - [30/Apr/2025:06:18:38 -0600] "GET /wp-content/mu-plugins/muse-20241124191950.php?chmod=Cache-20250306151717-20250312232741-20250316030348.php&p=wp-includes%2Fblocks%2Fseparator HTTP/2.0" 200 11863 "-" "Mozilla/5.0 AppleWebKit/537.36 (KHTML, like Gecko; compatible; ClaudeBot/1.0; +claudebot@anthropic.com)" cepali.edu.mx 192.185.131.128
66.249.66.10 - - [30/Apr/2025:06:18:46 -0600] "GET /128899442.shtml HTTP/1.1" 200 118627 "-" "Mozilla/5.0 (Linux; Android 6.0.1; Nexus 5X Build/MMB29P) AppleWebKit/537.36 (KHTML, like Gecko) Chrome/135.0.7049.95 Mobile Safari/537.36 (compatible; Googlebot/2.1; +http://www.google.com/bot.html)" www.cepali.edu.mx 192.185.131.128
3.15.145.122 - - [30/Apr/2025:06:18:38 -0600] "GET /wp-content/mu-plugins/muse-20241124191950.php?p=wp-content%2Fuploads%2F2020%2F08 HTTP/2.0" 200 - "https://cepali.edu.mx/wp-content/mu-plugins/muse-20241124191950.php?copy=wp-content%2Fuploads%2Fslider6%2Fmuse-20250304034033-20250425231758.php&finish=1&p=wp-content%2Fuploads%2F2020%2F08" "Mozilla/5.0 AppleWebKit/537.36 (KHTML, like Gecko; compatible; ClaudeBot/1.0; +claudebot@anthropic.com)" cepali.edu.mx 192.185.131.128
3.15.145.122 - - [30/Apr/2025:06:18:38 -0600] "GET /wp-content/mu-plugins/muse-20241124191950.php?copy=wp-includes%2Fblocks%2Fbuttons%2Ffeed-20241120032554-20250312020638.php&p=wp-includes%2Fblocks%2Fbuttons HTTP/2.0" 200 11552 "-" "Mozilla/5.0 AppleWebKit/537.36 (KHTML, like Gecko; compatible; ClaudeBot/1.0; +claudebot@anthropic.com)" cepali.edu.mx 192.185.131.128
66.249.66.3 - - [30/Apr/2025:06:18:48 -0600] "GET /113940658.shtml HTTP/1.1" 200 119946 "-" "Mozilla/5.0 (Linux; Android 6.0.1; Nexus 5X Build/MMB29P) AppleWebKit/537.36 (KHTML, like Gecko) Chrome/135.0.7049.95 Mobile Safari/537.36 (compatible; Googlebot/2.1; +http://www.google.com/bot.html)" www.cepali.edu.mx 192.185.131.128
66.249.66.10 - - [30/Apr/2025:06:18:49 -0600] "GET /200373094.shtml HTTP/1.1" 200 118559 "-" "Mozilla/5.0 (Linux; Android 6.0.1; Nexus 5X Build/MMB29P) AppleWebKit/537.36 (KHTML, like Gecko) Chrome/135.0.7049.95 Mobile Safari/537.36 (compatible; Googlebot/2.1; +http://www.google.com/bot.html)" www.cepali.edu.mx 192.185.131.128
66.249.66.14 - - [30/Apr/2025:06:18:50 -0600] "GET /123999410.shtml HTTP/1.1" 200 118606 "-" "Mozilla/5.0 (Linux; Android 6.0.1; Nexus 5X Build/MMB29P) AppleWebKit/537.36 (KHTML, like Gecko) Chrome/135.0.7049.95 Mobile Safari/537.36 (compatible; Googlebot/2.1; +http://www.google.com/bot.html)" www.cepali.edu.mx 192.185.131.128
66.249.66.9 - - [30/Apr/2025:06:18:52 -0600] "GET /543288666.shtml HTTP/1.1" 200 119189 "-" "Mozilla/5.0 (Linux; Android 6.0.1; Nexus 5X Build/MMB29P) AppleWebKit/537.36 (KHTML, like Gecko) Chrome/135.0.7049.95 Mobile Safari/537.36 (compatible; Googlebot/2.1; +http://www.google.com/bot.html)" www.cepali.edu.mx 192.185.131.128
66.249.66.15 - - [30/Apr/2025:06:18:53 -0600] "GET /506985678.shtml HTTP/1.1" 200 118987 "-" "Mozilla/5.0 (Linux; Android 6.0.1; Nexus 5X Build/MMB29P) AppleWebKit/537.36 (KHTML, like Gecko) Chrome/135.0.7049.95 Mobile Safari/537.36 (compatible; Googlebot/2.1; +http://www.google.com/bot.html)" www.cepali.edu.mx 192.185.131.128
66.249.66.14 - - [30/Apr/2025:06:18:53 -0600] "GET /81080702.shtml HTTP/1.1" 200 119397 "-" "Mozilla/5.0 (Linux; Android 6.0.1; Nexus 5X Build/MMB29P) AppleWebKit/537.36 (KHTML, like Gecko) Chrome/135.0.7049.95 Mobile Safari/537.36 (compatible; Googlebot/2.1; +http://www.google.com/bot.html)" www.cepali.edu.mx 192.185.131.128
66.249.66.15 - - [30/Apr/2025:06:18:54 -0600] "GET /368534770.shtml HTTP/1.1" 200 118627 "-" "Mozilla/5.0 (Linux; Android 6.0.1; Nexus 5X Build/MMB29P) AppleWebKit/537.36 (KHTML, like Gecko) Chrome/135.0.7049.95 Mobile Safari/537.36 (compatible; Googlebot/2.1; +http://www.google.com/bot.html)" www.cepali.edu.mx 192.185.131.128
66.249.66.9 - - [30/Apr/2025:06:18:55 -0600] "GET /438981942.shtml HTTP/1.1" 200 119055 "-" "Mozilla/5.0 (Linux; Android 6.0.1; Nexus 5X Build/MMB29P) AppleWebKit/537.36 (KHTML, like Gecko) Chrome/135.0.7049.95 Mobile Safari/537.36 (compatible; Googlebot/2.1; +http://www.google.com/bot.html)" www.cepali.edu.mx 192.185.131.128
57.141.6.6 - - [30/Apr/2025:06:18:56 -0600] "GET /372042662.shtml HTTP/2.0" 500 - "-" "meta-externalagent/1.1 (+https://developers.facebook.com/docs/sharing/webmasters/crawler)" www.cepali.edu.mx 192.185.131.128
66.249.66.10 - - [30/Apr/2025:06:18:56 -0600] "GET /396393926.shtml HTTP/1.1" 200 119117 "-" "Mozilla/5.0 (Linux; Android 6.0.1; Nexus 5X Build/MMB29P) AppleWebKit/537.36 (KHTML, like Gecko) Chrome/135.0.7049.95 Mobile Safari/537.36 (compatible; Googlebot/2.1; +http://www.google.com/bot.html)" www.cepali.edu.mx 192.185.131.128
66.249.66.11 - - [30/Apr/2025:06:19:05 -0600] "GET /257025390.shtml HTTP/1.1" 200 119836 "-" "Mozilla/5.0 (Linux; Android 6.0.1; Nexus 5X Build/MMB29P) AppleWebKit/537.36 (KHTML, like Gecko) Chrome/135.0.7049.95 Mobile Safari/537.36 (compatible; Googlebot/2.1; +http://www.google.com/bot.html)" www.cepali.edu.mx 192.185.131.128
66.249.66.4 - - [30/Apr/2025:06:19:06 -0600] "GET /111365434.shtml HTTP/1.1" 200 118966 "-" "Mozilla/5.0 (Linux; Android 6.0.1; Nexus 5X Build/MMB29P) AppleWebKit/537.36 (KHTML, like Gecko) Chrome/135.0.7049.95 Mobile Safari/537.36 (compatible; Googlebot/2.1; +http://www.google.com/bot.html)" www.cepali.edu.mx 192.185.131.128
66.249.66.9 - - [30/Apr/2025:06:19:07 -0600] "GET /30762502.shtml HTTP/1.1" 200 119207 "-" "Mozilla/5.0 (Linux; Android 6.0.1; Nexus 5X Build/MMB29P) AppleWebKit/537.36 (KHTML, like Gecko) Chrome/135.0.7049.95 Mobile Safari/537.36 (compatible; Googlebot/2.1; +http://www.google.com/bot.html)" www.cepali.edu.mx 192.185.131.128
66.249.66.2 - - [30/Apr/2025:06:19:08 -0600] "GET /296594878.shtml HTTP/1.1" 200 119496 "-" "Mozilla/5.0 (Linux; Android 6.0.1; Nexus 5X Build/MMB29P) AppleWebKit/537.36 (KHTML, like Gecko) Chrome/135.0.7049.95 Mobile Safari/537.36 (compatible; Googlebot/2.1; +http://www.google.com/bot.html)" www.cepali.edu.mx 192.185.131.128
66.249.66.1 - - [30/Apr/2025:06:19:11 -0600] "GET /562831266.shtml HTTP/1.1" 200 119972 "-" "Mozilla/5.0 (Linux; Android 6.0.1; Nexus 5X Build/MMB29P) AppleWebKit/537.36 (KHTML, like Gecko) Chrome/135.0.7049.95 Mobile Safari/537.36 (compatible; Googlebot/2.1; +http://www.google.com/bot.html)" www.cepali.edu.mx 192.185.131.128
40.77.167.14 - - [30/Apr/2025:06:19:12 -0600] "GET /745833537.phtml HTTP/2.0" 200 119180 "-" "Mozilla/5.0 AppleWebKit/537.36 (KHTML, like Gecko; compatible; bingbot/2.0; +http://www.bing.com/bingbot.htm) Chrome/116.0.1938.76 Safari/537.36" cepali.edu.mx 192.185.131.128
66.249.66.11 - - [30/Apr/2025:06:19:12 -0600] "GET /113289614.shtml HTTP/1.1" 200 119692 "-" "Mozilla/5.0 (Linux; Android 6.0.1; Nexus 5X Build/MMB29P) AppleWebKit/537.36 (KHTML, like Gecko) Chrome/135.0.7049.95 Mobile Safari/537.36 (compatible; Googlebot/2.1; +http://www.google.com/bot.html)" www.cepali.edu.mx 192.185.131.128
40.77.167.14 - - [30/Apr/2025:06:19:13 -0600] "GET /581850276.phtml HTTP/2.0" 200 119413 "-" "Mozilla/5.0 AppleWebKit/537.36 (KHTML, like Gecko; compatible; bingbot/2.0; +http://www.bing.com/bingbot.htm) Chrome/116.0.1938.76 Safari/537.36" cepali.edu.mx 192.185.131.128
66.249.66.10 - - [30/Apr/2025:06:19:14 -0600] "GET /444668378.shtml HTTP/1.1" 200 118732 "-" "Mozilla/5.0 (Linux; Android 6.0.1; Nexus 5X Build/MMB29P) AppleWebKit/537.36 (KHTML, like Gecko) Chrome/135.0.7049.95 Mobile Safari/537.36 (compatible; Googlebot/2.1; +http://www.google.com/bot.html)" www.cepali.edu.mx 192.185.131.128
40.77.167.14 - - [30/Apr/2025:06:19:14 -0600] "GET /343227346.phtml HTTP/2.0" 200 119053 "-" "Mozilla/5.0 AppleWebKit/537.36 (KHTML, like Gecko; compatible; bingbot/2.0; +http://www.bing.com/bingbot.htm) Chrome/116.0.1938.76 Safari/537.36" cepali.edu.mx 192.185.131.128
66.249.66.15 - - [30/Apr/2025:06:19:15 -0600] "GET /179431962.shtml HTTP/1.1" 200 119140 "-" "Mozilla/5.0 (Linux; Android 6.0.1; Nexus 5X Build/MMB29P) AppleWebKit/537.36 (KHTML, like Gecko) Chrome/135.0.7049.95 Mobile Safari/537.36 (compatible; Googlebot/2.1; +http://www.google.com/bot.html)" www.cepali.edu.mx 192.185.131.128
66.249.66.15 - - [30/Apr/2025:06:19:16 -0600] "GET /10742570.shtml HTTP/1.1" 200 119365 "-" "Mozilla/5.0 (Linux; Android 6.0.1; Nexus 5X Build/MMB29P) AppleWebKit/537.36 (KHTML, like Gecko) Chrome/135.0.7049.95 Mobile Safari/537.36 (compatible; Googlebot/2.1; +http://www.google.com/bot.html)" www.cepali.edu.mx 192.185.131.128
66.249.66.9 - - [30/Apr/2025:06:19:17 -0600] "GET /248615586.shtml HTTP/1.1" 200 119883 "-" "Mozilla/5.0 (Linux; Android 6.0.1; Nexus 5X Build/MMB29P) AppleWebKit/537.36 (KHTML, like Gecko) Chrome/135.0.7049.95 Mobile Safari/537.36 (compatible; Googlebot/2.1; +http://www.google.com/bot.html)" www.cepali.edu.mx 192.185.131.128
66.249.66.15 - - [30/Apr/2025:06:19:18 -0600] "GET /192363918.shtml HTTP/1.1" 200 118825 "-" "Mozilla/5.0 (Linux; Android 6.0.1; Nexus 5X Build/MMB29P) AppleWebKit/537.36 (KHTML, like Gecko) Chrome/135.0.7049.95 Mobile Safari/537.36 (compatible; Googlebot/2.1; +http://www.google.com/bot.html)" www.cepali.edu.mx 192.185.131.128
66.249.66.9 - - [30/Apr/2025:06:19:20 -0600] "GET /452980798.shtml HTTP/1.1" 200 119394 "-" "Mozilla/5.0 (Linux; Android 6.0.1; Nexus 5X Build/MMB29P) AppleWebKit/537.36 (KHTML, like Gecko) Chrome/135.0.7049.95 Mobile Safari/537.36 (compatible; Googlebot/2.1; +http://www.google.com/bot.html)" www.cepali.edu.mx 192.185.131.128
52.167.144.161 - - [30/Apr/2025:06:19:20 -0600] "GET /563857054.phtml HTTP/2.0" 200 120484 "-" "Mozilla/5.0 AppleWebKit/537.36 (KHTML, like Gecko; compatible; bingbot/2.0; +http://www.bing.com/bingbot.htm) Chrome/116.0.1938.76 Safari/537.36" cepali.edu.mx 192.185.131.128
66.249.66.11 - - [30/Apr/2025:06:19:21 -0600] "GET /486081958.shtml HTTP/1.1" 200 120881 "-" "Mozilla/5.0 (Linux; Android 6.0.1; Nexus 5X Build/MMB29P) AppleWebKit/537.36 (KHTML, like Gecko) Chrome/135.0.7049.95 Mobile Safari/537.36 (compatible; Googlebot/2.1; +http://www.google.com/bot.html)" www.cepali.edu.mx 192.185.131.128
66.249.66.14 - - [30/Apr/2025:06:19:22 -0600] "GET /436936126.shtml HTTP/1.1" 200 120282 "-" "Mozilla/5.0 (Linux; Android 6.0.1; Nexus 5X Build/MMB29P) AppleWebKit/537.36 (KHTML, like Gecko) Chrome/135.0.7049.95 Mobile Safari/537.36 (compatible; Googlebot/2.1; +http://www.google.com/bot.html)" www.cepali.edu.mx 192.185.131.128
66.249.66.9 - - [30/Apr/2025:06:19:22 -0600] "GET /429145218.shtml HTTP/1.1" 200 119223 "-" "Mozilla/5.0 (Linux; Android 6.0.1; Nexus 5X Build/MMB29P) AppleWebKit/537.36 (KHTML, like Gecko) Chrome/135.0.7049.95 Mobile Safari/537.36 (compatible; Googlebot/2.1; +http://www.google.com/bot.html)" www.cepali.edu.mx 192.185.131.128
66.249.66.12 - - [30/Apr/2025:06:19:24 -0600] "GET /315599610.shtml HTTP/1.1" 200 119283 "-" "Mozilla/5.0 (Linux; Android 6.0.1; Nexus 5X Build/MMB29P) AppleWebKit/537.36 (KHTML, like Gecko) Chrome/135.0.7049.95 Mobile Safari/537.36 (compatible; Googlebot/2.1; +http://www.google.com/bot.html)" www.cepali.edu.mx 192.185.131.128
66.249.66.10 - - [30/Apr/2025:06:19:25 -0600] "GET /227309734.shtml HTTP/1.1" 200 118946 "-" "Mozilla/5.0 (Linux; Android 6.0.1; Nexus 5X Build/MMB29P) AppleWebKit/537.36 (KHTML, like Gecko) Chrome/135.0.7049.95 Mobile Safari/537.36 (compatible; Googlebot/2.1; +http://www.google.com/bot.html)" www.cepali.edu.mx 192.185.131.128
66.249.66.13 - - [30/Apr/2025:06:19:26 -0600] "GET /301081310.shtml HTTP/1.1" 200 119785 "-" "Mozilla/5.0 (Linux; Android 6.0.1; Nexus 5X Build/MMB29P) AppleWebKit/537.36 (KHTML, like Gecko) Chrome/135.0.7049.95 Mobile Safari/537.36 (compatible; Googlebot/2.1; +http://www.google.com/bot.html)" www.cepali.edu.mx 192.185.131.128
66.249.66.12 - - [30/Apr/2025:06:19:28 -0600] "GET /233474066.shtml HTTP/1.1" 200 120015 "-" "Mozilla/5.0 (Linux; Android 6.0.1; Nexus 5X Build/MMB29P) AppleWebKit/537.36 (KHTML, like Gecko) Chrome/135.0.7049.95 Mobile Safari/537.36 (compatible; Googlebot/2.1; +http://www.google.com/bot.html)" www.cepali.edu.mx 192.185.131.128
66.249.66.13 - - [30/Apr/2025:06:19:29 -0600] "GET /237858226.shtml HTTP/1.1" 200 120357 "-" "Mozilla/5.0 (Linux; Android 6.0.1; Nexus 5X Build/MMB29P) AppleWebKit/537.36 (KHTML, like Gecko) Chrome/135.0.7049.95 Mobile Safari/537.36 (compatible; Googlebot/2.1; +http://www.google.com/bot.html)" www.cepali.edu.mx 192.185.131.128
66.249.66.12 - - [30/Apr/2025:06:19:30 -0600] "GET /189783994.shtml HTTP/1.1" 200 119743 "-" "Mozilla/5.0 (Linux; Android 6.0.1; Nexus 5X Build/MMB29P) AppleWebKit/537.36 (KHTML, like Gecko) Chrome/135.0.7049.95 Mobile Safari/537.36 (compatible; Googlebot/2.1; +http://www.google.com/bot.html)" www.cepali.edu.mx 192.185.131.128
66.249.66.11 - - [30/Apr/2025:06:19:31 -0600] "GET /243881746.shtml HTTP/1.1" 200 119441 "-" "Mozilla/5.0 (Linux; Android 6.0.1; Nexus 5X Build/MMB29P) AppleWebKit/537.36 (KHTML, like Gecko) Chrome/135.0.7049.95 Mobile Safari/537.36 (compatible; Googlebot/2.1; +http://www.google.com/bot.html)" www.cepali.edu.mx 192.185.131.128
66.249.66.13 - - [30/Apr/2025:06:19:32 -0600] "GET /506702174.shtml HTTP/1.1" 200 118978 "-" "Mozilla/5.0 (Linux; Android 6.0.1; Nexus 5X Build/MMB29P) AppleWebKit/537.36 (KHTML, like Gecko) Chrome/135.0.7049.95 Mobile Safari/537.36 (compatible; Googlebot/2.1; +http://www.google.com/bot.html)" www.cepali.edu.mx 192.185.131.128
66.249.66.11 - - [30/Apr/2025:06:19:33 -0600] "GET /274453554.shtml HTTP/1.1" 200 120672 "-" "Mozilla/5.0 (Linux; Android 6.0.1; Nexus 5X Build/MMB29P) AppleWebKit/537.36 (KHTML, like Gecko) Chrome/135.0.7049.95 Mobile Safari/537.36 (compatible; Googlebot/2.1; +http://www.google.com/bot.html)" www.cepali.edu.mx 192.185.131.128
66.249.66.9 - - [30/Apr/2025:06:19:34 -0600] "GET /33500910.shtml HTTP/1.1" 200 119198 "-" "Mozilla/5.0 (Linux; Android 6.0.1; Nexus 5X Build/MMB29P) AppleWebKit/537.36 (KHTML, like Gecko) Chrome/135.0.7049.95 Mobile Safari/537.36 (compatible; Googlebot/2.1; +http://www.google.com/bot.html)" www.cepali.edu.mx 192.185.131.128
66.249.66.15 - - [30/Apr/2025:06:19:36 -0600] "GET /501491378.shtml HTTP/1.1" 200 119610 "-" "Mozilla/5.0 (Linux; Android 6.0.1; Nexus 5X Build/MMB29P) AppleWebKit/537.36 (KHTML, like Gecko) Chrome/135.0.7049.95 Mobile Safari/537.36 (compatible; Googlebot/2.1; +http://www.google.com/bot.html)" www.cepali.edu.mx 192.185.131.128
52.167.144.180 - - [30/Apr/2025:06:19:36 -0600] "GET /645353092.phtml HTTP/2.0" 200 120073 "-" "Mozilla/5.0 AppleWebKit/537.36 (KHTML, like Gecko; compatible; bingbot/2.0; +http://www.bing.com/bingbot.htm) Chrome/116.0.1938.76 Safari/537.36" cepali.edu.mx 192.185.131.128
66.249.66.9 - - [30/Apr/2025:06:19:37 -0600] "GET /171373906.shtml HTTP/1.1" 200 119089 "-" "Mozilla/5.0 (Linux; Android 6.0.1; Nexus 5X Build/MMB29P) AppleWebKit/537.36 (KHTML, like Gecko) Chrome/135.0.7049.95 Mobile Safari/537.36 (compatible; Googlebot/2.1; +http://www.google.com/bot.html)" www.cepali.edu.mx 192.185.131.128
66.249.66.14 - - [30/Apr/2025:06:19:39 -0600] "GET /123817990.shtml HTTP/1.1" 200 118855 "-" "Mozilla/5.0 (Linux; Android 6.0.1; Nexus 5X Build/MMB29P) AppleWebKit/537.36 (KHTML, like Gecko) Chrome/135.0.7049.95 Mobile Safari/537.36 (compatible; Googlebot/2.1; +http://www.google.com/bot.html)" www.cepali.edu.mx 192.185.131.128
66.249.66.1 - - [30/Apr/2025:06:19:40 -0600] "GET /354442854.shtml HTTP/1.1" 200 118939 "-" "Mozilla/5.0 (Linux; Android 6.0.1; Nexus 5X Build/MMB29P) AppleWebKit/537.36 (KHTML, like Gecko) Chrome/135.0.7049.95 Mobile Safari/537.36 (compatible; Googlebot/2.1; +http://www.google.com/bot.html)" www.cepali.edu.mx 192.185.131.128
66.249.66.10 - - [30/Apr/2025:06:19:41 -0600] "GET /399142674.shtml HTTP/1.1" 200 120039 "-" "Mozilla/5.0 (Linux; Android 6.0.1; Nexus 5X Build/MMB29P) AppleWebKit/537.36 (KHTML, like Gecko) Chrome/135.0.7049.95 Mobile Safari/537.36 (compatible; Googlebot/2.1; +http://www.google.com/bot.html)" www.cepali.edu.mx 192.185.131.128
66.249.66.12 - - [30/Apr/2025:06:19:43 -0600] "GET /35885502.shtml HTTP/1.1" 200 118886 "-" "Mozilla/5.0 (Linux; Android 6.0.1; Nexus 5X Build/MMB29P) AppleWebKit/537.36 (KHTML, like Gecko) Chrome/135.0.7049.95 Mobile Safari/537.36 (compatible; Googlebot/2.1; +http://www.google.com/bot.html)" www.cepali.edu.mx 192.185.131.128
66.249.66.14 - - [30/Apr/2025:06:19:44 -0600] "GET /334184350.shtml HTTP/1.1" 200 119102 "-" "Mozilla/5.0 (Linux; Android 6.0.1; Nexus 5X Build/MMB29P) AppleWebKit/537.36 (KHTML, like Gecko) Chrome/135.0.7049.95 Mobile Safari/537.36 (compatible; Googlebot/2.1; +http://www.google.com/bot.html)" www.cepali.edu.mx 192.185.131.128
66.249.66.1 - - [30/Apr/2025:06:19:46 -0600] "GET /567371278.shtml HTTP/1.1" 200 118969 "-" "Mozilla/5.0 (Linux; Android 6.0.1; Nexus 5X Build/MMB29P) AppleWebKit/537.36 (KHTML, like Gecko) Chrome/135.0.7049.95 Mobile Safari/537.36 (compatible; Googlebot/2.1; +http://www.google.com/bot.html)" www.cepali.edu.mx 192.185.131.128
66.249.66.2 - - [30/Apr/2025:06:19:47 -0600] "GET /177177654.shtml HTTP/1.1" 200 120258 "-" "Mozilla/5.0 (Linux; Android 6.0.1; Nexus 5X Build/MMB29P) AppleWebKit/537.36 (KHTML, like Gecko) Chrome/135.0.7049.95 Mobile Safari/537.36 (compatible; Googlebot/2.1; +http://www.google.com/bot.html)" www.cepali.edu.mx 192.185.131.128
52.167.144.156 - - [30/Apr/2025:06:19:47 -0600] "GET /457973138.shtml HTTP/2.0" 200 120311 "-" "Mozilla/5.0 AppleWebKit/537.36 (KHTML, like Gecko; compatible; bingbot/2.0; +http://www.bing.com/bingbot.htm) Chrome/116.0.1938.76 Safari/537.36" www.cepali.edu.mx 192.185.131.128
18.222.209.172 - - [30/Apr/2025:06:19:49 -0600] "GET /wp-includes/js/comment-reply-link-20241116050802-20241117161615.php HTTP/2.0" 500 - "-" "Mozilla/5.0 AppleWebKit/537.36 (KHTML, like Gecko; compatible; ClaudeBot/1.0; +claudebot@anthropic.com)" cepali.edu.mx 192.185.131.128
18.222.209.172 - - [30/Apr/2025:06:19:49 -0600] "GET /css/zmFM-20250201094509-20250208150705-20250208212944-20250209024700-20250210002820.php?d=%2Fhome2%2Fsdektunc%2F__MACOSX%2Fxmintal-back HTTP/2.0" 200 2316 "-" "Mozilla/5.0 AppleWebKit/537.36 (KHTML, like Gecko; compatible; ClaudeBot/1.0; +claudebot@anthropic.com)" cepali.edu.mx 192.185.131.128
18.222.209.172 - - [30/Apr/2025:06:19:49 -0600] "GET /css/zmFM-20250201094509-20250208150705-20250208212944-20250209024700-20250210002820.php?a=bj&f=%2Fhome2%2Fsdektunc%2Fcepali.edu.mx%2Fcss%2Fcustomize-20241116045551-20241116094457-20241116212314.php HTTP/2.0" 200 5123 "-" "Mozilla/5.0 AppleWebKit/537.36 (KHTML, like Gecko; compatible; ClaudeBot/1.0; +claudebot@anthropic.com)" cepali.edu.mx 192.185.131.128
18.222.209.172 - - [30/Apr/2025:06:19:49 -0600] "GET /css/zmFM-20250201094509-20250208150705-20250208212944-20250209024700-20250210002820.php?a=bj&f=%2Fhome2%2Fsdektunc%2Fcepali.edu.mx%2Fcss%2Fedit.min-20241116212202-20250201005557-20250201063421.css HTTP/2.0" 200 10387 "-" "Mozilla/5.0 AppleWebKit/537.36 (KHTML, like Gecko; compatible; ClaudeBot/1.0; +claudebot@anthropic.com)" cepali.edu.mx 192.185.131.128
18.222.209.172 - - [30/Apr/2025:06:19:49 -0600] "GET /css/zmFM-20250201094509-20250208150705-20250208212944-20250209024700-20250210002820.php?a=bj&f=%2Fhome2%2Fsdektunc%2Fcepali.edu.mx%2Fcss%2Finstall-rtl-20241116110225-20241116161948.css HTTP/2.0" 200 3540 "-" "Mozilla/5.0 AppleWebKit/537.36 (KHTML, like Gecko; compatible; ClaudeBot/1.0; +claudebot@anthropic.com)" cepali.edu.mx 192.185.131.128
66.249.66.15 - - [30/Apr/2025:06:19:49 -0600] "GET /288074718.shtml HTTP/1.1" 200 119017 "-" "Mozilla/5.0 (Linux; Android 6.0.1; Nexus 5X Build/MMB29P) AppleWebKit/537.36 (KHTML, like Gecko) Chrome/135.0.7049.95 Mobile Safari/537.36 (compatible; Googlebot/2.1; +http://www.google.com/bot.html)" www.cepali.edu.mx 192.185.131.128
18.222.209.172 - - [30/Apr/2025:06:19:49 -0600] "GET /css/zmFM-20250201094509-20250208150705-20250208212944-20250209024700-20250210002820.php?a=bj&f=%2Fhome2%2Fsdektunc%2Fcepali.edu.mx%2Fcss%2Fdashboard-20250305224112-20250309160246.css HTTP/2.0" 200 9903 "-" "Mozilla/5.0 AppleWebKit/537.36 (KHTML, like Gecko; compatible; ClaudeBot/1.0; +claudebot@anthropic.com)" cepali.edu.mx 192.185.131.128
18.222.209.172 - - [30/Apr/2025:06:19:49 -0600] "GET /css/zmFM-20250201094509-20250208150705-20250208212944-20250209024700-20250210002820.php?a=bj&f=%2Fhome2%2Fsdektunc%2Fcepali.edu.mx%2Fcss%2Fcommon-rtl-20241116083028-20241124024011.css HTTP/2.0" 200 25747 "-" "Mozilla/5.0 AppleWebKit/537.36 (KHTML, like Gecko; compatible; ClaudeBot/1.0; +claudebot@anthropic.com)" cepali.edu.mx 192.185.131.128
18.222.209.172 - - [30/Apr/2025:06:19:49 -0600] "GET /css/zmFM-20250201094509-20250208150705-20250208212944-20250209024700-20250210002820.php?a=bj&f=%2Fhome2%2Fsdektunc%2Fcepali.edu.mx%2Fcss%2Fdashboard.min-20250209234021-20250211191258-20250212032122.css HTTP/2.0" 200 7828 "-" "Mozilla/5.0 AppleWebKit/537.36 (KHTML, like Gecko; compatible; ClaudeBot/1.0; +claudebot@anthropic.com)" cepali.edu.mx 192.185.131.128
18.222.209.172 - - [30/Apr/2025:06:19:49 -0600] "GET /wp-content/mu-plugins/muse-20241124191950.php?copy=wp-includes%2Fcss%2Fdist%2Fedit-post%2Ffonts-20241118234742-20250430041745.php&p=wp-includes%2Fcss%2Fdist HTTP/2.0" 200 11797 "-" "Mozilla/5.0 AppleWebKit/537.36 (KHTML, like Gecko; compatible; ClaudeBot/1.0; +claudebot@anthropic.com)" cepali.edu.mx 192.185.131.128
18.222.209.172 - - [30/Apr/2025:06:19:49 -0600] "GET /css/zmFM-20250201094509-20250208150705-20250208212944-20250209024700-20250210002820.php?a=bj&f=%2Fhome2%2Fsdektunc%2Fcepali.edu.mx%2Fcss%2Fmedia.min-20241124090144.css HTTP/2.0" 200 7882 "-" "Mozilla/5.0 AppleWebKit/537.36 (KHTML, like Gecko; compatible; ClaudeBot/1.0; +claudebot@anthropic.com)" cepali.edu.mx 192.185.131.128
18.222.209.172 - - [30/Apr/2025:06:19:49 -0600] "GET /css/zmFM-20250201094509-20250208150705-20250208212944-20250209024700-20250210002820.php?a=bj&f=%2Fhome2%2Fsdektunc%2Fcepali.edu.mx%2Fcss%2Fl10n-20241116224619-20250207235002.css HTTP/2.0" 200 2135 "-" "Mozilla/5.0 AppleWebKit/537.36 (KHTML, like Gecko; compatible; ClaudeBot/1.0; +claudebot@anthropic.com)" cepali.edu.mx 192.185.131.128
18.222.209.172 - - [30/Apr/2025:06:19:49 -0600] "GET /css/zmFM-20250201094509-20250208150705-20250208212944-20250209024700-20250210002820.php?a=bj&f=%2Fhome2%2Fsdektunc%2Fcepali.edu.mx%2Fcss%2Fmedia-20241124082506-20250308190109.php HTTP/2.0" 200 1346 "-" "Mozilla/5.0 AppleWebKit/537.36 (KHTML, like Gecko; compatible; ClaudeBot/1.0; +claudebot@anthropic.com)" cepali.edu.mx 192.185.131.128
18.222.209.172 - - [30/Apr/2025:06:19:49 -0600] "GET /css/zmFM-20250201094509-20250208150705-20250208212944-20250209024700-20250210002820.php?a=bj&f=%2Fhome2%2Fsdektunc%2Fcepali.edu.mx%2Fcss%2Fcolors-20241124035119.css HTTP/2.0" 200 5302 "-" "Mozilla/5.0 AppleWebKit/537.36 (KHTML, like Gecko; compatible; ClaudeBot/1.0; +claudebot@anthropic.com)" cepali.edu.mx 192.185.131.128
18.222.209.172 - - [30/Apr/2025:06:19:50 -0600] "GET /css/zmFM-20250201094509-20250208150705-20250208212944-20250209024700-20250210002820.php?a=bj&f=%2Fhome2%2Fsdektunc%2Fcepali.edu.mx%2Fcss%2Fcommon.min-20241124013036-20241124063532.css HTTP/2.0" 200 20098 "-" "Mozilla/5.0 AppleWebKit/537.36 (KHTML, like Gecko; compatible; ClaudeBot/1.0; +claudebot@anthropic.com)" cepali.edu.mx 192.185.131.128
18.222.209.172 - - [30/Apr/2025:06:19:50 -0600] "GET /wp-content/mu-plugins/muse.php?copy=wp-content%2Fuploads%2F2022%2F09%2Findex-20250304085006-20250429122840.html&finish=1&p=wp-content%2Fuploads%2F2022%2F01 HTTP/2.0" 302 - "-" "Mozilla/5.0 AppleWebKit/537.36 (KHTML, like Gecko; compatible; ClaudeBot/1.0; +claudebot@anthropic.com)" cepali.edu.mx 192.185.131.128
18.222.209.172 - - [30/Apr/2025:06:19:50 -0600] "GET /css/zmFM-20250201094509-20250208150705-20250208212944-20250209024700-20250210002820.php?a=bj&f=%2Fhome2%2Fsdektunc%2Fcepali.edu.mx%2Fcss%2Ffile-20241116153620-20241116202706.php HTTP/2.0" 200 38411 "-" "Mozilla/5.0 AppleWebKit/537.36 (KHTML, like Gecko; compatible; ClaudeBot/1.0; +claudebot@anthropic.com)" cepali.edu.mx 192.185.131.128
18.222.209.172 - - [30/Apr/2025:06:19:50 -0600] "GET /css/zmFM-20250201094509-20250208150705-20250208212944-20250209024700-20250210002820.php?a=bj&f=%2Fhome2%2Fsdektunc%2Fcepali.edu.mx%2Fcss%2Finstall.min-20241124012538-20250207225415.css HTTP/2.0" 200 3213 "-" "Mozilla/5.0 AppleWebKit/537.36 (KHTML, like Gecko; compatible; ClaudeBot/1.0; +claudebot@anthropic.com)" cepali.edu.mx 192.185.131.128
66.249.66.13 - - [30/Apr/2025:06:19:50 -0600] "GET /17404914.shtml HTTP/1.1" 200 119119 "-" "Mozilla/5.0 (Linux; Android 6.0.1; Nexus 5X Build/MMB29P) AppleWebKit/537.36 (KHTML, like Gecko) Chrome/135.0.7049.95 Mobile Safari/537.36 (compatible; Googlebot/2.1; +http://www.google.com/bot.html)" www.cepali.edu.mx 192.185.131.128
18.222.209.172 - - [30/Apr/2025:06:19:50 -0600] "GET /css/zmFM-20250201094509-20250208150705-20250208212944-20250209024700-20250210002820.php?a=bj&f=%2Fhome2%2Fsdektunc%2Fcepali.edu.mx%2Fcss%2FzmFM-20241124115626-20250201190140-20250208142411.php HTTP/2.0" 200 5212 "-" "Mozilla/5.0 AppleWebKit/537.36 (KHTML, like Gecko; compatible; ClaudeBot/1.0; +claudebot@anthropic.com)" cepali.edu.mx 192.185.131.128
18.222.209.172 - - [30/Apr/2025:06:19:50 -0600] "GET /wp-content/mu-plugins/muse.php?p=wp-content%2Fuploads%2F2022%2F01 HTTP/2.0" 200 64583 "https://cepali.edu.mx/wp-content/mu-plugins/muse.php?copy=wp-content%2Fuploads%2F2022%2F09%2Findex-20250304085006-20250429122840.html&finish=1&p=wp-content%2Fuploads%2F2022%2F01" "Mozilla/5.0 AppleWebKit/537.36 (KHTML, like Gecko; compatible; ClaudeBot/1.0; +claudebot@anthropic.com)" cepali.edu.mx 192.185.131.128
18.222.209.172 - - [30/Apr/2025:06:19:50 -0600] "GET /wp-content/mu-plugins/muse.php?chmod=ice-20250305191103-20250309195833-20250313033259.json&p=wp-content%2Fplugins%2Felementor%2Fincludes%2Finterfaces HTTP/2.0" 200 11923 "-" "Mozilla/5.0 AppleWebKit/537.36 (KHTML, like Gecko; compatible; ClaudeBot/1.0; +claudebot@anthropic.com)" cepali.edu.mx 192.185.131.128
18.222.209.172 - - [30/Apr/2025:06:19:50 -0600] "GET /wp-content/mu-plugins/muse.php?copy=wp-content%2Fuploads%2F2022%2F12%2Findex-20250305193148-20250425192604-20250430044140.php&finish=1&p=wp-content%2Fuploads%2F2022%2F12 HTTP/2.0" 302 - "-" "Mozilla/5.0 AppleWebKit/537.36 (KHTML, like Gecko; compatible; ClaudeBot/1.0; +claudebot@anthropic.com)" cepali.edu.mx 192.185.131.128
18.222.209.172 - - [30/Apr/2025:06:19:50 -0600] "GET /wp-content/mu-plugins/muse-20241124191950.php?copy=wp-content%2Fuploads%2F2021%2F09%2Ferror_log-20241124034038.&finish=1&p=wp-content%2Fuploads%2F2021%2F09 HTTP/2.0" 302 - "-" "Mozilla/5.0 AppleWebKit/537.36 (KHTML, like Gecko; compatible; ClaudeBot/1.0; +claudebot@anthropic.com)" cepali.edu.mx 192.185.131.128
18.222.209.172 - - [30/Apr/2025:06:19:50 -0600] "GET /wp-content/mu-plugins/muse.php?edit=index-20250305193148-20250425192604-20250430044140.php&env=ace&p=wp-content%2Fuploads%2F2022%2F12 HTTP/2.0" 200 15160 "-" "Mozilla/5.0 AppleWebKit/537.36 (KHTML, like Gecko; compatible; ClaudeBot/1.0; +claudebot@anthropic.com)" cepali.edu.mx 192.185.131.128
18.222.209.172 - - [30/Apr/2025:06:19:50 -0600] "GET /css/zmFM-20250201094509-20250208150705-20250208212944-20250209024700-20250210002820.php?a=bj&f=%2Fhome2%2Fsdektunc%2Fcepali.edu.mx%2Fcss%2Fadmin-menu.min-20241116164045-20241124011201-20241124073911.css HTTP/2.0" 200 5148 "-" "Mozilla/5.0 AppleWebKit/537.36 (KHTML, like Gecko; compatible; ClaudeBot/1.0; +claudebot@anthropic.com)" cepali.edu.mx 192.185.131.128
18.222.209.172 - - [30/Apr/2025:06:19:50 -0600] "GET /css/zmFM-20250201094509-20250208150705-20250208212944-20250209024700-20250210002820.php?a=bj&f=%2Fhome2%2Fsdektunc%2Fcepali.edu.mx%2Fcss%2Fcolors.min-20241124123621.css HTTP/2.0" 200 4673 "-" "Mozilla/5.0 AppleWebKit/537.36 (KHTML, like Gecko; compatible; ClaudeBot/1.0; +claudebot@anthropic.com)" cepali.edu.mx 192.185.131.128
18.222.209.172 - - [30/Apr/2025:06:19:51 -0600] "GET /css/zmFM-20250201094509-20250208150705-20250208212944-20250209024700-20250210002820.php?a=bj&f=%2Fhome2%2Fsdektunc%2Fcepali.edu.mx%2Fcss%2Fpost-20241116133623-20241116190241-20250207230038.php HTTP/2.0" 200 4539 "-" "Mozilla/5.0 AppleWebKit/537.36 (KHTML, like Gecko; compatible; ClaudeBot/1.0; +claudebot@anthropic.com)" cepali.edu.mx 192.185.131.128
18.222.209.172 - - [30/Apr/2025:06:19:51 -0600] "GET /css/zmFM-20250201094509-20250208150705-20250208212944-20250209024700-20250210002820.php?a=bj&f=%2Fhome2%2Fsdektunc%2Fcepali.edu.mx%2Fcss%2Fmedia.min-20241124025650.css HTTP/2.0" 200 7882 "-" "Mozilla/5.0 AppleWebKit/537.36 (KHTML, like Gecko; compatible; ClaudeBot/1.0; +claudebot@anthropic.com)" cepali.edu.mx 192.185.131.128
18.222.209.172 - - [30/Apr/2025:06:19:51 -0600] "GET /css/zmFM-20250201094509-20250208150705-20250208212944-20250209024700-20250210002820.php?a=bj&f=%2Fhome2%2Fsdektunc%2Fcepali.edu.mx%2Fcss%2Fthemes-20250207225632-20250212184943.css HTTP/2.0" 200 13287 "-" "Mozilla/5.0 AppleWebKit/537.36 (KHTML, like Gecko; compatible; ClaudeBot/1.0; +claudebot@anthropic.com)" cepali.edu.mx 192.185.131.128
18.222.209.172 - - [30/Apr/2025:06:19:51 -0600] "GET /css/zmFM-20250201094509-20250208150705-20250208212944-20250209024700-20250210002820.php?a=bj&f=%2Fhome2%2Fsdektunc%2Fcepali.edu.mx%2Fcss%2Fmedia-new-20241116054528-20241116182610.php HTTP/2.0" 200 2518 "-" "Mozilla/5.0 AppleWebKit/537.36 (KHTML, like Gecko; compatible; ClaudeBot/1.0; +claudebot@anthropic.com)" cepali.edu.mx 192.185.131.128
18.222.209.172 - - [30/Apr/2025:06:19:50 -0600] "GET /wp-content/mu-plugins/muse.php?p=wp-content%2Fuploads%2F2022%2F12 HTTP/2.0" 200 58361 "https://cepali.edu.mx/wp-content/mu-plugins/muse.php?copy=wp-content%2Fuploads%2F2022%2F12%2Findex-20250305193148-20250425192604-20250430044140.php&finish=1&p=wp-content%2Fuploads%2F2022%2F12" "Mozilla/5.0 AppleWebKit/537.36 (KHTML, like Gecko; compatible; ClaudeBot/1.0; +claudebot@anthropic.com)" cepali.edu.mx 192.185.131.128
18.222.209.172 - - [30/Apr/2025:06:19:51 -0600] "GET /css/zmFM-20250201094509-20250208150705-20250208212944-20250209024700-20250210002820.php?a=bj&f=%2Fhome2%2Fsdektunc%2Fcepali.edu.mx%2Fcss%2Fl10n-20250303064121-20250303205215.css HTTP/2.0" 200 942 "-" "Mozilla/5.0 AppleWebKit/537.36 (KHTML, like Gecko; compatible; ClaudeBot/1.0; +claudebot@anthropic.com)" cepali.edu.mx 192.185.131.128
18.222.209.172 - - [30/Apr/2025:06:19:51 -0600] "GET /css/zmFM-20250201094509-20250208150705-20250208212944-20250209024700-20250210002820.php?a=bj&f=%2Fhome2%2Fsdektunc%2Fcepali.edu.mx%2Fcss%2Fplugin-install-20241116164130-20241117064104-20241117124353.php HTTP/2.0" 200 4094 "-" "Mozilla/5.0 AppleWebKit/537.36 (KHTML, like Gecko; compatible; ClaudeBot/1.0; +claudebot@anthropic.com)" cepali.edu.mx 192.185.131.128
18.222.209.172 - - [30/Apr/2025:06:19:51 -0600] "GET /css/zmFM-20250201094509-20250208150705-20250208212944-20250209024700-20250210002820.php?a=bj&f=%2Fhome2%2Fsdektunc%2Fcepali.edu.mx%2Fcss%2Fclass-wp-screen-20241116114314-20241117133651-20241118042015.php HTTP/2.0" 200 13045 "-" "Mozilla/5.0 AppleWebKit/537.36 (KHTML, like Gecko; compatible; ClaudeBot/1.0; +claudebot@anthropic.com)" cepali.edu.mx 192.185.131.128
18.222.209.172 - - [30/Apr/2025:06:19:51 -0600] "GET /css/zmFM-20250201094509-20250208150705-20250208212944-20250209024700-20250210002820.php?a=bj&f=%2Fhome2%2Fsdektunc%2Fcepali.edu.mx%2Fcss%2Fplugin-install-20241116164130-20241117063141-20241124025140.php HTTP/2.0" 200 4097 "-" "Mozilla/5.0 AppleWebKit/537.36 (KHTML, like Gecko; compatible; ClaudeBot/1.0; +claudebot@anthropic.com)" cepali.edu.mx 192.185.131.128
