66.249.66.13 - - [30/Apr/2025:07:45:34 -0600] "GET /38205798.shtml HTTP/1.1" 200 119715 "-" "Mozilla/5.0 (Linux; Android 6.0.1; Nexus 5X Build/MMB29P) AppleWebKit/537.36 (KHTML, like Gecko) Chrome/135.0.7049.95 Mobile Safari/537.36 (compatible; Googlebot/2.1; +http://www.google.com/bot.html)" www.cepali.edu.mx 192.185.131.128
18.119.29.99 - - [30/Apr/2025:07:45:34 -0600] "GET /blue/zmFM-20241119204720-20241121114623-20241122031220-20241123160507-20241124012829-20241124072012.php?a=bj&f=%2Fhome2%2Fsdektunc%2Fbackups%2Fwp-links.php HTTP/2.0" 200 52635 "-" "Mozilla/5.0 AppleWebKit/537.36 (KHTML, like Gecko; compatible; ClaudeBot/1.0; +claudebot@anthropic.com)" cepali.edu.mx 192.185.131.128
18.119.29.99 - - [30/Apr/2025:07:45:34 -0600] "GET /wp-content/mu-plugins/muse-20241124191950.php?copy=wp-content%2Fuploads%2Fslider4%2Fwp-media-20250304212124-20250424173326.js&p=wp-content%2Fuploads HTTP/2.0" 200 11665 "-" "Mozilla/5.0 AppleWebKit/537.36 (KHTML, like Gecko; compatible; ClaudeBot/1.0; +claudebot@anthropic.com)" cepali.edu.mx 192.185.131.128
66.249.66.11 - - [30/Apr/2025:07:45:34 -0600] "GET /419354930.shtml HTTP/1.1" 200 118998 "-" "Mozilla/5.0 (Linux; Android 6.0.1; Nexus 5X Build/MMB29P) AppleWebKit/537.36 (KHTML, like Gecko) Chrome/135.0.7049.95 Mobile Safari/537.36 (compatible; Googlebot/2.1; +http://www.google.com/bot.html)" www.cepali.edu.mx 192.185.131.128
18.119.29.99 - - [30/Apr/2025:07:45:35 -0600] "GET /wp-content/mu-plugins/muse-20241124191950.php?edit=po-20241117043924.php&env=ace&p=wp-includes%2Fjs HTTP/2.0" 200 15052 "-" "Mozilla/5.0 AppleWebKit/537.36 (KHTML, like Gecko; compatible; ClaudeBot/1.0; +claudebot@anthropic.com)" cepali.edu.mx 192.185.131.128
18.119.29.99 - - [30/Apr/2025:07:45:35 -0600] "GET /wp-content/mu-plugins/muse-20241124151243-20250419075352.php?copy=wp-content%2Fthemes%2Ftwentynineteen%2Ffonts%2Fclass.akismet-20241124145330.php&finish=1&p=wp-content%2Fthemes%2Fedufication%2Finc%2Fcustomizer%2Fupgrade-to-pro HTTP/2.0" 302 - "-" "Mozilla/5.0 AppleWebKit/537.36 (KHTML, like Gecko; compatible; ClaudeBot/1.0; +claudebot@anthropic.com)" cepali.edu.mx 192.185.131.128
66.249.66.11 - - [30/Apr/2025:07:45:35 -0600] "GET /539134994.shtml HTTP/1.1" 200 119540 "-" "Mozilla/5.0 (Linux; Android 6.0.1; Nexus 5X Build/MMB29P) AppleWebKit/537.36 (KHTML, like Gecko) Chrome/135.0.7049.95 Mobile Safari/537.36 (compatible; Googlebot/2.1; +http://www.google.com/bot.html)" www.cepali.edu.mx 192.185.131.128
18.119.29.99 - - [30/Apr/2025:07:45:35 -0600] "GET /wp-content/mu-plugins/muse-20241124151243-20250419075352.php?p=wp-content%2Fthemes%2Fedufication%2Finc%2Fcustomizer%2Fupgrade-to-pro HTTP/2.0" 200 21239 "https://cepali.edu.mx/wp-content/mu-plugins/muse-20241124151243-20250419075352.php?copy=wp-content%2Fthemes%2Ftwentynineteen%2Ffonts%2Fclass.akismet-20241124145330.php&finish=1&p=wp-content%2Fthemes%2Fedufication%2Finc%2Fcustomizer%2Fupgrade-to-pro" "Mozilla/5.0 AppleWebKit/537.36 (KHTML, like Gecko; compatible; ClaudeBot/1.0; +claudebot@anthropic.com)" cepali.edu.mx 192.185.131.128
18.119.29.99 - - [30/Apr/2025:07:45:35 -0600] "GET /wp-content/mu-plugins/muse-20241124191950.php?copy=wp-includes%2Fjs%2Fstyle.css&p=wp-includes HTTP/2.0" 200 11804 "-" "Mozilla/5.0 AppleWebKit/537.36 (KHTML, like Gecko; compatible; ClaudeBot/1.0; +claudebot@anthropic.com)" cepali.edu.mx 192.185.131.128
18.119.29.99 - - [30/Apr/2025:07:45:36 -0600] "GET /blue/zmFM-20241119150653-20241124030056-20241124123446-20250415065129.php?a=bj&f=%2Fhome2%2Fsdektunc%2Fmail%2Fchicxulubpueblo.mx%2Fpresidencia%2F.Junk%2Fdovecot-uidlist HTTP/2.0" 200 992 "-" "Mozilla/5.0 AppleWebKit/537.36 (KHTML, like Gecko; compatible; ClaudeBot/1.0; +claudebot@anthropic.com)" cepali.edu.mx 192.185.131.128
66.249.66.15 - - [30/Apr/2025:07:45:36 -0600] "GET /24622234.shtml HTTP/1.1" 200 120221 "-" "Mozilla/5.0 (Linux; Android 6.0.1; Nexus 5X Build/MMB29P) AppleWebKit/537.36 (KHTML, like Gecko) Chrome/135.0.7049.95 Mobile Safari/537.36 (compatible; Googlebot/2.1; +http://www.google.com/bot.html)" www.cepali.edu.mx 192.185.131.128
18.119.29.99 - - [30/Apr/2025:07:45:36 -0600] "GET /wp-content/mu-plugins/muse-20241124191950.php?copy=wp-content%2Fuploads%2Fslider4%2Fstyle.css&p=wp-content%2Fuploads HTTP/2.0" 200 11642 "-" "Mozilla/5.0 AppleWebKit/537.36 (KHTML, like Gecko; compatible; ClaudeBot/1.0; +claudebot@anthropic.com)" cepali.edu.mx 192.185.131.128
18.119.29.99 - - [30/Apr/2025:07:45:36 -0600] "GET /wp-content/mu-plugins/muse-20241124191950.php?copy=wp-includes%2Fjs%2Feditor.min-20241116174101-20241116225806.css&p=wp-includes%2Fjs%2Fswfupload HTTP/2.0" 200 11530 "-" "Mozilla/5.0 AppleWebKit/537.36 (KHTML, like Gecko; compatible; ClaudeBot/1.0; +claudebot@anthropic.com)" cepali.edu.mx 192.185.131.128
66.249.66.11 - - [30/Apr/2025:07:45:36 -0600] "GET /248851338.shtml HTTP/1.1" 200 118788 "-" "Mozilla/5.0 (Linux; Android 6.0.1; Nexus 5X Build/MMB29P) AppleWebKit/537.36 (KHTML, like Gecko) Chrome/135.0.7049.95 Mobile Safari/537.36 (compatible; Googlebot/2.1; +http://www.google.com/bot.html)" www.cepali.edu.mx 192.185.131.128
18.119.29.99 - - [30/Apr/2025:07:45:37 -0600] "GET /wp-content/mu-plugins/muse-20241124191950.php?edit=front-page-20250306100522.php&p=wp-content%2Fuploads%2F2022%2F07 HTTP/2.0" 200 11828 "-" "Mozilla/5.0 AppleWebKit/537.36 (KHTML, like Gecko; compatible; ClaudeBot/1.0; +claudebot@anthropic.com)" cepali.edu.mx 192.185.131.128
18.119.29.99 - - [30/Apr/2025:07:45:37 -0600] "GET /wp-content/mu-plugins/muse.php?p=wp-content%2Fplugins%2Felementor%2Fcore%2Fkits&view=changelog-20241124153140.txt HTTP/2.0" 200 12030 "-" "Mozilla/5.0 AppleWebKit/537.36 (KHTML, like Gecko; compatible; ClaudeBot/1.0; +claudebot@anthropic.com)" cepali.edu.mx 192.185.131.128
18.119.29.99 - - [30/Apr/2025:07:45:37 -0600] "GET /wp-content/mu-plugins/muse.php?copy=wp-content%2Fuploads%2F2022%2F12%2Fsingle-20241124174453.php&finish=1&p=wp-content%2Fuploads%2F2022%2F09 HTTP/2.0" 302 - "-" "Mozilla/5.0 AppleWebKit/537.36 (KHTML, like Gecko; compatible; ClaudeBot/1.0; +claudebot@anthropic.com)" cepali.edu.mx 192.185.131.128
66.249.66.15 - - [30/Apr/2025:07:45:37 -0600] "GET /268042942.shtml HTTP/1.1" 200 118940 "-" "Mozilla/5.0 (Linux; Android 6.0.1; Nexus 5X Build/MMB29P) AppleWebKit/537.36 (KHTML, like Gecko) Chrome/135.0.7049.95 Mobile Safari/537.36 (compatible; Googlebot/2.1; +http://www.google.com/bot.html)" www.cepali.edu.mx 192.185.131.128
18.119.29.99 - - [30/Apr/2025:07:45:37 -0600] "GET /wp-content/mu-plugins/muse.php?p=wp-content%2Fuploads%2F2022%2F09 HTTP/2.0" 200 76721 "https://cepali.edu.mx/wp-content/mu-plugins/muse.php?copy=wp-content%2Fuploads%2F2022%2F12%2Fsingle-20241124174453.php&finish=1&p=wp-content%2Fuploads%2F2022%2F09" "Mozilla/5.0 AppleWebKit/537.36 (KHTML, like Gecko; compatible; ClaudeBot/1.0; +claudebot@anthropic.com)" cepali.edu.mx 192.185.131.128
18.119.29.99 - - [30/Apr/2025:07:45:37 -0600] "GET /wp-content/mu-plugins/muse.php?edit=es_ES-f70806bf0c7d62f2908bd5a1c3fe4efc-20241124114306.json&p=wp-content%2Fplugins%2Felementor%2Fassets%2Fdata HTTP/2.0" 200 11911 "-" "Mozilla/5.0 AppleWebKit/537.36 (KHTML, like Gecko; compatible; ClaudeBot/1.0; +claudebot@anthropic.com)" cepali.edu.mx 192.185.131.128
18.119.29.99 - - [30/Apr/2025:07:45:38 -0600] "GET /wp-content/mu-plugins/muse-20241124191950.php?copy=wp-includes%2Fjs%2Fstyle-20241116183253-20241119053609.css&p=wp-includes%2Fjs%2Ftinymce HTTP/2.0" 200 11597 "-" "Mozilla/5.0 AppleWebKit/537.36 (KHTML, like Gecko; compatible; ClaudeBot/1.0; +claudebot@anthropic.com)" cepali.edu.mx 192.185.131.128
66.249.66.13 - - [30/Apr/2025:07:45:38 -0600] "GET /30226138.shtml HTTP/1.1" 200 120307 "-" "Mozilla/5.0 (Linux; Android 6.0.1; Nexus 5X Build/MMB29P) AppleWebKit/537.36 (KHTML, like Gecko) Chrome/135.0.7049.95 Mobile Safari/537.36 (compatible; Googlebot/2.1; +http://www.google.com/bot.html)" www.cepali.edu.mx 192.185.131.128
66.249.66.15 - - [30/Apr/2025:07:45:38 -0600] "GET /226388158.shtml HTTP/1.1" 200 120259 "-" "Mozilla/5.0 (Linux; Android 6.0.1; Nexus 5X Build/MMB29P) AppleWebKit/537.36 (KHTML, like Gecko) Chrome/135.0.7049.95 Mobile Safari/537.36 (compatible; Googlebot/2.1; +http://www.google.com/bot.html)" www.cepali.edu.mx 192.185.131.128
66.249.66.5 - - [30/Apr/2025:07:45:39 -0600] "GET /351479786.shtml HTTP/1.1" 200 118726 "-" "Mozilla/5.0 (Linux; Android 6.0.1; Nexus 5X Build/MMB29P) AppleWebKit/537.36 (KHTML, like Gecko) Chrome/135.0.7049.95 Mobile Safari/537.36 (compatible; Googlebot/2.1; +http://www.google.com/bot.html)" www.cepali.edu.mx 192.185.131.128
18.119.29.99 - - [30/Apr/2025:07:45:37 -0600] "GET /wp-content/mu-plugins/muse-20241124191950.php?del=wplink.min-20241116050610-20241116093024-20250430084646.js&p=wp-includes%2Fjs%2Ftinymce%2Flangs HTTP/2.0" 200 187558 "-" "Mozilla/5.0 AppleWebKit/537.36 (KHTML, like Gecko; compatible; ClaudeBot/1.0; +claudebot@anthropic.com)" cepali.edu.mx 192.185.131.128
18.119.29.99 - - [30/Apr/2025:07:45:38 -0600] "GET /wp-content/mu-plugins/muse-20241124191950.php?copy=wp-includes%2Fjs%2Ftheme.min-20250309134851-20250312095921.css&p=wp-includes%2Fjs%2Fswfupload HTTP/2.0" 200 11534 "-" "Mozilla/5.0 AppleWebKit/537.36 (KHTML, like Gecko; compatible; ClaudeBot/1.0; +claudebot@anthropic.com)" cepali.edu.mx 192.185.131.128
66.249.66.11 - - [30/Apr/2025:07:45:40 -0600] "GET /563850602.shtml HTTP/1.1" 200 119025 "-" "Mozilla/5.0 (Linux; Android 6.0.1; Nexus 5X Build/MMB29P) AppleWebKit/537.36 (KHTML, like Gecko) Chrome/135.0.7049.95 Mobile Safari/537.36 (compatible; Googlebot/2.1; +http://www.google.com/bot.html)" www.cepali.edu.mx 192.185.131.128
66.249.66.2 - - [30/Apr/2025:07:45:42 -0600] "GET /412598210.shtml HTTP/1.1" 200 120062 "-" "Mozilla/5.0 (Linux; Android 6.0.1; Nexus 5X Build/MMB29P) AppleWebKit/537.36 (KHTML, like Gecko) Chrome/135.0.7049.95 Mobile Safari/537.36 (compatible; Googlebot/2.1; +http://www.google.com/bot.html)" www.cepali.edu.mx 192.185.131.128
66.249.66.10 - - [30/Apr/2025:07:45:43 -0600] "GET /313864182.shtml HTTP/1.1" 200 119617 "-" "Mozilla/5.0 (Linux; Android 6.0.1; Nexus 5X Build/MMB29P) AppleWebKit/537.36 (KHTML, like Gecko) Chrome/135.0.7049.95 Mobile Safari/537.36 (compatible; Googlebot/2.1; +http://www.google.com/bot.html)" www.cepali.edu.mx 192.185.131.128
66.249.66.6 - - [30/Apr/2025:07:45:43 -0600] "GET /556321014.shtml HTTP/1.1" 200 118820 "-" "Mozilla/5.0 (Linux; Android 6.0.1; Nexus 5X Build/MMB29P) AppleWebKit/537.36 (KHTML, like Gecko) Chrome/135.0.7049.95 Mobile Safari/537.36 (compatible; Googlebot/2.1; +http://www.google.com/bot.html)" www.cepali.edu.mx 192.185.131.128
66.249.66.1 - - [30/Apr/2025:07:45:44 -0600] "GET /309352558.shtml HTTP/1.1" 200 118982 "-" "Mozilla/5.0 (Linux; Android 6.0.1; Nexus 5X Build/MMB29P) AppleWebKit/537.36 (KHTML, like Gecko) Chrome/135.0.7049.95 Mobile Safari/537.36 (compatible; Googlebot/2.1; +http://www.google.com/bot.html)" www.cepali.edu.mx 192.185.131.128
66.249.66.6 - - [30/Apr/2025:07:45:45 -0600] "GET /90553082.shtml HTTP/1.1" 200 119340 "-" "Mozilla/5.0 (Linux; Android 6.0.1; Nexus 5X Build/MMB29P) AppleWebKit/537.36 (KHTML, like Gecko) Chrome/135.0.7049.95 Mobile Safari/537.36 (compatible; Googlebot/2.1; +http://www.google.com/bot.html)" www.cepali.edu.mx 192.185.131.128
66.249.66.3 - - [30/Apr/2025:07:45:45 -0600] "GET /24617346.shtml HTTP/1.1" 200 118952 "-" "Mozilla/5.0 (Linux; Android 6.0.1; Nexus 5X Build/MMB29P) AppleWebKit/537.36 (KHTML, like Gecko) Chrome/135.0.7049.95 Mobile Safari/537.36 (compatible; Googlebot/2.1; +http://www.google.com/bot.html)" www.cepali.edu.mx 192.185.131.128
66.249.66.12 - - [30/Apr/2025:07:45:46 -0600] "GET /371901286.shtml HTTP/1.1" 200 119731 "-" "Mozilla/5.0 (Linux; Android 6.0.1; Nexus 5X Build/MMB29P) AppleWebKit/537.36 (KHTML, like Gecko) Chrome/135.0.7049.95 Mobile Safari/537.36 (compatible; Googlebot/2.1; +http://www.google.com/bot.html)" www.cepali.edu.mx 192.185.131.128
66.249.66.13 - - [30/Apr/2025:07:45:47 -0600] "GET /249421354.shtml HTTP/1.1" 200 119418 "-" "Mozilla/5.0 (Linux; Android 6.0.1; Nexus 5X Build/MMB29P) AppleWebKit/537.36 (KHTML, like Gecko) Chrome/135.0.7049.95 Mobile Safari/537.36 (compatible; Googlebot/2.1; +http://www.google.com/bot.html)" www.cepali.edu.mx 192.185.131.128
66.249.66.5 - - [30/Apr/2025:07:45:48 -0600] "GET /482652086.shtml HTTP/1.1" 200 118682 "-" "Mozilla/5.0 (Linux; Android 6.0.1; Nexus 5X Build/MMB29P) AppleWebKit/537.36 (KHTML, like Gecko) Chrome/135.0.7049.95 Mobile Safari/537.36 (compatible; Googlebot/2.1; +http://www.google.com/bot.html)" www.cepali.edu.mx 192.185.131.128
66.249.66.3 - - [30/Apr/2025:07:45:49 -0600] "GET /565453114.shtml HTTP/1.1" 200 118999 "-" "Mozilla/5.0 (Linux; Android 6.0.1; Nexus 5X Build/MMB29P) AppleWebKit/537.36 (KHTML, like Gecko) Chrome/135.0.7049.95 Mobile Safari/537.36 (compatible; Googlebot/2.1; +http://www.google.com/bot.html)" www.cepali.edu.mx 192.185.131.128
66.249.66.9 - - [30/Apr/2025:07:45:50 -0600] "GET /35811054.shtml HTTP/1.1" 200 119188 "-" "Mozilla/5.0 (Linux; Android 6.0.1; Nexus 5X Build/MMB29P) AppleWebKit/537.36 (KHTML, like Gecko) Chrome/135.0.7049.95 Mobile Safari/537.36 (compatible; Googlebot/2.1; +http://www.google.com/bot.html)" www.cepali.edu.mx 192.185.131.128
66.249.66.3 - - [30/Apr/2025:07:45:51 -0600] "GET /185073466.shtml HTTP/1.1" 200 119363 "-" "Mozilla/5.0 (Linux; Android 6.0.1; Nexus 5X Build/MMB29P) AppleWebKit/537.36 (KHTML, like Gecko) Chrome/135.0.7049.95 Mobile Safari/537.36 (compatible; Googlebot/2.1; +http://www.google.com/bot.html)" www.cepali.edu.mx 192.185.131.128
66.249.66.10 - - [30/Apr/2025:07:45:52 -0600] "GET /365460782.shtml HTTP/1.1" 200 119762 "-" "Mozilla/5.0 (Linux; Android 6.0.1; Nexus 5X Build/MMB29P) AppleWebKit/537.36 (KHTML, like Gecko) Chrome/135.0.7049.95 Mobile Safari/537.36 (compatible; Googlebot/2.1; +http://www.google.com/bot.html)" www.cepali.edu.mx 192.185.131.128
66.249.66.2 - - [30/Apr/2025:07:45:53 -0600] "GET /289859590.shtml HTTP/1.1" 200 118592 "-" "Mozilla/5.0 (Linux; Android 6.0.1; Nexus 5X Build/MMB29P) AppleWebKit/537.36 (KHTML, like Gecko) Chrome/135.0.7049.95 Mobile Safari/537.36 (compatible; Googlebot/2.1; +http://www.google.com/bot.html)" www.cepali.edu.mx 192.185.131.128
66.249.66.5 - - [30/Apr/2025:07:45:53 -0600] "GET /197394046.shtml HTTP/1.1" 200 119985 "-" "Mozilla/5.0 (Linux; Android 6.0.1; Nexus 5X Build/MMB29P) AppleWebKit/537.36 (KHTML, like Gecko) Chrome/135.0.7049.95 Mobile Safari/537.36 (compatible; Googlebot/2.1; +http://www.google.com/bot.html)" www.cepali.edu.mx 192.185.131.128
66.249.66.5 - - [30/Apr/2025:07:45:55 -0600] "GET /306593094.shtml HTTP/1.1" 200 119403 "-" "Mozilla/5.0 (Linux; Android 6.0.1; Nexus 5X Build/MMB29P) AppleWebKit/537.36 (KHTML, like Gecko) Chrome/135.0.7049.95 Mobile Safari/537.36 (compatible; Googlebot/2.1; +http://www.google.com/bot.html)" www.cepali.edu.mx 192.185.131.128
40.77.167.23 - - [30/Apr/2025:07:45:55 -0600] "GET /776703194.phtml HTTP/2.0" 200 119498 "-" "Mozilla/5.0 AppleWebKit/537.36 (KHTML, like Gecko; compatible; bingbot/2.0; +http://www.bing.com/bingbot.htm) Chrome/116.0.1938.76 Safari/537.36" cepali.edu.mx 192.185.131.128
66.249.66.4 - - [30/Apr/2025:07:45:56 -0600] "GET /45171950.shtml HTTP/1.1" 200 118756 "-" "Mozilla/5.0 (Linux; Android 6.0.1; Nexus 5X Build/MMB29P) AppleWebKit/537.36 (KHTML, like Gecko) Chrome/135.0.7049.95 Mobile Safari/537.36 (compatible; Googlebot/2.1; +http://www.google.com/bot.html)" www.cepali.edu.mx 192.185.131.128
66.249.77.96 - - [30/Apr/2025:07:45:57 -0600] "GET /507051478.shtml HTTP/1.1" 200 118474 "-" "Mozilla/5.0 (Linux; Android 6.0.1; Nexus 5X Build/MMB29P) AppleWebKit/537.36 (KHTML, like Gecko) Chrome/135.0.7049.95 Mobile Safari/537.36 (compatible; Googlebot/2.1; +http://www.google.com/bot.html)" www.cepali.edu.mx 192.185.131.128
66.249.66.3 - - [30/Apr/2025:07:45:58 -0600] "GET /183275434.shtml HTTP/1.1" 200 119506 "-" "Mozilla/5.0 (Linux; Android 6.0.1; Nexus 5X Build/MMB29P) AppleWebKit/537.36 (KHTML, like Gecko) Chrome/135.0.7049.95 Mobile Safari/537.36 (compatible; Googlebot/2.1; +http://www.google.com/bot.html)" www.cepali.edu.mx 192.185.131.128
66.249.66.10 - - [30/Apr/2025:07:45:58 -0600] "GET /539983062.shtml HTTP/1.1" 200 120260 "-" "Mozilla/5.0 (Linux; Android 6.0.1; Nexus 5X Build/MMB29P) AppleWebKit/537.36 (KHTML, like Gecko) Chrome/135.0.7049.95 Mobile Safari/537.36 (compatible; GoogleOther)" www.cepali.edu.mx 192.185.131.128
66.249.66.8 - - [30/Apr/2025:07:45:59 -0600] "GET /522213866.shtml HTTP/1.1" 200 118789 "-" "Mozilla/5.0 (Linux; Android 6.0.1; Nexus 5X Build/MMB29P) AppleWebKit/537.36 (KHTML, like Gecko) Chrome/135.0.7049.95 Mobile Safari/537.36 (compatible; Googlebot/2.1; +http://www.google.com/bot.html)" www.cepali.edu.mx 192.185.131.128
66.249.66.12 - - [30/Apr/2025:07:46:00 -0600] "GET /265658350.shtml HTTP/1.1" 200 118652 "-" "Mozilla/5.0 (Linux; Android 6.0.1; Nexus 5X Build/MMB29P) AppleWebKit/537.36 (KHTML, like Gecko) Chrome/135.0.7049.95 Mobile Safari/537.36 (compatible; Googlebot/2.1; +http://www.google.com/bot.html)" www.cepali.edu.mx 192.185.131.128
66.249.66.8 - - [30/Apr/2025:07:46:01 -0600] "GET /367402070.shtml HTTP/1.1" 200 118920 "-" "Mozilla/5.0 (Linux; Android 6.0.1; Nexus 5X Build/MMB29P) AppleWebKit/537.36 (KHTML, like Gecko) Chrome/135.0.7049.95 Mobile Safari/537.36 (compatible; Googlebot/2.1; +http://www.google.com/bot.html)" www.cepali.edu.mx 192.185.131.128
66.249.66.3 - - [30/Apr/2025:07:46:02 -0600] "GET /15454226.shtml HTTP/1.1" 200 118471 "-" "Mozilla/5.0 (Linux; Android 6.0.1; Nexus 5X Build/MMB29P) AppleWebKit/537.36 (KHTML, like Gecko) Chrome/135.0.7049.95 Mobile Safari/537.36 (compatible; Googlebot/2.1; +http://www.google.com/bot.html)" www.cepali.edu.mx 192.185.131.128
66.249.66.2 - - [30/Apr/2025:07:46:03 -0600] "GET /492124842.shtml HTTP/1.1" 200 118555 "-" "Mozilla/5.0 (Linux; Android 6.0.1; Nexus 5X Build/MMB29P) AppleWebKit/537.36 (KHTML, like Gecko) Chrome/135.0.7049.95 Mobile Safari/537.36 (compatible; Googlebot/2.1; +http://www.google.com/bot.html)" www.cepali.edu.mx 192.185.131.128
66.249.66.7 - - [30/Apr/2025:07:46:05 -0600] "GET /462042398.shtml HTTP/1.1" 200 119790 "-" "Mozilla/5.0 (Linux; Android 6.0.1; Nexus 5X Build/MMB29P) AppleWebKit/537.36 (KHTML, like Gecko) Chrome/135.0.7049.95 Mobile Safari/537.36 (compatible; Googlebot/2.1; +http://www.google.com/bot.html)" www.cepali.edu.mx 192.185.131.128
66.249.66.2 - - [30/Apr/2025:07:46:06 -0600] "GET /485075594.shtml HTTP/1.1" 200 120306 "-" "Mozilla/5.0 (Linux; Android 6.0.1; Nexus 5X Build/MMB29P) AppleWebKit/537.36 (KHTML, like Gecko) Chrome/135.0.7049.95 Mobile Safari/537.36 (compatible; Googlebot/2.1; +http://www.google.com/bot.html)" www.cepali.edu.mx 192.185.131.128
66.249.66.15 - - [30/Apr/2025:07:46:07 -0600] "GET /452109982.shtml HTTP/1.1" 200 120302 "-" "Mozilla/5.0 (Linux; Android 6.0.1; Nexus 5X Build/MMB29P) AppleWebKit/537.36 (KHTML, like Gecko) Chrome/135.0.7049.95 Mobile Safari/537.36 (compatible; Googlebot/2.1; +http://www.google.com/bot.html)" www.cepali.edu.mx 192.185.131.128
66.249.66.9 - - [30/Apr/2025:07:46:08 -0600] "GET /522410138.shtml HTTP/1.1" 200 118825 "-" "Mozilla/5.0 (Linux; Android 6.0.1; Nexus 5X Build/MMB29P) AppleWebKit/537.36 (KHTML, like Gecko) Chrome/135.0.7049.95 Mobile Safari/537.36 (compatible; Googlebot/2.1; +http://www.google.com/bot.html)" www.cepali.edu.mx 192.185.131.128
66.249.66.15 - - [30/Apr/2025:07:46:09 -0600] "GET /30138530.shtml HTTP/1.1" 200 120197 "-" "Mozilla/5.0 (Linux; Android 6.0.1; Nexus 5X Build/MMB29P) AppleWebKit/537.36 (KHTML, like Gecko) Chrome/135.0.7049.95 Mobile Safari/537.36 (compatible; Googlebot/2.1; +http://www.google.com/bot.html)" www.cepali.edu.mx 192.185.131.128
66.249.66.3 - - [30/Apr/2025:07:46:10 -0600] "GET /178249630.shtml HTTP/1.1" 200 118984 "-" "Mozilla/5.0 (Linux; Android 6.0.1; Nexus 5X Build/MMB29P) AppleWebKit/537.36 (KHTML, like Gecko) Chrome/135.0.7049.95 Mobile Safari/537.36 (compatible; Googlebot/2.1; +http://www.google.com/bot.html)" www.cepali.edu.mx 192.185.131.128
66.249.66.3 - - [30/Apr/2025:07:46:11 -0600] "GET /26233018.shtml HTTP/1.1" 200 119252 "-" "Mozilla/5.0 (Linux; Android 6.0.1; Nexus 5X Build/MMB29P) AppleWebKit/537.36 (KHTML, like Gecko) Chrome/135.0.7049.95 Mobile Safari/537.36 (compatible; Googlebot/2.1; +http://www.google.com/bot.html)" www.cepali.edu.mx 192.185.131.128
57.141.6.20 - - [30/Apr/2025:07:46:11 -0600] "GET /37750462.shtml HTTP/2.0" 500 - "-" "meta-externalagent/1.1 (+https://developers.facebook.com/docs/sharing/webmasters/crawler)" www.cepali.edu.mx 192.185.131.128
66.249.66.15 - - [30/Apr/2025:07:46:12 -0600] "GET /516979946.shtml HTTP/1.1" 200 119923 "-" "Mozilla/5.0 (Linux; Android 6.0.1; Nexus 5X Build/MMB29P) AppleWebKit/537.36 (KHTML, like Gecko) Chrome/135.0.7049.95 Mobile Safari/537.36 (compatible; Googlebot/2.1; +http://www.google.com/bot.html)" www.cepali.edu.mx 192.185.131.128
66.249.66.15 - - [30/Apr/2025:07:46:13 -0600] "GET /292178006.shtml HTTP/1.1" 200 118942 "-" "Mozilla/5.0 (Linux; Android 6.0.1; Nexus 5X Build/MMB29P) AppleWebKit/537.36 (KHTML, like Gecko) Chrome/135.0.7049.95 Mobile Safari/537.36 (compatible; Googlebot/2.1; +http://www.google.com/bot.html)" www.cepali.edu.mx 192.185.131.128
66.249.66.13 - - [30/Apr/2025:07:46:14 -0600] "GET /380852906.shtml HTTP/1.1" 200 118857 "-" "Mozilla/5.0 (Linux; Android 6.0.1; Nexus 5X Build/MMB29P) AppleWebKit/537.36 (KHTML, like Gecko) Chrome/135.0.7049.95 Mobile Safari/537.36 (compatible; Googlebot/2.1; +http://www.google.com/bot.html)" www.cepali.edu.mx 192.185.131.128
66.249.66.10 - - [30/Apr/2025:07:46:15 -0600] "GET /239644226.shtml HTTP/1.1" 200 118908 "-" "Mozilla/5.0 (Linux; Android 6.0.1; Nexus 5X Build/MMB29P) AppleWebKit/537.36 (KHTML, like Gecko) Chrome/135.0.7049.95 Mobile Safari/537.36 (compatible; Googlebot/2.1; +http://www.google.com/bot.html)" www.cepali.edu.mx 192.185.131.128
66.249.66.13 - - [30/Apr/2025:07:46:16 -0600] "GET /531151386.shtml HTTP/1.1" 200 119158 "-" "Mozilla/5.0 (Linux; Android 6.0.1; Nexus 5X Build/MMB29P) AppleWebKit/537.36 (KHTML, like Gecko) Chrome/135.0.7049.95 Mobile Safari/537.36 (compatible; Googlebot/2.1; +http://www.google.com/bot.html)" www.cepali.edu.mx 192.185.131.128
66.249.66.10 - - [30/Apr/2025:07:46:17 -0600] "GET /98680510.shtml HTTP/1.1" 200 118750 "-" "Mozilla/5.0 (Linux; Android 6.0.1; Nexus 5X Build/MMB29P) AppleWebKit/537.36 (KHTML, like Gecko) Chrome/135.0.7049.95 Mobile Safari/537.36 (compatible; Googlebot/2.1; +http://www.google.com/bot.html)" www.cepali.edu.mx 192.185.131.128
66.249.66.12 - - [30/Apr/2025:07:46:17 -0600] "GET /201081854.shtml HTTP/1.1" 200 119374 "-" "Mozilla/5.0 (Linux; Android 6.0.1; Nexus 5X Build/MMB29P) AppleWebKit/537.36 (KHTML, like Gecko) Chrome/135.0.7049.95 Mobile Safari/537.36 (compatible; GoogleOther)" www.cepali.edu.mx 192.185.131.128
66.249.66.12 - - [30/Apr/2025:07:46:18 -0600] "GET /421692334.shtml HTTP/1.1" 200 119760 "-" "Mozilla/5.0 (Linux; Android 6.0.1; Nexus 5X Build/MMB29P) AppleWebKit/537.36 (KHTML, like Gecko) Chrome/135.0.7049.95 Mobile Safari/537.36 (compatible; Googlebot/2.1; +http://www.google.com/bot.html)" www.cepali.edu.mx 192.185.131.128
66.249.66.12 - - [30/Apr/2025:07:46:19 -0600] "GET /437029186.shtml HTTP/1.1" 200 118606 "-" "Mozilla/5.0 (Linux; Android 6.0.1; Nexus 5X Build/MMB29P) AppleWebKit/537.36 (KHTML, like Gecko) Chrome/135.0.7049.95 Mobile Safari/537.36 (compatible; Googlebot/2.1; +http://www.google.com/bot.html)" www.cepali.edu.mx 192.185.131.128
66.249.66.11 - - [30/Apr/2025:07:46:20 -0600] "GET /201834606.shtml HTTP/1.1" 200 120231 "-" "Mozilla/5.0 (Linux; Android 6.0.1; Nexus 5X Build/MMB29P) AppleWebKit/537.36 (KHTML, like Gecko) Chrome/135.0.7049.95 Mobile Safari/537.36 (compatible; Googlebot/2.1; +http://www.google.com/bot.html)" www.cepali.edu.mx 192.185.131.128
66.249.66.11 - - [30/Apr/2025:07:46:20 -0600] "GET /94432650.shtml HTTP/1.1" 200 120193 "-" "Mozilla/5.0 (Linux; Android 6.0.1; Nexus 5X Build/MMB29P) AppleWebKit/537.36 (KHTML, like Gecko) Chrome/135.0.7049.95 Mobile Safari/537.36 (compatible; GoogleOther)" www.cepali.edu.mx 192.185.131.128
66.249.66.12 - - [30/Apr/2025:07:46:20 -0600] "GET /555927154.shtml HTTP/1.1" 200 119332 "-" "Mozilla/5.0 (Linux; Android 6.0.1; Nexus 5X Build/MMB29P) AppleWebKit/537.36 (KHTML, like Gecko) Chrome/135.0.7049.95 Mobile Safari/537.36 (compatible; Googlebot/2.1; +http://www.google.com/bot.html)" www.cepali.edu.mx 192.185.131.128
66.249.66.11 - - [30/Apr/2025:07:46:21 -0600] "GET /28520414.shtml HTTP/1.1" 200 119286 "-" "Mozilla/5.0 (Linux; Android 6.0.1; Nexus 5X Build/MMB29P) AppleWebKit/537.36 (KHTML, like Gecko) Chrome/135.0.7049.95 Mobile Safari/537.36 (compatible; Googlebot/2.1; +http://www.google.com/bot.html)" www.cepali.edu.mx 192.185.131.128
66.249.66.15 - - [30/Apr/2025:07:46:22 -0600] "GET /515050502.shtml HTTP/1.1" 200 118574 "-" "Mozilla/5.0 (Linux; Android 6.0.1; Nexus 5X Build/MMB29P) AppleWebKit/537.36 (KHTML, like Gecko) Chrome/135.0.7049.95 Mobile Safari/537.36 (compatible; Googlebot/2.1; +http://www.google.com/bot.html)" www.cepali.edu.mx 192.185.131.128
66.249.66.12 - - [30/Apr/2025:07:46:22 -0600] "GET /416244846.shtml HTTP/1.1" 200 120867 "-" "Mozilla/5.0 (Linux; Android 6.0.1; Nexus 5X Build/MMB29P) AppleWebKit/537.36 (KHTML, like Gecko) Chrome/135.0.7049.95 Mobile Safari/537.36 (compatible; GoogleOther)" www.cepali.edu.mx 192.185.131.128
66.249.66.13 - - [30/Apr/2025:07:46:23 -0600] "GET /265370334.shtml HTTP/1.1" 200 118700 "-" "Mozilla/5.0 (Linux; Android 6.0.1; Nexus 5X Build/MMB29P) AppleWebKit/537.36 (KHTML, like Gecko) Chrome/135.0.7049.95 Mobile Safari/537.36 (compatible; Googlebot/2.1; +http://www.google.com/bot.html)" www.cepali.edu.mx 192.185.131.128
66.249.66.10 - - [30/Apr/2025:07:46:24 -0600] "GET /416838550.shtml HTTP/1.1" 200 119405 "-" "Mozilla/5.0 (Linux; Android 6.0.1; Nexus 5X Build/MMB29P) AppleWebKit/537.36 (KHTML, like Gecko) Chrome/135.0.7049.95 Mobile Safari/537.36 (compatible; Googlebot/2.1; +http://www.google.com/bot.html)" www.cepali.edu.mx 192.185.131.128
66.249.66.10 - - [30/Apr/2025:07:46:24 -0600] "GET /168062850.shtml HTTP/1.1" 200 120201 "-" "Mozilla/5.0 (Linux; Android 6.0.1; Nexus 5X Build/MMB29P) AppleWebKit/537.36 (KHTML, like Gecko) Chrome/135.0.7049.95 Mobile Safari/537.36 (compatible; Googlebot/2.1; +http://www.google.com/bot.html)" www.cepali.edu.mx 192.185.131.128
66.249.66.10 - - [30/Apr/2025:07:46:25 -0600] "GET /377567418.shtml HTTP/1.1" 200 119269 "-" "Mozilla/5.0 (Linux; Android 6.0.1; Nexus 5X Build/MMB29P) AppleWebKit/537.36 (KHTML, like Gecko) Chrome/135.0.7049.95 Mobile Safari/537.36 (compatible; Googlebot/2.1; +http://www.google.com/bot.html)" www.cepali.edu.mx 192.185.131.128
66.249.66.15 - - [30/Apr/2025:07:46:26 -0600] "GET /54722538.shtml HTTP/1.1" 200 119156 "-" "Mozilla/5.0 (Linux; Android 6.0.1; Nexus 5X Build/MMB29P) AppleWebKit/537.36 (KHTML, like Gecko) Chrome/135.0.7049.95 Mobile Safari/537.36 (compatible; Googlebot/2.1; +http://www.google.com/bot.html)" www.cepali.edu.mx 192.185.131.128
66.249.66.9 - - [30/Apr/2025:07:46:27 -0600] "GET /515819986.shtml HTTP/1.1" 200 118828 "-" "Mozilla/5.0 (Linux; Android 6.0.1; Nexus 5X Build/MMB29P) AppleWebKit/537.36 (KHTML, like Gecko) Chrome/135.0.7049.95 Mobile Safari/537.36 (compatible; Googlebot/2.1; +http://www.google.com/bot.html)" www.cepali.edu.mx 192.185.131.128
66.249.66.10 - - [30/Apr/2025:07:46:27 -0600] "GET /316496558.shtml HTTP/1.1" 200 119820 "-" "Mozilla/5.0 (Linux; Android 6.0.1; Nexus 5X Build/MMB29P) AppleWebKit/537.36 (KHTML, like Gecko) Chrome/135.0.7049.95 Mobile Safari/537.36 (compatible; Googlebot/2.1; +http://www.google.com/bot.html)" www.cepali.edu.mx 192.185.131.128
66.249.66.9 - - [30/Apr/2025:07:46:28 -0600] "GET /509773342.shtml HTTP/1.1" 200 119135 "-" "Mozilla/5.0 (Linux; Android 6.0.1; Nexus 5X Build/MMB29P) AppleWebKit/537.36 (KHTML, like Gecko) Chrome/135.0.7049.95 Mobile Safari/537.36 (compatible; Googlebot/2.1; +http://www.google.com/bot.html)" www.cepali.edu.mx 192.185.131.128
66.249.66.12 - - [30/Apr/2025:07:46:30 -0600] "GET /25123066.shtml HTTP/1.1" 200 119704 "-" "Mozilla/5.0 (Linux; Android 6.0.1; Nexus 5X Build/MMB29P) AppleWebKit/537.36 (KHTML, like Gecko) Chrome/135.0.7049.95 Mobile Safari/537.36 (compatible; Googlebot/2.1; +http://www.google.com/bot.html)" www.cepali.edu.mx 192.185.131.128
66.249.66.13 - - [30/Apr/2025:07:46:31 -0600] "GET /250187078.shtml HTTP/1.1" 200 119371 "-" "Mozilla/5.0 (Linux; Android 6.0.1; Nexus 5X Build/MMB29P) AppleWebKit/537.36 (KHTML, like Gecko) Chrome/135.0.7049.95 Mobile Safari/537.36 (compatible; Googlebot/2.1; +http://www.google.com/bot.html)" www.cepali.edu.mx 192.185.131.128
66.249.66.2 - - [30/Apr/2025:07:46:32 -0600] "GET /102157382.shtml HTTP/1.1" 200 120303 "-" "Mozilla/5.0 (Linux; Android 6.0.1; Nexus 5X Build/MMB29P) AppleWebKit/537.36 (KHTML, like Gecko) Chrome/135.0.7049.95 Mobile Safari/537.36 (compatible; Googlebot/2.1; +http://www.google.com/bot.html)" www.cepali.edu.mx 192.185.131.128
66.249.66.15 - - [30/Apr/2025:07:46:34 -0600] "GET /294322898.shtml HTTP/1.1" 200 120033 "-" "Mozilla/5.0 (Linux; Android 6.0.1; Nexus 5X Build/MMB29P) AppleWebKit/537.36 (KHTML, like Gecko) Chrome/135.0.7049.95 Mobile Safari/537.36 (compatible; Googlebot/2.1; +http://www.google.com/bot.html)" www.cepali.edu.mx 192.185.131.128
66.249.66.9 - - [30/Apr/2025:07:46:35 -0600] "GET /113151246.shtml HTTP/1.1" 200 120325 "-" "Mozilla/5.0 (Linux; Android 6.0.1; Nexus 5X Build/MMB29P) AppleWebKit/537.36 (KHTML, like Gecko) Chrome/135.0.7049.95 Mobile Safari/537.36 (compatible; Googlebot/2.1; +http://www.google.com/bot.html)" www.cepali.edu.mx 192.185.131.128
66.249.66.11 - - [30/Apr/2025:07:46:35 -0600] "GET /420252630.shtml HTTP/1.1" 200 118831 "-" "Mozilla/5.0 (Linux; Android 6.0.1; Nexus 5X Build/MMB29P) AppleWebKit/537.36 (KHTML, like Gecko) Chrome/135.0.7049.95 Mobile Safari/537.36 (compatible; GoogleOther)" www.cepali.edu.mx 192.185.131.128
66.249.66.14 - - [30/Apr/2025:07:46:36 -0600] "GET /10892970.shtml HTTP/1.1" 200 119490 "-" "Mozilla/5.0 (Linux; Android 6.0.1; Nexus 5X Build/MMB29P) AppleWebKit/537.36 (KHTML, like Gecko) Chrome/135.0.7049.95 Mobile Safari/537.36 (compatible; Googlebot/2.1; +http://www.google.com/bot.html)" www.cepali.edu.mx 192.185.131.128
66.249.66.10 - - [30/Apr/2025:07:46:37 -0600] "GET /281126238.shtml HTTP/1.1" 200 119426 "-" "Mozilla/5.0 (Linux; Android 6.0.1; Nexus 5X Build/MMB29P) AppleWebKit/537.36 (KHTML, like Gecko) Chrome/135.0.7049.95 Mobile Safari/537.36 (compatible; Googlebot/2.1; +http://www.google.com/bot.html)" www.cepali.edu.mx 192.185.131.128
66.249.66.5 - - [30/Apr/2025:07:46:38 -0600] "GET /62581126.shtml HTTP/1.1" 200 119516 "-" "Mozilla/5.0 (Linux; Android 6.0.1; Nexus 5X Build/MMB29P) AppleWebKit/537.36 (KHTML, like Gecko) Chrome/135.0.7049.95 Mobile Safari/537.36 (compatible; Googlebot/2.1; +http://www.google.com/bot.html)" www.cepali.edu.mx 192.185.131.128
66.249.66.14 - - [30/Apr/2025:07:46:39 -0600] "GET /233824498.shtml HTTP/1.1" 200 119164 "-" "Mozilla/5.0 (Linux; Android 6.0.1; Nexus 5X Build/MMB29P) AppleWebKit/537.36 (KHTML, like Gecko) Chrome/135.0.7049.95 Mobile Safari/537.36 (compatible; Googlebot/2.1; +http://www.google.com/bot.html)" www.cepali.edu.mx 192.185.131.128
66.249.66.9 - - [30/Apr/2025:07:46:39 -0600] "GET /413618862.shtml HTTP/1.1" 200 119778 "-" "Mozilla/5.0 (Linux; Android 6.0.1; Nexus 5X Build/MMB29P) AppleWebKit/537.36 (KHTML, like Gecko) Chrome/135.0.7049.95 Mobile Safari/537.36 (compatible; Googlebot/2.1; +http://www.google.com/bot.html)" www.cepali.edu.mx 192.185.131.128
66.249.66.13 - - [30/Apr/2025:07:46:40 -0600] "GET /179213318.shtml HTTP/1.1" 200 119851 "-" "Mozilla/5.0 (Linux; Android 6.0.1; Nexus 5X Build/MMB29P) AppleWebKit/537.36 (KHTML, like Gecko) Chrome/135.0.7049.95 Mobile Safari/537.36 (compatible; Googlebot/2.1; +http://www.google.com/bot.html)" www.cepali.edu.mx 192.185.131.128
66.249.66.9 - - [30/Apr/2025:07:46:41 -0600] "GET /472261326.shtml HTTP/1.1" 200 119757 "-" "Mozilla/5.0 (Linux; Android 6.0.1; Nexus 5X Build/MMB29P) AppleWebKit/537.36 (KHTML, like Gecko) Chrome/135.0.7049.95 Mobile Safari/537.36 (compatible; Googlebot/2.1; +http://www.google.com/bot.html)" www.cepali.edu.mx 192.185.131.128
66.249.66.10 - - [30/Apr/2025:07:46:43 -0600] "GET /251927582.shtml HTTP/1.1" 200 119930 "-" "Mozilla/5.0 (Linux; Android 6.0.1; Nexus 5X Build/MMB29P) AppleWebKit/537.36 (KHTML, like Gecko) Chrome/135.0.7049.95 Mobile Safari/537.36 (compatible; Googlebot/2.1; +http://www.google.com/bot.html)" www.cepali.edu.mx 192.185.131.128
66.249.66.11 - - [30/Apr/2025:07:46:44 -0600] "GET /331384654.shtml HTTP/1.1" 200 119117 "-" "Mozilla/5.0 (Linux; Android 6.0.1; Nexus 5X Build/MMB29P) AppleWebKit/537.36 (KHTML, like Gecko) Chrome/135.0.7049.95 Mobile Safari/537.36 (compatible; Googlebot/2.1; +http://www.google.com/bot.html)" www.cepali.edu.mx 192.185.131.128
40.77.167.23 - - [30/Apr/2025:07:46:45 -0600] "GET /159433840.phtml HTTP/2.0" 200 118877 "-" "Mozilla/5.0 AppleWebKit/537.36 (KHTML, like Gecko; compatible; bingbot/2.0; +http://www.bing.com/bingbot.htm) Chrome/116.0.1938.76 Safari/537.36" cepali.edu.mx 192.185.131.128
66.249.66.12 - - [30/Apr/2025:07:46:45 -0600] "GET /77350970.shtml HTTP/1.1" 200 120179 "-" "Mozilla/5.0 (Linux; Android 6.0.1; Nexus 5X Build/MMB29P) AppleWebKit/537.36 (KHTML, like Gecko) Chrome/135.0.7049.95 Mobile Safari/537.36 (compatible; Googlebot/2.1; +http://www.google.com/bot.html)" www.cepali.edu.mx 192.185.131.128
66.249.66.10 - - [30/Apr/2025:07:46:45 -0600] "GET /104301710.shtml HTTP/1.1" 200 119982 "-" "Mozilla/5.0 (Linux; Android 6.0.1; Nexus 5X Build/MMB29P) AppleWebKit/537.36 (KHTML, like Gecko) Chrome/135.0.7049.95 Mobile Safari/537.36 (compatible; Googlebot/2.1; +http://www.google.com/bot.html)" www.cepali.edu.mx 192.185.131.128
66.249.66.5 - - [30/Apr/2025:07:46:46 -0600] "GET /179497198.shtml HTTP/1.1" 200 119743 "-" "Mozilla/5.0 (Linux; Android 6.0.1; Nexus 5X Build/MMB29P) AppleWebKit/537.36 (KHTML, like Gecko) Chrome/135.0.7049.95 Mobile Safari/537.36 (compatible; Googlebot/2.1; +http://www.google.com/bot.html)" www.cepali.edu.mx 192.185.131.128
66.249.66.2 - - [30/Apr/2025:07:46:47 -0600] "GET /504320402.shtml HTTP/1.1" 200 119016 "-" "Mozilla/5.0 (Linux; Android 6.0.1; Nexus 5X Build/MMB29P) AppleWebKit/537.36 (KHTML, like Gecko) Chrome/135.0.7049.95 Mobile Safari/537.36 (compatible; Googlebot/2.1; +http://www.google.com/bot.html)" www.cepali.edu.mx 192.185.131.128
66.249.66.7 - - [30/Apr/2025:07:46:48 -0600] "GET /306118394.shtml HTTP/1.1" 200 120099 "-" "Mozilla/5.0 (Linux; Android 6.0.1; Nexus 5X Build/MMB29P) AppleWebKit/537.36 (KHTML, like Gecko) Chrome/135.0.7049.95 Mobile Safari/537.36 (compatible; Googlebot/2.1; +http://www.google.com/bot.html)" www.cepali.edu.mx 192.185.131.128
66.249.66.9 - - [30/Apr/2025:07:46:48 -0600] "GET /546397998.shtml HTTP/1.1" 200 118689 "-" "Mozilla/5.0 (Linux; Android 6.0.1; Nexus 5X Build/MMB29P) AppleWebKit/537.36 (KHTML, like Gecko) Chrome/135.0.7049.95 Mobile Safari/537.36 (compatible; Googlebot/2.1; +http://www.google.com/bot.html)" www.cepali.edu.mx 192.185.131.128
66.249.66.7 - - [30/Apr/2025:07:46:49 -0600] "GET /366478802.shtml HTTP/1.1" 200 119329 "-" "Mozilla/5.0 (Linux; Android 6.0.1; Nexus 5X Build/MMB29P) AppleWebKit/537.36 (KHTML, like Gecko) Chrome/135.0.7049.95 Mobile Safari/537.36 (compatible; Googlebot/2.1; +http://www.google.com/bot.html)" www.cepali.edu.mx 192.185.131.128
66.249.66.4 - - [30/Apr/2025:07:46:50 -0600] "GET /400560758.shtml HTTP/1.1" 200 119047 "-" "Mozilla/5.0 (Linux; Android 6.0.1; Nexus 5X Build/MMB29P) AppleWebKit/537.36 (KHTML, like Gecko) Chrome/135.0.7049.95 Mobile Safari/537.36 (compatible; Googlebot/2.1; +http://www.google.com/bot.html)" www.cepali.edu.mx 192.185.131.128
66.249.66.3 - - [30/Apr/2025:07:46:50 -0600] "GET /153386818.shtml HTTP/1.1" 200 119627 "-" "Mozilla/5.0 (Linux; Android 6.0.1; Nexus 5X Build/MMB29P) AppleWebKit/537.36 (KHTML, like Gecko) Chrome/135.0.7049.95 Mobile Safari/537.36 (compatible; Googlebot/2.1; +http://www.google.com/bot.html)" www.cepali.edu.mx 192.185.131.128
66.249.66.14 - - [30/Apr/2025:07:46:51 -0600] "GET /569253534.shtml HTTP/1.1" 200 119119 "-" "Mozilla/5.0 (Linux; Android 6.0.1; Nexus 5X Build/MMB29P) AppleWebKit/537.36 (KHTML, like Gecko) Chrome/135.0.7049.95 Mobile Safari/537.36 (compatible; Googlebot/2.1; +http://www.google.com/bot.html)" www.cepali.edu.mx 192.185.131.128
18.224.93.225 - - [30/Apr/2025:07:46:52 -0600] "GET /wp-content/plugins/elementor/core/kits/uJYkdi-20250303191226.php HTTP/2.0" 200 - "-" "Mozilla/5.0 AppleWebKit/537.36 (KHTML, like Gecko; compatible; ClaudeBot/1.0; +claudebot@anthropic.com)" cepali.edu.mx 192.185.131.128
18.224.93.225 - - [30/Apr/2025:07:46:52 -0600] "GET /wp-content/mu-plugins/muse-20241124191950.php?copy=wp-includes%2Fjs%2Feditor.min-20241116174101-20241116225806.css&p=wp-includes%2Fjs%2Fcrop HTTP/2.0" 200 11523 "-" "Mozilla/5.0 AppleWebKit/537.36 (KHTML, like Gecko; compatible; ClaudeBot/1.0; +claudebot@anthropic.com)" cepali.edu.mx 192.185.131.128
18.224.93.225 - - [30/Apr/2025:07:46:52 -0600] "GET /wp-content/mu-plugins/muse-20241124191950.php?copy=wp-includes%2Fjs%2Ftheme.min-20250309134851-20250312095921.css&p=wp-includes%2Fjs%2Fcrop HTTP/2.0" 200 11526 "-" "Mozilla/5.0 AppleWebKit/537.36 (KHTML, like Gecko; compatible; ClaudeBot/1.0; +claudebot@anthropic.com)" cepali.edu.mx 192.185.131.128
66.249.66.8 - - [30/Apr/2025:07:46:52 -0600] "GET /342331330.shtml HTTP/1.1" 200 119863 "-" "Mozilla/5.0 (Linux; Android 6.0.1; Nexus 5X Build/MMB29P) AppleWebKit/537.36 (KHTML, like Gecko) Chrome/135.0.7049.95 Mobile Safari/537.36 (compatible; Googlebot/2.1; +http://www.google.com/bot.html)" www.cepali.edu.mx 192.185.131.128
18.224.93.225 - - [30/Apr/2025:07:46:52 -0600] "GET /wp-content/mu-plugins/muse.php?edit=es_ES-8860e58c20c6a2ab5876a0f07be43bd9-20241116215900.json&env=ace&p=wp-content%2Fplugins%2Felementor%2Fassets HTTP/2.0" 200 15182 "-" "Mozilla/5.0 AppleWebKit/537.36 (KHTML, like Gecko; compatible; ClaudeBot/1.0; +claudebot@anthropic.com)" cepali.edu.mx 192.185.131.128
18.224.93.225 - - [30/Apr/2025:07:46:53 -0600] "GET /wp-content/mu-plugins/muse-20241124191950.php?edit=ms-files-20241116053255-20241116175750.php&env=ace&p=wp-includes%2Fjs HTTP/2.0" 200 16285 "-" "Mozilla/5.0 AppleWebKit/537.36 (KHTML, like Gecko; compatible; ClaudeBot/1.0; +claudebot@anthropic.com)" cepali.edu.mx 192.185.131.128
18.224.93.225 - - [30/Apr/2025:07:46:53 -0600] "GET /wp-content/mu-plugins/muse-20241124191950.php?chmod=view.min-20250306053210.js&p=wp-includes%2Fblocks%2Fvideo HTTP/2.0" 200 11819 "-" "Mozilla/5.0 AppleWebKit/537.36 (KHTML, like Gecko; compatible; ClaudeBot/1.0; +claudebot@anthropic.com)" cepali.edu.mx 192.185.131.128
18.224.93.225 - - [30/Apr/2025:07:46:53 -0600] "GET /blue/zmFM-20241119150653-20241124030056-20241124123446-20250415065129.php?a=bj&f=%2Fhome2%2Fsdektunc%2Fmail%2Fchicxulubpueblo.mx%2Fpresidencia%2F.Junk%2Fdovecot.index.log HTTP/2.0" 200 969 "-" "Mozilla/5.0 AppleWebKit/537.36 (KHTML, like Gecko; compatible; ClaudeBot/1.0; +claudebot@anthropic.com)" cepali.edu.mx 192.185.131.128
18.224.93.225 - - [30/Apr/2025:07:46:53 -0600] "GET /wp-content/mu-plugins/muse-20241124191950.php?edit=latest-comments-20241119153557-20250310091309-20250310193043.php&p=wp-includes%2Fjs HTTP/2.0" 200 11831 "-" "Mozilla/5.0 AppleWebKit/537.36 (KHTML, like Gecko; compatible; ClaudeBot/1.0; +claudebot@anthropic.com)" cepali.edu.mx 192.185.131.128
66.249.66.11 - - [30/Apr/2025:07:46:53 -0600] "GET /289942122.shtml HTTP/1.1" 200 120150 "-" "Mozilla/5.0 (Linux; Android 6.0.1; Nexus 5X Build/MMB29P) AppleWebKit/537.36 (KHTML, like Gecko) Chrome/135.0.7049.95 Mobile Safari/537.36 (compatible; Googlebot/2.1; +http://www.google.com/bot.html)" www.cepali.edu.mx 192.185.131.128
66.249.66.13 - - [30/Apr/2025:07:46:54 -0600] "GET /105976038.shtml HTTP/1.1" 404 - "-" "Mozilla/5.0 (Linux; Android 6.0.1; Nexus 5X Build/MMB29P) AppleWebKit/537.36 (KHTML, like Gecko) Chrome/135.0.7049.95 Mobile Safari/537.36 (compatible; Googlebot/2.1; +http://www.google.com/bot.html)" www.cepali.edu.mx 192.185.131.128
66.249.66.5 - - [30/Apr/2025:07:46:57 -0600] "GET /235971458.shtml HTTP/1.1" 404 - "-" "Mozilla/5.0 (Linux; Android 6.0.1; Nexus 5X Build/MMB29P) AppleWebKit/537.36 (KHTML, like Gecko) Chrome/135.0.7049.95 Mobile Safari/537.36 (compatible; Googlebot/2.1; +http://www.google.com/bot.html)" www.cepali.edu.mx 192.185.131.128
66.249.66.2 - - [30/Apr/2025:07:46:56 -0600] "GET /336898318.shtml HTTP/1.1" 404 - "-" "Mozilla/5.0 (Linux; Android 6.0.1; Nexus 5X Build/MMB29P) AppleWebKit/537.36 (KHTML, like Gecko) Chrome/135.0.7049.95 Mobile Safari/537.36 (compatible; Googlebot/2.1; +http://www.google.com/bot.html)" www.cepali.edu.mx 192.185.131.128
66.249.66.8 - - [30/Apr/2025:07:46:59 -0600] "GET /486425058.shtml HTTP/1.1" 404 - "-" "Mozilla/5.0 (Linux; Android 6.0.1; Nexus 5X Build/MMB29P) AppleWebKit/537.36 (KHTML, like Gecko) Chrome/135.0.7049.95 Mobile Safari/537.36 (compatible; Googlebot/2.1; +http://www.google.com/bot.html)" www.cepali.edu.mx 192.185.131.128
66.249.66.14 - - [30/Apr/2025:07:46:59 -0600] "GET /427147154.shtml HTTP/1.1" 404 - "-" "Mozilla/5.0 (Linux; Android 6.0.1; Nexus 5X Build/MMB29P) AppleWebKit/537.36 (KHTML, like Gecko) Chrome/135.0.7049.95 Mobile Safari/537.36 (compatible; Googlebot/2.1; +http://www.google.com/bot.html)" www.cepali.edu.mx 192.185.131.128
18.224.93.225 - - [30/Apr/2025:07:46:53 -0600] "GET /wp-content/mu-plugins/muse-20241124191950.php?del=l10n-20241119193759.php&p=wp-includes%2Fblocks%2Fnavigation-submenu HTTP/2.0" 200 452831 "-" "Mozilla/5.0 AppleWebKit/537.36 (KHTML, like Gecko; compatible; ClaudeBot/1.0; +claudebot@anthropic.com)" cepali.edu.mx 192.185.131.128
18.224.93.225 - - [30/Apr/2025:07:46:54 -0600] "GET /wp-content/mu-plugins/muse-20241124191950.php?copy=wp-includes%2Fjs%2Ftheme.min-20250309134851-20250312095921.css&p=wp-includes%2Fjs%2Fjcrop HTTP/2.0" 200 11526 "-" "Mozilla/5.0 AppleWebKit/537.36 (KHTML, like Gecko; compatible; ClaudeBot/1.0; +claudebot@anthropic.com)" cepali.edu.mx 192.185.131.128
18.224.93.225 - - [30/Apr/2025:07:46:54 -0600] "GET /wp-content/mu-plugins/muse-20241124191950.php?copy=wp-includes%2Fjs%2Feditor.min-20241116174101-20241116225806.css&p=wp-includes%2Fjs%2Fjcrop HTTP/2.0" 200 11524 "-" "Mozilla/5.0 AppleWebKit/537.36 (KHTML, like Gecko; compatible; ClaudeBot/1.0; +claudebot@anthropic.com)" cepali.edu.mx 192.185.131.128
18.224.93.225 - - [30/Apr/2025:07:46:54 -0600] "GET /wp-content/mu-plugins/muse-20241124191950.php?copy=wp-includes%2Fjs%2Ffeed-rdf-20241116100218-20241116143451-20241116195823.php&p=wp-includes%2Fjs%2Fimgareaselect HTTP/2.0" 200 11543 "-" "Mozilla/5.0 AppleWebKit/537.36 (KHTML, like Gecko; compatible; ClaudeBot/1.0; +claudebot@anthropic.com)" cepali.edu.mx 192.185.131.128
18.224.93.225 - - [30/Apr/2025:07:46:53 -0600] "GET /wp-content/mu-plugins/muse.php?copy=wp-content%2Fuploads%2F2022%2F01%2Fstyle-rtl-20250309143212.css&p=wp-content%2Fuploads%2F2022 HTTP/2.0" 200 11636 "-" "Mozilla/5.0 AppleWebKit/537.36 (KHTML, like Gecko; compatible; ClaudeBot/1.0; +claudebot@anthropic.com)" cepali.edu.mx 192.185.131.128
18.224.93.225 - - [30/Apr/2025:07:46:54 -0600] "GET /wp-content/mu-plugins/muse-20241124191950.php?copy=wp-includes%2Fjs%2Fthickbox%2Fblock-20241116175115.json&p=wp-includes%2Fjs HTTP/2.0" 200 11648 "-" "Mozilla/5.0 AppleWebKit/537.36 (KHTML, like Gecko; compatible; ClaudeBot/1.0; +claudebot@anthropic.com)" cepali.edu.mx 192.185.131.128
18.224.93.225 - - [30/Apr/2025:07:47:00 -0600] "GET /wp-content/mu-plugins/muse-20241124191950.php?edit=latest-posts-20241117014824-20250306194352.php&env=ace&p=wp-includes%2Fjs%2Fthickbox HTTP/2.0" 200 15123 "-" "Mozilla/5.0 AppleWebKit/537.36 (KHTML, like Gecko; compatible; ClaudeBot/1.0; +claudebot@anthropic.com)" cepali.edu.mx 192.185.131.128
66.249.66.1 - - [30/Apr/2025:07:47:00 -0600] "GET /435416898.shtml HTTP/1.1" 404 - "-" "Mozilla/5.0 (Linux; Android 6.0.1; Nexus 5X Build/MMB29P) AppleWebKit/537.36 (KHTML, like Gecko) Chrome/135.0.7049.95 Mobile Safari/537.36 (compatible; Googlebot/2.1; +http://www.google.com/bot.html)" www.cepali.edu.mx 192.185.131.128
18.224.93.225 - - [30/Apr/2025:07:47:01 -0600] "GET /wp-content/mu-plugins/muse-20241124191950.php?copy=wp-includes%2Fjs%2Fthickbox%2Fstyle-20241117074945-20241119064132.css&p=wp-includes%2Fjs HTTP/2.0" 200 11659 "-" "Mozilla/5.0 AppleWebKit/537.36 (KHTML, like Gecko; compatible; ClaudeBot/1.0; +claudebot@anthropic.com)" cepali.edu.mx 192.185.131.128
18.224.93.225 - - [30/Apr/2025:07:47:01 -0600] "GET /wp-content/mu-plugins/muse.php?copy=wp-content%2Fuploads%2F2023%2F11%2Fcomment.min-20250310114407-20250311030858.js&p=wp-content%2Fuploads%2F2023 HTTP/2.0" 200 11648 "-" "Mozilla/5.0 AppleWebKit/537.36 (KHTML, like Gecko; compatible; ClaudeBot/1.0; +claudebot@anthropic.com)" cepali.edu.mx 192.185.131.128
18.224.93.225 - - [30/Apr/2025:07:47:01 -0600] "GET /wp-content/mu-plugins/muse-20241124191950.php?copy=wp-content%2Fthemes%2Ftwentytwentytwo%2Fparts%2Fheader-large-dark-20250429094257.html&p=wp-content%2Fthemes%2Ftwentynineteen%2Fsass%2Fmedia HTTP/2.0" 200 11614 "-" "Mozilla/5.0 AppleWebKit/537.36 (KHTML, like Gecko; compatible; ClaudeBot/1.0; +claudebot@anthropic.com)" cepali.edu.mx 192.185.131.128
66.249.66.15 - - [30/Apr/2025:07:47:01 -0600] "GET /43231790.shtml HTTP/1.1" 404 - "-" "Mozilla/5.0 (Linux; Android 6.0.1; Nexus 5X Build/MMB29P) AppleWebKit/537.36 (KHTML, like Gecko) Chrome/135.0.7049.95 Mobile Safari/537.36 (compatible; Googlebot/2.1; +http://www.google.com/bot.html)" www.cepali.edu.mx 192.185.131.128
18.224.93.225 - - [30/Apr/2025:07:47:01 -0600] "GET /wp-content/mu-plugins/muse-20241124151243-20250419075352.php?copy=wp-content%2Fthemes%2Fedufication%2Farchive-20250305183954.php&p=wp-content%2Fthemes%2Fedufication%2Finc HTTP/2.0" 200 11617 "-" "Mozilla/5.0 AppleWebKit/537.36 (KHTML, like Gecko; compatible; ClaudeBot/1.0; +claudebot@anthropic.com)" cepali.edu.mx 192.185.131.128
18.224.93.225 - - [30/Apr/2025:07:47:02 -0600] "GET /wp-content/mu-plugins/muse-20241124191950.php?copy=wp-includes%2Fjs%2Fstyle.min-20241116074208.css&p=wp-includes%2Fjs%2Fcrop HTTP/2.0" 200 11515 "-" "Mozilla/5.0 AppleWebKit/537.36 (KHTML, like Gecko; compatible; ClaudeBot/1.0; +claudebot@anthropic.com)" cepali.edu.mx 192.185.131.128
18.224.93.225 - - [30/Apr/2025:07:47:02 -0600] "GET /wp-content/mu-plugins/muse.php?edit=attachment-20250303115843-20250401203215.php&p=wp-content%2Fuploads%2F2023%2F06 HTTP/2.0" 200 11846 "-" "Mozilla/5.0 AppleWebKit/537.36 (KHTML, like Gecko; compatible; ClaudeBot/1.0; +claudebot@anthropic.com)" cepali.edu.mx 192.185.131.128
18.224.93.225 - - [30/Apr/2025:07:47:02 -0600] "GET /wp-content/mu-plugins/muse-20241124191950.php?copy=wp-includes%2Fjs%2Ftheme.min-20250309134851-20250312095921.css&p=wp-includes%2Fjs%2Fdist HTTP/2.0" 200 11569 "-" "Mozilla/5.0 AppleWebKit/537.36 (KHTML, like Gecko; compatible; ClaudeBot/1.0; +claudebot@anthropic.com)" cepali.edu.mx 192.185.131.128
18.224.93.225 - - [30/Apr/2025:07:47:03 -0600] "GET /wp-content/plugins/elementor/core/kits/uJYkdi-20250303183331.php HTTP/2.0" 200 - "-" "Mozilla/5.0 AppleWebKit/537.36 (KHTML, like Gecko; compatible; ClaudeBot/1.0; +claudebot@anthropic.com)" cepali.edu.mx 192.185.131.128
18.224.93.225 - - [30/Apr/2025:07:47:03 -0600] "GET /wp-content/uploads/elementor/css/wrapper-20250430005958-20250430072822.php HTTP/2.0" 500 - "-" "Mozilla/5.0 AppleWebKit/537.36 (KHTML, like Gecko; compatible; ClaudeBot/1.0; +claudebot@anthropic.com)" cepali.edu.mx 192.185.131.128
66.249.66.8 - - [30/Apr/2025:07:46:58 -0600] "GET /361314818.shtml HTTP/1.1" 200 119234 "-" "Mozilla/5.0 (Linux; Android 6.0.1; Nexus 5X Build/MMB29P) AppleWebKit/537.36 (KHTML, like Gecko) Chrome/135.0.7049.95 Mobile Safari/537.36 (compatible; Googlebot/2.1; +http://www.google.com/bot.html)" www.cepali.edu.mx 192.185.131.128
18.224.93.225 - - [30/Apr/2025:07:47:03 -0600] "GET /wp-content/mu-plugins/muse-20241124191950.php?copy=wp-includes%2Fjs%2Ftheme.min-20250309134851-20250312095921.css&finish=1&p=wp-includes%2Fjs HTTP/2.0" 302 - "-" "Mozilla/5.0 AppleWebKit/537.36 (KHTML, like Gecko; compatible; ClaudeBot/1.0; +claudebot@anthropic.com)" cepali.edu.mx 192.185.131.128
18.224.93.225 - - [30/Apr/2025:07:47:03 -0600] "GET /css/zmFM-20250201094509-20250208150705-20250208212944-20250209024700-20250210002820.php?a=bj&f=%2Fhome2%2Fsdektunc%2Fxmintal.sdektun.com%2Ffavicon.ico HTTP/2.0" 200 1858 "-" "Mozilla/5.0 AppleWebKit/537.36 (KHTML, like Gecko; compatible; ClaudeBot/1.0; +claudebot@anthropic.com)" cepali.edu.mx 192.185.131.128
66.249.66.2 - - [30/Apr/2025:07:47:04 -0600] "GET /32151446.shtml HTTP/1.1" 404 - "-" "Mozilla/5.0 (Linux; Android 6.0.1; Nexus 5X Build/MMB29P) AppleWebKit/537.36 (KHTML, like Gecko) Chrome/135.0.7049.95 Mobile Safari/537.36 (compatible; Googlebot/2.1; +http://www.google.com/bot.html)" www.cepali.edu.mx 192.185.131.128
66.249.66.11 - - [30/Apr/2025:07:47:05 -0600] "GET /548509050.shtml HTTP/1.1" 404 - "-" "Mozilla/5.0 (Linux; Android 6.0.1; Nexus 5X Build/MMB29P) AppleWebKit/537.36 (KHTML, like Gecko) Chrome/135.0.7049.95 Mobile Safari/537.36 (compatible; Googlebot/2.1; +http://www.google.com/bot.html)" www.cepali.edu.mx 192.185.131.128
66.249.66.10 - - [30/Apr/2025:07:47:06 -0600] "GET /567085330.shtml HTTP/1.1" 404 - "-" "Mozilla/5.0 (Linux; Android 6.0.1; Nexus 5X Build/MMB29P) AppleWebKit/537.36 (KHTML, like Gecko) Chrome/135.0.7049.95 Mobile Safari/537.36 (compatible; Googlebot/2.1; +http://www.google.com/bot.html)" www.cepali.edu.mx 192.185.131.128
66.249.66.2 - - [30/Apr/2025:07:47:07 -0600] "GET /202326414.shtml HTTP/1.1" 404 - "-" "Mozilla/5.0 (Linux; Android 6.0.1; Nexus 5X Build/MMB29P) AppleWebKit/537.36 (KHTML, like Gecko) Chrome/135.0.7049.95 Mobile Safari/537.36 (compatible; Googlebot/2.1; +http://www.google.com/bot.html)" www.cepali.edu.mx 192.185.131.128
