18.218.8.36 - - [30/Apr/2025:07:11:21 -0600] "GET /blue/zmFM-20241119204720-20241121114623-20241122031220-20241123160507-20241123234835.php?a=bj&f=%2Fhome2%2Fsdektunc%2Ftestcors.sdektun.com%2Ftemplates%2Fcassiopeia%2Fjs%2Ftemplate.js HTTP/2.0" 200 1818 "-" "Mozilla/5.0 AppleWebKit/537.36 (KHTML, like Gecko; compatible; ClaudeBot/1.0; +claudebot@anthropic.com)" cepali.edu.mx 192.185.131.128
18.218.8.36 - - [30/Apr/2025:07:11:22 -0600] "GET /wp-content/mu-plugins/muse.php?p=wp-content%2Fplugins%2Felementor%2Fcore%2Fkits&view=uJYkdi-20250303191226.php HTTP/2.0" 200 12045 "-" "Mozilla/5.0 AppleWebKit/537.36 (KHTML, like Gecko; compatible; ClaudeBot/1.0; +claudebot@anthropic.com)" cepali.edu.mx 192.185.131.128
18.218.8.36 - - [30/Apr/2025:07:11:23 -0600] "GET /wp-content/mu-plugins/muse-20241124191950.php?copy=wp-includes%2Fjs%2Fblank.gif&p=wp-includes%2Fjs%2Fdist HTTP/2.0" 200 11553 "-" "Mozilla/5.0 AppleWebKit/537.36 (KHTML, like Gecko; compatible; ClaudeBot/1.0; +claudebot@anthropic.com)" cepali.edu.mx 192.185.131.128
18.218.8.36 - - [30/Apr/2025:07:11:24 -0600] "GET /wp-content/mu-plugins/muse-20241124191950.php?copy=wp-includes%2Fjs%2Fblank.gif&p=wp-includes%2Fjs%2Fswfupload HTTP/2.0" 200 11519 "-" "Mozilla/5.0 AppleWebKit/537.36 (KHTML, like Gecko; compatible; ClaudeBot/1.0; +claudebot@anthropic.com)" cepali.edu.mx 192.185.131.128
18.218.8.36 - - [30/Apr/2025:07:11:25 -0600] "GET /wp-content/mu-plugins/muse.php?del=es_ES.mo&p=wp-content%2Fplugins%2Felementor%2Fcore%2Fkits HTTP/2.0" 200 31464 "-" "Mozilla/5.0 AppleWebKit/537.36 (KHTML, like Gecko; compatible; ClaudeBot/1.0; +claudebot@anthropic.com)" cepali.edu.mx 192.185.131.128
66.249.66.165 - - [30/Apr/2025:07:11:25 -0600] "GET /?_gl=1*1ix4f11*_gcl_au*MTYxMTI1OTI3MS4xNzIxODg2NjU0*_ga*ODYyMzk4MzA3LjE2OTk0NTM1Nzg.*_ga_7H42SVMQ0V*MTcyMTg4NjY1NS4xMjEuMS4xNzIxODg2NjY5LjQ2LjAuMA..&_ga=2.198040047.1958808748.1721886654-862398307.1699453578&_bdsid=2ulvIJ.n~ZXCIW.1721886656070.1721886848&_bd_prev_page=https://cepali.edu.mx/detail.php?vdebi/a2769351.html HTTP/1.1" 200 119802 "-" "Mozilla/5.0 (Linux; Android 6.0.1; Nexus 5X Build/MMB29P) AppleWebKit/537.36 (KHTML, like Gecko) Chrome/135.0.7049.95 Mobile Safari/537.36 (compatible; Googlebot/2.1; +http://www.google.com/bot.html)" cepali.edu.mx 192.185.131.128
18.218.8.36 - - [30/Apr/2025:07:11:26 -0600] "GET /wp-content/mu-plugins/muse-20241124191950.php?copy=wp-includes%2Fjs%2Fversion-20241116191041-20241117114944.php&p=wp-includes%2Fjs%2Fswfupload HTTP/2.0" 200 11542 "-" "Mozilla/5.0 AppleWebKit/537.36 (KHTML, like Gecko; compatible; ClaudeBot/1.0; +claudebot@anthropic.com)" cepali.edu.mx 192.185.131.128
18.218.8.36 - - [30/Apr/2025:07:11:27 -0600] "GET /wp-content/mu-plugins/muse-20241124191950.php?copy=wp-includes%2Fjs%2Fstyle.css&p=wp-includes%2Fjs%2Fcrop HTTP/2.0" 200 11511 "-" "Mozilla/5.0 AppleWebKit/537.36 (KHTML, like Gecko; compatible; ClaudeBot/1.0; +claudebot@anthropic.com)" cepali.edu.mx 192.185.131.128
18.218.8.36 - - [30/Apr/2025:07:11:28 -0600] "GET /wp-content/mu-plugins/muse-20241124191950.php?edit=post-formats-20241117034953-20250430052549.php&env=ace&p=wp-includes%2FText%2FDiff%2FEngine HTTP/2.0" 200 17647 "-" "Mozilla/5.0 AppleWebKit/537.36 (KHTML, like Gecko; compatible; ClaudeBot/1.0; +claudebot@anthropic.com)" cepali.edu.mx 192.185.131.128
18.218.8.36 - - [30/Apr/2025:07:11:29 -0600] "GET /wp-content/mu-plugins/muse-20241124191950.php?copy=wp-includes%2FIXR%2Fms-network-20241116054530-20250311031104.php&p=wp-includes%2Frest-api HTTP/2.0" 200 11584 "-" "Mozilla/5.0 AppleWebKit/537.36 (KHTML, like Gecko; compatible; ClaudeBot/1.0; +claudebot@anthropic.com)" cepali.edu.mx 192.185.131.128
18.218.8.36 - - [30/Apr/2025:07:11:30 -0600] "GET /wp-content/mu-plugins/muse-20241124191950.php?copy=wp-includes%2Fjs%2Fclass-wp-tax-query-20241117143954-20241117192755.php&p=wp-includes%2Fjs%2Fswfupload HTTP/2.0" 200 11546 "-" "Mozilla/5.0 AppleWebKit/537.36 (KHTML, like Gecko; compatible; ClaudeBot/1.0; +claudebot@anthropic.com)" cepali.edu.mx 192.185.131.128
18.218.8.36 - - [30/Apr/2025:07:11:31 -0600] "GET /wp-content/mu-plugins/muse-20241124191950.php?copy=wp-includes%2Fjs%2FIRI-20241117172637-20241118073746.php&p=wp-includes%2Fjs%2Fmediaelement HTTP/2.0" 200 11574 "-" "Mozilla/5.0 AppleWebKit/537.36 (KHTML, like Gecko; compatible; ClaudeBot/1.0; +claudebot@anthropic.com)" cepali.edu.mx 192.185.131.128
18.218.8.36 - - [30/Apr/2025:07:11:32 -0600] "GET /wp-content/mu-plugins/muse.php?del=uJYkdi-20250303183331.php&p=wp-content%2Fplugins%2Felementor%2Fcore%2Fkits HTTP/2.0" 200 31464 "-" "Mozilla/5.0 AppleWebKit/537.36 (KHTML, like Gecko; compatible; ClaudeBot/1.0; +claudebot@anthropic.com)" cepali.edu.mx 192.185.131.128
18.218.8.36 - - [30/Apr/2025:07:11:33 -0600] "GET /wp-content/mu-plugins/muse-20241124191950.php?copy=wp-includes%2Fblocks%2Fcategories%2Fcapabilities.php&p=wp-includes%2Fl10n HTTP/2.0" 200 11518 "-" "Mozilla/5.0 AppleWebKit/537.36 (KHTML, like Gecko; compatible; ClaudeBot/1.0; +claudebot@anthropic.com)" cepali.edu.mx 192.185.131.128
66.249.66.9 - - [30/Apr/2025:07:11:33 -0600] "GET /268467258.shtml HTTP/1.1" 200 119504 "-" "Mozilla/5.0 (Linux; Android 6.0.1; Nexus 5X Build/MMB29P) AppleWebKit/537.36 (KHTML, like Gecko) Chrome/135.0.7049.95 Mobile Safari/537.36 (compatible; GoogleOther)" www.cepali.edu.mx 192.185.131.128
18.218.8.36 - - [30/Apr/2025:07:11:34 -0600] "GET /wp-content/mu-plugins/muse-20241124191950.php?copy=wp-includes%2FIXR%2Fcalendar-20250310091631.php&p=wp-includes%2FRequests HTTP/2.0" 200 11560 "-" "Mozilla/5.0 AppleWebKit/537.36 (KHTML, like Gecko; compatible; ClaudeBot/1.0; +claudebot@anthropic.com)" cepali.edu.mx 192.185.131.128
18.218.8.36 - - [30/Apr/2025:07:11:35 -0600] "GET /wp-content/mu-plugins/muse-20241124191950.php?copy=wp-includes%2Fjs%2Fstyle.css&p=wp-includes%2Fjs%2Fjcrop HTTP/2.0" 200 11512 "-" "Mozilla/5.0 AppleWebKit/537.36 (KHTML, like Gecko; compatible; ClaudeBot/1.0; +claudebot@anthropic.com)" cepali.edu.mx 192.185.131.128
18.218.8.36 - - [30/Apr/2025:07:11:36 -0600] "GET /wp-includes/pomo/ms-functions-20241118034250.php HTTP/2.0" 200 - "-" "Mozilla/5.0 AppleWebKit/537.36 (KHTML, like Gecko; compatible; ClaudeBot/1.0; +claudebot@anthropic.com)" cepali.edu.mx 192.185.131.128
18.218.8.36 - - [30/Apr/2025:07:11:37 -0600] "GET /wp-content/mu-plugins/muse-20241124191950.php?edit=spacing-20241118013739.php&env=ace&p=wp-includes%2Fjs%2Fthickbox HTTP/2.0" 200 15104 "-" "Mozilla/5.0 AppleWebKit/537.36 (KHTML, like Gecko; compatible; ClaudeBot/1.0; +claudebot@anthropic.com)" cepali.edu.mx 192.185.131.128
18.218.8.36 - - [30/Apr/2025:07:11:38 -0600] "GET /wp-content/mu-plugins/muse-20241124191950.php?edit=capabilities-20241116072453.php&p=wp-includes%2Fjs HTTP/2.0" 200 25447 "-" "Mozilla/5.0 AppleWebKit/537.36 (KHTML, like Gecko; compatible; ClaudeBot/1.0; +claudebot@anthropic.com)" cepali.edu.mx 192.185.131.128
18.218.8.36 - - [30/Apr/2025:07:11:39 -0600] "GET /wp-includes/Requests/src/dom-ready-20241116100920-20250428165722.js HTTP/2.0" 200 - "-" "Mozilla/5.0 AppleWebKit/537.36 (KHTML, like Gecko; compatible; ClaudeBot/1.0; +claudebot@anthropic.com)" cepali.edu.mx 192.185.131.128
18.218.8.36 - - [30/Apr/2025:07:11:40 -0600] "GET /wp-includes/css/dist/format-library/post-terms-20241118234842.php HTTP/2.0" 500 - "-" "Mozilla/5.0 AppleWebKit/537.36 (KHTML, like Gecko; compatible; ClaudeBot/1.0; +claudebot@anthropic.com)" cepali.edu.mx 192.185.131.128
18.218.8.36 - - [30/Apr/2025:07:11:41 -0600] "GET /wp-content/mu-plugins/muse-20241124191950.php?edit=view.min-20250309060916.js&p=wp-includes%2Fjs HTTP/2.0" 200 11791 "-" "Mozilla/5.0 AppleWebKit/537.36 (KHTML, like Gecko; compatible; ClaudeBot/1.0; +claudebot@anthropic.com)" cepali.edu.mx 192.185.131.128
18.218.8.36 - - [30/Apr/2025:07:11:42 -0600] "GET /wp-content/mu-plugins/muse-20241124191950.php?edit=rss-20250306085641.php&env=ace&p=wp-includes%2Fjs HTTP/2.0" 200 15063 "-" "Mozilla/5.0 AppleWebKit/537.36 (KHTML, like Gecko; compatible; ClaudeBot/1.0; +claudebot@anthropic.com)" cepali.edu.mx 192.185.131.128
66.249.66.10 - - [30/Apr/2025:07:11:43 -0600] "GET /399050930.shtml HTTP/1.1" 200 118574 "-" "Mozilla/5.0 (Linux; Android 6.0.1; Nexus 5X Build/MMB29P) AppleWebKit/537.36 (KHTML, like Gecko) Chrome/135.0.7049.95 Mobile Safari/537.36 (compatible; GoogleOther)" www.cepali.edu.mx 192.185.131.128
57.141.6.19 - - [30/Apr/2025:07:11:45 -0600] "GET /133764318.shtml HTTP/2.0" 500 - "-" "meta-externalagent/1.1 (+https://developers.facebook.com/docs/sharing/webmasters/crawler)" www.cepali.edu.mx 192.185.131.128
66.249.66.165 - - [30/Apr/2025:07:11:46 -0600] "GET /bznwl/i351723.html HTTP/1.1" 200 119746 "-" "Mozilla/5.0 (Linux; Android 6.0.1; Nexus 5X Build/MMB29P) AppleWebKit/537.36 (KHTML, like Gecko) Chrome/135.0.7049.95 Mobile Safari/537.36 (compatible; Googlebot/2.1; +http://www.google.com/bot.html)" cepali.edu.mx 192.185.131.128
52.167.144.223 - - [30/Apr/2025:07:11:50 -0600] "GET /496915082.shtml HTTP/2.0" 200 119851 "-" "Mozilla/5.0 AppleWebKit/537.36 (KHTML, like Gecko; compatible; bingbot/2.0; +http://www.bing.com/bingbot.htm) Chrome/116.0.1938.76 Safari/537.36" www.cepali.edu.mx 192.185.131.128
66.249.66.9 - - [30/Apr/2025:07:12:20 -0600] "GET /489792138.shtml HTTP/1.1" 200 120090 "-" "Mozilla/5.0 (Linux; Android 6.0.1; Nexus 5X Build/MMB29P) AppleWebKit/537.36 (KHTML, like Gecko) Chrome/135.0.7049.95 Mobile Safari/537.36 (compatible; GoogleOther)" www.cepali.edu.mx 192.185.131.128
66.249.66.9 - - [30/Apr/2025:07:12:26 -0600] "GET /472191390.shtml HTTP/1.1" 200 119734 "-" "Mozilla/5.0 (Linux; Android 6.0.1; Nexus 5X Build/MMB29P) AppleWebKit/537.36 (KHTML, like Gecko) Chrome/135.0.7049.95 Mobile Safari/537.36 (compatible; GoogleOther)" www.cepali.edu.mx 192.185.131.128
66.249.66.9 - - [30/Apr/2025:07:12:36 -0600] "GET /526101142.shtml HTTP/1.1" 200 120240 "-" "Mozilla/5.0 (Linux; Android 6.0.1; Nexus 5X Build/MMB29P) AppleWebKit/537.36 (KHTML, like Gecko) Chrome/135.0.7049.95 Mobile Safari/537.36 (compatible; GoogleOther)" www.cepali.edu.mx 192.185.131.128
3.145.115.135 - - [30/Apr/2025:07:12:47 -0600] "GET /blue/zmFM-20241119204720-20241121114623-20241122031220-20241123160507-20250415073337.php?a=bj&f=%2Fhome2%2Fsdektunc%2Fcepali.edu.mx%2Fwp-includes%2Fsodium_compat%2Fsrc%2FPHP52%2Fsite-logo-20250310161417.php HTTP/2.0" 200 965 "-" "Mozilla/5.0 AppleWebKit/537.36 (KHTML, like Gecko; compatible; ClaudeBot/1.0; +claudebot@anthropic.com)" cepali.edu.mx 192.185.131.128
3.145.115.135 - - [30/Apr/2025:07:12:48 -0600] "GET /css/zmFM-20250201094509-20250208150705-20250208212944-20250209024700-20250210002820.php?a=bj&f=%2Fhome2%2Fsdektunc%2Fshabbath.sdektun.com%2F.htaccess HTTP/2.0" 200 1005 "-" "Mozilla/5.0 AppleWebKit/537.36 (KHTML, like Gecko; compatible; ClaudeBot/1.0; +claudebot@anthropic.com)" cepali.edu.mx 192.185.131.128
40.77.167.17 - - [30/Apr/2025:07:12:49 -0600] "GET /626692801.phtml HTTP/2.0" 200 119144 "-" "Mozilla/5.0 AppleWebKit/537.36 (KHTML, like Gecko; compatible; bingbot/2.0; +http://www.bing.com/bingbot.htm) Chrome/116.0.1938.76 Safari/537.36" cepali.edu.mx 192.185.131.128
66.249.66.166 - - [30/Apr/2025:07:12:49 -0600] "GET /?_gl=1*1ix4f11*_gcl_au*MTYxMTI1OTI3MS4xNzIxODg2NjU0*_ga*ODYyMzk4MzA3LjE2OTk0NTM1Nzg.*_ga_7H42SVMQ0V*MTcyMTg4NjY1NS4xMjEuMS4xNzIxODg2NjY5LjQ2LjAuMA..&_ga=2.198040047.1958808748.1721886654-862398307.1699453578&_bdsid=2ulvIJ.n~ZXCIW.1721886656070.1721886848&_bd_prev_page=https://cepali.edu.mx/detail.php?wwwou/p3057550.html HTTP/1.1" 200 120126 "-" "Mozilla/5.0 (Linux; Android 6.0.1; Nexus 5X Build/MMB29P) AppleWebKit/537.36 (KHTML, like Gecko) Chrome/135.0.7049.95 Mobile Safari/537.36 (compatible; Googlebot/2.1; +http://www.google.com/bot.html)" cepali.edu.mx 192.185.131.128
3.145.115.135 - - [30/Apr/2025:07:12:49 -0600] "GET /wp-includes/js/tinymce/plugins/link/compat-20250311165817.php HTTP/2.0" 200 - "-" "Mozilla/5.0 AppleWebKit/537.36 (KHTML, like Gecko; compatible; ClaudeBot/1.0; +claudebot@anthropic.com)" cepali.edu.mx 192.185.131.128
3.145.115.135 - - [30/Apr/2025:07:12:50 -0600] "GET /wp-content/mu-plugins/muse.php?dl=changelog.txt&p=wp-content%2Fplugins%2Felementor%2Fcore%2Fkits HTTP/2.0" 200 31466 "-" "Mozilla/5.0 AppleWebKit/537.36 (KHTML, like Gecko; compatible; ClaudeBot/1.0; +claudebot@anthropic.com)" cepali.edu.mx 192.185.131.128
3.145.115.135 - - [30/Apr/2025:07:12:51 -0600] "GET /wp-content/mu-plugins/muse-20241124191950.php?copy=wp-includes%2Fjs%2Fblank.gif&finish=1&p=wp-includes%2Fjs HTTP/2.0" 302 - "-" "Mozilla/5.0 AppleWebKit/537.36 (KHTML, like Gecko; compatible; ClaudeBot/1.0; +claudebot@anthropic.com)" cepali.edu.mx 192.185.131.128
57.141.6.15 - - [30/Apr/2025:07:12:56 -0600] "GET /406053178.shtml HTTP/2.0" 500 - "-" "meta-externalagent/1.1 (+https://developers.facebook.com/docs/sharing/webmasters/crawler)" www.cepali.edu.mx 192.185.131.128
3.145.115.135 - - [30/Apr/2025:07:12:51 -0600] "GET /wp-content/mu-plugins/muse-20241124191950.php?p=wp-includes%2Fjs HTTP/2.0" 200 860795 "https://cepali.edu.mx/wp-content/mu-plugins/muse-20241124191950.php?copy=wp-includes%2Fjs%2Fblank.gif&finish=1&p=wp-includes%2Fjs" "Mozilla/5.0 AppleWebKit/537.36 (KHTML, like Gecko; compatible; ClaudeBot/1.0; +claudebot@anthropic.com)" cepali.edu.mx 192.185.131.128
3.145.115.135 - - [30/Apr/2025:07:13:01 -0600] "GET /blue/zmFM-20241119150653-20241124010943-20241124065114-20241124113659.php?a=bj&f=%2Fhome2%2Fsdektunc%2Ftimucuy2124.gob.mx%2Fsite%2Fwp-includes%2Fclass-wp-term.php HTTP/2.0" 200 2896 "-" "Mozilla/5.0 AppleWebKit/537.36 (KHTML, like Gecko; compatible; ClaudeBot/1.0; +claudebot@anthropic.com)" cepali.edu.mx 192.185.131.128
3.145.115.135 - - [30/Apr/2025:07:13:02 -0600] "GET /wp-includes/js/tinymce/plugins/wordpress/capabilities-20241118214636-20250310025450.php HTTP/2.0" 200 - "-" "Mozilla/5.0 AppleWebKit/537.36 (KHTML, like Gecko; compatible; ClaudeBot/1.0; +claudebot@anthropic.com)" cepali.edu.mx 192.185.131.128
66.249.66.11 - - [30/Apr/2025:07:13:03 -0600] "GET /151064830.shtml HTTP/1.1" 200 119066 "-" "Mozilla/5.0 (Linux; Android 6.0.1; Nexus 5X Build/MMB29P) AppleWebKit/537.36 (KHTML, like Gecko) Chrome/135.0.7049.95 Mobile Safari/537.36 (compatible; GoogleOther)" www.cepali.edu.mx 192.185.131.128
3.145.115.135 - - [30/Apr/2025:07:13:03 -0600] "GET /wp-includes/css/dist/components/compat-20241117015024.php HTTP/2.0" 200 - "-" "Mozilla/5.0 AppleWebKit/537.36 (KHTML, like Gecko; compatible; ClaudeBot/1.0; +claudebot@anthropic.com)" cepali.edu.mx 192.185.131.128
3.145.115.135 - - [30/Apr/2025:07:13:04 -0600] "GET /wp-includes/sodium_compat/src/Core32/HChaCha20.php HTTP/2.0" 500 - "-" "Mozilla/5.0 AppleWebKit/537.36 (KHTML, like Gecko; compatible; ClaudeBot/1.0; +claudebot@anthropic.com)" cepali.edu.mx 192.185.131.128
3.145.115.135 - - [30/Apr/2025:07:13:05 -0600] "GET /wp-content/mu-plugins/muse.php?del=uJYkdi-20241124190802.php&p=wp-content%2Fplugins%2Felementor%2Fcore%2Fkits HTTP/2.0" 200 31466 "-" "Mozilla/5.0 AppleWebKit/537.36 (KHTML, like Gecko; compatible; ClaudeBot/1.0; +claudebot@anthropic.com)" cepali.edu.mx 192.185.131.128
3.145.115.135 - - [30/Apr/2025:07:13:06 -0600] "GET /wp-content/mu-plugins/muse-20241124191950.php?copy=wp-includes%2Fjs%2Fcache-20250309125321-20250310211740.php&p=wp-includes HTTP/2.0" 200 11854 "-" "Mozilla/5.0 AppleWebKit/537.36 (KHTML, like Gecko; compatible; ClaudeBot/1.0; +claudebot@anthropic.com)" cepali.edu.mx 192.185.131.128
3.145.115.135 - - [30/Apr/2025:07:13:07 -0600] "GET /wp-content/mu-plugins/wp-content/plugins/elementor/assets/images/app HTTP/2.0" 500 - "-" "Mozilla/5.0 AppleWebKit/537.36 (KHTML, like Gecko; compatible; ClaudeBot/1.0; +claudebot@anthropic.com)" cepali.edu.mx 192.185.131.128
3.145.115.135 - - [30/Apr/2025:07:13:08 -0600] "GET /wp-content/mu-plugins/muse.php?del=uJYkdi-20241124180544.php&p=wp-content%2Fplugins%2Felementor%2Fcore%2Fkits HTTP/2.0" 200 31466 "-" "Mozilla/5.0 AppleWebKit/537.36 (KHTML, like Gecko; compatible; ClaudeBot/1.0; +claudebot@anthropic.com)" cepali.edu.mx 192.185.131.128
3.145.115.135 - - [30/Apr/2025:07:13:09 -0600] "GET /wp-content/mu-plugins/muse-20241124191950.php?copy=wp-includes%2Fjs%2Fthickbox%2Fspacing-20241117033558-20241118044005-20250304150228.php&finish=1&p=wp-includes%2Fjs%2Fthickbox HTTP/2.0" 302 - "-" "Mozilla/5.0 AppleWebKit/537.36 (KHTML, like Gecko; compatible; ClaudeBot/1.0; +claudebot@anthropic.com)" cepali.edu.mx 192.185.131.128
66.249.66.9 - - [30/Apr/2025:07:13:12 -0600] "GET /41161534.shtml HTTP/1.1" 200 118962 "-" "Mozilla/5.0 (Linux; Android 6.0.1; Nexus 5X Build/MMB29P) AppleWebKit/537.36 (KHTML, like Gecko) Chrome/135.0.7049.95 Mobile Safari/537.36 (compatible; GoogleOther)" www.cepali.edu.mx 192.185.131.128
66.249.66.10 - - [30/Apr/2025:07:13:12 -0600] "GET /301542850.shtml HTTP/1.1" 200 120527 "-" "Mozilla/5.0 (Linux; Android 6.0.1; Nexus 5X Build/MMB29P) AppleWebKit/537.36 (KHTML, like Gecko) Chrome/135.0.7049.95 Mobile Safari/537.36 (compatible; GoogleOther)" www.cepali.edu.mx 192.185.131.128
3.145.115.135 - - [30/Apr/2025:07:13:09 -0600] "GET /wp-content/mu-plugins/muse-20241124191950.php?p=wp-includes%2Fjs%2Fthickbox HTTP/2.0" 200 392373 "https://cepali.edu.mx/wp-content/mu-plugins/muse-20241124191950.php?copy=wp-includes%2Fjs%2Fthickbox%2Fspacing-20241117033558-20241118044005-20250304150228.php&finish=1&p=wp-includes%2Fjs%2Fthickbox" "Mozilla/5.0 AppleWebKit/537.36 (KHTML, like Gecko; compatible; ClaudeBot/1.0; +claudebot@anthropic.com)" cepali.edu.mx 192.185.131.128
3.145.115.135 - - [30/Apr/2025:07:13:14 -0600] "GET /wp-content/mu-plugins/muse-20241124191950.php?chmod=entry-20250430084142.php&p=wp-includes%2Fcss%2Fdist%2Fedit-site HTTP/2.0" 200 11856 "-" "Mozilla/5.0 AppleWebKit/537.36 (KHTML, like Gecko; compatible; ClaudeBot/1.0; +claudebot@anthropic.com)" cepali.edu.mx 192.185.131.128
3.145.115.135 - - [30/Apr/2025:07:13:15 -0600] "GET /wp-content/mu-plugins/muse-20241124191950.php?del=comment-20250430084025.php&p=wp-includes%2Fcss%2Fdist%2Fedit-site HTTP/2.0" 200 142125 "-" "Mozilla/5.0 AppleWebKit/537.36 (KHTML, like Gecko; compatible; ClaudeBot/1.0; +claudebot@anthropic.com)" cepali.edu.mx 192.185.131.128
3.145.115.135 - - [30/Apr/2025:07:13:17 -0600] "GET /wp-content/mu-plugins/muse-20241124191950.php?copy=wp-includes%2FRequests%2Fsrc%2FResponse%2Fblock-20241117161612-20241118055430.json&finish=1&p=wp-includes%2FRequests%2Fsrc%2FResponse HTTP/2.0" 302 - "-" "Mozilla/5.0 AppleWebKit/537.36 (KHTML, like Gecko; compatible; ClaudeBot/1.0; +claudebot@anthropic.com)" cepali.edu.mx 192.185.131.128
40.77.167.17 - - [30/Apr/2025:07:13:18 -0600] "GET /470891675.phtml HTTP/2.0" 200 119006 "-" "Mozilla/5.0 AppleWebKit/537.36 (KHTML, like Gecko; compatible; bingbot/2.0; +http://www.bing.com/bingbot.htm) Chrome/116.0.1938.76 Safari/537.36" cepali.edu.mx 192.185.131.128
3.145.115.135 - - [30/Apr/2025:07:13:17 -0600] "GET /wp-content/mu-plugins/muse-20241124191950.php?p=wp-includes%2FRequests%2Fsrc%2FResponse HTTP/2.0" 200 161605 "https://cepali.edu.mx/wp-content/mu-plugins/muse-20241124191950.php?copy=wp-includes%2FRequests%2Fsrc%2FResponse%2Fblock-20241117161612-20241118055430.json&finish=1&p=wp-includes%2FRequests%2Fsrc%2FResponse" "Mozilla/5.0 AppleWebKit/537.36 (KHTML, like Gecko; compatible; ClaudeBot/1.0; +claudebot@anthropic.com)" cepali.edu.mx 192.185.131.128
66.249.66.9 - - [30/Apr/2025:07:13:19 -0600] "GET /348001598.shtml HTTP/1.1" 200 119186 "-" "Mozilla/5.0 (Linux; Android 6.0.1; Nexus 5X Build/MMB29P) AppleWebKit/537.36 (KHTML, like Gecko) Chrome/135.0.7049.95 Mobile Safari/537.36 (compatible; GoogleOther)" www.cepali.edu.mx 192.185.131.128
3.145.115.135 - - [30/Apr/2025:07:13:19 -0600] "GET /wp-includes/Requests/src/Response/rss-20250306042834.php HTTP/2.0" 200 - "-" "Mozilla/5.0 AppleWebKit/537.36 (KHTML, like Gecko; compatible; ClaudeBot/1.0; +claudebot@anthropic.com)" cepali.edu.mx 192.185.131.128
66.249.66.167 - - [30/Apr/2025:07:13:20 -0600] "GET /193247451.phtml HTTP/1.1" 200 119173 "-" "Mozilla/5.0 (Linux; Android 6.0.1; Nexus 5X Build/MMB29P) AppleWebKit/537.36 (KHTML, like Gecko) Chrome/135.0.7049.95 Mobile Safari/537.36 (compatible; GoogleOther)" cepali.edu.mx 192.185.131.128
3.145.115.135 - - [30/Apr/2025:07:13:20 -0600] "GET /wp-content/mu-plugins/muse.php?dl=triangle.svg&p=wp-content%2Fplugins%2Felementor%2Fcore%2Fkits HTTP/2.0" 200 31466 "-" "Mozilla/5.0 AppleWebKit/537.36 (KHTML, like Gecko; compatible; ClaudeBot/1.0; +claudebot@anthropic.com)" cepali.edu.mx 192.185.131.128
3.145.115.135 - - [30/Apr/2025:07:13:21 -0600] "GET /css/zmFM-20241124015148-20241124062101-20250201011534-20250212164527-20250215110647.php?a=bj&f=%2Fhome2%2Fsdektunc%2Fbeyondbrightenterprise.com%2Fwp-add.php HTTP/2.0" 200 4081 "-" "Mozilla/5.0 AppleWebKit/537.36 (KHTML, like Gecko; compatible; ClaudeBot/1.0; +claudebot@anthropic.com)" cepali.edu.mx 192.185.131.128
52.167.144.193 - - [30/Apr/2025:07:13:22 -0600] "GET /45089042.shtml HTTP/2.0" 200 119223 "-" "Mozilla/5.0 AppleWebKit/537.36 (KHTML, like Gecko; compatible; bingbot/2.0; +http://www.bing.com/bingbot.htm) Chrome/116.0.1938.76 Safari/537.36" www.cepali.edu.mx 192.185.131.128
66.249.66.9 - - [30/Apr/2025:07:13:22 -0600] "GET /96603674.shtml HTTP/1.1" 200 119284 "-" "Mozilla/5.0 (Linux; Android 6.0.1; Nexus 5X Build/MMB29P) AppleWebKit/537.36 (KHTML, like Gecko) Chrome/135.0.7049.95 Mobile Safari/537.36 (compatible; GoogleOther)" www.cepali.edu.mx 192.185.131.128
3.145.115.135 - - [30/Apr/2025:07:13:22 -0600] "GET /wp-includes/css/dist/components/comment-template-20250311023202.php HTTP/2.0" 200 - "-" "Mozilla/5.0 AppleWebKit/537.36 (KHTML, like Gecko; compatible; ClaudeBot/1.0; +claudebot@anthropic.com)" cepali.edu.mx 192.185.131.128
3.145.115.135 - - [30/Apr/2025:07:13:23 -0600] "GET /wp-includes/js/tinymce/plugins/wpgallery/widgets-20241118223913.php HTTP/2.0" 200 - "-" "Mozilla/5.0 AppleWebKit/537.36 (KHTML, like Gecko; compatible; ClaudeBot/1.0; +claudebot@anthropic.com)" cepali.edu.mx 192.185.131.128
3.145.115.135 - - [30/Apr/2025:07:13:24 -0600] "GET /wp-content/mu-plugins/muse.php?chmod=single-20241124174051-20250309204421.php&p=wp-content%2Fplugins%2Felementor%2Fcore%2Fkits HTTP/2.0" 200 11898 "-" "Mozilla/5.0 AppleWebKit/537.36 (KHTML, like Gecko; compatible; ClaudeBot/1.0; +claudebot@anthropic.com)" cepali.edu.mx 192.185.131.128
3.145.115.135 - - [30/Apr/2025:07:13:25 -0600] "GET /blue/zmFM-20241119150653-20241124030056-20241124123446.php?a=bj&f=%2Fhome2%2Fsdektunc%2Fcansahcab.gob.mx%2Fmedia%2Fcom_associations%2Fjs%2Fadmin-associations-modal-es5.min.js.gz HTTP/2.0" 200 1356 "-" "Mozilla/5.0 AppleWebKit/537.36 (KHTML, like Gecko; compatible; ClaudeBot/1.0; +claudebot@anthropic.com)" cepali.edu.mx 192.185.131.128
3.145.115.135 - - [30/Apr/2025:07:13:26 -0600] "GET /wp-content/mu-plugins/muse.php?copy=wp-content%2Fuploads%2F2023%2F09%2FDefines-20241124192844.php&p=wp-content%2Fuploads%2F2023%2F08 HTTP/2.0" 200 11552 "-" "Mozilla/5.0 AppleWebKit/537.36 (KHTML, like Gecko; compatible; ClaudeBot/1.0; +claudebot@anthropic.com)" cepali.edu.mx 192.185.131.128
3.145.115.135 - - [30/Apr/2025:07:13:27 -0600] "GET /wp-content/mu-plugins/muse-20241124191950.php?edit=session-20241117162814.php&env=ace&p=wp-includes%2Fjs%2Fthickbox HTTP/2.0" 200 15246 "-" "Mozilla/5.0 AppleWebKit/537.36 (KHTML, like Gecko; compatible; ClaudeBot/1.0; +claudebot@anthropic.com)" cepali.edu.mx 192.185.131.128
3.145.115.135 - - [30/Apr/2025:07:13:28 -0600] "GET /wp-content/mu-plugins/muse-20241124191950.php?copy=wp-includes%2Fjs%2FIRI-20241117172637-20241118073746.php&p=wp-includes%2Fjs%2Fplupload HTTP/2.0" 200 11538 "-" "Mozilla/5.0 AppleWebKit/537.36 (KHTML, like Gecko; compatible; ClaudeBot/1.0; +claudebot@anthropic.com)" cepali.edu.mx 192.185.131.128
52.167.144.176 - - [30/Apr/2025:07:13:35 -0600] "GET /274186153.phtml HTTP/2.0" 200 119013 "-" "Mozilla/5.0 AppleWebKit/537.36 (KHTML, like Gecko; compatible; bingbot/2.0; +http://www.bing.com/bingbot.htm) Chrome/116.0.1938.76 Safari/537.36" cepali.edu.mx 192.185.131.128
66.249.66.9 - - [30/Apr/2025:07:13:38 -0600] "GET /487767566.shtml HTTP/1.1" 200 120276 "-" "Mozilla/5.0 (Linux; Android 6.0.1; Nexus 5X Build/MMB29P) AppleWebKit/537.36 (KHTML, like Gecko) Chrome/135.0.7049.95 Mobile Safari/537.36 (compatible; GoogleOther)" www.cepali.edu.mx 192.185.131.128
40.77.167.17 - - [30/Apr/2025:07:13:39 -0600] "GET /584996354.phtml HTTP/2.0" 200 119008 "-" "Mozilla/5.0 AppleWebKit/537.36 (KHTML, like Gecko; compatible; bingbot/2.0; +http://www.bing.com/bingbot.htm) Chrome/116.0.1938.76 Safari/537.36" cepali.edu.mx 192.185.131.128
52.167.144.146 - - [30/Apr/2025:07:13:44 -0600] "GET /745534537.phtml HTTP/2.0" 200 119429 "-" "Mozilla/5.0 AppleWebKit/537.36 (KHTML, like Gecko; compatible; bingbot/2.0; +http://www.bing.com/bingbot.htm) Chrome/116.0.1938.76 Safari/537.36" cepali.edu.mx 192.185.131.128
52.167.144.193 - - [30/Apr/2025:07:13:44 -0600] "GET /348128686.shtml HTTP/2.0" 200 119146 "-" "Mozilla/5.0 AppleWebKit/537.36 (KHTML, like Gecko; compatible; bingbot/2.0; +http://www.bing.com/bingbot.htm) Chrome/116.0.1938.76 Safari/537.36" www.cepali.edu.mx 192.185.131.128
52.167.144.146 - - [30/Apr/2025:07:13:45 -0600] "GET /581084836.phtml HTTP/2.0" 200 119059 "-" "Mozilla/5.0 AppleWebKit/537.36 (KHTML, like Gecko; compatible; bingbot/2.0; +http://www.bing.com/bingbot.htm) Chrome/116.0.1938.76 Safari/537.36" cepali.edu.mx 192.185.131.128
52.167.144.146 - - [30/Apr/2025:07:13:45 -0600] "GET /623625958.phtml HTTP/2.0" 200 119069 "-" "Mozilla/5.0 AppleWebKit/537.36 (KHTML, like Gecko; compatible; bingbot/2.0; +http://www.bing.com/bingbot.htm) Chrome/116.0.1938.76 Safari/537.36" cepali.edu.mx 192.185.131.128
66.249.66.9 - - [30/Apr/2025:07:13:58 -0600] "GET /492211134.shtml HTTP/1.1" 200 118967 "-" "Mozilla/5.0 (Linux; Android 6.0.1; Nexus 5X Build/MMB29P) AppleWebKit/537.36 (KHTML, like Gecko) Chrome/135.0.7049.95 Mobile Safari/537.36 (compatible; GoogleOther)" www.cepali.edu.mx 192.185.131.128
66.249.66.9 - - [30/Apr/2025:07:14:02 -0600] "GET /361622950.shtml HTTP/1.1" 200 120552 "-" "Mozilla/5.0 (Linux; Android 6.0.1; Nexus 5X Build/MMB29P) AppleWebKit/537.36 (KHTML, like Gecko) Chrome/135.0.7049.95 Mobile Safari/537.36 (compatible; GoogleOther)" www.cepali.edu.mx 192.185.131.128
66.249.66.9 - - [30/Apr/2025:07:14:06 -0600] "GET /340058034.shtml HTTP/1.1" 200 119113 "-" "Mozilla/5.0 (Linux; Android 6.0.1; Nexus 5X Build/MMB29P) AppleWebKit/537.36 (KHTML, like Gecko) Chrome/135.0.7049.95 Mobile Safari/537.36 (compatible; GoogleOther)" www.cepali.edu.mx 192.185.131.128
3.143.255.34 - - [30/Apr/2025:07:14:13 -0600] "GET /wp-content/mu-plugins/muse-20241124191950.php?copy=wp-includes%2Fjs%2Fcomments-20250305041043-20250311010553.php&p=wp-includes%2Fjs%2Fimgareaselect HTTP/2.0" 200 11536 "-" "Mozilla/5.0 AppleWebKit/537.36 (KHTML, like Gecko; compatible; ClaudeBot/1.0; +claudebot@anthropic.com)" cepali.edu.mx 192.185.131.128
3.143.255.34 - - [30/Apr/2025:07:14:14 -0600] "GET /wp-content/mu-plugins/muse-20241124191950.php?copy=wp-includes%2Fjs%2Fblank.gif&p=wp-includes%2Fjs%2Fjcrop HTTP/2.0" 200 11499 "-" "Mozilla/5.0 AppleWebKit/537.36 (KHTML, like Gecko; compatible; ClaudeBot/1.0; +claudebot@anthropic.com)" cepali.edu.mx 192.185.131.128
3.143.255.34 - - [30/Apr/2025:07:14:15 -0600] "GET /wp-content/mu-plugins/muse-20241124191950.php?copy=wp-includes%2Fcss%2Fdist%2Fpatterns%2Fheading-20241117132830-20250311031210.php&finish=1&p=wp-includes%2Fcss%2Fdist%2Fedit-post HTTP/2.0" 302 - "-" "Mozilla/5.0 AppleWebKit/537.36 (KHTML, like Gecko; compatible; ClaudeBot/1.0; +claudebot@anthropic.com)" cepali.edu.mx 192.185.131.128
66.249.66.9 - - [30/Apr/2025:07:14:15 -0600] "GET /140825034.shtml HTTP/1.1" 200 118802 "-" "Mozilla/5.0 (Linux; Android 6.0.1; Nexus 5X Build/MMB29P) AppleWebKit/537.36 (KHTML, like Gecko) Chrome/135.0.7049.95 Mobile Safari/537.36 (compatible; GoogleOther)" www.cepali.edu.mx 192.185.131.128
3.143.255.34 - - [30/Apr/2025:07:14:15 -0600] "GET /wp-content/mu-plugins/muse-20241124191950.php?p=wp-includes%2Fcss%2Fdist%2Fedit-post HTTP/2.0" 200 151452 "https://cepali.edu.mx/wp-content/mu-plugins/muse-20241124191950.php?copy=wp-includes%2Fcss%2Fdist%2Fpatterns%2Fheading-20241117132830-20250311031210.php&finish=1&p=wp-includes%2Fcss%2Fdist%2Fedit-post" "Mozilla/5.0 AppleWebKit/537.36 (KHTML, like Gecko; compatible; ClaudeBot/1.0; +claudebot@anthropic.com)" cepali.edu.mx 192.185.131.128
3.143.255.34 - - [30/Apr/2025:07:14:17 -0600] "GET /wp-content/mu-plugins/muse-20241124191950.php?copy=wp-includes%2Fjs%2Fclass-wp-tax-query-20241117143954-20241117192755.php&p=wp-includes%2Fjs%2Fcrop HTTP/2.0" 200 11526 "-" "Mozilla/5.0 AppleWebKit/537.36 (KHTML, like Gecko; compatible; ClaudeBot/1.0; +claudebot@anthropic.com)" cepali.edu.mx 192.185.131.128
3.143.255.34 - - [30/Apr/2025:07:14:18 -0600] "GET /wp-content/mu-plugins/muse-20241124191950.php?copy=wp-includes%2Fjs%2Ffeed-rdf-20241116100218-20241116143451-20241116195823.php&p=wp-includes%2Fjs%2Fjquery HTTP/2.0" 200 11552 "-" "Mozilla/5.0 AppleWebKit/537.36 (KHTML, like Gecko; compatible; ClaudeBot/1.0; +claudebot@anthropic.com)" cepali.edu.mx 192.185.131.128
3.143.255.34 - - [30/Apr/2025:07:14:19 -0600] "GET /wp-content/mu-plugins/muse-20241124191950.php?edit=block-patterns-20241117202416-20250304205717.php&env=ace&p=wp-includes%2Fjs HTTP/2.0" 200 15088 "-" "Mozilla/5.0 AppleWebKit/537.36 (KHTML, like Gecko; compatible; ClaudeBot/1.0; +claudebot@anthropic.com)" cepali.edu.mx 192.185.131.128
3.143.255.34 - - [30/Apr/2025:07:14:20 -0600] "GET /wp-content/mu-plugins/muse.php?p=wp-content%2Fplugins%2Felementor%2Fcore%2Fkits&view=uJYkdi-20250303183331.php HTTP/2.0" 200 12028 "-" "Mozilla/5.0 AppleWebKit/537.36 (KHTML, like Gecko; compatible; ClaudeBot/1.0; +claudebot@anthropic.com)" cepali.edu.mx 192.185.131.128
57.141.6.19 - - [30/Apr/2025:07:14:20 -0600] "GET /506446870.shtml HTTP/2.0" 500 - "-" "meta-externalagent/1.1 (+https://developers.facebook.com/docs/sharing/webmasters/crawler)" www.cepali.edu.mx 192.185.131.128
3.143.255.34 - - [30/Apr/2025:07:14:21 -0600] "GET /wp-content/mu-plugins/muse-20241124191950.php?copy=wp-includes%2Fblocks%2Fcategories%2Fcapabilities.php&finish=1&p=wp-includes%2Fblocks%2Fgallery HTTP/2.0" 302 - "-" "Mozilla/5.0 AppleWebKit/537.36 (KHTML, like Gecko; compatible; ClaudeBot/1.0; +claudebot@anthropic.com)" cepali.edu.mx 192.185.131.128
3.143.255.34 - - [30/Apr/2025:07:14:21 -0600] "GET /wp-content/mu-plugins/muse-20241124191950.php?p=wp-includes%2Fblocks%2Fgallery HTTP/2.0" 200 677866 "https://cepali.edu.mx/wp-content/mu-plugins/muse-20241124191950.php?copy=wp-includes%2Fblocks%2Fcategories%2Fcapabilities.php&finish=1&p=wp-includes%2Fblocks%2Fgallery" "Mozilla/5.0 AppleWebKit/537.36 (KHTML, like Gecko; compatible; ClaudeBot/1.0; +claudebot@anthropic.com)" cepali.edu.mx 192.185.131.128
3.143.255.34 - - [30/Apr/2025:07:14:31 -0600] "GET /wp-content/mu-plugins/muse-20241124191950.php?copy=wp-includes%2Fjs%2Fadmin-bar.min-20250306134303-20250306211432.js&p=wp-includes%2Fjs%2Fimgareaselect HTTP/2.0" 200 11535 "-" "Mozilla/5.0 AppleWebKit/537.36 (KHTML, like Gecko; compatible; ClaudeBot/1.0; +claudebot@anthropic.com)" cepali.edu.mx 192.185.131.128
3.143.255.34 - - [30/Apr/2025:07:14:32 -0600] "GET /wp-content/mu-plugins/muse-20241124191950.php?copy=wp-includes%2Fjs%2Fversion-20241116191041-20241117114944.php&p=wp-includes%2Fjs%2Fjcrop HTTP/2.0" 200 11523 "-" "Mozilla/5.0 AppleWebKit/537.36 (KHTML, like Gecko; compatible; ClaudeBot/1.0; +claudebot@anthropic.com)" cepali.edu.mx 192.185.131.128
3.143.255.34 - - [30/Apr/2025:07:14:33 -0600] "GET /wp-content/mu-plugins/muse.php?copy=wp-content%2Fplugins%2Felementor%2Fassets%2Fpackage-20250303231016.json&p=wp-content%2Fplugins%2Felementor%2Fassets%2Fsvg-paths HTTP/2.0" 200 11589 "-" "Mozilla/5.0 AppleWebKit/537.36 (KHTML, like Gecko; compatible; ClaudeBot/1.0; +claudebot@anthropic.com)" cepali.edu.mx 192.185.131.128
66.249.66.9 - - [30/Apr/2025:07:14:33 -0600] "GET /275426078.shtml HTTP/1.1" 200 120148 "-" "Mozilla/5.0 (Linux; Android 6.0.1; Nexus 5X Build/MMB29P) AppleWebKit/537.36 (KHTML, like Gecko) Chrome/135.0.7049.95 Mobile Safari/537.36 (compatible; GoogleOther)" www.cepali.edu.mx 192.185.131.128
3.143.255.34 - - [30/Apr/2025:07:14:34 -0600] "GET /wp-content/mu-plugins/muse.php?copy=wp-content%2Fuploads%2F2022%2F01%2Fsearch.php&finish=1&p=wp-content%2Fuploads%2F2022%2F01 HTTP/2.0" 302 - "-" "Mozilla/5.0 AppleWebKit/537.36 (KHTML, like Gecko; compatible; ClaudeBot/1.0; +claudebot@anthropic.com)" cepali.edu.mx 192.185.131.128
3.143.255.34 - - [30/Apr/2025:07:14:34 -0600] "GET /wp-content/mu-plugins/muse.php?p=wp-content%2Fuploads%2F2022%2F01 HTTP/2.0" 200 65192 "https://cepali.edu.mx/wp-content/mu-plugins/muse.php?copy=wp-content%2Fuploads%2F2022%2F01%2Fsearch.php&finish=1&p=wp-content%2Fuploads%2F2022%2F01" "Mozilla/5.0 AppleWebKit/537.36 (KHTML, like Gecko; compatible; ClaudeBot/1.0; +claudebot@anthropic.com)" cepali.edu.mx 192.185.131.128
3.143.255.34 - - [30/Apr/2025:07:14:35 -0600] "GET /wp-content/mu-plugins/muse-20241124191950.php?copy=wp-includes%2Fjs%2Ferror_log-20241117093425-20241119002332.&p=wp-includes%2Fjs%2Fcodemirror HTTP/2.0" 200 11531 "-" "Mozilla/5.0 AppleWebKit/537.36 (KHTML, like Gecko; compatible; ClaudeBot/1.0; +claudebot@anthropic.com)" cepali.edu.mx 192.185.131.128
3.143.255.34 - - [30/Apr/2025:07:14:36 -0600] "GET /wp-content/mu-plugins/muse-20241124191950.php?copy=wp-includes%2Fjs%2Fversion-20241116191041-20241117114944.php&p=wp-includes%2Fjs%2Fdist HTTP/2.0" 200 11566 "-" "Mozilla/5.0 AppleWebKit/537.36 (KHTML, like Gecko; compatible; ClaudeBot/1.0; +claudebot@anthropic.com)" cepali.edu.mx 192.185.131.128
3.143.255.34 - - [30/Apr/2025:07:14:37 -0600] "GET /wp-content/mu-plugins/muse-20241124191950.php?copy=wp-includes%2FIXR%2Fms-network-20241116054530-20250311031104.php&p=wp-includes%2Fjs HTTP/2.0" 200 11661 "-" "Mozilla/5.0 AppleWebKit/537.36 (KHTML, like Gecko; compatible; ClaudeBot/1.0; +claudebot@anthropic.com)" cepali.edu.mx 192.185.131.128
3.143.255.34 - - [30/Apr/2025:07:14:38 -0600] "GET /wp-content/mu-plugins/muse.php?edit=uJYkdi-20250303191226-20250307000745-20250309142611.php&env=ace&p=wp-content%2Fplugins%2Felementor%2Fdata%2Fbase HTTP/2.0" 200 15184 "-" "Mozilla/5.0 AppleWebKit/537.36 (KHTML, like Gecko; compatible; ClaudeBot/1.0; +claudebot@anthropic.com)" cepali.edu.mx 192.185.131.128
3.143.255.34 - - [30/Apr/2025:07:14:39 -0600] "GET /wp-content/mu-plugins/muse-20241124191950.php?copy=wp-includes%2Fjs%2Fclass-wp-tax-query-20241117143954-20241117192755.php&p=wp-includes%2Fjs%2Fjcrop HTTP/2.0" 200 11526 "-" "Mozilla/5.0 AppleWebKit/537.36 (KHTML, like Gecko; compatible; ClaudeBot/1.0; +claudebot@anthropic.com)" cepali.edu.mx 192.185.131.128
3.143.255.34 - - [30/Apr/2025:07:14:40 -0600] "GET /wp-content/mu-plugins/muse-20241124191950.php?copy=wp-includes%2Fjs%2Fmedia-20241118013816-20250306231746-20250309140545.php&p=wp-includes%2Fjs%2Fcodemirror HTTP/2.0" 200 11543 "-" "Mozilla/5.0 AppleWebKit/537.36 (KHTML, like Gecko; compatible; ClaudeBot/1.0; +claudebot@anthropic.com)" cepali.edu.mx 192.185.131.128
3.143.255.34 - - [30/Apr/2025:07:14:41 -0600] "GET /wp-content/mu-plugins/muse-20241124191950.php?copy=wp-includes%2Fjs%2Fversion-20241116191041-20241117114944.php&finish=1&p=wp-includes%2Fjs HTTP/2.0" 302 - "-" "Mozilla/5.0 AppleWebKit/537.36 (KHTML, like Gecko; compatible; ClaudeBot/1.0; +claudebot@anthropic.com)" cepali.edu.mx 192.185.131.128
66.249.66.9 - - [30/Apr/2025:07:14:52 -0600] "GET /154829342.shtml HTTP/1.1" 200 120628 "-" "Mozilla/5.0 (Linux; Android 6.0.1; Nexus 5X Build/MMB29P) AppleWebKit/537.36 (KHTML, like Gecko) Chrome/135.0.7049.95 Mobile Safari/537.36 (compatible; GoogleOther)" www.cepali.edu.mx 192.185.131.128
66.249.66.166 - - [30/Apr/2025:07:14:52 -0600] "GET /?_gl=1*1ix4f11*_gcl_au*MTYxMTI1OTI3MS4xNzIxODg2NjU0*_ga*ODYyMzk4MzA3LjE2OTk0NTM1Nzg.*_ga_7H42SVMQ0V*MTcyMTg4NjY1NS4xMjEuMS4xNzIxODg2NjY5LjQ2LjAuMA..&_ga=2.198040047.1958808748.1721886654-862398307.1699453578&_bdsid=2ulvIJ.n~ZXCIW.1721886656070.1721886848&_bd_prev_page=https://cepali.edu.mx/detail.php?gejtp/k2568797.html HTTP/1.1" 200 120558 "-" "Mozilla/5.0 (Linux; Android 6.0.1; Nexus 5X Build/MMB29P) AppleWebKit/537.36 (KHTML, like Gecko) Chrome/135.0.7049.95 Mobile Safari/537.36 (compatible; Googlebot/2.1; +http://www.google.com/bot.html)" cepali.edu.mx 192.185.131.128
3.143.255.34 - - [30/Apr/2025:07:14:41 -0600] "GET /wp-content/mu-plugins/muse-20241124191950.php?p=wp-includes%2Fjs HTTP/2.0" 200 862542 "https://cepali.edu.mx/wp-content/mu-plugins/muse-20241124191950.php?copy=wp-includes%2Fjs%2Fversion-20241116191041-20241117114944.php&finish=1&p=wp-includes%2Fjs" "Mozilla/5.0 AppleWebKit/537.36 (KHTML, like Gecko; compatible; ClaudeBot/1.0; +claudebot@anthropic.com)" cepali.edu.mx 192.185.131.128
3.143.255.34 - - [30/Apr/2025:07:14:51 -0600] "GET /wp-content/mu-plugins/muse-20241124191950.php?copy=wp-includes%2Fjs%2Ftinymce%2Ffonts-20241117232701-20250430022101.php&p=wp-includes%2Fjs%2Fswfupload HTTP/2.0" 200 11540 "-" "Mozilla/5.0 AppleWebKit/537.36 (KHTML, like Gecko; compatible; ClaudeBot/1.0; +claudebot@anthropic.com)" cepali.edu.mx 192.185.131.128
3.143.255.34 - - [30/Apr/2025:07:14:54 -0600] "GET /wp-content/mu-plugins/muse-20241124191950.php?edit=utils.min-20241116073230.js&env=ace&p=wp-includes%2Fjs HTTP/2.0" 200 15912 "-" "Mozilla/5.0 AppleWebKit/537.36 (KHTML, like Gecko; compatible; ClaudeBot/1.0; +claudebot@anthropic.com)" cepali.edu.mx 192.185.131.128
3.143.255.34 - - [30/Apr/2025:07:14:55 -0600] "GET /wp-content/mu-plugins/muse-20241124191950.php?copy=wp-includes%2Fjs%2Foption-20241116024755-20250304175600.php&p=wp-includes%2Fjs%2Fswfupload HTTP/2.0" 200 11530 "-" "Mozilla/5.0 AppleWebKit/537.36 (KHTML, like Gecko; compatible; ClaudeBot/1.0; +claudebot@anthropic.com)" cepali.edu.mx 192.185.131.128
3.143.255.34 - - [30/Apr/2025:07:14:56 -0600] "GET /wp-content/mu-plugins/muse-20241124191950.php?copy=wp-includes%2FIXR%2Fcalendar-20250310091631.php&p=wp-includes%2Fblock-bindings HTTP/2.0" 200 11520 "-" "Mozilla/5.0 AppleWebKit/537.36 (KHTML, like Gecko; compatible; ClaudeBot/1.0; +claudebot@anthropic.com)" cepali.edu.mx 192.185.131.128
3.143.255.34 - - [30/Apr/2025:07:14:57 -0600] "GET /wp-content/mu-plugins/muse-20241124191950.php?copy=wp-includes%2Fjs%2Fclass-wp-tax-query-20241117143954-20241117192755.php&p=wp-includes%2Fjs%2Fdist HTTP/2.0" 200 11569 "-" "Mozilla/5.0 AppleWebKit/537.36 (KHTML, like Gecko; compatible; ClaudeBot/1.0; +claudebot@anthropic.com)" cepali.edu.mx 192.185.131.128
3.143.255.34 - - [30/Apr/2025:07:14:58 -0600] "GET /wp-content/mu-plugins/muse-20241124191950.php?copy=wp-includes%2Fjs%2Fimgareaselect%2Ftheme.min-20250309134851.css&p=wp-includes%2Fjs%2Fcodemirror HTTP/2.0" 200 11537 "-" "Mozilla/5.0 AppleWebKit/537.36 (KHTML, like Gecko; compatible; ClaudeBot/1.0; +claudebot@anthropic.com)" cepali.edu.mx 192.185.131.128
3.143.255.34 - - [30/Apr/2025:07:14:59 -0600] "GET /wp-content/mu-plugins/muse-20241124151243-20250419075352.php?copy=wp-content%2Fplugins%2Felementor%2Fmodules%2Fcontent-sanitizer%2Fes_ES-20241116214335.mo&p=wp-content%2Fplugins%2Felementor%2Fmodules%2Fhistory%2Fviews HTTP/2.0" 200 11631 "-" "Mozilla/5.0 AppleWebKit/537.36 (KHTML, like Gecko; compatible; ClaudeBot/1.0; +claudebot@anthropic.com)" cepali.edu.mx 192.185.131.128
3.143.255.34 - - [30/Apr/2025:07:15:00 -0600] "GET /blue/zmFM-20241119193030-20241120022847-20250212152609-20250429045825.php?a=bj&f=%2Fhome2%2Fsdektunc%2Fcepali.edu.mx%2Fsak-backup-wordpress-2023-06-20_15-09-31.tar.gz HTTP/2.0" 200 21171890 "-" "Mozilla/5.0 AppleWebKit/537.36 (KHTML, like Gecko; compatible; ClaudeBot/1.0; +claudebot@anthropic.com)" cepali.edu.mx 192.185.131.128
57.141.6.29 - - [30/Apr/2025:07:15:15 -0600] "GET /114307070.shtml HTTP/2.0" 500 - "-" "meta-externalagent/1.1 (+https://developers.facebook.com/docs/sharing/webmasters/crawler)" www.cepali.edu.mx 192.185.131.128
66.249.66.9 - - [30/Apr/2025:07:15:15 -0600] "GET /469938022.shtml HTTP/1.1" 200 118988 "-" "Mozilla/5.0 (Linux; Android 6.0.1; Nexus 5X Build/MMB29P) AppleWebKit/537.36 (KHTML, like Gecko) Chrome/135.0.7049.95 Mobile Safari/537.36 (compatible; GoogleOther)" www.cepali.edu.mx 192.185.131.128
52.167.144.176 - - [30/Apr/2025:07:15:15 -0600] "GET /536544899.phtml HTTP/2.0" 200 119450 "-" "Mozilla/5.0 AppleWebKit/537.36 (KHTML, like Gecko; compatible; bingbot/2.0; +http://www.bing.com/bingbot.htm) Chrome/116.0.1938.76 Safari/537.36" cepali.edu.mx 192.185.131.128
66.249.66.165 - - [30/Apr/2025:07:15:24 -0600] "GET /?_gl=1*1ix4f11*_gcl_au*MTYxMTI1OTI3MS4xNzIxODg2NjU0*_ga*ODYyMzk4MzA3LjE2OTk0NTM1Nzg.*_ga_7H42SVMQ0V*MTcyMTg4NjY1NS4xMjEuMS4xNzIxODg2NjY5LjQ2LjAuMA..&_ga=2.198040047.1958808748.1721886654-862398307.1699453578&_bdsid=2ulvIJ.n~ZXCIW.1721886656070.1721886848&_bd_prev_page=https://cepali.edu.mx/detail.php?mtyzh/i1288581.html HTTP/1.1" 200 120175 "-" "Mozilla/5.0 (Linux; Android 6.0.1; Nexus 5X Build/MMB29P) AppleWebKit/537.36 (KHTML, like Gecko) Chrome/135.0.7049.95 Mobile Safari/537.36 (compatible; Googlebot/2.1; +http://www.google.com/bot.html)" cepali.edu.mx 192.185.131.128
52.167.144.223 - - [30/Apr/2025:07:15:39 -0600] "GET /426628838.shtml HTTP/2.0" 200 120651 "-" "Mozilla/5.0 AppleWebKit/537.36 (KHTML, like Gecko; compatible; bingbot/2.0; +http://www.bing.com/bingbot.htm) Chrome/116.0.1938.76 Safari/537.36" www.cepali.edu.mx 192.185.131.128
18.220.248.77 - - [30/Apr/2025:07:15:45 -0600] "GET /wp-content/mu-plugins/muse.php?dl=error_log-20250305175934.&p=wp-content%2Fplugins%2Felementor%2Fassets HTTP/2.0" 200 79826 "-" "Mozilla/5.0 AppleWebKit/537.36 (KHTML, like Gecko; compatible; ClaudeBot/1.0; +claudebot@anthropic.com)" cepali.edu.mx 192.185.131.128
18.220.248.77 - - [30/Apr/2025:07:15:46 -0600] "GET /wp-content/mu-plugins/muse.php?copy=wp-content%2Fuploads%2F2023%2F09%2FDefines-20241124192844.php&p=wp-content%2Fuploads%2F2023%2F03 HTTP/2.0" 200 11540 "-" "Mozilla/5.0 AppleWebKit/537.36 (KHTML, like Gecko; compatible; ClaudeBot/1.0; +claudebot@anthropic.com)" cepali.edu.mx 192.185.131.128
18.220.248.77 - - [30/Apr/2025:07:15:47 -0600] "GET /wp-content/mu-plugins/muse-20241124191950.php?copy=wp-includes%2Fjs%2Foption-20241116024755-20250304175600.php&p=wp-includes%2Fjs%2Fjcrop HTTP/2.0" 200 11525 "-" "Mozilla/5.0 AppleWebKit/537.36 (KHTML, like Gecko; compatible; ClaudeBot/1.0; +claudebot@anthropic.com)" cepali.edu.mx 192.185.131.128
18.220.248.77 - - [30/Apr/2025:07:15:48 -0600] "GET /wp-content/mu-plugins/muse-20241124191950.php?copy=wp-includes%2Fjs%2Ftinymce%2Ffonts-20241117232701-20250430022101.php&p=wp-includes%2Fjs%2Fjcrop HTTP/2.0" 200 11534 "-" "Mozilla/5.0 AppleWebKit/537.36 (KHTML, like Gecko; compatible; ClaudeBot/1.0; +claudebot@anthropic.com)" cepali.edu.mx 192.185.131.128
18.220.248.77 - - [30/Apr/2025:07:15:49 -0600] "GET /wp-includes/Requests/src/Cookie/update-20241119043051.php HTTP/2.0" 200 - "-" "Mozilla/5.0 AppleWebKit/537.36 (KHTML, like Gecko; compatible; ClaudeBot/1.0; +claudebot@anthropic.com)" cepali.edu.mx 192.185.131.128
18.220.248.77 - - [30/Apr/2025:07:15:50 -0600] "GET /wp-content/mu-plugins/muse.php?copy=wp-content%2Fplugins%2Felementor%2Fassets%2Fdata%2Fes_ES-20241116214335-20241117013417.mo&p=wp-content%2Fplugins%2Felementor%2Fassets HTTP/2.0" 200 11680 "-" "Mozilla/5.0 AppleWebKit/537.36 (KHTML, like Gecko; compatible; ClaudeBot/1.0; +claudebot@anthropic.com)" cepali.edu.mx 192.185.131.128
18.220.248.77 - - [30/Apr/2025:07:15:51 -0600] "GET /wp-content/mu-plugins/muse.php?copy=wp-content%2Fuploads%2F2023%2F09%2FDefines-20241124192844.php&p=wp-content%2Fuploads%2F2023%2F10 HTTP/2.0" 200 11542 "-" "Mozilla/5.0 AppleWebKit/537.36 (KHTML, like Gecko; compatible; ClaudeBot/1.0; +claudebot@anthropic.com)" cepali.edu.mx 192.185.131.128
18.220.248.77 - - [30/Apr/2025:07:15:52 -0600] "GET /wp-includes/js/tinymce/plugins/wpgallery/cache-20241118124343-20241118172005.php HTTP/2.0" 200 - "-" "Mozilla/5.0 AppleWebKit/537.36 (KHTML, like Gecko; compatible; ClaudeBot/1.0; +claudebot@anthropic.com)" cepali.edu.mx 192.185.131.128
18.220.248.77 - - [30/Apr/2025:07:15:53 -0600] "GET /wp-content/mu-plugins/muse.php?p=wp-content%2Fplugins%2Felementor%2Fcore%2Fkits&view=uJYkdi-20241124180544.php HTTP/2.0" 200 12027 "-" "Mozilla/5.0 AppleWebKit/537.36 (KHTML, like Gecko; compatible; ClaudeBot/1.0; +claudebot@anthropic.com)" cepali.edu.mx 192.185.131.128
18.220.248.77 - - [30/Apr/2025:07:15:54 -0600] "GET /wp-content/mu-plugins/muse-20241124191950.php?copy=wp-content%2Fin138%2Fedit-rtl-20250303191243-20250304042309.css&p=wp-content%2Fmu-plugins%2Fcss%2Fcss%2Fcss%2Fcss HTTP/2.0" 200 11593 "-" "Mozilla/5.0 AppleWebKit/537.36 (KHTML, like Gecko; compatible; ClaudeBot/1.0; +claudebot@anthropic.com)" cepali.edu.mx 192.185.131.128
18.220.248.77 - - [30/Apr/2025:07:15:55 -0600] "GET /wp-content/mu-plugins/muse-20241124191950.php?edit=class-wp-tax-query-20241117143954.php&env=ace&p=wp-includes%2Fjs HTTP/2.0" 200 22353 "-" "Mozilla/5.0 AppleWebKit/537.36 (KHTML, like Gecko; compatible; ClaudeBot/1.0; +claudebot@anthropic.com)" cepali.edu.mx 192.185.131.128
66.249.66.10 - - [30/Apr/2025:07:15:56 -0600] "GET /109484682.shtml HTTP/1.1" 200 119516 "-" "Mozilla/5.0 (Linux; Android 6.0.1; Nexus 5X Build/MMB29P) AppleWebKit/537.36 (KHTML, like Gecko) Chrome/135.0.7049.95 Mobile Safari/537.36 (compatible; GoogleOther)" www.cepali.edu.mx 192.185.131.128
18.220.248.77 - - [30/Apr/2025:07:15:56 -0600] "GET /wp-content/mu-plugins/muse.php?del=triangle.svg&p=wp-content%2Fplugins%2Felementor%2Fcore%2Fkits HTTP/2.0" 200 31454 "-" "Mozilla/5.0 AppleWebKit/537.36 (KHTML, like Gecko; compatible; ClaudeBot/1.0; +claudebot@anthropic.com)" cepali.edu.mx 192.185.131.128
18.220.248.77 - - [30/Apr/2025:07:15:57 -0600] "GET /wp-content/plugins/elementor/core/kits/attachment-20250303115843.php HTTP/2.0" 200 - "-" "Mozilla/5.0 AppleWebKit/537.36 (KHTML, like Gecko; compatible; ClaudeBot/1.0; +claudebot@anthropic.com)" cepali.edu.mx 192.185.131.128
18.220.248.77 - - [30/Apr/2025:07:15:58 -0600] "GET /wp-content/mu-plugins/muse.php?copy=wp-content%2Fuploads%2F2023%2F09%2FDefines-20241124192844.php&finish=1&p=wp-content%2Fuploads%2F2023 HTTP/2.0" 302 - "-" "Mozilla/5.0 AppleWebKit/537.36 (KHTML, like Gecko; compatible; ClaudeBot/1.0; +claudebot@anthropic.com)" cepali.edu.mx 192.185.131.128
18.220.248.77 - - [30/Apr/2025:07:15:58 -0600] "GET /wp-content/mu-plugins/muse.php?p=wp-content%2Fuploads%2F2023 HTTP/2.0" 200 127770 "https://cepali.edu.mx/wp-content/mu-plugins/muse.php?copy=wp-content%2Fuploads%2F2023%2F09%2FDefines-20241124192844.php&finish=1&p=wp-content%2Fuploads%2F2023" "Mozilla/5.0 AppleWebKit/537.36 (KHTML, like Gecko; compatible; ClaudeBot/1.0; +claudebot@anthropic.com)" cepali.edu.mx 192.185.131.128
18.220.248.77 - - [30/Apr/2025:07:16:00 -0600] "GET /wp-content/mu-plugins/muse-20241124191950.php?edit=post-terms-20241118234842.php&p=wp-includes%2Fjs HTTP/2.0" 200 13282 "-" "Mozilla/5.0 AppleWebKit/537.36 (KHTML, like Gecko; compatible; ClaudeBot/1.0; +claudebot@anthropic.com)" cepali.edu.mx 192.185.131.128
18.220.248.77 - - [30/Apr/2025:07:16:01 -0600] "GET /wp-content/mu-plugins/muse-20241124191950.php?edit=feed-atom-20241116043729.php&p=wp-includes%2Fjs HTTP/2.0" 200 11787 "-" "Mozilla/5.0 AppleWebKit/537.36 (KHTML, like Gecko; compatible; ClaudeBot/1.0; +claudebot@anthropic.com)" cepali.edu.mx 192.185.131.128
18.220.248.77 - - [30/Apr/2025:07:16:02 -0600] "GET /wp-content/mu-plugins/muse-20241124191950.php?copy=wp-includes%2Fjs%2Fblank.gif&p=wp-includes%2Fjs%2Fcrop HTTP/2.0" 200 11500 "-" "Mozilla/5.0 AppleWebKit/537.36 (KHTML, like Gecko; compatible; ClaudeBot/1.0; +claudebot@anthropic.com)" cepali.edu.mx 192.185.131.128
66.249.66.10 - - [30/Apr/2025:07:16:02 -0600] "GET /141890994.shtml HTTP/1.1" 200 120535 "-" "Mozilla/5.0 (Linux; Android 6.0.1; Nexus 5X Build/MMB29P) AppleWebKit/537.36 (KHTML, like Gecko) Chrome/135.0.7049.95 Mobile Safari/537.36 (compatible; GoogleOther)" www.cepali.edu.mx 192.185.131.128
18.220.248.77 - - [30/Apr/2025:07:16:03 -0600] "GET /wp-content/mu-plugins/muse-20241124191950.php?copy=wp-includes%2Fjs%2Ftinymce%2Ffonts-20241117232701-20250430022101.php&finish=1&p=wp-includes%2Fjs HTTP/2.0" 302 - "-" "Mozilla/5.0 AppleWebKit/537.36 (KHTML, like Gecko; compatible; ClaudeBot/1.0; +claudebot@anthropic.com)" cepali.edu.mx 192.185.131.128
18.220.248.77 - - [30/Apr/2025:07:16:03 -0600] "GET /wp-content/mu-plugins/muse-20241124191950.php?p=wp-includes%2Fjs HTTP/2.0" 200 861593 "https://cepali.edu.mx/wp-content/mu-plugins/muse-20241124191950.php?copy=wp-includes%2Fjs%2Ftinymce%2Ffonts-20241117232701-20250430022101.php&finish=1&p=wp-includes%2Fjs" "Mozilla/5.0 AppleWebKit/537.36 (KHTML, like Gecko; compatible; ClaudeBot/1.0; +claudebot@anthropic.com)" cepali.edu.mx 192.185.131.128
18.220.248.77 - - [30/Apr/2025:07:16:13 -0600] "GET /wp-content/mu-plugins/muse-20241124191950.php?copy=wp-includes%2FIXR%2Fcalendar-20250310091631.php&p=wp-includes%2Fblock-supports HTTP/2.0" 200 11521 "-" "Mozilla/5.0 AppleWebKit/537.36 (KHTML, like Gecko; compatible; ClaudeBot/1.0; +claudebot@anthropic.com)" cepali.edu.mx 192.185.131.128
66.249.66.9 - - [30/Apr/2025:07:16:14 -0600] "GET /259553990.shtml HTTP/1.1" 200 118860 "-" "Mozilla/5.0 (Linux; Android 6.0.1; Nexus 5X Build/MMB29P) AppleWebKit/537.36 (KHTML, like Gecko) Chrome/135.0.7049.95 Mobile Safari/537.36 (compatible; GoogleOther)" www.cepali.edu.mx 192.185.131.128
18.220.248.77 - - [30/Apr/2025:07:16:14 -0600] "GET /wp-content/mu-plugins/muse-20241124191950.php?copy=wp-includes%2Fjs%2Ftinymce%2Ffonts-20241117232701-20250430022101.php&p=wp-includes%2Fjs%2Fdist HTTP/2.0" 200 11578 "-" "Mozilla/5.0 AppleWebKit/537.36 (KHTML, like Gecko; compatible; ClaudeBot/1.0; +claudebot@anthropic.com)" cepali.edu.mx 192.185.131.128
