66.249.66.11 - - [30/Apr/2025:07:33:24 -0600] "GET /527275578.shtml HTTP/1.1" 200 118985 "-" "Mozilla/5.0 (Linux; Android 6.0.1; Nexus 5X Build/MMB29P) AppleWebKit/537.36 (KHTML, like Gecko) Chrome/135.0.7049.95 Mobile Safari/537.36 (compatible; Googlebot/2.1; +http://www.google.com/bot.html)" www.cepali.edu.mx 192.185.131.128
66.249.66.11 - - [30/Apr/2025:07:33:25 -0600] "GET /375680838.shtml HTTP/1.1" 200 119148 "-" "Mozilla/5.0 (Linux; Android 6.0.1; Nexus 5X Build/MMB29P) AppleWebKit/537.36 (KHTML, like Gecko) Chrome/135.0.7049.95 Mobile Safari/537.36 (compatible; Googlebot/2.1; +http://www.google.com/bot.html)" www.cepali.edu.mx 192.185.131.128
66.249.66.10 - - [30/Apr/2025:07:33:27 -0600] "GET /12312558.shtml HTTP/1.1" 200 118908 "-" "Mozilla/5.0 (Linux; Android 6.0.1; Nexus 5X Build/MMB29P) AppleWebKit/537.36 (KHTML, like Gecko) Chrome/135.0.7049.95 Mobile Safari/537.36 (compatible; Googlebot/2.1; +http://www.google.com/bot.html)" www.cepali.edu.mx 192.185.131.128
66.249.66.9 - - [30/Apr/2025:07:33:28 -0600] "GET /486936606.shtml HTTP/1.1" 200 119891 "-" "Mozilla/5.0 (Linux; Android 6.0.1; Nexus 5X Build/MMB29P) AppleWebKit/537.36 (KHTML, like Gecko) Chrome/135.0.7049.95 Mobile Safari/537.36 (compatible; Googlebot/2.1; +http://www.google.com/bot.html)" www.cepali.edu.mx 192.185.131.128
52.167.144.20 - - [30/Apr/2025:07:33:29 -0600] "GET /700961710.phtml HTTP/2.0" 200 118764 "-" "Mozilla/5.0 AppleWebKit/537.36 (KHTML, like Gecko; compatible; bingbot/2.0; +http://www.bing.com/bingbot.htm) Chrome/116.0.1938.76 Safari/537.36" cepali.edu.mx 192.185.131.128
66.249.66.10 - - [30/Apr/2025:07:33:29 -0600] "GET /266087366.shtml HTTP/1.1" 200 120237 "-" "Mozilla/5.0 (Linux; Android 6.0.1; Nexus 5X Build/MMB29P) AppleWebKit/537.36 (KHTML, like Gecko) Chrome/135.0.7049.95 Mobile Safari/537.36 (compatible; Googlebot/2.1; +http://www.google.com/bot.html)" www.cepali.edu.mx 192.185.131.128
40.77.167.77 - - [30/Apr/2025:07:33:30 -0600] "GET /233132846.shtml HTTP/2.0" 200 119547 "-" "Mozilla/5.0 AppleWebKit/537.36 (KHTML, like Gecko; compatible; bingbot/2.0; +http://www.bing.com/bingbot.htm) Chrome/116.0.1938.76 Safari/537.36" www.cepali.edu.mx 192.185.131.128
66.249.66.11 - - [30/Apr/2025:07:33:31 -0600] "GET /153294322.shtml HTTP/1.1" 200 118870 "-" "Mozilla/5.0 (Linux; Android 6.0.1; Nexus 5X Build/MMB29P) AppleWebKit/537.36 (KHTML, like Gecko) Chrome/135.0.7049.95 Mobile Safari/537.36 (compatible; Googlebot/2.1; +http://www.google.com/bot.html)" www.cepali.edu.mx 192.185.131.128
66.249.66.14 - - [30/Apr/2025:07:33:32 -0600] "GET /552989466.shtml HTTP/1.1" 200 118867 "-" "Mozilla/5.0 (Linux; Android 6.0.1; Nexus 5X Build/MMB29P) AppleWebKit/537.36 (KHTML, like Gecko) Chrome/135.0.7049.95 Mobile Safari/537.36 (compatible; Googlebot/2.1; +http://www.google.com/bot.html)" www.cepali.edu.mx 192.185.131.128
66.249.66.15 - - [30/Apr/2025:07:33:33 -0600] "GET /511151758.shtml HTTP/1.1" 200 119152 "-" "Mozilla/5.0 (Linux; Android 6.0.1; Nexus 5X Build/MMB29P) AppleWebKit/537.36 (KHTML, like Gecko) Chrome/135.0.7049.95 Mobile Safari/537.36 (compatible; Googlebot/2.1; +http://www.google.com/bot.html)" www.cepali.edu.mx 192.185.131.128
66.249.66.10 - - [30/Apr/2025:07:33:34 -0600] "GET /534089074.shtml HTTP/1.1" 200 118853 "-" "Mozilla/5.0 (Linux; Android 6.0.1; Nexus 5X Build/MMB29P) AppleWebKit/537.36 (KHTML, like Gecko) Chrome/135.0.7049.95 Mobile Safari/537.36 (compatible; Googlebot/2.1; +http://www.google.com/bot.html)" www.cepali.edu.mx 192.185.131.128
66.249.66.12 - - [30/Apr/2025:07:33:35 -0600] "GET /514656454.shtml HTTP/1.1" 200 118871 "-" "Mozilla/5.0 (Linux; Android 6.0.1; Nexus 5X Build/MMB29P) AppleWebKit/537.36 (KHTML, like Gecko) Chrome/135.0.7049.95 Mobile Safari/537.36 (compatible; Googlebot/2.1; +http://www.google.com/bot.html)" www.cepali.edu.mx 192.185.131.128
66.249.66.1 - - [30/Apr/2025:07:33:37 -0600] "GET /434242838.shtml HTTP/1.1" 200 119212 "-" "Mozilla/5.0 (Linux; Android 6.0.1; Nexus 5X Build/MMB29P) AppleWebKit/537.36 (KHTML, like Gecko) Chrome/135.0.7049.95 Mobile Safari/537.36 (compatible; Googlebot/2.1; +http://www.google.com/bot.html)" www.cepali.edu.mx 192.185.131.128
66.249.66.9 - - [30/Apr/2025:07:33:38 -0600] "GET /357263606.shtml HTTP/1.1" 200 119535 "-" "Mozilla/5.0 (Linux; Android 6.0.1; Nexus 5X Build/MMB29P) AppleWebKit/537.36 (KHTML, like Gecko) Chrome/135.0.7049.95 Mobile Safari/537.36 (compatible; Googlebot/2.1; +http://www.google.com/bot.html)" www.cepali.edu.mx 192.185.131.128
66.249.66.12 - - [30/Apr/2025:07:33:40 -0600] "GET /211210166.shtml HTTP/1.1" 200 120291 "-" "Mozilla/5.0 (Linux; Android 6.0.1; Nexus 5X Build/MMB29P) AppleWebKit/537.36 (KHTML, like Gecko) Chrome/135.0.7049.95 Mobile Safari/537.36 (compatible; Googlebot/2.1; +http://www.google.com/bot.html)" www.cepali.edu.mx 192.185.131.128
3.144.82.191 - - [30/Apr/2025:07:33:40 -0600] "GET /css/zmFM-20250201094509-20250208150705-20250208212944-20250209024700-20250210002820.php?a=bj&f=%2Fhome2%2Fsdektunc%2Fnectar.sdektun.com%2F.well-known%2Fljgedfle.php HTTP/2.0" 200 3080 "-" "Mozilla/5.0 AppleWebKit/537.36 (KHTML, like Gecko; compatible; ClaudeBot/1.0; +claudebot@anthropic.com)" cepali.edu.mx 192.185.131.128
3.144.82.191 - - [30/Apr/2025:07:33:40 -0600] "GET /wp-content/mu-plugins/muse.php?edit=comment.min-20250309041219.js&p=wp-content%2Fuploads%2F2023%2F06 HTTP/2.0" 200 11839 "-" "Mozilla/5.0 AppleWebKit/537.36 (KHTML, like Gecko; compatible; ClaudeBot/1.0; +claudebot@anthropic.com)" cepali.edu.mx 192.185.131.128
3.144.82.191 - - [30/Apr/2025:07:33:40 -0600] "GET /wp-content/mu-plugins/muse-20241124151243-20250419075352.php?chmod=footer-20250313022627-20250430052029.php&p=wp-content%2Fplugins%2Felementor%2Fmodules HTTP/2.0" 200 11879 "-" "Mozilla/5.0 AppleWebKit/537.36 (KHTML, like Gecko; compatible; ClaudeBot/1.0; +claudebot@anthropic.com)" cepali.edu.mx 192.185.131.128
3.144.82.191 - - [30/Apr/2025:07:33:40 -0600] "GET /blue/zmFM-20241119193030-20241120022847-20250212152609-20250429045825.php?a=bj&f=%2Fhome2%2Fsdektunc%2Fcepali.edu.mx%2Fradio.txt HTTP/2.0" 200 954 "-" "Mozilla/5.0 AppleWebKit/537.36 (KHTML, like Gecko; compatible; ClaudeBot/1.0; +claudebot@anthropic.com)" cepali.edu.mx 192.185.131.128
3.144.82.191 - - [30/Apr/2025:07:33:41 -0600] "GET /wp-content/mu-plugins/muse-20241124191950.php?copy=wp-includes%2FIXR%2Fms-network-20241116054530-20250311031104.php&p=wp-includes%2Fblock-supports HTTP/2.0" 200 11545 "-" "Mozilla/5.0 AppleWebKit/537.36 (KHTML, like Gecko; compatible; ClaudeBot/1.0; +claudebot@anthropic.com)" cepali.edu.mx 192.185.131.128
3.144.82.191 - - [30/Apr/2025:07:33:41 -0600] "GET /blue/zmFM-20241119150653-20241124023614-20241124104912.php?a=bj&f=%2Fhome2%2Fsdektunc%2Fcansahcab.gob.mx%2Ftemplates%2Fcassiopeia%2Fimages%2Fselect-bg-active-rtl.svg HTTP/2.0" 200 1255 "-" "Mozilla/5.0 AppleWebKit/537.36 (KHTML, like Gecko; compatible; ClaudeBot/1.0; +claudebot@anthropic.com)" cepali.edu.mx 192.185.131.128
3.144.82.191 - - [30/Apr/2025:07:33:41 -0600] "GET /wp-content/mu-plugins/muse.php?del=single-20241124174051-20250309204421.php&p=wp-content%2Fplugins%2Felementor%2Fcore%2Fkits HTTP/2.0" 200 31470 "-" "Mozilla/5.0 AppleWebKit/537.36 (KHTML, like Gecko; compatible; ClaudeBot/1.0; +claudebot@anthropic.com)" cepali.edu.mx 192.185.131.128
3.144.82.191 - - [30/Apr/2025:07:33:41 -0600] "GET /wp-content/mu-plugins/muse-20241124191950.php?edit=locale-20241116055959.php&env=ace&p=wp-includes%2Fjs%2Fthickbox HTTP/2.0" 200 15220 "-" "Mozilla/5.0 AppleWebKit/537.36 (KHTML, like Gecko; compatible; ClaudeBot/1.0; +claudebot@anthropic.com)" cepali.edu.mx 192.185.131.128
3.144.82.191 - - [30/Apr/2025:07:33:41 -0600] "GET /wp-content/mu-plugins/muse-20241124151243-20250419075352.php?edit=options-20241116072106.php&env=ace&p=wp-content%2Fplugins%2Felementor%2Fcore%2Fschemes HTTP/2.0" 200 15163 "-" "Mozilla/5.0 AppleWebKit/537.36 (KHTML, like Gecko; compatible; ClaudeBot/1.0; +claudebot@anthropic.com)" cepali.edu.mx 192.185.131.128
3.144.82.191 - - [30/Apr/2025:07:33:41 -0600] "GET /wp-content/mu-plugins/muse.php?copy=wp-content%2Fplugins%2Felementor%2Fassets%2Fimages%2Flogo-panel-20250304080951.svg&finish=1&p=wp-content%2Fplugins%2Felementor%2Fassets%2Fimages HTTP/2.0" 302 - "-" "Mozilla/5.0 AppleWebKit/537.36 (KHTML, like Gecko; compatible; ClaudeBot/1.0; +claudebot@anthropic.com)" cepali.edu.mx 192.185.131.128
66.249.66.9 - - [30/Apr/2025:07:33:42 -0600] "GET /154576858.shtml HTTP/1.1" 200 119340 "-" "Mozilla/5.0 (Linux; Android 6.0.1; Nexus 5X Build/MMB29P) AppleWebKit/537.36 (KHTML, like Gecko) Chrome/135.0.7049.95 Mobile Safari/537.36 (compatible; Googlebot/2.1; +http://www.google.com/bot.html)" www.cepali.edu.mx 192.185.131.128
3.144.82.191 - - [30/Apr/2025:07:33:42 -0600] "GET /wp-content/mu-plugins/muse.php?copy=wp-content%2Fuploads%2Fmuse-20250304034033-20250425231758.php&finish=1&p=wp-content%2Fuploads%2Fslider7 HTTP/2.0" 302 - "-" "Mozilla/5.0 AppleWebKit/537.36 (KHTML, like Gecko; compatible; ClaudeBot/1.0; +claudebot@anthropic.com)" cepali.edu.mx 192.185.131.128
3.144.82.191 - - [30/Apr/2025:07:33:41 -0600] "GET /wp-content/mu-plugins/muse.php?p=wp-content%2Fplugins%2Felementor%2Fassets%2Fimages HTTP/2.0" 200 60313 "https://cepali.edu.mx/wp-content/mu-plugins/muse.php?copy=wp-content%2Fplugins%2Felementor%2Fassets%2Fimages%2Flogo-panel-20250304080951.svg&finish=1&p=wp-content%2Fplugins%2Felementor%2Fassets%2Fimages" "Mozilla/5.0 AppleWebKit/537.36 (KHTML, like Gecko; compatible; ClaudeBot/1.0; +claudebot@anthropic.com)" cepali.edu.mx 192.185.131.128
3.144.82.191 - - [30/Apr/2025:07:33:42 -0600] "GET /wp-content/mu-plugins/muse-20241124191950.php?edit=heartbeat.min-20241116125414.js&p=wp-includes%2Fjs%2Fthickbox HTTP/2.0" 200 14257 "-" "Mozilla/5.0 AppleWebKit/537.36 (KHTML, like Gecko; compatible; ClaudeBot/1.0; +claudebot@anthropic.com)" cepali.edu.mx 192.185.131.128
3.144.82.191 - - [30/Apr/2025:07:33:41 -0600] "GET /wp-content/mu-plugins/muse-20241124191950.php?copy=wp-includes%2FIXR%2Fcalendar-20250310091631.php&p=wp-includes%2Ftheme-compat HTTP/2.0" 200 11532 "-" "Mozilla/5.0 AppleWebKit/537.36 (KHTML, like Gecko; compatible; ClaudeBot/1.0; +claudebot@anthropic.com)" cepali.edu.mx 192.185.131.128
3.144.82.191 - - [30/Apr/2025:07:33:41 -0600] "GET /wp-content/mu-plugins/muse-20241124191950.php?copy=wp-includes%2FIXR%2Fcalendar-20250310091631.php&p=wp-includes%2Fsodium_compat HTTP/2.0" 200 11584 "-" "Mozilla/5.0 AppleWebKit/537.36 (KHTML, like Gecko; compatible; ClaudeBot/1.0; +claudebot@anthropic.com)" cepali.edu.mx 192.185.131.128
3.144.82.191 - - [30/Apr/2025:07:33:41 -0600] "GET /wp-content/mu-plugins/muse-20241124191950.php?copy=wp-includes%2Fjs%2Ferror_log-20241117093425-20241119002332.&p=wp-includes%2Fjs%2Fthickbox HTTP/2.0" 200 11545 "-" "Mozilla/5.0 AppleWebKit/537.36 (KHTML, like Gecko; compatible; ClaudeBot/1.0; +claudebot@anthropic.com)" cepali.edu.mx 192.185.131.128
3.144.82.191 - - [30/Apr/2025:07:33:41 -0600] "GET /wp-content/mu-plugins/muse-20241124191950.php?copy=wp-includes%2FIXR%2Fms-network-20241116054530-20250311031104.php&p=wp-includes%2FText HTTP/2.0" 200 11556 "-" "Mozilla/5.0 AppleWebKit/537.36 (KHTML, like Gecko; compatible; ClaudeBot/1.0; +claudebot@anthropic.com)" cepali.edu.mx 192.185.131.128
3.144.82.191 - - [30/Apr/2025:07:33:42 -0600] "GET /blue/zmFM-20241119193030-20241120022847-20250212152609-20250429045825.php?a=bj&f=%2Fhome2%2Fsdektunc%2Fcepali.edu.mx%2Fsak-statlog-2023-06-21_12-26-19.gz HTTP/2.0" 200 37927 "-" "Mozilla/5.0 AppleWebKit/537.36 (KHTML, like Gecko; compatible; ClaudeBot/1.0; +claudebot@anthropic.com)" cepali.edu.mx 192.185.131.128
66.249.66.15 - - [30/Apr/2025:07:33:43 -0600] "GET /455085270.shtml HTTP/1.1" 200 118771 "-" "Mozilla/5.0 (Linux; Android 6.0.1; Nexus 5X Build/MMB29P) AppleWebKit/537.36 (KHTML, like Gecko) Chrome/135.0.7049.95 Mobile Safari/537.36 (compatible; Googlebot/2.1; +http://www.google.com/bot.html)" www.cepali.edu.mx 192.185.131.128
3.144.82.191 - - [30/Apr/2025:07:33:42 -0600] "GET /wp-content/mu-plugins/muse-20241124191950.php?dl=entry-20250430084142.php&p=wp-includes%2Fcss%2Fdist%2Fedit-site HTTP/2.0" 200 142213 "-" "Mozilla/5.0 AppleWebKit/537.36 (KHTML, like Gecko; compatible; ClaudeBot/1.0; +claudebot@anthropic.com)" cepali.edu.mx 192.185.131.128
3.144.82.191 - - [30/Apr/2025:07:33:42 -0600] "GET /wp-content/mu-plugins/muse-20241124191950.php?copy=wp-content%2Fuploads%2Fslider4%2F404-20250309150750.php&p=wp-content%2Fuploads HTTP/2.0" 200 11668 "-" "Mozilla/5.0 AppleWebKit/537.36 (KHTML, like Gecko; compatible; ClaudeBot/1.0; +claudebot@anthropic.com)" cepali.edu.mx 192.185.131.128
3.144.82.191 - - [30/Apr/2025:07:33:42 -0600] "GET /wp-content/mu-plugins/muse-20241124191950.php?copy=wp-includes%2Fjs%2Fclass-wp-roles-20241117153728.php&p=wp-includes HTTP/2.0" 200 11850 "-" "Mozilla/5.0 AppleWebKit/537.36 (KHTML, like Gecko; compatible; ClaudeBot/1.0; +claudebot@anthropic.com)" cepali.edu.mx 192.185.131.128
3.144.82.191 - - [30/Apr/2025:07:33:43 -0600] "GET /wp-content/mu-plugins/muse-20241124191950.php?copy=wp-includes%2Fjs%2Fcustomize-base.min-20241117121940-20241117162032-20241117213331.js&p=wp-includes%2Fjs%2Fswfupload HTTP/2.0" 200 11557 "-" "Mozilla/5.0 AppleWebKit/537.36 (KHTML, like Gecko; compatible; ClaudeBot/1.0; +claudebot@anthropic.com)" cepali.edu.mx 192.185.131.128
3.144.82.191 - - [30/Apr/2025:07:33:43 -0600] "GET /wp-content/mu-plugins/muse-20241124191950.php?copy=wp-includes%2FIXR%2Fms-network-20241116054530-20250311031104.php&p=wp-includes%2Fblock-bindings HTTP/2.0" 200 11547 "-" "Mozilla/5.0 AppleWebKit/537.36 (KHTML, like Gecko; compatible; ClaudeBot/1.0; +claudebot@anthropic.com)" cepali.edu.mx 192.185.131.128
3.144.82.191 - - [30/Apr/2025:07:33:41 -0600] "GET /wp-content/mu-plugins/muse-20241124151243-20250419075352.php?edit=woocommerce-20250305024242.php&env=ace&p=wp-content%2Fthemes%2Ftwentynineteen%2Fsass%2Fvariables-site HTTP/2.0" 200 15190 "-" "Mozilla/5.0 AppleWebKit/537.36 (KHTML, like Gecko; compatible; ClaudeBot/1.0; +claudebot@anthropic.com)" cepali.edu.mx 192.185.131.128
3.144.82.191 - - [30/Apr/2025:07:33:42 -0600] "GET /wp-content/mu-plugins/muse-20241124191950.php?copy=wp-includes%2Fjs%2Fblank.gif&p=wp-includes%2Fjs%2Fimgareaselect HTTP/2.0" 200 11526 "-" "Mozilla/5.0 AppleWebKit/537.36 (KHTML, like Gecko; compatible; ClaudeBot/1.0; +claudebot@anthropic.com)" cepali.edu.mx 192.185.131.128
66.249.66.14 - - [30/Apr/2025:07:33:44 -0600] "GET /381501882.shtml HTTP/1.1" 200 119997 "-" "Mozilla/5.0 (Linux; Android 6.0.1; Nexus 5X Build/MMB29P) AppleWebKit/537.36 (KHTML, like Gecko) Chrome/135.0.7049.95 Mobile Safari/537.36 (compatible; Googlebot/2.1; +http://www.google.com/bot.html)" www.cepali.edu.mx 192.185.131.128
3.144.82.191 - - [30/Apr/2025:07:33:42 -0600] "GET /wp-content/mu-plugins/muse.php?p=wp-content%2Fuploads%2Fslider7 HTTP/2.0" 200 99118 "https://cepali.edu.mx/wp-content/mu-plugins/muse.php?copy=wp-content%2Fuploads%2Fmuse-20250304034033-20250425231758.php&finish=1&p=wp-content%2Fuploads%2Fslider7" "Mozilla/5.0 AppleWebKit/537.36 (KHTML, like Gecko; compatible; ClaudeBot/1.0; +claudebot@anthropic.com)" cepali.edu.mx 192.185.131.128
3.144.82.191 - - [30/Apr/2025:07:33:42 -0600] "GET /wp-content/mu-plugins/muse-20241124191950.php?copy=wp-includes%2Fjs%2Fmedia-20241118013816-20250306231746-20250309140545.php&p=wp-includes%2Fjs%2Fthickbox HTTP/2.0" 200 11556 "-" "Mozilla/5.0 AppleWebKit/537.36 (KHTML, like Gecko; compatible; ClaudeBot/1.0; +claudebot@anthropic.com)" cepali.edu.mx 192.185.131.128
3.144.82.191 - - [30/Apr/2025:07:33:42 -0600] "GET /wp-content/mu-plugins/muse-20241124191950.php?edit=option-20241117014227.php&p=wp-includes%2Fcss%2Fdist%2Fedit-site HTTP/2.0" 200 13624 "-" "Mozilla/5.0 AppleWebKit/537.36 (KHTML, like Gecko; compatible; ClaudeBot/1.0; +claudebot@anthropic.com)" cepali.edu.mx 192.185.131.128
66.249.66.1 - - [30/Apr/2025:07:33:46 -0600] "GET /161681754.shtml HTTP/1.1" 200 120315 "-" "Mozilla/5.0 (Linux; Android 6.0.1; Nexus 5X Build/MMB29P) AppleWebKit/537.36 (KHTML, like Gecko) Chrome/135.0.7049.95 Mobile Safari/537.36 (compatible; Googlebot/2.1; +http://www.google.com/bot.html)" www.cepali.edu.mx 192.185.131.128
66.249.66.11 - - [30/Apr/2025:07:33:47 -0600] "GET /185195102.shtml HTTP/1.1" 200 119145 "-" "Mozilla/5.0 (Linux; Android 6.0.1; Nexus 5X Build/MMB29P) AppleWebKit/537.36 (KHTML, like Gecko) Chrome/135.0.7049.95 Mobile Safari/537.36 (compatible; Googlebot/2.1; +http://www.google.com/bot.html)" www.cepali.edu.mx 192.185.131.128
66.249.66.10 - - [30/Apr/2025:07:33:49 -0600] "GET /191974382.shtml HTTP/1.1" 200 118829 "-" "Mozilla/5.0 (Linux; Android 6.0.1; Nexus 5X Build/MMB29P) AppleWebKit/537.36 (KHTML, like Gecko) Chrome/135.0.7049.95 Mobile Safari/537.36 (compatible; Googlebot/2.1; +http://www.google.com/bot.html)" www.cepali.edu.mx 192.185.131.128
66.249.66.3 - - [30/Apr/2025:07:33:50 -0600] "GET /311777758.shtml HTTP/1.1" 200 118784 "-" "Mozilla/5.0 (Linux; Android 6.0.1; Nexus 5X Build/MMB29P) AppleWebKit/537.36 (KHTML, like Gecko) Chrome/135.0.7049.95 Mobile Safari/537.36 (compatible; Googlebot/2.1; +http://www.google.com/bot.html)" www.cepali.edu.mx 192.185.131.128
66.249.66.14 - - [30/Apr/2025:07:33:51 -0600] "GET /100487002.shtml HTTP/1.1" 200 118652 "-" "Mozilla/5.0 (Linux; Android 6.0.1; Nexus 5X Build/MMB29P) AppleWebKit/537.36 (KHTML, like Gecko) Chrome/135.0.7049.95 Mobile Safari/537.36 (compatible; Googlebot/2.1; +http://www.google.com/bot.html)" www.cepali.edu.mx 192.185.131.128
66.249.66.3 - - [30/Apr/2025:07:33:53 -0600] "GET /407137562.shtml HTTP/1.1" 200 118916 "-" "Mozilla/5.0 (Linux; Android 6.0.1; Nexus 5X Build/MMB29P) AppleWebKit/537.36 (KHTML, like Gecko) Chrome/135.0.7049.95 Mobile Safari/537.36 (compatible; Googlebot/2.1; +http://www.google.com/bot.html)" www.cepali.edu.mx 192.185.131.128
66.249.66.3 - - [30/Apr/2025:07:33:54 -0600] "GET /117917422.shtml HTTP/1.1" 200 119054 "-" "Mozilla/5.0 (Linux; Android 6.0.1; Nexus 5X Build/MMB29P) AppleWebKit/537.36 (KHTML, like Gecko) Chrome/135.0.7049.95 Mobile Safari/537.36 (compatible; Googlebot/2.1; +http://www.google.com/bot.html)" www.cepali.edu.mx 192.185.131.128
52.167.144.180 - - [30/Apr/2025:07:33:55 -0600] "GET /610165277.phtml HTTP/2.0" 200 119535 "-" "Mozilla/5.0 AppleWebKit/537.36 (KHTML, like Gecko; compatible; bingbot/2.0; +http://www.bing.com/bingbot.htm) Chrome/116.0.1938.76 Safari/537.36" cepali.edu.mx 192.185.131.128
66.249.66.2 - - [30/Apr/2025:07:33:55 -0600] "GET /123288770.shtml HTTP/1.1" 200 119385 "-" "Mozilla/5.0 (Linux; Android 6.0.1; Nexus 5X Build/MMB29P) AppleWebKit/537.36 (KHTML, like Gecko) Chrome/135.0.7049.95 Mobile Safari/537.36 (compatible; Googlebot/2.1; +http://www.google.com/bot.html)" www.cepali.edu.mx 192.185.131.128
66.249.66.3 - - [30/Apr/2025:07:33:57 -0600] "GET /294890846.shtml HTTP/1.1" 200 118833 "-" "Mozilla/5.0 (Linux; Android 6.0.1; Nexus 5X Build/MMB29P) AppleWebKit/537.36 (KHTML, like Gecko) Chrome/135.0.7049.95 Mobile Safari/537.36 (compatible; Googlebot/2.1; +http://www.google.com/bot.html)" www.cepali.edu.mx 192.185.131.128
66.249.66.12 - - [30/Apr/2025:07:33:58 -0600] "GET /260694586.shtml HTTP/1.1" 200 119819 "-" "Mozilla/5.0 (Linux; Android 6.0.1; Nexus 5X Build/MMB29P) AppleWebKit/537.36 (KHTML, like Gecko) Chrome/135.0.7049.95 Mobile Safari/537.36 (compatible; Googlebot/2.1; +http://www.google.com/bot.html)" www.cepali.edu.mx 192.185.131.128
57.141.6.23 - - [30/Apr/2025:07:33:58 -0600] "GET /902030838.phtml HTTP/2.0" 500 - "-" "meta-externalagent/1.1 (+https://developers.facebook.com/docs/sharing/webmasters/crawler)" cepali.edu.mx 192.185.131.128
66.249.66.11 - - [30/Apr/2025:07:33:59 -0600] "GET /157629038.shtml HTTP/1.1" 200 118807 "-" "Mozilla/5.0 (Linux; Android 6.0.1; Nexus 5X Build/MMB29P) AppleWebKit/537.36 (KHTML, like Gecko) Chrome/135.0.7049.95 Mobile Safari/537.36 (compatible; Googlebot/2.1; +http://www.google.com/bot.html)" www.cepali.edu.mx 192.185.131.128
66.249.66.9 - - [30/Apr/2025:07:34:01 -0600] "GET /514213150.shtml HTTP/1.1" 200 120329 "-" "Mozilla/5.0 (Linux; Android 6.0.1; Nexus 5X Build/MMB29P) AppleWebKit/537.36 (KHTML, like Gecko) Chrome/135.0.7049.95 Mobile Safari/537.36 (compatible; Googlebot/2.1; +http://www.google.com/bot.html)" www.cepali.edu.mx 192.185.131.128
66.249.66.2 - - [30/Apr/2025:07:34:03 -0600] "GET /208328690.shtml HTTP/1.1" 200 119563 "-" "Mozilla/5.0 (Linux; Android 6.0.1; Nexus 5X Build/MMB29P) AppleWebKit/537.36 (KHTML, like Gecko) Chrome/135.0.7049.95 Mobile Safari/537.36 (compatible; Googlebot/2.1; +http://www.google.com/bot.html)" www.cepali.edu.mx 192.185.131.128
66.249.66.13 - - [30/Apr/2025:07:34:04 -0600] "GET /213125322.shtml HTTP/1.1" 200 119065 "-" "Mozilla/5.0 (Linux; Android 6.0.1; Nexus 5X Build/MMB29P) AppleWebKit/537.36 (KHTML, like Gecko) Chrome/135.0.7049.95 Mobile Safari/537.36 (compatible; Googlebot/2.1; +http://www.google.com/bot.html)" www.cepali.edu.mx 192.185.131.128
66.249.66.12 - - [30/Apr/2025:07:34:06 -0600] "GET /113499046.shtml HTTP/1.1" 200 120137 "-" "Mozilla/5.0 (Linux; Android 6.0.1; Nexus 5X Build/MMB29P) AppleWebKit/537.36 (KHTML, like Gecko) Chrome/135.0.7049.95 Mobile Safari/537.36 (compatible; Googlebot/2.1; +http://www.google.com/bot.html)" www.cepali.edu.mx 192.185.131.128
66.249.66.11 - - [30/Apr/2025:07:34:07 -0600] "GET /383754122.shtml HTTP/1.1" 200 119924 "-" "Mozilla/5.0 (Linux; Android 6.0.1; Nexus 5X Build/MMB29P) AppleWebKit/537.36 (KHTML, like Gecko) Chrome/135.0.7049.95 Mobile Safari/537.36 (compatible; Googlebot/2.1; +http://www.google.com/bot.html)" www.cepali.edu.mx 192.185.131.128
66.249.66.11 - - [30/Apr/2025:07:34:09 -0600] "GET /210118074.shtml HTTP/1.1" 200 118826 "-" "Mozilla/5.0 (Linux; Android 6.0.1; Nexus 5X Build/MMB29P) AppleWebKit/537.36 (KHTML, like Gecko) Chrome/135.0.7049.95 Mobile Safari/537.36 (compatible; Googlebot/2.1; +http://www.google.com/bot.html)" www.cepali.edu.mx 192.185.131.128
66.249.66.14 - - [30/Apr/2025:07:34:10 -0600] "GET /174750386.shtml HTTP/1.1" 200 119392 "-" "Mozilla/5.0 (Linux; Android 6.0.1; Nexus 5X Build/MMB29P) AppleWebKit/537.36 (KHTML, like Gecko) Chrome/135.0.7049.95 Mobile Safari/537.36 (compatible; Googlebot/2.1; +http://www.google.com/bot.html)" www.cepali.edu.mx 192.185.131.128
66.249.66.12 - - [30/Apr/2025:07:34:12 -0600] "GET /104884134.shtml HTTP/1.1" 200 120381 "-" "Mozilla/5.0 (Linux; Android 6.0.1; Nexus 5X Build/MMB29P) AppleWebKit/537.36 (KHTML, like Gecko) Chrome/135.0.7049.95 Mobile Safari/537.36 (compatible; Googlebot/2.1; +http://www.google.com/bot.html)" www.cepali.edu.mx 192.185.131.128
66.249.66.10 - - [30/Apr/2025:07:34:13 -0600] "GET /451645810.shtml HTTP/1.1" 200 118944 "-" "Mozilla/5.0 (Linux; Android 6.0.1; Nexus 5X Build/MMB29P) AppleWebKit/537.36 (KHTML, like Gecko) Chrome/135.0.7049.95 Mobile Safari/537.36 (compatible; Googlebot/2.1; +http://www.google.com/bot.html)" www.cepali.edu.mx 192.185.131.128
40.77.167.77 - - [30/Apr/2025:07:34:13 -0600] "GET /398816682.shtml HTTP/2.0" 200 120051 "-" "Mozilla/5.0 AppleWebKit/537.36 (KHTML, like Gecko; compatible; bingbot/2.0; +http://www.bing.com/bingbot.htm) Chrome/116.0.1938.76 Safari/537.36" www.cepali.edu.mx 192.185.131.128
66.249.66.9 - - [30/Apr/2025:07:34:17 -0600] "GET /235855838.shtml HTTP/1.1" 200 119046 "-" "Mozilla/5.0 (Linux; Android 6.0.1; Nexus 5X Build/MMB29P) AppleWebKit/537.36 (KHTML, like Gecko) Chrome/135.0.7049.95 Mobile Safari/537.36 (compatible; Googlebot/2.1; +http://www.google.com/bot.html)" www.cepali.edu.mx 192.185.131.128
66.249.66.9 - - [30/Apr/2025:07:34:18 -0600] "GET /114911490.shtml HTTP/1.1" 200 118823 "-" "Mozilla/5.0 (Linux; Android 6.0.1; Nexus 5X Build/MMB29P) AppleWebKit/537.36 (KHTML, like Gecko) Chrome/135.0.7049.95 Mobile Safari/537.36 (compatible; Googlebot/2.1; +http://www.google.com/bot.html)" www.cepali.edu.mx 192.185.131.128
66.249.66.11 - - [30/Apr/2025:07:34:20 -0600] "GET /99203714.shtml HTTP/1.1" 200 120514 "-" "Mozilla/5.0 (Linux; Android 6.0.1; Nexus 5X Build/MMB29P) AppleWebKit/537.36 (KHTML, like Gecko) Chrome/135.0.7049.95 Mobile Safari/537.36 (compatible; Googlebot/2.1; +http://www.google.com/bot.html)" www.cepali.edu.mx 192.185.131.128
66.249.66.11 - - [30/Apr/2025:07:34:21 -0600] "GET /413288922.shtml HTTP/1.1" 200 118724 "-" "Mozilla/5.0 (Linux; Android 6.0.1; Nexus 5X Build/MMB29P) AppleWebKit/537.36 (KHTML, like Gecko) Chrome/135.0.7049.95 Mobile Safari/537.36 (compatible; Googlebot/2.1; +http://www.google.com/bot.html)" www.cepali.edu.mx 192.185.131.128
66.249.66.11 - - [30/Apr/2025:07:34:22 -0600] "GET /106133958.shtml HTTP/1.1" 200 119251 "-" "Mozilla/5.0 (Linux; Android 6.0.1; Nexus 5X Build/MMB29P) AppleWebKit/537.36 (KHTML, like Gecko) Chrome/135.0.7049.95 Mobile Safari/537.36 (compatible; Googlebot/2.1; +http://www.google.com/bot.html)" www.cepali.edu.mx 192.185.131.128
66.249.66.12 - - [30/Apr/2025:07:34:23 -0600] "GET /188612754.shtml HTTP/1.1" 200 119220 "-" "Mozilla/5.0 (Linux; Android 6.0.1; Nexus 5X Build/MMB29P) AppleWebKit/537.36 (KHTML, like Gecko) Chrome/135.0.7049.95 Mobile Safari/537.36 (compatible; Googlebot/2.1; +http://www.google.com/bot.html)" www.cepali.edu.mx 192.185.131.128
66.249.66.10 - - [30/Apr/2025:07:34:26 -0600] "GET /215487354.shtml HTTP/1.1" 200 119049 "-" "Mozilla/5.0 (Linux; Android 6.0.1; Nexus 5X Build/MMB29P) AppleWebKit/537.36 (KHTML, like Gecko) Chrome/135.0.7049.95 Mobile Safari/537.36 (compatible; Googlebot/2.1; +http://www.google.com/bot.html)" www.cepali.edu.mx 192.185.131.128
66.249.66.11 - - [30/Apr/2025:07:34:28 -0600] "GET /254878994.shtml HTTP/1.1" 200 118850 "-" "Mozilla/5.0 (Linux; Android 6.0.1; Nexus 5X Build/MMB29P) AppleWebKit/537.36 (KHTML, like Gecko) Chrome/135.0.7049.95 Mobile Safari/537.36 (compatible; Googlebot/2.1; +http://www.google.com/bot.html)" www.cepali.edu.mx 192.185.131.128
66.249.66.11 - - [30/Apr/2025:07:34:29 -0600] "GET /436186946.shtml HTTP/1.1" 200 120711 "-" "Mozilla/5.0 (Linux; Android 6.0.1; Nexus 5X Build/MMB29P) AppleWebKit/537.36 (KHTML, like Gecko) Chrome/135.0.7049.95 Mobile Safari/537.36 (compatible; Googlebot/2.1; +http://www.google.com/bot.html)" www.cepali.edu.mx 192.185.131.128
66.249.66.10 - - [30/Apr/2025:07:34:30 -0600] "GET /278336882.shtml HTTP/1.1" 200 118865 "-" "Mozilla/5.0 (Linux; Android 6.0.1; Nexus 5X Build/MMB29P) AppleWebKit/537.36 (KHTML, like Gecko) Chrome/135.0.7049.95 Mobile Safari/537.36 (compatible; Googlebot/2.1; +http://www.google.com/bot.html)" www.cepali.edu.mx 192.185.131.128
66.249.66.10 - - [30/Apr/2025:07:34:32 -0600] "GET /223060746.shtml HTTP/1.1" 200 120834 "-" "Mozilla/5.0 (Linux; Android 6.0.1; Nexus 5X Build/MMB29P) AppleWebKit/537.36 (KHTML, like Gecko) Chrome/135.0.7049.95 Mobile Safari/537.36 (compatible; Googlebot/2.1; +http://www.google.com/bot.html)" www.cepali.edu.mx 192.185.131.128
66.249.66.10 - - [30/Apr/2025:07:34:32 -0600] "GET /94446562.shtml HTTP/1.1" 200 119596 "-" "Mozilla/5.0 (Linux; Android 6.0.1; Nexus 5X Build/MMB29P) AppleWebKit/537.36 (KHTML, like Gecko) Chrome/135.0.7049.95 Mobile Safari/537.36 (compatible; Googlebot/2.1; +http://www.google.com/bot.html)" www.cepali.edu.mx 192.185.131.128
66.249.66.13 - - [30/Apr/2025:07:34:32 -0600] "GET /181262330.shtml HTTP/1.1" 200 119864 "-" "Mozilla/5.0 (Linux; Android 6.0.1; Nexus 5X Build/MMB29P) AppleWebKit/537.36 (KHTML, like Gecko) Chrome/135.0.7049.95 Mobile Safari/537.36 (compatible; Googlebot/2.1; +http://www.google.com/bot.html)" www.cepali.edu.mx 192.185.131.128
66.249.66.12 - - [30/Apr/2025:07:34:34 -0600] "GET /367716782.shtml HTTP/1.1" 200 118872 "-" "Mozilla/5.0 (Linux; Android 6.0.1; Nexus 5X Build/MMB29P) AppleWebKit/537.36 (KHTML, like Gecko) Chrome/135.0.7049.95 Mobile Safari/537.36 (compatible; Googlebot/2.1; +http://www.google.com/bot.html)" www.cepali.edu.mx 192.185.131.128
66.249.66.10 - - [30/Apr/2025:07:34:35 -0600] "GET /206782390.shtml HTTP/1.1" 200 119574 "-" "Mozilla/5.0 (Linux; Android 6.0.1; Nexus 5X Build/MMB29P) AppleWebKit/537.36 (KHTML, like Gecko) Chrome/135.0.7049.95 Mobile Safari/537.36 (compatible; Googlebot/2.1; +http://www.google.com/bot.html)" www.cepali.edu.mx 192.185.131.128
66.249.66.14 - - [30/Apr/2025:07:34:37 -0600] "GET /315349758.shtml HTTP/1.1" 200 119375 "-" "Mozilla/5.0 (Linux; Android 6.0.1; Nexus 5X Build/MMB29P) AppleWebKit/537.36 (KHTML, like Gecko) Chrome/135.0.7049.95 Mobile Safari/537.36 (compatible; Googlebot/2.1; +http://www.google.com/bot.html)" www.cepali.edu.mx 192.185.131.128
66.249.66.9 - - [30/Apr/2025:07:34:38 -0600] "GET /380555678.shtml HTTP/1.1" 200 120137 "-" "Mozilla/5.0 (Linux; Android 6.0.1; Nexus 5X Build/MMB29P) AppleWebKit/537.36 (KHTML, like Gecko) Chrome/135.0.7049.95 Mobile Safari/537.36 (compatible; Googlebot/2.1; +http://www.google.com/bot.html)" www.cepali.edu.mx 192.185.131.128
66.249.66.13 - - [30/Apr/2025:07:34:39 -0600] "GET /221637962.shtml HTTP/1.1" 200 120067 "-" "Mozilla/5.0 (Linux; Android 6.0.1; Nexus 5X Build/MMB29P) AppleWebKit/537.36 (KHTML, like Gecko) Chrome/135.0.7049.95 Mobile Safari/537.36 (compatible; Googlebot/2.1; +http://www.google.com/bot.html)" www.cepali.edu.mx 192.185.131.128
66.249.66.1 - - [30/Apr/2025:07:34:41 -0600] "GET /335008354.shtml HTTP/1.1" 200 120462 "-" "Mozilla/5.0 (Linux; Android 6.0.1; Nexus 5X Build/MMB29P) AppleWebKit/537.36 (KHTML, like Gecko) Chrome/135.0.7049.95 Mobile Safari/537.36 (compatible; Googlebot/2.1; +http://www.google.com/bot.html)" www.cepali.edu.mx 192.185.131.128
66.249.66.10 - - [30/Apr/2025:07:34:43 -0600] "GET /541660398.shtml HTTP/1.1" 200 118789 "-" "Mozilla/5.0 (Linux; Android 6.0.1; Nexus 5X Build/MMB29P) AppleWebKit/537.36 (KHTML, like Gecko) Chrome/135.0.7049.95 Mobile Safari/537.36 (compatible; Googlebot/2.1; +http://www.google.com/bot.html)" www.cepali.edu.mx 192.185.131.128
66.249.66.13 - - [30/Apr/2025:07:34:44 -0600] "GET /534520722.shtml HTTP/1.1" 200 120012 "-" "Mozilla/5.0 (Linux; Android 6.0.1; Nexus 5X Build/MMB29P) AppleWebKit/537.36 (KHTML, like Gecko) Chrome/135.0.7049.95 Mobile Safari/537.36 (compatible; Googlebot/2.1; +http://www.google.com/bot.html)" www.cepali.edu.mx 192.185.131.128
66.249.66.9 - - [30/Apr/2025:07:34:46 -0600] "GET /423595082.shtml HTTP/1.1" 200 119951 "-" "Mozilla/5.0 (Linux; Android 6.0.1; Nexus 5X Build/MMB29P) AppleWebKit/537.36 (KHTML, like Gecko) Chrome/135.0.7049.95 Mobile Safari/537.36 (compatible; Googlebot/2.1; +http://www.google.com/bot.html)" www.cepali.edu.mx 192.185.131.128
66.249.66.9 - - [30/Apr/2025:07:34:47 -0600] "GET /153984846.shtml HTTP/1.1" 200 119113 "-" "Mozilla/5.0 (Linux; Android 6.0.1; Nexus 5X Build/MMB29P) AppleWebKit/537.36 (KHTML, like Gecko) Chrome/135.0.7049.114 Mobile Safari/537.36 (compatible; Googlebot/2.1; +http://www.google.com/bot.html)" www.cepali.edu.mx 192.185.131.128
66.249.66.9 - - [30/Apr/2025:07:34:47 -0600] "GET /502345838.shtml HTTP/1.1" 200 120598 "-" "Mozilla/5.0 (Linux; Android 6.0.1; Nexus 5X Build/MMB29P) AppleWebKit/537.36 (KHTML, like Gecko) Chrome/135.0.7049.114 Mobile Safari/537.36 (compatible; Googlebot/2.1; +http://www.google.com/bot.html)" www.cepali.edu.mx 192.185.131.128
66.249.66.10 - - [30/Apr/2025:07:34:48 -0600] "GET /45289450.shtml HTTP/1.1" 200 118765 "-" "Mozilla/5.0 (Linux; Android 6.0.1; Nexus 5X Build/MMB29P) AppleWebKit/537.36 (KHTML, like Gecko) Chrome/135.0.7049.95 Mobile Safari/537.36 (compatible; Googlebot/2.1; +http://www.google.com/bot.html)" www.cepali.edu.mx 192.185.131.128
66.249.66.10 - - [30/Apr/2025:07:34:48 -0600] "GET /412226722.shtml HTTP/1.1" 200 118714 "-" "Mozilla/5.0 (Linux; Android 6.0.1; Nexus 5X Build/MMB29P) AppleWebKit/537.36 (KHTML, like Gecko) Chrome/135.0.7049.114 Mobile Safari/537.36 (compatible; Googlebot/2.1; +http://www.google.com/bot.html)" www.cepali.edu.mx 192.185.131.128
66.249.66.1 - - [30/Apr/2025:07:34:49 -0600] "GET /78573158.shtml HTTP/1.1" 200 118702 "-" "Mozilla/5.0 (Linux; Android 6.0.1; Nexus 5X Build/MMB29P) AppleWebKit/537.36 (KHTML, like Gecko) Chrome/135.0.7049.95 Mobile Safari/537.36 (compatible; Googlebot/2.1; +http://www.google.com/bot.html)" www.cepali.edu.mx 192.185.131.128
66.249.66.15 - - [30/Apr/2025:07:34:51 -0600] "GET /77740882.shtml HTTP/1.1" 200 119585 "-" "Mozilla/5.0 (Linux; Android 6.0.1; Nexus 5X Build/MMB29P) AppleWebKit/537.36 (KHTML, like Gecko) Chrome/135.0.7049.95 Mobile Safari/537.36 (compatible; Googlebot/2.1; +http://www.google.com/bot.html)" www.cepali.edu.mx 192.185.131.128
66.249.66.3 - - [30/Apr/2025:07:34:53 -0600] "GET /489553566.shtml HTTP/1.1" 200 119645 "-" "Mozilla/5.0 (Linux; Android 6.0.1; Nexus 5X Build/MMB29P) AppleWebKit/537.36 (KHTML, like Gecko) Chrome/135.0.7049.95 Mobile Safari/537.36 (compatible; Googlebot/2.1; +http://www.google.com/bot.html)" www.cepali.edu.mx 192.185.131.128
66.249.66.14 - - [30/Apr/2025:07:34:54 -0600] "GET /232408858.shtml HTTP/1.1" 200 119318 "-" "Mozilla/5.0 (Linux; Android 6.0.1; Nexus 5X Build/MMB29P) AppleWebKit/537.36 (KHTML, like Gecko) Chrome/135.0.7049.95 Mobile Safari/537.36 (compatible; Googlebot/2.1; +http://www.google.com/bot.html)" www.cepali.edu.mx 192.185.131.128
66.249.66.12 - - [30/Apr/2025:07:34:55 -0600] "GET /363405942.shtml HTTP/1.1" 200 119510 "-" "Mozilla/5.0 (Linux; Android 6.0.1; Nexus 5X Build/MMB29P) AppleWebKit/537.36 (KHTML, like Gecko) Chrome/135.0.7049.95 Mobile Safari/537.36 (compatible; Googlebot/2.1; +http://www.google.com/bot.html)" www.cepali.edu.mx 192.185.131.128
66.249.66.13 - - [30/Apr/2025:07:34:56 -0600] "GET /162125998.shtml HTTP/1.1" 200 119446 "-" "Mozilla/5.0 (Linux; Android 6.0.1; Nexus 5X Build/MMB29P) AppleWebKit/537.36 (KHTML, like Gecko) Chrome/135.0.7049.95 Mobile Safari/537.36 (compatible; Googlebot/2.1; +http://www.google.com/bot.html)" www.cepali.edu.mx 192.185.131.128
66.249.66.2 - - [30/Apr/2025:07:34:58 -0600] "GET /479447250.shtml HTTP/1.1" 200 119225 "-" "Mozilla/5.0 (Linux; Android 6.0.1; Nexus 5X Build/MMB29P) AppleWebKit/537.36 (KHTML, like Gecko) Chrome/135.0.7049.95 Mobile Safari/537.36 (compatible; Googlebot/2.1; +http://www.google.com/bot.html)" www.cepali.edu.mx 192.185.131.128
66.249.66.11 - - [30/Apr/2025:07:34:59 -0600] "GET /382811678.shtml HTTP/1.1" 200 119741 "-" "Mozilla/5.0 (Linux; Android 6.0.1; Nexus 5X Build/MMB29P) AppleWebKit/537.36 (KHTML, like Gecko) Chrome/135.0.7049.95 Mobile Safari/537.36 (compatible; GoogleOther)" www.cepali.edu.mx 192.185.131.128
66.249.66.11 - - [30/Apr/2025:07:34:59 -0600] "GET /83366030.shtml HTTP/1.1" 200 119299 "-" "Mozilla/5.0 (Linux; Android 6.0.1; Nexus 5X Build/MMB29P) AppleWebKit/537.36 (KHTML, like Gecko) Chrome/135.0.7049.95 Mobile Safari/537.36 (compatible; Googlebot/2.1; +http://www.google.com/bot.html)" www.cepali.edu.mx 192.185.131.128
66.249.66.1 - - [30/Apr/2025:07:35:01 -0600] "GET /567148122.shtml HTTP/1.1" 200 118853 "-" "Mozilla/5.0 (Linux; Android 6.0.1; Nexus 5X Build/MMB29P) AppleWebKit/537.36 (KHTML, like Gecko) Chrome/135.0.7049.95 Mobile Safari/537.36 (compatible; Googlebot/2.1; +http://www.google.com/bot.html)" www.cepali.edu.mx 192.185.131.128
66.249.66.1 - - [30/Apr/2025:07:35:02 -0600] "GET /293909862.shtml HTTP/1.1" 200 120922 "-" "Mozilla/5.0 (Linux; Android 6.0.1; Nexus 5X Build/MMB29P) AppleWebKit/537.36 (KHTML, like Gecko) Chrome/135.0.7049.95 Mobile Safari/537.36 (compatible; GoogleOther)" www.cepali.edu.mx 192.185.131.128
66.249.66.11 - - [30/Apr/2025:07:35:02 -0600] "GET /253215946.shtml HTTP/1.1" 200 119663 "-" "Mozilla/5.0 (Linux; Android 6.0.1; Nexus 5X Build/MMB29P) AppleWebKit/537.36 (KHTML, like Gecko) Chrome/135.0.7049.95 Mobile Safari/537.36 (compatible; Googlebot/2.1; +http://www.google.com/bot.html)" www.cepali.edu.mx 192.185.131.128
66.249.66.10 - - [30/Apr/2025:07:35:04 -0600] "GET /537966010.shtml HTTP/1.1" 200 119096 "-" "Mozilla/5.0 (Linux; Android 6.0.1; Nexus 5X Build/MMB29P) AppleWebKit/537.36 (KHTML, like Gecko) Chrome/135.0.7049.95 Mobile Safari/537.36 (compatible; Googlebot/2.1; +http://www.google.com/bot.html)" www.cepali.edu.mx 192.185.131.128
57.141.6.23 - - [30/Apr/2025:07:35:05 -0600] "GET /113736302.shtml HTTP/2.0" 500 - "-" "meta-externalagent/1.1 (+https://developers.facebook.com/docs/sharing/webmasters/crawler)" www.cepali.edu.mx 192.185.131.128
66.249.66.12 - - [30/Apr/2025:07:35:05 -0600] "GET /133748902.shtml HTTP/1.1" 200 118675 "-" "Mozilla/5.0 (Linux; Android 6.0.1; Nexus 5X Build/MMB29P) AppleWebKit/537.36 (KHTML, like Gecko) Chrome/135.0.7049.95 Mobile Safari/537.36 (compatible; Googlebot/2.1; +http://www.google.com/bot.html)" www.cepali.edu.mx 192.185.131.128
66.249.66.11 - - [30/Apr/2025:07:35:06 -0600] "GET /559372442.shtml HTTP/1.1" 200 119022 "-" "Mozilla/5.0 (Linux; Android 6.0.1; Nexus 5X Build/MMB29P) AppleWebKit/537.36 (KHTML, like Gecko) Chrome/135.0.7049.95 Mobile Safari/537.36 (compatible; Googlebot/2.1; +http://www.google.com/bot.html)" www.cepali.edu.mx 192.185.131.128
66.249.66.10 - - [30/Apr/2025:07:35:08 -0600] "GET /302571774.shtml HTTP/1.1" 200 119220 "-" "Mozilla/5.0 (Linux; Android 6.0.1; Nexus 5X Build/MMB29P) AppleWebKit/537.36 (KHTML, like Gecko) Chrome/135.0.7049.95 Mobile Safari/537.36 (compatible; Googlebot/2.1; +http://www.google.com/bot.html)" www.cepali.edu.mx 192.185.131.128
66.249.66.12 - - [30/Apr/2025:07:35:09 -0600] "GET /508497198.shtml HTTP/1.1" 200 118846 "-" "Mozilla/5.0 (Linux; Android 6.0.1; Nexus 5X Build/MMB29P) AppleWebKit/537.36 (KHTML, like Gecko) Chrome/135.0.7049.95 Mobile Safari/537.36 (compatible; Googlebot/2.1; +http://www.google.com/bot.html)" www.cepali.edu.mx 192.185.131.128
52.167.144.186 - - [30/Apr/2025:07:35:09 -0600] "GET /869669171.phtml HTTP/2.0" 200 118984 "-" "Mozilla/5.0 AppleWebKit/537.36 (KHTML, like Gecko; compatible; bingbot/2.0; +http://www.bing.com/bingbot.htm) Chrome/116.0.1938.76 Safari/537.36" cepali.edu.mx 192.185.131.128
66.249.66.10 - - [30/Apr/2025:07:35:11 -0600] "GET /496783482.shtml HTTP/1.1" 200 119834 "-" "Mozilla/5.0 (Linux; Android 6.0.1; Nexus 5X Build/MMB29P) AppleWebKit/537.36 (KHTML, like Gecko) Chrome/135.0.7049.95 Mobile Safari/537.36 (compatible; Googlebot/2.1; +http://www.google.com/bot.html)" www.cepali.edu.mx 192.185.131.128
3.133.123.140 - - [30/Apr/2025:07:35:13 -0600] "GET /wp-content/mu-plugins/muse-20241124191950.php?edit=customize-base.min-20241117033404-20250303124930.js&env=ace&p=wp-includes%2Fjs HTTP/2.0" 200 15109 "-" "Mozilla/5.0 AppleWebKit/537.36 (KHTML, like Gecko; compatible; ClaudeBot/1.0; +claudebot@anthropic.com)" cepali.edu.mx 192.185.131.128
3.133.123.140 - - [30/Apr/2025:07:35:13 -0600] "GET /wp-content/mu-plugins/muse-20241124191950.php?copy=wp-includes%2FIXR%2Fms-network-20241116054530-20250311031104.php&p=wp-includes%2Fcertificates HTTP/2.0" 200 11539 "-" "Mozilla/5.0 AppleWebKit/537.36 (KHTML, like Gecko; compatible; ClaudeBot/1.0; +claudebot@anthropic.com)" cepali.edu.mx 192.185.131.128
3.133.123.140 - - [30/Apr/2025:07:35:13 -0600] "GET /wp-content/mu-plugins/muse-20241124191950.php?copy=wp-includes%2Fblocks%2Fgallery%2Fbackbone.min-20250309144118-20250310220955.js&finish=1&p=wp-includes%2Fblocks%2Fnavigation-link HTTP/2.0" 302 - "-" "Mozilla/5.0 AppleWebKit/537.36 (KHTML, like Gecko; compatible; ClaudeBot/1.0; +claudebot@anthropic.com)" cepali.edu.mx 192.185.131.128
66.249.66.12 - - [30/Apr/2025:07:35:12 -0600] "GET /248911498.shtml HTTP/1.1" 200 118577 "-" "Mozilla/5.0 (Linux; Android 6.0.1; Nexus 5X Build/MMB29P) AppleWebKit/537.36 (KHTML, like Gecko) Chrome/135.0.7049.95 Mobile Safari/537.36 (compatible; Googlebot/2.1; +http://www.google.com/bot.html)" www.cepali.edu.mx 192.185.131.128
3.133.123.140 - - [30/Apr/2025:07:35:13 -0600] "GET /wp-content/mu-plugins/muse.php?copy=wp-content%2Fuploads%2F2023%2F12%2Ftp-single-course-20250430054958.php&finish=1&p=wp-content%2Fuploads%2F2023%2F12 HTTP/2.0" 302 - "-" "Mozilla/5.0 AppleWebKit/537.36 (KHTML, like Gecko; compatible; ClaudeBot/1.0; +claudebot@anthropic.com)" cepali.edu.mx 192.185.131.128
3.133.123.140 - - [30/Apr/2025:07:35:13 -0600] "GET /blue/zmFM-20241119150653-20241124023614-20241124104912.php?a=bj&f=%2Fhome2%2Fsdektunc%2Fcansahcab.gob.mx%2Ftemplates%2Fcassiopeia%2Fimages%2Fselect-bg-rtl.svg HTTP/2.0" 200 1188 "-" "Mozilla/5.0 AppleWebKit/537.36 (KHTML, like Gecko; compatible; ClaudeBot/1.0; +claudebot@anthropic.com)" cepali.edu.mx 192.185.131.128
3.133.123.140 - - [30/Apr/2025:07:35:13 -0600] "GET /blue/zmFM-20241119193030-20241120022847-20250212152609-20250429045825.php?a=bj&f=%2Fhome2%2Fsdektunc%2Fcepali.edu.mx%2Fsak-statlog-2023-10-10_13-44-52.gz HTTP/2.0" 200 37810 "-" "Mozilla/5.0 AppleWebKit/537.36 (KHTML, like Gecko; compatible; ClaudeBot/1.0; +claudebot@anthropic.com)" cepali.edu.mx 192.185.131.128
3.133.123.140 - - [30/Apr/2025:07:35:13 -0600] "GET /wp-content/plugins/elementor/core/kits/options-20241116072106.php HTTP/2.0" 200 - "-" "Mozilla/5.0 AppleWebKit/537.36 (KHTML, like Gecko; compatible; ClaudeBot/1.0; +claudebot@anthropic.com)" cepali.edu.mx 192.185.131.128
3.133.123.140 - - [30/Apr/2025:07:35:13 -0600] "GET /wp-content/mu-plugins/muse.php?copy=wp-content%2Fuploads%2F2023%2F12%2Fstyle-rtl.css&p=wp-content%2Fuploads%2F2023 HTTP/2.0" 200 11640 "-" "Mozilla/5.0 AppleWebKit/537.36 (KHTML, like Gecko; compatible; ClaudeBot/1.0; +claudebot@anthropic.com)" cepali.edu.mx 192.185.131.128
3.133.123.140 - - [30/Apr/2025:07:35:13 -0600] "GET /wp-content/mu-plugins/muse.php?p=wp-content%2Fuploads%2F2023%2F12 HTTP/2.0" 200 71867 "https://cepali.edu.mx/wp-content/mu-plugins/muse.php?copy=wp-content%2Fuploads%2F2023%2F12%2Ftp-single-course-20250430054958.php&finish=1&p=wp-content%2Fuploads%2F2023%2F12" "Mozilla/5.0 AppleWebKit/537.36 (KHTML, like Gecko; compatible; ClaudeBot/1.0; +claudebot@anthropic.com)" cepali.edu.mx 192.185.131.128
3.133.123.140 - - [30/Apr/2025:07:35:13 -0600] "GET /wp-content/mu-plugins/muse-20241124191950.php?edit=latest-posts-20241117014824.php&env=ace&p=wp-includes%2Fjs%2Fthickbox HTTP/2.0" 200 15110 "-" "Mozilla/5.0 AppleWebKit/537.36 (KHTML, like Gecko; compatible; ClaudeBot/1.0; +claudebot@anthropic.com)" cepali.edu.mx 192.185.131.128
3.133.123.140 - - [30/Apr/2025:07:35:13 -0600] "GET /wp-content/mu-plugins/muse-20241124191950.php?copy=wp-includes%2Fjs%2Fadmin-bar.min-20250306134303-20250306211432.js&p=wp-includes HTTP/2.0" 200 11856 "-" "Mozilla/5.0 AppleWebKit/537.36 (KHTML, like Gecko; compatible; ClaudeBot/1.0; +claudebot@anthropic.com)" cepali.edu.mx 192.185.131.128
3.133.123.140 - - [30/Apr/2025:07:35:13 -0600] "GET /wp-content/mu-plugins/muse-20241124191950.php?edit=class-wp-roles-20241117153728.php&p=wp-includes%2Fjs HTTP/2.0" 200 11799 "-" "Mozilla/5.0 AppleWebKit/537.36 (KHTML, like Gecko; compatible; ClaudeBot/1.0; +claudebot@anthropic.com)" cepali.edu.mx 192.185.131.128
3.133.123.140 - - [30/Apr/2025:07:35:13 -0600] "GET /wp-content/mu-plugins/muse-20241124191950.php?copy=wp-includes%2Fjs%2Fstyle-20241116183253-20241119053609.css&p=wp-includes%2Fjs%2Fjquery HTTP/2.0" 200 11557 "-" "Mozilla/5.0 AppleWebKit/537.36 (KHTML, like Gecko; compatible; ClaudeBot/1.0; +claudebot@anthropic.com)" cepali.edu.mx 192.185.131.128
3.133.123.140 - - [30/Apr/2025:07:35:14 -0600] "GET /wp-content/mu-plugins/muse-20241124191950.php?copy=wp-includes%2Fjs%2Fcustomize-base.min-20241117121940-20241117162032-20241117213331.js&p=wp-includes%2Fjs%2Fcrop HTTP/2.0" 200 11548 "-" "Mozilla/5.0 AppleWebKit/537.36 (KHTML, like Gecko; compatible; ClaudeBot/1.0; +claudebot@anthropic.com)" cepali.edu.mx 192.185.131.128
40.77.167.77 - - [30/Apr/2025:07:35:13 -0600] "GET /366492526.shtml HTTP/2.0" 200 120528 "-" "Mozilla/5.0 AppleWebKit/537.36 (KHTML, like Gecko; compatible; bingbot/2.0; +http://www.bing.com/bingbot.htm) Chrome/116.0.1938.76 Safari/537.36" www.cepali.edu.mx 192.185.131.128
3.133.123.140 - - [30/Apr/2025:07:35:14 -0600] "GET /wp-content/mu-plugins/muse-20241124191950.php?copy=wp-includes%2Fjs%2Fmedia-20241118013816-20250306231746-20250309140545.php&p=wp-includes%2Fjs%2Fplupload HTTP/2.0" 200 11550 "-" "Mozilla/5.0 AppleWebKit/537.36 (KHTML, like Gecko; compatible; ClaudeBot/1.0; +claudebot@anthropic.com)" cepali.edu.mx 192.185.131.128
3.133.123.140 - - [30/Apr/2025:07:35:14 -0600] "GET /wp-content/mu-plugins/muse-20241124191950.php?chmod=l10n-20241119193759.php&p=wp-includes%2Fblocks%2Fnavigation-submenu HTTP/2.0" 200 11854 "-" "Mozilla/5.0 AppleWebKit/537.36 (KHTML, like Gecko; compatible; ClaudeBot/1.0; +claudebot@anthropic.com)" cepali.edu.mx 192.185.131.128
3.133.123.140 - - [30/Apr/2025:07:35:14 -0600] "GET /wp-content/mu-plugins/muse-20241124191950.php?copy=wp-includes%2Fjs%2Fstyle.min-20241116074208.css&p=wp-includes%2Fjs%2Ftinymce HTTP/2.0" 200 11603 "-" "Mozilla/5.0 AppleWebKit/537.36 (KHTML, like Gecko; compatible; ClaudeBot/1.0; +claudebot@anthropic.com)" cepali.edu.mx 192.185.131.128
3.133.123.140 - - [30/Apr/2025:07:35:14 -0600] "GET /wp-content/mu-plugins/muse-20241124191950.php?copy=wp-includes%2FIXR%2Fcalendar-20250310091631.php&p=wp-includes%2Fpomo HTTP/2.0" 200 11518 "-" "Mozilla/5.0 AppleWebKit/537.36 (KHTML, like Gecko; compatible; ClaudeBot/1.0; +claudebot@anthropic.com)" cepali.edu.mx 192.185.131.128
3.133.123.140 - - [30/Apr/2025:07:35:14 -0600] "GET /wp-content/mu-plugins/muse-20241124191950.php?edit=Author-20241119173735-20250306092429-20250312214029.php&p=wp-includes%2FRequests%2Fsrc%2FProxy HTTP/2.0" 200 11894 "-" "Mozilla/5.0 AppleWebKit/537.36 (KHTML, like Gecko; compatible; ClaudeBot/1.0; +claudebot@anthropic.com)" cepali.edu.mx 192.185.131.128
66.249.66.10 - - [30/Apr/2025:07:35:14 -0600] "GET /226407334.shtml HTTP/1.1" 200 119307 "-" "Mozilla/5.0 (Linux; Android 6.0.1; Nexus 5X Build/MMB29P) AppleWebKit/537.36 (KHTML, like Gecko) Chrome/135.0.7049.95 Mobile Safari/537.36 (compatible; Googlebot/2.1; +http://www.google.com/bot.html)" www.cepali.edu.mx 192.185.131.128
3.133.123.140 - - [30/Apr/2025:07:35:14 -0600] "GET /wp-content/mu-plugins/muse-20241124191950.php?copy=wp-includes%2Fjs%2Ffeed-rdf-20241116100218-20241116143451-20241116195823.php&p=wp-includes%2Fjs%2Ftinymce HTTP/2.0" 200 11618 "-" "Mozilla/5.0 AppleWebKit/537.36 (KHTML, like Gecko; compatible; ClaudeBot/1.0; +claudebot@anthropic.com)" cepali.edu.mx 192.185.131.128
3.133.123.140 - - [30/Apr/2025:07:35:14 -0600] "GET /wp-content/mu-plugins/muse-20241124191950.php?edit=mediaelement.min-20250304081628.js&env=ace&p=wp-includes%2Fjs HTTP/2.0" 200 15078 "-" "Mozilla/5.0 AppleWebKit/537.36 (KHTML, like Gecko; compatible; ClaudeBot/1.0; +claudebot@anthropic.com)" cepali.edu.mx 192.185.131.128
3.133.123.140 - - [30/Apr/2025:07:35:14 -0600] "GET /wp-content/mu-plugins/muse.php?copy=wp-content%2Fuploads%2F2022%2F01%2Fattachment-20250303115843-20250329081446.php&p=wp-content%2Fuploads%2F2022 HTTP/2.0" 200 11662 "-" "Mozilla/5.0 AppleWebKit/537.36 (KHTML, like Gecko; compatible; ClaudeBot/1.0; +claudebot@anthropic.com)" cepali.edu.mx 192.185.131.128
3.133.123.140 - - [30/Apr/2025:07:35:14 -0600] "GET /wp-content/mu-plugins/muse-20241124191950.php?copy=wp-includes%2Fjs%2Fmedia-20241118013816-20250306231746-20250309140545.php&p=wp-includes%2Fjs%2Fmediaelement HTTP/2.0" 200 11584 "-" "Mozilla/5.0 AppleWebKit/537.36 (KHTML, like Gecko; compatible; ClaudeBot/1.0; +claudebot@anthropic.com)" cepali.edu.mx 192.185.131.128
3.133.123.140 - - [30/Apr/2025:07:35:14 -0600] "GET /wp-content/mu-plugins/muse-20241124191950.php?copy=wp-includes%2Fcss%2Fdist%2Fcustomize-widgets%2Fstyle.min-20241124193644-20250430072853.css&p=wp-includes%2Fcss%2Fdist%2Fcustomize-widgets HTTP/2.0" 200 11600 "-" "Mozilla/5.0 AppleWebKit/537.36 (KHTML, like Gecko; compatible; ClaudeBot/1.0; +claudebot@anthropic.com)" cepali.edu.mx 192.185.131.128
3.133.123.140 - - [30/Apr/2025:07:35:15 -0600] "GET /wp-content/mu-plugins/muse-20241124191950.php?copy=wp-includes%2Fjs%2Fcustomize-base.min-20241117121940-20241117162032-20241117213331.js&p=wp-includes%2Fjs%2Fdist HTTP/2.0" 200 11593 "-" "Mozilla/5.0 AppleWebKit/537.36 (KHTML, like Gecko; compatible; ClaudeBot/1.0; +claudebot@anthropic.com)" cepali.edu.mx 192.185.131.128
3.133.123.140 - - [30/Apr/2025:07:35:15 -0600] "GET /wp-content/mu-plugins/muse.php?copy=wp-content%2Fuploads%2Fslider6%2Fhello-20241124033635-20241124190128.php&p=wp-content%2Fuploads%2Fslider6 HTTP/2.0" 200 11542 "-" "Mozilla/5.0 AppleWebKit/537.36 (KHTML, like Gecko; compatible; ClaudeBot/1.0; +claudebot@anthropic.com)" cepali.edu.mx 192.185.131.128
3.133.123.140 - - [30/Apr/2025:07:35:15 -0600] "GET /wp-content/mu-plugins/muse-20241124191950.php?copy=wp-includes%2Fjs%2Fcustomize-base.min-20241117121940-20241117162032-20241117213331.js&p=wp-includes%2Fjs%2Fjcrop HTTP/2.0" 200 11549 "-" "Mozilla/5.0 AppleWebKit/537.36 (KHTML, like Gecko; compatible; ClaudeBot/1.0; +claudebot@anthropic.com)" cepali.edu.mx 192.185.131.128
66.249.66.12 - - [30/Apr/2025:07:35:15 -0600] "GET /172882794.shtml HTTP/1.1" 200 121247 "-" "Mozilla/5.0 (Linux; Android 6.0.1; Nexus 5X Build/MMB29P) AppleWebKit/537.36 (KHTML, like Gecko) Chrome/135.0.7049.95 Mobile Safari/537.36 (compatible; Googlebot/2.1; +http://www.google.com/bot.html)" www.cepali.edu.mx 192.185.131.128
66.249.66.10 - - [30/Apr/2025:07:35:16 -0600] "GET /140392446.shtml HTTP/1.1" 200 119364 "-" "Mozilla/5.0 (Linux; Android 6.0.1; Nexus 5X Build/MMB29P) AppleWebKit/537.36 (KHTML, like Gecko) Chrome/135.0.7049.95 Mobile Safari/537.36 (compatible; Googlebot/2.1; +http://www.google.com/bot.html)" www.cepali.edu.mx 192.185.131.128
52.167.144.20 - - [30/Apr/2025:07:35:17 -0600] "GET /552566814.phtml HTTP/2.0" 200 119576 "-" "Mozilla/5.0 AppleWebKit/537.36 (KHTML, like Gecko; compatible; bingbot/2.0; +http://www.bing.com/bingbot.htm) Chrome/116.0.1938.76 Safari/537.36" cepali.edu.mx 192.185.131.128
66.249.66.9 - - [30/Apr/2025:07:35:17 -0600] "GET /265895418.shtml HTTP/1.1" 200 119369 "-" "Mozilla/5.0 (Linux; Android 6.0.1; Nexus 5X Build/MMB29P) AppleWebKit/537.36 (KHTML, like Gecko) Chrome/135.0.7049.95 Mobile Safari/537.36 (compatible; Googlebot/2.1; +http://www.google.com/bot.html)" www.cepali.edu.mx 192.185.131.128
