18.117.174.43 - - [27/Apr/2025:07:28:30 -0600] "GET /wp-content/mu-plugins/muse-20241124191950.php?copy=wp-includes%2Fblocks%2Fembed%2Ftheme-rtl.css&p=wp-includes%2Fblocks%2Fembed HTTP/2.0" 200 11516 "-" "Mozilla/5.0 AppleWebKit/537.36 (KHTML, like Gecko; compatible; ClaudeBot/1.0; +claudebot@anthropic.com)" cepali.edu.mx 192.185.131.128
18.117.174.43 - - [27/Apr/2025:07:28:31 -0600] "GET /wp-content/mu-plugins/muse-20241124191950.php?copy=wp-includes%2Fblocks%2Fnextpage%2Favatar-20250306231205-20250309140917.php&finish=1&p=wp-includes%2Fblocks%2Fnavigation-submenu HTTP/2.0" 302 - "-" "Mozilla/5.0 AppleWebKit/537.36 (KHTML, like Gecko; compatible; ClaudeBot/1.0; +claudebot@anthropic.com)" cepali.edu.mx 192.185.131.128
18.117.174.43 - - [27/Apr/2025:07:28:31 -0600] "GET /wp-content/mu-plugins/muse-20241124191950.php?p=wp-includes%2Fblocks%2Fnavigation-submenu HTTP/2.0" 200 448551 "https://cepali.edu.mx/wp-content/mu-plugins/muse-20241124191950.php?copy=wp-includes%2Fblocks%2Fnextpage%2Favatar-20250306231205-20250309140917.php&finish=1&p=wp-includes%2Fblocks%2Fnavigation-submenu" "Mozilla/5.0 AppleWebKit/537.36 (KHTML, like Gecko; compatible; ClaudeBot/1.0; +claudebot@anthropic.com)" cepali.edu.mx 192.185.131.128
52.167.144.203 - - [27/Apr/2025:07:28:41 -0600] "GET /355671058.shtml HTTP/2.0" 200 120544 "-" "Mozilla/5.0 AppleWebKit/537.36 (KHTML, like Gecko; compatible; bingbot/2.0; +http://www.bing.com/bingbot.htm) Chrome/116.0.1938.76 Safari/537.36" www.cepali.edu.mx 192.185.131.128
18.117.174.43 - - [27/Apr/2025:07:28:36 -0600] "GET /wp-content/mu-plugins/muse-20241124191950.php?del=view.js&p=wp-includes%2Fblocks%2Fembed HTTP/2.0" 200 640811 "-" "Mozilla/5.0 AppleWebKit/537.36 (KHTML, like Gecko; compatible; ClaudeBot/1.0; +claudebot@anthropic.com)" cepali.edu.mx 192.185.131.128
18.117.174.43 - - [27/Apr/2025:07:28:42 -0600] "GET /wp-content/mu-plugins/muse-20241124191950.php?dl=legacy-widget-20241118105122.php&p=wp-includes%2Fblocks%2Fparagraph HTTP/2.0" 200 645845 "-" "Mozilla/5.0 AppleWebKit/537.36 (KHTML, like Gecko; compatible; ClaudeBot/1.0; +claudebot@anthropic.com)" cepali.edu.mx 192.185.131.128
18.117.174.43 - - [27/Apr/2025:07:28:49 -0600] "GET /wp-content/mu-plugins/muse-20241124191950.php?chmod=file-20241118214143.php&p=wp-includes%2Fblocks%2Fgroup HTTP/2.0" 200 11816 "-" "Mozilla/5.0 AppleWebKit/537.36 (KHTML, like Gecko; compatible; ClaudeBot/1.0; +claudebot@anthropic.com)" cepali.edu.mx 192.185.131.128
66.249.64.9 - - [27/Apr/2025:07:28:52 -0600] "GET /527551938.shtml HTTP/1.1" 200 119234 "-" "Mozilla/5.0 (Linux; Android 6.0.1; Nexus 5X Build/MMB29P) AppleWebKit/537.36 (KHTML, like Gecko) Chrome/135.0.7049.95 Mobile Safari/537.36 (compatible; Googlebot/2.1; +http://www.google.com/bot.html)" www.cepali.edu.mx 192.185.131.128
18.117.174.43 - - [27/Apr/2025:07:28:50 -0600] "GET /wp-content/mu-plugins/muse-20241124191950.php?dl=http-20250304125428.php&p=wp-includes%2Fblocks%2Fgroup HTTP/2.0" 200 618547 "-" "Mozilla/5.0 AppleWebKit/537.36 (KHTML, like Gecko; compatible; ClaudeBot/1.0; +claudebot@anthropic.com)" cepali.edu.mx 192.185.131.128
18.117.174.43 - - [27/Apr/2025:07:28:56 -0600] "GET /wp-content/mu-plugins/muse-20241124191950.php?copy=wp-includes%2Fblocks%2Fverse%2Fwp-sanitize.min-20241117164730.js&p=wp-includes%2Fblocks%2Fverse HTTP/2.0" 200 11531 "-" "Mozilla/5.0 AppleWebKit/537.36 (KHTML, like Gecko; compatible; ClaudeBot/1.0; +claudebot@anthropic.com)" cepali.edu.mx 192.185.131.128
57.141.6.18 - - [27/Apr/2025:07:29:01 -0600] "GET /563147482.shtml HTTP/2.0" 500 - "-" "meta-externalagent/1.1 (+https://developers.facebook.com/docs/sharing/webmasters/crawler)" www.cepali.edu.mx 192.185.131.128
18.117.174.43 - - [27/Apr/2025:07:28:59 -0600] "GET /wp-content/mu-plugins/muse-20241124191950.php?dl=version-20241124032512.php&p=wp-includes%2Fblocks%2Fpullquote HTTP/2.0" 200 624009 "-" "Mozilla/5.0 AppleWebKit/537.36 (KHTML, like Gecko; compatible; ClaudeBot/1.0; +claudebot@anthropic.com)" cepali.edu.mx 192.185.131.128
18.117.174.43 - - [27/Apr/2025:07:29:08 -0600] "GET /wp-content/mu-plugins/muse-20241124191950.php?copy=wp-includes%2Fblocks%2Fembed%2Fview-20241119104709.js&p=wp-includes%2Fblocks%2Fembed HTTP/2.0" 200 11525 "-" "Mozilla/5.0 AppleWebKit/537.36 (KHTML, like Gecko; compatible; ClaudeBot/1.0; +claudebot@anthropic.com)" cepali.edu.mx 192.185.131.128
18.117.174.43 - - [27/Apr/2025:07:29:13 -0600] "GET /wp-content/mu-plugins/muse-20241124191950.php?copy=wp-includes%2Fblocks%2Fnextpage%2FhoverIntent-20250306100055.js&finish=1&p=wp-includes%2Fblocks%2Fspacer HTTP/2.0" 302 - "-" "Mozilla/5.0 AppleWebKit/537.36 (KHTML, like Gecko; compatible; ClaudeBot/1.0; +claudebot@anthropic.com)" cepali.edu.mx 192.185.131.128
66.249.64.11 - - [27/Apr/2025:07:29:14 -0600] "GET /81184854.shtml HTTP/1.1" 200 119429 "-" "Mozilla/5.0 (Linux; Android 6.0.1; Nexus 5X Build/MMB29P) AppleWebKit/537.36 (KHTML, like Gecko) Chrome/135.0.7049.95 Mobile Safari/537.36 (compatible; Googlebot/2.1; +http://www.google.com/bot.html)" www.cepali.edu.mx 192.185.131.128
66.249.64.9 - - [27/Apr/2025:07:29:14 -0600] "GET /446525818.shtml HTTP/1.1" 200 119501 "-" "Mozilla/5.0 (Linux; Android 6.0.1; Nexus 5X Build/MMB29P) AppleWebKit/537.36 (KHTML, like Gecko) Chrome/135.0.7049.95 Mobile Safari/537.36 (compatible; Googlebot/2.1; +http://www.google.com/bot.html)" www.cepali.edu.mx 192.185.131.128
66.249.64.10 - - [27/Apr/2025:07:29:20 -0600] "GET /374263318.shtml HTTP/1.1" 200 119488 "-" "Mozilla/5.0 (Linux; Android 6.0.1; Nexus 5X Build/MMB29P) AppleWebKit/537.36 (KHTML, like Gecko) Chrome/135.0.7049.95 Mobile Safari/537.36 (compatible; Googlebot/2.1; +http://www.google.com/bot.html)" www.cepali.edu.mx 192.185.131.128
18.117.174.43 - - [27/Apr/2025:07:29:13 -0600] "GET /wp-content/mu-plugins/muse-20241124191950.php?p=wp-includes%2Fblocks%2Fspacer HTTP/2.0" 200 605742 "https://cepali.edu.mx/wp-content/mu-plugins/muse-20241124191950.php?copy=wp-includes%2Fblocks%2Fnextpage%2FhoverIntent-20250306100055.js&finish=1&p=wp-includes%2Fblocks%2Fspacer" "Mozilla/5.0 AppleWebKit/537.36 (KHTML, like Gecko; compatible; ClaudeBot/1.0; +claudebot@anthropic.com)" cepali.edu.mx 192.185.131.128
18.117.174.43 - - [27/Apr/2025:07:29:23 -0600] "GET /wp-content/mu-plugins/muse-20241124191950.php?p=wp-includes%2Fblocks%2Fbuttons&view=blocks-json-20241119032030.php HTTP/2.0" 200 59226 "-" "Mozilla/5.0 AppleWebKit/537.36 (KHTML, like Gecko; compatible; ClaudeBot/1.0; +claudebot@anthropic.com)" cepali.edu.mx 192.185.131.128
66.249.64.9 - - [27/Apr/2025:07:29:23 -0600] "GET /290526802.shtml HTTP/1.1" 200 119246 "-" "Mozilla/5.0 (Linux; Android 6.0.1; Nexus 5X Build/MMB29P) AppleWebKit/537.36 (KHTML, like Gecko) Chrome/135.0.7049.95 Mobile Safari/537.36 (compatible; Googlebot/2.1; +http://www.google.com/bot.html)" www.cepali.edu.mx 192.185.131.128
66.249.64.10 - - [27/Apr/2025:07:29:24 -0600] "GET /95864082.shtml HTTP/1.1" 200 119407 "-" "Mozilla/5.0 (Linux; Android 6.0.1; Nexus 5X Build/MMB29P) AppleWebKit/537.36 (KHTML, like Gecko) Chrome/135.0.7049.95 Mobile Safari/537.36 (compatible; Googlebot/2.1; +http://www.google.com/bot.html)" www.cepali.edu.mx 192.185.131.128
66.249.64.9 - - [27/Apr/2025:07:29:26 -0600] "GET /35964086.shtml HTTP/1.1" 200 120203 "-" "Mozilla/5.0 (Linux; Android 6.0.1; Nexus 5X Build/MMB29P) AppleWebKit/537.36 (KHTML, like Gecko) Chrome/135.0.7049.95 Mobile Safari/537.36 (compatible; Googlebot/2.1; +http://www.google.com/bot.html)" www.cepali.edu.mx 192.185.131.128
18.117.174.43 - - [27/Apr/2025:07:29:30 -0600] "GET /wp-content/mu-plugins/muse-20241124191950.php?chmod=ms-network-20241116105730.php&p=wp-includes%2Fblocks%2Fgroup HTTP/2.0" 200 11821 "-" "Mozilla/5.0 AppleWebKit/537.36 (KHTML, like Gecko; compatible; ClaudeBot/1.0; +claudebot@anthropic.com)" cepali.edu.mx 192.185.131.128
18.117.174.43 - - [27/Apr/2025:07:29:37 -0600] "GET /wp-content/mu-plugins/muse-20241124191950.php?copy=wp-includes%2Fblocks%2Fverse%2Fquery-20241117122037.php&p=wp-includes%2Fblocks%2Fverse HTTP/2.0" 200 11526 "-" "Mozilla/5.0 AppleWebKit/537.36 (KHTML, like Gecko; compatible; ClaudeBot/1.0; +claudebot@anthropic.com)" cepali.edu.mx 192.185.131.128
66.249.64.10 - - [27/Apr/2025:07:29:39 -0600] "GET /189872542.shtml HTTP/1.1" 200 119079 "-" "Mozilla/5.0 (Linux; Android 6.0.1; Nexus 5X Build/MMB29P) AppleWebKit/537.36 (KHTML, like Gecko) Chrome/135.0.7049.95 Mobile Safari/537.36 (compatible; Googlebot/2.1; +http://www.google.com/bot.html)" www.cepali.edu.mx 192.185.131.128
66.249.64.10 - - [27/Apr/2025:07:29:44 -0600] "GET /147437558.shtml HTTP/1.1" 200 118996 "-" "Mozilla/5.0 (Linux; Android 6.0.1; Nexus 5X Build/MMB29P) AppleWebKit/537.36 (KHTML, like Gecko) Chrome/135.0.7049.95 Mobile Safari/537.36 (compatible; Googlebot/2.1; +http://www.google.com/bot.html)" www.cepali.edu.mx 192.185.131.128
18.117.174.43 - - [27/Apr/2025:07:29:45 -0600] "GET /wp-content/mu-plugins/muse.php?chmod=attachment-20241124184305-20250306035858.php&p=wp-content%2Fthemes%2Fshapely%2Ftemplate-parts HTTP/2.0" 200 11873 "-" "Mozilla/5.0 AppleWebKit/537.36 (KHTML, like Gecko; compatible; ClaudeBot/1.0; +claudebot@anthropic.com)" cepali.edu.mx 192.185.131.128
18.117.174.43 - - [27/Apr/2025:07:29:53 -0600] "GET /wp-content/mu-plugins/muse-20241124191950.php?copy=wp-includes%2Fblocks%2Fpullquote%2Fms-load-20241117013445-20241119002227-20250304085054.php&p=wp-includes%2Fblocks%2Fpullquote HTTP/2.0" 200 11565 "-" "Mozilla/5.0 AppleWebKit/537.36 (KHTML, like Gecko; compatible; ClaudeBot/1.0; +claudebot@anthropic.com)" cepali.edu.mx 192.185.131.128
66.249.64.11 - - [27/Apr/2025:07:29:54 -0600] "GET /31578046.shtml HTTP/1.1" 200 120130 "-" "Mozilla/5.0 (Linux; Android 6.0.1; Nexus 5X Build/MMB29P) AppleWebKit/537.36 (KHTML, like Gecko) Chrome/135.0.7049.95 Mobile Safari/537.36 (compatible; Googlebot/2.1; +http://www.google.com/bot.html)" www.cepali.edu.mx 192.185.131.128
57.141.6.9 - - [27/Apr/2025:07:30:07 -0600] "GET /228690030.shtml HTTP/2.0" 500 - "-" "meta-externalagent/1.1 (+https://developers.facebook.com/docs/sharing/webmasters/crawler)" www.cepali.edu.mx 192.185.131.128
18.117.174.43 - - [27/Apr/2025:07:30:01 -0600] "GET /wp-content/mu-plugins/muse-20241124191950.php?del=underscore.min-20250306214858.js&p=wp-includes%2Fblocks%2Fquery HTTP/2.0" 200 607650 "-" "Mozilla/5.0 AppleWebKit/537.36 (KHTML, like Gecko; compatible; ClaudeBot/1.0; +claudebot@anthropic.com)" cepali.edu.mx 192.185.131.128
66.249.64.9 - - [27/Apr/2025:07:30:13 -0600] "GET /438772510.shtml HTTP/1.1" 200 119574 "-" "Mozilla/5.0 (Linux; Android 6.0.1; Nexus 5X Build/MMB29P) AppleWebKit/537.36 (KHTML, like Gecko) Chrome/135.0.7049.95 Mobile Safari/537.36 (compatible; Googlebot/2.1; +http://www.google.com/bot.html)" www.cepali.edu.mx 192.185.131.128
66.249.64.9 - - [27/Apr/2025:07:30:15 -0600] "GET /101619702.shtml HTTP/1.1" 200 119847 "-" "Mozilla/5.0 (Linux; Android 6.0.1; Nexus 5X Build/MMB29P) AppleWebKit/537.36 (KHTML, like Gecko) Chrome/135.0.7049.95 Mobile Safari/537.36 (compatible; Googlebot/2.1; +http://www.google.com/bot.html)" www.cepali.edu.mx 192.185.131.128
66.249.64.9 - - [27/Apr/2025:07:30:23 -0600] "GET /297366994.shtml HTTP/1.1" 200 118934 "-" "Mozilla/5.0 (Linux; Android 6.0.1; Nexus 5X Build/MMB29P) AppleWebKit/537.36 (KHTML, like Gecko) Chrome/135.0.7049.95 Mobile Safari/537.36 (compatible; Googlebot/2.1; +http://www.google.com/bot.html)" www.cepali.edu.mx 192.185.131.128
66.249.64.9 - - [27/Apr/2025:07:30:26 -0600] "GET /279721690.shtml HTTP/1.1" 200 119020 "-" "Mozilla/5.0 (Linux; Android 6.0.1; Nexus 5X Build/MMB29P) AppleWebKit/537.36 (KHTML, like Gecko) Chrome/135.0.7049.95 Mobile Safari/537.36 (compatible; Googlebot/2.1; +http://www.google.com/bot.html)" www.cepali.edu.mx 192.185.131.128
18.117.174.43 - - [27/Apr/2025:07:30:17 -0600] "GET /wp-content/mu-plugins/muse-20241124191950.php?del=template-loader-20241117234751.php&p=wp-includes%2Fblocks%2Fblock HTTP/2.0" 200 641489 "-" "Mozilla/5.0 AppleWebKit/537.36 (KHTML, like Gecko; compatible; ClaudeBot/1.0; +claudebot@anthropic.com)" cepali.edu.mx 192.185.131.128
66.249.64.9 - - [27/Apr/2025:07:30:31 -0600] "GET /256537906.shtml HTTP/1.1" 200 118726 "-" "Mozilla/5.0 (Linux; Android 6.0.1; Nexus 5X Build/MMB29P) AppleWebKit/537.36 (KHTML, like Gecko) Chrome/135.0.7049.95 Mobile Safari/537.36 (compatible; Googlebot/2.1; +http://www.google.com/bot.html)" www.cepali.edu.mx 192.185.131.128
66.249.64.9 - - [27/Apr/2025:07:30:57 -0600] "GET /13417246.shtml HTTP/1.1" 200 118592 "-" "Mozilla/5.0 (Linux; Android 6.0.1; Nexus 5X Build/MMB29P) AppleWebKit/537.36 (KHTML, like Gecko) Chrome/135.0.7049.95 Mobile Safari/537.36 (compatible; Googlebot/2.1; +http://www.google.com/bot.html)" www.cepali.edu.mx 192.185.131.128
3.144.200.28 - - [27/Apr/2025:07:30:59 -0600] "GET /wp-content/mu-plugins/muse-20241124191950.php?chmod=option-20241116024755.php&p=wp-includes%2Fblocks%2Fpullquote HTTP/2.0" 200 11838 "-" "Mozilla/5.0 AppleWebKit/537.36 (KHTML, like Gecko; compatible; ClaudeBot/1.0; +claudebot@anthropic.com)" cepali.edu.mx 192.185.131.128
3.144.200.28 - - [27/Apr/2025:07:31:07 -0600] "GET /blue/zmFM-20241119150653-20241124010943-20241124065114-20241124113659.php?d=%2Fhome2%2Fsdektunc%2Ftimucuy.com%2Fwp-includes%2Ffonts HTTP/2.0" 200 2471 "-" "Mozilla/5.0 AppleWebKit/537.36 (KHTML, like Gecko; compatible; ClaudeBot/1.0; +claudebot@anthropic.com)" cepali.edu.mx 192.185.131.128
66.249.64.10 - - [27/Apr/2025:07:31:07 -0600] "GET /101255546.shtml HTTP/1.1" 200 119097 "-" "Mozilla/5.0 (Linux; Android 6.0.1; Nexus 5X Build/MMB29P) AppleWebKit/537.36 (KHTML, like Gecko) Chrome/135.0.7049.95 Mobile Safari/537.36 (compatible; Googlebot/2.1; +http://www.google.com/bot.html)" www.cepali.edu.mx 192.185.131.128
57.141.6.18 - - [27/Apr/2025:07:31:14 -0600] "GET /18552654.shtml HTTP/2.0" 500 - "-" "meta-externalagent/1.1 (+https://developers.facebook.com/docs/sharing/webmasters/crawler)" www.cepali.edu.mx 192.185.131.128
3.144.200.28 - - [27/Apr/2025:07:31:15 -0600] "GET /wp-content/mu-plugins/muse-20241124191950.php?del=feed-rdf-20250312024509.php&p=wp-includes%2Fblocks%2Fbuttons HTTP/2.0" 200 620272 "-" "Mozilla/5.0 AppleWebKit/537.36 (KHTML, like Gecko; compatible; ClaudeBot/1.0; +claudebot@anthropic.com)" cepali.edu.mx 192.185.131.128
52.167.144.225 - - [27/Apr/2025:07:31:23 -0600] "GET /18515994.shtml HTTP/2.0" 200 118823 "-" "Mozilla/5.0 AppleWebKit/537.36 (KHTML, like Gecko; compatible; bingbot/2.0; +http://www.bing.com/bingbot.htm) Chrome/116.0.1938.76 Safari/537.36" www.cepali.edu.mx 192.185.131.128
66.249.64.10 - - [27/Apr/2025:07:31:28 -0600] "GET /231213930.shtml HTTP/1.1" 200 118629 "-" "Mozilla/5.0 (Linux; Android 6.0.1; Nexus 5X Build/MMB29P) AppleWebKit/537.36 (KHTML, like Gecko) Chrome/135.0.7049.95 Mobile Safari/537.36 (compatible; Googlebot/2.1; +http://www.google.com/bot.html)" www.cepali.edu.mx 192.185.131.128
3.144.200.28 - - [27/Apr/2025:07:31:31 -0600] "GET /wp-content/mu-plugins/muse-20241124151243-20250419075352.php?copy=wp-content%2Fuploads%2Fnavigation-20250426184825.php&p=wp-content%2Fuploads%2Fslider4 HTTP/2.0" 200 11528 "-" "Mozilla/5.0 AppleWebKit/537.36 (KHTML, like Gecko; compatible; ClaudeBot/1.0; +claudebot@anthropic.com)" cepali.edu.mx 192.185.131.128
66.249.64.9 - - [27/Apr/2025:07:31:37 -0600] "GET /33121526.shtml HTTP/1.1" 200 119615 "-" "Mozilla/5.0 (Linux; Android 6.0.1; Nexus 5X Build/MMB29P) AppleWebKit/537.36 (KHTML, like Gecko) Chrome/135.0.7049.95 Mobile Safari/537.36 (compatible; Googlebot/2.1; +http://www.google.com/bot.html)" www.cepali.edu.mx 192.185.131.128
3.144.200.28 - - [27/Apr/2025:07:31:38 -0600] "GET /wp-content/mu-plugins/muse-20241124191950.php?copy=wp-includes%2Fblocks%2Fpullquote%2Fstyle.css&p=wp-includes%2Fblocks%2Fpullquote HTTP/2.0" 200 11527 "-" "Mozilla/5.0 AppleWebKit/537.36 (KHTML, like Gecko; compatible; ClaudeBot/1.0; +claudebot@anthropic.com)" cepali.edu.mx 192.185.131.128
66.249.64.9 - - [27/Apr/2025:07:31:39 -0600] "GET /138447962.shtml HTTP/1.1" 200 118848 "-" "Mozilla/5.0 (Linux; Android 6.0.1; Nexus 5X Build/MMB29P) AppleWebKit/537.36 (KHTML, like Gecko) Chrome/135.0.7049.95 Mobile Safari/537.36 (compatible; Googlebot/2.1; +http://www.google.com/bot.html)" www.cepali.edu.mx 192.185.131.128
3.144.200.28 - - [27/Apr/2025:07:31:46 -0600] "GET /wp-content/mu-plugins/muse-20241124191950.php?chmod=IRI-20250306171818.php&p=wp-includes%2Fblocks%2Fembed HTTP/2.0" 200 11829 "-" "Mozilla/5.0 AppleWebKit/537.36 (KHTML, like Gecko; compatible; ClaudeBot/1.0; +claudebot@anthropic.com)" cepali.edu.mx 192.185.131.128
3.144.200.28 - - [27/Apr/2025:07:31:54 -0600] "GET /wp-content/mu-plugins/muse-20241124191950.php?copy=wp-includes%2Fblocks%2Fpullquote%2Fsession-20241116130316-20241117133714.php&p=wp-includes%2Fblocks%2Fpullquote HTTP/2.0" 200 11550 "-" "Mozilla/5.0 AppleWebKit/537.36 (KHTML, like Gecko; compatible; ClaudeBot/1.0; +claudebot@anthropic.com)" cepali.edu.mx 192.185.131.128
66.249.64.10 - - [27/Apr/2025:07:31:57 -0600] "GET /557965826.shtml HTTP/1.1" 200 118691 "-" "Mozilla/5.0 (Linux; Android 6.0.1; Nexus 5X Build/MMB29P) AppleWebKit/537.36 (KHTML, like Gecko) Chrome/135.0.7049.95 Mobile Safari/537.36 (compatible; Googlebot/2.1; +http://www.google.com/bot.html)" www.cepali.edu.mx 192.185.131.128
3.144.200.28 - - [27/Apr/2025:07:32:02 -0600] "GET /wp-content/mu-plugins/muse-20241124191950.php?chmod=session-20241116130316.php&p=wp-includes%2Fblocks%2Fquery HTTP/2.0" 200 11828 "-" "Mozilla/5.0 AppleWebKit/537.36 (KHTML, like Gecko; compatible; ClaudeBot/1.0; +claudebot@anthropic.com)" cepali.edu.mx 192.185.131.128
3.144.200.28 - - [27/Apr/2025:07:32:10 -0600] "GET /wp-content/mu-plugins/muse-20241124191950.php?dl=shortcodes-20241118043350.php&p=wp-includes%2Fblocks%2Fparagraph HTTP/2.0" 200 645851 "-" "Mozilla/5.0 AppleWebKit/537.36 (KHTML, like Gecko; compatible; ClaudeBot/1.0; +claudebot@anthropic.com)" cepali.edu.mx 192.185.131.128
3.144.200.28 - - [27/Apr/2025:07:32:18 -0600] "GET /wp-includes/js/jquery/ui/fonts-20241117232701-20250427021830.php HTTP/2.0" 200 - "-" "Mozilla/5.0 AppleWebKit/537.36 (KHTML, like Gecko; compatible; ClaudeBot/1.0; +claudebot@anthropic.com)" cepali.edu.mx 192.185.131.128
57.141.6.22 - - [27/Apr/2025:07:32:21 -0600] "GET /127812802.shtml HTTP/2.0" 500 - "-" "meta-externalagent/1.1 (+https://developers.facebook.com/docs/sharing/webmasters/crawler)" www.cepali.edu.mx 192.185.131.128
66.249.64.9 - - [27/Apr/2025:07:32:24 -0600] "GET /465116198.shtml HTTP/1.1" 200 118782 "-" "Mozilla/5.0 (Linux; Android 6.0.1; Nexus 5X Build/MMB29P) AppleWebKit/537.36 (KHTML, like Gecko) Chrome/135.0.7049.95 Mobile Safari/537.36 (compatible; Googlebot/2.1; +http://www.google.com/bot.html)" www.cepali.edu.mx 192.185.131.128
66.249.64.9 - - [27/Apr/2025:07:32:24 -0600] "GET /47396366.shtml HTTP/1.1" 200 118978 "-" "Mozilla/5.0 (Linux; Android 6.0.1; Nexus 5X Build/MMB29P) AppleWebKit/537.36 (KHTML, like Gecko) Chrome/135.0.7049.95 Mobile Safari/537.36 (compatible; Googlebot/2.1; +http://www.google.com/bot.html)" www.cepali.edu.mx 192.185.131.128
3.144.200.28 - - [27/Apr/2025:07:32:26 -0600] "GET /wp-content/mu-plugins/muse-20241124191950.php?copy=wp-includes%2Fblocks%2Fquote%2Fspacing-20241117075328.php&p=wp-includes%2Fblocks%2Fquote HTTP/2.0" 200 11536 "-" "Mozilla/5.0 AppleWebKit/537.36 (KHTML, like Gecko; compatible; ClaudeBot/1.0; +claudebot@anthropic.com)" cepali.edu.mx 192.185.131.128
3.144.200.28 - - [27/Apr/2025:07:32:34 -0600] "GET /wp-content/mu-plugins/muse-20241124191950.php?copy=wp-includes%2Fblocks%2Fembed%2Fdate-20241117172455.php&p=wp-includes%2Fblocks%2Fembed HTTP/2.0" 200 11534 "-" "Mozilla/5.0 AppleWebKit/537.36 (KHTML, like Gecko; compatible; ClaudeBot/1.0; +claudebot@anthropic.com)" cepali.edu.mx 192.185.131.128
66.249.64.9 - - [27/Apr/2025:07:32:36 -0600] "GET /283938342.shtml HTTP/1.1" 200 119263 "-" "Mozilla/5.0 (Linux; Android 6.0.1; Nexus 5X Build/MMB29P) AppleWebKit/537.36 (KHTML, like Gecko) Chrome/135.0.7049.95 Mobile Safari/537.36 (compatible; Googlebot/2.1; +http://www.google.com/bot.html)" www.cepali.edu.mx 192.185.131.128
3.144.200.28 - - [27/Apr/2025:07:32:42 -0600] "GET /blue/zmFM-20241119150653-20241120002938-20241124012131-20241124110858-20250223082547.php?d=%2Fhome2%2Fsdektunc%2Fairport-back%2Fvendor%2Fparagonie%2Frandom_compat HTTP/2.0" 200 2689 "-" "Mozilla/5.0 AppleWebKit/537.36 (KHTML, like Gecko; compatible; ClaudeBot/1.0; +claudebot@anthropic.com)" cepali.edu.mx 192.185.131.128
3.144.200.28 - - [27/Apr/2025:07:32:42 -0600] "GET /wp-content/mu-plugins/muse-20241124191950.php?dl=post-template-20241116163132.php&p=wp-includes%2Fblocks%2Fpullquote HTTP/2.0" 200 624015 "-" "Mozilla/5.0 AppleWebKit/537.36 (KHTML, like Gecko; compatible; ClaudeBot/1.0; +claudebot@anthropic.com)" cepali.edu.mx 192.185.131.128
3.144.200.28 - - [27/Apr/2025:07:32:42 -0600] "GET /wp-content/mu-plugins/muse-20241124191950.php?copy=wp-includes%2Fblocks%2Fverse%2Fms-settings-20241124200523.php&p=wp-includes%2Fblocks%2Fverse HTTP/2.0" 200 11536 "-" "Mozilla/5.0 AppleWebKit/537.36 (KHTML, like Gecko; compatible; ClaudeBot/1.0; +claudebot@anthropic.com)" cepali.edu.mx 192.185.131.128
3.144.200.28 - - [27/Apr/2025:07:32:48 -0600] "GET /wp-content/mu-plugins/muse-20241124191950.php?dl=class-http-20241116075052-20241118053743.php&p=wp-includes%2Fblocks%2Fbuttons HTTP/2.0" 200 620272 "-" "Mozilla/5.0 AppleWebKit/537.36 (KHTML, like Gecko; compatible; ClaudeBot/1.0; +claudebot@anthropic.com)" cepali.edu.mx 192.185.131.128
3.144.200.28 - - [27/Apr/2025:07:32:49 -0600] "GET /wp-content/mu-plugins/muse-20241124191950.php?copy=wp-includes%2Fjs%2Fswfupload%2Fcache-20250309125321-20250310211740-20250312130713-20250312235743.php&p=wp-includes%2Fjs%2Fswfupload HTTP/2.0" 200 11570 "-" "Mozilla/5.0 AppleWebKit/537.36 (KHTML, like Gecko; compatible; ClaudeBot/1.0; +claudebot@anthropic.com)" cepali.edu.mx 192.185.131.128
3.144.200.28 - - [27/Apr/2025:07:32:55 -0600] "GET /wp-content/mu-plugins/muse-20241124191950.php?dl=class-phpmailer-20241119082205.php&p=wp-includes%2Fblocks%2Fquery HTTP/2.0" 200 607655 "-" "Mozilla/5.0 AppleWebKit/537.36 (KHTML, like Gecko; compatible; ClaudeBot/1.0; +claudebot@anthropic.com)" cepali.edu.mx 192.185.131.128
3.144.200.28 - - [27/Apr/2025:07:32:55 -0600] "GET /wp-content/mu-plugins/muse-20241124191950.php?chmod=view-20250304095458.js&p=wp-includes%2Fblocks%2Fquote HTTP/2.0" 200 11829 "-" "Mozilla/5.0 AppleWebKit/537.36 (KHTML, like Gecko; compatible; ClaudeBot/1.0; +claudebot@anthropic.com)" cepali.edu.mx 192.185.131.128
3.144.200.28 - - [27/Apr/2025:07:33:00 -0600] "GET /wp-content/mu-plugins/muse-20241124191950.php?p=wp-includes%2Fblocks%2Fbuttons&view=capabilities.php HTTP/2.0" 200 25599 "-" "Mozilla/5.0 AppleWebKit/537.36 (KHTML, like Gecko; compatible; ClaudeBot/1.0; +claudebot@anthropic.com)" cepali.edu.mx 192.185.131.128
3.144.200.28 - - [27/Apr/2025:07:33:01 -0600] "GET /wp-content/mu-plugins/muse-20241124191950.php?copy=wp-includes%2Fblocks%2Fgroup%2Fl10n-20250304224005.php&p=wp-includes%2Fblocks%2Fgroup HTTP/2.0" 200 11531 "-" "Mozilla/5.0 AppleWebKit/537.36 (KHTML, like Gecko; compatible; ClaudeBot/1.0; +claudebot@anthropic.com)" cepali.edu.mx 192.185.131.128
3.144.200.28 - - [27/Apr/2025:07:33:02 -0600] "GET /wp-content/mu-plugins/muse-20241124191950.php?del=elements-20241119043015.php&p=wp-includes%2Fblocks%2Fblock HTTP/2.0" 200 641224 "-" "Mozilla/5.0 AppleWebKit/537.36 (KHTML, like Gecko; compatible; ClaudeBot/1.0; +claudebot@anthropic.com)" cepali.edu.mx 192.185.131.128
3.144.200.28 - - [27/Apr/2025:07:33:09 -0600] "GET /wp-content/mu-plugins/muse-20241124191950.php?p=wp-includes%2Fblocks%2Fquote&view=elements.php HTTP/2.0" 200 14428 "-" "Mozilla/5.0 AppleWebKit/537.36 (KHTML, like Gecko; compatible; ClaudeBot/1.0; +claudebot@anthropic.com)" cepali.edu.mx 192.185.131.128
66.249.64.10 - - [27/Apr/2025:07:33:10 -0600] "GET /112754754.shtml HTTP/1.1" 200 119121 "-" "Mozilla/5.0 (Linux; Android 6.0.1; Nexus 5X Build/MMB29P) AppleWebKit/537.36 (KHTML, like Gecko) Chrome/135.0.7049.95 Mobile Safari/537.36 (compatible; Googlebot/2.1; +http://www.google.com/bot.html)" www.cepali.edu.mx 192.185.131.128
3.144.200.28 - - [27/Apr/2025:07:33:10 -0600] "GET /wp-content/mu-plugins/muse-20241124191950.php?dl=ms-settings.php&p=wp-includes%2Fblocks%2Fquote HTTP/2.0" 200 657948 "-" "Mozilla/5.0 AppleWebKit/537.36 (KHTML, like Gecko; compatible; ClaudeBot/1.0; +claudebot@anthropic.com)" cepali.edu.mx 192.185.131.128
3.144.200.28 - - [27/Apr/2025:07:33:16 -0600] "GET /wp-content/mu-plugins/muse-20241124191950.php?chmod=blocks-json-20241118213605-20250306140609.php&p=wp-includes%2Fblocks%2Fparagraph HTTP/2.0" 200 11852 "-" "Mozilla/5.0 AppleWebKit/537.36 (KHTML, like Gecko; compatible; ClaudeBot/1.0; +claudebot@anthropic.com)" cepali.edu.mx 192.185.131.128
66.249.64.9 - - [27/Apr/2025:07:33:16 -0600] "GET /95556514.shtml HTTP/1.1" 200 119051 "-" "Mozilla/5.0 (Linux; Android 6.0.1; Nexus 5X Build/MMB29P) AppleWebKit/537.36 (KHTML, like Gecko) Chrome/135.0.7049.95 Mobile Safari/537.36 (compatible; Googlebot/2.1; +http://www.google.com/bot.html)" www.cepali.edu.mx 192.185.131.128
3.144.200.28 - - [27/Apr/2025:07:33:17 -0600] "GET /wp-content/mu-plugins/muse-20241124191950.php?p=wp-includes%2Fblocks%2Fimage&view=wp-db-20241120183828.php HTTP/2.0" 200 12220 "-" "Mozilla/5.0 AppleWebKit/537.36 (KHTML, like Gecko; compatible; ClaudeBot/1.0; +claudebot@anthropic.com)" cepali.edu.mx 192.185.131.128
3.144.200.28 - - [27/Apr/2025:07:33:18 -0600] "GET /wp-content/mu-plugins/muse-20241124191950.php?dl=comment-edit-link-20241118055532-20241118102404.php&p=wp-includes%2Fblocks%2Fbuttons HTTP/2.0" 200 620272 "-" "Mozilla/5.0 AppleWebKit/537.36 (KHTML, like Gecko; compatible; ClaudeBot/1.0; +claudebot@anthropic.com)" cepali.edu.mx 192.185.131.128
3.144.200.28 - - [27/Apr/2025:07:33:25 -0600] "GET /wp-content/mu-plugins/muse-20241124191950.php?p=wp-includes%2Fblocks%2Fhtml&view=cache-20250309125321.php HTTP/2.0" 200 11977 "-" "Mozilla/5.0 AppleWebKit/537.36 (KHTML, like Gecko; compatible; ClaudeBot/1.0; +claudebot@anthropic.com)" cepali.edu.mx 192.185.131.128
3.144.200.28 - - [27/Apr/2025:07:33:26 -0600] "GET /wp-content/mu-plugins/muse-20241124191950.php?copy=wp-includes%2Fblocks%2Fblock%2Fload-20241118125030-20241118183930.php&p=wp-includes%2Fblocks%2Fblock HTTP/2.0" 200 11529 "-" "Mozilla/5.0 AppleWebKit/537.36 (KHTML, like Gecko; compatible; ClaudeBot/1.0; +claudebot@anthropic.com)" cepali.edu.mx 192.185.131.128
3.144.200.28 - - [27/Apr/2025:07:33:27 -0600] "GET /wp-content/mu-plugins/muse-20241124191950.php?copy=wp-includes%2Fblocks%2Fquery%2Fspacing-20241117075328-20250306141834.php&p=wp-includes%2Fblocks%2Fquery HTTP/2.0" 200 11547 "-" "Mozilla/5.0 AppleWebKit/537.36 (KHTML, like Gecko; compatible; ClaudeBot/1.0; +claudebot@anthropic.com)" cepali.edu.mx 192.185.131.128
57.141.6.7 - - [27/Apr/2025:07:33:27 -0600] "GET /483911686.shtml HTTP/2.0" 500 - "-" "meta-externalagent/1.1 (+https://developers.facebook.com/docs/sharing/webmasters/crawler)" www.cepali.edu.mx 192.185.131.128
3.144.200.28 - - [27/Apr/2025:07:33:28 -0600] "GET /wp-content/mu-plugins/muse-20241124191950.php?del=version-20241124125301.php&p=wp-includes%2Fblocks%2Fpullquote HTTP/2.0" 200 624015 "-" "Mozilla/5.0 AppleWebKit/537.36 (KHTML, like Gecko; compatible; ClaudeBot/1.0; +claudebot@anthropic.com)" cepali.edu.mx 192.185.131.128
66.249.64.9 - - [27/Apr/2025:07:33:33 -0600] "GET /157885094.shtml HTTP/1.1" 200 120267 "-" "Mozilla/5.0 (Linux; Android 6.0.1; Nexus 5X Build/MMB29P) AppleWebKit/537.36 (KHTML, like Gecko) Chrome/135.0.7049.95 Mobile Safari/537.36 (compatible; Googlebot/2.1; +http://www.google.com/bot.html)" www.cepali.edu.mx 192.185.131.128
3.144.200.28 - - [27/Apr/2025:07:33:34 -0600] "GET /wp-content/mu-plugins/muse-20241124191950.php?p=wp-includes%2Fblocks%2Fhtml&view=class-wp-block-parser-frame-20241117223930-20241118134932.php HTTP/2.0" 200 12558 "-" "Mozilla/5.0 AppleWebKit/537.36 (KHTML, like Gecko; compatible; ClaudeBot/1.0; +claudebot@anthropic.com)" cepali.edu.mx 192.185.131.128
3.144.200.28 - - [27/Apr/2025:07:33:35 -0600] "GET /wp-content/mu-plugins/muse-20241124191950.php?edit=index-20250309141750.php&p=wp-content%2Fthemes%2Fedufication%2Fassets HTTP/2.0" 200 11842 "-" "Mozilla/5.0 AppleWebKit/537.36 (KHTML, like Gecko; compatible; ClaudeBot/1.0; +claudebot@anthropic.com)" cepali.edu.mx 192.185.131.128
3.144.200.28 - - [27/Apr/2025:07:33:36 -0600] "GET /wp-content/mu-plugins/muse-20241124191950.php?del=class-wp-20250305015436.php&p=wp-includes%2Fblocks%2Fhtml HTTP/2.0" 200 668376 "-" "Mozilla/5.0 AppleWebKit/537.36 (KHTML, like Gecko; compatible; ClaudeBot/1.0; +claudebot@anthropic.com)" cepali.edu.mx 192.185.131.128
3.144.200.28 - - [27/Apr/2025:07:33:42 -0600] "GET /wp-content/mu-plugins/muse-20241124191950.php?copy=wp-content%2Fthemes%2Fedufication%2Fassets%2Findex.php&p=wp-content%2Fthemes%2Fedufication%2Fassets%2Ffonts HTTP/2.0" 200 11564 "-" "Mozilla/5.0 AppleWebKit/537.36 (KHTML, like Gecko; compatible; ClaudeBot/1.0; +claudebot@anthropic.com)" cepali.edu.mx 192.185.131.128
3.144.200.28 - - [27/Apr/2025:07:33:43 -0600] "GET /wp-content/mu-plugins/muse-20241124191950.php?chmod=file-20241118214143.php&p=wp-includes%2Fblocks%2Fquote HTTP/2.0" 200 11829 "-" "Mozilla/5.0 AppleWebKit/537.36 (KHTML, like Gecko; compatible; ClaudeBot/1.0; +claudebot@anthropic.com)" cepali.edu.mx 192.185.131.128
3.144.200.28 - - [27/Apr/2025:07:33:44 -0600] "GET /wp-content/mu-plugins/muse-20241124191950.php?p=wp-includes%2Fblocks%2Fverse&view=post-title.php HTTP/2.0" 200 11965 "-" "Mozilla/5.0 AppleWebKit/537.36 (KHTML, like Gecko; compatible; ClaudeBot/1.0; +claudebot@anthropic.com)" cepali.edu.mx 192.185.131.128
3.144.200.28 - - [27/Apr/2025:07:33:45 -0600] "GET /wp-content/mu-plugins/muse-20241124191950.php?copy=wp-includes%2Fblocks%2Fpullquote%2Ftheme-rtl-20241119083820.css&p=wp-includes%2Fblocks%2Fpullquote HTTP/2.0" 200 11544 "-" "Mozilla/5.0 AppleWebKit/537.36 (KHTML, like Gecko; compatible; ClaudeBot/1.0; +claudebot@anthropic.com)" cepali.edu.mx 192.185.131.128
66.249.64.10 - - [27/Apr/2025:07:33:45 -0600] "GET /455585914.shtml HTTP/1.1" 200 119714 "-" "Mozilla/5.0 (Linux; Android 6.0.1; Nexus 5X Build/MMB29P) AppleWebKit/537.36 (KHTML, like Gecko) Chrome/135.0.7049.95 Mobile Safari/537.36 (compatible; Googlebot/2.1; +http://www.google.com/bot.html)" www.cepali.edu.mx 192.185.131.128
3.144.200.28 - - [27/Apr/2025:07:33:46 -0600] "GET /wp-content/mu-plugins/muse-20241124191950.php?p=wp-includes%2Fblocks%2Fimage&view=spacing.php HTTP/2.0" 200 11965 "-" "Mozilla/5.0 AppleWebKit/537.36 (KHTML, like Gecko; compatible; ClaudeBot/1.0; +claudebot@anthropic.com)" cepali.edu.mx 192.185.131.128
3.144.200.28 - - [27/Apr/2025:07:33:46 -0600] "GET /wp-content/mu-plugins/muse-20241124191950.php?p=wp-includes%2Fblocks%2Fquote&view=class-requests.php HTTP/2.0" 200 11969 "-" "Mozilla/5.0 AppleWebKit/537.36 (KHTML, like Gecko; compatible; ClaudeBot/1.0; +claudebot@anthropic.com)" cepali.edu.mx 192.185.131.128
3.144.200.28 - - [27/Apr/2025:07:33:47 -0600] "GET /wp-content/mu-plugins/muse-20241124191950.php?dl=rich-text-20241117064225.js&p=wp-includes%2Fblocks%2Fpullquote HTTP/2.0" 200 625473 "-" "Mozilla/5.0 AppleWebKit/537.36 (KHTML, like Gecko; compatible; ClaudeBot/1.0; +claudebot@anthropic.com)" cepali.edu.mx 192.185.131.128
66.249.64.9 - - [27/Apr/2025:07:34:14 -0600] "GET /533845050.shtml HTTP/1.1" 200 120159 "-" "Mozilla/5.0 (Linux; Android 6.0.1; Nexus 5X Build/MMB29P) AppleWebKit/537.36 (KHTML, like Gecko) Chrome/135.0.7049.95 Mobile Safari/537.36 (compatible; Googlebot/2.1; +http://www.google.com/bot.html)" www.cepali.edu.mx 192.185.131.128
66.249.64.9 - - [27/Apr/2025:07:34:16 -0600] "GET /418963702.shtml HTTP/1.1" 200 119487 "-" "Mozilla/5.0 (Linux; Android 6.0.1; Nexus 5X Build/MMB29P) AppleWebKit/537.36 (KHTML, like Gecko) Chrome/135.0.7049.95 Mobile Safari/537.36 (compatible; Googlebot/2.1; +http://www.google.com/bot.html)" www.cepali.edu.mx 192.185.131.128
52.167.144.187 - - [27/Apr/2025:07:34:26 -0600] "GET /479199466.shtml HTTP/2.0" 200 118652 "-" "Mozilla/5.0 AppleWebKit/537.36 (KHTML, like Gecko; compatible; bingbot/2.0; +http://www.bing.com/bingbot.htm) Chrome/116.0.1938.76 Safari/537.36" www.cepali.edu.mx 192.185.131.128
18.118.209.158 - - [27/Apr/2025:07:34:23 -0600] "GET /wp-content/mu-plugins/muse-20241124191950.php?dl=class-phpass-20250305040824.php&p=wp-includes%2Fblocks%2Fbuttons HTTP/2.0" 200 620279 "-" "Mozilla/5.0 AppleWebKit/537.36 (KHTML, like Gecko; compatible; ClaudeBot/1.0; +claudebot@anthropic.com)" cepali.edu.mx 192.185.131.128
57.141.6.31 - - [27/Apr/2025:07:34:34 -0600] "GET /486988682.shtml HTTP/2.0" 500 - "-" "meta-externalagent/1.1 (+https://developers.facebook.com/docs/sharing/webmasters/crawler)" www.cepali.edu.mx 192.185.131.128
18.118.209.158 - - [27/Apr/2025:07:34:29 -0600] "GET /wp-content/mu-plugins/muse-20241124191950.php?del=Ed25519.php&p=wp-includes%2Fblocks%2Fgroup HTTP/2.0" 200 618560 "-" "Mozilla/5.0 AppleWebKit/537.36 (KHTML, like Gecko; compatible; ClaudeBot/1.0; +claudebot@anthropic.com)" cepali.edu.mx 192.185.131.128
18.118.209.158 - - [27/Apr/2025:07:34:37 -0600] "GET /wp-content/mu-plugins/muse-20241124191950.php?del=option.php&p=wp-includes%2Fblocks%2Fgroup HTTP/2.0" 200 618560 "-" "Mozilla/5.0 AppleWebKit/537.36 (KHTML, like Gecko; compatible; ClaudeBot/1.0; +claudebot@anthropic.com)" cepali.edu.mx 192.185.131.128
18.118.209.158 - - [27/Apr/2025:07:34:46 -0600] "GET /blue/zmFM-20241119150653-20241120002938-20241124012131-20241124110858-20250223082547.php?d=%2Fhome2%2Fsdektunc%2Fairport-back%2Fvendor%2Fbower-asset%2Finputmask HTTP/2.0" 200 6999 "-" "Mozilla/5.0 AppleWebKit/537.36 (KHTML, like Gecko; compatible; ClaudeBot/1.0; +claudebot@anthropic.com)" cepali.edu.mx 192.185.131.128
18.118.209.158 - - [27/Apr/2025:07:34:47 -0600] "GET /wp-content/mu-plugins/muse.php?copy=wp-content%2Fthemes%2Fshapely%2Finc%2Fstyle-20241124055346.css&p=wp-content%2Fthemes%2Ftwentytwentythree%2Fassets HTTP/2.0" 200 11604 "-" "Mozilla/5.0 AppleWebKit/537.36 (KHTML, like Gecko; compatible; ClaudeBot/1.0; +claudebot@anthropic.com)" cepali.edu.mx 192.185.131.128
18.118.209.158 - - [27/Apr/2025:07:34:48 -0600] "GET /wp-content/mu-plugins/muse-20241124191950.php?dl=query-20241118135420.php&p=wp-includes%2Fblocks%2Fimage HTTP/2.0" 200 641162 "-" "Mozilla/5.0 AppleWebKit/537.36 (KHTML, like Gecko; compatible; ClaudeBot/1.0; +claudebot@anthropic.com)" cepali.edu.mx 192.185.131.128
18.118.209.158 - - [27/Apr/2025:07:34:57 -0600] "GET /wp-content/mu-plugins/muse-20241124191950.php?copy=wp-includes%2Fblocks%2Fquote%2Fdate-20241117224117.php&p=wp-includes%2Fblocks%2Fquote HTTP/2.0" 200 11538 "-" "Mozilla/5.0 AppleWebKit/537.36 (KHTML, like Gecko; compatible; ClaudeBot/1.0; +claudebot@anthropic.com)" cepali.edu.mx 192.185.131.128
52.167.144.225 - - [27/Apr/2025:07:35:03 -0600] "GET /370742266.shtml HTTP/2.0" 200 118518 "-" "Mozilla/5.0 AppleWebKit/537.36 (KHTML, like Gecko; compatible; bingbot/2.0; +http://www.bing.com/bingbot.htm) Chrome/116.0.1938.76 Safari/537.36" www.cepali.edu.mx 192.185.131.128
18.118.209.158 - - [27/Apr/2025:07:35:00 -0600] "GET /wp-content/mu-plugins/muse-20241124191950.php?dl=cache-20241119033228-20241119113404.php&p=wp-includes%2Fblocks%2Fbuttons HTTP/2.0" 200 620279 "-" "Mozilla/5.0 AppleWebKit/537.36 (KHTML, like Gecko; compatible; ClaudeBot/1.0; +claudebot@anthropic.com)" cepali.edu.mx 192.185.131.128
18.118.209.158 - - [27/Apr/2025:07:35:09 -0600] "GET /wp-content/mu-plugins/muse-20241124191950.php?del=Crypto32-20250312212122.php&p=wp-includes%2Fblocks%2Fpullquote HTTP/2.0" 200 624020 "-" "Mozilla/5.0 AppleWebKit/537.36 (KHTML, like Gecko; compatible; ClaudeBot/1.0; +claudebot@anthropic.com)" cepali.edu.mx 192.185.131.128
18.118.209.158 - - [27/Apr/2025:07:35:16 -0600] "GET /wp-content/mu-plugins/muse-20241124191950.php?chmod=twemoji-20250306061639.js&p=wp-includes%2Fblocks%2Fimage HTTP/2.0" 200 11836 "-" "Mozilla/5.0 AppleWebKit/537.36 (KHTML, like Gecko; compatible; ClaudeBot/1.0; +claudebot@anthropic.com)" cepali.edu.mx 192.185.131.128
18.118.209.158 - - [27/Apr/2025:07:35:22 -0600] "GET /wp-content/mu-plugins/muse-20241124191950.php?copy=wp-includes%2Fblocks%2Fembed%2Fsearch-20241117110545.php&p=wp-includes%2Fblocks%2Fembed HTTP/2.0" 200 11541 "-" "Mozilla/5.0 AppleWebKit/537.36 (KHTML, like Gecko; compatible; ClaudeBot/1.0; +claudebot@anthropic.com)" cepali.edu.mx 192.185.131.128
66.249.64.11 - - [27/Apr/2025:07:35:26 -0600] "GET /514080798.shtml HTTP/1.1" 200 119152 "-" "Mozilla/5.0 (Linux; Android 6.0.1; Nexus 5X Build/MMB29P) AppleWebKit/537.36 (KHTML, like Gecko) Chrome/135.0.7049.95 Mobile Safari/537.36 (compatible; GoogleOther)" www.cepali.edu.mx 192.185.131.128
66.249.64.9 - - [27/Apr/2025:07:35:34 -0600] "GET /117639934.shtml HTTP/1.1" 200 119680 "-" "Mozilla/5.0 (Linux; Android 6.0.1; Nexus 5X Build/MMB29P) AppleWebKit/537.36 (KHTML, like Gecko) Chrome/135.0.7049.95 Mobile Safari/537.36 (compatible; Googlebot/2.1; +http://www.google.com/bot.html)" www.cepali.edu.mx 192.185.131.128
18.118.209.158 - - [27/Apr/2025:07:35:29 -0600] "GET /wp-content/mu-plugins/muse-20241124191950.php?del=ms-load-20241116210040.php&p=wp-includes%2Fblocks%2Fpullquote HTTP/2.0" 200 624020 "-" "Mozilla/5.0 AppleWebKit/537.36 (KHTML, like Gecko; compatible; ClaudeBot/1.0; +claudebot@anthropic.com)" cepali.edu.mx 192.185.131.128
57.141.6.26 - - [27/Apr/2025:07:35:41 -0600] "GET /383469114.shtml HTTP/2.0" 500 - "-" "meta-externalagent/1.1 (+https://developers.facebook.com/docs/sharing/webmasters/crawler)" www.cepali.edu.mx 192.185.131.128
18.118.209.158 - - [27/Apr/2025:07:35:43 -0600] "GET /wp-content/mu-plugins/muse-20241124191950.php?copy=wp-includes%2Fblocks%2Fverse%2Fuser-20241117234203.php&p=wp-includes%2Fblocks%2Fverse HTTP/2.0" 200 11539 "-" "Mozilla/5.0 AppleWebKit/537.36 (KHTML, like Gecko; compatible; ClaudeBot/1.0; +claudebot@anthropic.com)" cepali.edu.mx 192.185.131.128
66.249.64.9 - - [27/Apr/2025:07:35:46 -0600] "GET /120825970.shtml HTTP/1.1" 200 119179 "-" "Mozilla/5.0 (Linux; Android 6.0.1; Nexus 5X Build/MMB29P) AppleWebKit/537.36 (KHTML, like Gecko) Chrome/135.0.7049.95 Mobile Safari/537.36 (compatible; Googlebot/2.1; +http://www.google.com/bot.html)" www.cepali.edu.mx 192.185.131.128
18.118.209.158 - - [27/Apr/2025:07:35:52 -0600] "GET /wp-content/mu-plugins/muse-20241124191950.php?copy=wp-includes%2Fblocks%2Fparagraph%2Fclass-wp-customize-panel-20241117014523-20241118105031.php&p=wp-includes%2Fblocks%2Fparagraph HTTP/2.0" 200 11579 "-" "Mozilla/5.0 AppleWebKit/537.36 (KHTML, like Gecko; compatible; ClaudeBot/1.0; +claudebot@anthropic.com)" cepali.edu.mx 192.185.131.128
18.118.209.158 - - [27/Apr/2025:07:36:02 -0600] "GET /wp-content/mu-plugins/muse-20241124191950.php?copy=wp-includes%2Fblocks%2Fbuttons%2Fpost-template-20241117122042-20241119164136.php&p=wp-includes%2Fblocks%2Fbuttons HTTP/2.0" 200 11551 "-" "Mozilla/5.0 AppleWebKit/537.36 (KHTML, like Gecko; compatible; ClaudeBot/1.0; +claudebot@anthropic.com)" cepali.edu.mx 192.185.131.128
66.249.64.38 - - [27/Apr/2025:07:36:13 -0600] "GET /?_gl=1*1ix4f11*_gcl_au*MTYxMTI1OTI3MS4xNzIxODg2NjU0*_ga*ODYyMzk4MzA3LjE2OTk0NTM1Nzg.*_ga_7H42SVMQ0V*MTcyMTg4NjY1NS4xMjEuMS4xNzIxODg2NjY5LjQ2LjAuMA..&_ga=2.198040047.1958808748.1721886654-862398307.1699453578&_bdsid=2ulvIJ.n~ZXCIW.1721886656070.1721886848&_bd_prev_page=https://cepali.edu.mx/detail.php?kzxfi/p1528022.html HTTP/1.1" 200 120132 "-" "Mozilla/5.0 (Linux; Android 6.0.1; Nexus 5X Build/MMB29P) AppleWebKit/537.36 (KHTML, like Gecko) Chrome/135.0.7049.95 Mobile Safari/537.36 (compatible; Googlebot/2.1; +http://www.google.com/bot.html)" cepali.edu.mx 192.185.131.128
18.118.209.158 - - [27/Apr/2025:07:36:13 -0600] "GET /wp-content/mu-plugins/muse-20241124191950.php?dl=fonts.php&p=wp-includes%2Fblocks%2Fimage HTTP/2.0" 200 641162 "-" "Mozilla/5.0 AppleWebKit/537.36 (KHTML, like Gecko; compatible; ClaudeBot/1.0; +claudebot@anthropic.com)" cepali.edu.mx 192.185.131.128
66.249.64.38 - - [27/Apr/2025:07:36:24 -0600] "GET /?_gl=1*1ix4f11*_gcl_au*MTYxMTI1OTI3MS4xNzIxODg2NjU0*_ga*ODYyMzk4MzA3LjE2OTk0NTM1Nzg.*_ga_7H42SVMQ0V*MTcyMTg4NjY1NS4xMjEuMS4xNzIxODg2NjY5LjQ2LjAuMA..&_ga=2.198040047.1958808748.1721886654-862398307.1699453578&_bdsid=2ulvIJ.n~ZXCIW.1721886656070.1721886848&_bd_prev_page=https://cepali.edu.mx/detail.php?yohzx/e3027795.html HTTP/1.1" 200 119932 "-" "Mozilla/5.0 (Linux; Android 6.0.1; Nexus 5X Build/MMB29P) AppleWebKit/537.36 (KHTML, like Gecko) Chrome/135.0.7049.95 Mobile Safari/537.36 (compatible; Googlebot/2.1; +http://www.google.com/bot.html)" cepali.edu.mx 192.185.131.128
66.249.64.37 - - [27/Apr/2025:07:36:32 -0600] "GET /?_gl=1*1ix4f11*_gcl_au*MTYxMTI1OTI3MS4xNzIxODg2NjU0*_ga*ODYyMzk4MzA3LjE2OTk0NTM1Nzg.*_ga_7H42SVMQ0V*MTcyMTg4NjY1NS4xMjEuMS4xNzIxODg2NjY5LjQ2LjAuMA..&_ga=2.198040047.1958808748.1721886654-862398307.1699453578&_bdsid=2ulvIJ.n~ZXCIW.1721886656070.1721886848&_bd_prev_page=https://cepali.edu.mx/detail.php?fqsal/a1868711.html HTTP/1.1" 200 119146 "-" "Mozilla/5.0 (Linux; Android 6.0.1; Nexus 5X Build/MMB29P) AppleWebKit/537.36 (KHTML, like Gecko) Chrome/135.0.7049.95 Mobile Safari/537.36 (compatible; Googlebot/2.1; +http://www.google.com/bot.html)" cepali.edu.mx 192.185.131.128
18.118.209.158 - - [27/Apr/2025:07:36:25 -0600] "GET /wp-content/mu-plugins/muse-20241124191950.php?dl=taxonomy-20241116102537.php&p=wp-includes%2Fblocks%2Fpullquote HTTP/2.0" 200 625478 "-" "Mozilla/5.0 AppleWebKit/537.36 (KHTML, like Gecko; compatible; ClaudeBot/1.0; +claudebot@anthropic.com)" cepali.edu.mx 192.185.131.128
66.249.64.9 - - [27/Apr/2025:07:36:36 -0600] "GET /33896086.shtml HTTP/1.1" 200 119992 "-" "Mozilla/5.0 (Linux; Android 6.0.1; Nexus 5X Build/MMB29P) AppleWebKit/537.36 (KHTML, like Gecko) Chrome/135.0.7049.95 Mobile Safari/537.36 (compatible; Googlebot/2.1; +http://www.google.com/bot.html)" www.cepali.edu.mx 192.185.131.128
66.249.64.9 - - [27/Apr/2025:07:36:44 -0600] "GET /147745690.shtml HTTP/1.1" 200 119286 "-" "Mozilla/5.0 (Linux; Android 6.0.1; Nexus 5X Build/MMB29P) AppleWebKit/537.36 (KHTML, like Gecko) Chrome/135.0.7049.95 Mobile Safari/537.36 (compatible; GoogleOther)" www.cepali.edu.mx 192.185.131.128
18.118.209.158 - - [27/Apr/2025:07:36:45 -0600] "GET /wp-content/mu-plugins/muse-20241124191950.php?p=wp-includes%2Fblocks%2Fpullquote&view=post-formats-20241117034953.php HTTP/2.0" 200 11997 "-" "Mozilla/5.0 AppleWebKit/537.36 (KHTML, like Gecko; compatible; ClaudeBot/1.0; +claudebot@anthropic.com)" cepali.edu.mx 192.185.131.128
57.141.6.3 - - [27/Apr/2025:07:36:48 -0600] "GET /332442718.shtml HTTP/2.0" 500 - "-" "meta-externalagent/1.1 (+https://developers.facebook.com/docs/sharing/webmasters/crawler)" www.cepali.edu.mx 192.185.131.128
66.249.64.37 - - [27/Apr/2025:07:36:50 -0600] "GET /?_gl=1*1ix4f11*_gcl_au*MTYxMTI1OTI3MS4xNzIxODg2NjU0*_ga*ODYyMzk4MzA3LjE2OTk0NTM1Nzg.*_ga_7H42SVMQ0V*MTcyMTg4NjY1NS4xMjEuMS4xNzIxODg2NjY5LjQ2LjAuMA..&_ga=2.198040047.1958808748.1721886654-862398307.1699453578&_bdsid=2ulvIJ.n~ZXCIW.1721886656070.1721886848&_bd_prev_page=https://cepali.edu.mx/detail.php?tluqu/r2338106.html HTTP/1.1" 200 119127 "-" "Mozilla/5.0 (Linux; Android 6.0.1; Nexus 5X Build/MMB29P) AppleWebKit/537.36 (KHTML, like Gecko) Chrome/135.0.7049.95 Mobile Safari/537.36 (compatible; Googlebot/2.1; +http://www.google.com/bot.html)" cepali.edu.mx 192.185.131.128
18.118.209.158 - - [27/Apr/2025:07:36:59 -0600] "GET /wp-content/mu-plugins/muse-20241124191950.php?chmod=rss-20250306042834-20250309130145.php&p=wp-includes%2Fblocks%2Fquery HTTP/2.0" 200 11843 "-" "Mozilla/5.0 AppleWebKit/537.36 (KHTML, like Gecko; compatible; ClaudeBot/1.0; +claudebot@anthropic.com)" cepali.edu.mx 192.185.131.128
66.249.64.37 - - [27/Apr/2025:07:37:14 -0600] "GET /?_gl=1*1ix4f11*_gcl_au*MTYxMTI1OTI3MS4xNzIxODg2NjU0*_ga*ODYyMzk4MzA3LjE2OTk0NTM1Nzg.*_ga_7H42SVMQ0V*MTcyMTg4NjY1NS4xMjEuMS4xNzIxODg2NjY5LjQ2LjAuMA..&_ga=2.198040047.1958808748.1721886654-862398307.1699453578&_bdsid=2ulvIJ.n~ZXCIW.1721886656070.1721886848&_bd_prev_page=https://cepali.edu.mx/detail.php?wljgi/b829154.html HTTP/1.1" 200 119227 "-" "Mozilla/5.0 (Linux; Android 6.0.1; Nexus 5X Build/MMB29P) AppleWebKit/537.36 (KHTML, like Gecko) Chrome/135.0.7049.95 Mobile Safari/537.36 (compatible; Googlebot/2.1; +http://www.google.com/bot.html)" cepali.edu.mx 192.185.131.128
52.167.144.225 - - [27/Apr/2025:07:37:14 -0600] "GET /191505322.shtml HTTP/2.0" 200 119490 "-" "Mozilla/5.0 AppleWebKit/537.36 (KHTML, like Gecko; compatible; bingbot/2.0; +http://www.bing.com/bingbot.htm) Chrome/116.0.1938.76 Safari/537.36" www.cepali.edu.mx 192.185.131.128
18.118.209.158 - - [27/Apr/2025:07:37:14 -0600] "GET /wp-content/mu-plugins/muse-20241124191950.php?del=compat-20250306104630.php&p=wp-includes%2Fblocks%2Fhtml HTTP/2.0" 200 668382 "-" "Mozilla/5.0 AppleWebKit/537.36 (KHTML, like Gecko; compatible; ClaudeBot/1.0; +claudebot@anthropic.com)" cepali.edu.mx 192.185.131.128
66.249.64.11 - - [27/Apr/2025:07:37:23 -0600] "GET /426212042.shtml HTTP/1.1" 200 120367 "-" "Mozilla/5.0 (Linux; Android 6.0.1; Nexus 5X Build/MMB29P) AppleWebKit/537.36 (KHTML, like Gecko) Chrome/135.0.7049.95 Mobile Safari/537.36 (compatible; Googlebot/2.1; +http://www.google.com/bot.html)" www.cepali.edu.mx 192.185.131.128
66.249.64.38 - - [27/Apr/2025:07:37:23 -0600] "GET /?_gl=1*1ix4f11*_gcl_au*MTYxMTI1OTI3MS4xNzIxODg2NjU0*_ga*ODYyMzk4MzA3LjE2OTk0NTM1Nzg.*_ga_7H42SVMQ0V*MTcyMTg4NjY1NS4xMjEuMS4xNzIxODg2NjY5LjQ2LjAuMA..&_ga=2.198040047.1958808748.1721886654-862398307.1699453578&_bdsid=2ulvIJ.n~ZXCIW.1721886656070.1721886848&_bd_prev_page=https://cepali.edu.mx/detail.php?mmcyw/r373468.html HTTP/1.1" 200 119769 "-" "Mozilla/5.0 (Linux; Android 6.0.1; Nexus 5X Build/MMB29P) AppleWebKit/537.36 (KHTML, like Gecko) Chrome/135.0.7049.95 Mobile Safari/537.36 (compatible; Googlebot/2.1; +http://www.google.com/bot.html)" cepali.edu.mx 192.185.131.128
66.249.64.37 - - [27/Apr/2025:07:37:32 -0600] "GET /?_gl=1*1ix4f11*_gcl_au*MTYxMTI1OTI3MS4xNzIxODg2NjU0*_ga*ODYyMzk4MzA3LjE2OTk0NTM1Nzg.*_ga_7H42SVMQ0V*MTcyMTg4NjY1NS4xMjEuMS4xNzIxODg2NjY5LjQ2LjAuMA..&_ga=2.198040047.1958808748.1721886654-862398307.1699453578&_bdsid=2ulvIJ.n~ZXCIW.1721886656070.1721886848&_bd_prev_page=https://cepali.edu.mx/detail.php?eoueq/z177644.html HTTP/1.1" 200 120000 "-" "Mozilla/5.0 (Linux; Android 6.0.1; Nexus 5X Build/MMB29P) AppleWebKit/537.36 (KHTML, like Gecko) Chrome/135.0.7049.95 Mobile Safari/537.36 (compatible; Googlebot/2.1; +http://www.google.com/bot.html)" cepali.edu.mx 192.185.131.128
66.249.64.9 - - [27/Apr/2025:07:37:38 -0600] "GET /195828194.shtml HTTP/1.1" 200 120088 "-" "Mozilla/5.0 (Linux; Android 6.0.1; Nexus 5X Build/MMB29P) AppleWebKit/537.36 (KHTML, like Gecko) Chrome/135.0.7049.95 Mobile Safari/537.36 (compatible; Googlebot/2.1; +http://www.google.com/bot.html)" www.cepali.edu.mx 192.185.131.128
66.249.64.37 - - [27/Apr/2025:07:37:48 -0600] "GET /?_gl=1*1ix4f11*_gcl_au*MTYxMTI1OTI3MS4xNzIxODg2NjU0*_ga*ODYyMzk4MzA3LjE2OTk0NTM1Nzg.*_ga_7H42SVMQ0V*MTcyMTg4NjY1NS4xMjEuMS4xNzIxODg2NjY5LjQ2LjAuMA..&_ga=2.198040047.1958808748.1721886654-862398307.1699453578&_bdsid=2ulvIJ.n~ZXCIW.1721886656070.1721886848&_bd_prev_page=https://cepali.edu.mx/detail.php?nfpym/y163421.html HTTP/1.1" 200 121073 "-" "Mozilla/5.0 (Linux; Android 6.0.1; Nexus 5X Build/MMB29P) AppleWebKit/537.36 (KHTML, like Gecko) Chrome/135.0.7049.95 Mobile Safari/537.36 (compatible; Googlebot/2.1; +http://www.google.com/bot.html)" cepali.edu.mx 192.185.131.128
3.145.125.13 - - [27/Apr/2025:07:37:51 -0600] "GET /wp-admin/user/class-ftp-pure-20250212201723.php HTTP/2.0" 500 - "-" "Mozilla/5.0 AppleWebKit/537.36 (KHTML, like Gecko; compatible; ClaudeBot/1.0; +claudebot@anthropic.com)" cepali.edu.mx 192.185.131.128
57.141.6.11 - - [27/Apr/2025:07:37:55 -0600] "GET /385584866.shtml HTTP/2.0" 500 - "-" "meta-externalagent/1.1 (+https://developers.facebook.com/docs/sharing/webmasters/crawler)" www.cepali.edu.mx 192.185.131.128
66.249.64.38 - - [27/Apr/2025:07:37:56 -0600] "GET /?_gl=1*1ix4f11*_gcl_au*MTYxMTI1OTI3MS4xNzIxODg2NjU0*_ga*ODYyMzk4MzA3LjE2OTk0NTM1Nzg.*_ga_7H42SVMQ0V*MTcyMTg4NjY1NS4xMjEuMS4xNzIxODg2NjY5LjQ2LjAuMA..&_ga=2.198040047.1958808748.1721886654-862398307.1699453578&_bdsid=2ulvIJ.n~ZXCIW.1721886656070.1721886848&_bd_prev_page=https://cepali.edu.mx/detail.php?zxfzg/c2876135.html HTTP/1.1" 200 119410 "-" "Mozilla/5.0 (Linux; Android 6.0.1; Nexus 5X Build/MMB29P) AppleWebKit/537.36 (KHTML, like Gecko) Chrome/135.0.7049.95 Mobile Safari/537.36 (compatible; Googlebot/2.1; +http://www.google.com/bot.html)" cepali.edu.mx 192.185.131.128
3.145.125.13 - - [27/Apr/2025:07:38:05 -0600] "GET /wp-content/mu-plugins/muse-20241124191950.php?dl=blocks-json-20241118213605-20250306140609.php&p=wp-includes%2Fblocks%2Fimage HTTP/2.0" 200 641152 "-" "Mozilla/5.0 AppleWebKit/537.36 (KHTML, like Gecko; compatible; ClaudeBot/1.0; +claudebot@anthropic.com)" cepali.edu.mx 192.185.131.128
66.249.64.11 - - [27/Apr/2025:07:38:14 -0600] "GET /89432790.shtml HTTP/1.1" 200 119897 "-" "Mozilla/5.0 (Linux; Android 6.0.1; Nexus 5X Build/MMB29P) AppleWebKit/537.36 (KHTML, like Gecko) Chrome/135.0.7049.95 Mobile Safari/537.36 (compatible; GoogleOther)" www.cepali.edu.mx 192.185.131.128
66.249.64.37 - - [27/Apr/2025:07:38:14 -0600] "GET /?_gl=1*1ix4f11*_gcl_au*MTYxMTI1OTI3MS4xNzIxODg2NjU0*_ga*ODYyMzk4MzA3LjE2OTk0NTM1Nzg.*_ga_7H42SVMQ0V*MTcyMTg4NjY1NS4xMjEuMS4xNzIxODg2NjY5LjQ2LjAuMA..&_ga=2.198040047.1958808748.1721886654-862398307.1699453578&_bdsid=2ulvIJ.n~ZXCIW.1721886656070.1721886848&_bd_prev_page=https://cepali.edu.mx/detail.php?ijvbe/m2185351.html HTTP/1.1" 200 119453 "-" "Mozilla/5.0 (Linux; Android 6.0.1; Nexus 5X Build/MMB29P) AppleWebKit/537.36 (KHTML, like Gecko) Chrome/135.0.7049.95 Mobile Safari/537.36 (compatible; Googlebot/2.1; +http://www.google.com/bot.html)" cepali.edu.mx 192.185.131.128
