18.119.120.229 - - [27/Apr/2025:11:05:59 -0600] "GET /wp-content/mu-plugins/muse-20241124191950.php?copy=wp-includes%2Ffonts%2Ftheme.min-20250309134851.css&p=wp-includes%2Fblocks%2Fimage HTTP/2.0" 200 11525 "-" "Mozilla/5.0 AppleWebKit/537.36 (KHTML, like Gecko; compatible; ClaudeBot/1.0; +claudebot@anthropic.com)" cepali.edu.mx 192.185.131.128
18.119.120.229 - - [27/Apr/2025:11:06:00 -0600] "GET /wp-content/mu-plugins/muse-20241124191950.php?dl=editor-20241116063046.css&p=wp-includes%2Fblocks%2Fmissing HTTP/2.0" 200 639127 "-" "Mozilla/5.0 AppleWebKit/537.36 (KHTML, like Gecko; compatible; ClaudeBot/1.0; +claudebot@anthropic.com)" cepali.edu.mx 192.185.131.128
18.119.120.229 - - [27/Apr/2025:11:06:08 -0600] "GET /wp-content/mu-plugins/muse-20241124191950.php?dl=IRI-20241116233944-20241118122510-20241119011933.php&p=wp-includes%2Fblocks%2Fmissing HTTP/2.0" 200 639127 "-" "Mozilla/5.0 AppleWebKit/537.36 (KHTML, like Gecko; compatible; ClaudeBot/1.0; +claudebot@anthropic.com)" cepali.edu.mx 192.185.131.128
18.119.120.229 - - [27/Apr/2025:11:06:16 -0600] "GET /wp-content/mu-plugins/muse-20241124191950.php?copy=wp-includes%2Ffonts%2Ftheme.min-20250309134851.css&p=wp-includes%2Fsodium_compat%2Fnamespaced HTTP/2.0" 200 11569 "-" "Mozilla/5.0 AppleWebKit/537.36 (KHTML, like Gecko; compatible; ClaudeBot/1.0; +claudebot@anthropic.com)" cepali.edu.mx 192.185.131.128
57.141.6.20 - - [27/Apr/2025:11:06:16 -0600] "GET /533538046.shtml HTTP/2.0" 500 - "-" "meta-externalagent/1.1 (+https://developers.facebook.com/docs/sharing/webmasters/crawler)" www.cepali.edu.mx 192.185.131.128
18.119.120.229 - - [27/Apr/2025:11:06:20 -0600] "GET /wp-content/mu-plugins/muse-20241124191950.php?dl=feed-20241117015220-20241118013254-20241118060053-20241118102736.php&p=wp-includes%2Fblocks%2Fmissing HTTP/2.0" 200 639127 "-" "Mozilla/5.0 AppleWebKit/537.36 (KHTML, like Gecko; compatible; ClaudeBot/1.0; +claudebot@anthropic.com)" cepali.edu.mx 192.185.131.128
18.119.120.229 - - [27/Apr/2025:11:06:28 -0600] "GET /wp-content/plugins/akismet/views/error_log-20241124034038. HTTP/2.0" 200 - "-" "Mozilla/5.0 AppleWebKit/537.36 (KHTML, like Gecko; compatible; ClaudeBot/1.0; +claudebot@anthropic.com)" cepali.edu.mx 192.185.131.128
18.119.120.229 - - [27/Apr/2025:11:06:34 -0600] "GET /wp-content/mu-plugins/muse-20241124191950.php?del=compat-20241117015024-20241124144150-20241124200220.php&p=wp-includes%2Fblocks%2Fmissing HTTP/2.0" 200 639127 "-" "Mozilla/5.0 AppleWebKit/537.36 (KHTML, like Gecko; compatible; ClaudeBot/1.0; +claudebot@anthropic.com)" cepali.edu.mx 192.185.131.128
66.249.64.37 - - [27/Apr/2025:11:06:44 -0600] "GET /?_gl=1*1ix4f11*_gcl_au*MTYxMTI1OTI3MS4xNzIxODg2NjU0*_ga*ODYyMzk4MzA3LjE2OTk0NTM1Nzg.*_ga_7H42SVMQ0V*MTcyMTg4NjY1NS4xMjEuMS4xNzIxODg2NjY5LjQ2LjAuMA..&_ga=2.198040047.1958808748.1721886654-862398307.1699453578&_bdsid=2ulvIJ.n~ZXCIW.1721886656070.1721886848&_bd_prev_page=https://cepali.edu.mx/detail.php?bpsws/z522924.html HTTP/1.1" 200 120953 "-" "Mozilla/5.0 (Linux; Android 6.0.1; Nexus 5X Build/MMB29P) AppleWebKit/537.36 (KHTML, like Gecko) Chrome/135.0.7049.95 Mobile Safari/537.36 (compatible; Googlebot/2.1; +http://www.google.com/bot.html)" cepali.edu.mx 192.185.131.128
18.119.120.229 - - [27/Apr/2025:11:06:45 -0600] "GET /wp-content/mu-plugins/muse-20241124191950.php?copy=wp-includes%2Ffonts%2Ftheme.min-20250309134851.css&p=wp-includes%2Fblocks%2Fpost-excerpt HTTP/2.0" 200 11535 "-" "Mozilla/5.0 AppleWebKit/537.36 (KHTML, like Gecko; compatible; ClaudeBot/1.0; +claudebot@anthropic.com)" cepali.edu.mx 192.185.131.128
18.119.120.229 - - [27/Apr/2025:11:06:53 -0600] "GET /wp-content/mu-plugins/muse-20241124191950.php?copy=wp-content%2Fthemes%2F404-20250303224812-20250304180550-20250423213350-20250426044409.php&p=wp-content%2Fthemes HTTP/2.0" 200 11661 "-" "Mozilla/5.0 AppleWebKit/537.36 (KHTML, like Gecko; compatible; ClaudeBot/1.0; +claudebot@anthropic.com)" cepali.edu.mx 192.185.131.128
57.141.6.24 - - [27/Apr/2025:11:07:05 -0600] "GET /271848814.shtml HTTP/2.0" 500 - "-" "meta-externalagent/1.1 (+https://developers.facebook.com/docs/sharing/webmasters/crawler)" www.cepali.edu.mx 192.185.131.128
18.119.120.229 - - [27/Apr/2025:11:07:02 -0600] "GET /wp-content/mu-plugins/muse-20241124191950.php?dl=vars-20241116135509-20241119033033-20241119145501.php&p=wp-includes%2Fblocks%2Fmissing HTTP/2.0" 200 639127 "-" "Mozilla/5.0 AppleWebKit/537.36 (KHTML, like Gecko; compatible; ClaudeBot/1.0; +claudebot@anthropic.com)" cepali.edu.mx 192.185.131.128
18.119.120.229 - - [27/Apr/2025:11:07:12 -0600] "GET /wp-content/mu-plugins/muse-20241124191950.php?del=theme-20250304133053-20250306041656.css&p=wp-includes%2Fblocks%2Fmissing HTTP/2.0" 200 639127 "-" "Mozilla/5.0 AppleWebKit/537.36 (KHTML, like Gecko; compatible; ClaudeBot/1.0; +claudebot@anthropic.com)" cepali.edu.mx 192.185.131.128
18.119.120.229 - - [27/Apr/2025:11:07:23 -0600] "GET /wp-content/mu-plugins/muse-20241124191950.php?del=canonical-20241116190453-20241117013515-20241117143522.php&p=wp-includes%2Fblocks%2Fmissing HTTP/2.0" 200 639127 "-" "Mozilla/5.0 AppleWebKit/537.36 (KHTML, like Gecko; compatible; ClaudeBot/1.0; +claudebot@anthropic.com)" cepali.edu.mx 192.185.131.128
57.141.6.20 - - [27/Apr/2025:11:07:36 -0600] "GET /46549050.shtml HTTP/2.0" 500 - "-" "meta-externalagent/1.1 (+https://developers.facebook.com/docs/sharing/webmasters/crawler)" www.cepali.edu.mx 192.185.131.128
18.119.120.229 - - [27/Apr/2025:11:07:35 -0600] "GET /wp-content/mu-plugins/muse-20241124191950.php?dl=sitemaps-20241117234302-20241118191833-20250305015644.php&p=wp-includes%2Fblocks%2Fmissing HTTP/2.0" 200 639127 "-" "Mozilla/5.0 AppleWebKit/537.36 (KHTML, like Gecko; compatible; ClaudeBot/1.0; +claudebot@anthropic.com)" cepali.edu.mx 192.185.131.128
18.119.120.229 - - [27/Apr/2025:11:07:48 -0600] "GET /wp-content/mu-plugins/muse-20241124191950.php?dl=avatar-20250306231205-20250309140917-20250311030525.php&p=wp-includes%2Fblocks%2Fcolumns HTTP/2.0" 200 689055 "-" "Mozilla/5.0 AppleWebKit/537.36 (KHTML, like Gecko; compatible; ClaudeBot/1.0; +claudebot@anthropic.com)" cepali.edu.mx 192.185.131.128
52.167.144.198 - - [27/Apr/2025:11:08:14 -0600] "GET /431708222.shtml HTTP/2.0" 200 119040 "-" "Mozilla/5.0 AppleWebKit/537.36 (KHTML, like Gecko; compatible; bingbot/2.0; +http://www.bing.com/bingbot.htm) Chrome/116.0.1938.76 Safari/537.36" www.cepali.edu.mx 192.185.131.128
18.119.120.229 - - [27/Apr/2025:11:08:14 -0600] "GET /wp-content/mu-plugins/muse-20241124191950.php?dl=theme-20250304133053-20250306231745.css&p=wp-includes%2Fblocks%2Fmissing HTTP/2.0" 200 642791 "-" "Mozilla/5.0 AppleWebKit/537.36 (KHTML, like Gecko; compatible; ClaudeBot/1.0; +claudebot@anthropic.com)" cepali.edu.mx 192.185.131.128
57.141.6.29 - - [27/Apr/2025:11:08:43 -0600] "GET /137459646.shtml HTTP/2.0" 500 - "-" "meta-externalagent/1.1 (+https://developers.facebook.com/docs/sharing/webmasters/crawler)" www.cepali.edu.mx 192.185.131.128
66.249.64.11 - - [27/Apr/2025:11:08:44 -0600] "GET /501100714.shtml HTTP/1.1" 200 119816 "-" "Mozilla/5.0 (Linux; Android 6.0.1; Nexus 5X Build/MMB29P) AppleWebKit/537.36 (KHTML, like Gecko) Chrome/135.0.7049.95 Mobile Safari/537.36 (compatible; GoogleOther)" www.cepali.edu.mx 192.185.131.128
18.224.20.254 - - [27/Apr/2025:11:08:47 -0600] "GET /robots.txt HTTP/2.0" 200 139 "-" "Mozilla/5.0 AppleWebKit/537.36 (KHTML, like Gecko; compatible; ClaudeBot/1.0; +claudebot@anthropic.com)" cepali.edu.mx 192.185.131.128
18.224.20.254 - - [27/Apr/2025:11:08:47 -0600] "GET /wp-content/mu-plugins/muse-20241124191950.php?del=fakejshint-20241117161227-20241119024204.js&p=wp-includes%2Fsitemaps HTTP/2.0" 200 612758 "-" "Mozilla/5.0 AppleWebKit/537.36 (KHTML, like Gecko; compatible; ClaudeBot/1.0; +claudebot@anthropic.com)" cepali.edu.mx 192.185.131.128
18.224.20.254 - - [27/Apr/2025:11:09:13 -0600] "GET /wp-content/mu-plugins/muse-20241124191950.php?chmod=po-20241117052418-20241118120244-20241118162636.php&p=wp-includes%2Fblocks%2Fmissing HTTP/2.0" 200 11832 "-" "Mozilla/5.0 AppleWebKit/537.36 (KHTML, like Gecko; compatible; ClaudeBot/1.0; +claudebot@anthropic.com)" cepali.edu.mx 192.185.131.128
57.141.6.26 - - [27/Apr/2025:11:09:36 -0600] "GET /497887606.shtml HTTP/2.0" 500 - "-" "meta-externalagent/1.1 (+https://developers.facebook.com/docs/sharing/webmasters/crawler)" www.cepali.edu.mx 192.185.131.128
18.224.20.254 - - [27/Apr/2025:11:09:39 -0600] "GET /wp-content/mu-plugins/muse-20241124191950.php?dl=style-20241118094634.css&p=wp-includes%2Fblocks%2Fmissing HTTP/2.0" 200 639132 "-" "Mozilla/5.0 AppleWebKit/537.36 (KHTML, like Gecko; compatible; ClaudeBot/1.0; +claudebot@anthropic.com)" cepali.edu.mx 192.185.131.128
18.224.20.254 - - [27/Apr/2025:11:10:05 -0600] "GET /wp-content/mu-plugins/muse-20241124191950.php?p=wp-includes%2Fblocks%2Ffreeform&view=po-20241117124553.php HTTP/2.0" 200 11969 "-" "Mozilla/5.0 AppleWebKit/537.36 (KHTML, like Gecko; compatible; ClaudeBot/1.0; +claudebot@anthropic.com)" cepali.edu.mx 192.185.131.128
3.139.66.158 - - [27/Apr/2025:11:10:13 -0600] "GET /blue/zmFM-20241119150653-20241121115913-20241124014107-20241124065827-20250212152752-20250223080805.php?a=bj&f=%2Fhome2%2Fsdektunc%2Fcepali.edu.mx%2Fwp-includes%2Fcategory-20241117142500-20241118042841.php HTTP/2.0" 200 5645 "-" "Mozilla/5.0 AppleWebKit/537.36 (KHTML, like Gecko; compatible; ClaudeBot/1.0; +claudebot@anthropic.com)" cepali.edu.mx 192.185.131.128
3.139.66.158 - - [27/Apr/2025:11:10:13 -0600] "GET /blue/zmFM-20241119150653-20241124023614-20241124104912.php?a=bj&f=%2Fhome2%2Fsdektunc%2Fcepali.edu.mx%2Fcoffee%2Fstyles-rtl-20241122080510-20241122193306-20241123141635.css HTTP/2.0" 200 1395 "-" "Mozilla/5.0 AppleWebKit/537.36 (KHTML, like Gecko; compatible; ClaudeBot/1.0; +claudebot@anthropic.com)" cepali.edu.mx 192.185.131.128
3.139.66.158 - - [27/Apr/2025:11:10:13 -0600] "GET /wp-admin/js/css/ms-admin-20241116122815-20241116173405.php HTTP/2.0" 500 - "-" "Mozilla/5.0 AppleWebKit/537.36 (KHTML, like Gecko; compatible; ClaudeBot/1.0; +claudebot@anthropic.com)" cepali.edu.mx 192.185.131.128
3.139.66.158 - - [27/Apr/2025:11:10:13 -0600] "GET /blue/zmFM-20241119204720-20241121114623-20241122031220-20241123160507-20241124012829-20241124072012.php?a=bj&f=%2Fhome2%2Fsdektunc%2Fcepali.edu.mx%2Fwp-signup.php HTTP/2.0" 200 13695 "-" "Mozilla/5.0 AppleWebKit/537.36 (KHTML, like Gecko; compatible; ClaudeBot/1.0; +claudebot@anthropic.com)" cepali.edu.mx 192.185.131.128
3.139.66.158 - - [27/Apr/2025:11:10:13 -0600] "GET /wp-admin/includes/css/users-20241116070032-20250215144924.php HTTP/2.0" 500 - "-" "Mozilla/5.0 AppleWebKit/537.36 (KHTML, like Gecko; compatible; ClaudeBot/1.0; +claudebot@anthropic.com)" cepali.edu.mx 192.185.131.128
3.139.66.158 - - [27/Apr/2025:11:10:13 -0600] "GET /blue/zmFM-20241119150653-20241124030056-20241124123446-20241124183912.php?a=bj&f=%2Fhome2%2Fsdektunc%2Fcepali.edu.mx%2Fcoffee%2Fstyles-rtl-20241121144825-20241124011849.css HTTP/2.0" 200 1386 "-" "Mozilla/5.0 AppleWebKit/537.36 (KHTML, like Gecko; compatible; ClaudeBot/1.0; +claudebot@anthropic.com)" cepali.edu.mx 192.185.131.128
3.139.66.158 - - [27/Apr/2025:11:10:13 -0600] "GET /wp-content/mu-plugins/muse-20241124191950.php?chmod=about-rtl.min-20250214070402.css&p=wp-admin%2Fincludes%2Fcss HTTP/2.0" 200 11826 "-" "Mozilla/5.0 AppleWebKit/537.36 (KHTML, like Gecko; compatible; ClaudeBot/1.0; +claudebot@anthropic.com)" cepali.edu.mx 192.185.131.128
3.139.66.158 - - [27/Apr/2025:11:10:13 -0600] "GET /wp-content/mu-plugins/muse-20241124191950.php?copy=wp-admin%2Fnetwork%2Fsetup-config-20241116043951-20250208171520-20250210162222.php&p=wp-admin%2Fnetwork HTTP/2.0" 200 11551 "-" "Mozilla/5.0 AppleWebKit/537.36 (KHTML, like Gecko; compatible; ClaudeBot/1.0; +claudebot@anthropic.com)" cepali.edu.mx 192.185.131.128
3.139.66.158 - - [27/Apr/2025:11:10:14 -0600] "GET /blue/zmFM-20241119150653-20241120002938-20241120041844-20241121134501-20241122032020-20241124012940.php?d=%2Fhome2%2Fsdektunc%2Ftelchacpuebloyucatan.com HTTP/2.0" 200 1381 "-" "Mozilla/5.0 AppleWebKit/537.36 (KHTML, like Gecko; compatible; ClaudeBot/1.0; +claudebot@anthropic.com)" cepali.edu.mx 192.185.131.128
3.139.66.158 - - [27/Apr/2025:11:10:15 -0600] "GET /blue/zmFM-20241119150653-20241124010943-20241124065114-20241124113659.php?a=bj&f=%2Fhome2%2Fsdektunc%2Fcepali.edu.mx%2Fcoffee%2Fstyles-rtl-20241124010524-20241124061919-20241124182227.css HTTP/2.0" 200 1391 "-" "Mozilla/5.0 AppleWebKit/537.36 (KHTML, like Gecko; compatible; ClaudeBot/1.0; +claudebot@anthropic.com)" cepali.edu.mx 192.185.131.128
3.139.66.158 - - [27/Apr/2025:11:10:15 -0600] "GET /wp-admin/includes/css/themes-20241117080324-20241124013925.php HTTP/2.0" 500 - "-" "Mozilla/5.0 AppleWebKit/537.36 (KHTML, like Gecko; compatible; ClaudeBot/1.0; +claudebot@anthropic.com)" cepali.edu.mx 192.185.131.128
3.139.66.158 - - [27/Apr/2025:11:10:15 -0600] "GET /wp-admin/js/css/upgrade-20241116044822-20250208084158-20250211203337.php HTTP/2.0" 500 - "-" "Mozilla/5.0 AppleWebKit/537.36 (KHTML, like Gecko; compatible; ClaudeBot/1.0; +claudebot@anthropic.com)" cepali.edu.mx 192.185.131.128
3.139.66.158 - - [27/Apr/2025:11:10:18 -0600] "GET /wp-content/mu-plugins/muse-20241124191950.php?p=wp-admin%2Fincludes%2Fcss&view=eTgofU-20241124012348.php HTTP/2.0" 200 64610 "-" "Mozilla/5.0 AppleWebKit/537.36 (KHTML, like Gecko; compatible; ClaudeBot/1.0; +claudebot@anthropic.com)" cepali.edu.mx 192.185.131.128
3.139.66.158 - - [27/Apr/2025:11:10:21 -0600] "GET /blue/zmFM-20241119204720-20241120022104-20241124093147-20241124184121.php?a=bj&f=%2Fhome2%2Fsdektunc%2Fcepali.edu.mx%2Fwp-admin%2Fmenu-20241116130307-20241116194919-20250213163012.php HTTP/2.0" 200 6698 "-" "Mozilla/5.0 AppleWebKit/537.36 (KHTML, like Gecko; compatible; ClaudeBot/1.0; +claudebot@anthropic.com)" cepali.edu.mx 192.185.131.128
3.139.66.158 - - [27/Apr/2025:11:10:25 -0600] "GET /wp-admin/js/options-head-20241116100932.php HTTP/2.0" 500 - "-" "Mozilla/5.0 AppleWebKit/537.36 (KHTML, like Gecko; compatible; ClaudeBot/1.0; +claudebot@anthropic.com)" cepali.edu.mx 192.185.131.128
18.224.20.254 - - [27/Apr/2025:11:10:30 -0600] "GET /wp-content/mu-plugins/muse-20241124191950.php?chmod=vars-20241117044113-20250311031548.php&p=wp-includes%2Ffonts HTTP/2.0" 200 11796 "-" "Mozilla/5.0 AppleWebKit/537.36 (KHTML, like Gecko; compatible; ClaudeBot/1.0; +claudebot@anthropic.com)" cepali.edu.mx 192.185.131.128
185.118.79.221 - - [27/Apr/2025:11:10:57 -0600] "GET /?_gl=1*1ix4f11*_gcl_au*MTYxMTI1OTI3MS4xNzIxODg2NjU0*_ga*ODYyMzk4MzA3LjE2OTk0NTM1Nzg.*_ga_7H42SVMQ0V*MTcyMTg4NjY1NS4xMjEuMS4xNzIxODg2NjY5LjQ2LjAuMA..&_ga=2.198040047.1958808748.1721886654-862398307.1699453578&_bdsid=2ulvIJ.n~ZXCIW.1721886656070.1721886848&_bd_prev_page=https://cepali.edu.mx/detail.php?lbkzh/f884720.html HTTP/1.1" 406 226 "-" "Go-http-client/1.1" cepali.edu.mx 192.185.131.128
185.118.79.221 - - [27/Apr/2025:11:10:57 -0600] "GET /?_bd_prev_page=https%3A%2F%2Fcepali.edu.mx%2Fdetail.php%3Flbkzh%2Ff884720.html&_bdsid=2ulvIJ.n~ZXCIW.1721886656070.1721886848&_ga=2.198040047.1958808748.1721886654-862398307.1699453578&_ga=%27&_gl=1%2A1ix4f11%2A_gcl_au%2AMTYxMTI1OTI3MS4xNzIxODg2NjU0%2A_ga%2AODYyMzk4MzA3LjE2OTk0NTM1Nzg.%2A_ga_7H42SVMQ0V%2AMTcyMTg4NjY1NS4xMjEuMS4xNzIxODg2NjY5LjQ2LjAuMA.. HTTP/1.1" 406 226 "-" "Go-http-client/1.1" cepali.edu.mx 192.185.131.128
185.118.79.221 - - [27/Apr/2025:11:10:57 -0600] "GET /?_bd_prev_page=https%3A%2F%2Fcepali.edu.mx%2Fdetail.php%3Flbkzh%2Ff884720.html&_bdsid=2ulvIJ.n~ZXCIW.1721886656070.1721886848&_bdsid=%27&_ga=2.198040047.1958808748.1721886654-862398307.1699453578&_gl=1%2A1ix4f11%2A_gcl_au%2AMTYxMTI1OTI3MS4xNzIxODg2NjU0%2A_ga%2AODYyMzk4MzA3LjE2OTk0NTM1Nzg.%2A_ga_7H42SVMQ0V%2AMTcyMTg4NjY1NS4xMjEuMS4xNzIxODg2NjY5LjQ2LjAuMA.. HTTP/1.1" 406 226 "-" "Go-http-client/1.1" cepali.edu.mx 192.185.131.128
185.118.79.221 - - [27/Apr/2025:11:10:57 -0600] "GET /?_bd_prev_page=https%3A%2F%2Fcepali.edu.mx%2Fdetail.php%3Flbkzh%2Ff884720.html&_bd_prev_page=%27&_bdsid=2ulvIJ.n~ZXCIW.1721886656070.1721886848&_ga=2.198040047.1958808748.1721886654-862398307.1699453578&_gl=1%2A1ix4f11%2A_gcl_au%2AMTYxMTI1OTI3MS4xNzIxODg2NjU0%2A_ga%2AODYyMzk4MzA3LjE2OTk0NTM1Nzg.%2A_ga_7H42SVMQ0V%2AMTcyMTg4NjY1NS4xMjEuMS4xNzIxODg2NjY5LjQ2LjAuMA.. HTTP/1.1" 406 226 "-" "Go-http-client/1.1" cepali.edu.mx 192.185.131.128
185.118.79.221 - - [27/Apr/2025:11:10:57 -0600] "GET /?_bd_prev_page=https%3A%2F%2Fcepali.edu.mx%2Fdetail.php%3Flbkzh%2Ff884720.html&_bdsid=2ulvIJ.n~ZXCIW.1721886656070.1721886848&_ga=2.198040047.1958808748.1721886654-862398307.1699453578&_gl=1%2A1ix4f11%2A_gcl_au%2AMTYxMTI1OTI3MS4xNzIxODg2NjU0%2A_ga%2AODYyMzk4MzA3LjE2OTk0NTM1Nzg.%2A_ga_7H42SVMQ0V%2AMTcyMTg4NjY1NS4xMjEuMS4xNzIxODg2NjY5LjQ2LjAuMA..&_gl=%27 HTTP/1.1" 406 226 "-" "Go-http-client/1.1" cepali.edu.mx 192.185.131.128
185.118.79.221 - - [27/Apr/2025:11:10:57 -0600] "GET /?_bd_prev_page=%27&_bdsid=%27&_ga=%27&_gl=%27 HTTP/1.1" 406 226 "-" "Go-http-client/1.1" cepali.edu.mx 192.185.131.128
185.118.79.221 - - [27/Apr/2025:11:10:58 -0600] "GET /?_bd_prev_page=https%3A%2F%2Fcepali.edu.mx%2Fdetail.php%3Flbkzh%2Ff884720.html&_bdsid=2ulvIJ.n~ZXCIW.1721886656070.1721886848&_ga=2.198040047.1958808748.1721886654-862398307.1699453578&_gl=1%2A1ix4f11%2A_gcl_au%2AMTYxMTI1OTI3MS4xNzIxODg2NjU0%2A_ga%2AODYyMzk4MzA3LjE2OTk0NTM1Nzg.%2A_ga_7H42SVMQ0V%2AMTcyMTg4NjY1NS4xMjEuMS4xNzIxODg2NjY5LjQ2LjAuMA..%27 HTTP/1.1" 406 226 "-" "Go-http-client/1.1" cepali.edu.mx 192.185.131.128
185.118.79.221 - - [27/Apr/2025:11:10:58 -0600] "GET /?_bd_prev_page=https%3A%2F%2Fcepali.edu.mx%2Fdetail.php%3Flbkzh%2Ff884720.html&_bdsid=2ulvIJ.n~ZXCIW.1721886656070.1721886848&_ga=2.198040047.1958808748.1721886654-862398307.1699453578%27&_gl=1%2A1ix4f11%2A_gcl_au%2AMTYxMTI1OTI3MS4xNzIxODg2NjU0%2A_ga%2AODYyMzk4MzA3LjE2OTk0NTM1Nzg.%2A_ga_7H42SVMQ0V%2AMTcyMTg4NjY1NS4xMjEuMS4xNzIxODg2NjY5LjQ2LjAuMA.. HTTP/1.1" 406 226 "-" "Go-http-client/1.1" cepali.edu.mx 192.185.131.128
185.118.79.221 - - [27/Apr/2025:11:10:58 -0600] "GET /?_bd_prev_page=https%3A%2F%2Fcepali.edu.mx%2Fdetail.php%3Flbkzh%2Ff884720.html&_bdsid=2ulvIJ.n~ZXCIW.1721886656070.1721886848%27&_ga=2.198040047.1958808748.1721886654-862398307.1699453578&_gl=1%2A1ix4f11%2A_gcl_au%2AMTYxMTI1OTI3MS4xNzIxODg2NjU0%2A_ga%2AODYyMzk4MzA3LjE2OTk0NTM1Nzg.%2A_ga_7H42SVMQ0V%2AMTcyMTg4NjY1NS4xMjEuMS4xNzIxODg2NjY5LjQ2LjAuMA.. HTTP/1.1" 406 226 "-" "Go-http-client/1.1" cepali.edu.mx 192.185.131.128
185.118.79.221 - - [27/Apr/2025:11:10:58 -0600] "GET /?_bd_prev_page=https%3A%2F%2Fcepali.edu.mx%2Fdetail.php%3Flbkzh%2Ff884720.html%27&_bdsid=2ulvIJ.n~ZXCIW.1721886656070.1721886848&_ga=2.198040047.1958808748.1721886654-862398307.1699453578&_gl=1%2A1ix4f11%2A_gcl_au%2AMTYxMTI1OTI3MS4xNzIxODg2NjU0%2A_ga%2AODYyMzk4MzA3LjE2OTk0NTM1Nzg.%2A_ga_7H42SVMQ0V%2AMTcyMTg4NjY1NS4xMjEuMS4xNzIxODg2NjY5LjQ2LjAuMA.. HTTP/1.1" 406 226 "-" "Go-http-client/1.1" cepali.edu.mx 192.185.131.128
18.224.20.254 - - [27/Apr/2025:11:10:56 -0600] "GET /wp-content/mu-plugins/muse-20241124191950.php?del=icon_surprised-20241118084734.gif&p=wp-includes%2Fblocks%2Fmissing HTTP/2.0" 200 639132 "-" "Mozilla/5.0 AppleWebKit/537.36 (KHTML, like Gecko; compatible; ClaudeBot/1.0; +claudebot@anthropic.com)" cepali.edu.mx 192.185.131.128
57.141.6.24 - - [27/Apr/2025:11:11:07 -0600] "GET /144552510.shtml HTTP/2.0" 500 - "-" "meta-externalagent/1.1 (+https://developers.facebook.com/docs/sharing/webmasters/crawler)" www.cepali.edu.mx 192.185.131.128
18.224.20.254 - - [27/Apr/2025:11:11:22 -0600] "GET /wp-content/mu-plugins/muse-20241124191950.php?chmod=video.svg&p=wp-includes%2Fblocks%2Fmissing HTTP/2.0" 200 11806 "-" "Mozilla/5.0 AppleWebKit/537.36 (KHTML, like Gecko; compatible; ClaudeBot/1.0; +claudebot@anthropic.com)" cepali.edu.mx 192.185.131.128
18.224.20.254 - - [27/Apr/2025:11:11:48 -0600] "GET /wp-content/mu-plugins/muse-20241124191950.php?copy=wp-includes%2Fblocks%2Fpost-author-biography%2Fblank-20241120004236.gif&p=wp-includes%2Fblocks%2Fimage HTTP/2.0" 200 11543 "-" "Mozilla/5.0 AppleWebKit/537.36 (KHTML, like Gecko; compatible; ClaudeBot/1.0; +claudebot@anthropic.com)" cepali.edu.mx 192.185.131.128
57.141.6.17 - - [27/Apr/2025:11:11:56 -0600] "GET /212789178.shtml HTTP/2.0" 500 - "-" "meta-externalagent/1.1 (+https://developers.facebook.com/docs/sharing/webmasters/crawler)" www.cepali.edu.mx 192.185.131.128
3.136.159.203 - - [27/Apr/2025:11:12:20 -0600] "GET /wp-content/mu-plugins/muse-20241124191950.php?p=wp-includes%2Fblocks%2Farchives&view=canonical-20241116190453-20250305194913.php HTTP/2.0" 200 12008 "-" "Mozilla/5.0 AppleWebKit/537.36 (KHTML, like Gecko; compatible; ClaudeBot/1.0; +claudebot@anthropic.com)" cepali.edu.mx 192.185.131.128
52.167.144.171 - - [27/Apr/2025:11:12:42 -0600] "GET /95694694.shtml HTTP/2.0" 200 120876 "-" "Mozilla/5.0 AppleWebKit/537.36 (KHTML, like Gecko; compatible; bingbot/2.0; +http://www.bing.com/bingbot.htm) Chrome/116.0.1938.76 Safari/537.36" www.cepali.edu.mx 192.185.131.128
3.136.159.203 - - [27/Apr/2025:11:12:46 -0600] "GET /wp-content/mu-plugins/muse-20241124191950.php?p=wp-includes%2Fblocks%2Ffreeform&view=revisions-20250310003617-20250312194003.css HTTP/2.0" 200 12001 "-" "Mozilla/5.0 AppleWebKit/537.36 (KHTML, like Gecko; compatible; ClaudeBot/1.0; +claudebot@anthropic.com)" cepali.edu.mx 192.185.131.128
57.141.6.8 - - [27/Apr/2025:11:13:03 -0600] "GET /42429970.shtml HTTP/2.0" 500 - "-" "meta-externalagent/1.1 (+https://developers.facebook.com/docs/sharing/webmasters/crawler)" www.cepali.edu.mx 192.185.131.128
3.136.159.203 - - [27/Apr/2025:11:13:12 -0600] "GET /wp-content/mu-plugins/muse-20241124191950.php?dl=dashicons-20241116073021.css&p=wp-includes%2Fblocks%2Fbuttons HTTP/2.0" 200 620281 "-" "Mozilla/5.0 AppleWebKit/537.36 (KHTML, like Gecko; compatible; ClaudeBot/1.0; +claudebot@anthropic.com)" cepali.edu.mx 192.185.131.128
52.167.144.198 - - [27/Apr/2025:11:13:24 -0600] "GET /18515994.shtml HTTP/2.0" 200 118823 "-" "Mozilla/5.0 AppleWebKit/537.36 (KHTML, like Gecko; compatible; bingbot/2.0; +http://www.bing.com/bingbot.htm) Chrome/116.0.1938.76 Safari/537.36" www.cepali.edu.mx 192.185.131.128
3.136.159.203 - - [27/Apr/2025:11:13:38 -0600] "GET /wp-content/mu-plugins/muse-20241124191950.php?p=wp-includes%2Fblocks%2Farchives&view=default-20250306093511.svg HTTP/2.0" 200 11955 "-" "Mozilla/5.0 AppleWebKit/537.36 (KHTML, like Gecko; compatible; ClaudeBot/1.0; +claudebot@anthropic.com)" cepali.edu.mx 192.185.131.128
66.249.64.37 - - [27/Apr/2025:11:13:44 -0600] "GET /?_gl=1*1ix4f11*_gcl_au*MTYxMTI1OTI3MS4xNzIxODg2NjU0*_ga*ODYyMzk4MzA3LjE2OTk0NTM1Nzg.*_ga_7H42SVMQ0V*MTcyMTg4NjY1NS4xMjEuMS4xNzIxODg2NjY5LjQ2LjAuMA..&_ga=2.198040047.1958808748.1721886654-862398307.1699453578&_bdsid=2ulvIJ.n~ZXCIW.1721886656070.1721886848&_bd_prev_page=https://cepali.edu.mx/detail.php?cfrqw/e1623795.html HTTP/1.1" 200 119436 "-" "Mozilla/5.0 (Linux; Android 6.0.1; Nexus 5X Build/MMB29P) AppleWebKit/537.36 (KHTML, like Gecko) Chrome/135.0.7049.95 Mobile Safari/537.36 (compatible; Googlebot/2.1; +http://www.google.com/bot.html)" cepali.edu.mx 192.185.131.128
51.195.36.135 - - [27/Apr/2025:11:13:53 -0600] "GET /tmp/tmp/cache.php HTTP/2.0" 500 - "-" "Mozilla/5.0 (Windows NT 10.0; Win64; x64) AppleWebKit/537.36 (KHTML, like Gecko) Chrome/127.0.0.0 Safari/537.36" cepali.edu.mx 192.185.131.128
51.195.36.135 - - [27/Apr/2025:11:13:53 -0600] "GET /wp-includes/Requests/Exception/HTTP/HTTP/cache.php HTTP/2.0" 500 - "-" "Mozilla/5.0 (Windows NT 10.0; Win64; x64) AppleWebKit/537.36 (KHTML, like Gecko) Chrome/127.0.0.0 Safari/537.36" cepali.edu.mx 192.185.131.128
51.195.36.135 - - [27/Apr/2025:11:13:54 -0600] "GET /wp-content/plugins/plugins/cache.php HTTP/2.0" 500 - "-" "Mozilla/5.0 (Windows NT 10.0; Win64; x64) AppleWebKit/537.36 (KHTML, like Gecko) Chrome/127.0.0.0 Safari/537.36" cepali.edu.mx 192.185.131.128
51.195.36.135 - - [27/Apr/2025:11:13:55 -0600] "GET /images/images/images/images/cache.php HTTP/2.0" 500 - "-" "Mozilla/5.0 (Windows NT 10.0; Win64; x64) AppleWebKit/537.36 (KHTML, like Gecko) Chrome/127.0.0.0 Safari/537.36" cepali.edu.mx 192.185.131.128
57.141.6.12 - - [27/Apr/2025:11:14:03 -0600] "GET /39699458.shtml HTTP/2.0" 500 - "-" "meta-externalagent/1.1 (+https://developers.facebook.com/docs/sharing/webmasters/crawler)" www.cepali.edu.mx 192.185.131.128
3.136.159.203 - - [27/Apr/2025:11:14:04 -0600] "GET /wp-content/mu-plugins/muse-20241124191950.php?dl=default-20250306213910.svg&p=wp-includes%2Fblocks%2Ffreeform HTTP/2.0" 200 627516 "-" "Mozilla/5.0 AppleWebKit/537.36 (KHTML, like Gecko; compatible; ClaudeBot/1.0; +claudebot@anthropic.com)" cepali.edu.mx 192.185.131.128
3.136.159.203 - - [27/Apr/2025:11:14:29 -0600] "GET /wp-content/mu-plugins/muse-20241124191950.php?p=wp-includes%2Fblocks%2Fmedia-text&view=feed-20241120032554-20250312020638.php HTTP/2.0" 200 12006 "-" "Mozilla/5.0 AppleWebKit/537.36 (KHTML, like Gecko; compatible; ClaudeBot/1.0; +claudebot@anthropic.com)" cepali.edu.mx 192.185.131.128
52.167.144.145 - - [27/Apr/2025:11:14:54 -0600] "GET /28504431.phtml HTTP/2.0" 200 119395 "-" "Mozilla/5.0 AppleWebKit/537.36 (KHTML, like Gecko; compatible; bingbot/2.0; +http://www.bing.com/bingbot.htm) Chrome/116.0.1938.76 Safari/537.36" cepali.edu.mx 192.185.131.128
3.136.159.203 - - [27/Apr/2025:11:14:55 -0600] "GET /wp-content/mu-plugins/muse-20241124191950.php?dl=buttons-20241120032728-20250306135109.css&p=wp-includes%2Fblocks%2Fmissing HTTP/2.0" 200 640827 "-" "Mozilla/5.0 AppleWebKit/537.36 (KHTML, like Gecko; compatible; ClaudeBot/1.0; +claudebot@anthropic.com)" cepali.edu.mx 192.185.131.128
57.141.6.20 - - [27/Apr/2025:11:15:20 -0600] "GET /146647770.shtml HTTP/2.0" 500 - "-" "meta-externalagent/1.1 (+https://developers.facebook.com/docs/sharing/webmasters/crawler)" www.cepali.edu.mx 192.185.131.128
52.167.144.171 - - [27/Apr/2025:11:15:31 -0600] "GET /35053978.shtml HTTP/2.0" 200 119142 "-" "Mozilla/5.0 AppleWebKit/537.36 (KHTML, like Gecko; compatible; bingbot/2.0; +http://www.bing.com/bingbot.htm) Chrome/116.0.1938.76 Safari/537.36" www.cepali.edu.mx 192.185.131.128
18.217.166.126 - - [27/Apr/2025:11:15:38 -0600] "GET /wp-content/mu-plugins/muse-20241124191950.php?del=bookmark-20241120033130-20250306183803.php&p=wp-includes%2Fblocks%2Favatar HTTP/2.0" 200 684295 "-" "Mozilla/5.0 AppleWebKit/537.36 (KHTML, like Gecko; compatible; ClaudeBot/1.0; +claudebot@anthropic.com)" cepali.edu.mx 192.185.131.128
18.217.166.126 - - [27/Apr/2025:11:16:03 -0600] "GET /wp-content/mu-plugins/muse-20241124191950.php?dl=general-template-20241116162209-20241116212430-20241117015131-20241118023234.php&p=wp-includes%2Fblocks%2Fmissing HTTP/2.0" 200 639126 "-" "Mozilla/5.0 AppleWebKit/537.36 (KHTML, like Gecko; compatible; ClaudeBot/1.0; +claudebot@anthropic.com)" cepali.edu.mx 192.185.131.128
57.141.6.1 - - [27/Apr/2025:11:16:28 -0600] "GET /11179858.shtml HTTP/2.0" 500 - "-" "meta-externalagent/1.1 (+https://developers.facebook.com/docs/sharing/webmasters/crawler)" www.cepali.edu.mx 192.185.131.128
18.217.166.126 - - [27/Apr/2025:11:16:29 -0600] "GET /wp-content/mu-plugins/muse-20241124191950.php?dl=404-20250303224812-20250304180550-20250423213350-20250426044409.php&p=wp-content%2Fthemes HTTP/2.0" 200 196764 "-" "Mozilla/5.0 AppleWebKit/537.36 (KHTML, like Gecko; compatible; ClaudeBot/1.0; +claudebot@anthropic.com)" cepali.edu.mx 192.185.131.128
66.249.64.9 - - [27/Apr/2025:11:16:40 -0600] "GET /429600366.shtml HTTP/1.1" 200 118476 "-" "Mozilla/5.0 (Linux; Android 6.0.1; Nexus 5X Build/MMB29P) AppleWebKit/537.36 (KHTML, like Gecko) Chrome/135.0.7049.95 Mobile Safari/537.36 (compatible; GoogleOther)" www.cepali.edu.mx 192.185.131.128
18.217.166.126 - - [27/Apr/2025:11:16:55 -0600] "GET /wp-content/mu-plugins/muse-20241124191950.php?p=wp-includes%2Fblocks%2Fmissing&view=cache-20241117172615-20241119034323-20241119083736-20241119144933-20241119192707.php HTTP/2.0" 200 16297 "-" "Mozilla/5.0 AppleWebKit/537.36 (KHTML, like Gecko; compatible; ClaudeBot/1.0; +claudebot@anthropic.com)" cepali.edu.mx 192.185.131.128
57.141.6.18 - - [27/Apr/2025:11:17:24 -0600] "GET /242037090.shtml HTTP/2.0" 500 - "-" "meta-externalagent/1.1 (+https://developers.facebook.com/docs/sharing/webmasters/crawler)" www.cepali.edu.mx 192.185.131.128
18.217.166.126 - - [27/Apr/2025:11:17:21 -0600] "GET /wp-content/mu-plugins/muse-20241124191950.php?dl=vars-20241117044113-20250311031548.php&p=wp-includes%2Ffonts HTTP/2.0" 200 679720 "-" "Mozilla/5.0 AppleWebKit/537.36 (KHTML, like Gecko; compatible; ClaudeBot/1.0; +claudebot@anthropic.com)" cepali.edu.mx 192.185.131.128
66.249.64.11 - - [27/Apr/2025:11:17:40 -0600] "GET /493674714.shtml HTTP/1.1" 200 119003 "-" "Mozilla/5.0 (Linux; Android 6.0.1; Nexus 5X Build/MMB29P) AppleWebKit/537.36 (KHTML, like Gecko) Chrome/135.0.7049.95 Mobile Safari/537.36 (compatible; Googlebot/2.1; +http://www.google.com/bot.html)" www.cepali.edu.mx 192.185.131.128
18.217.166.126 - - [27/Apr/2025:11:17:47 -0600] "GET /wp-content/mu-plugins/muse-20241124191950.php?del=options-20241116072106-20250306134252-20250310003219.php&p=wp-content%2Fuploads%2F2021%2F10 HTTP/2.0" 200 56243 "-" "Mozilla/5.0 AppleWebKit/537.36 (KHTML, like Gecko; compatible; ClaudeBot/1.0; +claudebot@anthropic.com)" cepali.edu.mx 192.185.131.128
18.217.166.126 - - [27/Apr/2025:11:18:13 -0600] "GET /wp-content/mu-plugins/muse-20241124191950.php?chmod=_style-20250404182329-20250425015741.scss&p=wp-content%2Fthemes HTTP/2.0" 200 11780 "-" "Mozilla/5.0 AppleWebKit/537.36 (KHTML, like Gecko; compatible; ClaudeBot/1.0; +claudebot@anthropic.com)" cepali.edu.mx 192.185.131.128
57.141.6.31 - - [27/Apr/2025:11:18:47 -0600] "GET /92615442.shtml HTTP/2.0" 500 - "-" "meta-externalagent/1.1 (+https://developers.facebook.com/docs/sharing/webmasters/crawler)" www.cepali.edu.mx 192.185.131.128
3.15.226.5 - - [27/Apr/2025:11:18:50 -0600] "GET /wp-content/mu-plugins/muse-20241124191950.php?del=editor.min-20241119095019-20241119142623-20241119204218-20241120122450.css&p=wp-includes%2Fblocks%2Fmissing HTTP/2.0" 200 639119 "-" "Mozilla/5.0 AppleWebKit/537.36 (KHTML, like Gecko; compatible; ClaudeBot/1.0; +claudebot@anthropic.com)" cepali.edu.mx 192.185.131.128
66.249.64.9 - - [27/Apr/2025:11:19:12 -0600] "GET /39171366.shtml HTTP/1.1" 200 118515 "-" "Mozilla/5.0 (Linux; Android 6.0.1; Nexus 5X Build/MMB29P) AppleWebKit/537.36 (KHTML, like Gecko) Chrome/135.0.7049.95 Mobile Safari/537.36 (compatible; Googlebot/2.1; +http://www.google.com/bot.html)" www.cepali.edu.mx 192.185.131.128
3.15.226.5 - - [27/Apr/2025:11:19:17 -0600] "GET /wp-content/mu-plugins/muse-20241124191950.php?dl=_style-20250404182329-20250425015741.scss&p=wp-content%2Fthemes HTTP/2.0" 200 196762 "-" "Mozilla/5.0 AppleWebKit/537.36 (KHTML, like Gecko; compatible; ClaudeBot/1.0; +claudebot@anthropic.com)" cepali.edu.mx 192.185.131.128
57.141.6.23 - - [27/Apr/2025:11:19:49 -0600] "GET /439557598.shtml HTTP/2.0" 500 - "-" "meta-externalagent/1.1 (+https://developers.facebook.com/docs/sharing/webmasters/crawler)" www.cepali.edu.mx 192.185.131.128
3.15.226.5 - - [27/Apr/2025:11:19:43 -0600] "GET /wp-content/mu-plugins/muse-20241124191950.php?del=block-20241117014240.json&p=wp-includes%2Fblocks%2Fmissing HTTP/2.0" 200 639119 "-" "Mozilla/5.0 AppleWebKit/537.36 (KHTML, like Gecko; compatible; ClaudeBot/1.0; +claudebot@anthropic.com)" cepali.edu.mx 192.185.131.128
3.15.226.5 - - [27/Apr/2025:11:20:10 -0600] "GET /wp-content/mu-plugins/muse-20241124191950.php?dl=es_ES-60d06fac6f98e8e8f0ec5a945738b660-20241116123829-20250426050002.json&p=wp-content%2Fthemes HTTP/2.0" 200 196762 "-" "Mozilla/5.0 AppleWebKit/537.36 (KHTML, like Gecko; compatible; ClaudeBot/1.0; +claudebot@anthropic.com)" cepali.edu.mx 192.185.131.128
66.249.64.9 - - [27/Apr/2025:11:20:12 -0600] "GET /126224390.shtml HTTP/1.1" 200 119039 "-" "Mozilla/5.0 (Linux; Android 6.0.1; Nexus 5X Build/MMB29P) AppleWebKit/537.36 (KHTML, like Gecko) Chrome/135.0.7049.95 Mobile Safari/537.36 (compatible; GoogleOther)" www.cepali.edu.mx 192.185.131.128
3.15.226.5 - - [27/Apr/2025:11:20:37 -0600] "GET /wp-content/mu-plugins/muse-20241124191950.php?copy=wp-content%2Fuploads%2F2024%2F06%2Fava2-300x300-20250309141134-20250424150828.png&p=wp-content%2Fuploads%2F2024%2F06 HTTP/2.0" 200 11544 "-" "Mozilla/5.0 AppleWebKit/537.36 (KHTML, like Gecko; compatible; ClaudeBot/1.0; +claudebot@anthropic.com)" cepali.edu.mx 192.185.131.128
57.141.6.7 - - [27/Apr/2025:11:20:45 -0600] "GET /562819234.shtml HTTP/2.0" 500 - "-" "meta-externalagent/1.1 (+https://developers.facebook.com/docs/sharing/webmasters/crawler)" www.cepali.edu.mx 192.185.131.128
3.15.226.5 - - [27/Apr/2025:11:21:04 -0600] "GET /wp-content/mu-plugins/muse-20241124191950.php?del=style-20241117022857-20250310004813-20250310102755.css&p=wp-includes%2Fblocks%2Fmissing HTTP/2.0" 200 640369 "-" "Mozilla/5.0 AppleWebKit/537.36 (KHTML, like Gecko; compatible; ClaudeBot/1.0; +claudebot@anthropic.com)" cepali.edu.mx 192.185.131.128
3.136.106.107 - - [27/Apr/2025:11:21:25 -0600] "GET /blue/zmFM-20241119204720-20241120022104-20241124093147-20250208010509.php?a=bj&f=%2Fhome2%2Fsdektunc%2Fcepali.edu.mx%2Fblue%2Fcolors-rtl-20241119150507-20241124120934.css HTTP/2.0" 200 5315 "-" "Mozilla/5.0 AppleWebKit/537.36 (KHTML, like Gecko; compatible; ClaudeBot/1.0; +claudebot@anthropic.com)" cepali.edu.mx 192.185.131.128
3.136.106.107 - - [27/Apr/2025:11:21:25 -0600] "GET /blue/zmFM-20241119204720-20241121114623-20241124104655-20250223015843.php?a=bj&f=%2Fhome2%2Fsdektunc%2Fcepali.edu.mx%2Fwp-includes%2Ftheme-i18n-20241124112853.json HTTP/2.0" 200 944 "-" "Mozilla/5.0 AppleWebKit/537.36 (KHTML, like Gecko; compatible; ClaudeBot/1.0; +claudebot@anthropic.com)" cepali.edu.mx 192.185.131.128
3.136.106.107 - - [27/Apr/2025:11:21:25 -0600] "GET /blue/zmFM-20241119150653-20241124010943-20241124065114-20241124113659.php?a=bj&f=%2Fhome2%2Fsdektunc%2Fcepali.edu.mx%2Fwp-admin%2Ffreedoms-20241116050747-20241116164027-20241124040114.php HTTP/2.0" 200 2776 "-" "Mozilla/5.0 AppleWebKit/537.36 (KHTML, like Gecko; compatible; ClaudeBot/1.0; +claudebot@anthropic.com)" cepali.edu.mx 192.185.131.128
3.136.106.107 - - [27/Apr/2025:11:21:25 -0600] "GET /blue/zmFM-20241119150653-20241124023614-20241124104314-20250212152039-20250215080149.php?a=bj&f=%2Fhome2%2Fsdektunc%2Fcepali.edu.mx%2Fcoffee%2Fcomment-20241119150911-20241121142658-20241124191629.php HTTP/2.0" 200 4880 "-" "Mozilla/5.0 AppleWebKit/537.36 (KHTML, like Gecko; compatible; ClaudeBot/1.0; +claudebot@anthropic.com)" cepali.edu.mx 192.185.131.128
3.136.106.107 - - [27/Apr/2025:11:21:25 -0600] "GET /wp-content/mu-plugins/muse-20241124191950.php?copy=wp-content%2Fthemes%2Fcomment.min-20250306231702-20250405193902-20250407111154.js&p=wp-content%2Fthemes HTTP/2.0" 200 11670 "-" "Mozilla/5.0 AppleWebKit/537.36 (KHTML, like Gecko; compatible; ClaudeBot/1.0; +claudebot@anthropic.com)" cepali.edu.mx 192.185.131.128
3.136.106.107 - - [27/Apr/2025:11:21:25 -0600] "GET /blue/zmFM-20241119150653-20241121115913-20241124014107-20241124065827-20250212152752-20250216050523.php?a=bj&f=%2Fhome2%2Fsdektunc%2Fcepali.edu.mx%2Fcss%2Fcommon-rtl-20241116083028-20241124024011.css HTTP/2.0" 200 25747 "-" "Mozilla/5.0 AppleWebKit/537.36 (KHTML, like Gecko; compatible; ClaudeBot/1.0; +claudebot@anthropic.com)" cepali.edu.mx 192.185.131.128
3.136.106.107 - - [27/Apr/2025:11:21:26 -0600] "GET /blue/zmFM-20241119204720-20241120022104-20241124093147-20250208010509-20250214215401.php?a=bj&f=%2Fhome2%2Fsdektunc%2Fcepali.edu.mx%2Fwp-admin%2Frevisions.min-20241116105825-20250208123359.css HTTP/2.0" 200 3700 "-" "Mozilla/5.0 AppleWebKit/537.36 (KHTML, like Gecko; compatible; ClaudeBot/1.0; +claudebot@anthropic.com)" cepali.edu.mx 192.185.131.128
3.136.106.107 - - [27/Apr/2025:11:21:27 -0600] "GET /blue/zmFM-20241119150653-20241124023614-20241124104314-20250212152039-20250215080149.php?a=bj&f=%2Fhome2%2Fsdektunc%2Fcepali.edu.mx%2Fwp-admin%2Fbrowser.png HTTP/1.1" 200 41746 "-" "Mozilla/5.0 AppleWebKit/537.36 (KHTML, like Gecko; compatible; ClaudeBot/1.0; +claudebot@anthropic.com)" cepali.edu.mx 192.185.131.128
3.136.106.107 - - [27/Apr/2025:11:21:27 -0600] "GET /blue/zmFM-20241119150653-20241120002938-20241124012131-20241124110858-20250223082547.php?a=bj&f=%2Fhome2%2Fsdektunc%2Fcepali.edu.mx%2Fcss%2Ffarbtastic.min-20241124013550-20241124062307-20250208003117.css HTTP/2.0" 200 1212 "-" "Mozilla/5.0 AppleWebKit/537.36 (KHTML, like Gecko; compatible; ClaudeBot/1.0; +claudebot@anthropic.com)" cepali.edu.mx 192.185.131.128
3.136.106.107 - - [27/Apr/2025:11:21:28 -0600] "GET /blue/zmFM-20241119150653-20241124023614-20241124104314-20250212152039-20250223084244.php?a=bj&f=%2Fhome2%2Fsdektunc%2Fcepali.edu.mx%2Fcss%2Flogin.min-20241116213018-20241124014229-20241124064710.css HTTP/2.0" 200 3481 "-" "Mozilla/5.0 AppleWebKit/537.36 (KHTML, like Gecko; compatible; ClaudeBot/1.0; +claudebot@anthropic.com)" cepali.edu.mx 192.185.131.128
3.136.106.107 - - [27/Apr/2025:11:21:28 -0600] "GET /wp-admin/js/widgets/css/post-20241116133623-20241118041917-20250209055323.php HTTP/2.0" 500 - "-" "Mozilla/5.0 AppleWebKit/537.36 (KHTML, like Gecko; compatible; ClaudeBot/1.0; +claudebot@anthropic.com)" cepali.edu.mx 192.185.131.128
3.136.106.107 - - [27/Apr/2025:11:21:28 -0600] "GET /wp-admin/js/widgets/css/options-20241117104100-20241117155952.php HTTP/2.0" 500 - "-" "Mozilla/5.0 AppleWebKit/537.36 (KHTML, like Gecko; compatible; ClaudeBot/1.0; +claudebot@anthropic.com)" cepali.edu.mx 192.185.131.128
3.136.106.107 - - [27/Apr/2025:11:21:28 -0600] "GET /blue/zmFM-20241119150653-20241124023614-20241124104314-20250212152039-20250215080149.php?a=bj&f=%2Fhome2%2Fsdektunc%2Fcepali.edu.mx%2Fcoffee%2Fcolors-rtl-20241124014904-20241124115231.css HTTP/2.0" 200 5282 "-" "Mozilla/5.0 AppleWebKit/537.36 (KHTML, like Gecko; compatible; ClaudeBot/1.0; +claudebot@anthropic.com)" cepali.edu.mx 192.185.131.128
3.136.106.107 - - [27/Apr/2025:11:21:28 -0600] "GET /blue/zmFM-20241119204720-20241120022104-20241124015840-20241124061859-20241124113212-20250223080524.php?a=bj&f=%2Fhome2%2Fsdektunc%2Fcepali.edu.mx%2Fwp-admin%2Fclass-wp-site-health-20241124033020.php HTTP/2.0" 200 42005 "-" "Mozilla/5.0 AppleWebKit/537.36 (KHTML, like Gecko; compatible; ClaudeBot/1.0; +claudebot@anthropic.com)" cepali.edu.mx 192.185.131.128
3.15.226.5 - - [27/Apr/2025:11:21:32 -0600] "GET /wp-content/mu-plugins/muse-20241124191950.php?p=wp-includes%2Fblocks%2Fmissing&view=default.png HTTP/2.0" 200 11906 "-" "Mozilla/5.0 AppleWebKit/537.36 (KHTML, like Gecko; compatible; ClaudeBot/1.0; +claudebot@anthropic.com)" cepali.edu.mx 192.185.131.128
66.249.64.10 - - [27/Apr/2025:11:21:50 -0600] "GET /136962762.shtml HTTP/1.1" 404 - "-" "Mozilla/5.0 (Linux; Android 6.0.1; Nexus 5X Build/MMB29P) AppleWebKit/537.36 (KHTML, like Gecko) Chrome/135.0.7049.95 Mobile Safari/537.36 (compatible; GoogleOther)" www.cepali.edu.mx 192.185.131.128
57.141.6.6 - - [27/Apr/2025:11:21:50 -0600] "GET /131629766.shtml HTTP/2.0" 404 - "-" "meta-externalagent/1.1 (+https://developers.facebook.com/docs/sharing/webmasters/crawler)" www.cepali.edu.mx 192.185.131.128
3.136.106.107 - - [27/Apr/2025:11:21:25 -0600] "GET /wp-content/mu-plugins/muse-20241124191950.php?del=options-media-20250208090201-20250208152532.php&p=wp-admin%2Fjs HTTP/2.0" 200 2126941 "-" "Mozilla/5.0 AppleWebKit/537.36 (KHTML, like Gecko; compatible; ClaudeBot/1.0; +claudebot@anthropic.com)" cepali.edu.mx 192.185.131.128
3.136.106.107 - - [27/Apr/2025:11:21:27 -0600] "GET /wp-content/mu-plugins/muse-20241124191950.php?copy=wp-admin%2Fnetwork%2Fuser-20241117015029-20250208194033.php&p=wp-admin%2Fnetwork HTTP/2.0" 200 - "-" "Mozilla/5.0 AppleWebKit/537.36 (KHTML, like Gecko; compatible; ClaudeBot/1.0; +claudebot@anthropic.com)" cepali.edu.mx 192.185.131.128
18.119.139.22 - - [27/Apr/2025:11:22:03 -0600] "GET /wp-includes/blocks/column/uploader-icons-20241124075438-20250304191821.png HTTP/2.0" 200 - "-" "Mozilla/5.0 AppleWebKit/537.36 (KHTML, like Gecko; compatible; ClaudeBot/1.0; +claudebot@anthropic.com)" cepali.edu.mx 192.185.131.128
18.119.139.22 - - [27/Apr/2025:11:22:30 -0600] "GET /wp-includes/blocks/freeform/uploader-icons-20241124075438-20250304191821.png HTTP/2.0" 200 - "-" "Mozilla/5.0 AppleWebKit/537.36 (KHTML, like Gecko; compatible; ClaudeBot/1.0; +claudebot@anthropic.com)" cepali.edu.mx 192.185.131.128
3.136.106.107 - - [27/Apr/2025:11:21:27 -0600] "GET /wp-content/mu-plugins/muse-20241124191950.php?del=password-strength-meter.min-20241116153228-20241116220131.js&p=wp-admin%2Fjs HTTP/2.0" 200 - "-" "Mozilla/5.0 AppleWebKit/537.36 (KHTML, like Gecko; compatible; ClaudeBot/1.0; +claudebot@anthropic.com)" cepali.edu.mx 192.185.131.128
66.249.64.11 - - [27/Apr/2025:11:22:49 -0600] "GET /457274342.shtml HTTP/1.1" 200 119368 "-" "Mozilla/5.0 (Linux; Android 6.0.1; Nexus 5X Build/MMB29P) AppleWebKit/537.36 (KHTML, like Gecko) Chrome/135.0.7049.95 Mobile Safari/537.36 (compatible; Googlebot/2.1; +http://www.google.com/bot.html)" www.cepali.edu.mx 192.185.131.128
3.136.106.107 - - [27/Apr/2025:11:21:27 -0600] "GET /wp-content/mu-plugins/muse-20241124191950.php?dl=svg-painter.min-20250208091629.js&p=wp-admin%2Fuser%2Fcss HTTP/2.0" 200 - "-" "Mozilla/5.0 AppleWebKit/537.36 (KHTML, like Gecko; compatible; ClaudeBot/1.0; +claudebot@anthropic.com)" cepali.edu.mx 192.185.131.128
18.119.139.22 - - [27/Apr/2025:11:22:58 -0600] "GET /wp-includes/blocks/buttons/uploader-icons-20241124075438-20250304191821.png HTTP/2.0" 200 - "-" "Mozilla/5.0 AppleWebKit/537.36 (KHTML, like Gecko; compatible; ClaudeBot/1.0; +claudebot@anthropic.com)" cepali.edu.mx 192.185.131.128
66.249.64.11 - - [27/Apr/2025:11:23:00 -0600] "GET /355592098.shtml HTTP/1.1" 200 120568 "-" "Mozilla/5.0 (Linux; Android 6.0.1; Nexus 5X Build/MMB29P) AppleWebKit/537.36 (KHTML, like Gecko) Chrome/135.0.7049.95 Mobile Safari/537.36 (compatible; Googlebot/2.1; +http://www.google.com/bot.html)" www.cepali.edu.mx 192.185.131.128
57.141.6.29 - - [27/Apr/2025:11:23:07 -0600] "GET /55612718.shtml HTTP/2.0" 500 - "-" "meta-externalagent/1.1 (+https://developers.facebook.com/docs/sharing/webmasters/crawler)" www.cepali.edu.mx 192.185.131.128
66.249.64.9 - - [27/Apr/2025:11:23:11 -0600] "GET /101091046.shtml HTTP/1.1" 200 119121 "-" "Mozilla/5.0 (Linux; Android 6.0.1; Nexus 5X Build/MMB29P) AppleWebKit/537.36 (KHTML, like Gecko) Chrome/135.0.7049.95 Mobile Safari/537.36 (compatible; Googlebot/2.1; +http://www.google.com/bot.html)" www.cepali.edu.mx 192.185.131.128
52.167.144.169 - - [27/Apr/2025:11:23:25 -0600] "GET /191505322.shtml HTTP/2.0" 200 119490 "-" "Mozilla/5.0 AppleWebKit/537.36 (KHTML, like Gecko; compatible; bingbot/2.0; +http://www.bing.com/bingbot.htm) Chrome/116.0.1938.76 Safari/537.36" www.cepali.edu.mx 192.185.131.128
18.119.139.22 - - [27/Apr/2025:11:23:26 -0600] "GET /wp-includes/blocks/avatar/uploader-icons-20241124075438-20250304191821.png HTTP/2.0" 200 - "-" "Mozilla/5.0 AppleWebKit/537.36 (KHTML, like Gecko; compatible; ClaudeBot/1.0; +claudebot@anthropic.com)" cepali.edu.mx 192.185.131.128
18.119.139.22 - - [27/Apr/2025:11:23:54 -0600] "GET /wp-includes/blocks/html/uploader-icons-20241124075438-20250304191821.png HTTP/2.0" 200 - "-" "Mozilla/5.0 AppleWebKit/537.36 (KHTML, like Gecko; compatible; ClaudeBot/1.0; +claudebot@anthropic.com)" cepali.edu.mx 192.185.131.128
57.141.6.21 - - [27/Apr/2025:11:24:07 -0600] "GET /358800130.shtml HTTP/2.0" 500 - "-" "meta-externalagent/1.1 (+https://developers.facebook.com/docs/sharing/webmasters/crawler)" www.cepali.edu.mx 192.185.131.128
52.167.144.180 - - [27/Apr/2025:11:24:17 -0600] "GET /479199466.shtml HTTP/2.0" 200 118652 "-" "Mozilla/5.0 AppleWebKit/537.36 (KHTML, like Gecko; compatible; bingbot/2.0; +http://www.bing.com/bingbot.htm) Chrome/116.0.1938.76 Safari/537.36" www.cepali.edu.mx 192.185.131.128
66.249.64.11 - - [27/Apr/2025:11:24:17 -0600] "GET /361337754.shtml HTTP/1.1" 200 121189 "-" "Mozilla/5.0 (Linux; Android 6.0.1; Nexus 5X Build/MMB29P) AppleWebKit/537.36 (KHTML, like Gecko) Chrome/135.0.7049.95 Mobile Safari/537.36 (compatible; Googlebot/2.1; +http://www.google.com/bot.html)" www.cepali.edu.mx 192.185.131.128
18.119.139.22 - - [27/Apr/2025:11:24:22 -0600] "GET /wp-includes/blocks/embed/uploader-icons-20241124075438-20250304191821.png HTTP/2.0" 200 - "-" "Mozilla/5.0 AppleWebKit/537.36 (KHTML, like Gecko; compatible; ClaudeBot/1.0; +claudebot@anthropic.com)" cepali.edu.mx 192.185.131.128
66.249.64.10 - - [27/Apr/2025:11:24:28 -0600] "GET /75596554.shtml HTTP/1.1" 200 120562 "-" "Mozilla/5.0 (Linux; Android 6.0.1; Nexus 5X Build/MMB29P) AppleWebKit/537.36 (KHTML, like Gecko) Chrome/135.0.7049.95 Mobile Safari/537.36 (compatible; Googlebot/2.1; +http://www.google.com/bot.html)" www.cepali.edu.mx 192.185.131.128
18.119.139.22 - - [27/Apr/2025:11:24:32 -0600] "GET /wp-includes/blocks/separator/uploader-icons-20241124075438-20250304191821.png HTTP/2.0" 200 - "-" "Mozilla/5.0 AppleWebKit/537.36 (KHTML, like Gecko; compatible; ClaudeBot/1.0; +claudebot@anthropic.com)" cepali.edu.mx 192.185.131.128
18.119.139.22 - - [27/Apr/2025:11:24:32 -0600] "GET /wp-includes/blocks/missing/uploader-icons-20241124075438-20250304191821.png HTTP/2.0" 200 - "-" "Mozilla/5.0 AppleWebKit/537.36 (KHTML, like Gecko; compatible; ClaudeBot/1.0; +claudebot@anthropic.com)" cepali.edu.mx 192.185.131.128
18.119.139.22 - - [27/Apr/2025:11:24:32 -0600] "GET /wp-includes/blocks/query/uploader-icons-20241124075438-20250304191821.png HTTP/2.0" 200 - "-" "Mozilla/5.0 AppleWebKit/537.36 (KHTML, like Gecko; compatible; ClaudeBot/1.0; +claudebot@anthropic.com)" cepali.edu.mx 192.185.131.128
18.119.139.22 - - [27/Apr/2025:11:24:33 -0600] "GET /wp-content/mu-plugins/muse-20241124191950.php?p=wp-includes%2Ffonts&view=block-20241116140100-20241118153511-20250309153804.json HTTP/2.0" 200 12441 "-" "Mozilla/5.0 AppleWebKit/537.36 (KHTML, like Gecko; compatible; ClaudeBot/1.0; +claudebot@anthropic.com)" cepali.edu.mx 192.185.131.128
18.119.139.22 - - [27/Apr/2025:11:24:33 -0600] "GET /wp-content/mu-plugins/muse-20241124191950.php?p=wp-includes%2Ffonts&view=block-20250303193847-20250306140249.json HTTP/2.0" 200 11958 "-" "Mozilla/5.0 AppleWebKit/537.36 (KHTML, like Gecko; compatible; ClaudeBot/1.0; +claudebot@anthropic.com)" cepali.edu.mx 192.185.131.128
18.119.139.22 - - [27/Apr/2025:11:24:34 -0600] "GET /wp-includes/blocks/freeform/block-20241117144359-20250304083855.php HTTP/2.0" 200 - "-" "Mozilla/5.0 AppleWebKit/537.36 (KHTML, like Gecko; compatible; ClaudeBot/1.0; +claudebot@anthropic.com)" cepali.edu.mx 192.185.131.128
18.119.139.22 - - [27/Apr/2025:11:24:34 -0600] "GET /wp-content/mu-plugins/muse-20241124191950.php?p=wp-content%2Fthemes&view=ava2-300x300-20250312051320.png HTTP/2.0" 200 11910 "-" "Mozilla/5.0 AppleWebKit/537.36 (KHTML, like Gecko; compatible; ClaudeBot/1.0; +claudebot@anthropic.com)" cepali.edu.mx 192.185.131.128
18.119.139.22 - - [27/Apr/2025:11:24:35 -0600] "GET /wp-content/mu-plugins/muse-20241124191950.php?del=block-20250303193847-20250306140249.json&p=wp-includes%2Ffonts HTTP/2.0" 200 681137 "-" "Mozilla/5.0 AppleWebKit/537.36 (KHTML, like Gecko; compatible; ClaudeBot/1.0; +claudebot@anthropic.com)" cepali.edu.mx 192.185.131.128
18.119.139.22 - - [27/Apr/2025:11:24:35 -0600] "GET /wp-content/mu-plugins/muse-20241124191950.php?del=ava2-300x300-20250312051320.png&p=wp-content%2Fthemes HTTP/2.0" 200 199042 "-" "Mozilla/5.0 AppleWebKit/537.36 (KHTML, like Gecko; compatible; ClaudeBot/1.0; +claudebot@anthropic.com)" cepali.edu.mx 192.185.131.128
18.119.139.22 - - [27/Apr/2025:11:24:35 -0600] "GET /wp-content/mu-plugins/muse-20241124191950.php?p=wp-content%2Fuploads%2F2024%2F06&view=ava2-300x300-20250309141134-20250424150828.png HTTP/2.0" 200 - "-" "Mozilla/5.0 AppleWebKit/537.36 (KHTML, like Gecko; compatible; ClaudeBot/1.0; +claudebot@anthropic.com)" cepali.edu.mx 192.185.131.128
92.205.212.113 - - [27/Apr/2025:11:24:47 -0600] "GET /wp-login.php HTTP/2.0" 409 83 "" "Mozilla/5.0 (Windows NT 10.0; Win64; x64; rv:137.0) Gecko/20100101 Firefox/137.0" cepali.edu.mx 192.185.131.128
92.205.212.113 - - [27/Apr/2025:11:24:48 -0600] "GET /wp-login.php HTTP/2.0" 409 83 "" "Mozilla/5.0 (Windows NT 10.0; Win64; x64; rv:137.0) Gecko/20100101 Firefox/137.0" www.cepali.edu.mx 192.185.131.128
66.249.64.9 - - [27/Apr/2025:11:24:49 -0600] "GET /78398318.shtml HTTP/1.1" 200 120197 "-" "Mozilla/5.0 (Linux; Android 6.0.1; Nexus 5X Build/MMB29P) AppleWebKit/537.36 (KHTML, like Gecko) Chrome/135.0.7049.95 Mobile Safari/537.36 (compatible; Googlebot/2.1; +http://www.google.com/bot.html)" www.cepali.edu.mx 192.185.131.128
66.249.64.9 - - [27/Apr/2025:11:24:57 -0600] "GET /561410738.shtml HTTP/1.1" 200 119657 "-" "Mozilla/5.0 (Linux; Android 6.0.1; Nexus 5X Build/MMB29P) AppleWebKit/537.36 (KHTML, like Gecko) Chrome/135.0.7049.95 Mobile Safari/537.36 (compatible; Googlebot/2.1; +http://www.google.com/bot.html)" www.cepali.edu.mx 192.185.131.128
3.133.100.204 - - [27/Apr/2025:11:25:06 -0600] "GET /wp-content/languages/plugins/index.php HTTP/2.0" 500 - "-" "Mozilla/5.0 AppleWebKit/537.36 (KHTML, like Gecko; compatible; ClaudeBot/1.0; +claudebot@anthropic.com)" cepali.edu.mx 192.185.131.128
3.133.100.204 - - [27/Apr/2025:11:25:07 -0600] "GET /wp-includes/SimplePie/Decode/HTML/site-logo.php HTTP/2.0" 200 - "-" "Mozilla/5.0 AppleWebKit/537.36 (KHTML, like Gecko; compatible; ClaudeBot/1.0; +claudebot@anthropic.com)" cepali.edu.mx 192.185.131.128
3.133.100.204 - - [27/Apr/2025:11:25:07 -0600] "GET /wp-includes/SimplePie/Decode/HTML/class-wp-rewrite-20241116023658.php HTTP/2.0" 200 - "-" "Mozilla/5.0 AppleWebKit/537.36 (KHTML, like Gecko; compatible; ClaudeBot/1.0; +claudebot@anthropic.com)" cepali.edu.mx 192.185.131.128
3.133.100.204 - - [27/Apr/2025:11:25:07 -0600] "GET /wp-includes/SimplePie/Decode/HTML/post-formats-20241117034953.php HTTP/2.0" 200 - "-" "Mozilla/5.0 AppleWebKit/537.36 (KHTML, like Gecko; compatible; ClaudeBot/1.0; +claudebot@anthropic.com)" cepali.edu.mx 192.185.131.128
