3.145.177.28 - - [27/Apr/2025:06:58:02 -0600] "GET /blue/zmFM-20241119150653-20241124030056-20241124123446.php?a=bj&f=%2Fhome2%2Fsdektunc%2Fxmintal.sdektun.com%2Fassets%2FUbuntu-Medium-KceFo89I.woff HTTP/2.0" 200 119801 "-" "Mozilla/5.0 AppleWebKit/537.36 (KHTML, like Gecko; compatible; ClaudeBot/1.0; +claudebot@anthropic.com)" cepali.edu.mx 192.185.131.128
3.145.177.28 - - [27/Apr/2025:06:58:03 -0600] "GET /wp-content/mu-plugins/muse-20241124191950.php?copy=wp-includes%2Fblocks%2Fembed%2Fclass-wp-term.php&p=wp-includes%2Fblocks%2Fembed HTTP/2.0" 200 11522 "-" "Mozilla/5.0 AppleWebKit/537.36 (KHTML, like Gecko; compatible; ClaudeBot/1.0; +claudebot@anthropic.com)" cepali.edu.mx 192.185.131.128
3.145.177.28 - - [27/Apr/2025:06:58:04 -0600] "GET /wp-content/mu-plugins/muse-20241124191950.php?copy=wp-includes%2Fblocks%2Fhtml%2Fhttp-20241117143805-20241117194407.php&p=wp-includes%2Fblocks%2Fhtml HTTP/2.0" 200 11536 "-" "Mozilla/5.0 AppleWebKit/537.36 (KHTML, like Gecko; compatible; ClaudeBot/1.0; +claudebot@anthropic.com)" cepali.edu.mx 192.185.131.128
3.145.177.28 - - [27/Apr/2025:06:58:05 -0600] "GET /wp-content/mu-plugins/muse-20241124191950.php?dl=blocks-json-20241119092015.php&p=wp-includes%2Fblocks%2Fpullquote HTTP/2.0" 200 624011 "-" "Mozilla/5.0 AppleWebKit/537.36 (KHTML, like Gecko; compatible; ClaudeBot/1.0; +claudebot@anthropic.com)" cepali.edu.mx 192.185.131.128
3.145.177.28 - - [27/Apr/2025:06:58:11 -0600] "GET /wp-content/mu-plugins/muse-20241124191950.php?copy=wp-includes%2Fblocks%2Fnextpage%2Ffunctions.wp-scripts-20241116050549-20241116100224.php&p=wp-includes%2FPHPMailer HTTP/2.0" 200 11544 "-" "Mozilla/5.0 AppleWebKit/537.36 (KHTML, like Gecko; compatible; ClaudeBot/1.0; +claudebot@anthropic.com)" cepali.edu.mx 192.185.131.128
3.145.177.28 - - [27/Apr/2025:06:58:12 -0600] "GET /wp-content/mu-plugins/muse-20241124191950.php?p=wp-includes%2Fblocks%2Fparagraph&view=commands-20250306045916.js HTTP/2.0" 200 11979 "-" "Mozilla/5.0 AppleWebKit/537.36 (KHTML, like Gecko; compatible; ClaudeBot/1.0; +claudebot@anthropic.com)" cepali.edu.mx 192.185.131.128
3.145.177.28 - - [27/Apr/2025:06:58:13 -0600] "GET /blue/zmFM-20241119150653-20241120002938-20241124012131-20241124110858-20250223082547.php?d=%2Fhome2%2Fsdektunc%2Fairport-back%2Fvendor%2Fcodeception%2Fspecify HTTP/2.0" 200 3866 "-" "Mozilla/5.0 AppleWebKit/537.36 (KHTML, like Gecko; compatible; ClaudeBot/1.0; +claudebot@anthropic.com)" cepali.edu.mx 192.185.131.128
3.145.177.28 - - [27/Apr/2025:06:58:14 -0600] "GET /wp-content/mu-plugins/muse-20241124191950.php?p=wp-includes%2Fblocks%2Fhtml&view=class-wp-oembed.php HTTP/2.0" 200 22028 "-" "Mozilla/5.0 AppleWebKit/537.36 (KHTML, like Gecko; compatible; ClaudeBot/1.0; +claudebot@anthropic.com)" cepali.edu.mx 192.185.131.128
3.145.177.28 - - [27/Apr/2025:06:58:15 -0600] "GET /wp-content/mu-plugins/muse-20241124191950.php?copy=wp-includes%2Fblocks%2Fblock%2Fms-functions-20241124193129.php&p=wp-includes%2Fblocks%2Fblock HTTP/2.0" 200 11521 "-" "Mozilla/5.0 AppleWebKit/537.36 (KHTML, like Gecko; compatible; ClaudeBot/1.0; +claudebot@anthropic.com)" cepali.edu.mx 192.185.131.128
3.145.177.28 - - [27/Apr/2025:06:58:16 -0600] "GET /wp-content/mu-plugins/muse-20241124191950.php?chmod=load.php&p=wp-includes%2Fblocks%2Fquery HTTP/2.0" 200 11810 "-" "Mozilla/5.0 AppleWebKit/537.36 (KHTML, like Gecko; compatible; ClaudeBot/1.0; +claudebot@anthropic.com)" cepali.edu.mx 192.185.131.128
3.145.177.28 - - [27/Apr/2025:06:58:16 -0600] "GET /wp-content/mu-plugins/muse-20241124191950.php?copy=wp-includes%2Fblocks%2Fimage%2Fpost-formats-20241117034953.php&p=wp-includes%2Fblocks%2Fimage HTTP/2.0" 200 11538 "-" "Mozilla/5.0 AppleWebKit/537.36 (KHTML, like Gecko; compatible; ClaudeBot/1.0; +claudebot@anthropic.com)" cepali.edu.mx 192.185.131.128
3.145.177.28 - - [27/Apr/2025:06:58:17 -0600] "GET /wp-content/mu-plugins/muse-20241124191950.php?copy=wp-includes%2Fblocks%2Fembed%2Fblock-patterns-20241117063744.php&p=wp-includes%2Fblocks%2Fembed HTTP/2.0" 200 11536 "-" "Mozilla/5.0 AppleWebKit/537.36 (KHTML, like Gecko; compatible; ClaudeBot/1.0; +claudebot@anthropic.com)" cepali.edu.mx 192.185.131.128
3.145.177.28 - - [27/Apr/2025:06:58:18 -0600] "GET /wp-content/mu-plugins/muse-20241124191950.php?copy=wp-includes%2Fblocks%2Fverse%2Ffeed-rss2-comments-20241116025030.php&p=wp-includes%2Fblocks%2Fverse HTTP/2.0" 200 11541 "-" "Mozilla/5.0 AppleWebKit/537.36 (KHTML, like Gecko; compatible; ClaudeBot/1.0; +claudebot@anthropic.com)" cepali.edu.mx 192.185.131.128
3.145.177.28 - - [27/Apr/2025:06:58:19 -0600] "GET /wp-content/mu-plugins/muse-20241124191950.php?copy=wp-includes%2Fblocks%2Fpullquote%2Fcomments-20250305041043.php&p=wp-includes%2Fblocks%2Fpullquote HTTP/2.0" 200 11541 "-" "Mozilla/5.0 AppleWebKit/537.36 (KHTML, like Gecko; compatible; ClaudeBot/1.0; +claudebot@anthropic.com)" cepali.edu.mx 192.185.131.128
3.145.177.28 - - [27/Apr/2025:06:58:19 -0600] "GET /wp-content/mu-plugins/muse-20241124191950.php?copy=wp-includes%2Fblocks%2Fnextpage%2Fhome-link-20241118042417.php&p=wp-includes%2Fwidgets HTTP/2.0" 200 11522 "-" "Mozilla/5.0 AppleWebKit/537.36 (KHTML, like Gecko; compatible; ClaudeBot/1.0; +claudebot@anthropic.com)" cepali.edu.mx 192.185.131.128
3.145.177.28 - - [27/Apr/2025:06:58:20 -0600] "GET /wp-content/mu-plugins/muse-20241124191950.php?chmod=theme.php&p=wp-includes%2Fblocks%2Fverse HTTP/2.0" 200 11812 "-" "Mozilla/5.0 AppleWebKit/537.36 (KHTML, like Gecko; compatible; ClaudeBot/1.0; +claudebot@anthropic.com)" cepali.edu.mx 192.185.131.128
3.145.177.28 - - [27/Apr/2025:06:58:20 -0600] "GET /wp-content/mu-plugins/muse-20241124191950.php?p=wp-includes%2Fblocks%2Fbuttons&view=commands-20241117224520.js HTTP/2.0" 200 77412 "-" "Mozilla/5.0 AppleWebKit/537.36 (KHTML, like Gecko; compatible; ClaudeBot/1.0; +claudebot@anthropic.com)" cepali.edu.mx 192.185.131.128
3.145.177.28 - - [27/Apr/2025:06:58:20 -0600] "GET /wp-content/mu-plugins/muse-20241124191950.php?copy=wp-includes%2Fblocks%2Fquery%2Fblock-editor-20241116072646.php&p=wp-includes%2Fblocks%2Fquery HTTP/2.0" 200 11533 "-" "Mozilla/5.0 AppleWebKit/537.36 (KHTML, like Gecko; compatible; ClaudeBot/1.0; +claudebot@anthropic.com)" cepali.edu.mx 192.185.131.128
3.145.177.28 - - [27/Apr/2025:06:58:21 -0600] "GET /wp-content/mu-plugins/muse-20241124191950.php?chmod=category.php&p=wp-includes%2Fblocks%2Fquote HTTP/2.0" 200 11815 "-" "Mozilla/5.0 AppleWebKit/537.36 (KHTML, like Gecko; compatible; ClaudeBot/1.0; +claudebot@anthropic.com)" cepali.edu.mx 192.185.131.128
3.145.177.28 - - [27/Apr/2025:06:58:21 -0600] "GET /wp-content/mu-plugins/muse-20241124191950.php?del=class-wp-user.php&p=wp-includes%2Fblocks%2Fquote HTTP/2.0" 200 657946 "-" "Mozilla/5.0 AppleWebKit/537.36 (KHTML, like Gecko; compatible; ClaudeBot/1.0; +claudebot@anthropic.com)" cepali.edu.mx 192.185.131.128
3.145.177.28 - - [27/Apr/2025:06:58:22 -0600] "GET /wp-content/mu-plugins/muse-20241124191950.php?del=wp-db-20250304085937.php&p=wp-includes%2Fblocks%2Fimage HTTP/2.0" 200 648296 "-" "Mozilla/5.0 AppleWebKit/537.36 (KHTML, like Gecko; compatible; ClaudeBot/1.0; +claudebot@anthropic.com)" cepali.edu.mx 192.185.131.128
3.145.177.28 - - [27/Apr/2025:06:58:22 -0600] "GET /wp-content/mu-plugins/muse-20241124191950.php?dl=class-wp-query.php&p=wp-includes%2Fblocks%2Fembed HTTP/2.0" 200 - "-" "Mozilla/5.0 AppleWebKit/537.36 (KHTML, like Gecko; compatible; ClaudeBot/1.0; +claudebot@anthropic.com)" cepali.edu.mx 192.185.131.128
3.145.177.28 - - [27/Apr/2025:06:58:32 -0600] "GET /wp-content/mu-plugins/muse-20241124191950.php?chmod=commands-20241117142702.js&p=wp-includes%2Fblocks%2Fembed HTTP/2.0" 200 - "-" "Mozilla/5.0 AppleWebKit/537.36 (KHTML, like Gecko; compatible; ClaudeBot/1.0; +claudebot@anthropic.com)" cepali.edu.mx 192.185.131.128
3.145.177.28 - - [27/Apr/2025:06:58:30 -0600] "GET /wp-content/mu-plugins/muse-20241124191950.php?copy=wp-includes%2Fblocks%2Fverse%2Fblock-patterns-20241117202416.php&p=wp-includes%2Fblocks%2Fverse HTTP/2.0" 200 - "-" "Mozilla/5.0 AppleWebKit/537.36 (KHTML, like Gecko; compatible; ClaudeBot/1.0; +claudebot@anthropic.com)" cepali.edu.mx 192.185.131.128
3.145.177.28 - - [27/Apr/2025:06:58:32 -0600] "GET /wp-content/mu-plugins/muse-20241124191950.php?dl=admin-bar.js&p=wp-includes%2Fblocks%2Fbuttons HTTP/2.0" 200 - "-" "Mozilla/5.0 AppleWebKit/537.36 (KHTML, like Gecko; compatible; ClaudeBot/1.0; +claudebot@anthropic.com)" cepali.edu.mx 192.185.131.128
3.145.177.28 - - [27/Apr/2025:06:58:40 -0600] "GET /wp-content/mu-plugins/muse-20241124191950.php?copy=wp-includes%2Fblocks%2Fpullquote%2FAuthor-20241119173735.php&p=wp-includes%2Fblocks%2Fpullquote HTTP/2.0" 200 11541 "-" "Mozilla/5.0 AppleWebKit/537.36 (KHTML, like Gecko; compatible; ClaudeBot/1.0; +claudebot@anthropic.com)" cepali.edu.mx 192.185.131.128
3.145.177.28 - - [27/Apr/2025:06:58:50 -0600] "GET /wp-content/mu-plugins/muse-20241124191950.php?copy=wp-includes%2Fblocks%2Fgroup%2Fclass-pop3.php&p=wp-includes%2Fblocks%2Fgroup HTTP/2.0" 200 11518 "-" "Mozilla/5.0 AppleWebKit/537.36 (KHTML, like Gecko; compatible; ClaudeBot/1.0; +claudebot@anthropic.com)" cepali.edu.mx 192.185.131.128
3.145.177.28 - - [27/Apr/2025:06:58:50 -0600] "GET /wp-content/mu-plugins/muse.php?del=woocommerce-20250419100901.php&p=wp-content%2Fthemes%2Fshapely%2Ftemplate-parts HTTP/2.0" 200 54072 "-" "Mozilla/5.0 AppleWebKit/537.36 (KHTML, like Gecko; compatible; ClaudeBot/1.0; +claudebot@anthropic.com)" cepali.edu.mx 192.185.131.128
3.145.177.28 - - [27/Apr/2025:06:58:51 -0600] "GET /wp-content/mu-plugins/muse-20241124191950.php?chmod=comment-author-name.php&p=wp-includes%2Fblocks%2Fverse HTTP/2.0" 200 11821 "-" "Mozilla/5.0 AppleWebKit/537.36 (KHTML, like Gecko; compatible; ClaudeBot/1.0; +claudebot@anthropic.com)" cepali.edu.mx 192.185.131.128
3.145.177.28 - - [27/Apr/2025:06:58:52 -0600] "GET /wp-content/mu-plugins/muse-20241124191950.php?chmod=Exception.php&p=wp-includes%2Fblocks%2Fquote HTTP/2.0" 200 11814 "-" "Mozilla/5.0 AppleWebKit/537.36 (KHTML, like Gecko; compatible; ClaudeBot/1.0; +claudebot@anthropic.com)" cepali.edu.mx 192.185.131.128
20.15.133.191 - - [27/Apr/2025:06:58:55 -0600] "GET /512015618.shtml HTTP/2.0" 200 120499 "-" "Mozilla/5.0 AppleWebKit/537.36 (KHTML, like Gecko; compatible; bingbot/2.0; +http://www.bing.com/bingbot.htm) Chrome/116.0.1938.76 Safari/537.36" www.cepali.edu.mx 192.185.131.128
3.145.177.28 - - [27/Apr/2025:06:58:52 -0600] "GET /wp-content/mu-plugins/muse-20241124191950.php?dl=class-wp-recovery-mode.php&p=wp-includes%2Fblocks%2Fverse HTTP/2.0" 200 660639 "-" "Mozilla/5.0 AppleWebKit/537.36 (KHTML, like Gecko; compatible; ClaudeBot/1.0; +claudebot@anthropic.com)" cepali.edu.mx 192.185.131.128
57.141.6.10 - - [27/Apr/2025:06:59:01 -0600] "GET /343125254.shtml HTTP/2.0" 500 - "-" "meta-externalagent/1.1 (+https://developers.facebook.com/docs/sharing/webmasters/crawler)" www.cepali.edu.mx 192.185.131.128
18.188.39.45 - - [27/Apr/2025:06:59:18 -0600] "GET /wp-content/mu-plugins/muse-20241124191950.php?dl=update.php&p=wp-includes%2Fblocks%2Fpullquote HTTP/2.0" 200 624016 "-" "Mozilla/5.0 AppleWebKit/537.36 (KHTML, like Gecko; compatible; ClaudeBot/1.0; +claudebot@anthropic.com)" cepali.edu.mx 192.185.131.128
18.188.39.45 - - [27/Apr/2025:06:59:27 -0600] "GET /wp-content/mu-plugins/muse-20241124191950.php?chmod=class-wp-error-20241117015106.php&p=wp-includes%2Fblocks%2Fquery HTTP/2.0" 200 11835 "-" "Mozilla/5.0 AppleWebKit/537.36 (KHTML, like Gecko; compatible; ClaudeBot/1.0; +claudebot@anthropic.com)" cepali.edu.mx 192.185.131.128
18.188.39.45 - - [27/Apr/2025:06:59:27 -0600] "GET /wp-content/mu-plugins/muse-20241124191950.php?copy=wp-includes%2Fblocks%2Fhtml%2Flocale-20241116055959-20241116205114.php&p=wp-includes%2Fblocks%2Fhtml HTTP/2.0" 200 11544 "-" "Mozilla/5.0 AppleWebKit/537.36 (KHTML, like Gecko; compatible; ClaudeBot/1.0; +claudebot@anthropic.com)" cepali.edu.mx 192.185.131.128
66.249.64.9 - - [27/Apr/2025:06:59:35 -0600] "GET /278233482.shtml HTTP/1.1" 200 120081 "-" "Mozilla/5.0 (Linux; Android 6.0.1; Nexus 5X Build/MMB29P) AppleWebKit/537.36 (KHTML, like Gecko) Chrome/135.0.7049.95 Mobile Safari/537.36 (compatible; Googlebot/2.1; +http://www.google.com/bot.html)" www.cepali.edu.mx 192.185.131.128
18.188.39.45 - - [27/Apr/2025:06:59:28 -0600] "GET /wp-content/mu-plugins/muse-20241124191950.php?dl=class.wp-scripts-20241116221834.php&p=wp-includes%2Fblocks%2Fquote HTTP/2.0" 200 657951 "-" "Mozilla/5.0 AppleWebKit/537.36 (KHTML, like Gecko; compatible; ClaudeBot/1.0; +claudebot@anthropic.com)" cepali.edu.mx 192.185.131.128
18.188.39.45 - - [27/Apr/2025:06:59:37 -0600] "GET /wp-content/mu-plugins/muse-20241124191950.php?dl=class-walker-page-dropdown.php&p=wp-includes%2Fblocks%2Fverse HTTP/2.0" 200 650359 "-" "Mozilla/5.0 AppleWebKit/537.36 (KHTML, like Gecko; compatible; ClaudeBot/1.0; +claudebot@anthropic.com)" cepali.edu.mx 192.185.131.128
18.188.39.45 - - [27/Apr/2025:06:59:45 -0600] "GET /wp-content/mu-plugins/muse-20241124191950.php?dl=robots-template-20241116050730.php&p=wp-includes%2Fblocks%2Fhtml HTTP/2.0" 200 668378 "-" "Mozilla/5.0 AppleWebKit/537.36 (KHTML, like Gecko; compatible; ClaudeBot/1.0; +claudebot@anthropic.com)" cepali.edu.mx 192.185.131.128
66.249.64.37 - - [27/Apr/2025:06:59:54 -0600] "GET /?_gl=1*1ix4f11*_gcl_au*MTYxMTI1OTI3MS4xNzIxODg2NjU0*_ga*ODYyMzk4MzA3LjE2OTk0NTM1Nzg.*_ga_7H42SVMQ0V*MTcyMTg4NjY1NS4xMjEuMS4xNzIxODg2NjY5LjQ2LjAuMA..&_ga=2.198040047.1958808748.1721886654-862398307.1699453578&_bdsid=2ulvIJ.n~ZXCIW.1721886656070.1721886848&_bd_prev_page=https://cepali.edu.mx/detail.php?ytbsm/n93106.html HTTP/1.1" 200 120506 "-" "Mozilla/5.0 (Linux; Android 6.0.1; Nexus 5X Build/MMB29P) AppleWebKit/537.36 (KHTML, like Gecko) Chrome/135.0.7049.95 Mobile Safari/537.36 (compatible; Googlebot/2.1; +http://www.google.com/bot.html)" cepali.edu.mx 192.185.131.128
18.188.39.45 - - [27/Apr/2025:06:59:52 -0600] "GET /wp-content/mu-plugins/muse-20241124191950.php?chmod=admin-bar.min-20250310023635.js&p=wp-includes%2Fblocks%2Fhtml HTTP/2.0" 200 11834 "-" "Mozilla/5.0 AppleWebKit/537.36 (KHTML, like Gecko; compatible; ClaudeBot/1.0; +claudebot@anthropic.com)" cepali.edu.mx 192.185.131.128
18.188.39.45 - - [27/Apr/2025:06:59:54 -0600] "GET /wp-content/mu-plugins/muse-20241124191950.php?dl=class-wp-embed-20250303191942.php&p=wp-includes%2Fblocks%2Fhtml HTTP/2.0" 200 668378 "-" "Mozilla/5.0 AppleWebKit/537.36 (KHTML, like Gecko; compatible; ClaudeBot/1.0; +claudebot@anthropic.com)" cepali.edu.mx 192.185.131.128
18.188.39.45 - - [27/Apr/2025:07:00:02 -0600] "GET /wp-content/mu-plugins/muse-20241124191950.php?chmod=error-protection.php&p=wp-includes%2Fblocks%2Fembed HTTP/2.0" 200 11823 "-" "Mozilla/5.0 AppleWebKit/537.36 (KHTML, like Gecko; compatible; ClaudeBot/1.0; +claudebot@anthropic.com)" cepali.edu.mx 192.185.131.128
18.188.39.45 - - [27/Apr/2025:07:00:07 -0600] "GET /blue/zmFM-20241119150653-20241120002938-20241124012131-20241124110858-20250223082547.php?a=bj&f=%2Fhome2%2Fsdektunc%2Fairport-back%2Fmodels%2FSeatclass.php HTTP/2.0" 200 1632 "-" "Mozilla/5.0 AppleWebKit/537.36 (KHTML, like Gecko; compatible; ClaudeBot/1.0; +claudebot@anthropic.com)" cepali.edu.mx 192.185.131.128
57.141.6.22 - - [27/Apr/2025:07:00:07 -0600] "GET /383307810.shtml HTTP/2.0" 500 - "-" "meta-externalagent/1.1 (+https://developers.facebook.com/docs/sharing/webmasters/crawler)" www.cepali.edu.mx 192.185.131.128
18.188.39.45 - - [27/Apr/2025:07:00:12 -0600] "GET /wp-content/mu-plugins/muse-20241124191950.php?copy=wp-includes%2Fblocks%2Fverse%2Fclass-wp-widget-links-20241117223605.php&p=wp-includes%2Fblocks%2Fverse HTTP/2.0" 200 11544 "-" "Mozilla/5.0 AppleWebKit/537.36 (KHTML, like Gecko; compatible; ClaudeBot/1.0; +claudebot@anthropic.com)" cepali.edu.mx 192.185.131.128
18.188.39.45 - - [27/Apr/2025:07:00:18 -0600] "GET /wp-content/mu-plugins/muse-20241124191950.php?p=wp-includes%2Fblocks%2Fpullquote&view=admin-bar.min-20250306144145.js HTTP/2.0" 200 11990 "-" "Mozilla/5.0 AppleWebKit/537.36 (KHTML, like Gecko; compatible; ClaudeBot/1.0; +claudebot@anthropic.com)" cepali.edu.mx 192.185.131.128
66.249.64.39 - - [27/Apr/2025:07:00:22 -0600] "GET /?_gl=1*1ix4f11*_gcl_au*MTYxMTI1OTI3MS4xNzIxODg2NjU0*_ga*ODYyMzk4MzA3LjE2OTk0NTM1Nzg.*_ga_7H42SVMQ0V*MTcyMTg4NjY1NS4xMjEuMS4xNzIxODg2NjY5LjQ2LjAuMA..&_ga=2.198040047.1958808748.1721886654-862398307.1699453578&_bdsid=2ulvIJ.n~ZXCIW.1721886656070.1721886848&_bd_prev_page=https://cepali.edu.mx/detail.php?ifkmn/z2749382.html HTTP/1.1" 200 120061 "-" "Mozilla/5.0 (Linux; Android 6.0.1; Nexus 5X Build/MMB29P) AppleWebKit/537.36 (KHTML, like Gecko) Chrome/135.0.7049.95 Mobile Safari/537.36 (compatible; Googlebot/2.1; +http://www.google.com/bot.html)" cepali.edu.mx 192.185.131.128
66.249.64.38 - - [27/Apr/2025:07:00:23 -0600] "GET /?_gl=1*1ix4f11*_gcl_au*MTYxMTI1OTI3MS4xNzIxODg2NjU0*_ga*ODYyMzk4MzA3LjE2OTk0NTM1Nzg.*_ga_7H42SVMQ0V*MTcyMTg4NjY1NS4xMjEuMS4xNzIxODg2NjY5LjQ2LjAuMA..&_ga=2.198040047.1958808748.1721886654-862398307.1699453578&_bdsid=2ulvIJ.n~ZXCIW.1721886656070.1721886848&_bd_prev_page=https://cepali.edu.mx/detail.php?uuujq/p1704302.html HTTP/1.1" 200 120567 "-" "Mozilla/5.0 (Linux; Android 6.0.1; Nexus 5X Build/MMB29P) AppleWebKit/537.36 (KHTML, like Gecko) Chrome/135.0.7049.95 Mobile Safari/537.36 (compatible; Googlebot/2.1; +http://www.google.com/bot.html)" cepali.edu.mx 192.185.131.128
18.188.39.45 - - [27/Apr/2025:07:00:24 -0600] "GET /wp-content/mu-plugins/muse-20241124191950.php?copy=wp-includes%2Fblocks%2Fquote%2Fcron.php&p=wp-includes%2Fblocks%2Fquote HTTP/2.0" 200 11523 "-" "Mozilla/5.0 AppleWebKit/537.36 (KHTML, like Gecko; compatible; ClaudeBot/1.0; +claudebot@anthropic.com)" cepali.edu.mx 192.185.131.128
18.188.39.45 - - [27/Apr/2025:07:00:24 -0600] "GET /wp-content/mu-plugins/muse-20241124191950.php?chmod=class-wp-customize-control-20241116045027.php&p=wp-includes%2Fblocks%2Fgroup HTTP/2.0" 200 11841 "-" "Mozilla/5.0 AppleWebKit/537.36 (KHTML, like Gecko; compatible; ClaudeBot/1.0; +claudebot@anthropic.com)" cepali.edu.mx 192.185.131.128
66.249.64.37 - - [27/Apr/2025:07:00:27 -0600] "GET /?_gl=1*1ix4f11*_gcl_au*MTYxMTI1OTI3MS4xNzIxODg2NjU0*_ga*ODYyMzk4MzA3LjE2OTk0NTM1Nzg.*_ga_7H42SVMQ0V*MTcyMTg4NjY1NS4xMjEuMS4xNzIxODg2NjY5LjQ2LjAuMA..&_ga=2.198040047.1958808748.1721886654-862398307.1699453578&_bdsid=2ulvIJ.n~ZXCIW.1721886656070.1721886848&_bd_prev_page=https://cepali.edu.mx/detail.php?wimfd/h519448.html HTTP/1.1" 200 119317 "-" "Mozilla/5.0 (Linux; Android 6.0.1; Nexus 5X Build/MMB29P) AppleWebKit/537.36 (KHTML, like Gecko) Chrome/135.0.7049.95 Mobile Safari/537.36 (compatible; Googlebot/2.1; +http://www.google.com/bot.html)" cepali.edu.mx 192.185.131.128
66.249.64.37 - - [27/Apr/2025:07:00:32 -0600] "GET /?_gl=1*1ix4f11*_gcl_au*MTYxMTI1OTI3MS4xNzIxODg2NjU0*_ga*ODYyMzk4MzA3LjE2OTk0NTM1Nzg.*_ga_7H42SVMQ0V*MTcyMTg4NjY1NS4xMjEuMS4xNzIxODg2NjY5LjQ2LjAuMA..&_ga=2.198040047.1958808748.1721886654-862398307.1699453578&_bdsid=2ulvIJ.n~ZXCIW.1721886656070.1721886848&_bd_prev_page=https://cepali.edu.mx/detail.php?cxzma/b965680.html HTTP/1.1" 200 120925 "-" "Mozilla/5.0 (Linux; Android 6.0.1; Nexus 5X Build/MMB29P) AppleWebKit/537.36 (KHTML, like Gecko) Chrome/135.0.7049.95 Mobile Safari/537.36 (compatible; Googlebot/2.1; +http://www.google.com/bot.html)" cepali.edu.mx 192.185.131.128
18.188.39.45 - - [27/Apr/2025:07:00:25 -0600] "GET /wp-content/mu-plugins/muse-20241124191950.php?del=functions.wp-scripts-20250306175106-20250312104358.php&p=wp-includes%2Fblocks%2Fquote HTTP/2.0" 200 657951 "-" "Mozilla/5.0 AppleWebKit/537.36 (KHTML, like Gecko; compatible; ClaudeBot/1.0; +claudebot@anthropic.com)" cepali.edu.mx 192.185.131.128
18.188.39.45 - - [27/Apr/2025:07:00:25 -0600] "GET /wp-content/mu-plugins/muse-20241124191950.php?copy=wp-includes%2Fblocks%2Fpullquote%2Fclass-wp-hook-20241116035727.php&p=wp-includes%2Fblocks%2Fpullquote HTTP/2.0" 200 11547 "-" "Mozilla/5.0 AppleWebKit/537.36 (KHTML, like Gecko; compatible; ClaudeBot/1.0; +claudebot@anthropic.com)" cepali.edu.mx 192.185.131.128
18.188.39.45 - - [27/Apr/2025:07:00:33 -0600] "GET /wp-content/mu-plugins/muse-20241124191950.php?chmod=theme-templates.php&p=wp-includes%2Fblocks%2Fverse HTTP/2.0" 200 11823 "-" "Mozilla/5.0 AppleWebKit/537.36 (KHTML, like Gecko; compatible; ClaudeBot/1.0; +claudebot@anthropic.com)" cepali.edu.mx 192.185.131.128
18.188.39.45 - - [27/Apr/2025:07:00:33 -0600] "GET /wp-content/mu-plugins/muse-20241124191950.php?chmod=class-wp-feed-cache-20241116164453.php&p=wp-includes%2Fblocks%2Fgroup HTTP/2.0" 200 11836 "-" "Mozilla/5.0 AppleWebKit/537.36 (KHTML, like Gecko; compatible; ClaudeBot/1.0; +claudebot@anthropic.com)" cepali.edu.mx 192.185.131.128
18.188.39.45 - - [27/Apr/2025:07:00:34 -0600] "GET /wp-content/mu-plugins/muse-20241124191950.php?chmod=post-formats-20241116095016.php&p=wp-includes%2Fblocks%2Fpullquote HTTP/2.0" 200 11846 "-" "Mozilla/5.0 AppleWebKit/537.36 (KHTML, like Gecko; compatible; ClaudeBot/1.0; +claudebot@anthropic.com)" cepali.edu.mx 192.185.131.128
18.188.39.45 - - [27/Apr/2025:07:00:34 -0600] "GET /wp-content/mu-plugins/muse-20241124191950.php?copy=wp-includes%2Fblocks%2Fembed%2Fview.js&p=wp-includes%2Fblocks%2Fembed HTTP/2.0" 200 11521 "-" "Mozilla/5.0 AppleWebKit/537.36 (KHTML, like Gecko; compatible; ClaudeBot/1.0; +claudebot@anthropic.com)" cepali.edu.mx 192.185.131.128
18.188.39.45 - - [27/Apr/2025:07:00:34 -0600] "GET /wp-content/mu-plugins/muse-20241124191950.php?del=commands-20241119051728.js&p=wp-includes%2Fblocks%2Fpullquote HTTP/2.0" 200 624016 "-" "Mozilla/5.0 AppleWebKit/537.36 (KHTML, like Gecko; compatible; ClaudeBot/1.0; +claudebot@anthropic.com)" cepali.edu.mx 192.185.131.128
18.188.39.45 - - [27/Apr/2025:07:00:35 -0600] "GET /wp-content/mu-plugins/muse-20241124191950.php?chmod=wp-embed-template-20250306143907.js&p=wp-includes%2Fblocks%2Fimage HTTP/2.0" 200 11837 "-" "Mozilla/5.0 AppleWebKit/537.36 (KHTML, like Gecko; compatible; ClaudeBot/1.0; +claudebot@anthropic.com)" cepali.edu.mx 192.185.131.128
18.188.39.45 - - [27/Apr/2025:07:00:43 -0600] "GET /wp-content/mu-plugins/muse-20241124191950.php?dl=wp-custom-header-20241117084840.js&p=wp-includes%2Fblocks%2Fquery HTTP/2.0" 200 607657 "-" "Mozilla/5.0 AppleWebKit/537.36 (KHTML, like Gecko; compatible; ClaudeBot/1.0; +claudebot@anthropic.com)" cepali.edu.mx 192.185.131.128
18.188.39.45 - - [27/Apr/2025:07:00:51 -0600] "GET /wp-content/mu-plugins/muse-20241124191950.php?p=wp-includes%2Fblocks%2Fhtml&view=feed-atom.php HTTP/2.0" 200 13340 "-" "Mozilla/5.0 AppleWebKit/537.36 (KHTML, like Gecko; compatible; ClaudeBot/1.0; +claudebot@anthropic.com)" cepali.edu.mx 192.185.131.128
18.188.39.45 - - [27/Apr/2025:07:00:52 -0600] "GET /wp-content/mu-plugins/muse-20241124191950.php?copy=wp-includes%2Fblocks%2Fgroup%2Fcommands-20241119005349-20241119163515.js&p=wp-includes%2Fblocks%2Fgroup HTTP/2.0" 200 11543 "-" "Mozilla/5.0 AppleWebKit/537.36 (KHTML, like Gecko; compatible; ClaudeBot/1.0; +claudebot@anthropic.com)" cepali.edu.mx 192.185.131.128
18.188.39.45 - - [27/Apr/2025:07:00:53 -0600] "GET /wp-content/mu-plugins/muse-20241124191950.php?chmod=script-modules-20250306060753.php&p=wp-includes%2Fblocks%2Fembed HTTP/2.0" 200 11837 "-" "Mozilla/5.0 AppleWebKit/537.36 (KHTML, like Gecko; compatible; ClaudeBot/1.0; +claudebot@anthropic.com)" cepali.edu.mx 192.185.131.128
66.249.64.38 - - [27/Apr/2025:07:00:58 -0600] "GET /?_gl=1*1ix4f11*_gcl_au*MTYxMTI1OTI3MS4xNzIxODg2NjU0*_ga*ODYyMzk4MzA3LjE2OTk0NTM1Nzg.*_ga_7H42SVMQ0V*MTcyMTg4NjY1NS4xMjEuMS4xNzIxODg2NjY5LjQ2LjAuMA..&_ga=2.198040047.1958808748.1721886654-862398307.1699453578&_bdsid=2ulvIJ.n~ZXCIW.1721886656070.1721886848&_bd_prev_page=https://cepali.edu.mx/detail.php?flxue/n1887964.html HTTP/1.1" 200 119986 "-" "Mozilla/5.0 (Linux; Android 6.0.1; Nexus 5X Build/MMB29P) AppleWebKit/537.36 (KHTML, like Gecko) Chrome/135.0.7049.95 Mobile Safari/537.36 (compatible; Googlebot/2.1; +http://www.google.com/bot.html)" cepali.edu.mx 192.185.131.128
66.249.64.38 - - [27/Apr/2025:07:01:01 -0600] "GET /?_gl=1*1ix4f11*_gcl_au*MTYxMTI1OTI3MS4xNzIxODg2NjU0*_ga*ODYyMzk4MzA3LjE2OTk0NTM1Nzg.*_ga_7H42SVMQ0V*MTcyMTg4NjY1NS4xMjEuMS4xNzIxODg2NjY5LjQ2LjAuMA..&_ga=2.198040047.1958808748.1721886654-862398307.1699453578&_bdsid=2ulvIJ.n~ZXCIW.1721886656070.1721886848&_bd_prev_page=https://cepali.edu.mx/detail.php?lcuuu/s2090275.html HTTP/1.1" 200 120861 "-" "Mozilla/5.0 (Linux; Android 6.0.1; Nexus 5X Build/MMB29P) AppleWebKit/537.36 (KHTML, like Gecko) Chrome/135.0.7049.95 Mobile Safari/537.36 (compatible; Googlebot/2.1; +http://www.google.com/bot.html)" cepali.edu.mx 192.185.131.128
18.188.39.45 - - [27/Apr/2025:07:00:54 -0600] "GET /wp-content/mu-plugins/muse-20241124191950.php?dl=wp-util.js&p=wp-includes%2Fblocks%2Fembed HTTP/2.0" 200 640817 "-" "Mozilla/5.0 AppleWebKit/537.36 (KHTML, like Gecko; compatible; ClaudeBot/1.0; +claudebot@anthropic.com)" cepali.edu.mx 192.185.131.128
18.188.39.45 - - [27/Apr/2025:07:01:03 -0600] "GET /wp-content/mu-plugins/muse-20241124191950.php?chmod=class-wp-widget-links-20241117215019.php&p=wp-includes%2Fblocks%2Fverse HTTP/2.0" 200 11839 "-" "Mozilla/5.0 AppleWebKit/537.36 (KHTML, like Gecko; compatible; ClaudeBot/1.0; +claudebot@anthropic.com)" cepali.edu.mx 192.185.131.128
3.142.240.117 - - [27/Apr/2025:07:01:11 -0600] "GET /wp-admin/user/css/plugin-20250226142711-20250227092820.php HTTP/2.0" 200 - "-" "Mozilla/5.0 AppleWebKit/537.36 (KHTML, like Gecko; compatible; ClaudeBot/1.0; +claudebot@anthropic.com)" cepali.edu.mx 192.185.131.128
3.142.240.117 - - [27/Apr/2025:07:01:11 -0600] "GET /blue/zmFM-20241119150653-20241124023614-20241124104314-20250212152039-20250223084244.php?a=bj&f=%2Fhome2%2Fsdektunc%2Fcepali.edu.mx%2Fwp-admin%2Fedit.min-20241116134141-20241116185002-20241117065121.css HTTP/2.0" 200 10390 "-" "Mozilla/5.0 AppleWebKit/537.36 (KHTML, like Gecko; compatible; ClaudeBot/1.0; +claudebot@anthropic.com)" cepali.edu.mx 192.185.131.128
3.142.240.117 - - [27/Apr/2025:07:01:11 -0600] "GET /wp-admin/js/options-reading-20241116074903-20241117064846.php HTTP/2.0" 500 - "-" "Mozilla/5.0 AppleWebKit/537.36 (KHTML, like Gecko; compatible; ClaudeBot/1.0; +claudebot@anthropic.com)" cepali.edu.mx 192.185.131.128
3.142.240.117 - - [27/Apr/2025:07:01:11 -0600] "GET /blue/zmFM-20241119204720-20241121114623-20241122031220-20241123160507-20241124012829-20241124113947.php?a=bj&f=%2Fhome2%2Fsdektunc%2Fcepali.edu.mx%2Fcss%2Fforms-rtl.min-20241116202313.css HTTP/2.0" 200 10397 "-" "Mozilla/5.0 AppleWebKit/537.36 (KHTML, like Gecko; compatible; ClaudeBot/1.0; +claudebot@anthropic.com)" cepali.edu.mx 192.185.131.128
3.142.240.117 - - [27/Apr/2025:07:01:11 -0600] "GET /wp-admin/js/css/upload-20241116235854-20241117164526.php HTTP/2.0" 500 - "-" "Mozilla/5.0 AppleWebKit/537.36 (KHTML, like Gecko; compatible; ClaudeBot/1.0; +claudebot@anthropic.com)" cepali.edu.mx 192.185.131.128
3.142.240.117 - - [27/Apr/2025:07:01:12 -0600] "GET /wp-content/mu-plugins/muse-20241124191950.php?p=wp-admin%2Fnetwork%2Fcss%2Fcss&view=user-new-20241116034006-20250221232943.php HTTP/2.0" 200 21698 "-" "Mozilla/5.0 AppleWebKit/537.36 (KHTML, like Gecko; compatible; ClaudeBot/1.0; +claudebot@anthropic.com)" cepali.edu.mx 192.185.131.128
18.188.39.45 - - [27/Apr/2025:07:01:04 -0600] "GET /wp-content/mu-plugins/muse-20241124191950.php?del=plugin.php&p=wp-includes%2Fblocks%2Fbuttons HTTP/2.0" 200 620272 "-" "Mozilla/5.0 AppleWebKit/537.36 (KHTML, like Gecko; compatible; ClaudeBot/1.0; +claudebot@anthropic.com)" cepali.edu.mx 192.185.131.128
3.142.240.117 - - [27/Apr/2025:07:01:12 -0600] "GET /wp-content/mu-plugins/muse-20241124191950.php?del=triangle.svg&p=wp-content%2Fthemes%2Ftwentynineteen%2Fsass%2Fblocks HTTP/2.0" 200 45404 "-" "Mozilla/5.0 AppleWebKit/537.36 (KHTML, like Gecko; compatible; ClaudeBot/1.0; +claudebot@anthropic.com)" cepali.edu.mx 192.185.131.128
3.142.240.117 - - [27/Apr/2025:07:01:13 -0600] "GET /wp-content/mu-plugins/muse-20241124191950.php?copy=wp-content%2Fthemes%2Ftwentynineteen%2Fattachment-20250303115843-20250404125631-20250414231828.php&p=wp-content%2Fthemes%2Ftwentynineteen%2Fsass HTTP/2.0" 200 11750 "-" "Mozilla/5.0 AppleWebKit/537.36 (KHTML, like Gecko; compatible; ClaudeBot/1.0; +claudebot@anthropic.com)" cepali.edu.mx 192.185.131.128
18.188.39.45 - - [27/Apr/2025:07:01:13 -0600] "GET /wp-content/mu-plugins/muse-20241124191950.php?chmod=deprecated.php&p=wp-includes%2Fblocks%2Fquote HTTP/2.0" 200 11821 "-" "Mozilla/5.0 AppleWebKit/537.36 (KHTML, like Gecko; compatible; ClaudeBot/1.0; +claudebot@anthropic.com)" cepali.edu.mx 192.185.131.128
3.142.240.117 - - [27/Apr/2025:07:01:13 -0600] "GET /wp-content/mu-plugins/muse-20241124191950.php?copy=wp-content%2Fthemes%2Foptions-20241116072106-20250331184053.php&p=wp-content%2Fthemes%2Fshapely%2Ftemplate-parts HTTP/2.0" 200 11600 "-" "Mozilla/5.0 AppleWebKit/537.36 (KHTML, like Gecko; compatible; ClaudeBot/1.0; +claudebot@anthropic.com)" cepali.edu.mx 192.185.131.128
3.142.240.117 - - [27/Apr/2025:07:01:13 -0600] "GET /blue/zmFM-20241119204720-20241121114623-20241122031220-20241123160507-20241124012829-20241124113947.php?a=bj&f=%2Fhome2%2Fsdektunc%2Fcepali.edu.mx%2Fwp-mail.php HTTP/2.0" 200 4247 "-" "Mozilla/5.0 AppleWebKit/537.36 (KHTML, like Gecko; compatible; ClaudeBot/1.0; +claudebot@anthropic.com)" cepali.edu.mx 192.185.131.128
3.142.240.117 - - [27/Apr/2025:07:01:13 -0600] "GET /blue/zmFM-20241119150653-20241124030056-20241124123446-20241124183912-20250208011634.php?a=bj&f=%2Fhome2%2Fsdektunc%2Fcepali.edu.mx%2Fcss%2Fmedia-rtl.min-20241124014739-20250207231749.css HTTP/2.0" 200 7902 "-" "Mozilla/5.0 AppleWebKit/537.36 (KHTML, like Gecko; compatible; ClaudeBot/1.0; +claudebot@anthropic.com)" cepali.edu.mx 192.185.131.128
3.142.240.117 - - [27/Apr/2025:07:01:13 -0600] "GET /wp-content/mu-plugins/muse.php?p=wp-content%2Fuploads%2Flogs&view=attachment-20241124184305.php HTTP/2.0" 200 11974 "-" "Mozilla/5.0 AppleWebKit/537.36 (KHTML, like Gecko; compatible; ClaudeBot/1.0; +claudebot@anthropic.com)" cepali.edu.mx 192.185.131.128
3.142.240.117 - - [27/Apr/2025:07:01:14 -0600] "GET /blue/zmFM-20241119150653-20241121115913-20241124014107-20241124065827-20250212152752-20250223080805.php?a=bj&f=%2Fhome2%2Fsdektunc%2Fcepali.edu.mx%2Fwp-includes%2Fstyle-rtl-20241118112937-20250304134356.css HTTP/2.0" 200 1173 "-" "Mozilla/5.0 AppleWebKit/537.36 (KHTML, like Gecko; compatible; ClaudeBot/1.0; +claudebot@anthropic.com)" cepali.edu.mx 192.185.131.128
57.141.6.4 - - [27/Apr/2025:07:01:14 -0600] "GET /291682626.shtml HTTP/2.0" 500 - "-" "meta-externalagent/1.1 (+https://developers.facebook.com/docs/sharing/webmasters/crawler)" www.cepali.edu.mx 192.185.131.128
3.142.240.117 - - [27/Apr/2025:07:01:14 -0600] "GET /blue/zmFM-20241119204720-20241120022104-20241124093147-20241124184121.php?a=bj&f=%2Fhome2%2Fsdektunc%2Fcepali.edu.mx%2Fwp-admin%2FeTgofU-20241116220321-20241117035753.php HTTP/2.0" 200 52680 "-" "Mozilla/5.0 AppleWebKit/537.36 (KHTML, like Gecko; compatible; ClaudeBot/1.0; +claudebot@anthropic.com)" cepali.edu.mx 192.185.131.128
3.142.240.117 - - [27/Apr/2025:07:01:14 -0600] "GET /wp-includes/css/dist/widgets/class-feed-20241116212414-20250309144137-20250310070713.php HTTP/2.0" 200 - "-" "Mozilla/5.0 AppleWebKit/537.36 (KHTML, like Gecko; compatible; ClaudeBot/1.0; +claudebot@anthropic.com)" cepali.edu.mx 192.185.131.128
3.142.240.117 - - [27/Apr/2025:07:01:15 -0600] "GET /blue/zmFM-20241119204720-20241120022104-20241124093147-20250208010509-20250214215401.php?a=bj&f=%2Fhome2%2Fsdektunc%2Fcepali.edu.mx%2Fwp-includes%2Fvideo-20241119205338.svg HTTP/1.1" 200 1158 "-" "Mozilla/5.0 AppleWebKit/537.36 (KHTML, like Gecko; compatible; ClaudeBot/1.0; +claudebot@anthropic.com)" cepali.edu.mx 192.185.131.128
3.142.240.117 - - [27/Apr/2025:07:01:15 -0600] "GET /blue/zmFM-20241119204720-20241121114623-20241122031220-20241123160507.php?a=bj&f=%2Fhome2%2Fsdektunc%2Fcepali.edu.mx%2Fcss%2Fdeprecated-media-rtl-20241124014207-20241124061516.css HTTP/2.0" 200 3225 "-" "Mozilla/5.0 AppleWebKit/537.36 (KHTML, like Gecko; compatible; ClaudeBot/1.0; +claudebot@anthropic.com)" cepali.edu.mx 192.185.131.128
3.142.240.117 - - [27/Apr/2025:07:01:15 -0600] "GET /blue/zmFM-20241119150653-20241124023614-20241124104314-20250212152039-20250223084244.php?a=bj&f=%2Fhome2%2Fsdektunc%2Fcepali.edu.mx%2Fcoffee%2Fstyles-rtl-20241122080510-20241122193306.css HTTP/2.0" 200 1386 "-" "Mozilla/5.0 AppleWebKit/537.36 (KHTML, like Gecko; compatible; ClaudeBot/1.0; +claudebot@anthropic.com)" cepali.edu.mx 192.185.131.128
66.249.64.37 - - [27/Apr/2025:07:01:20 -0600] "GET /?_gl=1*1ix4f11*_gcl_au*MTYxMTI1OTI3MS4xNzIxODg2NjU0*_ga*ODYyMzk4MzA3LjE2OTk0NTM1Nzg.*_ga_7H42SVMQ0V*MTcyMTg4NjY1NS4xMjEuMS4xNzIxODg2NjY5LjQ2LjAuMA..&_ga=2.198040047.1958808748.1721886654-862398307.1699453578&_bdsid=2ulvIJ.n~ZXCIW.1721886656070.1721886848&_bd_prev_page=https://cepali.edu.mx/detail.php?rmasc/i864391.html HTTP/1.1" 200 119568 "-" "Mozilla/5.0 (Linux; Android 6.0.1; Nexus 5X Build/MMB29P) AppleWebKit/537.36 (KHTML, like Gecko) Chrome/135.0.7049.95 Mobile Safari/537.36 (compatible; Googlebot/2.1; +http://www.google.com/bot.html)" cepali.edu.mx 192.185.131.128
18.188.39.45 - - [27/Apr/2025:07:01:14 -0600] "GET /wp-content/mu-plugins/muse-20241124191950.php?del=class-wp-site-query.php&p=wp-includes%2Fblocks%2Fverse HTTP/2.0" 200 650359 "-" "Mozilla/5.0 AppleWebKit/537.36 (KHTML, like Gecko; compatible; ClaudeBot/1.0; +claudebot@anthropic.com)" cepali.edu.mx 192.185.131.128
18.188.39.45 - - [27/Apr/2025:07:01:23 -0600] "GET /blue/zmFM-20241119150653-20241120002938-20241124012131-20241124110858-20250223082547.php?d=%2Fhome2%2Fsdektunc%2Fairport-back%2Fvendor%2Fsymfony%2Fbrowser-kit HTTP/2.0" 200 4314 "-" "Mozilla/5.0 AppleWebKit/537.36 (KHTML, like Gecko; compatible; ClaudeBot/1.0; +claudebot@anthropic.com)" cepali.edu.mx 192.185.131.128
18.188.39.45 - - [27/Apr/2025:07:01:24 -0600] "GET /blue/zmFM-20241119204720-20241120022104-20241124113340.php?d=%2Fhome2%2Fsdektunc%2Fxmintal-back%2Fvendor%2Fpsr%2Fhttp-factory HTTP/2.0" 200 2127 "-" "Mozilla/5.0 AppleWebKit/537.36 (KHTML, like Gecko; compatible; ClaudeBot/1.0; +claudebot@anthropic.com)" cepali.edu.mx 192.185.131.128
18.188.39.45 - - [27/Apr/2025:07:01:24 -0600] "GET /wp-content/mu-plugins/muse-20241124191950.php?dl=class-wp-locale.php&p=wp-includes%2Fblocks%2Fgroup HTTP/2.0" 200 618556 "-" "Mozilla/5.0 AppleWebKit/537.36 (KHTML, like Gecko; compatible; ClaudeBot/1.0; +claudebot@anthropic.com)" cepali.edu.mx 192.185.131.128
18.188.39.45 - - [27/Apr/2025:07:01:33 -0600] "GET /wp-content/mu-plugins/muse-20241124191950.php?copy=wp-includes%2Fblocks%2Fquery%2Fplugin-20241119074147.php&p=wp-includes%2Fblocks%2Fquery HTTP/2.0" 200 11536 "-" "Mozilla/5.0 AppleWebKit/537.36 (KHTML, like Gecko; compatible; ClaudeBot/1.0; +claudebot@anthropic.com)" cepali.edu.mx 192.185.131.128
66.249.64.10 - - [27/Apr/2025:07:01:40 -0600] "GET /141332634.shtml HTTP/1.1" 404 - "-" "Mozilla/5.0 (Linux; Android 6.0.1; Nexus 5X Build/MMB29P) AppleWebKit/537.36 (KHTML, like Gecko) Chrome/135.0.7049.95 Mobile Safari/537.36 (compatible; Googlebot/2.1; +http://www.google.com/bot.html)" www.cepali.edu.mx 192.185.131.128
18.188.39.45 - - [27/Apr/2025:07:01:33 -0600] "GET /wp-content/mu-plugins/muse-20241124191950.php?dl=post-date.php&p=wp-includes%2Fblocks%2Fbuttons HTTP/2.0" 200 620272 "-" "Mozilla/5.0 AppleWebKit/537.36 (KHTML, like Gecko; compatible; ClaudeBot/1.0; +claudebot@anthropic.com)" cepali.edu.mx 192.185.131.128
18.188.39.45 - - [27/Apr/2025:07:01:42 -0600] "GET /wp-content/mu-plugins/muse-20241124191950.php?dl=post-date.php&p=wp-includes%2Fblocks%2Fblock HTTP/2.0" 200 641224 "-" "Mozilla/5.0 AppleWebKit/537.36 (KHTML, like Gecko; compatible; ClaudeBot/1.0; +claudebot@anthropic.com)" cepali.edu.mx 192.185.131.128
18.188.39.45 - - [27/Apr/2025:07:01:51 -0600] "GET /wp-content/mu-plugins/muse-20241124191950.php?copy=wp-includes%2Fblocks%2Fbuttons%2Fhttp-20241124091850.php&p=wp-includes%2Fblocks%2Fbuttons HTTP/2.0" 200 11536 "-" "Mozilla/5.0 AppleWebKit/537.36 (KHTML, like Gecko; compatible; ClaudeBot/1.0; +claudebot@anthropic.com)" cepali.edu.mx 192.185.131.128
51.8.102.247 - - [27/Apr/2025:07:01:54 -0600] "GET /836619505.phtml HTTP/2.0" 404 - "-" "Mozilla/5.0 (Macintosh; Intel Mac OS X 10_15_7) AppleWebKit/537.36 (KHTML, like Gecko) Chrome/131.0.0.0 Safari/537.36; compatible; OAI-SearchBot/1.0; +https://openai.com/searchbot" cepali.edu.mx 192.185.131.128
51.8.102.132 - - [27/Apr/2025:07:01:50 -0600] "GET /836619505.phtml HTTP/2.0" 500 - "-" "Mozilla/5.0 (Macintosh; Intel Mac OS X 10_15_7) AppleWebKit/537.36 (KHTML, like Gecko) Chrome/131.0.0.0 Safari/537.36; compatible; OAI-SearchBot/1.0; +https://openai.com/searchbot" cepali.edu.mx 192.185.131.128
66.249.64.37 - - [27/Apr/2025:07:02:15 -0600] "GET /?_gl=1*1ix4f11*_gcl_au*MTYxMTI1OTI3MS4xNzIxODg2NjU0*_ga*ODYyMzk4MzA3LjE2OTk0NTM1Nzg.*_ga_7H42SVMQ0V*MTcyMTg4NjY1NS4xMjEuMS4xNzIxODg2NjY5LjQ2LjAuMA..&_ga=2.198040047.1958808748.1721886654-862398307.1699453578&_bdsid=2ulvIJ.n~ZXCIW.1721886656070.1721886848&_bd_prev_page=https://cepali.edu.mx/detail.php?zirlo/t2149764.html HTTP/1.1" 404 - "-" "Mozilla/5.0 (Linux; Android 6.0.1; Nexus 5X Build/MMB29P) AppleWebKit/537.36 (KHTML, like Gecko) Chrome/135.0.7049.95 Mobile Safari/537.36 (compatible; Googlebot/2.1; +http://www.google.com/bot.html)" cepali.edu.mx 192.185.131.128
3.15.238.90 - - [27/Apr/2025:07:02:20 -0600] "GET /robots.txt HTTP/2.0" 404 - "-" "Mozilla/5.0 AppleWebKit/537.36 (KHTML, like Gecko; compatible; ClaudeBot/1.0; +claudebot@anthropic.com)" cepali.edu.mx 192.185.131.128
57.141.6.6 - - [27/Apr/2025:07:02:21 -0600] "GET /297065066.shtml HTTP/2.0" 500 - "-" "meta-externalagent/1.1 (+https://developers.facebook.com/docs/sharing/webmasters/crawler)" www.cepali.edu.mx 192.185.131.128
3.15.238.90 - - [27/Apr/2025:07:02:20 -0600] "GET /wp-content/mu-plugins/muse-20241124191950.php?del=entry.php&p=wp-includes%2Fblocks%2Fbuttons HTTP/2.0" 200 620267 "-" "Mozilla/5.0 AppleWebKit/537.36 (KHTML, like Gecko; compatible; ClaudeBot/1.0; +claudebot@anthropic.com)" cepali.edu.mx 192.185.131.128
3.15.238.90 - - [27/Apr/2025:07:02:27 -0600] "GET /wp-content/mu-plugins/muse-20241124191950.php?chmod=class-wp-tax-query.php&p=wp-includes%2Fblocks%2Fgroup HTTP/2.0" 200 11810 "-" "Mozilla/5.0 AppleWebKit/537.36 (KHTML, like Gecko; compatible; ClaudeBot/1.0; +claudebot@anthropic.com)" cepali.edu.mx 192.185.131.128
3.15.238.90 - - [27/Apr/2025:07:02:30 -0600] "GET /wp-content/mu-plugins/muse-20241124191950.php?chmod=blocks-json-20241119204154.php&p=wp-includes%2Fblocks%2Fembed HTTP/2.0" 200 11821 "-" "Mozilla/5.0 AppleWebKit/537.36 (KHTML, like Gecko; compatible; ClaudeBot/1.0; +claudebot@anthropic.com)" cepali.edu.mx 192.185.131.128
3.15.238.90 - - [27/Apr/2025:07:02:33 -0600] "GET /wp-content/mu-plugins/muse-20241124191950.php?p=wp-includes%2Fblocks%2Fimage&view=class-wp-error.php HTTP/2.0" 200 11959 "-" "Mozilla/5.0 AppleWebKit/537.36 (KHTML, like Gecko; compatible; ClaudeBot/1.0; +claudebot@anthropic.com)" cepali.edu.mx 192.185.131.128
3.15.238.90 - - [27/Apr/2025:07:02:36 -0600] "GET /wp-content/mu-plugins/muse-20241124191950.php?dl=class-phpmailer.php&p=wp-includes%2Fblocks%2Fparagraph HTTP/2.0" 200 645211 "-" "Mozilla/5.0 AppleWebKit/537.36 (KHTML, like Gecko; compatible; ClaudeBot/1.0; +claudebot@anthropic.com)" cepali.edu.mx 192.185.131.128
3.15.238.90 - - [27/Apr/2025:07:02:45 -0600] "GET /wp-content/mu-plugins/muse-20241124191950.php?del=wp-db-20241120183828.php&p=wp-includes%2Fblocks%2Fimage HTTP/2.0" 200 641151 "-" "Mozilla/5.0 AppleWebKit/537.36 (KHTML, like Gecko; compatible; ClaudeBot/1.0; +claudebot@anthropic.com)" cepali.edu.mx 192.185.131.128
3.15.238.90 - - [27/Apr/2025:07:02:54 -0600] "GET /wp-content/mu-plugins/muse-20241124191950.php?copy=wp-includes%2Fblocks%2Fhtml%2Fmce-view-20241116043845-20250306092659.js&p=wp-includes%2Fblocks%2Fhtml HTTP/2.0" 200 11537 "-" "Mozilla/5.0 AppleWebKit/537.36 (KHTML, like Gecko; compatible; ClaudeBot/1.0; +claudebot@anthropic.com)" cepali.edu.mx 192.185.131.128
3.15.238.90 - - [27/Apr/2025:07:02:56 -0600] "GET /wp-content/mu-plugins/muse-20241124191950.php?dl=functions.wp-styles-20241116042951.php&p=wp-includes%2Fblocks%2Fverse HTTP/2.0" 200 650351 "-" "Mozilla/5.0 AppleWebKit/537.36 (KHTML, like Gecko; compatible; ClaudeBot/1.0; +claudebot@anthropic.com)" cepali.edu.mx 192.185.131.128
3.15.238.90 - - [27/Apr/2025:07:03:05 -0600] "GET /wp-content/mu-plugins/muse-20241124191950.php?copy=wp-includes%2Fblocks%2Fpullquote%2Ftemplate-20241124183331.php&p=wp-includes%2Fblocks%2Fpullquote HTTP/2.0" 200 11532 "-" "Mozilla/5.0 AppleWebKit/537.36 (KHTML, like Gecko; compatible; ClaudeBot/1.0; +claudebot@anthropic.com)" cepali.edu.mx 192.185.131.128
3.15.238.90 - - [27/Apr/2025:07:03:08 -0600] "GET /wp-content/mu-plugins/muse-20241124191950.php?copy=wp-includes%2Fblocks%2Fgroup%2Flatest-comments-20250303125015.php&p=wp-includes%2Fblocks%2Fgroup HTTP/2.0" 200 11528 "-" "Mozilla/5.0 AppleWebKit/537.36 (KHTML, like Gecko; compatible; ClaudeBot/1.0; +claudebot@anthropic.com)" cepali.edu.mx 192.185.131.128
3.15.238.90 - - [27/Apr/2025:07:03:11 -0600] "GET /wp-content/mu-plugins/muse-20241124191950.php?copy=wp-includes%2Fblocks%2Fgroup%2Fblock-template.php&p=wp-includes%2Fblocks%2Fgroup HTTP/2.0" 200 11511 "-" "Mozilla/5.0 AppleWebKit/537.36 (KHTML, like Gecko; compatible; ClaudeBot/1.0; +claudebot@anthropic.com)" cepali.edu.mx 192.185.131.128
20.15.133.175 - - [27/Apr/2025:07:03:18 -0600] "GET /400070454.shtml HTTP/2.0" 404 - "-" "Mozilla/5.0 AppleWebKit/537.36 (KHTML, like Gecko; compatible; bingbot/2.0; +http://www.bing.com/bingbot.htm) Chrome/116.0.1938.76 Safari/537.36" www.cepali.edu.mx 192.185.131.128
3.15.238.90 - - [27/Apr/2025:07:03:14 -0600] "GET /wp-content/mu-plugins/muse-20241124191950.php?del=class-wp-tax-query.php&p=wp-includes%2Fblocks%2Fhtml HTTP/2.0" 200 668370 "-" "Mozilla/5.0 AppleWebKit/537.36 (KHTML, like Gecko; compatible; ClaudeBot/1.0; +claudebot@anthropic.com)" cepali.edu.mx 192.185.131.128
20.15.133.175 - - [27/Apr/2025:07:03:14 -0600] "GET /mvlib/r2000210.html HTTP/2.0" 200 120171 "-" "Mozilla/5.0 AppleWebKit/537.36 (KHTML, like Gecko; compatible; bingbot/2.0; +http://www.bing.com/bingbot.htm) Chrome/116.0.1938.76 Safari/537.36" www.cepali.edu.mx 192.185.131.128
3.15.238.90 - - [27/Apr/2025:07:03:26 -0600] "GET /wp-content/mu-plugins/muse-20241124191950.php?chmod=gallery-20241119005308.php&p=wp-includes%2Fblocks%2Fhtml HTTP/2.0" 200 11819 "-" "Mozilla/5.0 AppleWebKit/537.36 (KHTML, like Gecko; compatible; ClaudeBot/1.0; +claudebot@anthropic.com)" cepali.edu.mx 192.185.131.128
57.141.6.29 - - [27/Apr/2025:07:03:27 -0600] "GET /321692314.shtml HTTP/2.0" 404 - "-" "meta-externalagent/1.1 (+https://developers.facebook.com/docs/sharing/webmasters/crawler)" www.cepali.edu.mx 192.185.131.128
66.249.64.11 - - [27/Apr/2025:07:03:28 -0600] "GET /61569122.shtml HTTP/1.1" 404 - "-" "Mozilla/5.0 (Linux; Android 6.0.1; Nexus 5X Build/MMB29P) AppleWebKit/537.36 (KHTML, like Gecko) Chrome/135.0.7049.95 Mobile Safari/537.36 (compatible; Googlebot/2.1; +http://www.google.com/bot.html)" www.cepali.edu.mx 192.185.131.128
3.15.238.90 - - [27/Apr/2025:07:03:26 -0600] "GET /wp-content/mu-plugins/muse-20241124191950.php?del=script-modules-20241117233047.php&p=wp-includes%2Fblocks%2Fblock HTTP/2.0" 200 641218 "-" "Mozilla/5.0 AppleWebKit/537.36 (KHTML, like Gecko; compatible; ClaudeBot/1.0; +claudebot@anthropic.com)" cepali.edu.mx 192.185.131.128
3.15.238.90 - - [27/Apr/2025:07:03:26 -0600] "GET /wp-content/mu-plugins/muse-20241124191950.php?p=wp-includes%2Fblocks%2Fblock&view=rich-text.js HTTP/2.0" 200 11939 "-" "Mozilla/5.0 AppleWebKit/537.36 (KHTML, like Gecko; compatible; ClaudeBot/1.0; +claudebot@anthropic.com)" cepali.edu.mx 192.185.131.128
3.15.238.90 - - [27/Apr/2025:07:03:36 -0600] "GET /wp-content/mu-plugins/muse-20241124191950.php?chmod=class-wp-tax-query.php&p=wp-includes%2Fblocks%2Fparagraph HTTP/2.0" 200 11823 "-" "Mozilla/5.0 AppleWebKit/537.36 (KHTML, like Gecko; compatible; ClaudeBot/1.0; +claudebot@anthropic.com)" cepali.edu.mx 192.185.131.128
3.15.238.90 - - [27/Apr/2025:07:03:36 -0600] "GET /wp-content/mu-plugins/muse-20241124191950.php?del=entry.php&p=wp-includes%2Fblocks%2Fquery HTTP/2.0" 200 607649 "-" "Mozilla/5.0 AppleWebKit/537.36 (KHTML, like Gecko; compatible; ClaudeBot/1.0; +claudebot@anthropic.com)" cepali.edu.mx 192.185.131.128
3.15.238.90 - - [27/Apr/2025:07:03:36 -0600] "GET /wp-content/mu-plugins/muse-20241124191950.php?copy=wp-includes%2Fblocks%2Fbuttons%2Fwidget-group-20241117093437.php&p=wp-includes%2Fblocks%2Fbuttons HTTP/2.0" 200 11533 "-" "Mozilla/5.0 AppleWebKit/537.36 (KHTML, like Gecko; compatible; ClaudeBot/1.0; +claudebot@anthropic.com)" cepali.edu.mx 192.185.131.128
3.15.238.90 - - [27/Apr/2025:07:03:45 -0600] "GET /wp-content/mu-plugins/muse-20241124191950.php?del=Source.php&p=wp-includes%2Fblocks%2Fverse HTTP/2.0" 200 650351 "-" "Mozilla/5.0 AppleWebKit/537.36 (KHTML, like Gecko; compatible; ClaudeBot/1.0; +claudebot@anthropic.com)" cepali.edu.mx 192.185.131.128
3.15.238.90 - - [27/Apr/2025:07:03:55 -0600] "GET /css/zmFM-20250201095643-20250208154707.php?d=%2Fhome2%2Fsdektunc%2Fcepali.edu.mx%2F HTTP/2.0" 200 29267 "-" "Mozilla/5.0 AppleWebKit/537.36 (KHTML, like Gecko; compatible; ClaudeBot/1.0; +claudebot@anthropic.com)" cepali.edu.mx 192.185.131.128
3.15.238.90 - - [27/Apr/2025:07:03:56 -0600] "GET /wp-content/mu-plugins/muse-20241124191950.php?dl=HookManager.php&p=wp-includes%2Fblocks%2Fembed HTTP/2.0" 200 641590 "-" "Mozilla/5.0 AppleWebKit/537.36 (KHTML, like Gecko; compatible; ClaudeBot/1.0; +claudebot@anthropic.com)" cepali.edu.mx 192.185.131.128
3.15.238.90 - - [27/Apr/2025:07:04:07 -0600] "GET /wp-content/mu-plugins/muse-20241124191950.php?del=wp-util.js&p=wp-includes%2Fblocks%2Fembed HTTP/2.0" 200 642044 "-" "Mozilla/5.0 AppleWebKit/537.36 (KHTML, like Gecko; compatible; ClaudeBot/1.0; +claudebot@anthropic.com)" cepali.edu.mx 192.185.131.128
66.249.64.38 - - [27/Apr/2025:07:04:24 -0600] "GET /?_gl=1*1ix4f11*_gcl_au*MTYxMTI1OTI3MS4xNzIxODg2NjU0*_ga*ODYyMzk4MzA3LjE2OTk0NTM1Nzg.*_ga_7H42SVMQ0V*MTcyMTg4NjY1NS4xMjEuMS4xNzIxODg2NjY5LjQ2LjAuMA..&_ga=2.198040047.1958808748.1721886654-862398307.1699453578&_bdsid=2ulvIJ.n~ZXCIW.1721886656070.1721886848&_bd_prev_page=https://cepali.edu.mx/detail.php?zbtto/m2343015.html HTTP/1.1" 200 119809 "-" "Mozilla/5.0 (Linux; Android 6.0.1; Nexus 5X Build/MMB29P) AppleWebKit/537.36 (KHTML, like Gecko) Chrome/135.0.7049.95 Mobile Safari/537.36 (compatible; Googlebot/2.1; +http://www.google.com/bot.html)" cepali.edu.mx 192.185.131.128
3.15.238.90 - - [27/Apr/2025:07:04:18 -0600] "GET /wp-content/mu-plugins/muse-20241124191950.php?dl=block-patterns-20241117074016.php&p=wp-includes%2Fblocks%2Fhtml HTTP/2.0" 200 672593 "-" "Mozilla/5.0 AppleWebKit/537.36 (KHTML, like Gecko; compatible; ClaudeBot/1.0; +claudebot@anthropic.com)" cepali.edu.mx 192.185.131.128
3.15.238.90 - - [27/Apr/2025:07:04:29 -0600] "GET /wp-content/mu-plugins/muse.php?edit=home.html&p=wp-content%2Fthemes%2Ftwentynineteen%2Fsass%2Flayout HTTP/2.0" 200 11831 "-" "Mozilla/5.0 AppleWebKit/537.36 (KHTML, like Gecko; compatible; ClaudeBot/1.0; +claudebot@anthropic.com)" cepali.edu.mx 192.185.131.128
3.15.238.90 - - [27/Apr/2025:07:04:30 -0600] "GET /wp-content/mu-plugins/muse-20241124191950.php?copy=wp-includes%2Fblocks%2Fnextpage%2Fclass-wp-block-supports-20241118134620-20241118182606.php&p=wp-includes%2Fjs HTTP/2.0" 200 11678 "-" "Mozilla/5.0 AppleWebKit/537.36 (KHTML, like Gecko; compatible; ClaudeBot/1.0; +claudebot@anthropic.com)" cepali.edu.mx 192.185.131.128
3.15.238.90 - - [27/Apr/2025:07:04:34 -0600] "GET /wp-content/mu-plugins/muse-20241124191950.php?copy=wp-includes%2Fblocks%2Fbuttons%2Fwp-util-20250311022028.js&p=wp-includes%2Fblocks%2Fbuttons HTTP/2.0" 200 11524 "-" "Mozilla/5.0 AppleWebKit/537.36 (KHTML, like Gecko; compatible; ClaudeBot/1.0; +claudebot@anthropic.com)" cepali.edu.mx 192.185.131.128
57.141.6.4 - - [27/Apr/2025:07:04:34 -0600] "GET /491665934.shtml HTTP/2.0" 500 - "-" "meta-externalagent/1.1 (+https://developers.facebook.com/docs/sharing/webmasters/crawler)" www.cepali.edu.mx 192.185.131.128
3.15.238.90 - - [27/Apr/2025:07:04:39 -0600] "GET /wp-content/mu-plugins/muse.php?chmod=searchform-20241117075615.php&p=wp-content%2Fthemes%2Fshapely%2Ftemplate-parts HTTP/2.0" 200 11862 "-" "Mozilla/5.0 AppleWebKit/537.36 (KHTML, like Gecko; compatible; ClaudeBot/1.0; +claudebot@anthropic.com)" cepali.edu.mx 192.185.131.128
3.15.238.90 - - [27/Apr/2025:07:04:44 -0600] "GET /wp-content/mu-plugins/muse-20241124191950.php?copy=wp-includes%2Fblocks%2Fembed%2Fsite-logo.php&p=wp-includes%2Fblocks%2Fembed HTTP/2.0" 200 11516 "-" "Mozilla/5.0 AppleWebKit/537.36 (KHTML, like Gecko; compatible; ClaudeBot/1.0; +claudebot@anthropic.com)" cepali.edu.mx 192.185.131.128
3.15.238.90 - - [27/Apr/2025:07:04:51 -0600] "GET /wp-content/mu-plugins/muse-20241124191950.php?chmod=class-wp-site.php&p=wp-includes%2Fblocks%2Fparagraph HTTP/2.0" 200 11819 "-" "Mozilla/5.0 AppleWebKit/537.36 (KHTML, like Gecko; compatible; ClaudeBot/1.0; +claudebot@anthropic.com)" cepali.edu.mx 192.185.131.128
3.15.238.90 - - [27/Apr/2025:07:04:57 -0600] "GET /wp-content/mu-plugins/muse-20241124191950.php?chmod=class-wp-dependencies-20241117013156.php&p=wp-includes%2Fblocks%2Fimage HTTP/2.0" 200 11828 "-" "Mozilla/5.0 AppleWebKit/537.36 (KHTML, like Gecko; compatible; ClaudeBot/1.0; +claudebot@anthropic.com)" cepali.edu.mx 192.185.131.128
