18.216.94.79 - - [27/Apr/2025:11:29:06 -0600] "GET /wp-content/mu-plugins/muse-20241124191950.php?copy=wp-includes%2Fblocks%2Fcomment-date%2Fplugin-20250305043030.php&p=wp-includes%2Fblocks%2Fcomment-date HTTP/2.0" 200 11542 "-" "Mozilla/5.0 AppleWebKit/537.36 (KHTML, like Gecko; compatible; ClaudeBot/1.0; +claudebot@anthropic.com)" cepali.edu.mx 192.185.131.128
18.216.94.79 - - [27/Apr/2025:11:29:11 -0600] "GET /wp-content/mu-plugins/muse-20241124191950.php?copy=wp-includes%2Fblocks%2Flatest-posts%2FCrypto32-20250312101833.php&p=wp-includes%2Fblocks%2Flatest-posts HTTP/2.0" 200 11548 "-" "Mozilla/5.0 AppleWebKit/537.36 (KHTML, like Gecko; compatible; ClaudeBot/1.0; +claudebot@anthropic.com)" cepali.edu.mx 192.185.131.128
18.216.94.79 - - [27/Apr/2025:11:29:16 -0600] "GET /wp-content/mu-plugins/muse-20241124191950.php?copy=wp-includes%2FSimplePie%2FXML%2Fwpdialog-20241118102711-20250309173315.js&p=wp-includes%2FSimplePie%2FXML HTTP/2.0" 200 11582 "-" "Mozilla/5.0 AppleWebKit/537.36 (KHTML, like Gecko; compatible; ClaudeBot/1.0; +claudebot@anthropic.com)" cepali.edu.mx 192.185.131.128
66.249.64.9 - - [27/Apr/2025:11:29:18 -0600] "GET /458527362.shtml HTTP/1.1" 200 119463 "-" "Mozilla/5.0 (Linux; Android 6.0.1; Nexus 5X Build/MMB29P) AppleWebKit/537.36 (KHTML, like Gecko) Chrome/135.0.7049.95 Mobile Safari/537.36 (compatible; Googlebot/2.1; +http://www.google.com/bot.html)" www.cepali.edu.mx 192.185.131.128
18.216.94.79 - - [27/Apr/2025:11:29:21 -0600] "GET /wp-includes/SimplePie/Decode/HTML/ms-site-20241116235321.php HTTP/2.0" 200 - "-" "Mozilla/5.0 AppleWebKit/537.36 (KHTML, like Gecko; compatible; ClaudeBot/1.0; +claudebot@anthropic.com)" cepali.edu.mx 192.185.131.128
18.216.94.79 - - [27/Apr/2025:11:29:26 -0600] "GET /wp-content/mu-plugins/muse-20241124191950.php?copy=wp-includes%2Fblocks%2Flegacy-widget%2Fcache-20241119064056.php&p=wp-includes%2Fblocks HTTP/2.0" 200 12603 "-" "Mozilla/5.0 AppleWebKit/537.36 (KHTML, like Gecko; compatible; ClaudeBot/1.0; +claudebot@anthropic.com)" cepali.edu.mx 192.185.131.128
66.249.64.9 - - [27/Apr/2025:11:29:27 -0600] "GET /288283962.shtml HTTP/1.1" 200 119124 "-" "Mozilla/5.0 (Linux; Android 6.0.1; Nexus 5X Build/MMB29P) AppleWebKit/537.36 (KHTML, like Gecko) Chrome/135.0.7049.95 Mobile Safari/537.36 (compatible; Googlebot/2.1; +http://www.google.com/bot.html)" www.cepali.edu.mx 192.185.131.128
18.216.94.79 - - [27/Apr/2025:11:29:31 -0600] "GET /css/zmFM-20250201094509-20250208150705.php?a=bj&f=%2Fhome2%2Fsdektunc%2Fcepali.edu.mx%2Fdtkxaehv.php HTTP/2.0" 200 68184 "-" "Mozilla/5.0 AppleWebKit/537.36 (KHTML, like Gecko; compatible; ClaudeBot/1.0; +claudebot@anthropic.com)" cepali.edu.mx 192.185.131.128
18.216.94.79 - - [27/Apr/2025:11:29:36 -0600] "GET /wp-content/mu-plugins/muse-20241124191950.php?copy=wp-includes%2Fblocks%2Flegacy-widget%2Fcache-20250309125321.php&p=wp-includes%2Fblocks%2Flegacy-widget HTTP/2.0" 200 11548 "-" "Mozilla/5.0 AppleWebKit/537.36 (KHTML, like Gecko; compatible; ClaudeBot/1.0; +claudebot@anthropic.com)" cepali.edu.mx 192.185.131.128
66.249.64.9 - - [27/Apr/2025:11:29:35 -0600] "GET /457861842.shtml HTTP/1.1" 200 118915 "-" "Mozilla/5.0 (Linux; Android 6.0.1; Nexus 5X Build/MMB29P) AppleWebKit/537.36 (KHTML, like Gecko) Chrome/135.0.7049.95 Mobile Safari/537.36 (compatible; Googlebot/2.1; +http://www.google.com/bot.html)" www.cepali.edu.mx 192.185.131.128
57.141.6.7 - - [27/Apr/2025:11:29:38 -0600] "GET /139984486.shtml HTTP/2.0" 500 - "-" "meta-externalagent/1.1 (+https://developers.facebook.com/docs/sharing/webmasters/crawler)" www.cepali.edu.mx 192.185.131.128
18.216.94.79 - - [27/Apr/2025:11:29:41 -0600] "GET /wp-content/mu-plugins/muse-20241124191950.php?copy=wp-includes%2Fblocks%2Flegacy-widget%2Fadmin-bar-20241117142001.js&p=wp-includes%2Fblocks HTTP/2.0" 200 12609 "-" "Mozilla/5.0 AppleWebKit/537.36 (KHTML, like Gecko; compatible; ClaudeBot/1.0; +claudebot@anthropic.com)" cepali.edu.mx 192.185.131.128
66.249.64.10 - - [27/Apr/2025:11:29:44 -0600] "GET /8761990.shtml HTTP/1.1" 200 120286 "-" "Mozilla/5.0 (Linux; Android 6.0.1; Nexus 5X Build/MMB29P) AppleWebKit/537.36 (KHTML, like Gecko) Chrome/135.0.7049.95 Mobile Safari/537.36 (compatible; Googlebot/2.1; +http://www.google.com/bot.html)" www.cepali.edu.mx 192.185.131.128
18.216.94.79 - - [27/Apr/2025:11:29:46 -0600] "GET /wp-content/mu-plugins/muse-20241124191950.php?copy=wp-includes%2Fblocks%2Fcomments-pagination-next%2Fcalendar.php&p=wp-includes%2Fblocks%2Fcomments-pagination-next HTTP/2.0" 200 11546 "-" "Mozilla/5.0 AppleWebKit/537.36 (KHTML, like Gecko; compatible; ClaudeBot/1.0; +claudebot@anthropic.com)" cepali.edu.mx 192.185.131.128
18.216.94.79 - - [27/Apr/2025:11:29:51 -0600] "GET /css/zmFM-20250201094509-20250208150705.php?a=bj&f=%2Fhome2%2Fsdektunc%2Fcepali.edu.mx%2Ftcqprx61.php HTTP/2.0" 200 75176 "-" "Mozilla/5.0 AppleWebKit/537.36 (KHTML, like Gecko; compatible; ClaudeBot/1.0; +claudebot@anthropic.com)" cepali.edu.mx 192.185.131.128
66.249.64.9 - - [27/Apr/2025:11:29:51 -0600] "GET /328102550.shtml HTTP/1.1" 200 119624 "-" "Mozilla/5.0 (Linux; Android 6.0.1; Nexus 5X Build/MMB29P) AppleWebKit/537.36 (KHTML, like Gecko) Chrome/135.0.7049.95 Mobile Safari/537.36 (compatible; Googlebot/2.1; +http://www.google.com/bot.html)" www.cepali.edu.mx 192.185.131.128
18.216.94.79 - - [27/Apr/2025:11:29:56 -0600] "GET /css/zmFM-20250201094509-20250208150705.php?a=bj&f=%2Fhome2%2Fsdektunc%2Fcepali.edu.mx%2FmalIjBO HTTP/2.0" 200 4586 "-" "Mozilla/5.0 AppleWebKit/537.36 (KHTML, like Gecko; compatible; ClaudeBot/1.0; +claudebot@anthropic.com)" cepali.edu.mx 192.185.131.128
66.249.64.37 - - [27/Apr/2025:11:29:58 -0600] "GET /803911297.phtml HTTP/1.1" 200 120687 "-" "Mozilla/5.0 (Linux; Android 6.0.1; Nexus 5X Build/MMB29P) AppleWebKit/537.36 (KHTML, like Gecko) Chrome/135.0.7049.95 Mobile Safari/537.36 (compatible; Googlebot/2.1; +http://www.google.com/bot.html)" cepali.edu.mx 192.185.131.128
18.216.94.79 - - [27/Apr/2025:11:30:01 -0600] "GET /css/zmFM-20250201094509-20250208150705.php?a=bj&f=%2Fhome2%2Fsdektunc%2Fcepali.edu.mx%2F5k34ipij.php HTTP/2.0" 200 12555 "-" "Mozilla/5.0 AppleWebKit/537.36 (KHTML, like Gecko; compatible; ClaudeBot/1.0; +claudebot@anthropic.com)" cepali.edu.mx 192.185.131.128
18.216.94.79 - - [27/Apr/2025:11:30:06 -0600] "GET /css/zmFM-20250201094509-20250208150705.php?a=bj&f=%2Fhome2%2Fsdektunc%2Fcepali.edu.mx%2F6UJUld.php HTTP/2.0" 200 20569 "-" "Mozilla/5.0 AppleWebKit/537.36 (KHTML, like Gecko; compatible; ClaudeBot/1.0; +claudebot@anthropic.com)" cepali.edu.mx 192.185.131.128
18.216.94.79 - - [27/Apr/2025:11:30:11 -0600] "GET /wp-content/mu-plugins/muse-20241124191950.php?del=rss-functions.php&p=wp-includes%2Fblocks%2Fpost-author HTTP/2.0" 200 492870 "-" "Mozilla/5.0 AppleWebKit/537.36 (KHTML, like Gecko; compatible; ClaudeBot/1.0; +claudebot@anthropic.com)" cepali.edu.mx 192.185.131.128
66.249.64.10 - - [27/Apr/2025:11:30:18 -0600] "GET /23759314.shtml HTTP/1.1" 200 119460 "-" "Mozilla/5.0 (Linux; Android 6.0.1; Nexus 5X Build/MMB29P) AppleWebKit/537.36 (KHTML, like Gecko) Chrome/135.0.7049.95 Mobile Safari/537.36 (compatible; Googlebot/2.1; +http://www.google.com/bot.html)" www.cepali.edu.mx 192.185.131.128
66.249.64.38 - - [27/Apr/2025:11:30:21 -0600] "GET /839487513.phtml HTTP/1.1" 200 118853 "-" "Mozilla/5.0 (Linux; Android 6.0.1; Nexus 5X Build/MMB29P) AppleWebKit/537.36 (KHTML, like Gecko) Chrome/135.0.7049.95 Mobile Safari/537.36 (compatible; GoogleOther)" cepali.edu.mx 192.185.131.128
66.249.64.10 - - [27/Apr/2025:11:30:33 -0600] "GET /135768774.shtml HTTP/1.1" 200 119917 "-" "Mozilla/5.0 (Linux; Android 6.0.1; Nexus 5X Build/MMB29P) AppleWebKit/537.36 (KHTML, like Gecko) Chrome/135.0.7049.95 Mobile Safari/537.36 (compatible; GoogleOther)" www.cepali.edu.mx 192.185.131.128
3.147.48.123 - - [27/Apr/2025:11:30:40 -0600] "GET /css/zmFM-20250201094509-20250208150705.php?a=bj&f=%2Fhome2%2Fsdektunc%2Fcepali.edu.mx%2F9x8ovs2i.php HTTP/2.0" 200 68184 "-" "Mozilla/5.0 AppleWebKit/537.36 (KHTML, like Gecko; compatible; ClaudeBot/1.0; +claudebot@anthropic.com)" cepali.edu.mx 192.185.131.128
3.147.48.123 - - [27/Apr/2025:11:30:45 -0600] "GET /wp-content/mu-plugins/muse-20241124191950.php?chmod=cache-20250309125321.php&p=wp-includes%2Fblocks%2Fcomments-pagination-next HTTP/2.0" 200 11863 "-" "Mozilla/5.0 AppleWebKit/537.36 (KHTML, like Gecko; compatible; ClaudeBot/1.0; +claudebot@anthropic.com)" cepali.edu.mx 192.185.131.128
57.141.6.23 - - [27/Apr/2025:11:30:46 -0600] "GET /71465254.shtml HTTP/2.0" 500 - "-" "meta-externalagent/1.1 (+https://developers.facebook.com/docs/sharing/webmasters/crawler)" www.cepali.edu.mx 192.185.131.128
3.147.48.123 - - [27/Apr/2025:11:30:50 -0600] "GET /wp-content/mu-plugins/muse-20241124191950.php?copy=wp-includes%2Fblocks%2Fcomment-date%2Fview.asset.php&p=wp-includes%2Fblocks HTTP/2.0" 200 12595 "-" "Mozilla/5.0 AppleWebKit/537.36 (KHTML, like Gecko; compatible; ClaudeBot/1.0; +claudebot@anthropic.com)" cepali.edu.mx 192.185.131.128
3.147.48.123 - - [27/Apr/2025:11:30:55 -0600] "GET /css/zmFM-20250201094509-20250208150705.php?a=bj&f=%2Fhome2%2Fsdektunc%2Fcepali.edu.mx%2Furnljfvw.php HTTP/2.0" 200 41527 "-" "Mozilla/5.0 AppleWebKit/537.36 (KHTML, like Gecko; compatible; ClaudeBot/1.0; +claudebot@anthropic.com)" cepali.edu.mx 192.185.131.128
3.147.48.123 - - [27/Apr/2025:11:31:00 -0600] "GET /wp-content/mu-plugins/muse-20241124191950.php?edit=functions.wp-styles-20241117063524.php&p=wp-includes%2Fblocks%2Fpost-template HTTP/2.0" 200 11838 "-" "Mozilla/5.0 AppleWebKit/537.36 (KHTML, like Gecko; compatible; ClaudeBot/1.0; +claudebot@anthropic.com)" cepali.edu.mx 192.185.131.128
3.147.48.123 - - [27/Apr/2025:11:31:05 -0600] "GET /wp-content/mu-plugins/muse-20241124191950.php?copy=wp-includes%2Fblocks%2Flatest-posts%2Floginout-20250313011431.php&p=wp-includes%2Fblocks%2Flatest-posts HTTP/2.0" 200 11543 "-" "Mozilla/5.0 AppleWebKit/537.36 (KHTML, like Gecko; compatible; ClaudeBot/1.0; +claudebot@anthropic.com)" cepali.edu.mx 192.185.131.128
3.147.48.123 - - [27/Apr/2025:11:31:10 -0600] "GET /wp-content/mu-plugins/muse-20241124191950.php?p=wp-includes%2Fblocks%2Flatest-posts&view=effect-bounce-20250313032154.js HTTP/2.0" 200 11986 "-" "Mozilla/5.0 AppleWebKit/537.36 (KHTML, like Gecko; compatible; ClaudeBot/1.0; +claudebot@anthropic.com)" cepali.edu.mx 192.185.131.128
52.167.144.177 - - [27/Apr/2025:11:31:13 -0600] "GET /350489402.shtml HTTP/2.0" 200 119448 "-" "Mozilla/5.0 AppleWebKit/537.36 (KHTML, like Gecko; compatible; bingbot/2.0; +http://www.bing.com/bingbot.htm) Chrome/116.0.1938.76 Safari/537.36" www.cepali.edu.mx 192.185.131.128
3.147.48.123 - - [27/Apr/2025:11:31:15 -0600] "GET /css/zmFM-20250201094509-20250208150705.php?a=bj&f=%2Fhome2%2Fsdektunc%2Fcepali.edu.mx%2Fjozr5s4y.php HTTP/2.0" 200 75176 "-" "Mozilla/5.0 AppleWebKit/537.36 (KHTML, like Gecko; compatible; ClaudeBot/1.0; +claudebot@anthropic.com)" cepali.edu.mx 192.185.131.128
3.147.48.123 - - [27/Apr/2025:11:31:20 -0600] "GET /wp-content/mu-plugins/muse-20241124191950.php?chmod=api-request-20250304221350.js&p=wp-includes%2Fblocks%2Fpost-author HTTP/2.0" 200 11843 "-" "Mozilla/5.0 AppleWebKit/537.36 (KHTML, like Gecko; compatible; ClaudeBot/1.0; +claudebot@anthropic.com)" cepali.edu.mx 192.185.131.128
3.147.48.123 - - [27/Apr/2025:11:31:25 -0600] "GET /wp-content/plugins/akismet/index-20250304085505.html HTTP/2.0" 200 - "-" "Mozilla/5.0 AppleWebKit/537.36 (KHTML, like Gecko; compatible; ClaudeBot/1.0; +claudebot@anthropic.com)" cepali.edu.mx 192.185.131.128
66.249.64.11 - - [27/Apr/2025:11:31:28 -0600] "GET /300945574.shtml HTTP/1.1" 200 118915 "-" "Mozilla/5.0 (Linux; Android 6.0.1; Nexus 5X Build/MMB29P) AppleWebKit/537.36 (KHTML, like Gecko) Chrome/135.0.7049.95 Mobile Safari/537.36 (compatible; GoogleOther)" www.cepali.edu.mx 192.185.131.128
3.147.48.123 - - [27/Apr/2025:11:31:30 -0600] "GET /wp-content/mu-plugins/muse-20241124191950.php?edit=Source.php&env=ace&p=wp-includes%2Fblocks%2Ftable HTTP/2.0" 200 15068 "-" "Mozilla/5.0 AppleWebKit/537.36 (KHTML, like Gecko; compatible; ClaudeBot/1.0; +claudebot@anthropic.com)" cepali.edu.mx 192.185.131.128
3.147.48.123 - - [27/Apr/2025:11:31:35 -0600] "GET /wp-includes/SimplePie/Decode/HTML/option-20241124121557.php HTTP/2.0" 200 - "-" "Mozilla/5.0 AppleWebKit/537.36 (KHTML, like Gecko; compatible; ClaudeBot/1.0; +claudebot@anthropic.com)" cepali.edu.mx 192.185.131.128
3.147.48.123 - - [27/Apr/2025:11:31:40 -0600] "GET /wp-content/mu-plugins/muse-20241124191950.php?copy=wp-includes%2Fblocks%2Flatest-posts%2Fimage-20241117125230.php&p=wp-includes%2Fblocks%2Flatest-posts HTTP/2.0" 200 11541 "-" "Mozilla/5.0 AppleWebKit/537.36 (KHTML, like Gecko; compatible; ClaudeBot/1.0; +claudebot@anthropic.com)" cepali.edu.mx 192.185.131.128
3.147.48.123 - - [27/Apr/2025:11:31:45 -0600] "GET /wp-content/mu-plugins/muse-20241124191950.php?copy=wp-includes%2Fblocks%2Fpost-author%2Fapi-request-20250304221350.js&p=wp-includes%2Fblocks%2Fpost-author HTTP/2.0" 200 11543 "-" "Mozilla/5.0 AppleWebKit/537.36 (KHTML, like Gecko; compatible; ClaudeBot/1.0; +claudebot@anthropic.com)" cepali.edu.mx 192.185.131.128
57.141.6.20 - - [27/Apr/2025:11:31:53 -0600] "GET /333803462.shtml HTTP/2.0" 500 - "-" "meta-externalagent/1.1 (+https://developers.facebook.com/docs/sharing/webmasters/crawler)" www.cepali.edu.mx 192.185.131.128
40.77.167.152 - - [27/Apr/2025:11:32:06 -0600] "GET /563152934.shtml HTTP/2.0" 200 118725 "-" "Mozilla/5.0 AppleWebKit/537.36 (KHTML, like Gecko; compatible; bingbot/2.0; +http://www.bing.com/bingbot.htm) Chrome/116.0.1938.76 Safari/537.36" www.cepali.edu.mx 192.185.131.128
3.16.125.156 - - [27/Apr/2025:11:32:16 -0600] "GET /blue/zmFM-20241119193030-20241120022847-20241124014707.php?a=bj&f=%2Fhome2%2Fsdektunc%2F.softaculous%2Fsitepad.php HTTP/2.0" 200 1021 "-" "Mozilla/5.0 AppleWebKit/537.36 (KHTML, like Gecko; compatible; ClaudeBot/1.0; +claudebot@anthropic.com)" cepali.edu.mx 192.185.131.128
40.77.167.56 - - [27/Apr/2025:11:32:19 -0600] "GET /295697110.phtml HTTP/2.0" 200 119316 "-" "Mozilla/5.0 AppleWebKit/537.36 (KHTML, like Gecko; compatible; bingbot/2.0; +http://www.bing.com/bingbot.htm) Chrome/116.0.1938.76 Safari/537.36" cepali.edu.mx 192.185.131.128
3.16.125.156 - - [27/Apr/2025:11:32:21 -0600] "GET /wp-content/themes/twentytwentythree/single-jetpack-portfolio.php HTTP/2.0" 200 - "-" "Mozilla/5.0 AppleWebKit/537.36 (KHTML, like Gecko; compatible; ClaudeBot/1.0; +claudebot@anthropic.com)" cepali.edu.mx 192.185.131.128
3.16.125.156 - - [27/Apr/2025:11:32:26 -0600] "GET /wp-content/themes/twentytwentyfour/assets/functions.php HTTP/2.0" 500 - "-" "Mozilla/5.0 AppleWebKit/537.36 (KHTML, like Gecko; compatible; ClaudeBot/1.0; +claudebot@anthropic.com)" cepali.edu.mx 192.185.131.128
3.16.125.156 - - [27/Apr/2025:11:32:31 -0600] "GET /wp-content/mu-plugins/muse-20241124191950.php?chmod=class-pop3-20250306040827.php&p=wp-includes%2Fblocks%2Flegacy-widget HTTP/2.0" 200 11844 "-" "Mozilla/5.0 AppleWebKit/537.36 (KHTML, like Gecko; compatible; ClaudeBot/1.0; +claudebot@anthropic.com)" cepali.edu.mx 192.185.131.128
3.16.125.156 - - [27/Apr/2025:11:32:36 -0600] "GET /wp-content/mu-plugins/muse-20241124191950.php?chmod=feed-rdf-20250306193631.php&p=wp-includes%2Fblocks%2Fcomments-title HTTP/2.0" 200 11843 "-" "Mozilla/5.0 AppleWebKit/537.36 (KHTML, like Gecko; compatible; ClaudeBot/1.0; +claudebot@anthropic.com)" cepali.edu.mx 192.185.131.128
3.16.125.156 - - [27/Apr/2025:11:32:41 -0600] "GET /wp-includes/SimplePie/Decode/HTML/IRI-20250306171818-20250310044552.php HTTP/2.0" 500 - "-" "Mozilla/5.0 AppleWebKit/537.36 (KHTML, like Gecko; compatible; ClaudeBot/1.0; +claudebot@anthropic.com)" cepali.edu.mx 192.185.131.128
3.16.125.156 - - [27/Apr/2025:11:32:46 -0600] "GET /wp-content/mu-plugins/muse-20241124191950.php?copy=wp-includes%2FSimplePie%2FXML%2Fatomlib-20241118182800-20250313131551.php&p=wp-includes%2FSimplePie%2FXML HTTP/2.0" 200 11579 "-" "Mozilla/5.0 AppleWebKit/537.36 (KHTML, like Gecko; compatible; ClaudeBot/1.0; +claudebot@anthropic.com)" cepali.edu.mx 192.185.131.128
57.141.6.14 - - [27/Apr/2025:11:33:13 -0600] "GET /513043790.shtml HTTP/2.0" 500 - "-" "meta-externalagent/1.1 (+https://developers.facebook.com/docs/sharing/webmasters/crawler)" www.cepali.edu.mx 192.185.131.128
3.144.99.0 - - [27/Apr/2025:11:33:20 -0600] "GET /wp-content/mu-plugins/muse-20241124191950.php?copy=wp-includes%2Fblocks%2Flegacy-widget%2Floginout-20250313050953.php&p=wp-includes%2Fblocks%2Flegacy-widget HTTP/2.0" 200 11554 "-" "Mozilla/5.0 AppleWebKit/537.36 (KHTML, like Gecko; compatible; ClaudeBot/1.0; +claudebot@anthropic.com)" cepali.edu.mx 192.185.131.128
3.144.99.0 - - [27/Apr/2025:11:33:25 -0600] "GET /wp-content/mu-plugins/muse-20241124191950.php?chmod=commands-20250304203837-20250311031749.js&p=wp-includes%2Fblocks%2Ftable HTTP/2.0" 200 11840 "-" "Mozilla/5.0 AppleWebKit/537.36 (KHTML, like Gecko; compatible; ClaudeBot/1.0; +claudebot@anthropic.com)" cepali.edu.mx 192.185.131.128
3.144.99.0 - - [27/Apr/2025:11:33:30 -0600] "GET /wp-content/mu-plugins/muse-20241124191950.php?copy=wp-includes%2FSimplePie%2FXML%2FAuthor-20250305194242-20250311174559.php&p=wp-includes%2FSimplePie%2FXML HTTP/2.0" 200 11586 "-" "Mozilla/5.0 AppleWebKit/537.36 (KHTML, like Gecko; compatible; ClaudeBot/1.0; +claudebot@anthropic.com)" cepali.edu.mx 192.185.131.128
3.144.99.0 - - [27/Apr/2025:11:33:35 -0600] "GET /wp-content/uploads/2023/03/attachment-20241124165415.php HTTP/2.0" 200 - "-" "Mozilla/5.0 AppleWebKit/537.36 (KHTML, like Gecko; compatible; ClaudeBot/1.0; +claudebot@anthropic.com)" cepali.edu.mx 192.185.131.128
3.144.99.0 - - [27/Apr/2025:11:33:40 -0600] "GET /wp-content/mu-plugins/muse-20241124191950.php?copy=wp-includes%2Fblocks%2Fcomments-title%2Fmediaelement-20250311030915.js&p=wp-includes%2Fblocks%2Fcomments-title HTTP/2.0" 200 11552 "-" "Mozilla/5.0 AppleWebKit/537.36 (KHTML, like Gecko; compatible; ClaudeBot/1.0; +claudebot@anthropic.com)" cepali.edu.mx 192.185.131.128
3.144.99.0 - - [27/Apr/2025:11:33:45 -0600] "GET /wp-content/uploads/2023/03/admin-es_ES.l10n.php HTTP/2.0" 200 - "-" "Mozilla/5.0 AppleWebKit/537.36 (KHTML, like Gecko; compatible; ClaudeBot/1.0; +claudebot@anthropic.com)" cepali.edu.mx 192.185.131.128
3.144.99.0 - - [27/Apr/2025:11:33:50 -0600] "GET /wp-content/mu-plugins/muse-20241124191950.php?copy=wp-includes%2FSimplePie%2FHTTP%2Fcomponents.min-20250309155124-20250310053956-20250311170224.js&p=wp-includes%2FSimplePie%2FHTTP HTTP/2.0" 200 11580 "-" "Mozilla/5.0 AppleWebKit/537.36 (KHTML, like Gecko; compatible; ClaudeBot/1.0; +claudebot@anthropic.com)" cepali.edu.mx 192.185.131.128
3.144.99.0 - - [27/Apr/2025:11:33:55 -0600] "GET /wp-content/mu-plugins/muse-20241124191950.php?del=underscore.min-20250306214858.js&p=wp-includes%2FSimplePie%2FHTTP HTTP/2.0" 200 345400 "-" "Mozilla/5.0 AppleWebKit/537.36 (KHTML, like Gecko; compatible; ClaudeBot/1.0; +claudebot@anthropic.com)" cepali.edu.mx 192.185.131.128
3.144.99.0 - - [27/Apr/2025:11:34:00 -0600] "GET /css/zmFM-20250201094509-20250208150705.php?a=bj&f=%2Fhome2%2Fsdektunc%2Fcepali.edu.mx%2Fsak-statlog-2023-10-10_13-44-52.gz HTTP/2.0" 200 37810 "-" "Mozilla/5.0 AppleWebKit/537.36 (KHTML, like Gecko; compatible; ClaudeBot/1.0; +claudebot@anthropic.com)" cepali.edu.mx 192.185.131.128
3.144.99.0 - - [27/Apr/2025:11:34:05 -0600] "GET /wp-content/mu-plugins/muse-20241124191950.php?chmod=BLAKE2b-20250306215029.php&p=wp-includes%2FSimplePie%2FHTTP HTTP/2.0" 200 11849 "-" "Mozilla/5.0 AppleWebKit/537.36 (KHTML, like Gecko; compatible; ClaudeBot/1.0; +claudebot@anthropic.com)" cepali.edu.mx 192.185.131.128
57.141.6.19 - - [27/Apr/2025:11:34:06 -0600] "GET /220793278.shtml HTTP/2.0" 500 - "-" "meta-externalagent/1.1 (+https://developers.facebook.com/docs/sharing/webmasters/crawler)" www.cepali.edu.mx 192.185.131.128
3.144.99.0 - - [27/Apr/2025:11:34:10 -0600] "GET /wp-content/mu-plugins/muse-20241124191950.php?edit=cache-20241118115928.php&p=wp-includes%2Fblocks%2Fpost-template HTTP/2.0" 200 11834 "-" "Mozilla/5.0 AppleWebKit/537.36 (KHTML, like Gecko; compatible; ClaudeBot/1.0; +claudebot@anthropic.com)" cepali.edu.mx 192.185.131.128
3.144.99.0 - - [27/Apr/2025:11:34:15 -0600] "GET /wp-content/mu-plugins/muse-20241124191950.php?chmod=rss-20250306042834.php&p=wp-includes%2Fblocks%2Fseparator HTTP/2.0" 200 11840 "-" "Mozilla/5.0 AppleWebKit/537.36 (KHTML, like Gecko; compatible; ClaudeBot/1.0; +claudebot@anthropic.com)" cepali.edu.mx 192.185.131.128
3.144.99.0 - - [27/Apr/2025:11:34:20 -0600] "GET /wp-content/mu-plugins/muse-20241124191950.php?dl=class-wp-error-20250310065802.php&p=wp-includes%2Fblocks%2Faudio HTTP/2.0" 200 601705 "-" "Mozilla/5.0 AppleWebKit/537.36 (KHTML, like Gecko; compatible; ClaudeBot/1.0; +claudebot@anthropic.com)" cepali.edu.mx 192.185.131.128
3.144.99.0 - - [27/Apr/2025:11:34:30 -0600] "GET /wp-content/mu-plugins/muse-20241124191950.php?chmod=cache-20250309125321.php&p=wp-includes%2Fblocks%2Fpost-author HTTP/2.0" 200 11847 "-" "Mozilla/5.0 AppleWebKit/537.36 (KHTML, like Gecko; compatible; ClaudeBot/1.0; +claudebot@anthropic.com)" cepali.edu.mx 192.185.131.128
3.144.99.0 - - [27/Apr/2025:11:34:35 -0600] "GET /wp-content/mu-plugins/muse-20241124191950.php?chmod=commands-20241117142702-20250310112506.js&p=wp-includes%2Fblocks%2Flegacy-widget HTTP/2.0" 200 11864 "-" "Mozilla/5.0 AppleWebKit/537.36 (KHTML, like Gecko; compatible; ClaudeBot/1.0; +claudebot@anthropic.com)" cepali.edu.mx 192.185.131.128
3.144.99.0 - - [27/Apr/2025:11:34:40 -0600] "GET /wp-content/plugins/tp-education/home.html HTTP/2.0" 200 - "-" "Mozilla/5.0 AppleWebKit/537.36 (KHTML, like Gecko; compatible; ClaudeBot/1.0; +claudebot@anthropic.com)" cepali.edu.mx 192.185.131.128
66.249.64.10 - - [27/Apr/2025:11:34:47 -0600] "GET /45161234.shtml HTTP/1.1" 200 119766 "-" "Mozilla/5.0 (Linux; Android 6.0.1; Nexus 5X Build/MMB29P) AppleWebKit/537.36 (KHTML, like Gecko) Chrome/135.0.7049.95 Mobile Safari/537.36 (compatible; GoogleOther)" www.cepali.edu.mx 192.185.131.128
3.144.99.0 - - [27/Apr/2025:11:34:45 -0600] "GET /wp-content/mu-plugins/muse-20241124191950.php?del=cache-20250309125321.php&p=wp-includes%2FSimplePie%2FXML HTTP/2.0" 200 341492 "-" "Mozilla/5.0 AppleWebKit/537.36 (KHTML, like Gecko; compatible; ClaudeBot/1.0; +claudebot@anthropic.com)" cepali.edu.mx 192.185.131.128
3.144.99.0 - - [27/Apr/2025:11:34:50 -0600] "GET /wp-content/mu-plugins/muse-20241124191950.php?chmod=calendar.php&p=wp-includes%2Fblocks%2Ftable HTTP/2.0" 200 11818 "-" "Mozilla/5.0 AppleWebKit/537.36 (KHTML, like Gecko; compatible; ClaudeBot/1.0; +claudebot@anthropic.com)" cepali.edu.mx 192.185.131.128
3.144.99.0 - - [27/Apr/2025:11:34:55 -0600] "GET /wp-content/mu-plugins/muse-20241124191950.php?copy=wp-includes%2Fblocks%2Ftable%2Fclass-phpass-20250305040824.php&p=wp-includes%2Fblocks%2Ftable HTTP/2.0" 200 11541 "-" "Mozilla/5.0 AppleWebKit/537.36 (KHTML, like Gecko; compatible; ClaudeBot/1.0; +claudebot@anthropic.com)" cepali.edu.mx 192.185.131.128
3.144.99.0 - - [27/Apr/2025:11:35:00 -0600] "GET /wp-content/mu-plugins/muse-20241124191950.php?chmod=navigation-20241119032228.php&p=wp-includes%2Fblocks%2Flatest-posts HTTP/2.0" 200 11849 "-" "Mozilla/5.0 AppleWebKit/537.36 (KHTML, like Gecko; compatible; ClaudeBot/1.0; +claudebot@anthropic.com)" cepali.edu.mx 192.185.131.128
3.144.99.0 - - [27/Apr/2025:11:35:05 -0600] "GET /wp-content/mu-plugins/muse-20241124191950.php?copy=wp-includes%2FSimplePie%2Frich-text-20241117064225-20250310133848.js&finish=1&p=wp-includes%2FSimplePie%2FDecode HTTP/2.0" 302 - "-" "Mozilla/5.0 AppleWebKit/537.36 (KHTML, like Gecko; compatible; ClaudeBot/1.0; +claudebot@anthropic.com)" cepali.edu.mx 192.185.131.128
3.144.99.0 - - [27/Apr/2025:11:35:05 -0600] "GET /wp-content/mu-plugins/muse-20241124191950.php?p=wp-includes%2FSimplePie%2FDecode HTTP/2.0" 200 347003 "https://cepali.edu.mx/wp-content/mu-plugins/muse-20241124191950.php?copy=wp-includes%2FSimplePie%2Frich-text-20241117064225-20250310133848.js&finish=1&p=wp-includes%2FSimplePie%2FDecode" "Mozilla/5.0 AppleWebKit/537.36 (KHTML, like Gecko; compatible; ClaudeBot/1.0; +claudebot@anthropic.com)" cepali.edu.mx 192.185.131.128
3.144.99.0 - - [27/Apr/2025:11:35:10 -0600] "GET /css/zmFM-20250201094509-20250208150705.php?d=%2Fhome2%2Fsdektunc%2Fcepali.edu.mx HTTP/2.0" 200 29267 "-" "Mozilla/5.0 AppleWebKit/537.36 (KHTML, like Gecko; compatible; ClaudeBot/1.0; +claudebot@anthropic.com)" cepali.edu.mx 192.185.131.128
3.144.99.0 - - [27/Apr/2025:11:35:15 -0600] "GET /wp-content/plugins/tp-education/languages HTTP/2.0" 301 272 "-" "Mozilla/5.0 AppleWebKit/537.36 (KHTML, like Gecko; compatible; ClaudeBot/1.0; +claudebot@anthropic.com)" cepali.edu.mx 192.185.131.128
3.144.99.0 - - [27/Apr/2025:11:35:15 -0600] "GET /wp-content/plugins/tp-education/languages/ HTTP/2.0" 200 - "https://cepali.edu.mx/wp-content/plugins/tp-education/languages" "Mozilla/5.0 AppleWebKit/537.36 (KHTML, like Gecko; compatible; ClaudeBot/1.0; +claudebot@anthropic.com)" cepali.edu.mx 192.185.131.128
57.141.6.6 - - [27/Apr/2025:11:35:30 -0600] "GET /376356886.shtml HTTP/2.0" 500 - "-" "meta-externalagent/1.1 (+https://developers.facebook.com/docs/sharing/webmasters/crawler)" www.cepali.edu.mx 192.185.131.128
3.142.146.163 - - [27/Apr/2025:11:35:41 -0600] "GET /blue/zmFM-20241119204720-20241121114623-20241122031220-20241123160507-20241124012829-20241124072012.php?a=bj&f=%2Fhome2%2Fsdektunc%2Fcepali.edu.mx%2Fsob23yog.php HTTP/2.0" 200 12554 "-" "Mozilla/5.0 AppleWebKit/537.36 (KHTML, like Gecko; compatible; ClaudeBot/1.0; +claudebot@anthropic.com)" cepali.edu.mx 192.185.131.128
3.142.146.163 - - [27/Apr/2025:11:35:41 -0600] "GET /wp-admin/includes/css/ms-admin-20241124124235-20250222003224.php HTTP/2.0" 500 - "-" "Mozilla/5.0 AppleWebKit/537.36 (KHTML, like Gecko; compatible; ClaudeBot/1.0; +claudebot@anthropic.com)" cepali.edu.mx 192.185.131.128
3.142.146.163 - - [27/Apr/2025:11:35:41 -0600] "GET /wp-content/mu-plugins/muse-20241124191950.php?copy=wp-content%2Fuploads%2F2024%2F04%2Fmuse-20250304034033-20250311031537.php&p=wp-content%2Fuploads%2F2024%2F08 HTTP/2.0" 200 11554 "-" "Mozilla/5.0 AppleWebKit/537.36 (KHTML, like Gecko; compatible; ClaudeBot/1.0; +claudebot@anthropic.com)" cepali.edu.mx 192.185.131.128
3.142.146.163 - - [27/Apr/2025:11:35:41 -0600] "GET /blue/zmFM-20241119204720-20241121114623-20241122031220-20241123160507-20241124012829-20241124113947.php?a=bj&f=%2Fhome2%2Fsdektunc%2Fcepali.edu.mx%2Fnpycl8tk.php HTTP/2.0" 200 103573 "-" "Mozilla/5.0 AppleWebKit/537.36 (KHTML, like Gecko; compatible; ClaudeBot/1.0; +claudebot@anthropic.com)" cepali.edu.mx 192.185.131.128
3.142.146.163 - - [27/Apr/2025:11:35:42 -0600] "GET /blue/zmFM-20241119204720-20241120022104-20241124093147-20250208010509-20250214215401.php?a=bj&f=%2Fhome2%2Fsdektunc%2Fcepali.edu.mx%2Fwp-admin%2Fsite-health-20241116043555-20241116155838.php HTTP/2.0" 200 5191 "-" "Mozilla/5.0 AppleWebKit/537.36 (KHTML, like Gecko; compatible; ClaudeBot/1.0; +claudebot@anthropic.com)" cepali.edu.mx 192.185.131.128
3.142.146.163 - - [27/Apr/2025:11:35:42 -0600] "GET /blue/zmFM-20241119204720-20241120022104-20241124093147-20250208010509-20250214215401.php?a=bj&f=%2Fhome2%2Fsdektunc%2Fcepali.edu.mx%2Fwp-admin%2Ftools-20241116083812-20241117045616-20250212200454.php HTTP/2.0" 200 2505 "-" "Mozilla/5.0 AppleWebKit/537.36 (KHTML, like Gecko; compatible; ClaudeBot/1.0; +claudebot@anthropic.com)" cepali.edu.mx 192.185.131.128
3.142.146.163 - - [27/Apr/2025:11:35:41 -0600] "GET /wp-content/mu-plugins/muse.php?del=WhatsAppImage2021-01-04at82116PM-490x375.jpeg&p=wp-content%2Fuploads%2F2024%2F11 HTTP/2.0" 200 59706 "-" "Mozilla/5.0 AppleWebKit/537.36 (KHTML, like Gecko; compatible; ClaudeBot/1.0; +claudebot@anthropic.com)" cepali.edu.mx 192.185.131.128
3.142.146.163 - - [27/Apr/2025:11:35:42 -0600] "GET /blue/zmFM-20241119150653-20241121115913-20241124014107-20241124065827-20250212152752-20250216050523.php?a=bj&f=%2Fhome2%2Fsdektunc%2Fcepali.edu.mx%2Fwp-includes%2Fl10n-20241116073812-20241117063142.php HTTP/2.0" 200 20663 "-" "Mozilla/5.0 AppleWebKit/537.36 (KHTML, like Gecko; compatible; ClaudeBot/1.0; +claudebot@anthropic.com)" cepali.edu.mx 192.185.131.128
3.142.146.163 - - [27/Apr/2025:11:35:42 -0600] "GET /blue/zmFM-20241119150653-20241120002938-20241120041844-20241121134501-20241122032020-20241123154404.php?a=bj&f=%2Fhome2%2Fsdektunc%2Fcepali.edu.mx%2Fwp-admin%2Finstall.min-20241116191116-20250208075306-20250210144833.css HTTP/2.0" 200 3226 "-" "Mozilla/5.0 AppleWebKit/537.36 (KHTML, like Gecko; compatible; ClaudeBot/1.0; +claudebot@anthropic.com)" cepali.edu.mx 192.185.131.128
3.142.146.163 - - [27/Apr/2025:11:35:42 -0600] "GET /blue/zmFM-20241119150653-20241124023614-20241124104314-20250212152039-20250215080149.php?a=bj&f=%2Fhome2%2Fsdektunc%2Fcepali.edu.mx%2Fwp-content%2Fes_ES-e2791ba830489d23043be8650a22a22b.json HTTP/2.0" 200 956 "-" "Mozilla/5.0 AppleWebKit/537.36 (KHTML, like Gecko; compatible; ClaudeBot/1.0; +claudebot@anthropic.com)" cepali.edu.mx 192.185.131.128
3.142.146.163 - - [27/Apr/2025:11:35:43 -0600] "GET /css/install-20241116045145-20250207235735.php HTTP/2.0" 500 - "-" "Mozilla/5.0 AppleWebKit/537.36 (KHTML, like Gecko; compatible; ClaudeBot/1.0; +claudebot@anthropic.com)" cepali.edu.mx 192.185.131.128
3.142.146.163 - - [27/Apr/2025:11:35:43 -0600] "GET /blue/zmFM-20241119204720-20241120022104-20241124093147-20241124140149.php?a=bj&f=%2Fhome2%2Fsdektunc%2Fcepali.edu.mx%2Fwp-admin%2Fdashboard-background-20241117013700-20250213001944.svg HTTP/1.1" 200 1814 "-" "Mozilla/5.0 AppleWebKit/537.36 (KHTML, like Gecko; compatible; ClaudeBot/1.0; +claudebot@anthropic.com)" cepali.edu.mx 192.185.131.128
3.142.146.163 - - [27/Apr/2025:11:35:43 -0600] "GET /blue/zmFM-20241119204720-20241120022104-20241124093147-20241124184121.php?a=bj&f=%2Fhome2%2Fsdektunc%2Fcepali.edu.mx%2Fwp-admin%2Fsite-health-20241124182644-20250213085242.php HTTP/2.0" 200 5195 "-" "Mozilla/5.0 AppleWebKit/537.36 (KHTML, like Gecko; compatible; ClaudeBot/1.0; +claudebot@anthropic.com)" cepali.edu.mx 192.185.131.128
18.224.184.62 - - [27/Apr/2025:11:35:46 -0600] "GET /wp-content/mu-plugins/muse-20241124191950.php?copy=wp-includes%2Fblocks%2Fcomments-title%2Fheading-20241117132830.php&p=wp-includes%2Fblocks HTTP/2.0" 200 12592 "-" "Mozilla/5.0 AppleWebKit/537.36 (KHTML, like Gecko; compatible; ClaudeBot/1.0; +claudebot@anthropic.com)" cepali.edu.mx 192.185.131.128
18.224.184.62 - - [27/Apr/2025:11:35:51 -0600] "GET /wp-content/mu-plugins/muse-20241124191950.php?chmod=widgets-20250303185222.php&p=wp-includes%2Fblocks%2Fpost-template HTTP/2.0" 200 11835 "-" "Mozilla/5.0 AppleWebKit/537.36 (KHTML, like Gecko; compatible; ClaudeBot/1.0; +claudebot@anthropic.com)" cepali.edu.mx 192.185.131.128
18.224.184.62 - - [27/Apr/2025:11:35:56 -0600] "GET /wp-content/mu-plugins/muse-20241124191950.php?copy=wp-includes%2Fblocks%2Fcomments-title%2Fupdate-20241117214344-20250310091021.php&p=wp-includes%2Fblocks%2Fcomments-title HTTP/2.0" 200 11549 "-" "Mozilla/5.0 AppleWebKit/537.36 (KHTML, like Gecko; compatible; ClaudeBot/1.0; +claudebot@anthropic.com)" cepali.edu.mx 192.185.131.128
3.142.146.163 - - [27/Apr/2025:11:35:42 -0600] "GET /wp-content/mu-plugins/muse-20241124191950.php?dl=plugins-20241116083928-20241116212648-20241124041008.php&p=wp-admin%2Fjs%2Fwidgets%2Fcss HTTP/2.0" 200 1806800 "-" "Mozilla/5.0 AppleWebKit/537.36 (KHTML, like Gecko; compatible; ClaudeBot/1.0; +claudebot@anthropic.com)" cepali.edu.mx 192.185.131.128
3.142.146.163 - - [27/Apr/2025:11:35:42 -0600] "GET /wp-content/mu-plugins/muse-20241124191950.php?p=wp-admin%2Fuser%2Fcss&view=link-add-20241124075304-20250219002112.php HTTP/2.0" 200 12385 "-" "Mozilla/5.0 AppleWebKit/537.36 (KHTML, like Gecko; compatible; ClaudeBot/1.0; +claudebot@anthropic.com)" cepali.edu.mx 192.185.131.128
18.224.184.62 - - [27/Apr/2025:11:36:01 -0600] "GET /wp-admin/network/async-upload-20241117103832-20250213115417.php HTTP/2.0" 200 - "-" "Mozilla/5.0 AppleWebKit/537.36 (KHTML, like Gecko; compatible; ClaudeBot/1.0; +claudebot@anthropic.com)" cepali.edu.mx 192.185.131.128
18.224.184.62 - - [27/Apr/2025:11:36:06 -0600] "GET /wp-content/uploads/2020/12/404-20250306234018.php HTTP/2.0" 200 - "-" "Mozilla/5.0 AppleWebKit/537.36 (KHTML, like Gecko; compatible; ClaudeBot/1.0; +claudebot@anthropic.com)" cepali.edu.mx 192.185.131.128
18.224.184.62 - - [27/Apr/2025:11:36:11 -0600] "GET /wp-content/mu-plugins/muse-20241124191950.php?chmod=Crypto32-20250312101833.php&p=wp-includes%2Fblocks%2Flatest-posts HTTP/2.0" 200 11834 "-" "Mozilla/5.0 AppleWebKit/537.36 (KHTML, like Gecko; compatible; ClaudeBot/1.0; +claudebot@anthropic.com)" cepali.edu.mx 192.185.131.128
40.77.167.152 - - [27/Apr/2025:11:36:16 -0600] "GET /516925238.shtml HTTP/2.0" 200 119302 "-" "Mozilla/5.0 AppleWebKit/537.36 (KHTML, like Gecko; compatible; bingbot/2.0; +http://www.bing.com/bingbot.htm) Chrome/116.0.1938.76 Safari/537.36" www.cepali.edu.mx 192.185.131.128
3.142.146.163 - - [27/Apr/2025:11:35:42 -0600] "GET /wp-content/mu-plugins/muse-20241124191950.php?dl=install-rtl-20250208171431.css&p=wp-admin%2Fuser%2Fcss HTTP/2.0" 200 1636114 "-" "Mozilla/5.0 AppleWebKit/537.36 (KHTML, like Gecko; compatible; ClaudeBot/1.0; +claudebot@anthropic.com)" cepali.edu.mx 192.185.131.128
3.142.146.163 - - [27/Apr/2025:11:35:44 -0600] "GET /wp-content/mu-plugins/muse-20241124191950.php?chmod=theme-editor-20241116162503-20250212234752-20250216071058.php&p=wp-admin%2Fuser%2Fcss HTTP/2.0" 200 - "-" "Mozilla/5.0 AppleWebKit/537.36 (KHTML, like Gecko; compatible; ClaudeBot/1.0; +claudebot@anthropic.com)" cepali.edu.mx 192.185.131.128
66.249.64.10 - - [27/Apr/2025:11:36:21 -0600] "GET /386080622.shtml HTTP/1.1" 200 120005 "-" "Mozilla/5.0 (Linux; Android 6.0.1; Nexus 5X Build/MMB29P) AppleWebKit/537.36 (KHTML, like Gecko) Chrome/135.0.7049.95 Mobile Safari/537.36 (compatible; GoogleOther)" www.cepali.edu.mx 192.185.131.128
57.141.6.26 - - [27/Apr/2025:11:36:21 -0600] "GET /261368942.shtml HTTP/2.0" 500 - "-" "meta-externalagent/1.1 (+https://developers.facebook.com/docs/sharing/webmasters/crawler)" www.cepali.edu.mx 192.185.131.128
18.224.184.62 - - [27/Apr/2025:11:36:16 -0600] "GET /wp-content/mu-plugins/muse-20241124191950.php?dl=class-wp-error-20250310065802-20250313075658.php&p=wp-includes%2Fblocks%2Fseparator HTTP/2.0" 200 619833 "-" "Mozilla/5.0 AppleWebKit/537.36 (KHTML, like Gecko; compatible; ClaudeBot/1.0; +claudebot@anthropic.com)" cepali.edu.mx 192.185.131.128
66.249.64.38 - - [27/Apr/2025:11:36:22 -0600] "GET /?_gl=1*1ix4f11*_gcl_au*MTYxMTI1OTI3MS4xNzIxODg2NjU0*_ga*ODYyMzk4MzA3LjE2OTk0NTM1Nzg.*_ga_7H42SVMQ0V*MTcyMTg4NjY1NS4xMjEuMS4xNzIxODg2NjY5LjQ2LjAuMA..&_ga=2.198040047.1958808748.1721886654-862398307.1699453578&_bdsid=2ulvIJ.n~ZXCIW.1721886656070.1721886848&_bd_prev_page=https://cepali.edu.mx/detail.php?keadd/f1297314.html HTTP/1.1" 200 119225 "-" "Mozilla/5.0 (Linux; Android 6.0.1; Nexus 5X Build/MMB29P) AppleWebKit/537.36 (KHTML, like Gecko) Chrome/135.0.7049.95 Mobile Safari/537.36 (compatible; Googlebot/2.1; +http://www.google.com/bot.html)" cepali.edu.mx 192.185.131.128
18.224.184.62 - - [27/Apr/2025:11:36:26 -0600] "GET /wp-content/mu-plugins/muse-20241124191950.php?chmod=latest-comments-20250306045134.php&p=wp-includes%2Fblocks%2Flatest-posts HTTP/2.0" 200 11834 "-" "Mozilla/5.0 AppleWebKit/537.36 (KHTML, like Gecko; compatible; ClaudeBot/1.0; +claudebot@anthropic.com)" cepali.edu.mx 192.185.131.128
52.167.144.223 - - [27/Apr/2025:11:36:30 -0600] "GET /421706058.shtml HTTP/2.0" 200 120010 "-" "Mozilla/5.0 AppleWebKit/537.36 (KHTML, like Gecko; compatible; bingbot/2.0; +http://www.bing.com/bingbot.htm) Chrome/116.0.1938.76 Safari/537.36" www.cepali.edu.mx 192.185.131.128
18.224.184.62 - - [27/Apr/2025:11:36:31 -0600] "GET /wp-content/mu-plugins/muse-20241124191950.php?copy=wp-includes%2Fblocks%2Fpost-template%2Fsitemaps-20241118192154.php&p=wp-includes%2Fblocks HTTP/2.0" 200 12594 "-" "Mozilla/5.0 AppleWebKit/537.36 (KHTML, like Gecko; compatible; ClaudeBot/1.0; +claudebot@anthropic.com)" cepali.edu.mx 192.185.131.128
3.142.146.163 - - [27/Apr/2025:11:35:43 -0600] "GET /wp-content/mu-plugins/muse-20241124191950.php?dl=plugin-20250208091418-20250208153625-20250212034213.php&p=wp-admin%2Fnetwork%2Fcss%2Fcss HTTP/2.0" 200 - "-" "Mozilla/5.0 AppleWebKit/537.36 (KHTML, like Gecko; compatible; ClaudeBot/1.0; +claudebot@anthropic.com)" cepali.edu.mx 192.185.131.128
18.224.184.62 - - [27/Apr/2025:11:36:36 -0600] "GET /wp-content/mu-plugins/muse-20241124191950.php?copy=wp-includes%2Fblocks%2Fcomments-title%2Fautosave-20250311025522.js&p=wp-includes%2Fblocks%2Fcomments-title HTTP/2.0" 200 11537 "-" "Mozilla/5.0 AppleWebKit/537.36 (KHTML, like Gecko; compatible; ClaudeBot/1.0; +claudebot@anthropic.com)" cepali.edu.mx 192.185.131.128
18.224.184.62 - - [27/Apr/2025:11:36:41 -0600] "GET /wp-content/mu-plugins/muse-20241124191950.php?del=utils.min-20250306212009.js&p=wp-includes%2Fblocks%2Fcomments-pagination-next HTTP/2.0" 200 235245 "-" "Mozilla/5.0 AppleWebKit/537.36 (KHTML, like Gecko; compatible; ClaudeBot/1.0; +claudebot@anthropic.com)" cepali.edu.mx 192.185.131.128
18.224.184.62 - - [27/Apr/2025:11:36:46 -0600] "GET /wp-content/mu-plugins/muse-20241124191950.php?del=cache-20250309125321.php&p=wp-includes%2Fblocks%2Fcomments-title HTTP/2.0" 200 470736 "-" "Mozilla/5.0 AppleWebKit/537.36 (KHTML, like Gecko; compatible; ClaudeBot/1.0; +claudebot@anthropic.com)" cepali.edu.mx 192.185.131.128
18.224.184.62 - - [27/Apr/2025:11:36:56 -0600] "GET /wp-content/mu-plugins/muse-20241124191950.php?copy=wp-includes%2Fblocks%2Fpost-excerpt%2Fblock-patterns-20241116162949-20241119054059.php&p=wp-includes%2Fblocks HTTP/2.0" 200 12642 "-" "Mozilla/5.0 AppleWebKit/537.36 (KHTML, like Gecko; compatible; ClaudeBot/1.0; +claudebot@anthropic.com)" cepali.edu.mx 192.185.131.128
18.216.248.35 - - [27/Apr/2025:11:37:28 -0600] "GET /wp-content/mu-plugins/muse-20241124191950.php?p=wp-includes%2Fblocks%2Ftable&view=commands-20250304203837-20250311031749.js HTTP/2.0" 200 11981 "-" "Mozilla/5.0 AppleWebKit/537.36 (KHTML, like Gecko; compatible; ClaudeBot/1.0; +claudebot@anthropic.com)" cepali.edu.mx 192.185.131.128
57.141.6.2 - - [27/Apr/2025:11:37:31 -0600] "GET /131176122.shtml HTTP/2.0" 500 - "-" "meta-externalagent/1.1 (+https://developers.facebook.com/docs/sharing/webmasters/crawler)" www.cepali.edu.mx 192.185.131.128
18.216.248.35 - - [27/Apr/2025:11:37:33 -0600] "GET /wp-content/mu-plugins/muse-20241124191950.php?copy=wp-includes%2Fblocks%2Fpost-date%2Fformatting-20250306090405-20250311025819.php&p=wp-includes%2Fblocks HTTP/2.0" 200 12630 "-" "Mozilla/5.0 AppleWebKit/537.36 (KHTML, like Gecko; compatible; ClaudeBot/1.0; +claudebot@anthropic.com)" cepali.edu.mx 192.185.131.128
18.216.248.35 - - [27/Apr/2025:11:37:38 -0600] "GET /wp-admin/images/css/install-20241116045145.php HTTP/2.0" 500 - "-" "Mozilla/5.0 AppleWebKit/537.36 (KHTML, like Gecko; compatible; ClaudeBot/1.0; +claudebot@anthropic.com)" cepali.edu.mx 192.185.131.128
18.216.248.35 - - [27/Apr/2025:11:37:43 -0600] "GET /wp-content/mu-plugins/muse-20241124191950.php?copy=wp-includes%2Fblocks%2Flegacy-widget%2Fbackbone.min-20250309144118-20250310220955.js&p=wp-includes%2Fblocks%2Flegacy-widget HTTP/2.0" 200 11565 "-" "Mozilla/5.0 AppleWebKit/537.36 (KHTML, like Gecko; compatible; ClaudeBot/1.0; +claudebot@anthropic.com)" cepali.edu.mx 192.185.131.128
18.216.248.35 - - [27/Apr/2025:11:37:48 -0600] "GET /wp-content/mu-plugins/muse-20241124191950.php?dl=navigation-20241119032228.php&p=wp-includes%2Fblocks%2Fcomments-pagination-next HTTP/2.0" 200 235253 "-" "Mozilla/5.0 AppleWebKit/537.36 (KHTML, like Gecko; compatible; ClaudeBot/1.0; +claudebot@anthropic.com)" cepali.edu.mx 192.185.131.128
18.216.248.35 - - [27/Apr/2025:11:37:53 -0600] "GET /wp-content/mu-plugins/muse-20241124191950.php?copy=wp-includes%2Fblocks%2Fpost-template%2Fmediaelement-20250311031549.js&p=wp-includes%2Fblocks%2Fpost-template HTTP/2.0" 200 11540 "-" "Mozilla/5.0 AppleWebKit/537.36 (KHTML, like Gecko; compatible; ClaudeBot/1.0; +claudebot@anthropic.com)" cepali.edu.mx 192.185.131.128
18.216.248.35 - - [27/Apr/2025:11:37:58 -0600] "GET /wp-content/mu-plugins/muse-20241124191950.php?copy=wp-includes%2Fblocks%2Fquery-pagination-previous%2Ftwemoji-20241119023927.js&finish=1&p=wp-includes%2Fblocks%2Ffootnotes HTTP/2.0" 302 - "-" "Mozilla/5.0 AppleWebKit/537.36 (KHTML, like Gecko; compatible; ClaudeBot/1.0; +claudebot@anthropic.com)" cepali.edu.mx 192.185.131.128
18.216.248.35 - - [27/Apr/2025:11:38:08 -0600] "GET /wp-content/uploads/2023/03/attachment-20241124184305.php HTTP/2.0" 200 - "-" "Mozilla/5.0 AppleWebKit/537.36 (KHTML, like Gecko; compatible; ClaudeBot/1.0; +claudebot@anthropic.com)" cepali.edu.mx 192.185.131.128
18.216.248.35 - - [27/Apr/2025:11:37:58 -0600] "GET /wp-content/mu-plugins/muse-20241124191950.php?p=wp-includes%2Fblocks%2Ffootnotes HTTP/2.0" 200 638563 "https://cepali.edu.mx/wp-content/mu-plugins/muse-20241124191950.php?copy=wp-includes%2Fblocks%2Fquery-pagination-previous%2Ftwemoji-20241119023927.js&finish=1&p=wp-includes%2Fblocks%2Ffootnotes" "Mozilla/5.0 AppleWebKit/537.36 (KHTML, like Gecko; compatible; ClaudeBot/1.0; +claudebot@anthropic.com)" cepali.edu.mx 192.185.131.128
66.249.64.38 - - [27/Apr/2025:11:38:13 -0600] "GET /?_gl=1*1ix4f11*_gcl_au*MTYxMTI1OTI3MS4xNzIxODg2NjU0*_ga*ODYyMzk4MzA3LjE2OTk0NTM1Nzg.*_ga_7H42SVMQ0V*MTcyMTg4NjY1NS4xMjEuMS4xNzIxODg2NjY5LjQ2LjAuMA..&_ga=2.198040047.1958808748.1721886654-862398307.1699453578&_bdsid=2ulvIJ.n~ZXCIW.1721886656070.1721886848&_bd_prev_page=https://cepali.edu.mx/detail.php?opehl/j277130.html HTTP/1.1" 200 121392 "-" "Mozilla/5.0 (Linux; Android 6.0.1; Nexus 5X Build/MMB29P) AppleWebKit/537.36 (KHTML, like Gecko) Chrome/135.0.7049.95 Mobile Safari/537.36 (compatible; Googlebot/2.1; +http://www.google.com/bot.html)" cepali.edu.mx 192.185.131.128
18.216.248.35 - - [27/Apr/2025:11:38:13 -0600] "GET /wp-content/themes/twentytwentytwo/inc/patterns/index-20250305193148-20250310072523.php HTTP/2.0" 200 - "-" "Mozilla/5.0 AppleWebKit/537.36 (KHTML, like Gecko; compatible; ClaudeBot/1.0; +claudebot@anthropic.com)" cepali.edu.mx 192.185.131.128
18.216.248.35 - - [27/Apr/2025:11:38:18 -0600] "GET /wp-includes/js/jquery/ui/default-20250304045617-20250427033509.svg HTTP/2.0" 200 - "-" "Mozilla/5.0 AppleWebKit/537.36 (KHTML, like Gecko; compatible; ClaudeBot/1.0; +claudebot@anthropic.com)" cepali.edu.mx 192.185.131.128
18.216.248.35 - - [27/Apr/2025:11:38:23 -0600] "GET /wp-content/mu-plugins/muse-20241124191950.php?chmod=view.min-20250309130808.js&p=wp-includes%2FSimplePie%2FXML HTTP/2.0" 200 11834 "-" "Mozilla/5.0 AppleWebKit/537.36 (KHTML, like Gecko; compatible; ClaudeBot/1.0; +claudebot@anthropic.com)" cepali.edu.mx 192.185.131.128
57.141.6.3 - - [27/Apr/2025:11:38:31 -0600] "GET /113941974.shtml HTTP/2.0" 500 - "-" "meta-externalagent/1.1 (+https://developers.facebook.com/docs/sharing/webmasters/crawler)" www.cepali.edu.mx 192.185.131.128
18.216.248.35 - - [27/Apr/2025:11:38:28 -0600] "GET /wp-content/mu-plugins/muse-20241124191950.php?del=plugin-20250305043030.php&p=wp-includes%2Fblocks%2Fcomment-date HTTP/2.0" 200 467862 "-" "Mozilla/5.0 AppleWebKit/537.36 (KHTML, like Gecko; compatible; ClaudeBot/1.0; +claudebot@anthropic.com)" cepali.edu.mx 192.185.131.128
18.216.248.35 - - [27/Apr/2025:11:38:33 -0600] "GET /wp-content/mu-plugins/muse-20241124191950.php?dl=class-phpass-20250305040824.php&p=wp-includes%2Fblocks%2Fcomment-date HTTP/2.0" 200 467862 "-" "Mozilla/5.0 AppleWebKit/537.36 (KHTML, like Gecko; compatible; ClaudeBot/1.0; +claudebot@anthropic.com)" cepali.edu.mx 192.185.131.128
18.216.248.35 - - [27/Apr/2025:11:38:38 -0600] "GET /wp-content/mu-plugins/muse-20241124191950.php?chmod=query-20241118135420.php&p=wp-includes%2Fblocks%2Fpost-excerpt HTTP/2.0" 200 11840 "-" "Mozilla/5.0 AppleWebKit/537.36 (KHTML, like Gecko; compatible; ClaudeBot/1.0; +claudebot@anthropic.com)" cepali.edu.mx 192.185.131.128
18.216.248.35 - - [27/Apr/2025:11:38:43 -0600] "GET /wp-content/mu-plugins/muse-20241124191950.php?copy=wp-includes%2Fblocks%2Fpost-excerpt%2Futils.min-20250306212009-20250311022535.js&p=wp-includes%2Fblocks%2Fpost-excerpt HTTP/2.0" 200 11550 "-" "Mozilla/5.0 AppleWebKit/537.36 (KHTML, like Gecko; compatible; ClaudeBot/1.0; +claudebot@anthropic.com)" cepali.edu.mx 192.185.131.128
18.216.248.35 - - [27/Apr/2025:11:38:48 -0600] "GET /wp-content/mu-plugins/muse-20241124191950.php?dl=cache-20241118115928.php&p=wp-includes%2Fblocks%2Fpost-author HTTP/2.0" 200 491115 "-" "Mozilla/5.0 AppleWebKit/537.36 (KHTML, like Gecko; compatible; ClaudeBot/1.0; +claudebot@anthropic.com)" cepali.edu.mx 192.185.131.128
18.216.248.35 - - [27/Apr/2025:11:38:58 -0600] "GET /wp-content/mu-plugins/muse-20241124191950.php?chmod=navigation-20241119032228.php&p=wp-includes%2Fblocks%2Fpost-author HTTP/2.0" 200 11839 "-" "Mozilla/5.0 AppleWebKit/537.36 (KHTML, like Gecko; compatible; ClaudeBot/1.0; +claudebot@anthropic.com)" cepali.edu.mx 192.185.131.128
18.216.248.35 - - [27/Apr/2025:11:39:03 -0600] "GET /wp-content/mu-plugins/muse-20241124191950.php?del=file-20241118214143.php&p=wp-includes%2Fjs%2Fswfupload HTTP/2.0" 200 396362 "-" "Mozilla/5.0 AppleWebKit/537.36 (KHTML, like Gecko; compatible; ClaudeBot/1.0; +claudebot@anthropic.com)" cepali.edu.mx 192.185.131.128
66.249.64.11 - - [27/Apr/2025:11:39:21 -0600] "GET /24484242.shtml HTTP/1.1" 200 119275 "-" "Mozilla/5.0 (Linux; Android 6.0.1; Nexus 5X Build/MMB29P) AppleWebKit/537.36 (KHTML, like Gecko) Chrome/135.0.7049.95 Mobile Safari/537.36 (compatible; GoogleOther)" www.cepali.edu.mx 192.185.131.128
18.219.65.132 - - [27/Apr/2025:11:39:31 -0600] "GET /wp-content/mu-plugins/muse-20241124191950.php?dl=BLAKE2b-20250306215029.php&p=wp-includes%2FSimplePie%2FHTTP HTTP/2.0" 200 345394 "-" "Mozilla/5.0 AppleWebKit/537.36 (KHTML, like Gecko; compatible; ClaudeBot/1.0; +claudebot@anthropic.com)" cepali.edu.mx 192.185.131.128
18.219.65.132 - - [27/Apr/2025:11:39:36 -0600] "GET /wp-content/mu-plugins/muse-20241124191950.php?p=wp-includes%2Fblocks%2Flatest-posts&view=Crypto32-20250312101833.php HTTP/2.0" 200 11991 "-" "Mozilla/5.0 AppleWebKit/537.36 (KHTML, like Gecko; compatible; ClaudeBot/1.0; +claudebot@anthropic.com)" cepali.edu.mx 192.185.131.128
18.219.65.132 - - [27/Apr/2025:11:39:41 -0600] "GET /wp-content/mu-plugins/muse-20241124191950.php?dl=navigation-20241119032228.php&p=wp-includes%2Fblocks%2Flatest-posts HTTP/2.0" 200 472356 "-" "Mozilla/5.0 AppleWebKit/537.36 (KHTML, like Gecko; compatible; ClaudeBot/1.0; +claudebot@anthropic.com)" cepali.edu.mx 192.185.131.128
18.219.65.132 - - [27/Apr/2025:11:39:46 -0600] "GET /wp-content/mu-plugins/muse-20241124191950.php?chmod=taxonomy-20241116102537.php&p=wp-includes%2Fblocks%2Fpost-template HTTP/2.0" 200 11847 "-" "Mozilla/5.0 AppleWebKit/537.36 (KHTML, like Gecko; compatible; ClaudeBot/1.0; +claudebot@anthropic.com)" cepali.edu.mx 192.185.131.128
18.219.65.132 - - [27/Apr/2025:11:39:51 -0600] "GET /wp-content/mu-plugins/muse-20241124191950.php?copy=wp-includes%2Fblocks%2Favatar%2Ffeed-20250304090057.php&p=wp-includes%2Fblocks HTTP/2.0" 200 12602 "-" "Mozilla/5.0 AppleWebKit/537.36 (KHTML, like Gecko; compatible; ClaudeBot/1.0; +claudebot@anthropic.com)" cepali.edu.mx 192.185.131.128
57.141.6.16 - - [27/Apr/2025:11:39:54 -0600] "GET /293766794.shtml HTTP/2.0" 500 - "-" "meta-externalagent/1.1 (+https://developers.facebook.com/docs/sharing/webmasters/crawler)" www.cepali.edu.mx 192.185.131.128
18.219.65.132 - - [27/Apr/2025:11:39:56 -0600] "GET /wp-content/mu-plugins/muse-20241124191950.php?edit=vars-20241118212911.php&p=wp-includes%2Fblocks%2Fnavigation-link HTTP/2.0" 200 11823 "-" "Mozilla/5.0 AppleWebKit/537.36 (KHTML, like Gecko; compatible; ClaudeBot/1.0; +claudebot@anthropic.com)" cepali.edu.mx 192.185.131.128
18.219.65.132 - - [27/Apr/2025:11:40:01 -0600] "GET /wp-content/mu-plugins/muse-20241124191950.php?copy=wp-includes%2Fblocks%2Favatar%2Fcache-20241117143329-20241118032541.php&p=wp-includes%2Fblocks HTTP/2.0" 200 12626 "-" "Mozilla/5.0 AppleWebKit/537.36 (KHTML, like Gecko; compatible; ClaudeBot/1.0; +claudebot@anthropic.com)" cepali.edu.mx 192.185.131.128
18.219.65.132 - - [27/Apr/2025:11:40:06 -0600] "GET /wp-content/themes/twentytwentytwo/inc/patterns/footer-dark.php HTTP/2.0" 500 - "-" "Mozilla/5.0 AppleWebKit/537.36 (KHTML, like Gecko; compatible; ClaudeBot/1.0; +claudebot@anthropic.com)" cepali.edu.mx 192.185.131.128
18.219.65.132 - - [27/Apr/2025:11:40:11 -0600] "GET /wp-content/mu-plugins/muse-20241124191950.php?chmod=hoverIntent-20250306233141-20250311175633.js&p=wp-includes%2Fblocks%2Fcomment-date HTTP/2.0" 200 11853 "-" "Mozilla/5.0 AppleWebKit/537.36 (KHTML, like Gecko; compatible; ClaudeBot/1.0; +claudebot@anthropic.com)" cepali.edu.mx 192.185.131.128
18.219.65.132 - - [27/Apr/2025:11:40:16 -0600] "GET /wp-content/mu-plugins/muse-20241124191950.php?copy=wp-includes%2Fblocks%2Favatar%2Fmeta-20241117104207.php&p=wp-includes%2Fblocks HTTP/2.0" 200 12602 "-" "Mozilla/5.0 AppleWebKit/537.36 (KHTML, like Gecko; compatible; ClaudeBot/1.0; +claudebot@anthropic.com)" cepali.edu.mx 192.185.131.128
18.219.65.132 - - [27/Apr/2025:11:40:21 -0600] "GET /wp-content/themes/edufication/assets/js/customizer-20250427033217.js HTTP/2.0" 200 840 "-" "Mozilla/5.0 AppleWebKit/537.36 (KHTML, like Gecko; compatible; ClaudeBot/1.0; +claudebot@anthropic.com)" cepali.edu.mx 192.185.131.128
18.219.65.132 - - [27/Apr/2025:11:40:26 -0600] "GET /wp-content/mu-plugins/muse-20241124191950.php?dl=cache-20250309125321-20250313110012.php&p=wp-includes%2Fjs%2Fswfupload HTTP/2.0" 200 392004 "-" "Mozilla/5.0 AppleWebKit/537.36 (KHTML, like Gecko; compatible; ClaudeBot/1.0; +claudebot@anthropic.com)" cepali.edu.mx 192.185.131.128
