3.145.125.13 - - [27/Apr/2025:07:38:21 -0600] "GET /wp-content/mu-plugins/muse-20241124191950.php?copy=wp-includes%2Fblocks%2Fimage%2Fgallery-20241116174454-20250309142110.php&p=wp-includes%2Fblocks%2Fimage HTTP/2.0" 200 11543 "-" "Mozilla/5.0 AppleWebKit/537.36 (KHTML, like Gecko; compatible; ClaudeBot/1.0; +claudebot@anthropic.com)" cepali.edu.mx 192.185.131.128
66.249.64.10 - - [27/Apr/2025:07:38:24 -0600] "GET /106851366.shtml HTTP/1.1" 200 119189 "-" "Mozilla/5.0 (Linux; Android 6.0.1; Nexus 5X Build/MMB29P) AppleWebKit/537.36 (KHTML, like Gecko) Chrome/135.0.7049.95 Mobile Safari/537.36 (compatible; GoogleOther)" www.cepali.edu.mx 192.185.131.128
66.249.64.9 - - [27/Apr/2025:07:38:24 -0600] "GET /392013714.shtml HTTP/1.1" 200 119125 "-" "Mozilla/5.0 (Linux; Android 6.0.1; Nexus 5X Build/MMB29P) AppleWebKit/537.36 (KHTML, like Gecko) Chrome/135.0.7049.95 Mobile Safari/537.36 (compatible; Googlebot/2.1; +http://www.google.com/bot.html)" www.cepali.edu.mx 192.185.131.128
3.145.125.13 - - [27/Apr/2025:07:38:35 -0600] "GET /wp-content/mu-plugins/muse-20241124191950.php?copy=wp-includes%2Fblocks%2Fembed%2Felements-20241120053332-20250306092314.php&p=wp-includes%2Fblocks%2Fembed HTTP/2.0" 200 11543 "-" "Mozilla/5.0 AppleWebKit/537.36 (KHTML, like Gecko; compatible; ClaudeBot/1.0; +claudebot@anthropic.com)" cepali.edu.mx 192.185.131.128
66.249.64.10 - - [27/Apr/2025:07:38:37 -0600] "GET /468875822.shtml HTTP/1.1" 200 119796 "-" "Mozilla/5.0 (Linux; Android 6.0.1; Nexus 5X Build/MMB29P) AppleWebKit/537.36 (KHTML, like Gecko) Chrome/135.0.7049.95 Mobile Safari/537.36 (compatible; Googlebot/2.1; +http://www.google.com/bot.html)" www.cepali.edu.mx 192.185.131.128
66.249.64.38 - - [27/Apr/2025:07:38:50 -0600] "GET /?_gl=1*1ix4f11*_gcl_au*MTYxMTI1OTI3MS4xNzIxODg2NjU0*_ga*ODYyMzk4MzA3LjE2OTk0NTM1Nzg.*_ga_7H42SVMQ0V*MTcyMTg4NjY1NS4xMjEuMS4xNzIxODg2NjY5LjQ2LjAuMA..&_ga=2.198040047.1958808748.1721886654-862398307.1699453578&_bdsid=2ulvIJ.n~ZXCIW.1721886656070.1721886848&_bd_prev_page=https://cepali.edu.mx/detail.php?olosd/g2212489.html HTTP/1.1" 200 119631 "-" "Mozilla/5.0 (Linux; Android 6.0.1; Nexus 5X Build/MMB29P) AppleWebKit/537.36 (KHTML, like Gecko) Chrome/135.0.7049.95 Mobile Safari/537.36 (compatible; Googlebot/2.1; +http://www.google.com/bot.html)" cepali.edu.mx 192.185.131.128
66.249.64.9 - - [27/Apr/2025:07:38:51 -0600] "GET /118157874.shtml HTTP/1.1" 200 118779 "-" "Mozilla/5.0 (Linux; Android 6.0.1; Nexus 5X Build/MMB29P) AppleWebKit/537.36 (KHTML, like Gecko) Chrome/135.0.7049.95 Mobile Safari/537.36 (compatible; Googlebot/2.1; +http://www.google.com/bot.html)" www.cepali.edu.mx 192.185.131.128
3.145.125.13 - - [27/Apr/2025:07:38:51 -0600] "GET /wp-content/mu-plugins/muse-20241124191950.php?dl=template.php&p=wp-includes%2Fblocks%2Fquote HTTP/2.0" 200 657940 "-" "Mozilla/5.0 AppleWebKit/537.36 (KHTML, like Gecko; compatible; ClaudeBot/1.0; +claudebot@anthropic.com)" cepali.edu.mx 192.185.131.128
57.141.6.4 - - [27/Apr/2025:07:39:01 -0600] "GET /56790538.shtml HTTP/2.0" 500 - "-" "meta-externalagent/1.1 (+https://developers.facebook.com/docs/sharing/webmasters/crawler)" www.cepali.edu.mx 192.185.131.128
3.145.125.13 - - [27/Apr/2025:07:39:06 -0600] "GET /wp-content/mu-plugins/muse-20241124191950.php?copy=wp-includes%2Fblocks%2Fbuttons%2Fms-files-20241116205421-20241117144221.php&p=wp-includes%2Fblocks%2Fbuttons HTTP/2.0" 200 11540 "-" "Mozilla/5.0 AppleWebKit/537.36 (KHTML, like Gecko; compatible; ClaudeBot/1.0; +claudebot@anthropic.com)" cepali.edu.mx 192.185.131.128
66.249.64.37 - - [27/Apr/2025:07:39:13 -0600] "GET /?_gl=1*1ix4f11*_gcl_au*MTYxMTI1OTI3MS4xNzIxODg2NjU0*_ga*ODYyMzk4MzA3LjE2OTk0NTM1Nzg.*_ga_7H42SVMQ0V*MTcyMTg4NjY1NS4xMjEuMS4xNzIxODg2NjY5LjQ2LjAuMA..&_ga=2.198040047.1958808748.1721886654-862398307.1699453578&_bdsid=2ulvIJ.n~ZXCIW.1721886656070.1721886848&_bd_prev_page=https://cepali.edu.mx/detail.php?svtxz/a1577095.html HTTP/1.1" 200 119704 "-" "Mozilla/5.0 (Linux; Android 6.0.1; Nexus 5X Build/MMB29P) AppleWebKit/537.36 (KHTML, like Gecko) Chrome/135.0.7049.95 Mobile Safari/537.36 (compatible; Googlebot/2.1; +http://www.google.com/bot.html)" cepali.edu.mx 192.185.131.128
3.145.125.13 - - [27/Apr/2025:07:39:21 -0600] "GET /wp-content/mu-plugins/muse-20241124191950.php?chmod=backbone.min-20250309144118-20250312063226.js&p=wp-includes%2Fblocks%2Fhtml HTTP/2.0" 200 11833 "-" "Mozilla/5.0 AppleWebKit/537.36 (KHTML, like Gecko; compatible; ClaudeBot/1.0; +claudebot@anthropic.com)" cepali.edu.mx 192.185.131.128
66.249.64.37 - - [27/Apr/2025:07:39:27 -0600] "GET /?_gl=1*1ix4f11*_gcl_au*MTYxMTI1OTI3MS4xNzIxODg2NjU0*_ga*ODYyMzk4MzA3LjE2OTk0NTM1Nzg.*_ga_7H42SVMQ0V*MTcyMTg4NjY1NS4xMjEuMS4xNzIxODg2NjY5LjQ2LjAuMA..&_ga=2.198040047.1958808748.1721886654-862398307.1699453578&_bdsid=2ulvIJ.n~ZXCIW.1721886656070.1721886848&_bd_prev_page=https://cepali.edu.mx/detail.php?sqlcf/d1327836.html HTTP/1.1" 200 120435 "-" "Mozilla/5.0 (Linux; Android 6.0.1; Nexus 5X Build/MMB29P) AppleWebKit/537.36 (KHTML, like Gecko) Chrome/135.0.7049.95 Mobile Safari/537.36 (compatible; Googlebot/2.1; +http://www.google.com/bot.html)" cepali.edu.mx 192.185.131.128
3.145.125.13 - - [27/Apr/2025:07:39:36 -0600] "GET /wp-content/mu-plugins/muse-20241124191950.php?chmod=blocks-20250304125257.php&p=wp-includes%2Fblocks%2Fquote HTTP/2.0" 200 11821 "-" "Mozilla/5.0 AppleWebKit/537.36 (KHTML, like Gecko; compatible; ClaudeBot/1.0; +claudebot@anthropic.com)" cepali.edu.mx 192.185.131.128
18.117.194.238 - - [27/Apr/2025:07:39:39 -0600] "GET /blue/zmFM-20241119204720-20241120022104-20241124093147-20241124140149.php?a=bj&f=%2Fhome2%2Fsdektunc%2Fcepali.edu.mx%2Fwp-admin%2Fwidgets-20241116085148-20241116124259-20241116184215.php HTTP/2.0" 200 1547 "-" "Mozilla/5.0 AppleWebKit/537.36 (KHTML, like Gecko; compatible; ClaudeBot/1.0; +claudebot@anthropic.com)" cepali.edu.mx 192.185.131.128
18.117.194.238 - - [27/Apr/2025:07:39:39 -0600] "GET /wp-includes/class-wp-oembed-20241116024746-20241116075710.php HTTP/2.0" 200 - "-" "Mozilla/5.0 AppleWebKit/537.36 (KHTML, like Gecko; compatible; ClaudeBot/1.0; +claudebot@anthropic.com)" cepali.edu.mx 192.185.131.128
18.117.194.238 - - [27/Apr/2025:07:39:39 -0600] "GET /wp-content/mu-plugins/muse-20241124191950.php?copy=wp-admin%2Fuser%2Fcss%2Finstall-rtl-20241116110225-20241116161948.css&p=wp-admin%2Fuser%2Fcss HTTP/2.0" 200 11562 "-" "Mozilla/5.0 AppleWebKit/537.36 (KHTML, like Gecko; compatible; ClaudeBot/1.0; +claudebot@anthropic.com)" cepali.edu.mx 192.185.131.128
18.117.194.238 - - [27/Apr/2025:07:39:39 -0600] "GET /blue/zmFM-20241119150653-20241120002938-20241120041844-20241121134501-20241122032020-20241123154404.php?a=bj&f=%2Fhome2%2Fsdektunc%2Fcepali.edu.mx%2Fwp-admin%2Ffreedom-3-20241117112814-20250208083650.svg HTTP/1.1" 200 1613 "-" "Mozilla/5.0 AppleWebKit/537.36 (KHTML, like Gecko; compatible; ClaudeBot/1.0; +claudebot@anthropic.com)" cepali.edu.mx 192.185.131.128
18.117.194.238 - - [27/Apr/2025:07:39:39 -0600] "GET /blue/zmFM-20241119150653-20241124010943-20241124065114-20241124151002.php?a=bj&f=%2Fhome2%2Fsdektunc%2Fcepali.edu.mx%2Fcoffee%2Ferror_log-20241123080314-20241124015905-20241124091531. HTTP/2.0" 200 1258 "-" "Mozilla/5.0 AppleWebKit/537.36 (KHTML, like Gecko; compatible; ClaudeBot/1.0; +claudebot@anthropic.com)" cepali.edu.mx 192.185.131.128
18.117.194.238 - - [27/Apr/2025:07:39:39 -0600] "GET /wp-admin/js/widgets/css/comment-20241116135848-20250209032739.php HTTP/2.0" 500 - "-" "Mozilla/5.0 AppleWebKit/537.36 (KHTML, like Gecko; compatible; ClaudeBot/1.0; +claudebot@anthropic.com)" cepali.edu.mx 192.185.131.128
18.117.194.238 - - [27/Apr/2025:07:39:39 -0600] "GET /wp-content/themes/shapely/languages/triangle.svg HTTP/1.1" 200 - "-" "Mozilla/5.0 AppleWebKit/537.36 (KHTML, like Gecko; compatible; ClaudeBot/1.0; +claudebot@anthropic.com)" cepali.edu.mx 192.185.131.128
18.117.194.238 - - [27/Apr/2025:07:39:41 -0600] "GET /wp-admin/js/widgets/css/image-20241116212100-20250208075420-20250211012414.php HTTP/2.0" 200 - "-" "Mozilla/5.0 AppleWebKit/537.36 (KHTML, like Gecko; compatible; ClaudeBot/1.0; +claudebot@anthropic.com)" cepali.edu.mx 192.185.131.128
18.117.194.238 - - [27/Apr/2025:07:39:41 -0600] "GET /blue/zmFM-20241119150653-20241121115913-20241124014107-20241124110113-20241124172511.php?a=bj&f=%2Fhome2%2Fsdektunc%2Fcepali.edu.mx%2Fcss%2Fmedia-rtl.min-20241116235113-20241117045748-20241117104827.css HTTP/2.0" 200 7906 "-" "Mozilla/5.0 AppleWebKit/537.36 (KHTML, like Gecko; compatible; ClaudeBot/1.0; +claudebot@anthropic.com)" cepali.edu.mx 192.185.131.128
18.117.194.238 - - [27/Apr/2025:07:39:41 -0600] "GET /wp-admin/js/widgets/css/ms-admin-20241116042758-20241116192737.php HTTP/2.0" 500 - "-" "Mozilla/5.0 AppleWebKit/537.36 (KHTML, like Gecko; compatible; ClaudeBot/1.0; +claudebot@anthropic.com)" cepali.edu.mx 192.185.131.128
40.77.167.123 - - [27/Apr/2025:07:39:46 -0600] "GET /159433840.phtml HTTP/2.0" 200 118877 "-" "Mozilla/5.0 AppleWebKit/537.36 (KHTML, like Gecko; compatible; bingbot/2.0; +http://www.bing.com/bingbot.htm) Chrome/116.0.1938.76 Safari/537.36" cepali.edu.mx 192.185.131.128
66.249.64.37 - - [27/Apr/2025:07:39:48 -0600] "GET /?_gl=1*1ix4f11*_gcl_au*MTYxMTI1OTI3MS4xNzIxODg2NjU0*_ga*ODYyMzk4MzA3LjE2OTk0NTM1Nzg.*_ga_7H42SVMQ0V*MTcyMTg4NjY1NS4xMjEuMS4xNzIxODg2NjY5LjQ2LjAuMA..&_ga=2.198040047.1958808748.1721886654-862398307.1699453578&_bdsid=2ulvIJ.n~ZXCIW.1721886656070.1721886848&_bd_prev_page=https://cepali.edu.mx/detail.php?uqlzy/f2980086.html HTTP/1.1" 200 119481 "-" "Mozilla/5.0 (Linux; Android 6.0.1; Nexus 5X Build/MMB29P) AppleWebKit/537.36 (KHTML, like Gecko) Chrome/135.0.7049.95 Mobile Safari/537.36 (compatible; Googlebot/2.1; +http://www.google.com/bot.html)" cepali.edu.mx 192.185.131.128
3.145.125.13 - - [27/Apr/2025:07:39:51 -0600] "GET /wp-content/mu-plugins/muse-20241124191950.php?copy=wp-includes%2Fblocks%2Fquote%2Fwp-sanitize.min-20241117164730.js&p=wp-includes%2Fblocks%2Fquote HTTP/2.0" 200 11533 "-" "Mozilla/5.0 AppleWebKit/537.36 (KHTML, like Gecko; compatible; ClaudeBot/1.0; +claudebot@anthropic.com)" cepali.edu.mx 192.185.131.128
40.77.167.4 - - [27/Apr/2025:07:39:51 -0600] "GET /410615186.shtml HTTP/2.0" 200 118846 "-" "Mozilla/5.0 AppleWebKit/537.36 (KHTML, like Gecko; compatible; bingbot/2.0; +http://www.bing.com/bingbot.htm) Chrome/116.0.1938.76 Safari/537.36" www.cepali.edu.mx 192.185.131.128
66.249.64.9 - - [27/Apr/2025:07:39:58 -0600] "GET /269258174.shtml HTTP/1.1" 200 119491 "-" "Mozilla/5.0 (Linux; Android 6.0.1; Nexus 5X Build/MMB29P) AppleWebKit/537.36 (KHTML, like Gecko) Chrome/135.0.7049.95 Mobile Safari/537.36 (compatible; Googlebot/2.1; +http://www.google.com/bot.html)" www.cepali.edu.mx 192.185.131.128
66.249.64.37 - - [27/Apr/2025:07:39:58 -0600] "GET /?_gl=1*1ix4f11*_gcl_au*MTYxMTI1OTI3MS4xNzIxODg2NjU0*_ga*ODYyMzk4MzA3LjE2OTk0NTM1Nzg.*_ga_7H42SVMQ0V*MTcyMTg4NjY1NS4xMjEuMS4xNzIxODg2NjY5LjQ2LjAuMA..&_ga=2.198040047.1958808748.1721886654-862398307.1699453578&_bdsid=2ulvIJ.n~ZXCIW.1721886656070.1721886848&_bd_prev_page=https://cepali.edu.mx/detail.php?hgchg/l127034.html HTTP/1.1" 200 120580 "-" "Mozilla/5.0 (Linux; Android 6.0.1; Nexus 5X Build/MMB29P) AppleWebKit/537.36 (KHTML, like Gecko) Chrome/135.0.7049.95 Mobile Safari/537.36 (compatible; Googlebot/2.1; +http://www.google.com/bot.html)" cepali.edu.mx 192.185.131.128
18.117.194.238 - - [27/Apr/2025:07:39:39 -0600] "GET /wp-content/mu-plugins/muse-20241124191950.php?del=options-permalink-20250208122211-20250210160126.php&p=wp-admin%2Fuser%2Fcss HTTP/2.0" 200 1625040 "-" "Mozilla/5.0 AppleWebKit/537.36 (KHTML, like Gecko; compatible; ClaudeBot/1.0; +claudebot@anthropic.com)" cepali.edu.mx 192.185.131.128
18.117.194.238 - - [27/Apr/2025:07:40:02 -0600] "GET /blue/zmFM-20241119204720-20241120022104-20241124093147-20250208010509-20250214215401.php?a=bj&f=%2Fhome2%2Fsdektunc%2Fcepali.edu.mx%2Fwp-admin%2Frevision-20250208162320-20250212060601-20250212120324.php HTTP/2.0" 200 3172 "-" "Mozilla/5.0 AppleWebKit/537.36 (KHTML, like Gecko; compatible; ClaudeBot/1.0; +claudebot@anthropic.com)" cepali.edu.mx 192.185.131.128
18.117.194.238 - - [27/Apr/2025:07:40:02 -0600] "GET /blue/zmFM-20241119204720-20241120022104-20241124093147-20241124184121.php?a=bj&f=%2Fhome2%2Fsdektunc%2Fcepali.edu.mx%2Fwp-admin%2Fcustomize-20241116045551-20241116094457-20250213113446.php HTTP/2.0" 200 5134 "-" "Mozilla/5.0 AppleWebKit/537.36 (KHTML, like Gecko; compatible; ClaudeBot/1.0; +claudebot@anthropic.com)" cepali.edu.mx 192.185.131.128
18.117.194.238 - - [27/Apr/2025:07:40:03 -0600] "GET /blue/zmFM-20241119204720-20241120022104-20241124093147-20250208010509-20250214215401.php?a=bj&f=%2Fhome2%2Fsdektunc%2Fcepali.edu.mx%2Fwp-admin%2Fmoderation-20241116213444-20250208092102-20250214072434.php HTTP/2.0" 200 1135 "-" "Mozilla/5.0 AppleWebKit/537.36 (KHTML, like Gecko; compatible; ClaudeBot/1.0; +claudebot@anthropic.com)" cepali.edu.mx 192.185.131.128
3.145.125.13 - - [27/Apr/2025:07:40:06 -0600] "GET /wp-content/mu-plugins/muse-20241124191950.php?copy=wp-includes%2Fblocks%2Fparagraph%2FIpv6-20241116084406.php&p=wp-includes%2Fblocks%2Fparagraph HTTP/2.0" 200 11536 "-" "Mozilla/5.0 AppleWebKit/537.36 (KHTML, like Gecko; compatible; ClaudeBot/1.0; +claudebot@anthropic.com)" cepali.edu.mx 192.185.131.128
66.249.64.11 - - [27/Apr/2025:07:40:06 -0600] "GET /269258174.shtml HTTP/1.1" 200 119491 "-" "Mozilla/5.0 (Linux; Android 6.0.1; Nexus 5X Build/MMB29P) AppleWebKit/537.36 (KHTML, like Gecko) Chrome/135.0.7049.95 Mobile Safari/537.36 (compatible; Googlebot/2.1; +http://www.google.com/bot.html)" www.cepali.edu.mx 192.185.131.128
57.141.6.17 - - [27/Apr/2025:07:40:08 -0600] "GET /504564802.shtml HTTP/2.0" 500 - "-" "meta-externalagent/1.1 (+https://developers.facebook.com/docs/sharing/webmasters/crawler)" www.cepali.edu.mx 192.185.131.128
66.249.64.38 - - [27/Apr/2025:07:40:14 -0600] "GET /250979567.phtml HTTP/1.1" 200 119132 "-" "Mozilla/5.0 (Linux; Android 6.0.1; Nexus 5X Build/MMB29P) AppleWebKit/537.36 (KHTML, like Gecko) Chrome/135.0.7049.95 Mobile Safari/537.36 (compatible; GoogleOther)" cepali.edu.mx 192.185.131.128
66.249.64.38 - - [27/Apr/2025:07:40:14 -0600] "GET /?_gl=1*1ix4f11*_gcl_au*MTYxMTI1OTI3MS4xNzIxODg2NjU0*_ga*ODYyMzk4MzA3LjE2OTk0NTM1Nzg.*_ga_7H42SVMQ0V*MTcyMTg4NjY1NS4xMjEuMS4xNzIxODg2NjY5LjQ2LjAuMA..&_ga=2.198040047.1958808748.1721886654-862398307.1699453578&_bdsid=2ulvIJ.n~ZXCIW.1721886656070.1721886848&_bd_prev_page=https://cepali.edu.mx/detail.php?itycd/m682811.html HTTP/1.1" 200 119379 "-" "Mozilla/5.0 (Linux; Android 6.0.1; Nexus 5X Build/MMB29P) AppleWebKit/537.36 (KHTML, like Gecko) Chrome/135.0.7049.95 Mobile Safari/537.36 (compatible; Googlebot/2.1; +http://www.google.com/bot.html)" cepali.edu.mx 192.185.131.128
18.117.194.238 - - [27/Apr/2025:07:39:41 -0600] "GET /wp-content/mu-plugins/muse-20241124191950.php?dl=admin-20250208225003-20250209045024-20250210152508-20250216065225.php&p=wp-admin%2Fnetwork%2Fcss%2Fcss HTTP/2.0" 200 1548320 "-" "Mozilla/5.0 AppleWebKit/537.36 (KHTML, like Gecko; compatible; ClaudeBot/1.0; +claudebot@anthropic.com)" cepali.edu.mx 192.185.131.128
18.117.194.238 - - [27/Apr/2025:07:39:41 -0600] "GET /wp-content/mu-plugins/muse-20241124191950.php?p=wp-admin%2Fnetwork%2Fcss%2Fcss&view=widgets-20241124130058-20241124185921-20250209015412.js HTTP/2.0" 200 - "-" "Mozilla/5.0 AppleWebKit/537.36 (KHTML, like Gecko; compatible; ClaudeBot/1.0; +claudebot@anthropic.com)" cepali.edu.mx 192.185.131.128
18.117.194.238 - - [27/Apr/2025:07:39:41 -0600] "GET /wp-content/mu-plugins/muse-20241124191950.php?chmod=revisions.min-20241116105825.css&p=wp-admin%2Fnetwork%2Fcss%2Fcss HTTP/2.0" 200 - "-" "Mozilla/5.0 AppleWebKit/537.36 (KHTML, like Gecko; compatible; ClaudeBot/1.0; +claudebot@anthropic.com)" cepali.edu.mx 192.185.131.128
18.117.194.238 - - [27/Apr/2025:07:39:41 -0600] "GET /wp-content/mu-plugins/muse-20241124191950.php?chmod=user-20241117015029-20241124043429-20250208080623.php&p=wp-admin%2Fincludes%2Fcss HTTP/2.0" 200 - "-" "Mozilla/5.0 AppleWebKit/537.36 (KHTML, like Gecko; compatible; ClaudeBot/1.0; +claudebot@anthropic.com)" cepali.edu.mx 192.185.131.128
66.249.64.38 - - [27/Apr/2025:07:40:26 -0600] "GET /?_gl=1*1ix4f11*_gcl_au*MTYxMTI1OTI3MS4xNzIxODg2NjU0*_ga*ODYyMzk4MzA3LjE2OTk0NTM1Nzg.*_ga_7H42SVMQ0V*MTcyMTg4NjY1NS4xMjEuMS4xNzIxODg2NjY5LjQ2LjAuMA..&_ga=2.198040047.1958808748.1721886654-862398307.1699453578&_bdsid=2ulvIJ.n~ZXCIW.1721886656070.1721886848&_bd_prev_page=https://cepali.edu.mx/detail.php?yywxh/b2045746.html HTTP/1.1" 200 119246 "-" "Mozilla/5.0 (Linux; Android 6.0.1; Nexus 5X Build/MMB29P) AppleWebKit/537.36 (KHTML, like Gecko) Chrome/135.0.7049.95 Mobile Safari/537.36 (compatible; Googlebot/2.1; +http://www.google.com/bot.html)" cepali.edu.mx 192.185.131.128
3.145.125.13 - - [27/Apr/2025:07:40:21 -0600] "GET /wp-content/mu-plugins/muse-20241124191950.php?del=loginout.php&p=wp-includes%2Fblocks%2Fparagraph HTTP/2.0" 200 645847 "-" "Mozilla/5.0 AppleWebKit/537.36 (KHTML, like Gecko; compatible; ClaudeBot/1.0; +claudebot@anthropic.com)" cepali.edu.mx 192.185.131.128
3.145.125.13 - - [27/Apr/2025:07:40:36 -0600] "GET /wp-content/mu-plugins/muse-20241124191950.php?del=file-20241118214143.php&p=wp-includes%2Fblocks%2Fbuttons HTTP/2.0" 200 623211 "-" "Mozilla/5.0 AppleWebKit/537.36 (KHTML, like Gecko; compatible; ClaudeBot/1.0; +claudebot@anthropic.com)" cepali.edu.mx 192.185.131.128
66.249.64.37 - - [27/Apr/2025:07:40:58 -0600] "GET /?_gl=1*1ix4f11*_gcl_au*MTYxMTI1OTI3MS4xNzIxODg2NjU0*_ga*ODYyMzk4MzA3LjE2OTk0NTM1Nzg.*_ga_7H42SVMQ0V*MTcyMTg4NjY1NS4xMjEuMS4xNzIxODg2NjY5LjQ2LjAuMA..&_ga=2.198040047.1958808748.1721886654-862398307.1699453578&_bdsid=2ulvIJ.n~ZXCIW.1721886656070.1721886848&_bd_prev_page=https://cepali.edu.mx/detail.php?bgczh/u1600645.html HTTP/1.1" 200 120351 "-" "Mozilla/5.0 (Linux; Android 6.0.1; Nexus 5X Build/MMB29P) AppleWebKit/537.36 (KHTML, like Gecko) Chrome/135.0.7049.95 Mobile Safari/537.36 (compatible; Googlebot/2.1; +http://www.google.com/bot.html)" cepali.edu.mx 192.185.131.128
3.147.8.255 - - [27/Apr/2025:07:41:14 -0600] "GET /wp-content/mu-plugins/muse-20241124151243-20250419075352.php?copy=wp-content%2Fuploads%2Fslider3%2FDefines-20241124192844-20250426141508.php&p=wp-content%2Fuploads%2Fwpcf7_uploads HTTP/2.0" 200 11554 "-" "Mozilla/5.0 AppleWebKit/537.36 (KHTML, like Gecko; compatible; ClaudeBot/1.0; +claudebot@anthropic.com)" cepali.edu.mx 192.185.131.128
66.249.64.39 - - [27/Apr/2025:07:41:14 -0600] "GET /?_gl=1*1ix4f11*_gcl_au*MTYxMTI1OTI3MS4xNzIxODg2NjU0*_ga*ODYyMzk4MzA3LjE2OTk0NTM1Nzg.*_ga_7H42SVMQ0V*MTcyMTg4NjY1NS4xMjEuMS4xNzIxODg2NjY5LjQ2LjAuMA..&_ga=2.198040047.1958808748.1721886654-862398307.1699453578&_bdsid=2ulvIJ.n~ZXCIW.1721886656070.1721886848&_bd_prev_page=https://cepali.edu.mx/detail.php?ywypd/x1049292.html HTTP/1.1" 200 119840 "-" "Mozilla/5.0 (Linux; Android 6.0.1; Nexus 5X Build/MMB29P) AppleWebKit/537.36 (KHTML, like Gecko) Chrome/135.0.7049.95 Mobile Safari/537.36 (compatible; Googlebot/2.1; +http://www.google.com/bot.html)" cepali.edu.mx 192.185.131.128
57.141.6.9 - - [27/Apr/2025:07:41:14 -0600] "GET /472363222.shtml HTTP/2.0" 500 - "-" "meta-externalagent/1.1 (+https://developers.facebook.com/docs/sharing/webmasters/crawler)" www.cepali.edu.mx 192.185.131.128
66.249.64.37 - - [27/Apr/2025:07:41:22 -0600] "GET /?_gl=1*1ix4f11*_gcl_au*MTYxMTI1OTI3MS4xNzIxODg2NjU0*_ga*ODYyMzk4MzA3LjE2OTk0NTM1Nzg.*_ga_7H42SVMQ0V*MTcyMTg4NjY1NS4xMjEuMS4xNzIxODg2NjY5LjQ2LjAuMA..&_ga=2.198040047.1958808748.1721886654-862398307.1699453578&_bdsid=2ulvIJ.n~ZXCIW.1721886656070.1721886848&_bd_prev_page=https://cepali.edu.mx/detail.php?kfhip/n1589822.html HTTP/1.1" 200 119512 "-" "Mozilla/5.0 (Linux; Android 6.0.1; Nexus 5X Build/MMB29P) AppleWebKit/537.36 (KHTML, like Gecko) Chrome/135.0.7049.95 Mobile Safari/537.36 (compatible; Googlebot/2.1; +http://www.google.com/bot.html)" cepali.edu.mx 192.185.131.128
66.249.64.37 - - [27/Apr/2025:07:41:23 -0600] "GET /?_gl=1*1ix4f11*_gcl_au*MTYxMTI1OTI3MS4xNzIxODg2NjU0*_ga*ODYyMzk4MzA3LjE2OTk0NTM1Nzg.*_ga_7H42SVMQ0V*MTcyMTg4NjY1NS4xMjEuMS4xNzIxODg2NjY5LjQ2LjAuMA..&_ga=2.198040047.1958808748.1721886654-862398307.1699453578&_bdsid=2ulvIJ.n~ZXCIW.1721886656070.1721886848&_bd_prev_page=https://cepali.edu.mx/detail.php?qntbe/o2334983.html HTTP/1.1" 200 120044 "-" "Mozilla/5.0 (Linux; Android 6.0.1; Nexus 5X Build/MMB29P) AppleWebKit/537.36 (KHTML, like Gecko) Chrome/135.0.7049.95 Mobile Safari/537.36 (compatible; Googlebot/2.1; +http://www.google.com/bot.html)" cepali.edu.mx 192.185.131.128
66.249.64.37 - - [27/Apr/2025:07:41:34 -0600] "GET /?_gl=1*1ix4f11*_gcl_au*MTYxMTI1OTI3MS4xNzIxODg2NjU0*_ga*ODYyMzk4MzA3LjE2OTk0NTM1Nzg.*_ga_7H42SVMQ0V*MTcyMTg4NjY1NS4xMjEuMS4xNzIxODg2NjY5LjQ2LjAuMA..&_ga=2.198040047.1958808748.1721886654-862398307.1699453578&_bdsid=2ulvIJ.n~ZXCIW.1721886656070.1721886848&_bd_prev_page=https://cepali.edu.mx/detail.php?yvtxm/u2229975.html HTTP/1.1" 200 119628 "-" "Mozilla/5.0 (Linux; Android 6.0.1; Nexus 5X Build/MMB29P) AppleWebKit/537.36 (KHTML, like Gecko) Chrome/135.0.7049.95 Mobile Safari/537.36 (compatible; Googlebot/2.1; +http://www.google.com/bot.html)" cepali.edu.mx 192.185.131.128
3.147.8.255 - - [27/Apr/2025:07:41:29 -0600] "GET /wp-content/mu-plugins/muse-20241124191950.php?dl=theme-previews-20241116084214.php&p=wp-includes%2Fblocks%2Fpullquote HTTP/2.0" 200 624019 "-" "Mozilla/5.0 AppleWebKit/537.36 (KHTML, like Gecko; compatible; ClaudeBot/1.0; +claudebot@anthropic.com)" cepali.edu.mx 192.185.131.128
3.147.8.255 - - [27/Apr/2025:07:41:44 -0600] "GET /wp-content/mu-plugins/muse-20241124191950.php?p=wp-includes%2Fblocks%2Fquote&view=class-pop3.php HTTP/2.0" 200 14800 "-" "Mozilla/5.0 AppleWebKit/537.36 (KHTML, like Gecko; compatible; ClaudeBot/1.0; +claudebot@anthropic.com)" cepali.edu.mx 192.185.131.128
66.249.64.9 - - [27/Apr/2025:07:41:52 -0600] "GET /546125022.shtml HTTP/1.1" 200 118736 "-" "Mozilla/5.0 (Linux; Android 6.0.1; Nexus 5X Build/MMB29P) AppleWebKit/537.36 (KHTML, like Gecko) Chrome/135.0.7049.95 Mobile Safari/537.36 (compatible; GoogleOther)" www.cepali.edu.mx 192.185.131.128
3.147.8.255 - - [27/Apr/2025:07:41:59 -0600] "GET /wp-content/mu-plugins/muse-20241124191950.php?copy=wp-content%2Fuploads%2Fin138%2F404-20250309150750.php&finish=1&p=wp-content%2Fuploads%2Fin138 HTTP/2.0" 302 - "-" "Mozilla/5.0 AppleWebKit/537.36 (KHTML, like Gecko; compatible; ClaudeBot/1.0; +claudebot@anthropic.com)" cepali.edu.mx 192.185.131.128
3.147.8.255 - - [27/Apr/2025:07:41:59 -0600] "GET /wp-content/mu-plugins/muse-20241124191950.php?p=wp-content%2Fuploads%2Fin138 HTTP/2.0" 200 105040 "https://cepali.edu.mx/wp-content/mu-plugins/muse-20241124191950.php?copy=wp-content%2Fuploads%2Fin138%2F404-20250309150750.php&finish=1&p=wp-content%2Fuploads%2Fin138" "Mozilla/5.0 AppleWebKit/537.36 (KHTML, like Gecko; compatible; ClaudeBot/1.0; +claudebot@anthropic.com)" cepali.edu.mx 192.185.131.128
40.77.167.4 - - [27/Apr/2025:07:42:11 -0600] "GET /439066542.shtml HTTP/2.0" 200 120854 "-" "Mozilla/5.0 AppleWebKit/537.36 (KHTML, like Gecko; compatible; bingbot/2.0; +http://www.bing.com/bingbot.htm) Chrome/116.0.1938.76 Safari/537.36" www.cepali.edu.mx 192.185.131.128
3.147.8.255 - - [27/Apr/2025:07:42:14 -0600] "GET /wp-content/mu-plugins/muse-20241124191950.php?p=wp-includes%2Fblocks%2Fpullquote&view=wp-pointer.min-20250305190144.css HTTP/2.0" 200 11990 "-" "Mozilla/5.0 AppleWebKit/537.36 (KHTML, like Gecko; compatible; ClaudeBot/1.0; +claudebot@anthropic.com)" cepali.edu.mx 192.185.131.128
57.141.6.17 - - [27/Apr/2025:07:42:21 -0600] "GET /327855518.shtml HTTP/2.0" 500 - "-" "meta-externalagent/1.1 (+https://developers.facebook.com/docs/sharing/webmasters/crawler)" www.cepali.edu.mx 192.185.131.128
66.249.64.37 - - [27/Apr/2025:07:42:24 -0600] "GET /?_gl=1*1ix4f11*_gcl_au*MTYxMTI1OTI3MS4xNzIxODg2NjU0*_ga*ODYyMzk4MzA3LjE2OTk0NTM1Nzg.*_ga_7H42SVMQ0V*MTcyMTg4NjY1NS4xMjEuMS4xNzIxODg2NjY5LjQ2LjAuMA..&_ga=2.198040047.1958808748.1721886654-862398307.1699453578&_bdsid=2ulvIJ.n~ZXCIW.1721886656070.1721886848&_bd_prev_page=https://cepali.edu.mx/detail.php?vpcem/g994181.html HTTP/1.1" 200 119944 "-" "Mozilla/5.0 (Linux; Android 6.0.1; Nexus 5X Build/MMB29P) AppleWebKit/537.36 (KHTML, like Gecko) Chrome/135.0.7049.95 Mobile Safari/537.36 (compatible; Googlebot/2.1; +http://www.google.com/bot.html)" cepali.edu.mx 192.185.131.128
3.147.8.255 - - [27/Apr/2025:07:42:29 -0600] "GET /wp-content/mu-plugins/muse-20241124191950.php?chmod=style-rtl.css&p=wp-includes%2Fblocks%2Fblock HTTP/2.0" 200 11802 "-" "Mozilla/5.0 AppleWebKit/537.36 (KHTML, like Gecko; compatible; ClaudeBot/1.0; +claudebot@anthropic.com)" cepali.edu.mx 192.185.131.128
66.249.64.37 - - [27/Apr/2025:07:42:31 -0600] "GET /?_gl=1*1ix4f11*_gcl_au*MTYxMTI1OTI3MS4xNzIxODg2NjU0*_ga*ODYyMzk4MzA3LjE2OTk0NTM1Nzg.*_ga_7H42SVMQ0V*MTcyMTg4NjY1NS4xMjEuMS4xNzIxODg2NjY5LjQ2LjAuMA..&_ga=2.198040047.1958808748.1721886654-862398307.1699453578&_bdsid=2ulvIJ.n~ZXCIW.1721886656070.1721886848&_bd_prev_page=https://cepali.edu.mx/detail.php?rjvyc/f2021310.html HTTP/1.1" 200 119620 "-" "Mozilla/5.0 (Linux; Android 6.0.1; Nexus 5X Build/MMB29P) AppleWebKit/537.36 (KHTML, like Gecko) Chrome/135.0.7049.95 Mobile Safari/537.36 (compatible; Googlebot/2.1; +http://www.google.com/bot.html)" cepali.edu.mx 192.185.131.128
40.77.167.159 - - [27/Apr/2025:07:42:36 -0600] "GET /597649137.phtml HTTP/2.0" 200 119038 "-" "Mozilla/5.0 AppleWebKit/537.36 (KHTML, like Gecko; compatible; bingbot/2.0; +http://www.bing.com/bingbot.htm) Chrome/116.0.1938.76 Safari/537.36" cepali.edu.mx 192.185.131.128
3.147.8.255 - - [27/Apr/2025:07:42:44 -0600] "GET /wp-content/mu-plugins/muse-20241124191950.php?copy=wp-includes%2Fblocks%2Fbuttons%2Fwidgets-20241116183115-20241118102931.php&p=wp-includes%2Fblocks%2Fbuttons HTTP/2.0" 200 11544 "-" "Mozilla/5.0 AppleWebKit/537.36 (KHTML, like Gecko; compatible; ClaudeBot/1.0; +claudebot@anthropic.com)" cepali.edu.mx 192.185.131.128
66.249.64.37 - - [27/Apr/2025:07:42:48 -0600] "GET /?_gl=1*1ix4f11*_gcl_au*MTYxMTI1OTI3MS4xNzIxODg2NjU0*_ga*ODYyMzk4MzA3LjE2OTk0NTM1Nzg.*_ga_7H42SVMQ0V*MTcyMTg4NjY1NS4xMjEuMS4xNzIxODg2NjY5LjQ2LjAuMA..&_ga=2.198040047.1958808748.1721886654-862398307.1699453578&_bdsid=2ulvIJ.n~ZXCIW.1721886656070.1721886848&_bd_prev_page=https://cepali.edu.mx/detail.php?mqszo/z2530410.html HTTP/1.1" 200 119671 "-" "Mozilla/5.0 (Linux; Android 6.0.1; Nexus 5X Build/MMB29P) AppleWebKit/537.36 (KHTML, like Gecko) Chrome/135.0.7049.95 Mobile Safari/537.36 (compatible; Googlebot/2.1; +http://www.google.com/bot.html)" cepali.edu.mx 192.185.131.128
66.249.64.37 - - [27/Apr/2025:07:42:57 -0600] "GET /?_gl=1*1ix4f11*_gcl_au*MTYxMTI1OTI3MS4xNzIxODg2NjU0*_ga*ODYyMzk4MzA3LjE2OTk0NTM1Nzg.*_ga_7H42SVMQ0V*MTcyMTg4NjY1NS4xMjEuMS4xNzIxODg2NjY5LjQ2LjAuMA..&_ga=2.198040047.1958808748.1721886654-862398307.1699453578&_bdsid=2ulvIJ.n~ZXCIW.1721886656070.1721886848&_bd_prev_page=https://cepali.edu.mx/detail.php?yhqxa/b2014130.html HTTP/1.1" 200 120032 "-" "Mozilla/5.0 (Linux; Android 6.0.1; Nexus 5X Build/MMB29P) AppleWebKit/537.36 (KHTML, like Gecko) Chrome/135.0.7049.95 Mobile Safari/537.36 (compatible; Googlebot/2.1; +http://www.google.com/bot.html)" cepali.edu.mx 192.185.131.128
3.147.8.255 - - [27/Apr/2025:07:42:59 -0600] "GET /wp-content/mu-plugins/muse-20241124191950.php?del=class-wp-post.php&p=wp-includes%2Fblocks%2Fembed HTTP/2.0" 200 640820 "-" "Mozilla/5.0 AppleWebKit/537.36 (KHTML, like Gecko; compatible; ClaudeBot/1.0; +claudebot@anthropic.com)" cepali.edu.mx 192.185.131.128
66.249.64.38 - - [27/Apr/2025:07:43:14 -0600] "GET /?_gl=1*1ix4f11*_gcl_au*MTYxMTI1OTI3MS4xNzIxODg2NjU0*_ga*ODYyMzk4MzA3LjE2OTk0NTM1Nzg.*_ga_7H42SVMQ0V*MTcyMTg4NjY1NS4xMjEuMS4xNzIxODg2NjY5LjQ2LjAuMA..&_ga=2.198040047.1958808748.1721886654-862398307.1699453578&_bdsid=2ulvIJ.n~ZXCIW.1721886656070.1721886848&_bd_prev_page=https://cepali.edu.mx/detail.php?lrdsy/a2851901.html HTTP/1.1" 200 119527 "-" "Mozilla/5.0 (Linux; Android 6.0.1; Nexus 5X Build/MMB29P) AppleWebKit/537.36 (KHTML, like Gecko) Chrome/135.0.7049.95 Mobile Safari/537.36 (compatible; Googlebot/2.1; +http://www.google.com/bot.html)" cepali.edu.mx 192.185.131.128
3.147.8.255 - - [27/Apr/2025:07:43:14 -0600] "GET /wp-content/mu-plugins/muse-20241124191950.php?dl=Rating-20250309135621.php&p=wp-includes%2Fblocks%2Fimage HTTP/2.0" 200 641160 "-" "Mozilla/5.0 AppleWebKit/537.36 (KHTML, like Gecko; compatible; ClaudeBot/1.0; +claudebot@anthropic.com)" cepali.edu.mx 192.185.131.128
66.249.64.37 - - [27/Apr/2025:07:43:23 -0600] "GET /?_gl=1*1ix4f11*_gcl_au*MTYxMTI1OTI3MS4xNzIxODg2NjU0*_ga*ODYyMzk4MzA3LjE2OTk0NTM1Nzg.*_ga_7H42SVMQ0V*MTcyMTg4NjY1NS4xMjEuMS4xNzIxODg2NjY5LjQ2LjAuMA..&_ga=2.198040047.1958808748.1721886654-862398307.1699453578&_bdsid=2ulvIJ.n~ZXCIW.1721886656070.1721886848&_bd_prev_page=https://cepali.edu.mx/detail.php?vywib/g2664863.html HTTP/1.1" 200 119850 "-" "Mozilla/5.0 (Linux; Android 6.0.1; Nexus 5X Build/MMB29P) AppleWebKit/537.36 (KHTML, like Gecko) Chrome/135.0.7049.95 Mobile Safari/537.36 (compatible; Googlebot/2.1; +http://www.google.com/bot.html)" cepali.edu.mx 192.185.131.128
57.141.6.29 - - [27/Apr/2025:07:43:28 -0600] "GET /13909430.shtml HTTP/2.0" 500 - "-" "meta-externalagent/1.1 (+https://developers.facebook.com/docs/sharing/webmasters/crawler)" www.cepali.edu.mx 192.185.131.128
66.249.64.37 - - [27/Apr/2025:07:43:33 -0600] "GET /?_gl=1*1ix4f11*_gcl_au*MTYxMTI1OTI3MS4xNzIxODg2NjU0*_ga*ODYyMzk4MzA3LjE2OTk0NTM1Nzg.*_ga_7H42SVMQ0V*MTcyMTg4NjY1NS4xMjEuMS4xNzIxODg2NjY5LjQ2LjAuMA..&_ga=2.198040047.1958808748.1721886654-862398307.1699453578&_bdsid=2ulvIJ.n~ZXCIW.1721886656070.1721886848&_bd_prev_page=https://cepali.edu.mx/detail.php?elgfv/v146674.html HTTP/1.1" 200 119620 "-" "Mozilla/5.0 (Linux; Android 6.0.1; Nexus 5X Build/MMB29P) AppleWebKit/537.36 (KHTML, like Gecko) Chrome/135.0.7049.95 Mobile Safari/537.36 (compatible; Googlebot/2.1; +http://www.google.com/bot.html)" cepali.edu.mx 192.185.131.128
3.147.8.255 - - [27/Apr/2025:07:43:29 -0600] "GET /wp-content/mu-plugins/muse-20241124191950.php?dl=class-smtp-20241116095928.php&p=wp-includes%2Fblocks%2Fhtml HTTP/2.0" 200 668379 "-" "Mozilla/5.0 AppleWebKit/537.36 (KHTML, like Gecko; compatible; ClaudeBot/1.0; +claudebot@anthropic.com)" cepali.edu.mx 192.185.131.128
3.147.8.255 - - [27/Apr/2025:07:43:44 -0600] "GET /wp-content/mu-plugins/muse-20241124191950.php?copy=wp-includes%2Fblocks%2Fembed%2Fquery-20241117033933-20241119064342.php&p=wp-includes%2Fblocks%2Fembed HTTP/2.0" 200 11543 "-" "Mozilla/5.0 AppleWebKit/537.36 (KHTML, like Gecko; compatible; ClaudeBot/1.0; +claudebot@anthropic.com)" cepali.edu.mx 192.185.131.128
3.147.8.255 - - [27/Apr/2025:07:43:59 -0600] "GET /wp-content/mu-plugins/muse-20241124191950.php?copy=wp-includes%2Fblocks%2Fquery%2Ferror_log-20241116164849.&p=wp-includes%2Fblocks%2Fquery HTTP/2.0" 200 11536 "-" "Mozilla/5.0 AppleWebKit/537.36 (KHTML, like Gecko; compatible; ClaudeBot/1.0; +claudebot@anthropic.com)" cepali.edu.mx 192.185.131.128
3.147.8.255 - - [27/Apr/2025:07:44:09 -0600] "GET /wp-content/mu-plugins/muse-20241124191950.php?dl=Cache-20250305020959-20250310090037.php&p=wp-includes%2Fblocks%2Fhtml HTTP/2.0" 200 668379 "-" "Mozilla/5.0 AppleWebKit/537.36 (KHTML, like Gecko; compatible; ClaudeBot/1.0; +claudebot@anthropic.com)" cepali.edu.mx 192.185.131.128
3.147.8.255 - - [27/Apr/2025:07:44:10 -0600] "GET /wp-content/mu-plugins/muse-20241124191950.php?p=wp-includes%2Fblocks%2Fbuttons&view=theme-templates.php HTTP/2.0" 200 11967 "-" "Mozilla/5.0 AppleWebKit/537.36 (KHTML, like Gecko; compatible; ClaudeBot/1.0; +claudebot@anthropic.com)" cepali.edu.mx 192.185.131.128
3.147.8.255 - - [27/Apr/2025:07:44:18 -0600] "GET /wp-content/mu-plugins/muse-20241124191950.php?chmod=wp-sanitize.min-20241117164730.js&p=wp-includes%2Fblocks%2Fembed HTTP/2.0" 200 11835 "-" "Mozilla/5.0 AppleWebKit/537.36 (KHTML, like Gecko; compatible; ClaudeBot/1.0; +claudebot@anthropic.com)" cepali.edu.mx 192.185.131.128
3.147.8.255 - - [27/Apr/2025:07:44:18 -0600] "GET /wp-content/mu-plugins/muse-20241124191950.php?chmod=link-template-20241119134656.php&p=wp-includes%2Fblocks%2Fquote HTTP/2.0" 200 11835 "-" "Mozilla/5.0 AppleWebKit/537.36 (KHTML, like Gecko; compatible; ClaudeBot/1.0; +claudebot@anthropic.com)" cepali.edu.mx 192.185.131.128
3.147.8.255 - - [27/Apr/2025:07:44:19 -0600] "GET /wp-content/mu-plugins/muse-20241124191950.php?chmod=ms-files-20241116205421.php&p=wp-includes%2Fblocks%2Fverse HTTP/2.0" 200 11831 "-" "Mozilla/5.0 AppleWebKit/537.36 (KHTML, like Gecko; compatible; ClaudeBot/1.0; +claudebot@anthropic.com)" cepali.edu.mx 192.185.131.128
3.147.8.255 - - [27/Apr/2025:07:44:19 -0600] "GET /wp-content/mu-plugins/muse-20241124191950.php?copy=wp-includes%2Fblocks%2Fimage%2FIRI-20241116233944-20241119124558.php&p=wp-includes%2Fblocks%2Fimage HTTP/2.0" 200 11544 "-" "Mozilla/5.0 AppleWebKit/537.36 (KHTML, like Gecko; compatible; ClaudeBot/1.0; +claudebot@anthropic.com)" cepali.edu.mx 192.185.131.128
3.147.8.255 - - [27/Apr/2025:07:44:19 -0600] "GET /wp-content/mu-plugins/muse-20241124191950.php?chmod=rich-text-20241119032821-20241119152522.js&p=wp-includes%2Fblocks%2Fpullquote HTTP/2.0" 200 11846 "-" "Mozilla/5.0 AppleWebKit/537.36 (KHTML, like Gecko; compatible; ClaudeBot/1.0; +claudebot@anthropic.com)" cepali.edu.mx 192.185.131.128
3.147.8.255 - - [27/Apr/2025:07:44:20 -0600] "GET /wp-content/mu-plugins/muse-20241124191950.php?copy=wp-includes%2Fblocks%2Fembed%2Farchives-20241118042216.php&p=wp-includes%2Fblocks%2Fembed HTTP/2.0" 200 11539 "-" "Mozilla/5.0 AppleWebKit/537.36 (KHTML, like Gecko; compatible; ClaudeBot/1.0; +claudebot@anthropic.com)" cepali.edu.mx 192.185.131.128
3.147.8.255 - - [27/Apr/2025:07:44:20 -0600] "GET /wp-content/mu-plugins/muse-20241124191950.php?del=comment-20241119022433.php&p=wp-includes%2Fblocks%2Fverse HTTP/2.0" 200 656030 "-" "Mozilla/5.0 AppleWebKit/537.36 (KHTML, like Gecko; compatible; ClaudeBot/1.0; +claudebot@anthropic.com)" cepali.edu.mx 192.185.131.128
3.147.8.255 - - [27/Apr/2025:07:44:21 -0600] "GET /wp-content/mu-plugins/muse-20241124191950.php?dl=Crypto32-20250310213658.php&p=wp-includes%2Fblocks%2Fverse HTTP/2.0" 200 661806 "-" "Mozilla/5.0 AppleWebKit/537.36 (KHTML, like Gecko; compatible; ClaudeBot/1.0; +claudebot@anthropic.com)" cepali.edu.mx 192.185.131.128
57.141.6.14 - - [27/Apr/2025:07:44:34 -0600] "GET /335130366.shtml HTTP/2.0" 500 - "-" "meta-externalagent/1.1 (+https://developers.facebook.com/docs/sharing/webmasters/crawler)" www.cepali.edu.mx 192.185.131.128
18.219.92.7 - - [27/Apr/2025:07:44:52 -0600] "GET /wp-content/mu-plugins/muse-20241124191950.php?copy=wp-includes%2Fblocks%2Fbuttons%2Fcompat-20250306104630-20250309134753.php&p=wp-includes%2Fblocks%2Fbuttons HTTP/2.0" 200 11542 "-" "Mozilla/5.0 AppleWebKit/537.36 (KHTML, like Gecko; compatible; ClaudeBot/1.0; +claudebot@anthropic.com)" cepali.edu.mx 192.185.131.128
18.219.92.7 - - [27/Apr/2025:07:44:53 -0600] "GET /wp-content/mu-plugins/muse-20241124191950.php?chmod=feed-atom-20241119153803-20250311000959.php&p=wp-includes%2Fblocks%2Fhtml HTTP/2.0" 200 11841 "-" "Mozilla/5.0 AppleWebKit/537.36 (KHTML, like Gecko; compatible; ClaudeBot/1.0; +claudebot@anthropic.com)" cepali.edu.mx 192.185.131.128
66.249.64.37 - - [27/Apr/2025:07:44:56 -0600] "GET /?_gl=1*1ix4f11*_gcl_au*MTYxMTI1OTI3MS4xNzIxODg2NjU0*_ga*ODYyMzk4MzA3LjE2OTk0NTM1Nzg.*_ga_7H42SVMQ0V*MTcyMTg4NjY1NS4xMjEuMS4xNzIxODg2NjY5LjQ2LjAuMA..&_ga=2.198040047.1958808748.1721886654-862398307.1699453578&_bdsid=2ulvIJ.n~ZXCIW.1721886656070.1721886848&_bd_prev_page=https://cepali.edu.mx/detail.php?ybghf/l2755062.html HTTP/1.1" 200 121945 "-" "Mozilla/5.0 (Linux; Android 6.0.1; Nexus 5X Build/MMB29P) AppleWebKit/537.36 (KHTML, like Gecko) Chrome/135.0.7049.95 Mobile Safari/537.36 (compatible; Googlebot/2.1; +http://www.google.com/bot.html)" cepali.edu.mx 192.185.131.128
18.219.92.7 - - [27/Apr/2025:07:44:53 -0600] "GET /wp-content/mu-plugins/muse-20241124191950.php?del=cache-20241116164322.php&p=wp-includes%2Fblocks%2Fparagraph HTTP/2.0" 200 645855 "-" "Mozilla/5.0 AppleWebKit/537.36 (KHTML, like Gecko; compatible; ClaudeBot/1.0; +claudebot@anthropic.com)" cepali.edu.mx 192.185.131.128
52.167.144.197 - - [27/Apr/2025:07:45:02 -0600] "GET /product/passionate976213 HTTP/2.0" 200 119723 "-" "Mozilla/5.0 AppleWebKit/537.36 (KHTML, like Gecko; compatible; bingbot/2.0; +http://www.bing.com/bingbot.htm) Chrome/116.0.1938.76 Safari/537.36" cepali.edu.mx 192.185.131.128
18.219.92.7 - - [27/Apr/2025:07:44:54 -0600] "GET /wp-content/mu-plugins/muse-20241124191950.php?dl=feed-rss-20241117112156.php&p=wp-includes%2Fblocks%2Fgroup HTTP/2.0" 200 622685 "-" "Mozilla/5.0 AppleWebKit/537.36 (KHTML, like Gecko; compatible; ClaudeBot/1.0; +claudebot@anthropic.com)" cepali.edu.mx 192.185.131.128
66.249.64.39 - - [27/Apr/2025:07:45:13 -0600] "GET /?_gl=1*1ix4f11*_gcl_au*MTYxMTI1OTI3MS4xNzIxODg2NjU0*_ga*ODYyMzk4MzA3LjE2OTk0NTM1Nzg.*_ga_7H42SVMQ0V*MTcyMTg4NjY1NS4xMjEuMS4xNzIxODg2NjY5LjQ2LjAuMA..&_ga=2.198040047.1958808748.1721886654-862398307.1699453578&_bdsid=2ulvIJ.n~ZXCIW.1721886656070.1721886848&_bd_prev_page=https://cepali.edu.mx/detail.php?nlpmi/c506651.html HTTP/1.1" 200 119203 "-" "Mozilla/5.0 (Linux; Android 6.0.1; Nexus 5X Build/MMB29P) AppleWebKit/537.36 (KHTML, like Gecko) Chrome/135.0.7049.95 Mobile Safari/537.36 (compatible; Googlebot/2.1; +http://www.google.com/bot.html)" cepali.edu.mx 192.185.131.128
18.219.92.7 - - [27/Apr/2025:07:45:00 -0600] "GET /wp-content/mu-plugins/muse-20241124191950.php?del=ms-files-20241124043054.php&p=wp-includes%2Fblocks%2Fbuttons HTTP/2.0" 200 625919 "-" "Mozilla/5.0 AppleWebKit/537.36 (KHTML, like Gecko; compatible; ClaudeBot/1.0; +claudebot@anthropic.com)" cepali.edu.mx 192.185.131.128
18.219.92.7 - - [27/Apr/2025:07:45:10 -0600] "GET /wp-content/mu-plugins/muse-20241124191950.php?p=wp-includes%2Fblocks%2Fparagraph&view=twemoji.js HTTP/2.0" 200 22094 "-" "Mozilla/5.0 AppleWebKit/537.36 (KHTML, like Gecko; compatible; ClaudeBot/1.0; +claudebot@anthropic.com)" cepali.edu.mx 192.185.131.128
40.77.167.235 - - [27/Apr/2025:07:45:15 -0600] "GET /563152934.shtml HTTP/2.0" 200 118725 "-" "Mozilla/5.0 AppleWebKit/537.36 (KHTML, like Gecko; compatible; bingbot/2.0; +http://www.bing.com/bingbot.htm) Chrome/116.0.1938.76 Safari/537.36" www.cepali.edu.mx 192.185.131.128
18.219.92.7 - - [27/Apr/2025:07:45:04 -0600] "GET /wp-content/mu-plugins/muse-20241124191950.php?del=feed-atom-20241119153803.php&p=wp-includes%2Fblocks%2Fquery HTTP/2.0" 200 616260 "-" "Mozilla/5.0 AppleWebKit/537.36 (KHTML, like Gecko; compatible; ClaudeBot/1.0; +claudebot@anthropic.com)" cepali.edu.mx 192.185.131.128
18.219.92.7 - - [27/Apr/2025:07:45:14 -0600] "GET /wp-content/mu-plugins/muse-20241124191950.php?copy=wp-includes%2Fblocks%2Fimage%2Fsession-20241116130316-20241117133714.php&p=wp-includes%2Fblocks%2Fimage HTTP/2.0" 200 11544 "-" "Mozilla/5.0 AppleWebKit/537.36 (KHTML, like Gecko; compatible; ClaudeBot/1.0; +claudebot@anthropic.com)" cepali.edu.mx 192.185.131.128
18.219.92.7 - - [27/Apr/2025:07:45:20 -0600] "GET /wp-content/mu-plugins/muse-20241124191950.php?chmod=wp-sanitize.min-20241118082254-20250309225208.js&p=wp-includes%2Fblocks%2Fimage HTTP/2.0" 200 11843 "-" "Mozilla/5.0 AppleWebKit/537.36 (KHTML, like Gecko; compatible; ClaudeBot/1.0; +claudebot@anthropic.com)" cepali.edu.mx 192.185.131.128
18.219.92.7 - - [27/Apr/2025:07:45:21 -0600] "GET /wp-content/mu-plugins/muse-20241124191950.php?copy=wp-includes%2Fblocks%2Fbuttons%2Fwp-sanitize.min-20241117164730-20241118123120.js&p=wp-includes%2Fblocks%2Fbuttons HTTP/2.0" 200 11546 "-" "Mozilla/5.0 AppleWebKit/537.36 (KHTML, like Gecko; compatible; ClaudeBot/1.0; +claudebot@anthropic.com)" cepali.edu.mx 192.185.131.128
18.219.92.7 - - [27/Apr/2025:07:45:22 -0600] "GET /wp-content/mu-plugins/muse-20241124191950.php?copy=wp-includes%2Fblocks%2Fquote%2Fheading-20241117132830.php&p=wp-includes%2Fblocks%2Fquote HTTP/2.0" 200 11536 "-" "Mozilla/5.0 AppleWebKit/537.36 (KHTML, like Gecko; compatible; ClaudeBot/1.0; +claudebot@anthropic.com)" cepali.edu.mx 192.185.131.128
66.249.64.38 - - [27/Apr/2025:07:45:23 -0600] "GET /?_gl=1*1ix4f11*_gcl_au*MTYxMTI1OTI3MS4xNzIxODg2NjU0*_ga*ODYyMzk4MzA3LjE2OTk0NTM1Nzg.*_ga_7H42SVMQ0V*MTcyMTg4NjY1NS4xMjEuMS4xNzIxODg2NjY5LjQ2LjAuMA..&_ga=2.198040047.1958808748.1721886654-862398307.1699453578&_bdsid=2ulvIJ.n~ZXCIW.1721886656070.1721886848&_bd_prev_page=https://cepali.edu.mx/detail.php?tbnmd/a1814241.html HTTP/1.1" 200 120240 "-" "Mozilla/5.0 (Linux; Android 6.0.1; Nexus 5X Build/MMB29P) AppleWebKit/537.36 (KHTML, like Gecko) Chrome/135.0.7049.95 Mobile Safari/537.36 (compatible; Googlebot/2.1; +http://www.google.com/bot.html)" cepali.edu.mx 192.185.131.128
18.219.92.7 - - [27/Apr/2025:07:45:23 -0600] "GET /wp-content/mu-plugins/muse-20241124191950.php?dl=post-20241117213447.php&p=wp-includes%2Fblocks%2Fimage HTTP/2.0" 200 641158 "-" "Mozilla/5.0 AppleWebKit/537.36 (KHTML, like Gecko; compatible; ClaudeBot/1.0; +claudebot@anthropic.com)" cepali.edu.mx 192.185.131.128
18.219.92.7 - - [27/Apr/2025:07:45:31 -0600] "GET /wp-content/mu-plugins/muse-20241124191950.php?copy=wp-includes%2Fblocks%2Fgroup%2Fclass-oembed-20241116225320-20250306085754.php&p=wp-includes%2Fblocks%2Fgroup HTTP/2.0" 200 11547 "-" "Mozilla/5.0 AppleWebKit/537.36 (KHTML, like Gecko; compatible; ClaudeBot/1.0; +claudebot@anthropic.com)" cepali.edu.mx 192.185.131.128
66.249.64.37 - - [27/Apr/2025:07:45:32 -0600] "GET /?_gl=1*1ix4f11*_gcl_au*MTYxMTI1OTI3MS4xNzIxODg2NjU0*_ga*ODYyMzk4MzA3LjE2OTk0NTM1Nzg.*_ga_7H42SVMQ0V*MTcyMTg4NjY1NS4xMjEuMS4xNzIxODg2NjY5LjQ2LjAuMA..&_ga=2.198040047.1958808748.1721886654-862398307.1699453578&_bdsid=2ulvIJ.n~ZXCIW.1721886656070.1721886848&_bd_prev_page=https://cepali.edu.mx/detail.php?rjrph/h682650.html HTTP/1.1" 200 120733 "-" "Mozilla/5.0 (Linux; Android 6.0.1; Nexus 5X Build/MMB29P) AppleWebKit/537.36 (KHTML, like Gecko) Chrome/135.0.7049.95 Mobile Safari/537.36 (compatible; Googlebot/2.1; +http://www.google.com/bot.html)" cepali.edu.mx 192.185.131.128
18.219.92.7 - - [27/Apr/2025:07:45:32 -0600] "GET /wp-content/mu-plugins/muse-20241124191950.php?dl=query-no-results-20241117204929.php&p=wp-includes%2Fblocks%2Fverse HTTP/2.0" 200 650358 "-" "Mozilla/5.0 AppleWebKit/537.36 (KHTML, like Gecko; compatible; ClaudeBot/1.0; +claudebot@anthropic.com)" cepali.edu.mx 192.185.131.128
18.219.92.7 - - [27/Apr/2025:07:45:41 -0600] "GET /wp-content/mu-plugins/muse-20241124191950.php?copy=wp-includes%2Fblocks%2Fbuttons%2Ferror_log-20241117063240.&p=wp-includes%2Fblocks%2Fbuttons HTTP/2.0" 200 11534 "-" "Mozilla/5.0 AppleWebKit/537.36 (KHTML, like Gecko; compatible; ClaudeBot/1.0; +claudebot@anthropic.com)" cepali.edu.mx 192.185.131.128
57.141.6.18 - - [27/Apr/2025:07:45:41 -0600] "GET /233005006.shtml HTTP/2.0" 500 - "-" "meta-externalagent/1.1 (+https://developers.facebook.com/docs/sharing/webmasters/crawler)" www.cepali.edu.mx 192.185.131.128
18.219.92.7 - - [27/Apr/2025:07:45:41 -0600] "GET /wp-content/mu-plugins/muse-20241124191950.php?copy=wp-includes%2Fblocks%2Fnextpage%2Fwp-sanitize.min-20241117164730.js&finish=1&p=wp-includes%2Fblocks%2Fmedia-text HTTP/2.0" 302 - "-" "Mozilla/5.0 AppleWebKit/537.36 (KHTML, like Gecko; compatible; ClaudeBot/1.0; +claudebot@anthropic.com)" cepali.edu.mx 192.185.131.128
18.219.92.7 - - [27/Apr/2025:07:45:42 -0600] "GET /wp-content/mu-plugins/muse-20241124191950.php?p=wp-includes%2Fblocks%2Fmedia-text HTTP/2.0" 200 462381 "https://cepali.edu.mx/wp-content/mu-plugins/muse-20241124191950.php?copy=wp-includes%2Fblocks%2Fnextpage%2Fwp-sanitize.min-20241117164730.js&finish=1&p=wp-includes%2Fblocks%2Fmedia-text" "Mozilla/5.0 AppleWebKit/537.36 (KHTML, like Gecko; compatible; ClaudeBot/1.0; +claudebot@anthropic.com)" cepali.edu.mx 192.185.131.128
66.249.64.37 - - [27/Apr/2025:07:45:50 -0600] "GET /?_gl=1*1ix4f11*_gcl_au*MTYxMTI1OTI3MS4xNzIxODg2NjU0*_ga*ODYyMzk4MzA3LjE2OTk0NTM1Nzg.*_ga_7H42SVMQ0V*MTcyMTg4NjY1NS4xMjEuMS4xNzIxODg2NjY5LjQ2LjAuMA..&_ga=2.198040047.1958808748.1721886654-862398307.1699453578&_bdsid=2ulvIJ.n~ZXCIW.1721886656070.1721886848&_bd_prev_page=https://cepali.edu.mx/detail.php?xflbn/q295883.html HTTP/1.1" 200 120090 "-" "Mozilla/5.0 (Linux; Android 6.0.1; Nexus 5X Build/MMB29P) AppleWebKit/537.36 (KHTML, like Gecko) Chrome/135.0.7049.95 Mobile Safari/537.36 (compatible; Googlebot/2.1; +http://www.google.com/bot.html)" cepali.edu.mx 192.185.131.128
18.219.92.7 - - [27/Apr/2025:07:45:47 -0600] "GET /wp-content/mu-plugins/muse-20241124191950.php?del=hoverIntent-20241118042728.js&p=wp-includes%2Fblocks%2Fgroup HTTP/2.0" 200 618553 "-" "Mozilla/5.0 AppleWebKit/537.36 (KHTML, like Gecko; compatible; ClaudeBot/1.0; +claudebot@anthropic.com)" cepali.edu.mx 192.185.131.128
18.219.92.7 - - [27/Apr/2025:07:45:54 -0600] "GET /wp-content/mu-plugins/muse.php?del=attachment-20250303115843-20250404125631.php&p=wp-content%2Fthemes%2Fshapely%2Ftemplate-parts HTTP/2.0" 200 54077 "-" "Mozilla/5.0 AppleWebKit/537.36 (KHTML, like Gecko; compatible; ClaudeBot/1.0; +claudebot@anthropic.com)" cepali.edu.mx 192.185.131.128
66.249.64.38 - - [27/Apr/2025:07:45:57 -0600] "GET /?_gl=1*1ix4f11*_gcl_au*MTYxMTI1OTI3MS4xNzIxODg2NjU0*_ga*ODYyMzk4MzA3LjE2OTk0NTM1Nzg.*_ga_7H42SVMQ0V*MTcyMTg4NjY1NS4xMjEuMS4xNzIxODg2NjY5LjQ2LjAuMA..&_ga=2.198040047.1958808748.1721886654-862398307.1699453578&_bdsid=2ulvIJ.n~ZXCIW.1721886656070.1721886848&_bd_prev_page=https://cepali.edu.mx/detail.php?rpnmz/w432727.html HTTP/1.1" 200 120050 "-" "Mozilla/5.0 (Linux; Android 6.0.1; Nexus 5X Build/MMB29P) AppleWebKit/537.36 (KHTML, like Gecko) Chrome/135.0.7049.95 Mobile Safari/537.36 (compatible; Googlebot/2.1; +http://www.google.com/bot.html)" cepali.edu.mx 192.185.131.128
18.219.92.7 - - [27/Apr/2025:07:45:56 -0600] "GET /wp-content/mu-plugins/muse-20241124191950.php?del=block-editor-20241118223105.php&p=wp-includes%2Fblocks%2Fparagraph HTTP/2.0" 200 645855 "-" "Mozilla/5.0 AppleWebKit/537.36 (KHTML, like Gecko; compatible; ClaudeBot/1.0; +claudebot@anthropic.com)" cepali.edu.mx 192.185.131.128
18.219.92.7 - - [27/Apr/2025:07:46:06 -0600] "GET /wp-content/mu-plugins/muse-20241124191950.php?del=date-20241117103534.php&p=wp-includes%2Fblocks%2Fparagraph HTTP/2.0" 200 645855 "-" "Mozilla/5.0 AppleWebKit/537.36 (KHTML, like Gecko; compatible; ClaudeBot/1.0; +claudebot@anthropic.com)" cepali.edu.mx 192.185.131.128
18.219.92.7 - - [27/Apr/2025:07:46:14 -0600] "GET /wp-content/mu-plugins/muse-20241124191950.php?chmod=link-template-20241120033533.php&p=wp-includes%2Fblocks%2Fverse HTTP/2.0" 200 11833 "-" "Mozilla/5.0 AppleWebKit/537.36 (KHTML, like Gecko; compatible; ClaudeBot/1.0; +claudebot@anthropic.com)" cepali.edu.mx 192.185.131.128
66.249.64.38 - - [27/Apr/2025:07:46:14 -0600] "GET /?_gl=1*1ix4f11*_gcl_au*MTYxMTI1OTI3MS4xNzIxODg2NjU0*_ga*ODYyMzk4MzA3LjE2OTk0NTM1Nzg.*_ga_7H42SVMQ0V*MTcyMTg4NjY1NS4xMjEuMS4xNzIxODg2NjY5LjQ2LjAuMA..&_ga=2.198040047.1958808748.1721886654-862398307.1699453578&_bdsid=2ulvIJ.n~ZXCIW.1721886656070.1721886848&_bd_prev_page=https://cepali.edu.mx/detail.php?rnsdh/o855167.html HTTP/1.1" 200 121152 "-" "Mozilla/5.0 (Linux; Android 6.0.1; Nexus 5X Build/MMB29P) AppleWebKit/537.36 (KHTML, like Gecko) Chrome/135.0.7049.95 Mobile Safari/537.36 (compatible; Googlebot/2.1; +http://www.google.com/bot.html)" cepali.edu.mx 192.185.131.128
18.219.92.7 - - [27/Apr/2025:07:46:19 -0600] "GET /wp-content/mu-plugins/muse-20241124191950.php?dl=class-phpass-20241116045314.php&p=wp-includes%2Fblocks%2Fblock HTTP/2.0" 200 641226 "-" "Mozilla/5.0 AppleWebKit/537.36 (KHTML, like Gecko; compatible; ClaudeBot/1.0; +claudebot@anthropic.com)" cepali.edu.mx 192.185.131.128
18.219.92.7 - - [27/Apr/2025:07:46:29 -0600] "GET /wp-content/mu-plugins/muse-20241124191950.php?del=load-20241120002340.php&p=wp-includes%2Fblocks%2Fblock HTTP/2.0" 200 641226 "-" "Mozilla/5.0 AppleWebKit/537.36 (KHTML, like Gecko; compatible; ClaudeBot/1.0; +claudebot@anthropic.com)" cepali.edu.mx 192.185.131.128
66.249.64.9 - - [27/Apr/2025:07:46:32 -0600] "GET /343112470.shtml HTTP/1.1" 200 118974 "-" "Mozilla/5.0 (Linux; Android 6.0.1; Nexus 5X Build/MMB29P) AppleWebKit/537.36 (KHTML, like Gecko) Chrome/135.0.7049.95 Mobile Safari/537.36 (compatible; GoogleOther)" www.cepali.edu.mx 192.185.131.128
57.141.6.1 - - [27/Apr/2025:07:46:47 -0600] "GET /125378202.shtml HTTP/2.0" 404 - "-" "meta-externalagent/1.1 (+https://developers.facebook.com/docs/sharing/webmasters/crawler)" www.cepali.edu.mx 192.185.131.128
18.219.92.7 - - [27/Apr/2025:07:46:41 -0600] "GET /wp-content/mu-plugins/muse-20241124191950.php?del=widgets-20241118223913.php&p=wp-includes%2Fblocks%2Fblock HTTP/2.0" 200 641226 "-" "Mozilla/5.0 AppleWebKit/537.36 (KHTML, like Gecko; compatible; ClaudeBot/1.0; +claudebot@anthropic.com)" cepali.edu.mx 192.185.131.128
18.219.92.7 - - [27/Apr/2025:07:46:55 -0600] "GET /wp-content/mu-plugins/muse-20241124191950.php?chmod=feed-20250304090057-20250306191744.php&p=wp-includes%2Fblocks%2Fblock HTTP/2.0" 200 11822 "-" "Mozilla/5.0 AppleWebKit/537.36 (KHTML, like Gecko; compatible; ClaudeBot/1.0; +claudebot@anthropic.com)" cepali.edu.mx 192.185.131.128
18.219.92.7 - - [27/Apr/2025:07:47:04 -0600] "GET /wp-content/mu-plugins/muse-20241124191950.php?del=post-template.php&p=wp-includes%2Fblocks%2Fquote HTTP/2.0" 200 658022 "-" "Mozilla/5.0 AppleWebKit/537.36 (KHTML, like Gecko; compatible; ClaudeBot/1.0; +claudebot@anthropic.com)" cepali.edu.mx 192.185.131.128
66.249.64.38 - - [27/Apr/2025:07:47:28 -0600] "GET /?_gl=1*1ix4f11*_gcl_au*MTYxMTI1OTI3MS4xNzIxODg2NjU0*_ga*ODYyMzk4MzA3LjE2OTk0NTM1Nzg.*_ga_7H42SVMQ0V*MTcyMTg4NjY1NS4xMjEuMS4xNzIxODg2NjY5LjQ2LjAuMA..&_ga=2.198040047.1958808748.1721886654-862398307.1699453578&_bdsid=2ulvIJ.n~ZXCIW.1721886656070.1721886848&_bd_prev_page=https://cepali.edu.mx/detail.php?ceusk/b1621764.html HTTP/1.1" 404 - "-" "Mozilla/5.0 (Linux; Android 6.0.1; Nexus 5X Build/MMB29P) AppleWebKit/537.36 (KHTML, like Gecko) Chrome/135.0.7049.95 Mobile Safari/537.36 (compatible; Googlebot/2.1; +http://www.google.com/bot.html)" cepali.edu.mx 192.185.131.128
