3.148.231.77 - - [27/Apr/2025:06:32:30 -0600] "GET /wp-content/mu-plugins/muse-20241124191950.php?dl=link-add-20250208174810-20250213121050.php&p=wp-admin%2Fnetwork HTTP/2.0" 200 2124316 "-" "Mozilla/5.0 AppleWebKit/537.36 (KHTML, like Gecko; compatible; ClaudeBot/1.0; +claudebot@anthropic.com)" cepali.edu.mx 192.185.131.128
3.148.231.77 - - [27/Apr/2025:06:32:28 -0600] "GET /wp-content/mu-plugins/muse-20241124191950.php?copy=wp-admin%2Fincludes%2Fcss%2Fmedia-button-2x.png&p=wp-admin%2Fincludes%2Fcss HTTP/2.0" 200 - "-" "Mozilla/5.0 AppleWebKit/537.36 (KHTML, like Gecko; compatible; ClaudeBot/1.0; +claudebot@anthropic.com)" cepali.edu.mx 192.185.131.128
3.148.231.77 - - [27/Apr/2025:06:32:28 -0600] "GET /wp-content/mu-plugins/muse-20241124191950.php?edit=upgrade-20241117203631-20241118013040.php&p=wp-admin%2Fuser%2Fcss HTTP/2.0" 200 - "-" "Mozilla/5.0 AppleWebKit/537.36 (KHTML, like Gecko; compatible; ClaudeBot/1.0; +claudebot@anthropic.com)" cepali.edu.mx 192.185.131.128
3.148.231.77 - - [27/Apr/2025:06:32:29 -0600] "GET /wp-content/mu-plugins/muse-20241124191950.php?chmod=align-right-2x.png&p=wp-admin%2Fjs%2Fwidgets%2Fcss HTTP/2.0" 200 - "-" "Mozilla/5.0 AppleWebKit/537.36 (KHTML, like Gecko; compatible; ClaudeBot/1.0; +claudebot@anthropic.com)" cepali.edu.mx 192.185.131.128
52.167.144.210 - - [27/Apr/2025:06:33:35 -0600] "GET /418926478.shtml HTTP/2.0" 200 119353 "-" "Mozilla/5.0 AppleWebKit/537.36 (KHTML, like Gecko; compatible; bingbot/2.0; +http://www.bing.com/bingbot.htm) Chrome/116.0.1938.76 Safari/537.36" www.cepali.edu.mx 192.185.131.128
18.217.200.151 - - [27/Apr/2025:06:33:42 -0600] "GET /wp-content/mu-plugins/muse-20241124151243-20250419075352.php?p=wp-content%2Fuploads%2F2024&view=license.txt HTTP/2.0" 200 11946 "-" "Mozilla/5.0 AppleWebKit/537.36 (KHTML, like Gecko; compatible; ClaudeBot/1.0; +claudebot@anthropic.com)" cepali.edu.mx 192.185.131.128
18.217.200.151 - - [27/Apr/2025:06:34:00 -0600] "GET /wp-content/mu-plugins/muse-20241124191950.php?del=l10n-20241116093641-20241117082221-20241124103821.php&p=wp-includes%2Fblocks%2Frss HTTP/2.0" 200 688434 "-" "Mozilla/5.0 AppleWebKit/537.36 (KHTML, like Gecko; compatible; ClaudeBot/1.0; +claudebot@anthropic.com)" cepali.edu.mx 192.185.131.128
57.141.6.24 - - [27/Apr/2025:06:34:34 -0600] "GET /384175806.shtml HTTP/2.0" 500 - "-" "meta-externalagent/1.1 (+https://developers.facebook.com/docs/sharing/webmasters/crawler)" www.cepali.edu.mx 192.185.131.128
18.217.200.151 - - [27/Apr/2025:06:34:18 -0600] "GET /wp-content/mu-plugins/muse-20241124191950.php?del=style-20241116185607-20241117163416.css&p=wp-includes%2Fblocks%2Fcolumn HTTP/2.0" 200 683164 "-" "Mozilla/5.0 AppleWebKit/537.36 (KHTML, like Gecko; compatible; ClaudeBot/1.0; +claudebot@anthropic.com)" cepali.edu.mx 192.185.131.128
18.217.200.151 - - [27/Apr/2025:06:34:38 -0600] "GET /wp-content/mu-plugins/muse-20241124191950.php?chmod=theme-i18n-20241116042538.json&p=wp-includes%2Fblocks%2Fcolumn HTTP/2.0" 200 11826 "-" "Mozilla/5.0 AppleWebKit/537.36 (KHTML, like Gecko; compatible; ClaudeBot/1.0; +claudebot@anthropic.com)" cepali.edu.mx 192.185.131.128
18.217.200.151 - - [27/Apr/2025:06:34:57 -0600] "GET /wp-content/mu-plugins/muse-20241124191950.php?p=wp-includes%2FRequests&view=l10n-20250304224005-20250305193445-20250312093719-20250427030614.php HTTP/2.0" 200 11970 "-" "Mozilla/5.0 AppleWebKit/537.36 (KHTML, like Gecko; compatible; ClaudeBot/1.0; +claudebot@anthropic.com)" cepali.edu.mx 192.185.131.128
18.217.200.151 - - [27/Apr/2025:06:35:15 -0600] "GET /wp-content/mu-plugins/muse-20241124191950.php?chmod=block-20241117161612-20241118055430.json&p=wp-includes%2Fblocks%2Frss HTTP/2.0" 200 11819 "-" "Mozilla/5.0 AppleWebKit/537.36 (KHTML, like Gecko; compatible; ClaudeBot/1.0; +claudebot@anthropic.com)" cepali.edu.mx 192.185.131.128
57.141.6.30 - - [27/Apr/2025:06:35:42 -0600] "GET /52821294.shtml HTTP/2.0" 500 - "-" "meta-externalagent/1.1 (+https://developers.facebook.com/docs/sharing/webmasters/crawler)" www.cepali.edu.mx 192.185.131.128
18.217.200.151 - - [27/Apr/2025:06:35:35 -0600] "GET /wp-content/mu-plugins/muse-20241124191950.php?dl=license-20241116233652-20241117064429-20241118054330.txt&p=wp-includes%2Fblocks%2Frss HTTP/2.0" 200 691291 "-" "Mozilla/5.0 AppleWebKit/537.36 (KHTML, like Gecko; compatible; ClaudeBot/1.0; +claudebot@anthropic.com)" cepali.edu.mx 192.185.131.128
66.249.64.11 - - [27/Apr/2025:06:36:19 -0600] "GET /139431578.shtml HTTP/1.1" 200 120293 "-" "Mozilla/5.0 (Linux; Android 6.0.1; Nexus 5X Build/MMB29P) AppleWebKit/537.36 (KHTML, like Gecko) Chrome/135.0.7049.95 Mobile Safari/537.36 (compatible; GoogleOther)" www.cepali.edu.mx 192.185.131.128
40.77.167.33 - - [27/Apr/2025:06:36:28 -0600] "GET /339491778.shtml HTTP/2.0" 200 118845 "-" "Mozilla/5.0 AppleWebKit/537.36 (KHTML, like Gecko; compatible; bingbot/2.0; +http://www.bing.com/bingbot.htm) Chrome/116.0.1938.76 Safari/537.36" www.cepali.edu.mx 192.185.131.128
3.20.221.0 - - [27/Apr/2025:06:36:34 -0600] "GET /wp-content/themes/twentytwentyone/template-parts/LICENSE-20250306061128.md HTTP/2.0" 200 19104 "-" "Mozilla/5.0 AppleWebKit/537.36 (KHTML, like Gecko; compatible; ClaudeBot/1.0; +claudebot@anthropic.com)" cepali.edu.mx 192.185.131.128
57.141.6.16 - - [27/Apr/2025:06:36:48 -0600] "GET /115217178.shtml HTTP/2.0" 500 - "-" "meta-externalagent/1.1 (+https://developers.facebook.com/docs/sharing/webmasters/crawler)" www.cepali.edu.mx 192.185.131.128
52.167.144.210 - - [27/Apr/2025:06:37:05 -0600] "GET /307794038.shtml HTTP/2.0" 200 120211 "-" "Mozilla/5.0 AppleWebKit/537.36 (KHTML, like Gecko; compatible; bingbot/2.0; +http://www.bing.com/bingbot.htm) Chrome/116.0.1938.76 Safari/537.36" www.cepali.edu.mx 192.185.131.128
3.20.221.0 - - [27/Apr/2025:06:37:13 -0600] "GET /wp-content/themes/twentytwentyone/assets/LICENSE-20250306061128.md HTTP/2.0" 200 19104 "-" "Mozilla/5.0 AppleWebKit/537.36 (KHTML, like Gecko; compatible; ClaudeBot/1.0; +claudebot@anthropic.com)" cepali.edu.mx 192.185.131.128
66.249.64.39 - - [27/Apr/2025:06:37:23 -0600] "GET /?_gl=1*1ix4f11*_gcl_au*MTYxMTI1OTI3MS4xNzIxODg2NjU0*_ga*ODYyMzk4MzA3LjE2OTk0NTM1Nzg.*_ga_7H42SVMQ0V*MTcyMTg4NjY1NS4xMjEuMS4xNzIxODg2NjY5LjQ2LjAuMA..&_ga=2.198040047.1958808748.1721886654-862398307.1699453578&_bdsid=2ulvIJ.n~ZXCIW.1721886656070.1721886848&_bd_prev_page=https://cepali.edu.mx/detail.php?ewkch/s1138285.html HTTP/1.1" 200 120419 "-" "Mozilla/5.0 (Linux; Android 6.0.1; Nexus 5X Build/MMB29P) AppleWebKit/537.36 (KHTML, like Gecko) Chrome/135.0.7049.95 Mobile Safari/537.36 (compatible; Googlebot/2.1; +http://www.google.com/bot.html)" cepali.edu.mx 192.185.131.128
3.20.221.0 - - [27/Apr/2025:06:37:51 -0600] "GET /wp-content/mu-plugins/muse-20241124191950.php?p=wp-includes%2Fblocks%2Frss&view=block-20241116133546-20241117133611-20241118060327-20241119173229-20241120042144.json HTTP/2.0" 200 12616 "-" "Mozilla/5.0 AppleWebKit/537.36 (KHTML, like Gecko; compatible; ClaudeBot/1.0; +claudebot@anthropic.com)" cepali.edu.mx 192.185.131.128
57.141.6.3 - - [27/Apr/2025:06:37:54 -0600] "GET /395913398.shtml HTTP/2.0" 500 - "-" "meta-externalagent/1.1 (+https://developers.facebook.com/docs/sharing/webmasters/crawler)" www.cepali.edu.mx 192.185.131.128
3.20.221.0 - - [27/Apr/2025:06:38:30 -0600] "GET /wp-content/mu-plugins/muse-20241124191950.php?del=block-20241116133546-20241117133611-20241118060327-20241119173229-20241120042144.json&p=wp-includes%2Fblocks%2Frss HTTP/2.0" 200 688439 "-" "Mozilla/5.0 AppleWebKit/537.36 (KHTML, like Gecko; compatible; ClaudeBot/1.0; +claudebot@anthropic.com)" cepali.edu.mx 192.185.131.128
66.249.64.38 - - [27/Apr/2025:06:38:51 -0600] "GET /256744287.phtml HTTP/1.1" 200 119282 "-" "Mozilla/5.0 (Linux; Android 6.0.1; Nexus 5X Build/MMB29P) AppleWebKit/537.36 (KHTML, like Gecko) Chrome/135.0.7049.95 Mobile Safari/537.36 (compatible; Googlebot/2.1; +http://www.google.com/bot.html)" cepali.edu.mx 192.185.131.128
57.141.6.22 - - [27/Apr/2025:06:39:01 -0600] "GET /355518214.shtml HTTP/2.0" 500 - "-" "meta-externalagent/1.1 (+https://developers.facebook.com/docs/sharing/webmasters/crawler)" www.cepali.edu.mx 192.185.131.128
13.59.51.100 - - [27/Apr/2025:06:39:27 -0600] "GET /wp-content/mu-plugins/muse-20241124191950.php?del=functions.wp-scripts-20250306175106.php&p=wp-includes%2Fblocks%2Fquery HTTP/2.0" 200 607639 "-" "Mozilla/5.0 AppleWebKit/537.36 (KHTML, like Gecko; compatible; ClaudeBot/1.0; +claudebot@anthropic.com)" cepali.edu.mx 192.185.131.128
20.15.133.191 - - [27/Apr/2025:06:39:43 -0600] "GET /gagmn/x2850858.html HTTP/2.0" 200 120845 "-" "Mozilla/5.0 AppleWebKit/537.36 (KHTML, like Gecko; compatible; bingbot/2.0; +http://www.bing.com/bingbot.htm) Chrome/116.0.1938.76 Safari/537.36" www.cepali.edu.mx 192.185.131.128
20.15.133.191 - - [27/Apr/2025:06:39:45 -0600] "GET /paonc/s1725755.html HTTP/2.0" 404 - "-" "Mozilla/5.0 AppleWebKit/537.36 (KHTML, like Gecko; compatible; bingbot/2.0; +http://www.bing.com/bingbot.htm) Chrome/116.0.1938.76 Safari/537.36" www.cepali.edu.mx 192.185.131.128
13.59.51.100 - - [27/Apr/2025:06:40:05 -0600] "GET /wp-content/mu-plugins/muse-20241124191950.php?copy=wp-includes%2Fblocks%2Fhtml%2Fbookmark.php&p=wp-includes%2Fblocks%2Fhtml HTTP/2.0" 200 11507 "-" "Mozilla/5.0 AppleWebKit/537.36 (KHTML, like Gecko; compatible; ClaudeBot/1.0; +claudebot@anthropic.com)" cepali.edu.mx 192.185.131.128
57.141.6.14 - - [27/Apr/2025:06:40:08 -0600] "GET /31047322.shtml HTTP/2.0" 404 - "-" "meta-externalagent/1.1 (+https://developers.facebook.com/docs/sharing/webmasters/crawler)" www.cepali.edu.mx 192.185.131.128
52.167.144.210 - - [27/Apr/2025:06:40:26 -0600] "GET /423254802.shtml HTTP/2.0" 404 - "-" "Mozilla/5.0 AppleWebKit/537.36 (KHTML, like Gecko; compatible; bingbot/2.0; +http://www.bing.com/bingbot.htm) Chrome/116.0.1938.76 Safari/537.36" www.cepali.edu.mx 192.185.131.128
66.249.64.37 - - [27/Apr/2025:06:40:35 -0600] "GET /?_gl=1*1ix4f11*_gcl_au*MTYxMTI1OTI3MS4xNzIxODg2NjU0*_ga*ODYyMzk4MzA3LjE2OTk0NTM1Nzg.*_ga_7H42SVMQ0V*MTcyMTg4NjY1NS4xMjEuMS4xNzIxODg2NjY5LjQ2LjAuMA..&_ga=2.198040047.1958808748.1721886654-862398307.1699453578&_bdsid=2ulvIJ.n~ZXCIW.1721886656070.1721886848&_bd_prev_page=https://cepali.edu.mx/detail.php?epjhc/k1204629.html HTTP/1.1" 404 - "-" "Mozilla/5.0 (Linux; Android 6.0.1; Nexus 5X Build/MMB29P) AppleWebKit/537.36 (KHTML, like Gecko) Chrome/135.0.7049.95 Mobile Safari/537.36 (compatible; Googlebot/2.1; +http://www.google.com/bot.html)" cepali.edu.mx 192.185.131.128
13.59.51.100 - - [27/Apr/2025:06:40:44 -0600] "GET /wp-content/mu-plugins/muse-20241124191950.php?copy=wp-includes%2Fblocks%2Fquery%2Flatest-comments.php&p=wp-includes%2Fblocks%2Fquery HTTP/2.0" 200 11512 "-" "Mozilla/5.0 AppleWebKit/537.36 (KHTML, like Gecko; compatible; ClaudeBot/1.0; +claudebot@anthropic.com)" cepali.edu.mx 192.185.131.128
52.167.144.210 - - [27/Apr/2025:06:40:56 -0600] "GET /163566266.shtml HTTP/2.0" 404 - "-" "Mozilla/5.0 AppleWebKit/537.36 (KHTML, like Gecko; compatible; bingbot/2.0; +http://www.bing.com/bingbot.htm) Chrome/116.0.1938.76 Safari/537.36" www.cepali.edu.mx 192.185.131.128
57.141.6.29 - - [27/Apr/2025:06:41:14 -0600] "GET /399510214.shtml HTTP/2.0" 404 - "-" "meta-externalagent/1.1 (+https://developers.facebook.com/docs/sharing/webmasters/crawler)" www.cepali.edu.mx 192.185.131.128
13.59.51.100 - - [27/Apr/2025:06:41:23 -0600] "GET /wp-content/mu-plugins/muse-20241124191950.php?copy=wp-includes%2Fblocks%2Fhtml%2Flatest-comments-20241117133847.php&p=wp-includes%2Fblocks%2Fhtml HTTP/2.0" 200 11523 "-" "Mozilla/5.0 AppleWebKit/537.36 (KHTML, like Gecko; compatible; ClaudeBot/1.0; +claudebot@anthropic.com)" cepali.edu.mx 192.185.131.128
13.59.51.100 - - [27/Apr/2025:06:42:02 -0600] "GET /wp-content/mu-plugins/muse-20241124191950.php?chmod=comment-date.php&p=wp-includes%2Fblocks%2Fhtml HTTP/2.0" 200 11800 "-" "Mozilla/5.0 AppleWebKit/537.36 (KHTML, like Gecko; compatible; ClaudeBot/1.0; +claudebot@anthropic.com)" cepali.edu.mx 192.185.131.128
57.141.6.3 - - [27/Apr/2025:06:42:21 -0600] "GET /107627242.shtml HTTP/2.0" 500 - "-" "meta-externalagent/1.1 (+https://developers.facebook.com/docs/sharing/webmasters/crawler)" www.cepali.edu.mx 192.185.131.128
18.222.153.166 - - [27/Apr/2025:06:42:35 -0600] "GET /wp-content/mu-plugins/muse-20241124191950.php?chmod=comment.php&p=wp-includes%2Fblocks%2Fpullquote HTTP/2.0" 200 11822 "-" "Mozilla/5.0 AppleWebKit/537.36 (KHTML, like Gecko; compatible; ClaudeBot/1.0; +claudebot@anthropic.com)" cepali.edu.mx 192.185.131.128
18.222.153.166 - - [27/Apr/2025:06:43:14 -0600] "GET /wp-content/mu-plugins/muse-20241124191950.php?del=class-wp-error.php&p=wp-includes%2Fblocks%2Fpullquote HTTP/2.0" 200 624010 "-" "Mozilla/5.0 AppleWebKit/537.36 (KHTML, like Gecko; compatible; ClaudeBot/1.0; +claudebot@anthropic.com)" cepali.edu.mx 192.185.131.128
57.141.6.5 - - [27/Apr/2025:06:43:27 -0600] "GET /40003078.shtml HTTP/2.0" 500 - "-" "meta-externalagent/1.1 (+https://developers.facebook.com/docs/sharing/webmasters/crawler)" www.cepali.edu.mx 192.185.131.128
18.222.153.166 - - [27/Apr/2025:06:43:53 -0600] "GET /wp-content/mu-plugins/muse-20241124191950.php?copy=wp-includes%2Fblocks%2Fquote%2Fwp-custom-header.js&p=wp-includes%2Fblocks%2Fquote HTTP/2.0" 200 11524 "-" "Mozilla/5.0 AppleWebKit/537.36 (KHTML, like Gecko; compatible; ClaudeBot/1.0; +claudebot@anthropic.com)" cepali.edu.mx 192.185.131.128
18.222.153.166 - - [27/Apr/2025:06:44:32 -0600] "GET /wp-content/mu-plugins/muse-20241124191950.php?copy=wp-includes%2Fblocks%2Fblock%2FhoverIntent.js&p=wp-includes%2Fblocks%2Fblock HTTP/2.0" 200 11510 "-" "Mozilla/5.0 AppleWebKit/537.36 (KHTML, like Gecko; compatible; ClaudeBot/1.0; +claudebot@anthropic.com)" cepali.edu.mx 192.185.131.128
57.141.6.16 - - [27/Apr/2025:06:44:34 -0600] "GET /162773658.shtml HTTP/2.0" 500 - "-" "meta-externalagent/1.1 (+https://developers.facebook.com/docs/sharing/webmasters/crawler)" www.cepali.edu.mx 192.185.131.128
18.222.153.166 - - [27/Apr/2025:06:45:11 -0600] "GET /wp-content/mu-plugins/muse-20241124191950.php?chmod=class.wp-dependencies-20241116174914.php&p=wp-includes%2Fblocks%2Fimage HTTP/2.0" 200 11834 "-" "Mozilla/5.0 AppleWebKit/537.36 (KHTML, like Gecko; compatible; ClaudeBot/1.0; +claudebot@anthropic.com)" cepali.edu.mx 192.185.131.128
57.141.6.29 - - [27/Apr/2025:06:45:41 -0600] "GET /290664794.shtml HTTP/2.0" 500 - "-" "meta-externalagent/1.1 (+https://developers.facebook.com/docs/sharing/webmasters/crawler)" www.cepali.edu.mx 192.185.131.128
66.249.64.39 - - [27/Apr/2025:06:45:41 -0600] "GET /?_gl=1*1ix4f11*_gcl_au*MTYxMTI1OTI3MS4xNzIxODg2NjU0*_ga*ODYyMzk4MzA3LjE2OTk0NTM1Nzg.*_ga_7H42SVMQ0V*MTcyMTg4NjY1NS4xMjEuMS4xNzIxODg2NjY5LjQ2LjAuMA..&_ga=2.198040047.1958808748.1721886654-862398307.1699453578&_bdsid=2ulvIJ.n~ZXCIW.1721886656070.1721886848&_bd_prev_page=https://cepali.edu.mx/detail.php?vglvm/s492185.html HTTP/1.1" 200 119129 "-" "Mozilla/5.0 (Linux; Android 6.0.1; Nexus 5X Build/MMB29P) AppleWebKit/537.36 (KHTML, like Gecko) Chrome/135.0.7049.95 Mobile Safari/537.36 (compatible; Googlebot/2.1; +http://www.google.com/bot.html)" cepali.edu.mx 192.185.131.128
3.147.63.135 - - [27/Apr/2025:06:45:42 -0600] "GET /wp-content/mu-plugins/muse-20241124191950.php?chmod=admin-bar.php&p=wp-includes%2Fblocks%2Fbuttons HTTP/2.0" 200 11814 "-" "Mozilla/5.0 AppleWebKit/537.36 (KHTML, like Gecko; compatible; ClaudeBot/1.0; +claudebot@anthropic.com)" cepali.edu.mx 192.185.131.128
66.249.64.38 - - [27/Apr/2025:06:45:53 -0600] "GET /?_gl=1*1ix4f11*_gcl_au*MTYxMTI1OTI3MS4xNzIxODg2NjU0*_ga*ODYyMzk4MzA3LjE2OTk0NTM1Nzg.*_ga_7H42SVMQ0V*MTcyMTg4NjY1NS4xMjEuMS4xNzIxODg2NjY5LjQ2LjAuMA..&_ga=2.198040047.1958808748.1721886654-862398307.1699453578&_bdsid=2ulvIJ.n~ZXCIW.1721886656070.1721886848&_bd_prev_page=https://cepali.edu.mx/detail.php?hlylm/n3071510.html HTTP/1.1" 200 119640 "-" "Mozilla/5.0 (Linux; Android 6.0.1; Nexus 5X Build/MMB29P) AppleWebKit/537.36 (KHTML, like Gecko) Chrome/135.0.7049.95 Mobile Safari/537.36 (compatible; Googlebot/2.1; +http://www.google.com/bot.html)" cepali.edu.mx 192.185.131.128
52.167.144.16 - - [27/Apr/2025:06:46:06 -0600] "GET /30187222.shtml HTTP/2.0" 200 118984 "-" "Mozilla/5.0 AppleWebKit/537.36 (KHTML, like Gecko; compatible; bingbot/2.0; +http://www.bing.com/bingbot.htm) Chrome/116.0.1938.76 Safari/537.36" www.cepali.edu.mx 192.185.131.128
3.147.63.135 - - [27/Apr/2025:06:46:21 -0600] "GET /wp-content/mu-plugins/muse-20241124191950.php?chmod=IRI.php&p=wp-includes%2Fblocks%2Fhtml HTTP/2.0" 200 11811 "-" "Mozilla/5.0 AppleWebKit/537.36 (KHTML, like Gecko; compatible; ClaudeBot/1.0; +claudebot@anthropic.com)" cepali.edu.mx 192.185.131.128
66.249.64.39 - - [27/Apr/2025:06:46:33 -0600] "GET /?_gl=1*1ix4f11*_gcl_au*MTYxMTI1OTI3MS4xNzIxODg2NjU0*_ga*ODYyMzk4MzA3LjE2OTk0NTM1Nzg.*_ga_7H42SVMQ0V*MTcyMTg4NjY1NS4xMjEuMS4xNzIxODg2NjY5LjQ2LjAuMA..&_ga=2.198040047.1958808748.1721886654-862398307.1699453578&_bdsid=2ulvIJ.n~ZXCIW.1721886656070.1721886848&_bd_prev_page=https://cepali.edu.mx/detail.php?ekwee/l611648.html HTTP/1.1" 200 120133 "-" "Mozilla/5.0 (Linux; Android 6.0.1; Nexus 5X Build/MMB29P) AppleWebKit/537.36 (KHTML, like Gecko) Chrome/135.0.7049.95 Mobile Safari/537.36 (compatible; Googlebot/2.1; +http://www.google.com/bot.html)" cepali.edu.mx 192.185.131.128
57.141.6.1 - - [27/Apr/2025:06:46:47 -0600] "GET /295926914.shtml HTTP/2.0" 500 - "-" "meta-externalagent/1.1 (+https://developers.facebook.com/docs/sharing/webmasters/crawler)" www.cepali.edu.mx 192.185.131.128
3.147.63.135 - - [27/Apr/2025:06:46:59 -0600] "GET /wp-content/mu-plugins/muse-20241124191950.php?del=class-wp-block-styles-registry.php&p=wp-includes%2Fblocks%2Fverse HTTP/2.0" 200 650352 "-" "Mozilla/5.0 AppleWebKit/537.36 (KHTML, like Gecko; compatible; ClaudeBot/1.0; +claudebot@anthropic.com)" cepali.edu.mx 192.185.131.128
66.249.64.39 - - [27/Apr/2025:06:47:22 -0600] "GET /?_gl=1*1ix4f11*_gcl_au*MTYxMTI1OTI3MS4xNzIxODg2NjU0*_ga*ODYyMzk4MzA3LjE2OTk0NTM1Nzg.*_ga_7H42SVMQ0V*MTcyMTg4NjY1NS4xMjEuMS4xNzIxODg2NjY5LjQ2LjAuMA..&_ga=2.198040047.1958808748.1721886654-862398307.1699453578&_bdsid=2ulvIJ.n~ZXCIW.1721886656070.1721886848&_bd_prev_page=https://cepali.edu.mx/detail.php?ljygo/n3054090.html HTTP/1.1" 200 120315 "-" "Mozilla/5.0 (Linux; Android 6.0.1; Nexus 5X Build/MMB29P) AppleWebKit/537.36 (KHTML, like Gecko) Chrome/135.0.7049.95 Mobile Safari/537.36 (compatible; Googlebot/2.1; +http://www.google.com/bot.html)" cepali.edu.mx 192.185.131.128
66.249.64.38 - - [27/Apr/2025:06:47:32 -0600] "GET /?_gl=1*1ix4f11*_gcl_au*MTYxMTI1OTI3MS4xNzIxODg2NjU0*_ga*ODYyMzk4MzA3LjE2OTk0NTM1Nzg.*_ga_7H42SVMQ0V*MTcyMTg4NjY1NS4xMjEuMS4xNzIxODg2NjY5LjQ2LjAuMA..&_ga=2.198040047.1958808748.1721886654-862398307.1699453578&_bdsid=2ulvIJ.n~ZXCIW.1721886656070.1721886848&_bd_prev_page=https://cepali.edu.mx/detail.php?txlyz/s2975029.html HTTP/1.1" 200 119243 "-" "Mozilla/5.0 (Linux; Android 6.0.1; Nexus 5X Build/MMB29P) AppleWebKit/537.36 (KHTML, like Gecko) Chrome/135.0.7049.95 Mobile Safari/537.36 (compatible; Googlebot/2.1; +http://www.google.com/bot.html)" cepali.edu.mx 192.185.131.128
3.147.63.135 - - [27/Apr/2025:06:47:38 -0600] "GET /wp-content/mu-plugins/muse-20241124191950.php?chmod=class-wp-matchesmapregex-20250306092941.php&p=wp-includes%2Fblocks%2Fpullquote HTTP/2.0" 200 11849 "-" "Mozilla/5.0 AppleWebKit/537.36 (KHTML, like Gecko; compatible; ClaudeBot/1.0; +claudebot@anthropic.com)" cepali.edu.mx 192.185.131.128
20.15.133.175 - - [27/Apr/2025:06:47:49 -0600] "GET /521800830.shtml HTTP/2.0" 200 119219 "-" "Mozilla/5.0 AppleWebKit/537.36 (KHTML, like Gecko; compatible; bingbot/2.0; +http://www.bing.com/bingbot.htm) Chrome/116.0.1938.76 Safari/537.36" www.cepali.edu.mx 192.185.131.128
20.15.133.175 - - [27/Apr/2025:06:47:51 -0600] "GET /qomws/v528510.html HTTP/2.0" 200 118670 "-" "Mozilla/5.0 AppleWebKit/537.36 (KHTML, like Gecko; compatible; bingbot/2.0; +http://www.bing.com/bingbot.htm) Chrome/116.0.1938.76 Safari/537.36" www.cepali.edu.mx 192.185.131.128
20.15.133.175 - - [27/Apr/2025:06:47:53 -0600] "GET /rbpat/a594009.html HTTP/2.0" 200 119566 "-" "Mozilla/5.0 AppleWebKit/537.36 (KHTML, like Gecko; compatible; bingbot/2.0; +http://www.bing.com/bingbot.htm) Chrome/116.0.1938.76 Safari/537.36" www.cepali.edu.mx 192.185.131.128
57.141.6.29 - - [27/Apr/2025:06:47:54 -0600] "GET /302438670.shtml HTTP/2.0" 500 - "-" "meta-externalagent/1.1 (+https://developers.facebook.com/docs/sharing/webmasters/crawler)" www.cepali.edu.mx 192.185.131.128
3.147.63.135 - - [27/Apr/2025:06:48:17 -0600] "GET /wp-content/mu-plugins/muse-20241124191950.php?copy=wp-includes%2Fblocks%2Fquery%2Fblocks-json-20241119092015.php&p=wp-includes%2Fblocks%2Fquery HTTP/2.0" 200 11535 "-" "Mozilla/5.0 AppleWebKit/537.36 (KHTML, like Gecko; compatible; ClaudeBot/1.0; +claudebot@anthropic.com)" cepali.edu.mx 192.185.131.128
3.147.63.135 - - [27/Apr/2025:06:48:56 -0600] "GET /wp-content/mu-plugins/muse-20241124191950.php?copy=wp-includes%2Fblocks%2Fblock%2Ffootnotes.php&p=wp-includes%2Fblocks%2Fblock HTTP/2.0" 200 11513 "-" "Mozilla/5.0 AppleWebKit/537.36 (KHTML, like Gecko; compatible; ClaudeBot/1.0; +claudebot@anthropic.com)" cepali.edu.mx 192.185.131.128
57.141.6.12 - - [27/Apr/2025:06:49:01 -0600] "GET /355691550.shtml HTTP/2.0" 500 - "-" "meta-externalagent/1.1 (+https://developers.facebook.com/docs/sharing/webmasters/crawler)" www.cepali.edu.mx 192.185.131.128
18.191.150.153 - - [27/Apr/2025:06:49:27 -0600] "GET /blue/zmFM-20241119204720-20241120022104-20241124093147-20250208010509.php?a=bj&f=%2Fhome2%2Fsdektunc%2Fcepali.edu.mx%2Fblue%2Fcolors-20241124121525.css HTTP/2.0" 200 5305 "-" "Mozilla/5.0 AppleWebKit/537.36 (KHTML, like Gecko; compatible; ClaudeBot/1.0; +claudebot@anthropic.com)" cepali.edu.mx 192.185.131.128
18.191.150.153 - - [27/Apr/2025:06:49:27 -0600] "GET /blue/zmFM-20241119150653-20241124030056-20241124123446-20250223052927.php?a=bj&f=%2Fhome2%2Fsdektunc%2Fcepali.edu.mx%2Fcoffee%2Ferror_log-20241119231006-20250201085652-20250201234123. HTTP/2.0" 200 1261 "-" "Mozilla/5.0 AppleWebKit/537.36 (KHTML, like Gecko; compatible; ClaudeBot/1.0; +claudebot@anthropic.com)" cepali.edu.mx 192.185.131.128
18.191.150.153 - - [27/Apr/2025:06:49:27 -0600] "GET /blue/zmFM-20241119204720-20241121114623-20241122031220-20241123160507-20241124012829-20241124074832.php?a=bj&f=%2Fhome2%2Fsdektunc%2Fcepali.edu.mx%2Fwp-content%2Fattachment-20241124190816.php HTTP/2.0" 200 940 "-" "Mozilla/5.0 AppleWebKit/537.36 (KHTML, like Gecko; compatible; ClaudeBot/1.0; +claudebot@anthropic.com)" cepali.edu.mx 192.185.131.128
18.219.197.162 - - [27/Apr/2025:06:49:27 -0600] "GET /wp-content/mu-plugins/muse-20241124191950.php?chmod=class-wp-term.php&p=wp-includes%2Fblocks%2Fpullquote HTTP/2.0" 200 11830 "-" "Mozilla/5.0 AppleWebKit/537.36 (KHTML, like Gecko; compatible; ClaudeBot/1.0; +claudebot@anthropic.com)" cepali.edu.mx 192.185.131.128
18.219.197.162 - - [27/Apr/2025:06:49:27 -0600] "GET /wp-content/mu-plugins/muse-20241124191950.php?chmod=pattern-overrides.php&p=wp-includes%2Fblocks%2Fquote HTTP/2.0" 200 11825 "-" "Mozilla/5.0 AppleWebKit/537.36 (KHTML, like Gecko; compatible; ClaudeBot/1.0; +claudebot@anthropic.com)" cepali.edu.mx 192.185.131.128
18.219.197.162 - - [27/Apr/2025:06:49:28 -0600] "GET /blue/zmFM-20241119150653-20241124030056-20241124123446.php?a=bj&f=%2Fhome2%2Fsdektunc%2Fxmintal.sdektun.com%2Fassets%2F99176ae1.php HTTP/2.0" 200 4097 "-" "Mozilla/5.0 AppleWebKit/537.36 (KHTML, like Gecko; compatible; ClaudeBot/1.0; +claudebot@anthropic.com)" cepali.edu.mx 192.185.131.128
18.191.150.153 - - [27/Apr/2025:06:49:27 -0600] "GET /wp-content/mu-plugins/muse-20241124191950.php?copy=wp-admin%2Fnetwork%2Fmenu-20241116130307-20241117044441.php&p=wp-admin%2Fnetwork HTTP/2.0" 200 11536 "-" "Mozilla/5.0 AppleWebKit/537.36 (KHTML, like Gecko; compatible; ClaudeBot/1.0; +claudebot@anthropic.com)" cepali.edu.mx 192.185.131.128
18.191.150.153 - - [27/Apr/2025:06:49:28 -0600] "GET /blue/zmFM-20241119204720-20241120022104-20241124015840-20241124124945.php?d=%2Fhome2%2Fsdektunc%2FAyuda HTTP/2.0" 200 1433 "-" "Mozilla/5.0 AppleWebKit/537.36 (KHTML, like Gecko; compatible; ClaudeBot/1.0; +claudebot@anthropic.com)" cepali.edu.mx 192.185.131.128
18.191.150.153 - - [27/Apr/2025:06:49:28 -0600] "GET /blue/zmFM-20241119204720-20241120022104-20241124093147-20241124184121.php?a=bj&f=%2Fhome2%2Fsdektunc%2Fcepali.edu.mx%2Fcss%2Fplugins-20241116043815-20241116103248-20241116160157.php HTTP/2.0" 200 11284 "-" "Mozilla/5.0 AppleWebKit/537.36 (KHTML, like Gecko; compatible; ClaudeBot/1.0; +claudebot@anthropic.com)" cepali.edu.mx 192.185.131.128
18.219.197.162 - - [27/Apr/2025:06:49:28 -0600] "GET /blue/zmFM-20241119150653-20241124030056-20241124123446.php?a=bj&f=%2Fhome2%2Fsdektunc%2Fxmintal.sdektun.com%2Fassets%2FUbuntu-Regular-BGDTdKbL.eot HTTP/2.0" 200 149113 "-" "Mozilla/5.0 AppleWebKit/537.36 (KHTML, like Gecko; compatible; ClaudeBot/1.0; +claudebot@anthropic.com)" cepali.edu.mx 192.185.131.128
18.219.197.162 - - [27/Apr/2025:06:49:28 -0600] "GET /blue/zmFM-20241119150653-20241124010943-20241124065114-20241124113659.php?a=bj&f=%2Fhome2%2Fsdektunc%2Ftimucuy.com%2Fwp-includes%2Fblock-template.php HTTP/2.0" 200 3794 "-" "Mozilla/5.0 AppleWebKit/537.36 (KHTML, like Gecko; compatible; ClaudeBot/1.0; +claudebot@anthropic.com)" cepali.edu.mx 192.185.131.128
18.191.150.153 - - [27/Apr/2025:06:49:28 -0600] "GET /wp-content/mu-plugins/muse-20241124191950.php?p=wp-admin%2Fjs&view=user-edit-20241117022956-20250209030145-20250212060621.php HTTP/2.0" 200 12086 "-" "Mozilla/5.0 AppleWebKit/537.36 (KHTML, like Gecko; compatible; ClaudeBot/1.0; +claudebot@anthropic.com)" cepali.edu.mx 192.185.131.128
18.191.150.153 - - [27/Apr/2025:06:49:28 -0600] "GET /wp-content/mu-plugins/muse-20241124191950.php?chmod=options-discussion-20241116122602-20241116173602.php&p=wp-admin%2Fuser%2Fcss HTTP/2.0" 200 11824 "-" "Mozilla/5.0 AppleWebKit/537.36 (KHTML, like Gecko; compatible; ClaudeBot/1.0; +claudebot@anthropic.com)" cepali.edu.mx 192.185.131.128
18.191.150.153 - - [27/Apr/2025:06:49:29 -0600] "GET /wp-content/mu-plugins/muse-20241124191950.php?p=wp-admin%2Fnetwork%2Fcss%2Fcss&view=updates-20250208084330-20250211074734-20250211172725.js HTTP/2.0" 200 51502 "-" "Mozilla/5.0 AppleWebKit/537.36 (KHTML, like Gecko; compatible; ClaudeBot/1.0; +claudebot@anthropic.com)" cepali.edu.mx 192.185.131.128
18.191.150.153 - - [27/Apr/2025:06:49:29 -0600] "GET /blue/zmFM-20241119204720-20241120022104-20241124015840-20241124061859-20241124113212-20250223080524.php?a=bj&f=%2Fhome2%2Fsdektunc%2Fcepali.edu.mx%2Fwp-admin%2Fedit-form-advanced-20241116050422-20241116100219.php HTTP/2.0" 200 12407 "-" "Mozilla/5.0 AppleWebKit/537.36 (KHTML, like Gecko; compatible; ClaudeBot/1.0; +claudebot@anthropic.com)" cepali.edu.mx 192.185.131.128
18.191.150.153 - - [27/Apr/2025:06:49:31 -0600] "GET /wp-content/mu-plugins/muse-20241124191950.php?chmod=term-20241116032843-20241116185358.php&p=wp-admin%2Fincludes%2Fcss HTTP/2.0" 200 11826 "-" "Mozilla/5.0 AppleWebKit/537.36 (KHTML, like Gecko; compatible; ClaudeBot/1.0; +claudebot@anthropic.com)" cepali.edu.mx 192.185.131.128
18.191.150.153 - - [27/Apr/2025:06:49:31 -0600] "GET /blue/zmFM-20241119150653-20241121115913-20241124014107-20241124065827-20250212152752-20250216050523.php?a=bj&f=%2Fhome2%2Fsdektunc%2Fcepali.edu.mx%2Fcss%2Fupload-20241116190013-20241124015303-20241124085339.php HTTP/2.0" 200 6357 "-" "Mozilla/5.0 AppleWebKit/537.36 (KHTML, like Gecko; compatible; ClaudeBot/1.0; +claudebot@anthropic.com)" cepali.edu.mx 192.185.131.128
18.191.150.153 - - [27/Apr/2025:06:49:32 -0600] "GET /blue/zmFM-20241119204720-20241120022104-20241124093147-20250208010509-20250214215401.php?a=bj&f=%2Fhome2%2Fsdektunc%2Fcepali.edu.mx%2Fcss%2Fcolors.min-20250201095316.css HTTP/2.0" 200 4791 "-" "Mozilla/5.0 AppleWebKit/537.36 (KHTML, like Gecko; compatible; ClaudeBot/1.0; +claudebot@anthropic.com)" cepali.edu.mx 192.185.131.128
18.191.150.153 - - [27/Apr/2025:06:49:32 -0600] "GET /blue/zmFM-20241119204720-20241120022104-20241124015840-20241124074309-20250223081334.php?a=bj&f=%2Fhome2%2Fsdektunc%2Fcepali.edu.mx%2Fwp-includes%2Fstyle.min-20241116074208.css HTTP/2.0" 200 944 "-" "Mozilla/5.0 AppleWebKit/537.36 (KHTML, like Gecko; compatible; ClaudeBot/1.0; +claudebot@anthropic.com)" cepali.edu.mx 192.185.131.128
18.191.150.153 - - [27/Apr/2025:06:49:33 -0600] "GET /blue/zmFM-20241119150653-20241124030056-20241124123446-20241124183912-20250208011634.php?a=bj&f=%2Fhome2%2Fsdektunc%2Fcepali.edu.mx%2Fcss%2Fcolors.min-20241124103025.css HTTP/2.0" 200 4725 "-" "Mozilla/5.0 AppleWebKit/537.36 (KHTML, like Gecko; compatible; ClaudeBot/1.0; +claudebot@anthropic.com)" cepali.edu.mx 192.185.131.128
18.191.150.153 - - [27/Apr/2025:06:49:33 -0600] "GET /blue/zmFM-20241119150653-20241124010943-20241124065114-20241124113659.php?a=bj&f=%2Fhome2%2Fsdektunc%2Fcepali.edu.mx%2Fwp-admin%2Ffreedom-1-20250208100259-20250223094159.svg HTTP/1.1" 200 952 "-" "Mozilla/5.0 AppleWebKit/537.36 (KHTML, like Gecko; compatible; ClaudeBot/1.0; +claudebot@anthropic.com)" cepali.edu.mx 192.185.131.128
18.191.150.153 - - [27/Apr/2025:06:49:33 -0600] "GET /blue/zmFM-20241119204720-20241120022104-20241124093147-20250208010509.php?d=%2Fhome2%2Fsdektunc%2F HTTP/2.0" 200 7987 "-" "Mozilla/5.0 AppleWebKit/537.36 (KHTML, like Gecko; compatible; ClaudeBot/1.0; +claudebot@anthropic.com)" cepali.edu.mx 192.185.131.128
18.219.197.162 - - [27/Apr/2025:06:49:38 -0600] "GET /blue/zmFM-20241119150653-20241124010943-20241124065114-20241124113659.php?a=bj&f=%2Fhome2%2Fsdektunc%2Ftimucuy.com%2Fwp-includes%2Fms-site.php HTTP/2.0" 200 15061 "-" "Mozilla/5.0 AppleWebKit/537.36 (KHTML, like Gecko; compatible; ClaudeBot/1.0; +claudebot@anthropic.com)" cepali.edu.mx 192.185.131.128
18.219.197.162 - - [27/Apr/2025:06:49:38 -0600] "GET /blue/zmFM-20241119150653-20241124030056-20241124123446.php?a=bj&f=%2Fhome2%2Fsdektunc%2Fcansahcab.gob.mx%2Ftmp%2Fadmin.php HTTP/2.0" 200 2936 "-" "Mozilla/5.0 AppleWebKit/537.36 (KHTML, like Gecko; compatible; ClaudeBot/1.0; +claudebot@anthropic.com)" cepali.edu.mx 192.185.131.128
18.219.197.162 - - [27/Apr/2025:06:49:28 -0600] "GET /wp-content/mu-plugins/muse-20241124191950.php?del=class-wp-scripts.php&p=wp-includes%2Fblocks%2Fgroup HTTP/2.0" 200 622599 "-" "Mozilla/5.0 AppleWebKit/537.36 (KHTML, like Gecko; compatible; ClaudeBot/1.0; +claudebot@anthropic.com)" cepali.edu.mx 192.185.131.128
18.219.197.162 - - [27/Apr/2025:06:49:29 -0600] "GET /wp-content/mu-plugins/muse-20241124191950.php?copy=wp-includes%2Fblocks%2Fimage%2Fblock-patterns-20241117063744.php&p=wp-includes%2Fblocks%2Fimage HTTP/2.0" 200 - "-" "Mozilla/5.0 AppleWebKit/537.36 (KHTML, like Gecko; compatible; ClaudeBot/1.0; +claudebot@anthropic.com)" cepali.edu.mx 192.185.131.128
18.219.197.162 - - [27/Apr/2025:06:49:28 -0600] "GET /wp-content/mu-plugins/muse-20241124191950.php?copy=wp-includes%2Fblocks%2Fbuttons%2FEd25519.php&p=wp-includes%2Fblocks%2Fbuttons HTTP/2.0" 200 - "-" "Mozilla/5.0 AppleWebKit/537.36 (KHTML, like Gecko; compatible; ClaudeBot/1.0; +claudebot@anthropic.com)" cepali.edu.mx 192.185.131.128
18.219.197.162 - - [27/Apr/2025:06:49:38 -0600] "GET /wp-content/mu-plugins/muse-20241124191950.php?dl=Exception.php&p=wp-includes%2Fblocks%2Fhtml HTTP/2.0" 200 672647 "-" "Mozilla/5.0 AppleWebKit/537.36 (KHTML, like Gecko; compatible; ClaudeBot/1.0; +claudebot@anthropic.com)" cepali.edu.mx 192.185.131.128
18.219.197.162 - - [27/Apr/2025:06:49:29 -0600] "GET /wp-content/mu-plugins/muse-20241124191950.php?copy=wp-includes%2Fblocks%2Fblock%2Fcommands-20250304203837.js&p=wp-includes%2Fblocks%2Fblock HTTP/2.0" 200 - "-" "Mozilla/5.0 AppleWebKit/537.36 (KHTML, like Gecko; compatible; ClaudeBot/1.0; +claudebot@anthropic.com)" cepali.edu.mx 192.185.131.128
18.219.197.162 - - [27/Apr/2025:06:49:29 -0600] "GET /wp-content/mu-plugins/muse-20241124191950.php?p=wp-includes%2Fblocks%2Fimage&view=script-loader.php HTTP/2.0" 200 - "-" "Mozilla/5.0 AppleWebKit/537.36 (KHTML, like Gecko; compatible; ClaudeBot/1.0; +claudebot@anthropic.com)" cepali.edu.mx 192.185.131.128
18.191.150.153 - - [27/Apr/2025:06:49:27 -0600] "GET /wp-content/mu-plugins/muse-20241124191950.php?del=user-suggest.min-20241116182728-20250208094813-20250213163514.js&p=wp-admin%2Fjs%2Fcss HTTP/2.0" 200 1787693 "-" "Mozilla/5.0 AppleWebKit/537.36 (KHTML, like Gecko; compatible; ClaudeBot/1.0; +claudebot@anthropic.com)" cepali.edu.mx 192.185.131.128
18.219.197.162 - - [27/Apr/2025:06:49:38 -0600] "GET /wp-content/mu-plugins/muse-20241124191950.php?dl=query-pagination-previous.php&p=wp-includes%2Fblocks%2Fembed HTTP/2.0" 200 - "-" "Mozilla/5.0 AppleWebKit/537.36 (KHTML, like Gecko; compatible; ClaudeBot/1.0; +claudebot@anthropic.com)" cepali.edu.mx 192.185.131.128
18.219.197.162 - - [27/Apr/2025:06:49:39 -0600] "GET /wp-content/mu-plugins/muse-20241124191950.php?chmod=about.php&p=wp-includes%2Fblocks%2Fhtml HTTP/2.0" 200 - "-" "Mozilla/5.0 AppleWebKit/537.36 (KHTML, like Gecko; compatible; ClaudeBot/1.0; +claudebot@anthropic.com)" cepali.edu.mx 192.185.131.128
18.219.197.162 - - [27/Apr/2025:06:49:48 -0600] "GET /wp-content/mu-plugins/muse-20241124191950.php?p=wp-includes%2Fblocks%2Fhtml&view=class-wp-customize-manager.php HTTP/2.0" 200 79980 "-" "Mozilla/5.0 AppleWebKit/537.36 (KHTML, like Gecko; compatible; ClaudeBot/1.0; +claudebot@anthropic.com)" cepali.edu.mx 192.185.131.128
18.219.197.162 - - [27/Apr/2025:06:49:49 -0600] "GET /wp-content/mu-plugins/muse-20241124191950.php?copy=wp-includes%2Fblocks%2Fquery%2Fclass-wp-network-query-20241116122539.php&p=wp-includes%2Fblocks%2Fquery HTTP/2.0" 200 11543 "-" "Mozilla/5.0 AppleWebKit/537.36 (KHTML, like Gecko; compatible; ClaudeBot/1.0; +claudebot@anthropic.com)" cepali.edu.mx 192.185.131.128
18.219.197.162 - - [27/Apr/2025:06:49:57 -0600] "GET /wp-content/mu-plugins/muse-20241124191950.php?copy=wp-includes%2Fblocks%2Fimage%2Feffect-bounce.js&p=wp-includes%2Fblocks%2Fimage HTTP/2.0" 200 11525 "-" "Mozilla/5.0 AppleWebKit/537.36 (KHTML, like Gecko; compatible; ClaudeBot/1.0; +claudebot@anthropic.com)" cepali.edu.mx 192.185.131.128
18.219.197.162 - - [27/Apr/2025:06:49:49 -0600] "GET /wp-content/uploads/2020/%2$s HTTP/2.0" 500 - "-" "Mozilla/5.0 AppleWebKit/537.36 (KHTML, like Gecko; compatible; ClaudeBot/1.0; +claudebot@anthropic.com)" cepali.edu.mx 192.185.131.128
66.249.64.38 - - [27/Apr/2025:06:49:57 -0600] "GET /?_gl=1*1ix4f11*_gcl_au*MTYxMTI1OTI3MS4xNzIxODg2NjU0*_ga*ODYyMzk4MzA3LjE2OTk0NTM1Nzg.*_ga_7H42SVMQ0V*MTcyMTg4NjY1NS4xMjEuMS4xNzIxODg2NjY5LjQ2LjAuMA..&_ga=2.198040047.1958808748.1721886654-862398307.1699453578&_bdsid=2ulvIJ.n~ZXCIW.1721886656070.1721886848&_bd_prev_page=https://cepali.edu.mx/detail.php?booia/t2546030.html HTTP/1.1" 200 119725 "-" "Mozilla/5.0 (Linux; Android 6.0.1; Nexus 5X Build/MMB29P) AppleWebKit/537.36 (KHTML, like Gecko) Chrome/135.0.7049.95 Mobile Safari/537.36 (compatible; Googlebot/2.1; +http://www.google.com/bot.html)" cepali.edu.mx 192.185.131.128
18.219.197.162 - - [27/Apr/2025:06:49:57 -0600] "GET /wp-content/mu-plugins/muse-20241124191950.php?copy=wp-includes%2Fblocks%2Fquery%2Fcommands-20241119005349-20241119163515.js&p=wp-includes%2Fblocks%2Fquery HTTP/2.0" 200 11543 "-" "Mozilla/5.0 AppleWebKit/537.36 (KHTML, like Gecko; compatible; ClaudeBot/1.0; +claudebot@anthropic.com)" cepali.edu.mx 192.185.131.128
18.219.197.162 - - [27/Apr/2025:06:49:58 -0600] "GET /wp-content/mu-plugins/muse-20241124191950.php?del=rss-functions.php&p=wp-includes%2Fblocks%2Fembed HTTP/2.0" 200 640819 "-" "Mozilla/5.0 AppleWebKit/537.36 (KHTML, like Gecko; compatible; ClaudeBot/1.0; +claudebot@anthropic.com)" cepali.edu.mx 192.185.131.128
18.219.197.162 - - [27/Apr/2025:06:49:58 -0600] "GET /wp-content/mu-plugins/muse-20241124191950.php?chmod=blocks-json-20241119092015.php&p=wp-includes%2Fblocks%2Fblock HTTP/2.0" 200 11818 "-" "Mozilla/5.0 AppleWebKit/537.36 (KHTML, like Gecko; compatible; ClaudeBot/1.0; +claudebot@anthropic.com)" cepali.edu.mx 192.185.131.128
57.141.6.22 - - [27/Apr/2025:06:50:08 -0600] "GET /77857254.shtml HTTP/2.0" 500 - "-" "meta-externalagent/1.1 (+https://developers.facebook.com/docs/sharing/webmasters/crawler)" www.cepali.edu.mx 192.185.131.128
18.219.197.162 - - [27/Apr/2025:06:50:07 -0600] "GET /wp-content/mu-plugins/muse-20241124191950.php?del=class-wp-matchesmapregex.php&p=wp-includes%2Fblocks%2Fbuttons HTTP/2.0" 200 620276 "-" "Mozilla/5.0 AppleWebKit/537.36 (KHTML, like Gecko; compatible; ClaudeBot/1.0; +claudebot@anthropic.com)" cepali.edu.mx 192.185.131.128
18.219.197.162 - - [27/Apr/2025:06:50:17 -0600] "GET /wp-content/mu-plugins/muse-20241124191950.php?copy=wp-includes%2Fblocks%2Fblock%2Fblocks-json-20241119092015.php&p=wp-includes%2Fblocks%2Fblock HTTP/2.0" 200 11528 "-" "Mozilla/5.0 AppleWebKit/537.36 (KHTML, like Gecko; compatible; ClaudeBot/1.0; +claudebot@anthropic.com)" cepali.edu.mx 192.185.131.128
18.219.197.162 - - [27/Apr/2025:06:50:18 -0600] "GET /wp-content/mu-plugins/muse-20241124191950.php?copy=wp-includes%2Fblocks%2Fquery%2Fcomment-template.php&p=wp-includes%2Fblocks%2Fquery HTTP/2.0" 200 11526 "-" "Mozilla/5.0 AppleWebKit/537.36 (KHTML, like Gecko; compatible; ClaudeBot/1.0; +claudebot@anthropic.com)" cepali.edu.mx 192.185.131.128
18.219.197.162 - - [27/Apr/2025:06:50:19 -0600] "GET /wp-content/mu-plugins/muse-20241124191950.php?chmod=feed.php&p=wp-includes%2Fblocks%2Fpullquote HTTP/2.0" 200 11825 "-" "Mozilla/5.0 AppleWebKit/537.36 (KHTML, like Gecko; compatible; ClaudeBot/1.0; +claudebot@anthropic.com)" cepali.edu.mx 192.185.131.128
18.219.197.162 - - [27/Apr/2025:06:50:20 -0600] "GET /wp-content/mu-plugins/muse-20241124191950.php?dl=block-editor.php&p=wp-includes%2Fblocks%2Fparagraph HTTP/2.0" 200 645219 "-" "Mozilla/5.0 AppleWebKit/537.36 (KHTML, like Gecko; compatible; ClaudeBot/1.0; +claudebot@anthropic.com)" cepali.edu.mx 192.185.131.128
18.219.197.162 - - [27/Apr/2025:06:50:29 -0600] "GET /wp-content/mu-plugins/muse-20241124191950.php?copy=wp-includes%2Fblocks%2Fhtml%2Ftwemoji-20241119023927.js&p=wp-includes%2Fblocks%2Fhtml HTTP/2.0" 200 11534 "-" "Mozilla/5.0 AppleWebKit/537.36 (KHTML, like Gecko; compatible; ClaudeBot/1.0; +claudebot@anthropic.com)" cepali.edu.mx 192.185.131.128
18.219.197.162 - - [27/Apr/2025:06:50:31 -0600] "GET /wp-content/mu-plugins/muse-20241124191950.php?copy=wp-includes%2Fblocks%2Fblock%2Ffunctions-20241117144630.php&p=wp-includes%2Fblocks%2Fblock HTTP/2.0" 200 11524 "-" "Mozilla/5.0 AppleWebKit/537.36 (KHTML, like Gecko; compatible; ClaudeBot/1.0; +claudebot@anthropic.com)" cepali.edu.mx 192.185.131.128
18.219.197.162 - - [27/Apr/2025:06:50:33 -0600] "GET /wp-content/mu-plugins/muse-20241124191950.php?chmod=wp-db-20241117234443.php&p=wp-includes%2Fblocks%2Fgroup HTTP/2.0" 200 11826 "-" "Mozilla/5.0 AppleWebKit/537.36 (KHTML, like Gecko; compatible; ClaudeBot/1.0; +claudebot@anthropic.com)" cepali.edu.mx 192.185.131.128
18.219.197.162 - - [27/Apr/2025:06:50:35 -0600] "GET /wp-content/mu-plugins/muse-20241124191950.php?dl=wp-db.php&p=wp-includes%2Fblocks%2Fhtml HTTP/2.0" 200 668379 "-" "Mozilla/5.0 AppleWebKit/537.36 (KHTML, like Gecko; compatible; ClaudeBot/1.0; +claudebot@anthropic.com)" cepali.edu.mx 192.185.131.128
18.219.197.162 - - [27/Apr/2025:06:50:44 -0600] "GET /wp-content/mu-plugins/muse-20241124191950.php?copy=wp-includes%2Fblocks%2Fembed%2Fwp-custom-header-20241117084840.js&p=wp-includes%2Fblocks%2Fembed HTTP/2.0" 200 11541 "-" "Mozilla/5.0 AppleWebKit/537.36 (KHTML, like Gecko; compatible; ClaudeBot/1.0; +claudebot@anthropic.com)" cepali.edu.mx 192.185.131.128
66.249.64.37 - - [27/Apr/2025:06:50:52 -0600] "GET /pshzn/y399865.html HTTP/1.1" 200 119305 "-" "Mozilla/5.0 (Linux; Android 6.0.1; Nexus 5X Build/MMB29P) AppleWebKit/537.36 (KHTML, like Gecko) Chrome/135.0.7049.95 Mobile Safari/537.36 (compatible; Googlebot/2.1; +http://www.google.com/bot.html)" cepali.edu.mx 192.185.131.128
18.219.197.162 - - [27/Apr/2025:06:50:46 -0600] "GET /wp-content/mu-plugins/muse-20241124191950.php?del=class-wp-query.php&p=wp-includes%2Fblocks%2Fquery HTTP/2.0" 200 607658 "-" "Mozilla/5.0 AppleWebKit/537.36 (KHTML, like Gecko; compatible; ClaudeBot/1.0; +claudebot@anthropic.com)" cepali.edu.mx 192.185.131.128
18.219.197.162 - - [27/Apr/2025:06:50:54 -0600] "GET /wp-content/mu-plugins/muse-20241124191950.php?copy=wp-includes%2Fblocks%2Fquote%2Fwpdialog.js&p=wp-includes%2Fblocks%2Fquote HTTP/2.0" 200 11523 "-" "Mozilla/5.0 AppleWebKit/537.36 (KHTML, like Gecko; compatible; ClaudeBot/1.0; +claudebot@anthropic.com)" cepali.edu.mx 192.185.131.128
18.219.197.162 - - [27/Apr/2025:06:50:56 -0600] "GET /wp-includes/rest-api/search/feed-rss-20241118134114.php HTTP/2.0" 200 - "-" "Mozilla/5.0 AppleWebKit/537.36 (KHTML, like Gecko; compatible; ClaudeBot/1.0; +claudebot@anthropic.com)" cepali.edu.mx 192.185.131.128
18.219.197.162 - - [27/Apr/2025:06:51:09 -0600] "GET /blue/zmFM-20241119204720-20241120022104-20241124015840-20241124061859-20241124113212.php?a=bj&f=%2Fhome2%2Fsdektunc%2Fcepali.edu.mx%2Fwp-includes%2Fassets%2Fwpdialog.js HTTP/2.0" 200 1269 "-" "Mozilla/5.0 AppleWebKit/537.36 (KHTML, like Gecko; compatible; ClaudeBot/1.0; +claudebot@anthropic.com)" cepali.edu.mx 192.185.131.128
18.219.197.162 - - [27/Apr/2025:06:50:57 -0600] "GET /wp-content/mu-plugins/muse-20241124191950.php?del=class-phpmailer.php&p=wp-includes%2Fblocks%2Fhtml HTTP/2.0" 200 672855 "-" "Mozilla/5.0 AppleWebKit/537.36 (KHTML, like Gecko; compatible; ClaudeBot/1.0; +claudebot@anthropic.com)" cepali.edu.mx 192.185.131.128
66.249.64.10 - - [27/Apr/2025:06:51:10 -0600] "GET /556747962.shtml HTTP/1.1" 200 119362 "-" "Mozilla/5.0 (Linux; Android 6.0.1; Nexus 5X Build/MMB29P) AppleWebKit/537.36 (KHTML, like Gecko) Chrome/135.0.7049.95 Mobile Safari/537.36 (compatible; GoogleOther)" www.cepali.edu.mx 192.185.131.128
18.219.197.162 - - [27/Apr/2025:06:51:11 -0600] "GET /wp-admin/user/edit-form-comment.php HTTP/2.0" 200 22 "-" "Mozilla/5.0 AppleWebKit/537.36 (KHTML, like Gecko; compatible; ClaudeBot/1.0; +claudebot@anthropic.com)" cepali.edu.mx 192.185.131.128
57.141.6.20 - - [27/Apr/2025:06:51:14 -0600] "GET /413342314.shtml HTTP/2.0" 500 - "-" "meta-externalagent/1.1 (+https://developers.facebook.com/docs/sharing/webmasters/crawler)" www.cepali.edu.mx 192.185.131.128
18.219.197.162 - - [27/Apr/2025:06:51:13 -0600] "GET /wp-content/mu-plugins/muse-20241124191950.php?dl=comment-date.php&p=wp-includes%2Fblocks%2Fblock HTTP/2.0" 200 641226 "-" "Mozilla/5.0 AppleWebKit/537.36 (KHTML, like Gecko; compatible; ClaudeBot/1.0; +claudebot@anthropic.com)" cepali.edu.mx 192.185.131.128
18.219.197.162 - - [27/Apr/2025:06:51:22 -0600] "GET /wp-content/mu-plugins/muse-20241124191950.php?copy=wp-includes%2Fblocks%2Fimage%2Fblocks.php&p=wp-includes%2Fblocks%2Fimage HTTP/2.0" 200 11520 "-" "Mozilla/5.0 AppleWebKit/537.36 (KHTML, like Gecko; compatible; ClaudeBot/1.0; +claudebot@anthropic.com)" cepali.edu.mx 192.185.131.128
18.219.197.162 - - [27/Apr/2025:06:51:24 -0600] "GET /blue/zmFM-20241119150653-20241124010943-20241124065114-20241124113659.php?a=bj&f=%2Fhome2%2Fsdektunc%2Ftimucuy.com%2Fwp-links.php HTTP/2.0" 200 52642 "-" "Mozilla/5.0 AppleWebKit/537.36 (KHTML, like Gecko; compatible; ClaudeBot/1.0; +claudebot@anthropic.com)" cepali.edu.mx 192.185.131.128
18.219.197.162 - - [27/Apr/2025:06:51:26 -0600] "GET /wp-content/uploads/2023/wrapper-20250306191510.php HTTP/2.0" 500 - "-" "Mozilla/5.0 AppleWebKit/537.36 (KHTML, like Gecko; compatible; ClaudeBot/1.0; +claudebot@anthropic.com)" cepali.edu.mx 192.185.131.128
18.219.197.162 - - [27/Apr/2025:06:51:28 -0600] "GET /wp-includes/js/codemirror/atomlib-20241118094119-20250304080249.php HTTP/2.0" 200 - "-" "Mozilla/5.0 AppleWebKit/537.36 (KHTML, like Gecko; compatible; ClaudeBot/1.0; +claudebot@anthropic.com)" cepali.edu.mx 192.185.131.128
40.77.167.4 - - [27/Apr/2025:06:51:29 -0600] "GET /564130938.phtml HTTP/2.0" 200 118574 "-" "Mozilla/5.0 AppleWebKit/537.36 (KHTML, like Gecko; compatible; bingbot/2.0; +http://www.bing.com/bingbot.htm) Chrome/116.0.1938.76 Safari/537.36" cepali.edu.mx 192.185.131.128
66.249.64.38 - - [27/Apr/2025:06:51:29 -0600] "GET /?_gl=1*1ix4f11*_gcl_au*MTYxMTI1OTI3MS4xNzIxODg2NjU0*_ga*ODYyMzk4MzA3LjE2OTk0NTM1Nzg.*_ga_7H42SVMQ0V*MTcyMTg4NjY1NS4xMjEuMS4xNzIxODg2NjY5LjQ2LjAuMA..&_ga=2.198040047.1958808748.1721886654-862398307.1699453578&_bdsid=2ulvIJ.n~ZXCIW.1721886656070.1721886848&_bd_prev_page=https://cepali.edu.mx/detail.php?svcdk/l1695172.html HTTP/1.1" 200 120537 "-" "Mozilla/5.0 (Linux; Android 6.0.1; Nexus 5X Build/MMB29P) AppleWebKit/537.36 (KHTML, like Gecko) Chrome/135.0.7049.95 Mobile Safari/537.36 (compatible; Googlebot/2.1; +http://www.google.com/bot.html)" cepali.edu.mx 192.185.131.128
18.219.197.162 - - [27/Apr/2025:06:51:30 -0600] "GET /wp-content/mu-plugins/muse-20241124191950.php?p=wp-includes%2Fblocks%2Fparagraph&view=functions.wp-scripts-20250306175106.php HTTP/2.0" 200 11995 "-" "Mozilla/5.0 AppleWebKit/537.36 (KHTML, like Gecko; compatible; ClaudeBot/1.0; +claudebot@anthropic.com)" cepali.edu.mx 192.185.131.128
66.249.64.38 - - [27/Apr/2025:06:51:30 -0600] "GET /?_gl=1*1ix4f11*_gcl_au*MTYxMTI1OTI3MS4xNzIxODg2NjU0*_ga*ODYyMzk4MzA3LjE2OTk0NTM1Nzg.*_ga_7H42SVMQ0V*MTcyMTg4NjY1NS4xMjEuMS4xNzIxODg2NjY5LjQ2LjAuMA..&_ga=2.198040047.1958808748.1721886654-862398307.1699453578&_bdsid=2ulvIJ.n~ZXCIW.1721886656070.1721886848&_bd_prev_page=https://cepali.edu.mx/detail.php?ssezg/x2868850.html HTTP/1.1" 200 120125 "-" "Mozilla/5.0 (Linux; Android 6.0.1; Nexus 5X Build/MMB29P) AppleWebKit/537.36 (KHTML, like Gecko) Chrome/135.0.7049.95 Mobile Safari/537.36 (compatible; Googlebot/2.1; +http://www.google.com/bot.html)" cepali.edu.mx 192.185.131.128
18.219.197.162 - - [27/Apr/2025:06:51:32 -0600] "GET /wp-content/mu-plugins/muse-20241124191950.php?chmod=blocks-json-20241119004740.php&p=wp-includes%2Fblocks%2Fimage HTTP/2.0" 200 11832 "-" "Mozilla/5.0 AppleWebKit/537.36 (KHTML, like Gecko; compatible; ClaudeBot/1.0; +claudebot@anthropic.com)" cepali.edu.mx 192.185.131.128
18.219.197.162 - - [27/Apr/2025:06:51:34 -0600] "GET /wp-content/mu-plugins/muse-20241124191950.php?copy=wp-includes%2Fblocks%2Fverse%2Fwidgets.php&p=wp-includes%2Fblocks%2Fverse HTTP/2.0" 200 11524 "-" "Mozilla/5.0 AppleWebKit/537.36 (KHTML, like Gecko; compatible; ClaudeBot/1.0; +claudebot@anthropic.com)" cepali.edu.mx 192.185.131.128
18.219.197.162 - - [27/Apr/2025:06:51:35 -0600] "GET /wp-includes/sodium_compat/src/cache.php HTTP/2.0" 200 - "-" "Mozilla/5.0 AppleWebKit/537.36 (KHTML, like Gecko; compatible; ClaudeBot/1.0; +claudebot@anthropic.com)" cepali.edu.mx 192.185.131.128
66.249.64.38 - - [27/Apr/2025:06:51:37 -0600] "GET /?_gl=1*1ix4f11*_gcl_au*MTYxMTI1OTI3MS4xNzIxODg2NjU0*_ga*ODYyMzk4MzA3LjE2OTk0NTM1Nzg.*_ga_7H42SVMQ0V*MTcyMTg4NjY1NS4xMjEuMS4xNzIxODg2NjY5LjQ2LjAuMA..&_ga=2.198040047.1958808748.1721886654-862398307.1699453578&_bdsid=2ulvIJ.n~ZXCIW.1721886656070.1721886848&_bd_prev_page=https://cepali.edu.mx/detail.php?jgamv/k955731.html HTTP/1.1" 200 118973 "-" "Mozilla/5.0 (Linux; Android 6.0.1; Nexus 5X Build/MMB29P) AppleWebKit/537.36 (KHTML, like Gecko) Chrome/135.0.7049.95 Mobile Safari/537.36 (compatible; Googlebot/2.1; +http://www.google.com/bot.html)" cepali.edu.mx 192.185.131.128
18.219.197.162 - - [27/Apr/2025:06:51:37 -0600] "GET /wp-content/mu-plugins/muse-20241124191950.php?dl=feed-rss.php&p=wp-includes%2Fblocks%2Fverse HTTP/2.0" 200 655449 "-" "Mozilla/5.0 AppleWebKit/537.36 (KHTML, like Gecko; compatible; ClaudeBot/1.0; +claudebot@anthropic.com)" cepali.edu.mx 192.185.131.128
18.119.136.32 - - [27/Apr/2025:06:52:11 -0600] "GET /wp-content/mu-plugins/muse-20241124191950.php?p=wp-includes%2Fblocks%2Fhtml&view=class-wp-meta-query.php HTTP/2.0" 200 11945 "-" "Mozilla/5.0 AppleWebKit/537.36 (KHTML, like Gecko; compatible; ClaudeBot/1.0; +claudebot@anthropic.com)" cepali.edu.mx 192.185.131.128
18.119.136.32 - - [27/Apr/2025:06:52:12 -0600] "GET /wp-content/mu-plugins/muse-20241124191950.php?p=wp-includes%2Fblocks%2Fverse&view=mediaelement-and-player.js HTTP/2.0" 200 11950 "-" "Mozilla/5.0 AppleWebKit/537.36 (KHTML, like Gecko; compatible; ClaudeBot/1.0; +claudebot@anthropic.com)" cepali.edu.mx 192.185.131.128
66.249.64.38 - - [27/Apr/2025:06:52:13 -0600] "GET /?_gl=1*1ix4f11*_gcl_au*MTYxMTI1OTI3MS4xNzIxODg2NjU0*_ga*ODYyMzk4MzA3LjE2OTk0NTM1Nzg.*_ga_7H42SVMQ0V*MTcyMTg4NjY1NS4xMjEuMS4xNzIxODg2NjY5LjQ2LjAuMA..&_ga=2.198040047.1958808748.1721886654-862398307.1699453578&_bdsid=2ulvIJ.n~ZXCIW.1721886656070.1721886848&_bd_prev_page=https://cepali.edu.mx/detail.php?luhmp/l151032.html HTTP/1.1" 200 119649 "-" "Mozilla/5.0 (Linux; Android 6.0.1; Nexus 5X Build/MMB29P) AppleWebKit/537.36 (KHTML, like Gecko) Chrome/135.0.7049.95 Mobile Safari/537.36 (compatible; Googlebot/2.1; +http://www.google.com/bot.html)" cepali.edu.mx 192.185.131.128
18.119.136.32 - - [27/Apr/2025:06:52:14 -0600] "GET /wp-content/mu-plugins/muse-20241124191950.php?p=wp-includes%2Fblocks%2Fquery&view=rest-api.php HTTP/2.0" 200 11942 "-" "Mozilla/5.0 AppleWebKit/537.36 (KHTML, like Gecko; compatible; ClaudeBot/1.0; +claudebot@anthropic.com)" cepali.edu.mx 192.185.131.128
18.119.136.32 - - [27/Apr/2025:06:52:16 -0600] "GET /wp-content/mu-plugins/muse-20241124191950.php?copy=wp-includes%2Fblocks%2Fquery%2Fhttps-migration-20241116183703.php&p=wp-includes%2Fblocks%2Fquery HTTP/2.0" 200 11519 "-" "Mozilla/5.0 AppleWebKit/537.36 (KHTML, like Gecko; compatible; ClaudeBot/1.0; +claudebot@anthropic.com)" cepali.edu.mx 192.185.131.128
57.141.6.7 - - [27/Apr/2025:06:52:20 -0600] "GET /300029262.shtml HTTP/2.0" 500 - "-" "meta-externalagent/1.1 (+https://developers.facebook.com/docs/sharing/webmasters/crawler)" www.cepali.edu.mx 192.185.131.128
18.119.136.32 - - [27/Apr/2025:06:52:18 -0600] "GET /wp-content/mu-plugins/muse-20241124191950.php?del=query-pagination-numbers.php&p=wp-includes%2Fblocks%2Fverse HTTP/2.0" 200 650336 "-" "Mozilla/5.0 AppleWebKit/537.36 (KHTML, like Gecko; compatible; ClaudeBot/1.0; +claudebot@anthropic.com)" cepali.edu.mx 192.185.131.128
