40.77.167.33 - - [30/Nov/2024:10:14:48 -0600] "GET /tcasb/e895038.html HTTP/1.1" 200 129984 "-" "Mozilla/5.0 AppleWebKit/537.36 (KHTML, like Gecko; compatible; bingbot/2.0; +http://www.bing.com/bingbot.htm) Chrome/116.0.1938.76 Safari/537.36" dzilamdebravo1821.gob.mx 192.185.131.128
52.167.144.183 - - [30/Nov/2024:10:15:02 -0600] "GET /topgh/b841189.html HTTP/1.1" 200 130148 "-" "Mozilla/5.0 AppleWebKit/537.36 (KHTML, like Gecko; compatible; bingbot/2.0; +http://www.bing.com/bingbot.htm) Chrome/116.0.1938.76 Safari/537.36" dzilamdebravo1821.gob.mx 192.185.131.128
40.77.167.152 - - [30/Nov/2024:10:15:57 -0600] "GET /uzqhe/d1266655.html HTTP/1.1" 200 128185 "-" "Mozilla/5.0 AppleWebKit/537.36 (KHTML, like Gecko; compatible; bingbot/2.0; +http://www.bing.com/bingbot.htm) Chrome/116.0.1938.76 Safari/537.36" dzilamdebravo1821.gob.mx 192.185.131.128
40.77.167.152 - - [30/Nov/2024:10:15:57 -0600] "GET /category/6362/?page=457 HTTP/1.1" 200 127182 "-" "Mozilla/5.0 AppleWebKit/537.36 (KHTML, like Gecko; compatible; bingbot/2.0; +http://www.bing.com/bingbot.htm) Chrome/116.0.1938.76 Safari/537.36" dzilamdebravo1821.gob.mx 192.185.131.128
52.167.144.186 - - [30/Nov/2024:10:15:29 -0600] "GET /item/662991.html HTTP/1.1" 200 124607 "-" "Mozilla/5.0 AppleWebKit/537.36 (KHTML, like Gecko; compatible; bingbot/2.0; +http://www.bing.com/bingbot.htm) Chrome/116.0.1938.76 Safari/537.36" dzilamdebravo1821.gob.mx 192.185.131.128
40.77.167.51 - - [30/Nov/2024:10:14:37 -0600] "GET /ndsec/i1288344.html HTTP/1.1" 200 133155 "-" "Mozilla/5.0 AppleWebKit/537.36 (KHTML, like Gecko; compatible; bingbot/2.0; +http://www.bing.com/bingbot.htm) Chrome/116.0.1938.76 Safari/537.36" dzilamdebravo1821.gob.mx 192.185.131.128
40.77.167.24 - - [30/Nov/2024:10:15:38 -0600] "GET /aatyz/i1523592.html HTTP/1.1" 200 122729 "-" "Mozilla/5.0 AppleWebKit/537.36 (KHTML, like Gecko; compatible; bingbot/2.0; +http://www.bing.com/bingbot.htm) Chrome/116.0.1938.76 Safari/537.36" dzilamdebravo1821.gob.mx 192.185.131.128
52.167.144.204 - - [30/Nov/2024:10:15:08 -0600] "GET /bpacr/r1289653.html HTTP/1.1" 200 133502 "-" "Mozilla/5.0 AppleWebKit/537.36 (KHTML, like Gecko; compatible; bingbot/2.0; +http://www.bing.com/bingbot.htm) Chrome/116.0.1938.76 Safari/537.36" dzilamdebravo1821.gob.mx 192.185.131.128
207.46.13.87 - - [30/Nov/2024:10:14:50 -0600] "GET /category/6362/?page=939 HTTP/1.1" 200 124592 "-" "Mozilla/5.0 AppleWebKit/537.36 (KHTML, like Gecko; compatible; bingbot/2.0; +http://www.bing.com/bingbot.htm) Chrome/116.0.1938.76 Safari/537.36" dzilamdebravo1821.gob.mx 192.185.131.128
40.77.167.33 - - [30/Nov/2024:10:15:43 -0600] "GET /iepiv/u765002.html HTTP/1.1" 200 123369 "-" "Mozilla/5.0 AppleWebKit/537.36 (KHTML, like Gecko; compatible; bingbot/2.0; +http://www.bing.com/bingbot.htm) Chrome/116.0.1938.76 Safari/537.36" dzilamdebravo1821.gob.mx 192.185.131.128
207.46.13.150 - - [30/Nov/2024:10:13:36 -0600] "GET /item/644.html HTTP/1.1" 200 122343 "-" "Mozilla/5.0 AppleWebKit/537.36 (KHTML, like Gecko; compatible; bingbot/2.0; +http://www.bing.com/bingbot.htm) Chrome/116.0.1938.76 Safari/537.36" dzilamdebravo1821.gob.mx 192.185.131.128
40.77.167.51 - - [30/Nov/2024:10:15:37 -0600] "GET /wzlkn/t249915.html HTTP/1.1" 200 122233 "-" "Mozilla/5.0 AppleWebKit/537.36 (KHTML, like Gecko; compatible; bingbot/2.0; +http://www.bing.com/bingbot.htm) Chrome/116.0.1938.76 Safari/537.36" dzilamdebravo1821.gob.mx 192.185.131.128
52.167.144.186 - - [30/Nov/2024:10:16:13 -0600] "GET /hatsb/v1285965.html HTTP/1.1" 200 123613 "-" "Mozilla/5.0 AppleWebKit/537.36 (KHTML, like Gecko; compatible; bingbot/2.0; +http://www.bing.com/bingbot.htm) Chrome/116.0.1938.76 Safari/537.36" dzilamdebravo1821.gob.mx 192.185.131.128
40.77.167.74 - - [30/Nov/2024:10:16:17 -0600] "GET /agpcr/n1330677.html HTTP/1.1" 200 125546 "-" "Mozilla/5.0 AppleWebKit/537.36 (KHTML, like Gecko; compatible; bingbot/2.0; +http://www.bing.com/bingbot.htm) Chrome/116.0.1938.76 Safari/537.36" dzilamdebravo1821.gob.mx 192.185.131.128
207.46.13.141 - - [30/Nov/2024:10:16:33 -0600] "GET /category/6362/?page=850 HTTP/1.1" 200 121727 "-" "Mozilla/5.0 AppleWebKit/537.36 (KHTML, like Gecko; compatible; bingbot/2.0; +http://www.bing.com/bingbot.htm) Chrome/116.0.1938.76 Safari/537.36" dzilamdebravo1821.gob.mx 192.185.131.128
207.46.13.150 - - [30/Nov/2024:10:17:09 -0600] "GET /rdzrm/y373862.html HTTP/1.1" 200 124848 "-" "Mozilla/5.0 AppleWebKit/537.36 (KHTML, like Gecko; compatible; bingbot/2.0; +http://www.bing.com/bingbot.htm) Chrome/116.0.1938.76 Safari/537.36" dzilamdebravo1821.gob.mx 192.185.131.128
52.167.144.186 - - [30/Nov/2024:10:17:24 -0600] "GET /wkmww/o639910.html HTTP/1.1" 200 128534 "-" "Mozilla/5.0 AppleWebKit/537.36 (KHTML, like Gecko; compatible; bingbot/2.0; +http://www.bing.com/bingbot.htm) Chrome/116.0.1938.76 Safari/537.36" dzilamdebravo1821.gob.mx 192.185.131.128
52.167.144.147 - - [30/Nov/2024:10:17:29 -0600] "GET /lpvqz/d1329653.html HTTP/1.1" 200 122631 "-" "Mozilla/5.0 AppleWebKit/537.36 (KHTML, like Gecko; compatible; bingbot/2.0; +http://www.bing.com/bingbot.htm) Chrome/116.0.1938.76 Safari/537.36" dzilamdebravo1821.gob.mx 192.185.131.128
52.167.144.187 - - [30/Nov/2024:10:18:33 -0600] "GET /vgxyq/t1988691.html HTTP/1.1" 200 122043 "-" "Mozilla/5.0 AppleWebKit/537.36 (KHTML, like Gecko; compatible; bingbot/2.0; +http://www.bing.com/bingbot.htm) Chrome/116.0.1938.76 Safari/537.36" dzilamdebravo1821.gob.mx 192.185.131.128
207.46.13.150 - - [30/Nov/2024:10:18:40 -0600] "GET /lfmqg/r793781.html HTTP/1.1" 200 122033 "-" "Mozilla/5.0 AppleWebKit/537.36 (KHTML, like Gecko; compatible; bingbot/2.0; +http://www.bing.com/bingbot.htm) Chrome/116.0.1938.76 Safari/537.36" dzilamdebravo1821.gob.mx 192.185.131.128
52.167.144.202 - - [30/Nov/2024:10:18:49 -0600] "GET /zpdkz/j805395.html HTTP/1.1" 200 121937 "-" "Mozilla/5.0 AppleWebKit/537.36 (KHTML, like Gecko; compatible; bingbot/2.0; +http://www.bing.com/bingbot.htm) Chrome/116.0.1938.76 Safari/537.36" dzilamdebravo1821.gob.mx 192.185.131.128
40.77.167.51 - - [30/Nov/2024:10:18:48 -0600] "GET /qwpkv/r678289.html HTTP/1.1" 200 123814 "-" "Mozilla/5.0 AppleWebKit/537.36 (KHTML, like Gecko; compatible; bingbot/2.0; +http://www.bing.com/bingbot.htm) Chrome/116.0.1938.76 Safari/537.36" dzilamdebravo1821.gob.mx 192.185.131.128
40.77.167.33 - - [30/Nov/2024:10:18:54 -0600] "GET /item/1954680.html HTTP/1.1" 200 127982 "-" "Mozilla/5.0 AppleWebKit/537.36 (KHTML, like Gecko; compatible; bingbot/2.0; +http://www.bing.com/bingbot.htm) Chrome/116.0.1938.76 Safari/537.36" dzilamdebravo1821.gob.mx 192.185.131.128
40.77.167.33 - - [30/Nov/2024:10:19:03 -0600] "GET /uqvlp/b1283189.html HTTP/1.1" 200 121983 "-" "Mozilla/5.0 AppleWebKit/537.36 (KHTML, like Gecko; compatible; bingbot/2.0; +http://www.bing.com/bingbot.htm) Chrome/116.0.1938.76 Safari/537.36" dzilamdebravo1821.gob.mx 192.185.131.128
207.46.13.87 - - [30/Nov/2024:10:19:10 -0600] "GET /wzppf/r634869.html HTTP/1.1" 200 123386 "-" "Mozilla/5.0 AppleWebKit/537.36 (KHTML, like Gecko; compatible; bingbot/2.0; +http://www.bing.com/bingbot.htm) Chrome/116.0.1938.76 Safari/537.36" dzilamdebravo1821.gob.mx 192.185.131.128
40.77.167.33 - - [30/Nov/2024:10:19:26 -0600] "GET /ydokh/x715657.html HTTP/1.1" 200 123887 "-" "Mozilla/5.0 AppleWebKit/537.36 (KHTML, like Gecko; compatible; bingbot/2.0; +http://www.bing.com/bingbot.htm) Chrome/116.0.1938.76 Safari/537.36" dzilamdebravo1821.gob.mx 192.185.131.128
66.249.66.65 - - [30/Nov/2024:10:19:31 -0600] "GET /?_gl=1*1ix4f11*_gcl_au*MTYxMTI1OTI3MS4xNzIxODg2NjU0*_ga*ODYyMzk4MzA3LjE2OTk0NTM1Nzg.*_ga_7H42SVMQ0V*MTcyMTg4NjY1NS4xMjEuMS4xNzIxODg2NjY5LjQ2LjAuMA..&_ga=2.198040047.1958808748.1721886654-862398307.1699453578&_bdsid=2ulvIJ.n~ZXCIW.1721886656070.1721886848&_bd_prev_page=https://dzilamdebravo1821.gob.mx/detail.php?ceimr/x2433399.html HTTP/1.1" 200 135213 "-" "Mozilla/5.0 (Linux; Android 6.0.1; Nexus 5X Build/MMB29P) AppleWebKit/537.36 (KHTML, like Gecko) Chrome/131.0.6778.69 Mobile Safari/537.36 (compatible; Googlebot/2.1; +http://www.google.com/bot.html)" dzilamdebravo1821.gob.mx 192.185.131.128
40.77.167.74 - - [30/Nov/2024:10:19:33 -0600] "GET /miloq/d311623.html HTTP/1.1" 200 122501 "-" "Mozilla/5.0 AppleWebKit/537.36 (KHTML, like Gecko; compatible; bingbot/2.0; +http://www.bing.com/bingbot.htm) Chrome/116.0.1938.76 Safari/537.36" dzilamdebravo1821.gob.mx 192.185.131.128
40.77.167.51 - - [30/Nov/2024:10:19:38 -0600] "GET /jbtfq/p390675.html HTTP/1.1" 200 121691 "-" "Mozilla/5.0 AppleWebKit/537.36 (KHTML, like Gecko; compatible; bingbot/2.0; +http://www.bing.com/bingbot.htm) Chrome/116.0.1938.76 Safari/537.36" dzilamdebravo1821.gob.mx 192.185.131.128
40.77.167.74 - - [30/Nov/2024:10:20:46 -0600] "GET /hmvzv/w572656.html HTTP/1.1" 200 123374 "-" "Mozilla/5.0 AppleWebKit/537.36 (KHTML, like Gecko; compatible; bingbot/2.0; +http://www.bing.com/bingbot.htm) Chrome/116.0.1938.76 Safari/537.36" dzilamdebravo1821.gob.mx 192.185.131.128
40.77.167.152 - - [30/Nov/2024:10:20:48 -0600] "GET /ajzmi/o806284.html HTTP/1.1" 200 121795 "-" "Mozilla/5.0 AppleWebKit/537.36 (KHTML, like Gecko; compatible; bingbot/2.0; +http://www.bing.com/bingbot.htm) Chrome/116.0.1938.76 Safari/537.36" dzilamdebravo1821.gob.mx 192.185.131.128
66.249.66.67 - - [30/Nov/2024:10:21:03 -0600] "GET /?_gl=1*1ix4f11*_gcl_au*MTYxMTI1OTI3MS4xNzIxODg2NjU0*_ga*ODYyMzk4MzA3LjE2OTk0NTM1Nzg.*_ga_7H42SVMQ0V*MTcyMTg4NjY1NS4xMjEuMS4xNzIxODg2NjY5LjQ2LjAuMA..&_ga=2.198040047.1958808748.1721886654-862398307.1699453578&_bdsid=2ulvIJ.n~ZXCIW.1721886656070.1721886848&_bd_prev_page=https://dzilamdebravo1821.gob.mx/detail.php?kagmz/p3032691.html HTTP/1.1" 200 132450 "-" "Mozilla/5.0 (Linux; Android 6.0.1; Nexus 5X Build/MMB29P) AppleWebKit/537.36 (KHTML, like Gecko) Chrome/131.0.6778.69 Mobile Safari/537.36 (compatible; Googlebot/2.1; +http://www.google.com/bot.html)" dzilamdebravo1821.gob.mx 192.185.131.128
52.167.144.202 - - [30/Nov/2024:10:21:41 -0600] "GET /hnxtp/r569219.html HTTP/1.1" 200 126106 "-" "Mozilla/5.0 AppleWebKit/537.36 (KHTML, like Gecko; compatible; bingbot/2.0; +http://www.bing.com/bingbot.htm) Chrome/116.0.1938.76 Safari/537.36" dzilamdebravo1821.gob.mx 192.185.131.128
207.46.13.150 - - [30/Nov/2024:10:21:48 -0600] "GET /afzxu/p765465.html HTTP/1.1" 200 130425 "-" "Mozilla/5.0 AppleWebKit/537.36 (KHTML, like Gecko; compatible; bingbot/2.0; +http://www.bing.com/bingbot.htm) Chrome/116.0.1938.76 Safari/537.36" dzilamdebravo1821.gob.mx 192.185.131.128
66.249.66.66 - - [30/Nov/2024:10:22:39 -0600] "GET /?_gl=1*1ix4f11*_gcl_au*MTYxMTI1OTI3MS4xNzIxODg2NjU0*_ga*ODYyMzk4MzA3LjE2OTk0NTM1Nzg.*_ga_7H42SVMQ0V*MTcyMTg4NjY1NS4xMjEuMS4xNzIxODg2NjY5LjQ2LjAuMA..&_ga=2.198040047.1958808748.1721886654-862398307.1699453578&_bdsid=2ulvIJ.n~ZXCIW.1721886656070.1721886848&_bd_prev_page=https://dzilamdebravo1821.gob.mx/detail.php?gjpev/h2684101.html HTTP/1.1" 200 132569 "-" "Mozilla/5.0 (Linux; Android 6.0.1; Nexus 5X Build/MMB29P) AppleWebKit/537.36 (KHTML, like Gecko) Chrome/131.0.6778.69 Mobile Safari/537.36 (compatible; Googlebot/2.1; +http://www.google.com/bot.html)" dzilamdebravo1821.gob.mx 192.185.131.128
52.167.144.183 - - [30/Nov/2024:10:22:46 -0600] "GET /onxsp/d694967.html HTTP/1.1" 200 127455 "-" "Mozilla/5.0 AppleWebKit/537.36 (KHTML, like Gecko; compatible; bingbot/2.0; +http://www.bing.com/bingbot.htm) Chrome/116.0.1938.76 Safari/537.36" dzilamdebravo1821.gob.mx 192.185.131.128
207.46.13.155 - - [30/Nov/2024:10:22:50 -0600] "GET /qqjor/l581823.html HTTP/1.1" 200 124795 "-" "Mozilla/5.0 AppleWebKit/537.36 (KHTML, like Gecko; compatible; bingbot/2.0; +http://www.bing.com/bingbot.htm) Chrome/116.0.1938.76 Safari/537.36" dzilamdebravo1821.gob.mx 192.185.131.128
66.249.66.65 - - [30/Nov/2024:10:22:52 -0600] "GET /?_gl=1*1ix4f11*_gcl_au*MTYxMTI1OTI3MS4xNzIxODg2NjU0*_ga*ODYyMzk4MzA3LjE2OTk0NTM1Nzg.*_ga_7H42SVMQ0V*MTcyMTg4NjY1NS4xMjEuMS4xNzIxODg2NjY5LjQ2LjAuMA..&_ga=2.198040047.1958808748.1721886654-862398307.1699453578&_bdsid=2ulvIJ.n~ZXCIW.1721886656070.1721886848&_bd_prev_page=https://dzilamdebravo1821.gob.mx/detail.php?hukkc/i163662.html HTTP/1.1" 200 131744 "-" "Mozilla/5.0 (Linux; Android 6.0.1; Nexus 5X Build/MMB29P) AppleWebKit/537.36 (KHTML, like Gecko) Chrome/131.0.6778.69 Mobile Safari/537.36 (compatible; Googlebot/2.1; +http://www.google.com/bot.html)" dzilamdebravo1821.gob.mx 192.185.131.128
207.46.13.155 - - [30/Nov/2024:10:22:52 -0600] "GET /obnrr/q312078.html HTTP/1.1" 200 129418 "-" "Mozilla/5.0 AppleWebKit/537.36 (KHTML, like Gecko; compatible; bingbot/2.0; +http://www.bing.com/bingbot.htm) Chrome/116.0.1938.76 Safari/537.36" dzilamdebravo1821.gob.mx 192.185.131.128
157.55.39.202 - - [30/Nov/2024:10:23:05 -0600] "GET /xpfxt/o857842.html HTTP/1.1" 200 129612 "-" "Mozilla/5.0 AppleWebKit/537.36 (KHTML, like Gecko; compatible; bingbot/2.0; +http://www.bing.com/bingbot.htm) Chrome/116.0.1938.76 Safari/537.36" dzilamdebravo1821.gob.mx 192.185.131.128
40.77.167.24 - - [30/Nov/2024:10:23:33 -0600] "GET /sitemap411.xml HTTP/1.1" 200 9358 "-" "Mozilla/5.0 AppleWebKit/537.36 (KHTML, like Gecko; compatible; bingbot/2.0; +http://www.bing.com/bingbot.htm) Chrome/116.0.1938.76 Safari/537.36" www.dzilamdebravo1821.gob.mx 192.185.131.128
40.77.167.25 - - [30/Nov/2024:10:24:13 -0600] "GET /jyqrt/c522456.html HTTP/1.1" 200 121886 "-" "Mozilla/5.0 AppleWebKit/537.36 (KHTML, like Gecko; compatible; bingbot/2.0; +http://www.bing.com/bingbot.htm) Chrome/116.0.1938.76 Safari/537.36" dzilamdebravo1821.gob.mx 192.185.131.128
52.167.144.217 - - [30/Nov/2024:10:24:50 -0600] "GET /ulhkk/f1454819.html HTTP/1.1" 200 121997 "-" "Mozilla/5.0 AppleWebKit/537.36 (KHTML, like Gecko; compatible; bingbot/2.0; +http://www.bing.com/bingbot.htm) Chrome/116.0.1938.76 Safari/537.36" dzilamdebravo1821.gob.mx 192.185.131.128
40.77.167.74 - - [30/Nov/2024:10:24:58 -0600] "GET /vcker/n1133545.html HTTP/1.1" 200 122189 "-" "Mozilla/5.0 AppleWebKit/537.36 (KHTML, like Gecko; compatible; bingbot/2.0; +http://www.bing.com/bingbot.htm) Chrome/116.0.1938.76 Safari/537.36" dzilamdebravo1821.gob.mx 192.185.131.128
66.249.66.65 - - [30/Nov/2024:10:24:59 -0600] "GET /?_gl=1*1ix4f11*_gcl_au*MTYxMTI1OTI3MS4xNzIxODg2NjU0*_ga*ODYyMzk4MzA3LjE2OTk0NTM1Nzg.*_ga_7H42SVMQ0V*MTcyMTg4NjY1NS4xMjEuMS4xNzIxODg2NjY5LjQ2LjAuMA..&_ga=2.198040047.1958808748.1721886654-862398307.1699453578&_bdsid=2ulvIJ.n~ZXCIW.1721886656070.1721886848&_bd_prev_page=https://dzilamdebravo1821.gob.mx/detail.php?rdkim/e2948856.html HTTP/1.1" 200 132529 "-" "Mozilla/5.0 (Linux; Android 6.0.1; Nexus 5X Build/MMB29P) AppleWebKit/537.36 (KHTML, like Gecko) Chrome/131.0.6778.69 Mobile Safari/537.36 (compatible; Googlebot/2.1; +http://www.google.com/bot.html)" dzilamdebravo1821.gob.mx 192.185.131.128
40.77.167.33 - - [30/Nov/2024:10:25:12 -0600] "GET /dknjd/u1187970.html HTTP/1.1" 200 127915 "-" "Mozilla/5.0 AppleWebKit/537.36 (KHTML, like Gecko; compatible; bingbot/2.0; +http://www.bing.com/bingbot.htm) Chrome/116.0.1938.76 Safari/537.36" dzilamdebravo1821.gob.mx 192.185.131.128
40.77.167.25 - - [30/Nov/2024:10:25:32 -0600] "GET /ohnvj/n1437121.html HTTP/1.1" 200 128546 "-" "Mozilla/5.0 AppleWebKit/537.36 (KHTML, like Gecko; compatible; bingbot/2.0; +http://www.bing.com/bingbot.htm) Chrome/116.0.1938.76 Safari/537.36" dzilamdebravo1821.gob.mx 192.185.131.128
40.77.167.74 - - [30/Nov/2024:10:26:09 -0600] "GET /teqkz/i1213334.html HTTP/1.1" 200 125126 "-" "Mozilla/5.0 AppleWebKit/537.36 (KHTML, like Gecko; compatible; bingbot/2.0; +http://www.bing.com/bingbot.htm) Chrome/116.0.1938.76 Safari/537.36" dzilamdebravo1821.gob.mx 192.185.131.128
66.249.66.65 - - [30/Nov/2024:10:26:28 -0600] "GET /?_gl=1*1ix4f11*_gcl_au*MTYxMTI1OTI3MS4xNzIxODg2NjU0*_ga*ODYyMzk4MzA3LjE2OTk0NTM1Nzg.*_ga_7H42SVMQ0V*MTcyMTg4NjY1NS4xMjEuMS4xNzIxODg2NjY5LjQ2LjAuMA..&_ga=2.198040047.1958808748.1721886654-862398307.1699453578&_bdsid=2ulvIJ.n~ZXCIW.1721886656070.1721886848&_bd_prev_page=https://dzilamdebravo1821.gob.mx/detail.php?fpazo/j2403511.html HTTP/1.1" 200 132918 "-" "Mozilla/5.0 (Linux; Android 6.0.1; Nexus 5X Build/MMB29P) AppleWebKit/537.36 (KHTML, like Gecko) Chrome/131.0.6778.69 Mobile Safari/537.36 (compatible; Googlebot/2.1; +http://www.google.com/bot.html)" dzilamdebravo1821.gob.mx 192.185.131.128
40.77.167.152 - - [30/Nov/2024:10:26:59 -0600] "GET /zsgna/c1164682.html HTTP/1.1" 200 122214 "-" "Mozilla/5.0 AppleWebKit/537.36 (KHTML, like Gecko; compatible; bingbot/2.0; +http://www.bing.com/bingbot.htm) Chrome/116.0.1938.76 Safari/537.36" dzilamdebravo1821.gob.mx 192.185.131.128
40.77.167.55 - - [30/Nov/2024:10:27:09 -0600] "GET /sitemap420.xml HTTP/1.1" 200 9211 "-" "Mozilla/5.0 AppleWebKit/537.36 (KHTML, like Gecko; compatible; bingbot/2.0; +http://www.bing.com/bingbot.htm) Chrome/116.0.1938.76 Safari/537.36" www.dzilamdebravo1821.gob.mx 192.185.131.128
52.167.144.146 - - [30/Nov/2024:10:27:09 -0600] "GET /nralw/u1138414.html HTTP/1.1" 200 122298 "-" "Mozilla/5.0 AppleWebKit/537.36 (KHTML, like Gecko; compatible; bingbot/2.0; +http://www.bing.com/bingbot.htm) Chrome/116.0.1938.76 Safari/537.36" dzilamdebravo1821.gob.mx 192.185.131.128
157.55.39.202 - - [30/Nov/2024:10:27:09 -0600] "GET /jxmjl/s706682.html HTTP/1.1" 200 125947 "-" "Mozilla/5.0 AppleWebKit/537.36 (KHTML, like Gecko; compatible; bingbot/2.0; +http://www.bing.com/bingbot.htm) Chrome/116.0.1938.76 Safari/537.36" dzilamdebravo1821.gob.mx 192.185.131.128
66.249.66.65 - - [30/Nov/2024:10:27:12 -0600] "GET /?_gl=1*1ix4f11*_gcl_au*MTYxMTI1OTI3MS4xNzIxODg2NjU0*_ga*ODYyMzk4MzA3LjE2OTk0NTM1Nzg.*_ga_7H42SVMQ0V*MTcyMTg4NjY1NS4xMjEuMS4xNzIxODg2NjY5LjQ2LjAuMA..&_ga=2.198040047.1958808748.1721886654-862398307.1699453578&_bdsid=2ulvIJ.n~ZXCIW.1721886656070.1721886848&_bd_prev_page=https://dzilamdebravo1821.gob.mx/detail.php?rnfwo/j2155289.html HTTP/1.1" 200 133033 "-" "Mozilla/5.0 (Linux; Android 6.0.1; Nexus 5X Build/MMB29P) AppleWebKit/537.36 (KHTML, like Gecko) Chrome/131.0.6778.69 Mobile Safari/537.36 (compatible; Googlebot/2.1; +http://www.google.com/bot.html)" dzilamdebravo1821.gob.mx 192.185.131.128
157.55.39.202 - - [30/Nov/2024:10:27:23 -0600] "GET /mrmqi/j584213.html HTTP/1.1" 200 122685 "-" "Mozilla/5.0 AppleWebKit/537.36 (KHTML, like Gecko; compatible; bingbot/2.0; +http://www.bing.com/bingbot.htm) Chrome/116.0.1938.76 Safari/537.36" dzilamdebravo1821.gob.mx 192.185.131.128
52.167.144.159 - - [30/Nov/2024:10:27:44 -0600] "GET /arnot/h1259821.html HTTP/1.1" 200 122166 "-" "Mozilla/5.0 AppleWebKit/537.36 (KHTML, like Gecko; compatible; bingbot/2.0; +http://www.bing.com/bingbot.htm) Chrome/116.0.1938.76 Safari/537.36" dzilamdebravo1821.gob.mx 192.185.131.128
207.46.13.111 - - [30/Nov/2024:10:28:06 -0600] "GET /gfczu/s1376780.html HTTP/1.1" 200 127447 "-" "Mozilla/5.0 AppleWebKit/537.36 (KHTML, like Gecko; compatible; bingbot/2.0; +http://www.bing.com/bingbot.htm) Chrome/116.0.1938.76 Safari/537.36" dzilamdebravo1821.gob.mx 192.185.131.128
52.167.144.217 - - [30/Nov/2024:10:28:21 -0600] "GET /rhzgr/q911872.html HTTP/1.1" 200 122367 "-" "Mozilla/5.0 AppleWebKit/537.36 (KHTML, like Gecko; compatible; bingbot/2.0; +http://www.bing.com/bingbot.htm) Chrome/116.0.1938.76 Safari/537.36" dzilamdebravo1821.gob.mx 192.185.131.128
52.167.144.183 - - [30/Nov/2024:10:28:45 -0600] "GET /jgtyf/l1562075.html HTTP/1.1" 200 125572 "-" "Mozilla/5.0 AppleWebKit/537.36 (KHTML, like Gecko; compatible; bingbot/2.0; +http://www.bing.com/bingbot.htm) Chrome/116.0.1938.76 Safari/537.36" dzilamdebravo1821.gob.mx 192.185.131.128
52.167.144.183 - - [30/Nov/2024:10:28:48 -0600] "GET /mynux/q856596.html HTTP/1.1" 200 124675 "-" "Mozilla/5.0 AppleWebKit/537.36 (KHTML, like Gecko; compatible; bingbot/2.0; +http://www.bing.com/bingbot.htm) Chrome/116.0.1938.76 Safari/537.36" dzilamdebravo1821.gob.mx 192.185.131.128
40.77.167.241 - - [30/Nov/2024:10:29:03 -0600] "GET /ofrig/g493548.html HTTP/1.1" 200 123267 "-" "Mozilla/5.0 AppleWebKit/537.36 (KHTML, like Gecko; compatible; bingbot/2.0; +http://www.bing.com/bingbot.htm) Chrome/116.0.1938.76 Safari/537.36" dzilamdebravo1821.gob.mx 192.185.131.128
40.77.167.58 - - [30/Nov/2024:10:29:08 -0600] "GET /hgpae/t1268751.html HTTP/1.1" 200 123762 "-" "Mozilla/5.0 AppleWebKit/537.36 (KHTML, like Gecko; compatible; bingbot/2.0; +http://www.bing.com/bingbot.htm) Chrome/116.0.1938.76 Safari/537.36" dzilamdebravo1821.gob.mx 192.185.131.128
207.46.13.155 - - [30/Nov/2024:10:29:20 -0600] "GET /zrgcd/s1589772.html HTTP/1.1" 200 124839 "-" "Mozilla/5.0 AppleWebKit/537.36 (KHTML, like Gecko; compatible; bingbot/2.0; +http://www.bing.com/bingbot.htm) Chrome/116.0.1938.76 Safari/537.36" dzilamdebravo1821.gob.mx 192.185.131.128
52.167.144.159 - - [30/Nov/2024:10:29:22 -0600] "GET /d/S610550.html HTTP/1.1" 200 125922 "-" "Mozilla/5.0 AppleWebKit/537.36 (KHTML, like Gecko; compatible; bingbot/2.0; +http://www.bing.com/bingbot.htm) Chrome/116.0.1938.76 Safari/537.36" dzilamdebravo1821.gob.mx 192.185.131.128
52.167.144.146 - - [30/Nov/2024:10:29:29 -0600] "GET /cdbrq/u1597158.html HTTP/1.1" 200 127454 "-" "Mozilla/5.0 AppleWebKit/537.36 (KHTML, like Gecko; compatible; bingbot/2.0; +http://www.bing.com/bingbot.htm) Chrome/116.0.1938.76 Safari/537.36" dzilamdebravo1821.gob.mx 192.185.131.128
66.249.66.66 - - [30/Nov/2024:10:29:39 -0600] "GET /?_gl=1*1ix4f11*_gcl_au*MTYxMTI1OTI3MS4xNzIxODg2NjU0*_ga*ODYyMzk4MzA3LjE2OTk0NTM1Nzg.*_ga_7H42SVMQ0V*MTcyMTg4NjY1NS4xMjEuMS4xNzIxODg2NjY5LjQ2LjAuMA..&_ga=2.198040047.1958808748.1721886654-862398307.1699453578&_bdsid=2ulvIJ.n~ZXCIW.1721886656070.1721886848&_bd_prev_page=https://dzilamdebravo1821.gob.mx/detail.php?cbynu/k2253804.html HTTP/1.1" 200 133127 "-" "Mozilla/5.0 (Linux; Android 6.0.1; Nexus 5X Build/MMB29P) AppleWebKit/537.36 (KHTML, like Gecko) Chrome/131.0.6778.69 Mobile Safari/537.36 (compatible; Googlebot/2.1; +http://www.google.com/bot.html)" dzilamdebravo1821.gob.mx 192.185.131.128
207.46.13.111 - - [30/Nov/2024:10:29:45 -0600] "GET /cyeuj/a935698.html HTTP/1.1" 200 124783 "-" "Mozilla/5.0 AppleWebKit/537.36 (KHTML, like Gecko; compatible; bingbot/2.0; +http://www.bing.com/bingbot.htm) Chrome/116.0.1938.76 Safari/537.36" dzilamdebravo1821.gob.mx 192.185.131.128
40.77.167.33 - - [30/Nov/2024:10:29:58 -0600] "GET /tyjxr/b473887.html HTTP/1.1" 200 124482 "-" "Mozilla/5.0 AppleWebKit/537.36 (KHTML, like Gecko; compatible; bingbot/2.0; +http://www.bing.com/bingbot.htm) Chrome/116.0.1938.76 Safari/537.36" dzilamdebravo1821.gob.mx 192.185.131.128
152.42.241.116 - - [30/Nov/2024:10:30:02 -0600] "GET /assets/images/slide-02.jpg HTTP/1.1" 200 53583 "-" "Mozilla/5.0 (iPhone; CPU iPhone OS 17_2 like Mac OS X) AppleWebKit/605.1.15 (KHTML, like Gecko) EdgiOS/121.0.2277.107 Version/17.0 Mobile/15E148 Safari/604.1" dzilamdebravo1821.gob.mx 192.185.131.128
40.77.167.19 - - [30/Nov/2024:10:30:02 -0600] "GET /naybx/i963708.html HTTP/1.1" 200 130092 "-" "Mozilla/5.0 AppleWebKit/537.36 (KHTML, like Gecko; compatible; bingbot/2.0; +http://www.bing.com/bingbot.htm) Chrome/116.0.1938.76 Safari/537.36" dzilamdebravo1821.gob.mx 192.185.131.128
40.77.167.33 - - [30/Nov/2024:10:30:13 -0600] "GET /ulltw/l1205199.html HTTP/1.1" 200 122371 "-" "Mozilla/5.0 AppleWebKit/537.36 (KHTML, like Gecko; compatible; bingbot/2.0; +http://www.bing.com/bingbot.htm) Chrome/116.0.1938.76 Safari/537.36" dzilamdebravo1821.gob.mx 192.185.131.128
40.77.167.33 - - [30/Nov/2024:10:30:28 -0600] "GET /ncaoz/j953439.html HTTP/1.1" 200 123732 "-" "Mozilla/5.0 AppleWebKit/537.36 (KHTML, like Gecko; compatible; bingbot/2.0; +http://www.bing.com/bingbot.htm) Chrome/116.0.1938.76 Safari/537.36" dzilamdebravo1821.gob.mx 192.185.131.128
40.77.167.33 - - [30/Nov/2024:10:30:29 -0600] "GET /dqydz/g873850.html HTTP/1.1" 200 121700 "-" "Mozilla/5.0 AppleWebKit/537.36 (KHTML, like Gecko; compatible; bingbot/2.0; +http://www.bing.com/bingbot.htm) Chrome/116.0.1938.76 Safari/537.36" dzilamdebravo1821.gob.mx 192.185.131.128
52.167.144.183 - - [30/Nov/2024:10:30:31 -0600] "GET /whfcz/p429103.html HTTP/1.1" 200 122735 "-" "Mozilla/5.0 AppleWebKit/537.36 (KHTML, like Gecko; compatible; bingbot/2.0; +http://www.bing.com/bingbot.htm) Chrome/116.0.1938.76 Safari/537.36" dzilamdebravo1821.gob.mx 192.185.131.128
52.167.144.217 - - [30/Nov/2024:10:30:41 -0600] "GET /zcqhc/k646952.html HTTP/1.1" 200 121379 "-" "Mozilla/5.0 AppleWebKit/537.36 (KHTML, like Gecko; compatible; bingbot/2.0; +http://www.bing.com/bingbot.htm) Chrome/116.0.1938.76 Safari/537.36" dzilamdebravo1821.gob.mx 192.185.131.128
152.42.220.94 - - [30/Nov/2024:10:30:47 -0600] "GET /wp-admin/setup-config.php?step=1 HTTP/1.1" 200 53583 "-" "Apache/2.4.34 (Ubuntu) OpenSSL/1.1.1 (internal dummy connection)" dzilamdebravo1821.gob.mx 192.185.131.128
152.42.220.94 - - [30/Nov/2024:10:30:48 -0600] "GET /wordpress/wp-admin/setup-config.php?step=1 HTTP/1.1" 200 53583 "-" "Apache/2.4.34 (Ubuntu) OpenSSL/1.1.1 (internal dummy connection)" dzilamdebravo1821.gob.mx 192.185.131.128
207.46.13.111 - - [30/Nov/2024:10:31:11 -0600] "GET /xefiv/e626250.html HTTP/1.1" 200 122645 "-" "Mozilla/5.0 AppleWebKit/537.36 (KHTML, like Gecko; compatible; bingbot/2.0; +http://www.bing.com/bingbot.htm) Chrome/116.0.1938.76 Safari/537.36" dzilamdebravo1821.gob.mx 192.185.131.128
40.77.167.25 - - [30/Nov/2024:10:31:31 -0600] "GET /owlmz/a375008.html HTTP/1.1" 200 128451 "-" "Mozilla/5.0 AppleWebKit/537.36 (KHTML, like Gecko; compatible; bingbot/2.0; +http://www.bing.com/bingbot.htm) Chrome/116.0.1938.76 Safari/537.36" dzilamdebravo1821.gob.mx 192.185.131.128
52.167.144.183 - - [30/Nov/2024:10:31:40 -0600] "GET /lrhly/z753827.html HTTP/1.1" 200 121836 "-" "Mozilla/5.0 AppleWebKit/537.36 (KHTML, like Gecko; compatible; bingbot/2.0; +http://www.bing.com/bingbot.htm) Chrome/116.0.1938.76 Safari/537.36" dzilamdebravo1821.gob.mx 192.185.131.128
207.46.13.51 - - [30/Nov/2024:10:31:59 -0600] "GET /ugchz/k1281508.html HTTP/1.1" 200 123216 "-" "Mozilla/5.0 AppleWebKit/537.36 (KHTML, like Gecko; compatible; bingbot/2.0; +http://www.bing.com/bingbot.htm) Chrome/116.0.1938.76 Safari/537.36" dzilamdebravo1821.gob.mx 192.185.131.128
207.46.13.51 - - [30/Nov/2024:10:32:03 -0600] "GET /sgvip/j829523.html HTTP/1.1" 200 123472 "-" "Mozilla/5.0 AppleWebKit/537.36 (KHTML, like Gecko; compatible; bingbot/2.0; +http://www.bing.com/bingbot.htm) Chrome/116.0.1938.76 Safari/537.36" dzilamdebravo1821.gob.mx 192.185.131.128
52.167.144.183 - - [30/Nov/2024:10:32:29 -0600] "GET /govyu/h922497.html HTTP/1.1" 200 123591 "-" "Mozilla/5.0 AppleWebKit/537.36 (KHTML, like Gecko; compatible; bingbot/2.0; +http://www.bing.com/bingbot.htm) Chrome/116.0.1938.76 Safari/537.36" dzilamdebravo1821.gob.mx 192.185.131.128
207.46.13.111 - - [30/Nov/2024:10:33:23 -0600] "GET /wijcp/z1063019.html HTTP/1.1" 200 123271 "-" "Mozilla/5.0 AppleWebKit/537.36 (KHTML, like Gecko; compatible; bingbot/2.0; +http://www.bing.com/bingbot.htm) Chrome/116.0.1938.76 Safari/537.36" dzilamdebravo1821.gob.mx 192.185.131.128
40.77.167.19 - - [30/Nov/2024:10:34:00 -0600] "GET /item/572001.html HTTP/1.1" 200 124583 "-" "Mozilla/5.0 AppleWebKit/537.36 (KHTML, like Gecko; compatible; bingbot/2.0; +http://www.bing.com/bingbot.htm) Chrome/116.0.1938.76 Safari/537.36" dzilamdebravo1821.gob.mx 192.185.131.128
157.55.39.11 - - [30/Nov/2024:10:34:13 -0600] "GET /akpht/n1563715.html HTTP/1.1" 200 122405 "-" "Mozilla/5.0 AppleWebKit/537.36 (KHTML, like Gecko; compatible; bingbot/2.0; +http://www.bing.com/bingbot.htm) Chrome/116.0.1938.76 Safari/537.36" dzilamdebravo1821.gob.mx 192.185.131.128
207.46.13.111 - - [30/Nov/2024:10:34:23 -0600] "GET /aidfa/u1069436.html HTTP/1.1" 200 125148 "-" "Mozilla/5.0 AppleWebKit/537.36 (KHTML, like Gecko; compatible; bingbot/2.0; +http://www.bing.com/bingbot.htm) Chrome/116.0.1938.76 Safari/537.36" dzilamdebravo1821.gob.mx 192.185.131.128
52.167.144.203 - - [30/Nov/2024:10:34:31 -0600] "GET /zewgb/l502185.html HTTP/1.1" 200 121771 "-" "Mozilla/5.0 AppleWebKit/537.36 (KHTML, like Gecko; compatible; bingbot/2.0; +http://www.bing.com/bingbot.htm) Chrome/116.0.1938.76 Safari/537.36" dzilamdebravo1821.gob.mx 192.185.131.128
40.77.167.55 - - [30/Nov/2024:10:34:52 -0600] "GET /item/1035552.html HTTP/1.1" 200 121970 "-" "Mozilla/5.0 AppleWebKit/537.36 (KHTML, like Gecko; compatible; bingbot/2.0; +http://www.bing.com/bingbot.htm) Chrome/116.0.1938.76 Safari/537.36" dzilamdebravo1821.gob.mx 192.185.131.128
40.77.167.21 - - [30/Nov/2024:10:35:25 -0600] "GET /pfbko/c888978.html HTTP/1.1" 200 122539 "-" "Mozilla/5.0 AppleWebKit/537.36 (KHTML, like Gecko; compatible; bingbot/2.0; +http://www.bing.com/bingbot.htm) Chrome/116.0.1938.76 Safari/537.36" dzilamdebravo1821.gob.mx 192.185.131.128
40.77.167.19 - - [30/Nov/2024:10:35:30 -0600] "GET /tpppl/e224316.html HTTP/1.1" 200 121752 "-" "Mozilla/5.0 AppleWebKit/537.36 (KHTML, like Gecko; compatible; bingbot/2.0; +http://www.bing.com/bingbot.htm) Chrome/116.0.1938.76 Safari/537.36" dzilamdebravo1821.gob.mx 192.185.131.128
66.249.66.65 - - [30/Nov/2024:10:35:43 -0600] "GET /?_gl=1*1ix4f11*_gcl_au*MTYxMTI1OTI3MS4xNzIxODg2NjU0*_ga*ODYyMzk4MzA3LjE2OTk0NTM1Nzg.*_ga_7H42SVMQ0V*MTcyMTg4NjY1NS4xMjEuMS4xNzIxODg2NjY5LjQ2LjAuMA..&_ga=2.198040047.1958808748.1721886654-862398307.1699453578&_bdsid=2ulvIJ.n~ZXCIW.1721886656070.1721886848&_bd_prev_page=https://dzilamdebravo1821.gob.mx/detail.php?xgbad/x2122751.html HTTP/1.1" 200 133658 "-" "Mozilla/5.0 (Linux; Android 6.0.1; Nexus 5X Build/MMB29P) AppleWebKit/537.36 (KHTML, like Gecko) Chrome/131.0.6778.69 Mobile Safari/537.36 (compatible; Googlebot/2.1; +http://www.google.com/bot.html)" dzilamdebravo1821.gob.mx 192.185.131.128
40.77.167.19 - - [30/Nov/2024:10:35:51 -0600] "GET /jdfli/w1349510.html HTTP/1.1" 200 123220 "-" "Mozilla/5.0 AppleWebKit/537.36 (KHTML, like Gecko; compatible; bingbot/2.0; +http://www.bing.com/bingbot.htm) Chrome/116.0.1938.76 Safari/537.36" dzilamdebravo1821.gob.mx 192.185.131.128
207.46.13.111 - - [30/Nov/2024:10:36:11 -0600] "GET /ukvlq/h1333401.html HTTP/1.1" 200 125115 "-" "Mozilla/5.0 AppleWebKit/537.36 (KHTML, like Gecko; compatible; bingbot/2.0; +http://www.bing.com/bingbot.htm) Chrome/116.0.1938.76 Safari/537.36" dzilamdebravo1821.gob.mx 192.185.131.128
40.77.167.55 - - [30/Nov/2024:10:36:59 -0600] "GET /abnbp/w751770.html HTTP/1.1" 200 124831 "-" "Mozilla/5.0 AppleWebKit/537.36 (KHTML, like Gecko; compatible; bingbot/2.0; +http://www.bing.com/bingbot.htm) Chrome/116.0.1938.76 Safari/537.36" dzilamdebravo1821.gob.mx 192.185.131.128
52.167.144.183 - - [30/Nov/2024:10:37:15 -0600] "GET /item/1222596.html HTTP/1.1" 200 122280 "-" "Mozilla/5.0 AppleWebKit/537.36 (KHTML, like Gecko; compatible; bingbot/2.0; +http://www.bing.com/bingbot.htm) Chrome/116.0.1938.76 Safari/537.36" dzilamdebravo1821.gob.mx 192.185.131.128
207.46.13.124 - - [30/Nov/2024:10:37:24 -0600] "GET /efyep/q659646.html HTTP/1.1" 200 123606 "-" "Mozilla/5.0 AppleWebKit/537.36 (KHTML, like Gecko; compatible; bingbot/2.0; +http://www.bing.com/bingbot.htm) Chrome/116.0.1938.76 Safari/537.36" dzilamdebravo1821.gob.mx 192.185.131.128
52.167.144.145 - - [30/Nov/2024:10:38:01 -0600] "GET /gpplc/x1114081.html HTTP/1.1" 200 121355 "-" "Mozilla/5.0 AppleWebKit/537.36 (KHTML, like Gecko; compatible; bingbot/2.0; +http://www.bing.com/bingbot.htm) Chrome/116.0.1938.76 Safari/537.36" dzilamdebravo1821.gob.mx 192.185.131.128
157.55.39.57 - - [30/Nov/2024:10:38:42 -0600] "GET /yikgx/m1266378.html HTTP/1.1" 200 124448 "-" "Mozilla/5.0 AppleWebKit/537.36 (KHTML, like Gecko; compatible; bingbot/2.0; +http://www.bing.com/bingbot.htm) Chrome/116.0.1938.76 Safari/537.36" dzilamdebravo1821.gob.mx 192.185.131.128
40.77.167.21 - - [30/Nov/2024:10:38:44 -0600] "GET /nofit/u727900.html HTTP/1.1" 200 125200 "-" "Mozilla/5.0 AppleWebKit/537.36 (KHTML, like Gecko; compatible; bingbot/2.0; +http://www.bing.com/bingbot.htm) Chrome/116.0.1938.76 Safari/537.36" dzilamdebravo1821.gob.mx 192.185.131.128
66.249.66.65 - - [30/Nov/2024:10:41:00 -0600] "GET /?_gl=1*1ix4f11*_gcl_au*MTYxMTI1OTI3MS4xNzIxODg2NjU0*_ga*ODYyMzk4MzA3LjE2OTk0NTM1Nzg.*_ga_7H42SVMQ0V*MTcyMTg4NjY1NS4xMjEuMS4xNzIxODg2NjY5LjQ2LjAuMA..&_ga=2.198040047.1958808748.1721886654-862398307.1699453578&_bdsid=2ulvIJ.n~ZXCIW.1721886656070.1721886848&_bd_prev_page=https://dzilamdebravo1821.gob.mx/detail.php?gsdsm/e1438698.html HTTP/1.1" 200 132686 "-" "Mozilla/5.0 (Linux; Android 6.0.1; Nexus 5X Build/MMB29P) AppleWebKit/537.36 (KHTML, like Gecko) Chrome/131.0.6778.69 Mobile Safari/537.36 (compatible; Googlebot/2.1; +http://www.google.com/bot.html)" dzilamdebravo1821.gob.mx 192.185.131.128
40.77.167.77 - - [30/Nov/2024:10:43:39 -0600] "GET /item/1733753.html HTTP/1.1" 200 122157 "-" "Mozilla/5.0 AppleWebKit/537.36 (KHTML, like Gecko; compatible; bingbot/2.0; +http://www.bing.com/bingbot.htm) Chrome/116.0.1938.76 Safari/537.36" dzilamdebravo1821.gob.mx 192.185.131.128
152.42.241.116 - - [30/Nov/2024:10:45:12 -0600] "GET /assets/images/slide-02.jpg HTTP/1.1" 200 53583 "-" "Mozilla/5.0 (Linux; Android 10; K) AppleWebKit/537.36 (KHTML, like Gecko) Chrome/122.0.0.0 Mobile Safari/537.36" dzilamdebravo1821.gob.mx 192.185.131.128
40.77.167.77 - - [30/Nov/2024:10:46:10 -0600] "GET /uchij/q942968.html HTTP/1.1" 200 123209 "-" "Mozilla/5.0 AppleWebKit/537.36 (KHTML, like Gecko; compatible; bingbot/2.0; +http://www.bing.com/bingbot.htm) Chrome/116.0.1938.76 Safari/537.36" dzilamdebravo1821.gob.mx 192.185.131.128
66.249.66.66 - - [30/Nov/2024:10:48:34 -0600] "GET /?_gl=1*1ix4f11*_gcl_au*MTYxMTI1OTI3MS4xNzIxODg2NjU0*_ga*ODYyMzk4MzA3LjE2OTk0NTM1Nzg.*_ga_7H42SVMQ0V*MTcyMTg4NjY1NS4xMjEuMS4xNzIxODg2NjY5LjQ2LjAuMA..&_ga=2.198040047.1958808748.1721886654-862398307.1699453578&_bdsid=2ulvIJ.n~ZXCIW.1721886656070.1721886848&_bd_prev_page=https://dzilamdebravo1821.gob.mx/detail.php?jjijt/x2549723.html HTTP/1.1" 200 133876 "-" "Mozilla/5.0 (Linux; Android 6.0.1; Nexus 5X Build/MMB29P) AppleWebKit/537.36 (KHTML, like Gecko) Chrome/131.0.6778.69 Mobile Safari/537.36 (compatible; Googlebot/2.1; +http://www.google.com/bot.html)" dzilamdebravo1821.gob.mx 192.185.131.128
66.249.66.67 - - [30/Nov/2024:10:48:38 -0600] "GET /?_gl=1*1ix4f11*_gcl_au*MTYxMTI1OTI3MS4xNzIxODg2NjU0*_ga*ODYyMzk4MzA3LjE2OTk0NTM1Nzg.*_ga_7H42SVMQ0V*MTcyMTg4NjY1NS4xMjEuMS4xNzIxODg2NjY5LjQ2LjAuMA..&_ga=2.198040047.1958808748.1721886654-862398307.1699453578&_bdsid=2ulvIJ.n~ZXCIW.1721886656070.1721886848&_bd_prev_page=https://dzilamdebravo1821.gob.mx/detail.php?xvgio/z1314881.html HTTP/1.1" 200 135634 "-" "Mozilla/5.0 (Linux; Android 6.0.1; Nexus 5X Build/MMB29P) AppleWebKit/537.36 (KHTML, like Gecko) Chrome/131.0.6778.69 Mobile Safari/537.36 (compatible; Googlebot/2.1; +http://www.google.com/bot.html)" dzilamdebravo1821.gob.mx 192.185.131.128
66.249.66.66 - - [30/Nov/2024:10:48:46 -0600] "GET /?_gl=1*1ix4f11*_gcl_au*MTYxMTI1OTI3MS4xNzIxODg2NjU0*_ga*ODYyMzk4MzA3LjE2OTk0NTM1Nzg.*_ga_7H42SVMQ0V*MTcyMTg4NjY1NS4xMjEuMS4xNzIxODg2NjY5LjQ2LjAuMA..&_ga=2.198040047.1958808748.1721886654-862398307.1699453578&_bdsid=2ulvIJ.n~ZXCIW.1721886656070.1721886848&_bd_prev_page=https://dzilamdebravo1821.gob.mx/detail.php?utkeo/u2710140.html HTTP/1.1" 200 131660 "-" "Mozilla/5.0 (Linux; Android 6.0.1; Nexus 5X Build/MMB29P) AppleWebKit/537.36 (KHTML, like Gecko) Chrome/131.0.6778.69 Mobile Safari/537.36 (compatible; Googlebot/2.1; +http://www.google.com/bot.html)" dzilamdebravo1821.gob.mx 192.185.131.128
66.249.66.65 - - [30/Nov/2024:10:48:58 -0600] "GET /?_gl=1*1ix4f11*_gcl_au*MTYxMTI1OTI3MS4xNzIxODg2NjU0*_ga*ODYyMzk4MzA3LjE2OTk0NTM1Nzg.*_ga_7H42SVMQ0V*MTcyMTg4NjY1NS4xMjEuMS4xNzIxODg2NjY5LjQ2LjAuMA..&_ga=2.198040047.1958808748.1721886654-862398307.1699453578&_bdsid=2ulvIJ.n~ZXCIW.1721886656070.1721886848&_bd_prev_page=https://dzilamdebravo1821.gob.mx/detail.php?rgkrr/x2001721.html HTTP/1.1" 200 136740 "-" "Mozilla/5.0 (Linux; Android 6.0.1; Nexus 5X Build/MMB29P) AppleWebKit/537.36 (KHTML, like Gecko) Chrome/131.0.6778.69 Mobile Safari/537.36 (compatible; Googlebot/2.1; +http://www.google.com/bot.html)" dzilamdebravo1821.gob.mx 192.185.131.128
66.249.66.65 - - [30/Nov/2024:10:49:27 -0600] "GET /?_gl=1*1ix4f11*_gcl_au*MTYxMTI1OTI3MS4xNzIxODg2NjU0*_ga*ODYyMzk4MzA3LjE2OTk0NTM1Nzg.*_ga_7H42SVMQ0V*MTcyMTg4NjY1NS4xMjEuMS4xNzIxODg2NjY5LjQ2LjAuMA..&_ga=2.198040047.1958808748.1721886654-862398307.1699453578&_bdsid=2ulvIJ.n~ZXCIW.1721886656070.1721886848&_bd_prev_page=https://dzilamdebravo1821.gob.mx/detail.php?isdey/p2877783.html HTTP/1.1" 200 133136 "-" "Mozilla/5.0 (Linux; Android 6.0.1; Nexus 5X Build/MMB29P) AppleWebKit/537.36 (KHTML, like Gecko) Chrome/131.0.6778.69 Mobile Safari/537.36 (compatible; Googlebot/2.1; +http://www.google.com/bot.html)" dzilamdebravo1821.gob.mx 192.185.131.128
66.249.66.65 - - [30/Nov/2024:10:49:40 -0600] "GET /?_gl=1*1ix4f11*_gcl_au*MTYxMTI1OTI3MS4xNzIxODg2NjU0*_ga*ODYyMzk4MzA3LjE2OTk0NTM1Nzg.*_ga_7H42SVMQ0V*MTcyMTg4NjY1NS4xMjEuMS4xNzIxODg2NjY5LjQ2LjAuMA..&_ga=2.198040047.1958808748.1721886654-862398307.1699453578&_bdsid=2ulvIJ.n~ZXCIW.1721886656070.1721886848&_bd_prev_page=https://dzilamdebravo1821.gob.mx/detail.php?zjbdf/o1189732.html HTTP/1.1" 200 135725 "-" "Mozilla/5.0 (Linux; Android 6.0.1; Nexus 5X Build/MMB29P) AppleWebKit/537.36 (KHTML, like Gecko) Chrome/131.0.6778.69 Mobile Safari/537.36 (compatible; Googlebot/2.1; +http://www.google.com/bot.html)" dzilamdebravo1821.gob.mx 192.185.131.128
66.249.66.65 - - [30/Nov/2024:10:49:59 -0600] "GET /?_gl=1*1ix4f11*_gcl_au*MTYxMTI1OTI3MS4xNzIxODg2NjU0*_ga*ODYyMzk4MzA3LjE2OTk0NTM1Nzg.*_ga_7H42SVMQ0V*MTcyMTg4NjY1NS4xMjEuMS4xNzIxODg2NjY5LjQ2LjAuMA..&_ga=2.198040047.1958808748.1721886654-862398307.1699453578&_bdsid=2ulvIJ.n~ZXCIW.1721886656070.1721886848&_bd_prev_page=https://dzilamdebravo1821.gob.mx/detail.php?wbrfz/j2807005.html HTTP/1.1" 200 135416 "-" "Mozilla/5.0 (Linux; Android 6.0.1; Nexus 5X Build/MMB29P) AppleWebKit/537.36 (KHTML, like Gecko) Chrome/131.0.6778.69 Mobile Safari/537.36 (compatible; Googlebot/2.1; +http://www.google.com/bot.html)" dzilamdebravo1821.gob.mx 192.185.131.128
40.77.167.48 - - [30/Nov/2024:10:50:15 -0600] "GET /wxurt/c406158.html HTTP/1.1" 200 126443 "-" "Mozilla/5.0 AppleWebKit/537.36 (KHTML, like Gecko; compatible; bingbot/2.0; +http://www.bing.com/bingbot.htm) Chrome/116.0.1938.76 Safari/537.36" dzilamdebravo1821.gob.mx 192.185.131.128
52.167.144.169 - - [30/Nov/2024:10:50:26 -0600] "GET /whxbu/b746965.html HTTP/1.1" 200 121641 "-" "Mozilla/5.0 AppleWebKit/537.36 (KHTML, like Gecko; compatible; bingbot/2.0; +http://www.bing.com/bingbot.htm) Chrome/116.0.1938.76 Safari/537.36" dzilamdebravo1821.gob.mx 192.185.131.128
52.167.144.169 - - [30/Nov/2024:10:50:29 -0600] "GET /qsrnu/p1611245.html HTTP/1.1" 200 124520 "-" "Mozilla/5.0 AppleWebKit/537.36 (KHTML, like Gecko; compatible; bingbot/2.0; +http://www.bing.com/bingbot.htm) Chrome/116.0.1938.76 Safari/537.36" dzilamdebravo1821.gob.mx 192.185.131.128
40.77.167.55 - - [30/Nov/2024:10:50:35 -0600] "GET /kbssg/d816439.html HTTP/1.1" 200 121670 "-" "Mozilla/5.0 AppleWebKit/537.36 (KHTML, like Gecko; compatible; bingbot/2.0; +http://www.bing.com/bingbot.htm) Chrome/116.0.1938.76 Safari/537.36" dzilamdebravo1821.gob.mx 192.185.131.128
52.167.144.202 - - [30/Nov/2024:10:50:51 -0600] "GET /wzpdd/w915388.html HTTP/1.1" 200 126503 "-" "Mozilla/5.0 AppleWebKit/537.36 (KHTML, like Gecko; compatible; bingbot/2.0; +http://www.bing.com/bingbot.htm) Chrome/116.0.1938.76 Safari/537.36" dzilamdebravo1821.gob.mx 192.185.131.128
40.77.167.243 - - [30/Nov/2024:10:50:51 -0600] "GET /keprn/c1103166.html HTTP/1.1" 200 125373 "-" "Mozilla/5.0 AppleWebKit/537.36 (KHTML, like Gecko; compatible; bingbot/2.0; +http://www.bing.com/bingbot.htm) Chrome/116.0.1938.76 Safari/537.36" dzilamdebravo1821.gob.mx 192.185.131.128
52.167.144.168 - - [30/Nov/2024:10:50:55 -0600] "GET /tvspa/m1384288.html HTTP/1.1" 200 123449 "-" "Mozilla/5.0 AppleWebKit/537.36 (KHTML, like Gecko; compatible; bingbot/2.0; +http://www.bing.com/bingbot.htm) Chrome/116.0.1938.76 Safari/537.36" dzilamdebravo1821.gob.mx 192.185.131.128
66.249.66.66 - - [30/Nov/2024:10:51:02 -0600] "GET /?_gl=1*1ix4f11*_gcl_au*MTYxMTI1OTI3MS4xNzIxODg2NjU0*_ga*ODYyMzk4MzA3LjE2OTk0NTM1Nzg.*_ga_7H42SVMQ0V*MTcyMTg4NjY1NS4xMjEuMS4xNzIxODg2NjY5LjQ2LjAuMA..&_ga=2.198040047.1958808748.1721886654-862398307.1699453578&_bdsid=2ulvIJ.n~ZXCIW.1721886656070.1721886848&_bd_prev_page=https://dzilamdebravo1821.gob.mx/detail.php?pkwyx/z1920317.html HTTP/1.1" 200 141673 "-" "Mozilla/5.0 (Linux; Android 6.0.1; Nexus 5X Build/MMB29P) AppleWebKit/537.36 (KHTML, like Gecko) Chrome/131.0.6778.69 Mobile Safari/537.36 (compatible; Googlebot/2.1; +http://www.google.com/bot.html)" dzilamdebravo1821.gob.mx 192.185.131.128
66.249.66.66 - - [30/Nov/2024:10:51:32 -0600] "GET /?_gl=1*1ix4f11*_gcl_au*MTYxMTI1OTI3MS4xNzIxODg2NjU0*_ga*ODYyMzk4MzA3LjE2OTk0NTM1Nzg.*_ga_7H42SVMQ0V*MTcyMTg4NjY1NS4xMjEuMS4xNzIxODg2NjY5LjQ2LjAuMA..&_ga=2.198040047.1958808748.1721886654-862398307.1699453578&_bdsid=2ulvIJ.n~ZXCIW.1721886656070.1721886848&_bd_prev_page=https://dzilamdebravo1821.gob.mx/detail.php?gdver/j2795617.html HTTP/1.1" 200 133780 "-" "Mozilla/5.0 (Linux; Android 6.0.1; Nexus 5X Build/MMB29P) AppleWebKit/537.36 (KHTML, like Gecko) Chrome/131.0.6778.69 Mobile Safari/537.36 (compatible; Googlebot/2.1; +http://www.google.com/bot.html)" dzilamdebravo1821.gob.mx 192.185.131.128
207.46.13.92 - - [30/Nov/2024:10:51:42 -0600] "GET /itwvf/u809566.html HTTP/1.1" 200 123196 "-" "Mozilla/5.0 AppleWebKit/537.36 (KHTML, like Gecko; compatible; bingbot/2.0; +http://www.bing.com/bingbot.htm) Chrome/116.0.1938.76 Safari/537.36" dzilamdebravo1821.gob.mx 192.185.131.128
40.77.167.243 - - [30/Nov/2024:10:51:44 -0600] "GET /ijemt/e1337974.html HTTP/1.1" 200 121763 "-" "Mozilla/5.0 AppleWebKit/537.36 (KHTML, like Gecko; compatible; bingbot/2.0; +http://www.bing.com/bingbot.htm) Chrome/116.0.1938.76 Safari/537.36" dzilamdebravo1821.gob.mx 192.185.131.128
40.77.167.21 - - [30/Nov/2024:10:52:07 -0600] "GET /d/N19825.html HTTP/1.1" 200 127720 "-" "Mozilla/5.0 AppleWebKit/537.36 (KHTML, like Gecko; compatible; bingbot/2.0; +http://www.bing.com/bingbot.htm) Chrome/116.0.1938.76 Safari/537.36" dzilamdebravo1821.gob.mx 192.185.131.128
40.77.167.21 - - [30/Nov/2024:10:52:06 -0600] "GET /mdzhf/k836492.html HTTP/1.1" 200 121330 "-" "Mozilla/5.0 AppleWebKit/537.36 (KHTML, like Gecko; compatible; bingbot/2.0; +http://www.bing.com/bingbot.htm) Chrome/116.0.1938.76 Safari/537.36" dzilamdebravo1821.gob.mx 192.185.131.128
52.167.144.202 - - [30/Nov/2024:10:52:16 -0600] "GET /ytvik/r553359.html HTTP/1.1" 200 122787 "-" "Mozilla/5.0 AppleWebKit/537.36 (KHTML, like Gecko; compatible; bingbot/2.0; +http://www.bing.com/bingbot.htm) Chrome/116.0.1938.76 Safari/537.36" dzilamdebravo1821.gob.mx 192.185.131.128
66.249.66.65 - - [30/Nov/2024:10:52:30 -0600] "GET /?_gl=1*1ix4f11*_gcl_au*MTYxMTI1OTI3MS4xNzIxODg2NjU0*_ga*ODYyMzk4MzA3LjE2OTk0NTM1Nzg.*_ga_7H42SVMQ0V*MTcyMTg4NjY1NS4xMjEuMS4xNzIxODg2NjY5LjQ2LjAuMA..&_ga=2.198040047.1958808748.1721886654-862398307.1699453578&_bdsid=2ulvIJ.n~ZXCIW.1721886656070.1721886848&_bd_prev_page=https://dzilamdebravo1821.gob.mx/detail.php?jphfs/x2627463.html HTTP/1.1" 200 132448 "-" "Mozilla/5.0 (Linux; Android 6.0.1; Nexus 5X Build/MMB29P) AppleWebKit/537.36 (KHTML, like Gecko) Chrome/131.0.6778.69 Mobile Safari/537.36 (compatible; Googlebot/2.1; +http://www.google.com/bot.html)" dzilamdebravo1821.gob.mx 192.185.131.128
66.249.66.66 - - [30/Nov/2024:10:52:38 -0600] "GET /?_gl=1*1ix4f11*_gcl_au*MTYxMTI1OTI3MS4xNzIxODg2NjU0*_ga*ODYyMzk4MzA3LjE2OTk0NTM1Nzg.*_ga_7H42SVMQ0V*MTcyMTg4NjY1NS4xMjEuMS4xNzIxODg2NjY5LjQ2LjAuMA..&_ga=2.198040047.1958808748.1721886654-862398307.1699453578&_bdsid=2ulvIJ.n~ZXCIW.1721886656070.1721886848&_bd_prev_page=https://dzilamdebravo1821.gob.mx/detail.php?emnpt/j1001565.html HTTP/1.1" 200 131712 "-" "Mozilla/5.0 (Linux; Android 6.0.1; Nexus 5X Build/MMB29P) AppleWebKit/537.36 (KHTML, like Gecko) Chrome/131.0.6778.69 Mobile Safari/537.36 (compatible; Googlebot/2.1; +http://www.google.com/bot.html)" dzilamdebravo1821.gob.mx 192.185.131.128
66.249.66.65 - - [30/Nov/2024:10:52:55 -0600] "GET /?_gl=1*1ix4f11*_gcl_au*MTYxMTI1OTI3MS4xNzIxODg2NjU0*_ga*ODYyMzk4MzA3LjE2OTk0NTM1Nzg.*_ga_7H42SVMQ0V*MTcyMTg4NjY1NS4xMjEuMS4xNzIxODg2NjY5LjQ2LjAuMA..&_ga=2.198040047.1958808748.1721886654-862398307.1699453578&_bdsid=2ulvIJ.n~ZXCIW.1721886656070.1721886848&_bd_prev_page=https://dzilamdebravo1821.gob.mx/detail.php?pgsph/p2274583.html HTTP/1.1" 200 133396 "-" "Mozilla/5.0 (Linux; Android 6.0.1; Nexus 5X Build/MMB29P) AppleWebKit/537.36 (KHTML, like Gecko) Chrome/131.0.6778.69 Mobile Safari/537.36 (compatible; Googlebot/2.1; +http://www.google.com/bot.html)" dzilamdebravo1821.gob.mx 192.185.131.128
157.55.39.56 - - [30/Nov/2024:10:53:02 -0600] "GET /pinde/h1925369.html HTTP/1.1" 200 123308 "-" "Mozilla/5.0 AppleWebKit/537.36 (KHTML, like Gecko; compatible; bingbot/2.0; +http://www.bing.com/bingbot.htm) Chrome/116.0.1938.76 Safari/537.36" dzilamdebravo1821.gob.mx 192.185.131.128
157.55.39.56 - - [30/Nov/2024:10:53:05 -0600] "GET /fhgrj/r972713.html HTTP/1.1" 200 125625 "-" "Mozilla/5.0 AppleWebKit/537.36 (KHTML, like Gecko; compatible; bingbot/2.0; +http://www.bing.com/bingbot.htm) Chrome/116.0.1938.76 Safari/537.36" dzilamdebravo1821.gob.mx 192.185.131.128
207.46.13.126 - - [30/Nov/2024:10:53:22 -0600] "GET /huypt/u1034544.html HTTP/1.1" 200 126897 "-" "Mozilla/5.0 AppleWebKit/537.36 (KHTML, like Gecko; compatible; bingbot/2.0; +http://www.bing.com/bingbot.htm) Chrome/116.0.1938.76 Safari/537.36" dzilamdebravo1821.gob.mx 192.185.131.128
207.46.13.111 - - [30/Nov/2024:10:53:27 -0600] "GET /jjpdx/d1628991.html HTTP/1.1" 200 129798 "-" "Mozilla/5.0 AppleWebKit/537.36 (KHTML, like Gecko; compatible; bingbot/2.0; +http://www.bing.com/bingbot.htm) Chrome/116.0.1938.76 Safari/537.36" dzilamdebravo1821.gob.mx 192.185.131.128
52.167.144.234 - - [30/Nov/2024:10:53:41 -0600] "GET /xftdj/m1346094.html HTTP/1.1" 200 131850 "-" "Mozilla/5.0 AppleWebKit/537.36 (KHTML, like Gecko; compatible; bingbot/2.0; +http://www.bing.com/bingbot.htm) Chrome/116.0.1938.76 Safari/537.36" dzilamdebravo1821.gob.mx 192.185.131.128
52.167.144.169 - - [30/Nov/2024:10:53:46 -0600] "GET /qfyeh/j633405.html HTTP/1.1" 200 124779 "-" "Mozilla/5.0 AppleWebKit/537.36 (KHTML, like Gecko; compatible; bingbot/2.0; +http://www.bing.com/bingbot.htm) Chrome/116.0.1938.76 Safari/537.36" dzilamdebravo1821.gob.mx 192.185.131.128
52.167.144.202 - - [30/Nov/2024:10:53:56 -0600] "GET /gjvsy/y1208592.html HTTP/1.1" 200 121621 "-" "Mozilla/5.0 AppleWebKit/537.36 (KHTML, like Gecko; compatible; bingbot/2.0; +http://www.bing.com/bingbot.htm) Chrome/116.0.1938.76 Safari/537.36" dzilamdebravo1821.gob.mx 192.185.131.128
66.249.66.66 - - [30/Nov/2024:10:54:05 -0600] "GET /?_gl=1*1ix4f11*_gcl_au*MTYxMTI1OTI3MS4xNzIxODg2NjU0*_ga*ODYyMzk4MzA3LjE2OTk0NTM1Nzg.*_ga_7H42SVMQ0V*MTcyMTg4NjY1NS4xMjEuMS4xNzIxODg2NjY5LjQ2LjAuMA..&_ga=2.198040047.1958808748.1721886654-862398307.1699453578&_bdsid=2ulvIJ.n~ZXCIW.1721886656070.1721886848&_bd_prev_page=https://dzilamdebravo1821.gob.mx/detail.php?ohwoa/n2979103.html HTTP/1.1" 200 136468 "-" "Mozilla/5.0 (Linux; Android 6.0.1; Nexus 5X Build/MMB29P) AppleWebKit/537.36 (KHTML, like Gecko) Chrome/131.0.6778.69 Mobile Safari/537.36 (compatible; Googlebot/2.1; +http://www.google.com/bot.html)" dzilamdebravo1821.gob.mx 192.185.131.128
66.249.66.66 - - [30/Nov/2024:10:54:21 -0600] "GET /?_gl=1*1ix4f11*_gcl_au*MTYxMTI1OTI3MS4xNzIxODg2NjU0*_ga*ODYyMzk4MzA3LjE2OTk0NTM1Nzg.*_ga_7H42SVMQ0V*MTcyMTg4NjY1NS4xMjEuMS4xNzIxODg2NjY5LjQ2LjAuMA..&_ga=2.198040047.1958808748.1721886654-862398307.1699453578&_bdsid=2ulvIJ.n~ZXCIW.1721886656070.1721886848&_bd_prev_page=https://dzilamdebravo1821.gob.mx/detail.php?hjwsu/x1351357.html HTTP/1.1" 200 136329 "-" "Mozilla/5.0 (Linux; Android 6.0.1; Nexus 5X Build/MMB29P) AppleWebKit/537.36 (KHTML, like Gecko) Chrome/131.0.6778.69 Mobile Safari/537.36 (compatible; Googlebot/2.1; +http://www.google.com/bot.html)" dzilamdebravo1821.gob.mx 192.185.131.128
66.249.66.65 - - [30/Nov/2024:10:54:28 -0600] "GET /?_gl=1*1ix4f11*_gcl_au*MTYxMTI1OTI3MS4xNzIxODg2NjU0*_ga*ODYyMzk4MzA3LjE2OTk0NTM1Nzg.*_ga_7H42SVMQ0V*MTcyMTg4NjY1NS4xMjEuMS4xNzIxODg2NjY5LjQ2LjAuMA..&_ga=2.198040047.1958808748.1721886654-862398307.1699453578&_bdsid=2ulvIJ.n~ZXCIW.1721886656070.1721886848&_bd_prev_page=https://dzilamdebravo1821.gob.mx/detail.php?vwdxf/h1398999.html HTTP/1.1" 200 133959 "-" "Mozilla/5.0 (Linux; Android 6.0.1; Nexus 5X Build/MMB29P) AppleWebKit/537.36 (KHTML, like Gecko) Chrome/131.0.6778.69 Mobile Safari/537.36 (compatible; Googlebot/2.1; +http://www.google.com/bot.html)" dzilamdebravo1821.gob.mx 192.185.131.128
66.249.66.65 - - [30/Nov/2024:10:54:28 -0600] "GET /?_gl=1*1ix4f11*_gcl_au*MTYxMTI1OTI3MS4xNzIxODg2NjU0*_ga*ODYyMzk4MzA3LjE2OTk0NTM1Nzg.*_ga_7H42SVMQ0V*MTcyMTg4NjY1NS4xMjEuMS4xNzIxODg2NjY5LjQ2LjAuMA..&_ga=2.198040047.1958808748.1721886654-862398307.1699453578&_bdsid=2ulvIJ.n~ZXCIW.1721886656070.1721886848&_bd_prev_page=https://dzilamdebravo1821.gob.mx/detail.php?rrshe/c2901846.html HTTP/1.1" 200 133260 "-" "Mozilla/5.0 (Linux; Android 6.0.1; Nexus 5X Build/MMB29P) AppleWebKit/537.36 (KHTML, like Gecko) Chrome/131.0.6778.69 Mobile Safari/537.36 (compatible; Googlebot/2.1; +http://www.google.com/bot.html)" dzilamdebravo1821.gob.mx 192.185.131.128
40.77.167.116 - - [30/Nov/2024:10:54:33 -0600] "GET /archivos/2023/index.php?bwefm/x930963.html HTTP/1.1" 200 123606 "-" "Mozilla/5.0 AppleWebKit/537.36 (KHTML, like Gecko; compatible; bingbot/2.0; +http://www.bing.com/bingbot.htm) Chrome/116.0.1938.76 Safari/537.36" dzilamdebravo1821.gob.mx 192.185.131.128
52.167.144.202 - - [30/Nov/2024:10:55:10 -0600] "GET /nlnls/k796868.html HTTP/1.1" 200 121733 "-" "Mozilla/5.0 AppleWebKit/537.36 (KHTML, like Gecko; compatible; bingbot/2.0; +http://www.bing.com/bingbot.htm) Chrome/116.0.1938.76 Safari/537.36" dzilamdebravo1821.gob.mx 192.185.131.128
40.77.167.152 - - [30/Nov/2024:10:55:57 -0600] "GET /mjipd/w983326.html HTTP/1.1" 200 125132 "-" "Mozilla/5.0 AppleWebKit/537.36 (KHTML, like Gecko; compatible; bingbot/2.0; +http://www.bing.com/bingbot.htm) Chrome/116.0.1938.76 Safari/537.36" dzilamdebravo1821.gob.mx 192.185.131.128
