1.162.105.102 - - [20/Feb/2025:10:46:28 -0600] "GET /opyhr/f2524292.html HTTP/2.0" 200 16764 "-" "Mozilla/5.0 (iPhone; CPU iPhone OS 17_5_1 like Mac OS X) AppleWebKit/605.1.15 (KHTML, like Gecko) GSA/355.0.723646882 Mobile/15E148 Safari/604.1" www.cansahcab.gob.mx 192.185.131.128
1.162.105.102 - - [20/Feb/2025:10:47:02 -0600] "GET /opyhr/f2524292.html HTTP/2.0" 200 16764 "-" "Mozilla/5.0 (iPhone; CPU iPhone OS 17_5_1 like Mac OS X) AppleWebKit/605.1.15 (KHTML, like Gecko) GSA/355.0.723646882 Mobile/15E148 Safari/604.1" www.cansahcab.gob.mx 192.185.131.128
1.162.105.102 - - [20/Feb/2025:10:47:57 -0600] "GET /opyhr/f2524292.html HTTP/2.0" 200 16764 "https://www.google.com/" "Mozilla/5.0 (iPhone; CPU iPhone OS 17_5_1 like Mac OS X) AppleWebKit/605.1.15 (KHTML, like Gecko) Version/17.5 Mobile/15E148 Safari/604.1" www.cansahcab.gob.mx 192.185.131.128
1.162.105.102 - - [20/Feb/2025:10:47:58 -0600] "GET /opyhr/f2524292.html HTTP/2.0" 200 16764 "https://www.google.com/" "Mozilla/5.0 (iPhone; CPU iPhone OS 17_5_1 like Mac OS X) AppleWebKit/605.1.15 (KHTML, like Gecko) Version/17.5 Mobile/15E148 Safari/604.1" www.cansahcab.gob.mx 192.185.131.128
1.162.105.102 - - [20/Feb/2025:10:48:39 -0600] "GET /opyhr/f2524292.html HTTP/2.0" 200 16764 "-" "Mozilla/5.0 (iPhone; CPU iPhone OS 17_5_1 like Mac OS X) AppleWebKit/605.1.15 (KHTML, like Gecko) GSA/355.0.723646882 Mobile/15E148 Safari/604.1" www.cansahcab.gob.mx 192.185.131.128
66.249.66.35 - - [20/Feb/2025:10:50:07 -0600] "GET /wetkh/c2884441.html HTTP/1.1" 200 120471 "-" "Mozilla/5.0 (Linux; Android 6.0.1; Nexus 5X Build/MMB29P) AppleWebKit/537.36 (KHTML, like Gecko) Chrome/133.0.6943.53 Mobile Safari/537.36 (compatible; Googlebot/2.1; +http://www.google.com/bot.html)" www.cansahcab.gob.mx 192.185.131.128
1.162.105.102 - - [20/Feb/2025:10:51:13 -0600] "GET /opyhr/f2524292.html HTTP/2.0" 200 16764 "-" "Mozilla/5.0 (iPhone; CPU iPhone OS 17_5_1 like Mac OS X) AppleWebKit/605.1.15 (KHTML, like Gecko) GSA/355.0.723646882 Mobile/15E148 Safari/604.1" www.cansahcab.gob.mx 192.185.131.128
66.249.66.33 - - [20/Feb/2025:10:51:58 -0600] "GET /kozbi/p1123136.html HTTP/1.1" 200 121096 "-" "Mozilla/5.0 (Linux; Android 6.0.1; Nexus 5X Build/MMB29P) AppleWebKit/537.36 (KHTML, like Gecko) Chrome/133.0.6943.53 Mobile Safari/537.36 (compatible; Googlebot/2.1; +http://www.google.com/bot.html)" www.cansahcab.gob.mx 192.185.131.128
66.249.66.35 - - [20/Feb/2025:10:53:24 -0600] "GET /jojon/q2969189.html HTTP/1.1" 200 124476 "-" "Mozilla/5.0 (Linux; Android 6.0.1; Nexus 5X Build/MMB29P) AppleWebKit/537.36 (KHTML, like Gecko) Chrome/133.0.6943.126 Mobile Safari/537.36 (compatible; Googlebot/2.1; +http://www.google.com/bot.html)" www.cansahcab.gob.mx 192.185.131.128
51.255.76.235 - - [20/Feb/2025:10:53:53 -0600] "GET /wp-content/updraft/plugins-old/wp-file-upload/css/wordpress_file_upload_style.css HTTP/2.0" 200 52929 "-" "Mozilla/5.0 (Windows NT 10.0; Win64; x64) AppleWebKit/537.36 (KHTML, like Gecko) Chrome/127.0.0.0 Safari/537.36" cansahcab.gob.mx 192.185.131.128
66.249.66.34 - - [20/Feb/2025:10:53:59 -0600] "GET /qpuvn/w2990411.html HTTP/1.1" 200 120961 "-" "Mozilla/5.0 (Linux; Android 6.0.1; Nexus 5X Build/MMB29P) AppleWebKit/537.36 (KHTML, like Gecko) Chrome/133.0.6943.126 Mobile Safari/537.36 (compatible; Googlebot/2.1; +http://www.google.com/bot.html)" www.cansahcab.gob.mx 192.185.131.128
66.249.66.33 - - [20/Feb/2025:10:54:06 -0600] "GET /hdjlc/k2974175.html HTTP/1.1" 200 121274 "-" "Mozilla/5.0 (Linux; Android 6.0.1; Nexus 5X Build/MMB29P) AppleWebKit/537.36 (KHTML, like Gecko) Chrome/133.0.6943.53 Mobile Safari/537.36 (compatible; Googlebot/2.1; +http://www.google.com/bot.html)" www.cansahcab.gob.mx 192.185.131.128
51.255.76.235 - - [20/Feb/2025:10:55:04 -0600] "GET /wp-content/updraft/plugins-old/wp-file-upload/css/wordpress_file_upload_style.css HTTP/2.0" 200 52929 "-" "Mozilla/5.0 (Windows NT 10.0; Win64; x64) AppleWebKit/537.36 (KHTML, like Gecko) Chrome/127.0.0.0 Safari/537.36" mail.cansahcab.gob.mx 192.185.131.128
66.249.66.34 - - [20/Feb/2025:10:55:16 -0600] "GET /hyzdd/d2979368.html HTTP/1.1" 200 119964 "-" "Mozilla/5.0 (Linux; Android 6.0.1; Nexus 5X Build/MMB29P) AppleWebKit/537.36 (KHTML, like Gecko) Chrome/133.0.6943.53 Mobile Safari/537.36 (compatible; Googlebot/2.1; +http://www.google.com/bot.html)" www.cansahcab.gob.mx 192.185.131.128
66.249.66.81 - - [20/Feb/2025:10:55:17 -0600] "GET /pdfpv/p464062.html HTTP/1.1" 200 121559 "-" "Mozilla/5.0 (Linux; Android 6.0.1; Nexus 5X Build/MMB29P) AppleWebKit/537.36 (KHTML, like Gecko) Chrome/133.0.6943.53 Mobile Safari/537.36 (compatible; GoogleOther)" cansahcab.gob.mx 192.185.131.128
66.249.66.33 - - [20/Feb/2025:10:55:58 -0600] "GET /ifcep/m1896477.html HTTP/1.1" 200 120437 "-" "Mozilla/5.0 (Linux; Android 6.0.1; Nexus 5X Build/MMB29P) AppleWebKit/537.36 (KHTML, like Gecko) Chrome/133.0.6943.53 Mobile Safari/537.36 (compatible; Googlebot/2.1; +http://www.google.com/bot.html)" www.cansahcab.gob.mx 192.185.131.128
66.249.66.33 - - [20/Feb/2025:10:56:36 -0600] "GET /xbmqy/s2214489.html HTTP/1.1" 200 121687 "-" "Mozilla/5.0 (Linux; Android 6.0.1; Nexus 5X Build/MMB29P) AppleWebKit/537.36 (KHTML, like Gecko) Chrome/133.0.6943.53 Mobile Safari/537.36 (compatible; Googlebot/2.1; +http://www.google.com/bot.html)" www.cansahcab.gob.mx 192.185.131.128
66.249.66.35 - - [20/Feb/2025:10:57:19 -0600] "GET /yaplk/i2254597.html HTTP/1.1" 200 120636 "-" "Mozilla/5.0 (Linux; Android 6.0.1; Nexus 5X Build/MMB29P) AppleWebKit/537.36 (KHTML, like Gecko) Chrome/133.0.6943.53 Mobile Safari/537.36 (compatible; Googlebot/2.1; +http://www.google.com/bot.html)" www.cansahcab.gob.mx 192.185.131.128
66.249.66.33 - - [20/Feb/2025:10:57:30 -0600] "GET /evdpe/y383601.html HTTP/1.1" 200 128056 "-" "Mozilla/5.0 (Linux; Android 6.0.1; Nexus 5X Build/MMB29P) AppleWebKit/537.36 (KHTML, like Gecko) Chrome/133.0.6943.53 Mobile Safari/537.36 (compatible; Googlebot/2.1; +http://www.google.com/bot.html)" www.cansahcab.gob.mx 192.185.131.128
66.249.66.33 - - [20/Feb/2025:10:57:57 -0600] "GET /rhmjt/z848274.html HTTP/1.1" 200 120947 "-" "Mozilla/5.0 (Linux; Android 6.0.1; Nexus 5X Build/MMB29P) AppleWebKit/537.36 (KHTML, like Gecko) Chrome/133.0.6943.53 Mobile Safari/537.36 (compatible; Googlebot/2.1; +http://www.google.com/bot.html)" www.cansahcab.gob.mx 192.185.131.128
66.249.66.34 - - [20/Feb/2025:10:58:15 -0600] "GET /pidwt/x1142930.html HTTP/1.1" 200 119801 "-" "Mozilla/5.0 (Linux; Android 6.0.1; Nexus 5X Build/MMB29P) AppleWebKit/537.36 (KHTML, like Gecko) Chrome/133.0.6943.53 Mobile Safari/537.36 (compatible; Googlebot/2.1; +http://www.google.com/bot.html)" www.cansahcab.gob.mx 192.185.131.128
66.249.66.33 - - [20/Feb/2025:11:00:16 -0600] "GET /pdlcc/x993976.html HTTP/1.1" 200 120173 "-" "Mozilla/5.0 (Linux; Android 6.0.1; Nexus 5X Build/MMB29P) AppleWebKit/537.36 (KHTML, like Gecko) Chrome/133.0.6943.53 Mobile Safari/537.36 (compatible; Googlebot/2.1; +http://www.google.com/bot.html)" www.cansahcab.gob.mx 192.185.131.128
66.249.66.34 - - [20/Feb/2025:11:00:34 -0600] "GET /onwku/c163723.html HTTP/1.1" 200 119425 "-" "Mozilla/5.0 (Linux; Android 6.0.1; Nexus 5X Build/MMB29P) AppleWebKit/537.36 (KHTML, like Gecko) Chrome/133.0.6943.53 Mobile Safari/537.36 (compatible; Googlebot/2.1; +http://www.google.com/bot.html)" www.cansahcab.gob.mx 192.185.131.128
66.249.66.33 - - [20/Feb/2025:11:01:32 -0600] "GET /wmgtw/n917526.html HTTP/1.1" 200 119744 "-" "Mozilla/5.0 (Linux; Android 6.0.1; Nexus 5X Build/MMB29P) AppleWebKit/537.36 (KHTML, like Gecko) Chrome/133.0.6943.53 Mobile Safari/537.36 (compatible; Googlebot/2.1; +http://www.google.com/bot.html)" www.cansahcab.gob.mx 192.185.131.128
66.249.66.33 - - [20/Feb/2025:11:02:08 -0600] "GET /vsbda/j167734.html HTTP/1.1" 200 122379 "-" "Mozilla/5.0 (Linux; Android 6.0.1; Nexus 5X Build/MMB29P) AppleWebKit/537.36 (KHTML, like Gecko) Chrome/133.0.6943.53 Mobile Safari/537.36 (compatible; Googlebot/2.1; +http://www.google.com/bot.html)" www.cansahcab.gob.mx 192.185.131.128
66.249.66.34 - - [20/Feb/2025:11:02:12 -0600] "GET /ybjai/c3009969.html HTTP/1.1" 200 119759 "-" "Mozilla/5.0 (Linux; Android 6.0.1; Nexus 5X Build/MMB29P) AppleWebKit/537.36 (KHTML, like Gecko) Chrome/133.0.6943.126 Mobile Safari/537.36 (compatible; Googlebot/2.1; +http://www.google.com/bot.html)" www.cansahcab.gob.mx 192.185.131.128
66.249.66.33 - - [20/Feb/2025:11:02:20 -0600] "GET /nzlic/m1658161.html HTTP/1.1" 200 119643 "-" "Mozilla/5.0 (Linux; Android 6.0.1; Nexus 5X Build/MMB29P) AppleWebKit/537.36 (KHTML, like Gecko) Chrome/133.0.6943.53 Mobile Safari/537.36 (compatible; Googlebot/2.1; +http://www.google.com/bot.html)" www.cansahcab.gob.mx 192.185.131.128
66.249.66.33 - - [20/Feb/2025:11:02:37 -0600] "GET /npyur/c302693.html HTTP/1.1" 200 121286 "-" "Mozilla/5.0 (Linux; Android 6.0.1; Nexus 5X Build/MMB29P) AppleWebKit/537.36 (KHTML, like Gecko) Chrome/133.0.6943.53 Mobile Safari/537.36 (compatible; Googlebot/2.1; +http://www.google.com/bot.html)" www.cansahcab.gob.mx 192.185.131.128
66.249.66.35 - - [20/Feb/2025:11:03:27 -0600] "GET /lxkre/m676713.html HTTP/1.1" 200 120298 "-" "Mozilla/5.0 (Linux; Android 6.0.1; Nexus 5X Build/MMB29P) AppleWebKit/537.36 (KHTML, like Gecko) Chrome/133.0.6943.53 Mobile Safari/537.36 (compatible; Googlebot/2.1; +http://www.google.com/bot.html)" www.cansahcab.gob.mx 192.185.131.128
66.249.66.34 - - [20/Feb/2025:11:03:48 -0600] "GET /xruix/r3007124.html HTTP/1.1" 200 119848 "-" "Mozilla/5.0 (Linux; Android 6.0.1; Nexus 5X Build/MMB29P) AppleWebKit/537.36 (KHTML, like Gecko) Chrome/133.0.6943.126 Mobile Safari/537.36 (compatible; Googlebot/2.1; +http://www.google.com/bot.html)" www.cansahcab.gob.mx 192.185.131.128
66.249.66.34 - - [20/Feb/2025:11:04:30 -0600] "GET /dtlni/g1228947.html HTTP/1.1" 200 120735 "-" "Mozilla/5.0 (Linux; Android 6.0.1; Nexus 5X Build/MMB29P) AppleWebKit/537.36 (KHTML, like Gecko) Chrome/133.0.6943.53 Mobile Safari/537.36 (compatible; Googlebot/2.1; +http://www.google.com/bot.html)" www.cansahcab.gob.mx 192.185.131.128
66.249.66.33 - - [20/Feb/2025:11:04:52 -0600] "GET /kgxwl/b3065218.html HTTP/1.1" 200 120153 "-" "Mozilla/5.0 (Linux; Android 6.0.1; Nexus 5X Build/MMB29P) AppleWebKit/537.36 (KHTML, like Gecko) Chrome/133.0.6943.53 Mobile Safari/537.36 (compatible; Googlebot/2.1; +http://www.google.com/bot.html)" www.cansahcab.gob.mx 192.185.131.128
66.249.66.35 - - [20/Feb/2025:11:05:25 -0600] "GET /qperr/e2136189.html HTTP/1.1" 200 119661 "-" "Mozilla/5.0 (Linux; Android 6.0.1; Nexus 5X Build/MMB29P) AppleWebKit/537.36 (KHTML, like Gecko) Chrome/133.0.6943.53 Mobile Safari/537.36 (compatible; Googlebot/2.1; +http://www.google.com/bot.html)" www.cansahcab.gob.mx 192.185.131.128
66.249.66.33 - - [20/Feb/2025:11:06:22 -0600] "GET /rss.xml HTTP/1.1" 200 102007 "-" "Mozilla/5.0 (Linux; Android 6.0.1; Nexus 5X Build/MMB29P) AppleWebKit/537.36 (KHTML, like Gecko) Chrome/133.0.6943.53 Mobile Safari/537.36 (compatible; Googlebot/2.1; +http://www.google.com/bot.html)" www.cansahcab.gob.mx 192.185.131.128
66.249.66.33 - - [20/Feb/2025:11:07:11 -0600] "GET /nqldn/p1496444.html HTTP/1.1" 200 119724 "-" "Mozilla/5.0 (Linux; Android 6.0.1; Nexus 5X Build/MMB29P) AppleWebKit/537.36 (KHTML, like Gecko) Chrome/133.0.6943.53 Mobile Safari/537.36 (compatible; GoogleOther)" www.cansahcab.gob.mx 192.185.131.128
66.249.66.33 - - [20/Feb/2025:11:08:47 -0600] "GET /mlana/g3015095.html HTTP/1.1" 200 122428 "-" "Mozilla/5.0 (Linux; Android 6.0.1; Nexus 5X Build/MMB29P) AppleWebKit/537.36 (KHTML, like Gecko) Chrome/133.0.6943.126 Mobile Safari/537.36 (compatible; Googlebot/2.1; +http://www.google.com/bot.html)" www.cansahcab.gob.mx 192.185.131.128
66.249.66.34 - - [20/Feb/2025:11:10:42 -0600] "GET /xmdcm/h3058776.html HTTP/1.1" 200 119936 "-" "Mozilla/5.0 (Linux; Android 6.0.1; Nexus 5X Build/MMB29P) AppleWebKit/537.36 (KHTML, like Gecko) Chrome/133.0.6943.126 Mobile Safari/537.36 (compatible; Googlebot/2.1; +http://www.google.com/bot.html)" www.cansahcab.gob.mx 192.185.131.128
66.249.66.33 - - [20/Feb/2025:11:11:24 -0600] "GET /khqkb/z2945590.html HTTP/1.1" 200 126395 "-" "Mozilla/5.0 (Linux; Android 6.0.1; Nexus 5X Build/MMB29P) AppleWebKit/537.36 (KHTML, like Gecko) Chrome/133.0.6943.126 Mobile Safari/537.36 (compatible; Googlebot/2.1; +http://www.google.com/bot.html)" www.cansahcab.gob.mx 192.185.131.128
35.209.251.85 - - [20/Feb/2025:11:12:00 -0600] "HEAD / HTTP/1.1" 200 - "-" "scalaj-http/2.4.2" cansahcab.gob.mx 192.185.131.128
35.209.251.85 - - [20/Feb/2025:11:12:01 -0600] "GET / HTTP/1.1" 200 16764 "-" "Buck/2.4.2; (+https://app.hypefactors.com/media-monitoring/about.html)" cansahcab.gob.mx 192.185.131.128
35.209.251.85 - - [20/Feb/2025:11:12:02 -0600] "GET /robots.txt HTTP/1.1" 200 166 "-" "Buck/2.4.2; (+https://app.hypefactors.com/media-monitoring/about.html)" cansahcab.gob.mx 192.185.131.128
35.209.251.85 - - [20/Feb/2025:11:12:35 -0600] "GET /sitemap538.xml HTTP/1.1" 200 8744 "-" "Buck/2.4.2; (+https://app.hypefactors.com/media-monitoring/about.html)" cansahcab.gob.mx 192.185.131.128
35.209.251.85 - - [20/Feb/2025:11:12:36 -0600] "GET /sitemap290.xml HTTP/1.1" 200 146470 "-" "Buck/2.4.2; (+https://app.hypefactors.com/media-monitoring/about.html)" cansahcab.gob.mx 192.185.131.128
35.209.251.85 - - [20/Feb/2025:11:12:36 -0600] "GET /sitemap879.xml HTTP/1.1" 200 8748 "-" "Buck/2.4.2; (+https://app.hypefactors.com/media-monitoring/about.html)" cansahcab.gob.mx 192.185.131.128
105.188.16.175 - - [20/Feb/2025:11:12:46 -0600] "GET /.env HTTP/1.1" 406 226 "-" "Mozilla/5.0 (Linux; U; Android 4.4.2; en-US; HM NOTE 1W Build/KOT49H) AppleWebKit/534.30 (KHTML, like Gecko) Version/4.0 UCBrowser/11.0.5.850 U3/0.8.0 Mobile Safari/534.30" cansahcab.gob.mx 192.185.131.128
105.188.16.175 - - [20/Feb/2025:11:12:46 -0600] "POST / HTTP/1.1" 500 - "-" "Mozilla/5.0 (Linux; U; Android 4.4.2; en-US; HM NOTE 1W Build/KOT49H) AppleWebKit/534.30 (KHTML, like Gecko) Version/4.0 UCBrowser/11.0.5.850 U3/0.8.0 Mobile Safari/534.30" cansahcab.gob.mx 192.185.131.128
35.209.251.85 - - [20/Feb/2025:11:13:36 -0600] "GET /mcjoy/e1315811.html HTTP/1.1" 200 16764 "-" "Buck/2.4.2; (+https://app.hypefactors.com/media-monitoring/about.html)" cansahcab.gob.mx 192.185.131.128
35.209.251.85 - - [20/Feb/2025:11:14:03 -0600] "GET /dsfmw/r1316162.html HTTP/1.1" 200 16764 "-" "Buck/2.4.2; (+https://app.hypefactors.com/media-monitoring/about.html)" cansahcab.gob.mx 192.185.131.128
35.209.251.85 - - [20/Feb/2025:11:14:31 -0600] "GET /hziri/e1316513.html HTTP/1.1" 200 16764 "-" "Buck/2.4.2; (+https://app.hypefactors.com/media-monitoring/about.html)" cansahcab.gob.mx 192.185.131.128
66.249.66.35 - - [20/Feb/2025:11:15:03 -0600] "GET /rmnca/o1907139.html HTTP/1.1" 200 119747 "-" "Mozilla/5.0 (Linux; Android 6.0.1; Nexus 5X Build/MMB29P) AppleWebKit/537.36 (KHTML, like Gecko) Chrome/133.0.6943.126 Mobile Safari/537.36 (compatible; Googlebot/2.1; +http://www.google.com/bot.html)" www.cansahcab.gob.mx 192.185.131.128
35.209.251.85 - - [20/Feb/2025:11:15:05 -0600] "GET /ixchs/r1316864.html HTTP/1.1" 200 16764 "-" "Buck/2.4.2; (+https://app.hypefactors.com/media-monitoring/about.html)" cansahcab.gob.mx 192.185.131.128
35.209.251.85 - - [20/Feb/2025:11:15:44 -0600] "GET /qrkqf/e1317215.html HTTP/1.1" 200 52929 "-" "Buck/2.4.2; (+https://app.hypefactors.com/media-monitoring/about.html)" cansahcab.gob.mx 192.185.131.128
35.209.251.85 - - [20/Feb/2025:11:16:08 -0600] "GET /mfoeu/r1317566.html HTTP/1.1" 200 16764 "-" "Buck/2.4.2; (+https://app.hypefactors.com/media-monitoring/about.html)" cansahcab.gob.mx 192.185.131.128
35.209.251.85 - - [20/Feb/2025:11:16:33 -0600] "GET /qvheq/e1317917.html HTTP/1.1" 200 16764 "-" "Buck/2.4.2; (+https://app.hypefactors.com/media-monitoring/about.html)" cansahcab.gob.mx 192.185.131.128
35.209.251.85 - - [20/Feb/2025:11:17:10 -0600] "GET /enkmy/r1318268.html HTTP/1.1" 200 16764 "-" "Buck/2.4.2; (+https://app.hypefactors.com/media-monitoring/about.html)" cansahcab.gob.mx 192.185.131.128
35.209.251.85 - - [20/Feb/2025:11:17:47 -0600] "GET /iqzyk/e1318619.html HTTP/1.1" 200 16764 "-" "Buck/2.4.2; (+https://app.hypefactors.com/media-monitoring/about.html)" cansahcab.gob.mx 192.185.131.128
35.209.251.85 - - [20/Feb/2025:11:18:31 -0600] "GET /laqnh/r1318970.html HTTP/1.1" 200 16764 "-" "Buck/2.4.2; (+https://app.hypefactors.com/media-monitoring/about.html)" cansahcab.gob.mx 192.185.131.128
35.209.251.85 - - [20/Feb/2025:11:19:08 -0600] "GET /dnhwe/e1319321.html HTTP/1.1" 200 16764 "-" "Buck/2.4.2; (+https://app.hypefactors.com/media-monitoring/about.html)" cansahcab.gob.mx 192.185.131.128
35.209.251.85 - - [20/Feb/2025:11:19:46 -0600] "GET /dfdus/r1319672.html HTTP/1.1" 200 16764 "-" "Buck/2.4.2; (+https://app.hypefactors.com/media-monitoring/about.html)" cansahcab.gob.mx 192.185.131.128
35.209.251.85 - - [20/Feb/2025:11:20:09 -0600] "GET /vyitx/e1320023.html HTTP/1.1" 200 16764 "-" "Buck/2.4.2; (+https://app.hypefactors.com/media-monitoring/about.html)" cansahcab.gob.mx 192.185.131.128
35.209.251.85 - - [20/Feb/2025:11:20:54 -0600] "GET /coxag/r1320374.html HTTP/1.1" 200 16764 "-" "Buck/2.4.2; (+https://app.hypefactors.com/media-monitoring/about.html)" cansahcab.gob.mx 192.185.131.128
35.209.251.85 - - [20/Feb/2025:11:21:32 -0600] "GET /zyfap/e1320725.html HTTP/1.1" 200 52929 "-" "Buck/2.4.2; (+https://app.hypefactors.com/media-monitoring/about.html)" cansahcab.gob.mx 192.185.131.128
35.209.251.85 - - [20/Feb/2025:11:22:00 -0600] "GET /chhvf/r1321076.html HTTP/1.1" 200 16764 "-" "Buck/2.4.2; (+https://app.hypefactors.com/media-monitoring/about.html)" cansahcab.gob.mx 192.185.131.128
35.209.251.85 - - [20/Feb/2025:11:22:29 -0600] "GET /xmywt/e1321427.html HTTP/1.1" 200 16764 "-" "Buck/2.4.2; (+https://app.hypefactors.com/media-monitoring/about.html)" cansahcab.gob.mx 192.185.131.128
35.209.251.85 - - [20/Feb/2025:11:23:00 -0600] "GET /shlmx/r1321778.html HTTP/1.1" 200 16764 "-" "Buck/2.4.2; (+https://app.hypefactors.com/media-monitoring/about.html)" cansahcab.gob.mx 192.185.131.128
35.209.251.85 - - [20/Feb/2025:11:23:38 -0600] "GET /ysmhi/e1322129.html HTTP/1.1" 200 16764 "-" "Buck/2.4.2; (+https://app.hypefactors.com/media-monitoring/about.html)" cansahcab.gob.mx 192.185.131.128
35.209.251.85 - - [20/Feb/2025:11:24:16 -0600] "GET /gkylh/r1322480.html HTTP/1.1" 200 16764 "-" "Buck/2.4.2; (+https://app.hypefactors.com/media-monitoring/about.html)" cansahcab.gob.mx 192.185.131.128
35.209.251.85 - - [20/Feb/2025:11:24:51 -0600] "GET /stuhx/e1322831.html HTTP/1.1" 200 16764 "-" "Buck/2.4.2; (+https://app.hypefactors.com/media-monitoring/about.html)" cansahcab.gob.mx 192.185.131.128
213.180.203.116 - - [20/Feb/2025:11:25:01 -0600] "GET /robots.txt HTTP/1.1" 200 1070 "-" "Mozilla/5.0 (compatible; YandexBot/3.0; +http://yandex.com/bots)" cansahcab.gob.mx 192.185.131.128
213.180.203.2 - - [20/Feb/2025:11:25:02 -0600] "GET /files/2022/sevac/3/D.2.6.pdf HTTP/1.1" 200 116981 "-" "Mozilla/5.0 (compatible; YandexBot/3.0; +http://yandex.com/bots)" cansahcab.gob.mx 192.185.131.128
35.209.251.85 - - [20/Feb/2025:11:25:32 -0600] "GET /mmvra/r1323182.html HTTP/1.1" 200 16764 "-" "Buck/2.4.2; (+https://app.hypefactors.com/media-monitoring/about.html)" cansahcab.gob.mx 192.185.131.128
35.209.251.85 - - [20/Feb/2025:11:26:09 -0600] "GET /ymrjn/e1323533.html HTTP/1.1" 200 16764 "-" "Buck/2.4.2; (+https://app.hypefactors.com/media-monitoring/about.html)" cansahcab.gob.mx 192.185.131.128
66.249.66.35 - - [20/Feb/2025:11:26:54 -0600] "GET /vndht/s982739.html HTTP/1.1" 200 121355 "-" "Mozilla/5.0 (Linux; Android 6.0.1; Nexus 5X Build/MMB29P) AppleWebKit/537.36 (KHTML, like Gecko) Chrome/133.0.6943.53 Mobile Safari/537.36 (compatible; Googlebot/2.1; +http://www.google.com/bot.html)" www.cansahcab.gob.mx 192.185.131.128
35.209.251.85 - - [20/Feb/2025:11:26:55 -0600] "GET /cfsfp/r1323884.html HTTP/1.1" 200 16764 "-" "Buck/2.4.2; (+https://app.hypefactors.com/media-monitoring/about.html)" cansahcab.gob.mx 192.185.131.128
136.243.153.17 - - [20/Feb/2025:11:27:13 -0600] "GET /robots.txt HTTP/1.1" 200 166 "-" "serpstatbot/2.1 (advanced backlink tracking bot; https://serpstatbot.com/; abuse@serpstatbot.com)" www.cansahcab.gob.mx 192.185.131.128
136.243.153.17 - - [20/Feb/2025:11:27:13 -0600] "GET /cuenta.php HTTP/1.1" 200 16764 "-" "serpstatbot/2.1 (advanced backlink tracking bot; https://serpstatbot.com/; abuse@serpstatbot.com)" www.cansahcab.gob.mx 192.185.131.128
35.209.251.85 - - [20/Feb/2025:11:27:26 -0600] "GET /uufur/e1324235.html HTTP/1.1" 200 16764 "-" "Buck/2.4.2; (+https://app.hypefactors.com/media-monitoring/about.html)" cansahcab.gob.mx 192.185.131.128
136.243.153.17 - - [20/Feb/2025:11:27:40 -0600] "GET /titulov.php HTTP/1.1" 200 16764 "-" "serpstatbot/2.1 (advanced backlink tracking bot; https://serpstatbot.com/; abuse@serpstatbot.com)" www.cansahcab.gob.mx 192.185.131.128
136.243.153.17 - - [20/Feb/2025:11:27:58 -0600] "GET /sevac.php HTTP/1.1" 200 16764 "-" "serpstatbot/2.1 (advanced backlink tracking bot; https://serpstatbot.com/; abuse@serpstatbot.com)" www.cansahcab.gob.mx 192.185.131.128
66.249.66.33 - - [20/Feb/2025:11:28:05 -0600] "GET /rqhqk/f2259586.html HTTP/1.1" 200 119284 "-" "Mozilla/5.0 (Linux; Android 6.0.1; Nexus 5X Build/MMB29P) AppleWebKit/537.36 (KHTML, like Gecko) Chrome/133.0.6943.53 Mobile Safari/537.36 (compatible; Googlebot/2.1; +http://www.google.com/bot.html)" www.cansahcab.gob.mx 192.185.131.128
35.209.251.85 - - [20/Feb/2025:11:28:05 -0600] "GET /xwbjn/r1324586.html HTTP/1.1" 200 16764 "-" "Buck/2.4.2; (+https://app.hypefactors.com/media-monitoring/about.html)" cansahcab.gob.mx 192.185.131.128
136.243.153.17 - - [20/Feb/2025:11:28:20 -0600] "GET /obras.php HTTP/1.1" 200 16764 "-" "serpstatbot/2.1 (advanced backlink tracking bot; https://serpstatbot.com/; abuse@serpstatbot.com)" www.cansahcab.gob.mx 192.185.131.128
35.209.251.85 - - [20/Feb/2025:11:28:37 -0600] "GET /tvzar/e1324937.html HTTP/1.1" 200 16764 "-" "Buck/2.4.2; (+https://app.hypefactors.com/media-monitoring/about.html)" cansahcab.gob.mx 192.185.131.128
136.243.153.17 - - [20/Feb/2025:11:28:39 -0600] "GET /misionvision.php HTTP/1.1" 200 16764 "-" "serpstatbot/2.1 (advanced backlink tracking bot; https://serpstatbot.com/; abuse@serpstatbot.com)" www.cansahcab.gob.mx 192.185.131.128
136.243.153.17 - - [20/Feb/2025:11:28:54 -0600] "GET /index.php HTTP/1.1" 200 16764 "-" "serpstatbot/2.1 (advanced backlink tracking bot; https://serpstatbot.com/; abuse@serpstatbot.com)" www.cansahcab.gob.mx 192.185.131.128
136.243.153.17 - - [20/Feb/2025:11:29:10 -0600] "GET /gaceta.php HTTP/1.1" 200 16764 "-" "serpstatbot/2.1 (advanced backlink tracking bot; https://serpstatbot.com/; abuse@serpstatbot.com)" www.cansahcab.gob.mx 192.185.131.128
35.209.251.85 - - [20/Feb/2025:11:29:13 -0600] "GET /gqkqb/r1325288.html HTTP/1.1" 200 52929 "-" "Buck/2.4.2; (+https://app.hypefactors.com/media-monitoring/about.html)" cansahcab.gob.mx 192.185.131.128
66.249.66.33 - - [20/Feb/2025:11:29:55 -0600] "GET /uvruo/m2190563.html HTTP/1.1" 200 120092 "-" "Mozilla/5.0 (Linux; Android 6.0.1; Nexus 5X Build/MMB29P) AppleWebKit/537.36 (KHTML, like Gecko) Chrome/133.0.6943.53 Mobile Safari/537.36 (compatible; GoogleOther)" www.cansahcab.gob.mx 192.185.131.128
35.209.251.85 - - [20/Feb/2025:11:29:59 -0600] "GET /pooeh/e1325639.html HTTP/1.1" 200 16764 "-" "Buck/2.4.2; (+https://app.hypefactors.com/media-monitoring/about.html)" cansahcab.gob.mx 192.185.131.128
66.249.66.33 - - [20/Feb/2025:11:30:05 -0600] "GET /jqfol/j1779734.html HTTP/1.1" 200 119627 "-" "Mozilla/5.0 (Linux; Android 6.0.1; Nexus 5X Build/MMB29P) AppleWebKit/537.36 (KHTML, like Gecko) Chrome/133.0.6943.53 Mobile Safari/537.36 (compatible; Googlebot/2.1; +http://www.google.com/bot.html)" www.cansahcab.gob.mx 192.185.131.128
66.249.66.34 - - [20/Feb/2025:11:30:10 -0600] "GET /vshtb/k2405737.html HTTP/1.1" 200 124460 "-" "Mozilla/5.0 (Linux; Android 6.0.1; Nexus 5X Build/MMB29P) AppleWebKit/537.36 (KHTML, like Gecko) Chrome/133.0.6943.53 Mobile Safari/537.36 (compatible; GoogleOther)" www.cansahcab.gob.mx 192.185.131.128
66.249.66.33 - - [20/Feb/2025:11:30:16 -0600] "GET /carez/z251756.html HTTP/1.1" 200 121622 "-" "Mozilla/5.0 (Linux; Android 6.0.1; Nexus 5X Build/MMB29P) AppleWebKit/537.36 (KHTML, like Gecko) Chrome/133.0.6943.53 Mobile Safari/537.36 (compatible; Googlebot/2.1; +http://www.google.com/bot.html)" www.cansahcab.gob.mx 192.185.131.128
35.209.251.85 - - [20/Feb/2025:11:30:30 -0600] "GET /mxlkl/r1325990.html HTTP/1.1" 200 16764 "-" "Buck/2.4.2; (+https://app.hypefactors.com/media-monitoring/about.html)" cansahcab.gob.mx 192.185.131.128
35.209.251.85 - - [20/Feb/2025:11:31:01 -0600] "GET /ebosk/e1326341.html HTTP/1.1" 200 16764 "-" "Buck/2.4.2; (+https://app.hypefactors.com/media-monitoring/about.html)" cansahcab.gob.mx 192.185.131.128
66.249.66.35 - - [20/Feb/2025:11:31:02 -0600] "GET /avvjc/u398287.html HTTP/1.1" 200 119964 "-" "Mozilla/5.0 (Linux; Android 6.0.1; Nexus 5X Build/MMB29P) AppleWebKit/537.36 (KHTML, like Gecko) Chrome/133.0.6943.53 Mobile Safari/537.36 (compatible; GoogleOther)" www.cansahcab.gob.mx 192.185.131.128
66.249.66.33 - - [20/Feb/2025:11:31:09 -0600] "GET /ktqdj/i1685509.html HTTP/1.1" 200 123659 "-" "Mozilla/5.0 (Linux; Android 6.0.1; Nexus 5X Build/MMB29P) AppleWebKit/537.36 (KHTML, like Gecko) Chrome/133.0.6943.53 Mobile Safari/537.36 (compatible; Googlebot/2.1; +http://www.google.com/bot.html)" www.cansahcab.gob.mx 192.185.131.128
66.249.66.33 - - [20/Feb/2025:11:31:11 -0600] "GET /cvtte/s1776025.html HTTP/1.1" 200 119548 "-" "Mozilla/5.0 (Linux; Android 6.0.1; Nexus 5X Build/MMB29P) AppleWebKit/537.36 (KHTML, like Gecko) Chrome/133.0.6943.53 Mobile Safari/537.36 (compatible; Googlebot/2.1; +http://www.google.com/bot.html)" www.cansahcab.gob.mx 192.185.131.128
66.249.66.33 - - [20/Feb/2025:11:31:14 -0600] "GET /nfzre/r2852554.html HTTP/1.1" 200 121112 "-" "Mozilla/5.0 (Linux; Android 6.0.1; Nexus 5X Build/MMB29P) AppleWebKit/537.36 (KHTML, like Gecko) Chrome/133.0.6943.53 Mobile Safari/537.36 (compatible; Googlebot/2.1; +http://www.google.com/bot.html)" www.cansahcab.gob.mx 192.185.131.128
66.249.66.34 - - [20/Feb/2025:11:31:23 -0600] "GET /fvbou/k1599243.html HTTP/1.1" 200 120848 "-" "Mozilla/5.0 (Linux; Android 6.0.1; Nexus 5X Build/MMB29P) AppleWebKit/537.36 (KHTML, like Gecko) Chrome/133.0.6943.53 Mobile Safari/537.36 (compatible; Googlebot/2.1; +http://www.google.com/bot.html)" www.cansahcab.gob.mx 192.185.131.128
66.249.66.34 - - [20/Feb/2025:11:31:29 -0600] "GET /vserx/d555050.html HTTP/1.1" 200 119467 "-" "Mozilla/5.0 (Linux; Android 6.0.1; Nexus 5X Build/MMB29P) AppleWebKit/537.36 (KHTML, like Gecko) Chrome/133.0.6943.53 Mobile Safari/537.36 (compatible; Googlebot/2.1; +http://www.google.com/bot.html)" www.cansahcab.gob.mx 192.185.131.128
35.209.251.85 - - [20/Feb/2025:11:31:36 -0600] "GET /vqaxu/r1326692.html HTTP/1.1" 200 16764 "-" "Buck/2.4.2; (+https://app.hypefactors.com/media-monitoring/about.html)" cansahcab.gob.mx 192.185.131.128
35.209.251.85 - - [20/Feb/2025:11:32:15 -0600] "GET /prhba/e1327043.html HTTP/1.1" 200 16764 "-" "Buck/2.4.2; (+https://app.hypefactors.com/media-monitoring/about.html)" cansahcab.gob.mx 192.185.131.128
35.209.251.85 - - [20/Feb/2025:11:32:42 -0600] "GET /zrjeo/r1327394.html HTTP/1.1" 200 16764 "-" "Buck/2.4.2; (+https://app.hypefactors.com/media-monitoring/about.html)" cansahcab.gob.mx 192.185.131.128
35.209.251.85 - - [20/Feb/2025:11:33:26 -0600] "GET /tzhih/e1327745.html HTTP/1.1" 200 52929 "-" "Buck/2.4.2; (+https://app.hypefactors.com/media-monitoring/about.html)" cansahcab.gob.mx 192.185.131.128
66.249.66.35 - - [20/Feb/2025:11:33:27 -0600] "GET /ywqkk/v1116876.html HTTP/1.1" 200 122526 "-" "Mozilla/5.0 (Linux; Android 6.0.1; Nexus 5X Build/MMB29P) AppleWebKit/537.36 (KHTML, like Gecko) Chrome/133.0.6943.53 Mobile Safari/537.36 (compatible; Googlebot/2.1; +http://www.google.com/bot.html)" www.cansahcab.gob.mx 192.185.131.128
35.209.251.85 - - [20/Feb/2025:11:34:07 -0600] "GET /kytwa/r1328096.html HTTP/1.1" 200 16764 "-" "Buck/2.4.2; (+https://app.hypefactors.com/media-monitoring/about.html)" cansahcab.gob.mx 192.185.131.128
66.249.66.33 - - [20/Feb/2025:11:34:18 -0600] "GET /bsvsy/v1099352.html HTTP/1.1" 200 121325 "-" "Mozilla/5.0 (Linux; Android 6.0.1; Nexus 5X Build/MMB29P) AppleWebKit/537.36 (KHTML, like Gecko) Chrome/133.0.6943.53 Mobile Safari/537.36 (compatible; Googlebot/2.1; +http://www.google.com/bot.html)" www.cansahcab.gob.mx 192.185.131.128
66.249.66.33 - - [20/Feb/2025:11:34:22 -0600] "GET /hxvla/x1510128.html HTTP/1.1" 200 120582 "-" "Mozilla/5.0 (Linux; Android 6.0.1; Nexus 5X Build/MMB29P) AppleWebKit/537.36 (KHTML, like Gecko) Chrome/133.0.6943.53 Mobile Safari/537.36 (compatible; GoogleOther)" www.cansahcab.gob.mx 192.185.131.128
35.209.251.85 - - [20/Feb/2025:11:34:48 -0600] "GET /dgmgg/e1328447.html HTTP/1.1" 200 16764 "-" "Buck/2.4.2; (+https://app.hypefactors.com/media-monitoring/about.html)" cansahcab.gob.mx 192.185.131.128
35.209.251.85 - - [20/Feb/2025:11:35:12 -0600] "GET /vdgty/r1328798.html HTTP/1.1" 200 16764 "-" "Buck/2.4.2; (+https://app.hypefactors.com/media-monitoring/about.html)" cansahcab.gob.mx 192.185.131.128
66.249.66.35 - - [20/Feb/2025:11:35:28 -0600] "GET /trrub/z3037058.html HTTP/1.1" 200 119894 "-" "Mozilla/5.0 (Linux; Android 6.0.1; Nexus 5X Build/MMB29P) AppleWebKit/537.36 (KHTML, like Gecko) Chrome/133.0.6943.53 Mobile Safari/537.36 (compatible; Googlebot/2.1; +http://www.google.com/bot.html)" www.cansahcab.gob.mx 192.185.131.128
66.249.66.35 - - [20/Feb/2025:11:35:31 -0600] "GET /veqyf/g1325797.html HTTP/1.1" 200 119420 "-" "Mozilla/5.0 (Linux; Android 6.0.1; Nexus 5X Build/MMB29P) AppleWebKit/537.36 (KHTML, like Gecko) Chrome/133.0.6943.53 Mobile Safari/537.36 (compatible; Googlebot/2.1; +http://www.google.com/bot.html)" www.cansahcab.gob.mx 192.185.131.128
35.209.251.85 - - [20/Feb/2025:11:35:41 -0600] "GET /wxfsh/e1329149.html HTTP/1.1" 200 16764 "-" "Buck/2.4.2; (+https://app.hypefactors.com/media-monitoring/about.html)" cansahcab.gob.mx 192.185.131.128
66.249.66.35 - - [20/Feb/2025:11:36:04 -0600] "GET /vedkq/c2925781.html HTTP/1.1" 200 120700 "-" "Mozilla/5.0 (Linux; Android 6.0.1; Nexus 5X Build/MMB29P) AppleWebKit/537.36 (KHTML, like Gecko) Chrome/133.0.6943.53 Mobile Safari/537.36 (compatible; GoogleOther)" www.cansahcab.gob.mx 192.185.131.128
66.249.66.33 - - [20/Feb/2025:11:36:18 -0600] "GET /lqfpv/i921395.html HTTP/1.1" 200 121894 "-" "Mozilla/5.0 (Linux; Android 6.0.1; Nexus 5X Build/MMB29P) AppleWebKit/537.36 (KHTML, like Gecko) Chrome/133.0.6943.53 Mobile Safari/537.36 (compatible; GoogleOther)" www.cansahcab.gob.mx 192.185.131.128
35.209.251.85 - - [20/Feb/2025:11:36:22 -0600] "GET /bwviq/r1329500.html HTTP/1.1" 200 52929 "-" "Buck/2.4.2; (+https://app.hypefactors.com/media-monitoring/about.html)" cansahcab.gob.mx 192.185.131.128
66.249.66.33 - - [20/Feb/2025:11:36:36 -0600] "GET /egexk/u667751.html HTTP/1.1" 200 120554 "-" "Mozilla/5.0 (Linux; Android 6.0.1; Nexus 5X Build/MMB29P) AppleWebKit/537.36 (KHTML, like Gecko) Chrome/133.0.6943.53 Mobile Safari/537.36 (compatible; GoogleOther)" www.cansahcab.gob.mx 192.185.131.128
66.249.66.33 - - [20/Feb/2025:11:36:41 -0600] "GET /jorbn/s1837099.html HTTP/1.1" 200 120015 "-" "Mozilla/5.0 (Linux; Android 6.0.1; Nexus 5X Build/MMB29P) AppleWebKit/537.36 (KHTML, like Gecko) Chrome/133.0.6943.53 Mobile Safari/537.36 (compatible; GoogleOther)" www.cansahcab.gob.mx 192.185.131.128
66.249.66.34 - - [20/Feb/2025:11:36:49 -0600] "GET /esgin/j1759324.html HTTP/1.1" 200 121839 "-" "Mozilla/5.0 (Linux; Android 6.0.1; Nexus 5X Build/MMB29P) AppleWebKit/537.36 (KHTML, like Gecko) Chrome/133.0.6943.53 Mobile Safari/537.36 (compatible; GoogleOther)" www.cansahcab.gob.mx 192.185.131.128
66.249.66.34 - - [20/Feb/2025:11:36:59 -0600] "GET /lfatt/i1339709.html HTTP/1.1" 200 120112 "-" "Mozilla/5.0 (Linux; Android 6.0.1; Nexus 5X Build/MMB29P) AppleWebKit/537.36 (KHTML, like Gecko) Chrome/133.0.6943.53 Mobile Safari/537.36 (compatible; GoogleOther)" www.cansahcab.gob.mx 192.185.131.128
35.209.251.85 - - [20/Feb/2025:11:37:04 -0600] "GET /azprr/e1329851.html HTTP/1.1" 200 52929 "-" "Buck/2.4.2; (+https://app.hypefactors.com/media-monitoring/about.html)" cansahcab.gob.mx 192.185.131.128
66.249.66.35 - - [20/Feb/2025:11:37:13 -0600] "GET /enliy/m2187677.html HTTP/1.1" 200 119567 "-" "Mozilla/5.0 (Linux; Android 6.0.1; Nexus 5X Build/MMB29P) AppleWebKit/537.36 (KHTML, like Gecko) Chrome/133.0.6943.53 Mobile Safari/537.36 (compatible; GoogleOther)" www.cansahcab.gob.mx 192.185.131.128
66.249.66.33 - - [20/Feb/2025:11:37:29 -0600] "GET /wpnwv/s237137.html HTTP/1.1" 200 121458 "-" "Mozilla/5.0 (Linux; Android 6.0.1; Nexus 5X Build/MMB29P) AppleWebKit/537.36 (KHTML, like Gecko) Chrome/133.0.6943.53 Mobile Safari/537.36 (compatible; GoogleOther)" www.cansahcab.gob.mx 192.185.131.128
35.209.251.85 - - [20/Feb/2025:11:37:46 -0600] "GET /hgntl/r1330202.html HTTP/1.1" 200 16764 "-" "Buck/2.4.2; (+https://app.hypefactors.com/media-monitoring/about.html)" cansahcab.gob.mx 192.185.131.128
66.249.66.35 - - [20/Feb/2025:11:38:16 -0600] "GET /vqvni/k1623501.html HTTP/1.1" 200 119646 "-" "Mozilla/5.0 (Linux; Android 6.0.1; Nexus 5X Build/MMB29P) AppleWebKit/537.36 (KHTML, like Gecko) Chrome/133.0.6943.53 Mobile Safari/537.36 (compatible; GoogleOther)" www.cansahcab.gob.mx 192.185.131.128
35.209.251.85 - - [20/Feb/2025:11:38:17 -0600] "GET /ctnsj/e1330553.html HTTP/1.1" 200 16764 "-" "Buck/2.4.2; (+https://app.hypefactors.com/media-monitoring/about.html)" cansahcab.gob.mx 192.185.131.128
66.249.66.33 - - [20/Feb/2025:11:38:25 -0600] "GET /mxjur/e1741873.html HTTP/1.1" 200 124093 "-" "Mozilla/5.0 (Linux; Android 6.0.1; Nexus 5X Build/MMB29P) AppleWebKit/537.36 (KHTML, like Gecko) Chrome/133.0.6943.53 Mobile Safari/537.36 (compatible; GoogleOther)" www.cansahcab.gob.mx 192.185.131.128
35.209.251.85 - - [20/Feb/2025:11:38:55 -0600] "GET /oyyvm/r1330904.html HTTP/1.1" 200 16764 "-" "Buck/2.4.2; (+https://app.hypefactors.com/media-monitoring/about.html)" cansahcab.gob.mx 192.185.131.128
66.249.66.34 - - [20/Feb/2025:11:39:29 -0600] "GET /ndfht/f2429964.html HTTP/1.1" 200 121429 "-" "Mozilla/5.0 (Linux; Android 6.0.1; Nexus 5X Build/MMB29P) AppleWebKit/537.36 (KHTML, like Gecko) Chrome/133.0.6943.53 Mobile Safari/537.36 (compatible; GoogleOther)" www.cansahcab.gob.mx 192.185.131.128
66.249.66.33 - - [20/Feb/2025:11:39:37 -0600] "GET /fuipy/y1233281.html HTTP/1.1" 200 121658 "-" "Mozilla/5.0 (Linux; Android 6.0.1; Nexus 5X Build/MMB29P) AppleWebKit/537.36 (KHTML, like Gecko) Chrome/133.0.6943.53 Mobile Safari/537.36 (compatible; GoogleOther)" www.cansahcab.gob.mx 192.185.131.128
35.209.251.85 - - [20/Feb/2025:11:39:38 -0600] "GET /wvjix/e1331255.html HTTP/1.1" 200 16764 "-" "Buck/2.4.2; (+https://app.hypefactors.com/media-monitoring/about.html)" cansahcab.gob.mx 192.185.131.128
66.249.66.33 - - [20/Feb/2025:11:39:47 -0600] "GET /bxige/w2779317.html HTTP/1.1" 200 121921 "-" "Mozilla/5.0 (Linux; Android 6.0.1; Nexus 5X Build/MMB29P) AppleWebKit/537.36 (KHTML, like Gecko) Chrome/133.0.6943.53 Mobile Safari/537.36 (compatible; GoogleOther)" www.cansahcab.gob.mx 192.185.131.128
66.249.66.34 - - [20/Feb/2025:11:40:11 -0600] "GET /iwyen/d837228.html HTTP/1.1" 200 119590 "-" "Mozilla/5.0 (Linux; Android 6.0.1; Nexus 5X Build/MMB29P) AppleWebKit/537.36 (KHTML, like Gecko) Chrome/133.0.6943.53 Mobile Safari/537.36 (compatible; GoogleOther)" www.cansahcab.gob.mx 192.185.131.128
35.209.251.85 - - [20/Feb/2025:11:40:22 -0600] "GET /pifms/r1331606.html HTTP/1.1" 200 16764 "-" "Buck/2.4.2; (+https://app.hypefactors.com/media-monitoring/about.html)" cansahcab.gob.mx 192.185.131.128
66.249.66.34 - - [20/Feb/2025:11:40:29 -0600] "GET /zllda/t3057358.html HTTP/1.1" 200 119404 "-" "Mozilla/5.0 (Linux; Android 6.0.1; Nexus 5X Build/MMB29P) AppleWebKit/537.36 (KHTML, like Gecko) Chrome/133.0.6943.53 Mobile Safari/537.36 (compatible; GoogleOther)" www.cansahcab.gob.mx 192.185.131.128
35.209.251.85 - - [20/Feb/2025:11:40:49 -0600] "GET /srbnk/e1331957.html HTTP/1.1" 200 16764 "-" "Buck/2.4.2; (+https://app.hypefactors.com/media-monitoring/about.html)" cansahcab.gob.mx 192.185.131.128
35.209.251.85 - - [20/Feb/2025:11:41:14 -0600] "GET /hybgz/r1332308.html HTTP/1.1" 200 16764 "-" "Buck/2.4.2; (+https://app.hypefactors.com/media-monitoring/about.html)" cansahcab.gob.mx 192.185.131.128
66.249.66.35 - - [20/Feb/2025:11:41:15 -0600] "GET /hpijs/q1173395.html HTTP/1.1" 200 121999 "-" "Mozilla/5.0 (Linux; Android 6.0.1; Nexus 5X Build/MMB29P) AppleWebKit/537.36 (KHTML, like Gecko) Chrome/133.0.6943.53 Mobile Safari/537.36 (compatible; GoogleOther)" www.cansahcab.gob.mx 192.185.131.128
66.249.66.33 - - [20/Feb/2025:11:41:22 -0600] "GET /vxrta/n662362.html HTTP/1.1" 200 119945 "-" "Mozilla/5.0 (Linux; Android 6.0.1; Nexus 5X Build/MMB29P) AppleWebKit/537.36 (KHTML, like Gecko) Chrome/133.0.6943.53 Mobile Safari/537.36 (compatible; GoogleOther)" www.cansahcab.gob.mx 192.185.131.128
35.209.251.85 - - [20/Feb/2025:11:41:45 -0600] "GET /ewlpu/e1332659.html HTTP/1.1" 200 16764 "-" "Buck/2.4.2; (+https://app.hypefactors.com/media-monitoring/about.html)" cansahcab.gob.mx 192.185.131.128
66.249.66.33 - - [20/Feb/2025:11:41:57 -0600] "GET /zqjqo/a1487147.html HTTP/1.1" 200 121936 "-" "Mozilla/5.0 (Linux; Android 6.0.1; Nexus 5X Build/MMB29P) AppleWebKit/537.36 (KHTML, like Gecko) Chrome/133.0.6943.53 Mobile Safari/537.36 (compatible; GoogleOther)" www.cansahcab.gob.mx 192.185.131.128
35.209.251.85 - - [20/Feb/2025:11:42:30 -0600] "GET /kegsa/r1333010.html HTTP/1.1" 200 16764 "-" "Buck/2.4.2; (+https://app.hypefactors.com/media-monitoring/about.html)" cansahcab.gob.mx 192.185.131.128
66.249.66.34 - - [20/Feb/2025:11:42:48 -0600] "GET /ruhhs/k823013.html HTTP/1.1" 200 122362 "-" "Mozilla/5.0 (Linux; Android 6.0.1; Nexus 5X Build/MMB29P) AppleWebKit/537.36 (KHTML, like Gecko) Chrome/133.0.6943.53 Mobile Safari/537.36 (compatible; GoogleOther)" www.cansahcab.gob.mx 192.185.131.128
35.209.251.85 - - [20/Feb/2025:11:43:02 -0600] "GET /gnfnp/e1333361.html HTTP/1.1" 200 16764 "-" "Buck/2.4.2; (+https://app.hypefactors.com/media-monitoring/about.html)" cansahcab.gob.mx 192.185.131.128
66.249.66.34 - - [20/Feb/2025:11:43:03 -0600] "GET /nuybu/y1725201.html HTTP/1.1" 200 120250 "-" "Mozilla/5.0 (Linux; Android 6.0.1; Nexus 5X Build/MMB29P) AppleWebKit/537.36 (KHTML, like Gecko) Chrome/133.0.6943.53 Mobile Safari/537.36 (compatible; GoogleOther)" www.cansahcab.gob.mx 192.185.131.128
66.249.66.34 - - [20/Feb/2025:11:43:31 -0600] "GET /pcjfk/v119152.html HTTP/1.1" 200 122204 "-" "Mozilla/5.0 (Linux; Android 6.0.1; Nexus 5X Build/MMB29P) AppleWebKit/537.36 (KHTML, like Gecko) Chrome/133.0.6943.53 Mobile Safari/537.36 (compatible; GoogleOther)" www.cansahcab.gob.mx 192.185.131.128
66.249.66.33 - - [20/Feb/2025:11:43:34 -0600] "GET /egghn/n2413982.html HTTP/1.1" 200 122354 "-" "Mozilla/5.0 (Linux; Android 6.0.1; Nexus 5X Build/MMB29P) AppleWebKit/537.36 (KHTML, like Gecko) Chrome/133.0.6943.53 Mobile Safari/537.36 (compatible; GoogleOther)" www.cansahcab.gob.mx 192.185.131.128
35.209.251.85 - - [20/Feb/2025:11:43:47 -0600] "GET /yygoj/r1333712.html HTTP/1.1" 200 52929 "-" "Buck/2.4.2; (+https://app.hypefactors.com/media-monitoring/about.html)" cansahcab.gob.mx 192.185.131.128
66.249.66.33 - - [20/Feb/2025:11:43:48 -0600] "GET /owqwd/p2326130.html HTTP/1.1" 200 121118 "-" "Mozilla/5.0 (Linux; Android 6.0.1; Nexus 5X Build/MMB29P) AppleWebKit/537.36 (KHTML, like Gecko) Chrome/133.0.6943.53 Mobile Safari/537.36 (compatible; GoogleOther)" www.cansahcab.gob.mx 192.185.131.128
66.249.66.33 - - [20/Feb/2025:11:43:59 -0600] "GET /dsbum/v1273708.html HTTP/1.1" 200 119406 "-" "Mozilla/5.0 (Linux; Android 6.0.1; Nexus 5X Build/MMB29P) AppleWebKit/537.36 (KHTML, like Gecko) Chrome/133.0.6943.53 Mobile Safari/537.36 (compatible; GoogleOther)" www.cansahcab.gob.mx 192.185.131.128
66.249.66.33 - - [20/Feb/2025:11:44:13 -0600] "GET /byjeq/y140995.html HTTP/1.1" 200 122020 "-" "Mozilla/5.0 (Linux; Android 6.0.1; Nexus 5X Build/MMB29P) AppleWebKit/537.36 (KHTML, like Gecko) Chrome/133.0.6943.53 Mobile Safari/537.36 (compatible; GoogleOther)" www.cansahcab.gob.mx 192.185.131.128
66.249.66.33 - - [20/Feb/2025:11:44:21 -0600] "GET /fkjji/i1295821.html HTTP/1.1" 200 120464 "-" "Mozilla/5.0 (Linux; Android 6.0.1; Nexus 5X Build/MMB29P) AppleWebKit/537.36 (KHTML, like Gecko) Chrome/133.0.6943.53 Mobile Safari/537.36 (compatible; GoogleOther)" www.cansahcab.gob.mx 192.185.131.128
35.209.251.85 - - [20/Feb/2025:11:44:31 -0600] "GET /zmbpc/e1334063.html HTTP/1.1" 200 16764 "-" "Buck/2.4.2; (+https://app.hypefactors.com/media-monitoring/about.html)" cansahcab.gob.mx 192.185.131.128
66.249.66.33 - - [20/Feb/2025:11:44:34 -0600] "GET /cqavf/t1767888.html HTTP/1.1" 200 121626 "-" "Mozilla/5.0 (Linux; Android 6.0.1; Nexus 5X Build/MMB29P) AppleWebKit/537.36 (KHTML, like Gecko) Chrome/133.0.6943.53 Mobile Safari/537.36 (compatible; GoogleOther)" www.cansahcab.gob.mx 192.185.131.128
66.249.66.35 - - [20/Feb/2025:11:45:04 -0600] "GET /qkikm/p738986.html HTTP/1.1" 200 120764 "-" "Mozilla/5.0 (Linux; Android 6.0.1; Nexus 5X Build/MMB29P) AppleWebKit/537.36 (KHTML, like Gecko) Chrome/133.0.6943.53 Mobile Safari/537.36 (compatible; GoogleOther)" www.cansahcab.gob.mx 192.185.131.128
35.209.251.85 - - [20/Feb/2025:11:45:13 -0600] "GET /gvyvx/r1334414.html HTTP/1.1" 200 16764 "-" "Buck/2.4.2; (+https://app.hypefactors.com/media-monitoring/about.html)" cansahcab.gob.mx 192.185.131.128
66.249.66.34 - - [20/Feb/2025:11:45:16 -0600] "GET /zeqto/k1100329.html HTTP/1.1" 200 120900 "-" "Mozilla/5.0 (Linux; Android 6.0.1; Nexus 5X Build/MMB29P) AppleWebKit/537.36 (KHTML, like Gecko) Chrome/133.0.6943.53 Mobile Safari/537.36 (compatible; GoogleOther)" www.cansahcab.gob.mx 192.185.131.128
66.249.66.33 - - [20/Feb/2025:11:45:24 -0600] "GET /klvud/a1944071.html HTTP/1.1" 200 119835 "-" "Mozilla/5.0 (Linux; Android 6.0.1; Nexus 5X Build/MMB29P) AppleWebKit/537.36 (KHTML, like Gecko) Chrome/133.0.6943.53 Mobile Safari/537.36 (compatible; GoogleOther)" www.cansahcab.gob.mx 192.185.131.128
66.249.66.33 - - [20/Feb/2025:11:45:37 -0600] "GET /rsxsq/l1671004.html HTTP/1.1" 200 119821 "-" "Mozilla/5.0 (Linux; Android 6.0.1; Nexus 5X Build/MMB29P) AppleWebKit/537.36 (KHTML, like Gecko) Chrome/133.0.6943.53 Mobile Safari/537.36 (compatible; GoogleOther)" www.cansahcab.gob.mx 192.185.131.128
66.249.66.34 - - [20/Feb/2025:11:45:50 -0600] "GET /pufxy/g1713015.html HTTP/1.1" 200 120689 "-" "Mozilla/5.0 (Linux; Android 6.0.1; Nexus 5X Build/MMB29P) AppleWebKit/537.36 (KHTML, like Gecko) Chrome/133.0.6943.53 Mobile Safari/537.36 (compatible; GoogleOther)" www.cansahcab.gob.mx 192.185.131.128
35.209.251.85 - - [20/Feb/2025:11:45:58 -0600] "GET /fresh/e1334765.html HTTP/1.1" 200 52929 "-" "Buck/2.4.2; (+https://app.hypefactors.com/media-monitoring/about.html)" cansahcab.gob.mx 192.185.131.128
66.249.66.35 - - [20/Feb/2025:11:46:02 -0600] "GET /ltstf/c1591513.html HTTP/1.1" 200 120598 "-" "Mozilla/5.0 (Linux; Android 6.0.1; Nexus 5X Build/MMB29P) AppleWebKit/537.36 (KHTML, like Gecko) Chrome/133.0.6943.53 Mobile Safari/537.36 (compatible; GoogleOther)" www.cansahcab.gob.mx 192.185.131.128
66.249.66.33 - - [20/Feb/2025:11:46:17 -0600] "GET /qwihi/w432999.html HTTP/1.1" 200 120708 "-" "Mozilla/5.0 (Linux; Android 6.0.1; Nexus 5X Build/MMB29P) AppleWebKit/537.36 (KHTML, like Gecko) Chrome/133.0.6943.53 Mobile Safari/537.36 (compatible; GoogleOther)" www.cansahcab.gob.mx 192.185.131.128
66.249.66.33 - - [20/Feb/2025:11:46:29 -0600] "GET /mrrlc/a2250923.html HTTP/1.1" 200 120436 "-" "Mozilla/5.0 (Linux; Android 6.0.1; Nexus 5X Build/MMB29P) AppleWebKit/537.36 (KHTML, like Gecko) Chrome/133.0.6943.53 Mobile Safari/537.36 (compatible; GoogleOther)" www.cansahcab.gob.mx 192.185.131.128
66.249.66.33 - - [20/Feb/2025:11:46:41 -0600] "GET /cxzup/a2167281.html HTTP/1.1" 200 120557 "-" "Mozilla/5.0 (Linux; Android 6.0.1; Nexus 5X Build/MMB29P) AppleWebKit/537.36 (KHTML, like Gecko) Chrome/133.0.6943.53 Mobile Safari/537.36 (compatible; GoogleOther)" www.cansahcab.gob.mx 192.185.131.128
35.209.251.85 - - [20/Feb/2025:11:46:41 -0600] "GET /gbzgw/r1335116.html HTTP/1.1" 200 16764 "-" "Buck/2.4.2; (+https://app.hypefactors.com/media-monitoring/about.html)" cansahcab.gob.mx 192.185.131.128
66.249.66.33 - - [20/Feb/2025:11:46:52 -0600] "GET /aompc/h1097154.html HTTP/1.1" 200 119540 "-" "Mozilla/5.0 (Linux; Android 6.0.1; Nexus 5X Build/MMB29P) AppleWebKit/537.36 (KHTML, like Gecko) Chrome/133.0.6943.53 Mobile Safari/537.36 (compatible; GoogleOther)" www.cansahcab.gob.mx 192.185.131.128
66.249.66.35 - - [20/Feb/2025:11:47:22 -0600] "GET /pwfps/f1028278.html HTTP/1.1" 200 120091 "-" "Mozilla/5.0 (Linux; Android 6.0.1; Nexus 5X Build/MMB29P) AppleWebKit/537.36 (KHTML, like Gecko) Chrome/133.0.6943.53 Mobile Safari/537.36 (compatible; GoogleOther)" www.cansahcab.gob.mx 192.185.131.128
35.209.251.85 - - [20/Feb/2025:11:47:24 -0600] "GET /dxlpl/e1335467.html HTTP/1.1" 200 16764 "-" "Buck/2.4.2; (+https://app.hypefactors.com/media-monitoring/about.html)" cansahcab.gob.mx 192.185.131.128
66.249.66.33 - - [20/Feb/2025:11:47:43 -0600] "GET /gzvzi/o808717.html HTTP/1.1" 200 119474 "-" "Mozilla/5.0 (Linux; Android 6.0.1; Nexus 5X Build/MMB29P) AppleWebKit/537.36 (KHTML, like Gecko) Chrome/133.0.6943.53 Mobile Safari/537.36 (compatible; GoogleOther)" www.cansahcab.gob.mx 192.185.131.128
35.209.251.85 - - [20/Feb/2025:11:48:09 -0600] "GET /hzpbi/r1335818.html HTTP/1.1" 200 16764 "-" "Buck/2.4.2; (+https://app.hypefactors.com/media-monitoring/about.html)" cansahcab.gob.mx 192.185.131.128
66.249.66.33 - - [20/Feb/2025:11:48:21 -0600] "GET /frvfa/r2587952.html HTTP/1.1" 200 121474 "-" "Mozilla/5.0 (Linux; Android 6.0.1; Nexus 5X Build/MMB29P) AppleWebKit/537.36 (KHTML, like Gecko) Chrome/133.0.6943.53 Mobile Safari/537.36 (compatible; GoogleOther)" www.cansahcab.gob.mx 192.185.131.128
66.249.66.33 - - [20/Feb/2025:11:48:36 -0600] "GET /ixfwq/s2794757.html HTTP/1.1" 200 123206 "-" "Mozilla/5.0 (Linux; Android 6.0.1; Nexus 5X Build/MMB29P) AppleWebKit/537.36 (KHTML, like Gecko) Chrome/133.0.6943.53 Mobile Safari/537.36 (compatible; GoogleOther)" www.cansahcab.gob.mx 192.185.131.128
35.209.251.85 - - [20/Feb/2025:11:48:46 -0600] "GET /qwjox/e1336169.html HTTP/1.1" 200 16764 "-" "Buck/2.4.2; (+https://app.hypefactors.com/media-monitoring/about.html)" cansahcab.gob.mx 192.185.131.128
66.249.66.33 - - [20/Feb/2025:11:49:00 -0600] "GET /odzla/u1315307.html HTTP/1.1" 200 120618 "-" "Mozilla/5.0 (Linux; Android 6.0.1; Nexus 5X Build/MMB29P) AppleWebKit/537.36 (KHTML, like Gecko) Chrome/133.0.6943.53 Mobile Safari/537.36 (compatible; GoogleOther)" www.cansahcab.gob.mx 192.185.131.128
35.209.251.85 - - [20/Feb/2025:11:49:11 -0600] "GET /jaejw/r1336520.html HTTP/1.1" 200 52929 "-" "Buck/2.4.2; (+https://app.hypefactors.com/media-monitoring/about.html)" cansahcab.gob.mx 192.185.131.128
66.249.66.33 - - [20/Feb/2025:11:49:12 -0600] "GET /hwscn/l153904.html HTTP/1.1" 200 120346 "-" "Mozilla/5.0 (Linux; Android 6.0.1; Nexus 5X Build/MMB29P) AppleWebKit/537.36 (KHTML, like Gecko) Chrome/133.0.6943.53 Mobile Safari/537.36 (compatible; GoogleOther)" www.cansahcab.gob.mx 192.185.131.128
66.249.66.33 - - [20/Feb/2025:11:49:28 -0600] "GET /kgnjb/x419220.html HTTP/1.1" 200 127724 "-" "Mozilla/5.0 (Linux; Android 6.0.1; Nexus 5X Build/MMB29P) AppleWebKit/537.36 (KHTML, like Gecko) Chrome/133.0.6943.53 Mobile Safari/537.36 (compatible; GoogleOther)" www.cansahcab.gob.mx 192.185.131.128
35.209.251.85 - - [20/Feb/2025:11:49:39 -0600] "GET /flhsf/e1336871.html HTTP/1.1" 200 16764 "-" "Buck/2.4.2; (+https://app.hypefactors.com/media-monitoring/about.html)" cansahcab.gob.mx 192.185.131.128
66.249.66.33 - - [20/Feb/2025:11:49:38 -0600] "GET /gyadp/c1371683.html HTTP/1.1" 200 120059 "-" "Mozilla/5.0 (Linux; Android 6.0.1; Nexus 5X Build/MMB29P) AppleWebKit/537.36 (KHTML, like Gecko) Chrome/133.0.6943.53 Mobile Safari/537.36 (compatible; GoogleOther)" www.cansahcab.gob.mx 192.185.131.128
66.249.66.33 - - [20/Feb/2025:11:50:00 -0600] "GET /ckcvu/y2417581.html HTTP/1.1" 200 123423 "-" "Mozilla/5.0 (Linux; Android 6.0.1; Nexus 5X Build/MMB29P) AppleWebKit/537.36 (KHTML, like Gecko) Chrome/133.0.6943.53 Mobile Safari/537.36 (compatible; GoogleOther)" www.cansahcab.gob.mx 192.185.131.128
35.209.251.85 - - [20/Feb/2025:11:50:13 -0600] "GET /nnrww/r1337222.html HTTP/1.1" 200 16764 "-" "Buck/2.4.2; (+https://app.hypefactors.com/media-monitoring/about.html)" cansahcab.gob.mx 192.185.131.128
66.249.66.33 - - [20/Feb/2025:11:50:30 -0600] "GET /ybsln/h286318.html HTTP/1.1" 200 121944 "-" "Mozilla/5.0 (Linux; Android 6.0.1; Nexus 5X Build/MMB29P) AppleWebKit/537.36 (KHTML, like Gecko) Chrome/133.0.6943.53 Mobile Safari/537.36 (compatible; GoogleOther)" www.cansahcab.gob.mx 192.185.131.128
66.249.66.33 - - [20/Feb/2025:11:50:39 -0600] "GET /kkoxu/r1347882.html HTTP/1.1" 200 121818 "-" "Mozilla/5.0 (Linux; Android 6.0.1; Nexus 5X Build/MMB29P) AppleWebKit/537.36 (KHTML, like Gecko) Chrome/133.0.6943.53 Mobile Safari/537.36 (compatible; GoogleOther)" www.cansahcab.gob.mx 192.185.131.128
35.209.251.85 - - [20/Feb/2025:11:50:58 -0600] "GET /hyirm/e1337573.html HTTP/1.1" 200 16764 "-" "Buck/2.4.2; (+https://app.hypefactors.com/media-monitoring/about.html)" cansahcab.gob.mx 192.185.131.128
66.249.66.33 - - [20/Feb/2025:11:51:12 -0600] "GET /mqgjp/o1828229.html HTTP/1.1" 200 122167 "-" "Mozilla/5.0 (Linux; Android 6.0.1; Nexus 5X Build/MMB29P) AppleWebKit/537.36 (KHTML, like Gecko) Chrome/133.0.6943.53 Mobile Safari/537.36 (compatible; GoogleOther)" www.cansahcab.gob.mx 192.185.131.128
35.209.251.85 - - [20/Feb/2025:11:51:39 -0600] "GET /dyupe/r1337924.html HTTP/1.1" 200 16764 "-" "Buck/2.4.2; (+https://app.hypefactors.com/media-monitoring/about.html)" cansahcab.gob.mx 192.185.131.128
