66.249.66.34 - - [20/Feb/2025:07:51:51 -0600] "GET /pvbbn/h255352.html HTTP/1.1" 200 119858 "-" "Mozilla/5.0 (Linux; Android 6.0.1; Nexus 5X Build/MMB29P) AppleWebKit/537.36 (KHTML, like Gecko) Chrome/133.0.6943.53 Mobile Safari/537.36 (compatible; Googlebot/2.1; +http://www.google.com/bot.html)" www.cansahcab.gob.mx 192.185.131.128
66.249.66.35 - - [20/Feb/2025:07:52:11 -0600] "GET /fewpm/j1760156.html HTTP/1.1" 200 119686 "-" "Mozilla/5.0 (Linux; Android 6.0.1; Nexus 5X Build/MMB29P) AppleWebKit/537.36 (KHTML, like Gecko) Chrome/133.0.6943.53 Mobile Safari/537.36 (compatible; Googlebot/2.1; +http://www.google.com/bot.html)" www.cansahcab.gob.mx 192.185.131.128
35.208.80.129 - - [20/Feb/2025:07:52:12 -0600] "GET /ltcah/i1683533.html HTTP/1.1" 200 16764 "-" "Buck/2.4.2; (+https://app.hypefactors.com/media-monitoring/about.html)" cansahcab.gob.mx 192.185.131.128
35.208.80.129 - - [20/Feb/2025:07:52:36 -0600] "GET /luhdv/v1683884.html HTTP/1.1" 200 16764 "-" "Buck/2.4.2; (+https://app.hypefactors.com/media-monitoring/about.html)" cansahcab.gob.mx 192.185.131.128
35.208.80.129 - - [20/Feb/2025:07:53:02 -0600] "GET /ovehq/i1684235.html HTTP/1.1" 200 16764 "-" "Buck/2.4.2; (+https://app.hypefactors.com/media-monitoring/about.html)" cansahcab.gob.mx 192.185.131.128
66.249.66.34 - - [20/Feb/2025:07:53:09 -0600] "GET /ysedg/j599152.html HTTP/1.1" 200 119848 "-" "Mozilla/5.0 (Linux; Android 6.0.1; Nexus 5X Build/MMB29P) AppleWebKit/537.36 (KHTML, like Gecko) Chrome/133.0.6943.53 Mobile Safari/537.36 (compatible; Googlebot/2.1; +http://www.google.com/bot.html)" www.cansahcab.gob.mx 192.185.131.128
35.208.80.129 - - [20/Feb/2025:07:53:44 -0600] "GET /wcxih/v1684586.html HTTP/1.1" 200 16764 "-" "Buck/2.4.2; (+https://app.hypefactors.com/media-monitoring/about.html)" cansahcab.gob.mx 192.185.131.128
35.208.80.129 - - [20/Feb/2025:07:54:09 -0600] "GET /ioued/i1684937.html HTTP/1.1" 200 16764 "-" "Buck/2.4.2; (+https://app.hypefactors.com/media-monitoring/about.html)" cansahcab.gob.mx 192.185.131.128
35.208.80.129 - - [20/Feb/2025:07:54:38 -0600] "GET /hbdbx/v1685288.html HTTP/1.1" 200 16764 "-" "Buck/2.4.2; (+https://app.hypefactors.com/media-monitoring/about.html)" cansahcab.gob.mx 192.185.131.128
66.249.66.35 - - [20/Feb/2025:07:55:02 -0600] "GET /mjrsw/s2745097.html HTTP/1.1" 200 122827 "-" "Mozilla/5.0 (Linux; Android 6.0.1; Nexus 5X Build/MMB29P) AppleWebKit/537.36 (KHTML, like Gecko) Chrome/133.0.6943.53 Mobile Safari/537.36 (compatible; Googlebot/2.1; +http://www.google.com/bot.html)" www.cansahcab.gob.mx 192.185.131.128
66.249.66.34 - - [20/Feb/2025:07:55:04 -0600] "GET /vemzh/u224269.html HTTP/1.1" 200 121370 "-" "Mozilla/5.0 (Linux; Android 6.0.1; Nexus 5X Build/MMB29P) AppleWebKit/537.36 (KHTML, like Gecko) Chrome/133.0.6943.53 Mobile Safari/537.36 (compatible; Googlebot/2.1; +http://www.google.com/bot.html)" www.cansahcab.gob.mx 192.185.131.128
66.249.66.33 - - [20/Feb/2025:07:55:16 -0600] "GET /sqipi/s269377.html HTTP/1.1" 200 119619 "-" "Mozilla/5.0 (Linux; Android 6.0.1; Nexus 5X Build/MMB29P) AppleWebKit/537.36 (KHTML, like Gecko) Chrome/133.0.6943.53 Mobile Safari/537.36 (compatible; Googlebot/2.1; +http://www.google.com/bot.html)" www.cansahcab.gob.mx 192.185.131.128
35.208.80.129 - - [20/Feb/2025:07:55:18 -0600] "GET /oisui/i1685639.html HTTP/1.1" 200 16764 "-" "Buck/2.4.2; (+https://app.hypefactors.com/media-monitoring/about.html)" cansahcab.gob.mx 192.185.131.128
66.249.66.35 - - [20/Feb/2025:07:56:15 -0600] "GET /qwilu/h1693152.html HTTP/1.1" 200 122036 "-" "Mozilla/5.0 (Linux; Android 6.0.1; Nexus 5X Build/MMB29P) AppleWebKit/537.36 (KHTML, like Gecko) Chrome/133.0.6943.53 Mobile Safari/537.36 (compatible; Googlebot/2.1; +http://www.google.com/bot.html)" www.cansahcab.gob.mx 192.185.131.128
66.249.66.34 - - [20/Feb/2025:07:56:28 -0600] "GET /ztyef/q747541.html HTTP/1.1" 200 120856 "-" "Mozilla/5.0 (Linux; Android 6.0.1; Nexus 5X Build/MMB29P) AppleWebKit/537.36 (KHTML, like Gecko) Chrome/133.0.6943.53 Mobile Safari/537.36 (compatible; Googlebot/2.1; +http://www.google.com/bot.html)" www.cansahcab.gob.mx 192.185.131.128
66.249.66.33 - - [20/Feb/2025:07:56:33 -0600] "GET /nkjyq/u1112455.html HTTP/1.1" 200 120040 "-" "Mozilla/5.0 (Linux; Android 6.0.1; Nexus 5X Build/MMB29P) AppleWebKit/537.36 (KHTML, like Gecko) Chrome/133.0.6943.53 Mobile Safari/537.36 (compatible; Googlebot/2.1; +http://www.google.com/bot.html)" www.cansahcab.gob.mx 192.185.131.128
66.249.66.33 - - [20/Feb/2025:07:57:37 -0600] "GET /kgzrv/y2203003.html HTTP/1.1" 200 120543 "-" "Mozilla/5.0 (Linux; Android 6.0.1; Nexus 5X Build/MMB29P) AppleWebKit/537.36 (KHTML, like Gecko) Chrome/133.0.6943.53 Mobile Safari/537.36 (compatible; Googlebot/2.1; +http://www.google.com/bot.html)" www.cansahcab.gob.mx 192.185.131.128
66.249.66.34 - - [20/Feb/2025:07:59:31 -0600] "GET /cnfwp/b822666.html HTTP/1.1" 200 119447 "-" "Mozilla/5.0 (Linux; Android 6.0.1; Nexus 5X Build/MMB29P) AppleWebKit/537.36 (KHTML, like Gecko) Chrome/133.0.6943.53 Mobile Safari/537.36 (compatible; Googlebot/2.1; +http://www.google.com/bot.html)" www.cansahcab.gob.mx 192.185.131.128
66.249.66.35 - - [20/Feb/2025:08:00:11 -0600] "GET /cluyb/p384476.html HTTP/1.1" 200 122108 "-" "Mozilla/5.0 (Linux; Android 6.0.1; Nexus 5X Build/MMB29P) AppleWebKit/537.36 (KHTML, like Gecko) Chrome/133.0.6943.53 Mobile Safari/537.36 (compatible; Googlebot/2.1; +http://www.google.com/bot.html)" www.cansahcab.gob.mx 192.185.131.128
66.249.66.35 - - [20/Feb/2025:08:01:09 -0600] "GET /bncfd/w1121245.html HTTP/1.1" 200 119440 "-" "Mozilla/5.0 (Linux; Android 6.0.1; Nexus 5X Build/MMB29P) AppleWebKit/537.36 (KHTML, like Gecko) Chrome/133.0.6943.53 Mobile Safari/537.36 (compatible; Googlebot/2.1; +http://www.google.com/bot.html)" www.cansahcab.gob.mx 192.185.131.128
66.249.66.34 - - [20/Feb/2025:08:01:20 -0600] "GET /rwwja/e2660427.html HTTP/1.1" 200 119751 "-" "Mozilla/5.0 (Linux; Android 6.0.1; Nexus 5X Build/MMB29P) AppleWebKit/537.36 (KHTML, like Gecko) Chrome/133.0.6943.53 Mobile Safari/537.36 (compatible; Googlebot/2.1; +http://www.google.com/bot.html)" www.cansahcab.gob.mx 192.185.131.128
66.249.66.33 - - [20/Feb/2025:08:01:53 -0600] "GET /mzyic/v1410624.html HTTP/1.1" 200 123457 "-" "Mozilla/5.0 (Linux; Android 6.0.1; Nexus 5X Build/MMB29P) AppleWebKit/537.36 (KHTML, like Gecko) Chrome/133.0.6943.53 Mobile Safari/537.36 (compatible; Googlebot/2.1; +http://www.google.com/bot.html)" www.cansahcab.gob.mx 192.185.131.128
66.249.66.33 - - [20/Feb/2025:08:01:58 -0600] "GET /xbsmp/t1573122.html HTTP/1.1" 200 119271 "-" "Mozilla/5.0 (Linux; Android 6.0.1; Nexus 5X Build/MMB29P) AppleWebKit/537.36 (KHTML, like Gecko) Chrome/133.0.6943.53 Mobile Safari/537.36 (compatible; Googlebot/2.1; +http://www.google.com/bot.html)" www.cansahcab.gob.mx 192.185.131.128
66.249.66.33 - - [20/Feb/2025:08:02:18 -0600] "GET /aywov/m110823.html HTTP/1.1" 200 124333 "-" "Mozilla/5.0 (Linux; Android 6.0.1; Nexus 5X Build/MMB29P) AppleWebKit/537.36 (KHTML, like Gecko) Chrome/133.0.6943.53 Mobile Safari/537.36 (compatible; Googlebot/2.1; +http://www.google.com/bot.html)" www.cansahcab.gob.mx 192.185.131.128
66.249.66.33 - - [20/Feb/2025:08:02:31 -0600] "GET /pcxjw/n1709174.html HTTP/1.1" 200 121293 "-" "Mozilla/5.0 (Linux; Android 6.0.1; Nexus 5X Build/MMB29P) AppleWebKit/537.36 (KHTML, like Gecko) Chrome/133.0.6943.53 Mobile Safari/537.36 (compatible; Googlebot/2.1; +http://www.google.com/bot.html)" www.cansahcab.gob.mx 192.185.131.128
66.249.66.33 - - [20/Feb/2025:08:03:05 -0600] "GET /nbucx/b1574768.html HTTP/1.1" 200 122221 "-" "Mozilla/5.0 (Linux; Android 6.0.1; Nexus 5X Build/MMB29P) AppleWebKit/537.36 (KHTML, like Gecko) Chrome/133.0.6943.53 Mobile Safari/537.36 (compatible; Googlebot/2.1; +http://www.google.com/bot.html)" www.cansahcab.gob.mx 192.185.131.128
66.249.66.34 - - [20/Feb/2025:08:04:45 -0600] "GET /jfthz/s2662885.html HTTP/1.1" 200 119747 "-" "Mozilla/5.0 (Linux; Android 6.0.1; Nexus 5X Build/MMB29P) AppleWebKit/537.36 (KHTML, like Gecko) Chrome/133.0.6943.53 Mobile Safari/537.36 (compatible; Googlebot/2.1; +http://www.google.com/bot.html)" www.cansahcab.gob.mx 192.185.131.128
213.180.203.196 - - [20/Feb/2025:08:05:20 -0600] "GET /robots.txt HTTP/1.1" 200 1070 "-" "Mozilla/5.0 (compatible; YandexBot/3.0; +http://yandex.com/bots)" cansahcab.gob.mx 192.185.131.128
213.180.203.141 - - [20/Feb/2025:08:05:20 -0600] "GET /files/2021/titulov/4/D.1.11.pdf HTTP/1.1" 200 329522 "-" "Mozilla/5.0 (compatible; YandexBot/3.0; +http://yandex.com/bots)" cansahcab.gob.mx 192.185.131.128
66.249.66.34 - - [20/Feb/2025:08:05:23 -0600] "GET /jvvwj/h1254480.html HTTP/1.1" 200 125975 "-" "Mozilla/5.0 (Linux; Android 6.0.1; Nexus 5X Build/MMB29P) AppleWebKit/537.36 (KHTML, like Gecko) Chrome/133.0.6943.53 Mobile Safari/537.36 (compatible; Googlebot/2.1; +http://www.google.com/bot.html)" www.cansahcab.gob.mx 192.185.131.128
66.249.66.34 - - [20/Feb/2025:08:05:34 -0600] "GET /cukin/m1986645.html HTTP/1.1" 200 120067 "-" "Mozilla/5.0 (Linux; Android 6.0.1; Nexus 5X Build/MMB29P) AppleWebKit/537.36 (KHTML, like Gecko) Chrome/133.0.6943.53 Mobile Safari/537.36 (compatible; Googlebot/2.1; +http://www.google.com/bot.html)" www.cansahcab.gob.mx 192.185.131.128
66.249.66.35 - - [20/Feb/2025:08:06:05 -0600] "GET /mxdhe/a889693.html HTTP/1.1" 200 123410 "-" "Mozilla/5.0 (Linux; Android 6.0.1; Nexus 5X Build/MMB29P) AppleWebKit/537.36 (KHTML, like Gecko) Chrome/133.0.6943.53 Mobile Safari/537.36 (compatible; Googlebot/2.1; +http://www.google.com/bot.html)" www.cansahcab.gob.mx 192.185.131.128
66.249.66.34 - - [20/Feb/2025:08:06:33 -0600] "GET /ehvgt/l874702.html HTTP/1.1" 200 119403 "-" "Mozilla/5.0 (Linux; Android 6.0.1; Nexus 5X Build/MMB29P) AppleWebKit/537.36 (KHTML, like Gecko) Chrome/133.0.6943.53 Mobile Safari/537.36 (compatible; Googlebot/2.1; +http://www.google.com/bot.html)" www.cansahcab.gob.mx 192.185.131.128
66.249.66.35 - - [20/Feb/2025:08:07:07 -0600] "GET /dhgmd/a1564861.html HTTP/1.1" 200 120813 "-" "Mozilla/5.0 (Linux; Android 6.0.1; Nexus 5X Build/MMB29P) AppleWebKit/537.36 (KHTML, like Gecko) Chrome/133.0.6943.53 Mobile Safari/537.36 (compatible; Googlebot/2.1; +http://www.google.com/bot.html)" www.cansahcab.gob.mx 192.185.131.128
66.249.66.35 - - [20/Feb/2025:08:08:02 -0600] "GET /erqdp/s2628045.html HTTP/1.1" 200 122246 "-" "Mozilla/5.0 (Linux; Android 6.0.1; Nexus 5X Build/MMB29P) AppleWebKit/537.36 (KHTML, like Gecko) Chrome/133.0.6943.53 Mobile Safari/537.36 (compatible; Googlebot/2.1; +http://www.google.com/bot.html)" www.cansahcab.gob.mx 192.185.131.128
66.249.66.34 - - [20/Feb/2025:08:08:17 -0600] "GET /dcppx/z1062046.html HTTP/1.1" 200 121594 "-" "Mozilla/5.0 (Linux; Android 6.0.1; Nexus 5X Build/MMB29P) AppleWebKit/537.36 (KHTML, like Gecko) Chrome/133.0.6943.53 Mobile Safari/537.36 (compatible; Googlebot/2.1; +http://www.google.com/bot.html)" www.cansahcab.gob.mx 192.185.131.128
66.249.66.35 - - [20/Feb/2025:08:09:40 -0600] "GET /hmjxh/k917315.html HTTP/1.1" 200 119945 "-" "Mozilla/5.0 (Linux; Android 6.0.1; Nexus 5X Build/MMB29P) AppleWebKit/537.36 (KHTML, like Gecko) Chrome/133.0.6943.53 Mobile Safari/537.36 (compatible; Googlebot/2.1; +http://www.google.com/bot.html)" www.cansahcab.gob.mx 192.185.131.128
66.249.66.35 - - [20/Feb/2025:08:09:41 -0600] "GET /vvwyy/b238472.html HTTP/1.1" 200 119845 "-" "Mozilla/5.0 (Linux; Android 6.0.1; Nexus 5X Build/MMB29P) AppleWebKit/537.36 (KHTML, like Gecko) Chrome/133.0.6943.53 Mobile Safari/537.36 (compatible; Googlebot/2.1; +http://www.google.com/bot.html)" www.cansahcab.gob.mx 192.185.131.128
66.249.66.33 - - [20/Feb/2025:08:10:12 -0600] "GET /sgkht/y1924179.html HTTP/1.1" 200 122114 "-" "Mozilla/5.0 (Linux; Android 6.0.1; Nexus 5X Build/MMB29P) AppleWebKit/537.36 (KHTML, like Gecko) Chrome/133.0.6943.53 Mobile Safari/537.36 (compatible; Googlebot/2.1; +http://www.google.com/bot.html)" www.cansahcab.gob.mx 192.185.131.128
51.255.76.235 - - [20/Feb/2025:08:10:53 -0600] "GET /wp-content/updraft/plugins-old/wp-file-upload/css/wordpress_file_upload_style.css HTTP/2.0" 200 52929 "-" "Mozilla/5.0 (Windows NT 10.0; Win64; x64) AppleWebKit/537.36 (KHTML, like Gecko) Chrome/127.0.0.0 Safari/537.36" www.cansahcab.gob.mx 192.185.131.128
66.249.66.34 - - [20/Feb/2025:08:11:54 -0600] "GET /tqiwn/q1130209.html HTTP/1.1" 200 119720 "-" "Mozilla/5.0 (Linux; Android 6.0.1; Nexus 5X Build/MMB29P) AppleWebKit/537.36 (KHTML, like Gecko) Chrome/133.0.6943.53 Mobile Safari/537.36 (compatible; Googlebot/2.1; +http://www.google.com/bot.html)" www.cansahcab.gob.mx 192.185.131.128
66.249.66.33 - - [20/Feb/2025:08:12:16 -0600] "GET /veinf/u1858681.html HTTP/1.1" 200 120380 "-" "Mozilla/5.0 (Linux; Android 6.0.1; Nexus 5X Build/MMB29P) AppleWebKit/537.36 (KHTML, like Gecko) Chrome/133.0.6943.53 Mobile Safari/537.36 (compatible; Googlebot/2.1; +http://www.google.com/bot.html)" www.cansahcab.gob.mx 192.185.131.128
66.249.66.33 - - [20/Feb/2025:08:12:43 -0600] "GET /dzifp/r333310.html HTTP/1.1" 200 121680 "-" "Mozilla/5.0 (Linux; Android 6.0.1; Nexus 5X Build/MMB29P) AppleWebKit/537.36 (KHTML, like Gecko) Chrome/133.0.6943.53 Mobile Safari/537.36 (compatible; Googlebot/2.1; +http://www.google.com/bot.html)" www.cansahcab.gob.mx 192.185.131.128
66.249.66.34 - - [20/Feb/2025:08:13:25 -0600] "GET /lxrzb/i993337.html HTTP/1.1" 200 119546 "-" "Mozilla/5.0 (Linux; Android 6.0.1; Nexus 5X Build/MMB29P) AppleWebKit/537.36 (KHTML, like Gecko) Chrome/133.0.6943.53 Mobile Safari/537.36 (compatible; Googlebot/2.1; +http://www.google.com/bot.html)" www.cansahcab.gob.mx 192.185.131.128
66.249.66.35 - - [20/Feb/2025:08:16:57 -0600] "GET /jefqu/f1596378.html HTTP/1.1" 200 120636 "-" "Mozilla/5.0 (Linux; Android 6.0.1; Nexus 5X Build/MMB29P) AppleWebKit/537.36 (KHTML, like Gecko) Chrome/133.0.6943.53 Mobile Safari/537.36 (compatible; Googlebot/2.1; +http://www.google.com/bot.html)" www.cansahcab.gob.mx 192.185.131.128
66.249.66.35 - - [20/Feb/2025:08:17:42 -0600] "GET /vumqk/d1273638.html HTTP/1.1" 200 121510 "-" "Mozilla/5.0 (Linux; Android 6.0.1; Nexus 5X Build/MMB29P) AppleWebKit/537.36 (KHTML, like Gecko) Chrome/133.0.6943.53 Mobile Safari/537.36 (compatible; Googlebot/2.1; +http://www.google.com/bot.html)" www.cansahcab.gob.mx 192.185.131.128
66.249.66.33 - - [20/Feb/2025:08:18:26 -0600] "GET /oyxfs/z184858.html HTTP/1.1" 200 120733 "-" "Mozilla/5.0 (Linux; Android 6.0.1; Nexus 5X Build/MMB29P) AppleWebKit/537.36 (KHTML, like Gecko) Chrome/133.0.6943.53 Mobile Safari/537.36 (compatible; Googlebot/2.1; +http://www.google.com/bot.html)" www.cansahcab.gob.mx 192.185.131.128
66.249.66.33 - - [20/Feb/2025:08:19:10 -0600] "GET /bexva/l1105244.html HTTP/1.1" 200 122758 "-" "Mozilla/5.0 (Linux; Android 6.0.1; Nexus 5X Build/MMB29P) AppleWebKit/537.36 (KHTML, like Gecko) Chrome/133.0.6943.53 Mobile Safari/537.36 (compatible; Googlebot/2.1; +http://www.google.com/bot.html)" www.cansahcab.gob.mx 192.185.131.128
66.249.66.34 - - [20/Feb/2025:08:19:35 -0600] "GET /axtlv/f1194210.html HTTP/1.1" 200 119764 "-" "Mozilla/5.0 (Linux; Android 6.0.1; Nexus 5X Build/MMB29P) AppleWebKit/537.36 (KHTML, like Gecko) Chrome/133.0.6943.53 Mobile Safari/537.36 (compatible; Googlebot/2.1; +http://www.google.com/bot.html)" www.cansahcab.gob.mx 192.185.131.128
66.249.66.34 - - [20/Feb/2025:08:20:23 -0600] "GET /hhynm/n1690220.html HTTP/1.1" 200 119909 "-" "Mozilla/5.0 (Linux; Android 6.0.1; Nexus 5X Build/MMB29P) AppleWebKit/537.36 (KHTML, like Gecko) Chrome/133.0.6943.53 Mobile Safari/537.36 (compatible; Googlebot/2.1; +http://www.google.com/bot.html)" www.cansahcab.gob.mx 192.185.131.128
66.249.66.33 - - [20/Feb/2025:08:21:08 -0600] "GET /hwoyf/g2117289.html HTTP/1.1" 200 120952 "-" "Mozilla/5.0 (Linux; Android 6.0.1; Nexus 5X Build/MMB29P) AppleWebKit/537.36 (KHTML, like Gecko) Chrome/133.0.6943.53 Mobile Safari/537.36 (compatible; Googlebot/2.1; +http://www.google.com/bot.html)" www.cansahcab.gob.mx 192.185.131.128
66.249.66.33 - - [20/Feb/2025:08:21:19 -0600] "GET /eoczr/d2892970.html HTTP/1.1" 200 120425 "-" "Mozilla/5.0 (Linux; Android 6.0.1; Nexus 5X Build/MMB29P) AppleWebKit/537.36 (KHTML, like Gecko) Chrome/133.0.6943.53 Mobile Safari/537.36 (compatible; Googlebot/2.1; +http://www.google.com/bot.html)" www.cansahcab.gob.mx 192.185.131.128
66.249.66.35 - - [20/Feb/2025:08:22:42 -0600] "GET /qfksh/y1565665.html HTTP/1.1" 200 119746 "-" "Mozilla/5.0 (Linux; Android 6.0.1; Nexus 5X Build/MMB29P) AppleWebKit/537.36 (KHTML, like Gecko) Chrome/133.0.6943.126 Mobile Safari/537.36 (compatible; Googlebot/2.1; +http://www.google.com/bot.html)" www.cansahcab.gob.mx 192.185.131.128
66.249.66.34 - - [20/Feb/2025:08:22:55 -0600] "GET /utils/p1877500.html HTTP/1.1" 200 119872 "-" "Mozilla/5.0 (Linux; Android 6.0.1; Nexus 5X Build/MMB29P) AppleWebKit/537.36 (KHTML, like Gecko) Chrome/133.0.6943.53 Mobile Safari/537.36 (compatible; Googlebot/2.1; +http://www.google.com/bot.html)" www.cansahcab.gob.mx 192.185.131.128
66.249.66.33 - - [20/Feb/2025:08:22:57 -0600] "GET /iemwy/w2602335.html HTTP/1.1" 200 121389 "-" "Mozilla/5.0 (Linux; Android 6.0.1; Nexus 5X Build/MMB29P) AppleWebKit/537.36 (KHTML, like Gecko) Chrome/133.0.6943.53 Mobile Safari/537.36 (compatible; Googlebot/2.1; +http://www.google.com/bot.html)" www.cansahcab.gob.mx 192.185.131.128
66.249.66.35 - - [20/Feb/2025:08:23:00 -0600] "GET /sfeay/g1253205.html HTTP/1.1" 200 121745 "-" "Mozilla/5.0 (Linux; Android 6.0.1; Nexus 5X Build/MMB29P) AppleWebKit/537.36 (KHTML, like Gecko) Chrome/133.0.6943.53 Mobile Safari/537.36 (compatible; Googlebot/2.1; +http://www.google.com/bot.html)" www.cansahcab.gob.mx 192.185.131.128
66.249.66.34 - - [20/Feb/2025:08:23:25 -0600] "GET /pvubl/y1652037.html HTTP/1.1" 200 121818 "-" "Mozilla/5.0 (Linux; Android 6.0.1; Nexus 5X Build/MMB29P) AppleWebKit/537.36 (KHTML, like Gecko) Chrome/133.0.6943.53 Mobile Safari/537.36 (compatible; Googlebot/2.1; +http://www.google.com/bot.html)" www.cansahcab.gob.mx 192.185.131.128
66.249.66.34 - - [20/Feb/2025:08:24:09 -0600] "GET /xcmdp/z1726944.html HTTP/1.1" 200 119559 "-" "Mozilla/5.0 (Linux; Android 6.0.1; Nexus 5X Build/MMB29P) AppleWebKit/537.36 (KHTML, like Gecko) Chrome/133.0.6943.53 Mobile Safari/537.36 (compatible; Googlebot/2.1; +http://www.google.com/bot.html)" www.cansahcab.gob.mx 192.185.131.128
51.255.76.235 - - [20/Feb/2025:08:25:36 -0600] "GET /wp-content/updraft/plugins-old/wp-file-upload/css/wordpress_file_upload_style.css HTTP/2.0" 401 35 "-" "Mozilla/5.0 (Windows NT 10.0; Win64; x64) AppleWebKit/537.36 (KHTML, like Gecko) Chrome/127.0.0.0 Safari/537.36" webdisk.cansahcab.gob.mx 192.185.131.128
66.249.66.34 - - [20/Feb/2025:08:27:31 -0600] "GET /tklci/h1941088.html HTTP/1.1" 200 119721 "-" "Mozilla/5.0 (Linux; Android 6.0.1; Nexus 5X Build/MMB29P) AppleWebKit/537.36 (KHTML, like Gecko) Chrome/133.0.6943.53 Mobile Safari/537.36 (compatible; Googlebot/2.1; +http://www.google.com/bot.html)" www.cansahcab.gob.mx 192.185.131.128
66.249.66.35 - - [20/Feb/2025:08:28:40 -0600] "GET /fvcyb/d2671242.html HTTP/1.1" 200 121284 "-" "Mozilla/5.0 (Linux; Android 6.0.1; Nexus 5X Build/MMB29P) AppleWebKit/537.36 (KHTML, like Gecko) Chrome/133.0.6943.53 Mobile Safari/537.36 (compatible; Googlebot/2.1; +http://www.google.com/bot.html)" www.cansahcab.gob.mx 192.185.131.128
66.249.66.34 - - [20/Feb/2025:08:28:41 -0600] "GET /gdxpu/x2512532.html HTTP/1.1" 200 120847 "-" "Mozilla/5.0 (Linux; Android 6.0.1; Nexus 5X Build/MMB29P) AppleWebKit/537.36 (KHTML, like Gecko) Chrome/133.0.6943.53 Mobile Safari/537.36 (compatible; Googlebot/2.1; +http://www.google.com/bot.html)" www.cansahcab.gob.mx 192.185.131.128
66.249.66.34 - - [20/Feb/2025:08:28:48 -0600] "GET /lqwhd/o1231035.html HTTP/1.1" 200 119739 "-" "Mozilla/5.0 (Linux; Android 6.0.1; Nexus 5X Build/MMB29P) AppleWebKit/537.36 (KHTML, like Gecko) Chrome/133.0.6943.53 Mobile Safari/537.36 (compatible; Googlebot/2.1; +http://www.google.com/bot.html)" www.cansahcab.gob.mx 192.185.131.128
66.249.66.33 - - [20/Feb/2025:08:28:48 -0600] "GET /yyepn/o2893943.html HTTP/1.1" 200 121196 "-" "Mozilla/5.0 (Linux; Android 6.0.1; Nexus 5X Build/MMB29P) AppleWebKit/537.36 (KHTML, like Gecko) Chrome/133.0.6943.53 Mobile Safari/537.36 (compatible; Googlebot/2.1; +http://www.google.com/bot.html)" www.cansahcab.gob.mx 192.185.131.128
66.249.66.33 - - [20/Feb/2025:08:30:04 -0600] "GET /ytaim/a2278587.html HTTP/1.1" 200 121313 "-" "Mozilla/5.0 (Linux; Android 6.0.1; Nexus 5X Build/MMB29P) AppleWebKit/537.36 (KHTML, like Gecko) Chrome/133.0.6943.53 Mobile Safari/537.36 (compatible; Googlebot/2.1; +http://www.google.com/bot.html)" www.cansahcab.gob.mx 192.185.131.128
66.249.66.35 - - [20/Feb/2025:08:31:25 -0600] "GET /woloa/i1023679.html HTTP/1.1" 200 119614 "-" "Mozilla/5.0 (Linux; Android 6.0.1; Nexus 5X Build/MMB29P) AppleWebKit/537.36 (KHTML, like Gecko) Chrome/133.0.6943.53 Mobile Safari/537.36 (compatible; Googlebot/2.1; +http://www.google.com/bot.html)" www.cansahcab.gob.mx 192.185.131.128
66.249.66.34 - - [20/Feb/2025:08:31:59 -0600] "GET /iggwn/n294540.html HTTP/1.1" 200 121895 "-" "Mozilla/5.0 (Linux; Android 6.0.1; Nexus 5X Build/MMB29P) AppleWebKit/537.36 (KHTML, like Gecko) Chrome/133.0.6943.53 Mobile Safari/537.36 (compatible; Googlebot/2.1; +http://www.google.com/bot.html)" www.cansahcab.gob.mx 192.185.131.128
66.249.66.35 - - [20/Feb/2025:08:32:16 -0600] "GET /tlglu/w1200857.html HTTP/1.1" 200 120026 "-" "Mozilla/5.0 (Linux; Android 6.0.1; Nexus 5X Build/MMB29P) AppleWebKit/537.36 (KHTML, like Gecko) Chrome/133.0.6943.53 Mobile Safari/537.36 (compatible; Googlebot/2.1; +http://www.google.com/bot.html)" www.cansahcab.gob.mx 192.185.131.128
66.249.66.34 - - [20/Feb/2025:08:32:57 -0600] "GET /oaxda/f340448.html HTTP/1.1" 200 130768 "-" "Mozilla/5.0 (Linux; Android 6.0.1; Nexus 5X Build/MMB29P) AppleWebKit/537.36 (KHTML, like Gecko) Chrome/133.0.6943.53 Mobile Safari/537.36 (compatible; Googlebot/2.1; +http://www.google.com/bot.html)" www.cansahcab.gob.mx 192.185.131.128
66.249.66.33 - - [20/Feb/2025:08:33:03 -0600] "GET /vublw/b1924286.html HTTP/1.1" 200 120278 "-" "Mozilla/5.0 (Linux; Android 6.0.1; Nexus 5X Build/MMB29P) AppleWebKit/537.36 (KHTML, like Gecko) Chrome/133.0.6943.53 Mobile Safari/537.36 (compatible; Googlebot/2.1; +http://www.google.com/bot.html)" www.cansahcab.gob.mx 192.185.131.128
66.249.66.35 - - [20/Feb/2025:08:33:04 -0600] "GET /ummzv/h1762156.html HTTP/1.1" 200 120335 "-" "Mozilla/5.0 (Linux; Android 6.0.1; Nexus 5X Build/MMB29P) AppleWebKit/537.36 (KHTML, like Gecko) Chrome/133.0.6943.53 Mobile Safari/537.36 (compatible; Googlebot/2.1; +http://www.google.com/bot.html)" www.cansahcab.gob.mx 192.185.131.128
66.249.66.33 - - [20/Feb/2025:08:33:05 -0600] "GET /rxsdv/e1779053.html HTTP/1.1" 200 121079 "-" "Mozilla/5.0 (Linux; Android 6.0.1; Nexus 5X Build/MMB29P) AppleWebKit/537.36 (KHTML, like Gecko) Chrome/133.0.6943.53 Mobile Safari/537.36 (compatible; Googlebot/2.1; +http://www.google.com/bot.html)" www.cansahcab.gob.mx 192.185.131.128
66.249.66.33 - - [20/Feb/2025:08:40:23 -0600] "GET /swcuq/w983341.html HTTP/1.1" 200 120262 "-" "Mozilla/5.0 (Linux; Android 6.0.1; Nexus 5X Build/MMB29P) AppleWebKit/537.36 (KHTML, like Gecko) Chrome/133.0.6943.53 Mobile Safari/537.36 (compatible; Googlebot/2.1; +http://www.google.com/bot.html)" www.cansahcab.gob.mx 192.185.131.128
66.249.66.35 - - [20/Feb/2025:08:43:00 -0600] "GET /hrxil/a1161003.html HTTP/1.1" 200 120434 "-" "Mozilla/5.0 (Linux; Android 6.0.1; Nexus 5X Build/MMB29P) AppleWebKit/537.36 (KHTML, like Gecko) Chrome/133.0.6943.53 Mobile Safari/537.36 (compatible; Googlebot/2.1; +http://www.google.com/bot.html)" www.cansahcab.gob.mx 192.185.131.128
51.255.76.235 - - [20/Feb/2025:08:45:37 -0600] "GET /wp-includes/sodium_compat/src/Core32/Curve25519/Ge/Core32.php HTTP/2.0" 200 52929 "-" "Mozilla/5.0 (Windows NT 10.0; Win64; x64) AppleWebKit/537.36 (KHTML, like Gecko) Chrome/127.0.0.0 Safari/537.36" cansahcab.gob.mx 192.185.131.128
66.249.66.34 - - [20/Feb/2025:08:46:14 -0600] "GET /izndy/q2147797.html HTTP/1.1" 200 119345 "-" "Mozilla/5.0 (Linux; Android 6.0.1; Nexus 5X Build/MMB29P) AppleWebKit/537.36 (KHTML, like Gecko) Chrome/133.0.6943.53 Mobile Safari/537.36 (compatible; Googlebot/2.1; +http://www.google.com/bot.html)" www.cansahcab.gob.mx 192.185.131.128
66.249.66.83 - - [20/Feb/2025:08:47:08 -0600] "GET /dwuam/p2821404.html HTTP/1.1" 200 119654 "-" "Mozilla/5.0 (Linux; Android 6.0.1; Nexus 5X Build/MMB29P) AppleWebKit/537.36 (KHTML, like Gecko) Chrome/133.0.6943.126 Mobile Safari/537.36 (compatible; Googlebot/2.1; +http://www.google.com/bot.html)" cansahcab.gob.mx 192.185.131.128
51.255.76.235 - - [20/Feb/2025:08:48:18 -0600] "GET /wp-includes/sodium_compat/src/Core32/Curve25519/Ge/Core32.php HTTP/2.0" 200 52929 "-" "Mozilla/5.0 (Windows NT 10.0; Win64; x64) AppleWebKit/537.36 (KHTML, like Gecko) Chrome/127.0.0.0 Safari/537.36" mail.cansahcab.gob.mx 192.185.131.128
66.249.66.34 - - [20/Feb/2025:08:50:42 -0600] "GET /nkokm/r1078860.html HTTP/1.1" 200 120572 "-" "Mozilla/5.0 (Linux; Android 6.0.1; Nexus 5X Build/MMB29P) AppleWebKit/537.36 (KHTML, like Gecko) Chrome/133.0.6943.53 Mobile Safari/537.36 (compatible; Googlebot/2.1; +http://www.google.com/bot.html)" www.cansahcab.gob.mx 192.185.131.128
66.249.66.35 - - [20/Feb/2025:08:51:12 -0600] "GET /gfzhp/z3037292.html HTTP/1.1" 200 119819 "-" "Mozilla/5.0 (Linux; Android 6.0.1; Nexus 5X Build/MMB29P) AppleWebKit/537.36 (KHTML, like Gecko) Chrome/133.0.6943.53 Mobile Safari/537.36 (compatible; Googlebot/2.1; +http://www.google.com/bot.html)" www.cansahcab.gob.mx 192.185.131.128
66.249.66.34 - - [20/Feb/2025:08:51:18 -0600] "GET /bqeze/r1499540.html HTTP/1.1" 200 121612 "-" "Mozilla/5.0 (Linux; Android 6.0.1; Nexus 5X Build/MMB29P) AppleWebKit/537.36 (KHTML, like Gecko) Chrome/133.0.6943.53 Mobile Safari/537.36 (compatible; Googlebot/2.1; +http://www.google.com/bot.html)" www.cansahcab.gob.mx 192.185.131.128
66.249.66.34 - - [20/Feb/2025:08:52:03 -0600] "GET /xadbu/y2985577.html HTTP/1.1" 200 119955 "-" "Mozilla/5.0 (Linux; Android 6.0.1; Nexus 5X Build/MMB29P) AppleWebKit/537.36 (KHTML, like Gecko) Chrome/133.0.6943.53 Mobile Safari/537.36 (compatible; Googlebot/2.1; +http://www.google.com/bot.html)" www.cansahcab.gob.mx 192.185.131.128
66.249.66.33 - - [20/Feb/2025:08:52:24 -0600] "GET /arvoe/l1639076.html HTTP/1.1" 200 121479 "-" "Mozilla/5.0 (Linux; Android 6.0.1; Nexus 5X Build/MMB29P) AppleWebKit/537.36 (KHTML, like Gecko) Chrome/133.0.6943.53 Mobile Safari/537.36 (compatible; Googlebot/2.1; +http://www.google.com/bot.html)" www.cansahcab.gob.mx 192.185.131.128
66.249.66.34 - - [20/Feb/2025:08:53:43 -0600] "GET /apxxb/v2940230.html HTTP/1.1" 200 119841 "-" "Mozilla/5.0 (Linux; Android 6.0.1; Nexus 5X Build/MMB29P) AppleWebKit/537.36 (KHTML, like Gecko) Chrome/133.0.6943.53 Mobile Safari/537.36 (compatible; Googlebot/2.1; +http://www.google.com/bot.html)" www.cansahcab.gob.mx 192.185.131.128
66.249.66.35 - - [20/Feb/2025:08:54:18 -0600] "GET /xvypl/o527735.html HTTP/1.1" 200 121423 "-" "Mozilla/5.0 (Linux; Android 6.0.1; Nexus 5X Build/MMB29P) AppleWebKit/537.36 (KHTML, like Gecko) Chrome/133.0.6943.53 Mobile Safari/537.36 (compatible; Googlebot/2.1; +http://www.google.com/bot.html)" www.cansahcab.gob.mx 192.185.131.128
66.249.66.34 - - [20/Feb/2025:08:54:21 -0600] "GET /agnur/e850177.html HTTP/1.1" 200 121192 "-" "Mozilla/5.0 (Linux; Android 6.0.1; Nexus 5X Build/MMB29P) AppleWebKit/537.36 (KHTML, like Gecko) Chrome/133.0.6943.53 Mobile Safari/537.36 (compatible; Googlebot/2.1; +http://www.google.com/bot.html)" www.cansahcab.gob.mx 192.185.131.128
66.249.66.34 - - [20/Feb/2025:08:54:45 -0600] "GET /gzwil/w1652269.html HTTP/1.1" 200 122324 "-" "Mozilla/5.0 (Linux; Android 6.0.1; Nexus 5X Build/MMB29P) AppleWebKit/537.36 (KHTML, like Gecko) Chrome/133.0.6943.53 Mobile Safari/537.36 (compatible; Googlebot/2.1; +http://www.google.com/bot.html)" www.cansahcab.gob.mx 192.185.131.128
66.249.66.34 - - [20/Feb/2025:08:55:13 -0600] "GET /glewi/r1541036.html HTTP/1.1" 200 120746 "-" "Mozilla/5.0 (Linux; Android 6.0.1; Nexus 5X Build/MMB29P) AppleWebKit/537.36 (KHTML, like Gecko) Chrome/133.0.6943.53 Mobile Safari/537.36 (compatible; Googlebot/2.1; +http://www.google.com/bot.html)" www.cansahcab.gob.mx 192.185.131.128
66.249.66.33 - - [20/Feb/2025:08:55:18 -0600] "GET /phyer/u973927.html HTTP/1.1" 200 120630 "-" "Mozilla/5.0 (Linux; Android 6.0.1; Nexus 5X Build/MMB29P) AppleWebKit/537.36 (KHTML, like Gecko) Chrome/133.0.6943.53 Mobile Safari/537.36 (compatible; Googlebot/2.1; +http://www.google.com/bot.html)" www.cansahcab.gob.mx 192.185.131.128
66.249.66.34 - - [20/Feb/2025:08:55:19 -0600] "GET /aifuy/j1560996.html HTTP/1.1" 200 119699 "-" "Mozilla/5.0 (Linux; Android 6.0.1; Nexus 5X Build/MMB29P) AppleWebKit/537.36 (KHTML, like Gecko) Chrome/133.0.6943.53 Mobile Safari/537.36 (compatible; Googlebot/2.1; +http://www.google.com/bot.html)" www.cansahcab.gob.mx 192.185.131.128
66.249.66.34 - - [20/Feb/2025:08:55:20 -0600] "GET /uehox/g873891.html HTTP/1.1" 200 122180 "-" "Mozilla/5.0 (Linux; Android 6.0.1; Nexus 5X Build/MMB29P) AppleWebKit/537.36 (KHTML, like Gecko) Chrome/133.0.6943.53 Mobile Safari/537.36 (compatible; Googlebot/2.1; +http://www.google.com/bot.html)" www.cansahcab.gob.mx 192.185.131.128
66.249.66.34 - - [20/Feb/2025:08:55:24 -0600] "GET /lfatt/i1339709.html HTTP/1.1" 200 120112 "-" "Mozilla/5.0 (Linux; Android 6.0.1; Nexus 5X Build/MMB29P) AppleWebKit/537.36 (KHTML, like Gecko) Chrome/133.0.6943.53 Mobile Safari/537.36 (compatible; Googlebot/2.1; +http://www.google.com/bot.html)" www.cansahcab.gob.mx 192.185.131.128
66.249.66.35 - - [20/Feb/2025:08:56:06 -0600] "GET /vxecz/y1406155.html HTTP/1.1" 200 119873 "-" "Mozilla/5.0 (Linux; Android 6.0.1; Nexus 5X Build/MMB29P) AppleWebKit/537.36 (KHTML, like Gecko) Chrome/133.0.6943.53 Mobile Safari/537.36 (compatible; Googlebot/2.1; +http://www.google.com/bot.html)" www.cansahcab.gob.mx 192.185.131.128
66.249.66.33 - - [20/Feb/2025:08:56:48 -0600] "GET /qzrgf/l1251468.html HTTP/1.1" 200 124753 "-" "Mozilla/5.0 (Linux; Android 6.0.1; Nexus 5X Build/MMB29P) AppleWebKit/537.36 (KHTML, like Gecko) Chrome/133.0.6943.53 Mobile Safari/537.36 (compatible; Googlebot/2.1; +http://www.google.com/bot.html)" www.cansahcab.gob.mx 192.185.131.128
66.249.66.33 - - [20/Feb/2025:08:58:16 -0600] "GET /fvyfk/e781459.html HTTP/1.1" 200 121345 "-" "Mozilla/5.0 (Linux; Android 6.0.1; Nexus 5X Build/MMB29P) AppleWebKit/537.36 (KHTML, like Gecko) Chrome/133.0.6943.53 Mobile Safari/537.36 (compatible; Googlebot/2.1; +http://www.google.com/bot.html)" www.cansahcab.gob.mx 192.185.131.128
66.249.66.34 - - [20/Feb/2025:08:58:51 -0600] "GET /ihvzz/e2549927.html HTTP/1.1" 200 119750 "-" "Mozilla/5.0 (Linux; Android 6.0.1; Nexus 5X Build/MMB29P) AppleWebKit/537.36 (KHTML, like Gecko) Chrome/133.0.6943.53 Mobile Safari/537.36 (compatible; Googlebot/2.1; +http://www.google.com/bot.html)" www.cansahcab.gob.mx 192.185.131.128
66.249.66.34 - - [20/Feb/2025:08:59:05 -0600] "GET /pwtfe/r450388.html HTTP/1.1" 200 119977 "-" "Mozilla/5.0 (Linux; Android 6.0.1; Nexus 5X Build/MMB29P) AppleWebKit/537.36 (KHTML, like Gecko) Chrome/133.0.6943.53 Mobile Safari/537.36 (compatible; Googlebot/2.1; +http://www.google.com/bot.html)" www.cansahcab.gob.mx 192.185.131.128
66.249.66.34 - - [20/Feb/2025:08:59:17 -0600] "GET /jvcwz/c2544933.html HTTP/1.1" 200 119666 "-" "Mozilla/5.0 (Linux; Android 6.0.1; Nexus 5X Build/MMB29P) AppleWebKit/537.36 (KHTML, like Gecko) Chrome/133.0.6943.53 Mobile Safari/537.36 (compatible; Googlebot/2.1; +http://www.google.com/bot.html)" www.cansahcab.gob.mx 192.185.131.128
66.249.66.35 - - [20/Feb/2025:09:00:00 -0600] "GET /ggqgw/q692993.html HTTP/1.1" 200 120954 "-" "Mozilla/5.0 (Linux; Android 6.0.1; Nexus 5X Build/MMB29P) AppleWebKit/537.36 (KHTML, like Gecko) Chrome/133.0.6943.53 Mobile Safari/537.36 (compatible; Googlebot/2.1; +http://www.google.com/bot.html)" www.cansahcab.gob.mx 192.185.131.128
66.249.66.33 - - [20/Feb/2025:09:00:05 -0600] "GET /fkrbx/h2073662.html HTTP/1.1" 200 120731 "-" "Mozilla/5.0 (Linux; Android 6.0.1; Nexus 5X Build/MMB29P) AppleWebKit/537.36 (KHTML, like Gecko) Chrome/133.0.6943.53 Mobile Safari/537.36 (compatible; Googlebot/2.1; +http://www.google.com/bot.html)" www.cansahcab.gob.mx 192.185.131.128
66.249.66.33 - - [20/Feb/2025:09:00:38 -0600] "GET /oypol/u465471.html HTTP/1.1" 200 121245 "-" "Mozilla/5.0 (Linux; Android 6.0.1; Nexus 5X Build/MMB29P) AppleWebKit/537.36 (KHTML, like Gecko) Chrome/133.0.6943.53 Mobile Safari/537.36 (compatible; Googlebot/2.1; +http://www.google.com/bot.html)" www.cansahcab.gob.mx 192.185.131.128
66.249.66.33 - - [20/Feb/2025:09:01:05 -0600] "GET /hhzzt/h1558108.html HTTP/1.1" 200 119654 "-" "Mozilla/5.0 (Linux; Android 6.0.1; Nexus 5X Build/MMB29P) AppleWebKit/537.36 (KHTML, like Gecko) Chrome/133.0.6943.53 Mobile Safari/537.36 (compatible; Googlebot/2.1; +http://www.google.com/bot.html)" www.cansahcab.gob.mx 192.185.131.128
66.249.66.33 - - [20/Feb/2025:09:01:55 -0600] "GET /mztvi/c1108563.html HTTP/1.1" 200 121342 "-" "Mozilla/5.0 (Linux; Android 6.0.1; Nexus 5X Build/MMB29P) AppleWebKit/537.36 (KHTML, like Gecko) Chrome/133.0.6943.53 Mobile Safari/537.36 (compatible; Googlebot/2.1; +http://www.google.com/bot.html)" www.cansahcab.gob.mx 192.185.131.128
66.249.66.34 - - [20/Feb/2025:09:02:15 -0600] "GET /lacuz/k814953.html HTTP/1.1" 200 119948 "-" "Mozilla/5.0 (Linux; Android 6.0.1; Nexus 5X Build/MMB29P) AppleWebKit/537.36 (KHTML, like Gecko) Chrome/133.0.6943.53 Mobile Safari/537.36 (compatible; Googlebot/2.1; +http://www.google.com/bot.html)" www.cansahcab.gob.mx 192.185.131.128
66.249.66.34 - - [20/Feb/2025:09:02:57 -0600] "GET /txkxp/p914408.html HTTP/1.1" 200 119446 "-" "Mozilla/5.0 (Linux; Android 6.0.1; Nexus 5X Build/MMB29P) AppleWebKit/537.36 (KHTML, like Gecko) Chrome/133.0.6943.53 Mobile Safari/537.36 (compatible; Googlebot/2.1; +http://www.google.com/bot.html)" www.cansahcab.gob.mx 192.185.131.128
66.249.66.35 - - [20/Feb/2025:09:04:16 -0600] "GET /jqszq/z1275350.html HTTP/1.1" 200 124081 "-" "Mozilla/5.0 (Linux; Android 6.0.1; Nexus 5X Build/MMB29P) AppleWebKit/537.36 (KHTML, like Gecko) Chrome/133.0.6943.53 Mobile Safari/537.36 (compatible; Googlebot/2.1; +http://www.google.com/bot.html)" www.cansahcab.gob.mx 192.185.131.128
66.249.66.33 - - [20/Feb/2025:09:05:44 -0600] "GET /dcnmf/u222007.html HTTP/1.1" 200 120377 "-" "Mozilla/5.0 (Linux; Android 6.0.1; Nexus 5X Build/MMB29P) AppleWebKit/537.36 (KHTML, like Gecko) Chrome/133.0.6943.53 Mobile Safari/537.36 (compatible; Googlebot/2.1; +http://www.google.com/bot.html)" www.cansahcab.gob.mx 192.185.131.128
66.249.66.34 - - [20/Feb/2025:09:05:45 -0600] "GET /qiprq/v302686.html HTTP/1.1" 200 123360 "-" "Mozilla/5.0 (Linux; Android 6.0.1; Nexus 5X Build/MMB29P) AppleWebKit/537.36 (KHTML, like Gecko) Chrome/133.0.6943.53 Mobile Safari/537.36 (compatible; Googlebot/2.1; +http://www.google.com/bot.html)" www.cansahcab.gob.mx 192.185.131.128
66.249.66.34 - - [20/Feb/2025:09:05:46 -0600] "GET /razbo/x1793970.html HTTP/1.1" 200 119826 "-" "Mozilla/5.0 (Linux; Android 6.0.1; Nexus 5X Build/MMB29P) AppleWebKit/537.36 (KHTML, like Gecko) Chrome/133.0.6943.53 Mobile Safari/537.36 (compatible; Googlebot/2.1; +http://www.google.com/bot.html)" www.cansahcab.gob.mx 192.185.131.128
66.249.66.34 - - [20/Feb/2025:09:05:46 -0600] "GET /typss/b1451996.html HTTP/1.1" 200 121404 "-" "Mozilla/5.0 (Linux; Android 6.0.1; Nexus 5X Build/MMB29P) AppleWebKit/537.36 (KHTML, like Gecko) Chrome/133.0.6943.53 Mobile Safari/537.36 (compatible; Googlebot/2.1; +http://www.google.com/bot.html)" www.cansahcab.gob.mx 192.185.131.128
66.249.66.34 - - [20/Feb/2025:09:05:47 -0600] "GET /mtqpt/z791776.html HTTP/1.1" 200 120557 "-" "Mozilla/5.0 (Linux; Android 6.0.1; Nexus 5X Build/MMB29P) AppleWebKit/537.36 (KHTML, like Gecko) Chrome/133.0.6943.53 Mobile Safari/537.36 (compatible; Googlebot/2.1; +http://www.google.com/bot.html)" www.cansahcab.gob.mx 192.185.131.128
66.249.66.33 - - [20/Feb/2025:09:05:48 -0600] "GET /nkgsq/d1451790.html HTTP/1.1" 200 123101 "-" "Mozilla/5.0 (Linux; Android 6.0.1; Nexus 5X Build/MMB29P) AppleWebKit/537.36 (KHTML, like Gecko) Chrome/133.0.6943.53 Mobile Safari/537.36 (compatible; Googlebot/2.1; +http://www.google.com/bot.html)" www.cansahcab.gob.mx 192.185.131.128
66.249.66.33 - - [20/Feb/2025:09:05:50 -0600] "GET /xyoyq/i1136207.html HTTP/1.1" 200 119872 "-" "Mozilla/5.0 (Linux; Android 6.0.1; Nexus 5X Build/MMB29P) AppleWebKit/537.36 (KHTML, like Gecko) Chrome/133.0.6943.53 Mobile Safari/537.36 (compatible; Googlebot/2.1; +http://www.google.com/bot.html)" www.cansahcab.gob.mx 192.185.131.128
66.249.66.34 - - [20/Feb/2025:09:05:51 -0600] "GET /tlbhy/u601113.html HTTP/1.1" 200 119858 "-" "Mozilla/5.0 (Linux; Android 6.0.1; Nexus 5X Build/MMB29P) AppleWebKit/537.36 (KHTML, like Gecko) Chrome/133.0.6943.53 Mobile Safari/537.36 (compatible; Googlebot/2.1; +http://www.google.com/bot.html)" www.cansahcab.gob.mx 192.185.131.128
66.249.66.33 - - [20/Feb/2025:09:05:51 -0600] "GET /xlega/w1183879.html HTTP/1.1" 200 120900 "-" "Mozilla/5.0 (Linux; Android 6.0.1; Nexus 5X Build/MMB29P) AppleWebKit/537.36 (KHTML, like Gecko) Chrome/133.0.6943.53 Mobile Safari/537.36 (compatible; Googlebot/2.1; +http://www.google.com/bot.html)" www.cansahcab.gob.mx 192.185.131.128
66.249.66.35 - - [20/Feb/2025:09:05:58 -0600] "GET /xtvgr/g2864113.html HTTP/1.1" 200 121781 "-" "Mozilla/5.0 (Linux; Android 6.0.1; Nexus 5X Build/MMB29P) AppleWebKit/537.36 (KHTML, like Gecko) Chrome/133.0.6943.53 Mobile Safari/537.36 (compatible; Googlebot/2.1; +http://www.google.com/bot.html)" www.cansahcab.gob.mx 192.185.131.128
66.249.66.34 - - [20/Feb/2025:09:05:59 -0600] "GET /wcurv/i570577.html HTTP/1.1" 200 119640 "-" "Mozilla/5.0 (Linux; Android 6.0.1; Nexus 5X Build/MMB29P) AppleWebKit/537.36 (KHTML, like Gecko) Chrome/133.0.6943.53 Mobile Safari/537.36 (compatible; Googlebot/2.1; +http://www.google.com/bot.html)" www.cansahcab.gob.mx 192.185.131.128
66.249.66.33 - - [20/Feb/2025:09:05:59 -0600] "GET /gdvdh/g353865.html HTTP/1.1" 200 120981 "-" "Mozilla/5.0 (Linux; Android 6.0.1; Nexus 5X Build/MMB29P) AppleWebKit/537.36 (KHTML, like Gecko) Chrome/133.0.6943.53 Mobile Safari/537.36 (compatible; Googlebot/2.1; +http://www.google.com/bot.html)" www.cansahcab.gob.mx 192.185.131.128
66.249.66.34 - - [20/Feb/2025:09:06:01 -0600] "GET /dbktp/z2951206.html HTTP/1.1" 200 120916 "-" "Mozilla/5.0 (Linux; Android 6.0.1; Nexus 5X Build/MMB29P) AppleWebKit/537.36 (KHTML, like Gecko) Chrome/133.0.6943.53 Mobile Safari/537.36 (compatible; Googlebot/2.1; +http://www.google.com/bot.html)" www.cansahcab.gob.mx 192.185.131.128
66.249.66.33 - - [20/Feb/2025:09:06:03 -0600] "GET /nhmio/l1686214.html HTTP/1.1" 200 119794 "-" "Mozilla/5.0 (Linux; Android 6.0.1; Nexus 5X Build/MMB29P) AppleWebKit/537.36 (KHTML, like Gecko) Chrome/133.0.6943.53 Mobile Safari/537.36 (compatible; Googlebot/2.1; +http://www.google.com/bot.html)" www.cansahcab.gob.mx 192.185.131.128
66.249.66.33 - - [20/Feb/2025:09:06:13 -0600] "GET /xqvgy/y703245.html HTTP/1.1" 200 121461 "-" "Mozilla/5.0 (Linux; Android 6.0.1; Nexus 5X Build/MMB29P) AppleWebKit/537.36 (KHTML, like Gecko) Chrome/133.0.6943.53 Mobile Safari/537.36 (compatible; Googlebot/2.1; +http://www.google.com/bot.html)" www.cansahcab.gob.mx 192.185.131.128
66.249.66.33 - - [20/Feb/2025:09:06:19 -0600] "GET /zrxqu/o2144077.html HTTP/1.1" 200 122624 "-" "Mozilla/5.0 (Linux; Android 6.0.1; Nexus 5X Build/MMB29P) AppleWebKit/537.36 (KHTML, like Gecko) Chrome/133.0.6943.53 Mobile Safari/537.36 (compatible; Googlebot/2.1; +http://www.google.com/bot.html)" www.cansahcab.gob.mx 192.185.131.128
66.249.66.34 - - [20/Feb/2025:09:06:20 -0600] "GET /sszth/h1064758.html HTTP/1.1" 200 121485 "-" "Mozilla/5.0 (Linux; Android 6.0.1; Nexus 5X Build/MMB29P) AppleWebKit/537.36 (KHTML, like Gecko) Chrome/133.0.6943.53 Mobile Safari/537.36 (compatible; Googlebot/2.1; +http://www.google.com/bot.html)" www.cansahcab.gob.mx 192.185.131.128
66.249.66.34 - - [20/Feb/2025:09:06:26 -0600] "GET /kokbg/s2418693.html HTTP/1.1" 200 120824 "-" "Mozilla/5.0 (Linux; Android 6.0.1; Nexus 5X Build/MMB29P) AppleWebKit/537.36 (KHTML, like Gecko) Chrome/133.0.6943.53 Mobile Safari/537.36 (compatible; Googlebot/2.1; +http://www.google.com/bot.html)" www.cansahcab.gob.mx 192.185.131.128
66.249.66.34 - - [20/Feb/2025:09:06:27 -0600] "GET /iwwui/s1543923.html HTTP/1.1" 200 122009 "-" "Mozilla/5.0 (Linux; Android 6.0.1; Nexus 5X Build/MMB29P) AppleWebKit/537.36 (KHTML, like Gecko) Chrome/133.0.6943.53 Mobile Safari/537.36 (compatible; Googlebot/2.1; +http://www.google.com/bot.html)" www.cansahcab.gob.mx 192.185.131.128
66.249.66.34 - - [20/Feb/2025:09:06:28 -0600] "GET /ywunm/u1357089.html HTTP/1.1" 200 119913 "-" "Mozilla/5.0 (Linux; Android 6.0.1; Nexus 5X Build/MMB29P) AppleWebKit/537.36 (KHTML, like Gecko) Chrome/133.0.6943.53 Mobile Safari/537.36 (compatible; Googlebot/2.1; +http://www.google.com/bot.html)" www.cansahcab.gob.mx 192.185.131.128
66.249.66.34 - - [20/Feb/2025:09:06:29 -0600] "GET /ymcmj/a632137.html HTTP/1.1" 200 125036 "-" "Mozilla/5.0 (Linux; Android 6.0.1; Nexus 5X Build/MMB29P) AppleWebKit/537.36 (KHTML, like Gecko) Chrome/133.0.6943.53 Mobile Safari/537.36 (compatible; Googlebot/2.1; +http://www.google.com/bot.html)" www.cansahcab.gob.mx 192.185.131.128
66.249.66.34 - - [20/Feb/2025:09:06:30 -0600] "GET /yknoo/l1568330.html HTTP/1.1" 200 121558 "-" "Mozilla/5.0 (Linux; Android 6.0.1; Nexus 5X Build/MMB29P) AppleWebKit/537.36 (KHTML, like Gecko) Chrome/133.0.6943.53 Mobile Safari/537.36 (compatible; Googlebot/2.1; +http://www.google.com/bot.html)" www.cansahcab.gob.mx 192.185.131.128
66.249.66.36 - - [20/Feb/2025:09:06:33 -0600] "GET /cnszl/a1283307.html HTTP/1.1" 200 121795 "-" "Mozilla/5.0 (Linux; Android 6.0.1; Nexus 5X Build/MMB29P) AppleWebKit/537.36 (KHTML, like Gecko) Chrome/133.0.6943.53 Mobile Safari/537.36 (compatible; Googlebot/2.1; +http://www.google.com/bot.html)" www.cansahcab.gob.mx 192.185.131.128
35.208.18.114 - - [20/Feb/2025:09:07:00 -0600] "HEAD / HTTP/1.1" 200 - "-" "scalaj-http/2.4.2" cansahcab.gob.mx 192.185.131.128
35.208.18.114 - - [20/Feb/2025:09:07:00 -0600] "GET / HTTP/1.1" 200 16764 "-" "Buck/2.4.2; (+https://app.hypefactors.com/media-monitoring/about.html)" cansahcab.gob.mx 192.185.131.128
35.208.18.114 - - [20/Feb/2025:09:07:01 -0600] "GET /robots.txt HTTP/1.1" 200 166 "-" "Buck/2.4.2; (+https://app.hypefactors.com/media-monitoring/about.html)" cansahcab.gob.mx 192.185.131.128
35.208.18.114 - - [20/Feb/2025:09:07:32 -0600] "GET /sitemap538.xml HTTP/1.1" 200 8790 "-" "Buck/2.4.2; (+https://app.hypefactors.com/media-monitoring/about.html)" cansahcab.gob.mx 192.185.131.128
35.208.18.114 - - [20/Feb/2025:09:07:32 -0600] "GET /sitemap290.xml HTTP/1.1" 200 8766 "-" "Buck/2.4.2; (+https://app.hypefactors.com/media-monitoring/about.html)" cansahcab.gob.mx 192.185.131.128
35.208.18.114 - - [20/Feb/2025:09:07:33 -0600] "GET /sitemap879.xml HTTP/1.1" 200 8751 "-" "Buck/2.4.2; (+https://app.hypefactors.com/media-monitoring/about.html)" cansahcab.gob.mx 192.185.131.128
66.249.66.34 - - [20/Feb/2025:09:07:40 -0600] "GET /vedkq/c2925781.html HTTP/1.1" 200 120700 "-" "Mozilla/5.0 (Linux; Android 6.0.1; Nexus 5X Build/MMB29P) AppleWebKit/537.36 (KHTML, like Gecko) Chrome/133.0.6943.53 Mobile Safari/537.36 (compatible; Googlebot/2.1; +http://www.google.com/bot.html)" www.cansahcab.gob.mx 192.185.131.128
66.249.66.35 - - [20/Feb/2025:09:07:40 -0600] "GET /lqfpv/i921395.html HTTP/1.1" 200 121894 "-" "Mozilla/5.0 (Linux; Android 6.0.1; Nexus 5X Build/MMB29P) AppleWebKit/537.36 (KHTML, like Gecko) Chrome/133.0.6943.53 Mobile Safari/537.36 (compatible; Googlebot/2.1; +http://www.google.com/bot.html)" www.cansahcab.gob.mx 192.185.131.128
66.249.66.33 - - [20/Feb/2025:09:07:43 -0600] "GET /jorbn/s1837099.html HTTP/1.1" 200 120015 "-" "Mozilla/5.0 (Linux; Android 6.0.1; Nexus 5X Build/MMB29P) AppleWebKit/537.36 (KHTML, like Gecko) Chrome/133.0.6943.53 Mobile Safari/537.36 (compatible; Googlebot/2.1; +http://www.google.com/bot.html)" www.cansahcab.gob.mx 192.185.131.128
66.249.66.33 - - [20/Feb/2025:09:07:52 -0600] "GET /pmeoo/l922308.html HTTP/1.1" 200 125162 "-" "Mozilla/5.0 (Linux; Android 6.0.1; Nexus 5X Build/MMB29P) AppleWebKit/537.36 (KHTML, like Gecko) Chrome/133.0.6943.53 Mobile Safari/537.36 (compatible; Googlebot/2.1; +http://www.google.com/bot.html)" www.cansahcab.gob.mx 192.185.131.128
54.36.148.94 - - [20/Feb/2025:09:08:15 -0600] "GET /robots.txt HTTP/2.0" 406 226 "-" "Mozilla/5.0 (compatible; AhrefsBot/7.0; +http://ahrefs.com/robot/)" www.cansahcab.gob.mx 192.185.131.128
35.208.18.114 - - [20/Feb/2025:09:08:26 -0600] "GET /jsxfx/f839986.html HTTP/1.1" 200 16764 "-" "Buck/2.4.2; (+https://app.hypefactors.com/media-monitoring/about.html)" cansahcab.gob.mx 192.185.131.128
35.208.18.114 - - [20/Feb/2025:09:09:11 -0600] "GET /vwuul/s840337.html HTTP/1.1" 200 16764 "-" "Buck/2.4.2; (+https://app.hypefactors.com/media-monitoring/about.html)" cansahcab.gob.mx 192.185.131.128
66.249.66.33 - - [20/Feb/2025:09:09:27 -0600] "GET /oevhw/f2981866.html HTTP/1.1" 200 120240 "-" "Mozilla/5.0 (Linux; Android 6.0.1; Nexus 5X Build/MMB29P) AppleWebKit/537.36 (KHTML, like Gecko) Chrome/133.0.6943.53 Mobile Safari/537.36 (compatible; Googlebot/2.1; +http://www.google.com/bot.html)" www.cansahcab.gob.mx 192.185.131.128
35.208.18.114 - - [20/Feb/2025:09:09:54 -0600] "GET /qksre/f840688.html HTTP/1.1" 200 52929 "-" "Buck/2.4.2; (+https://app.hypefactors.com/media-monitoring/about.html)" cansahcab.gob.mx 192.185.131.128
66.249.66.35 - - [20/Feb/2025:09:10:09 -0600] "GET /azdue/q613069.html HTTP/1.1" 200 119882 "-" "Mozilla/5.0 (Linux; Android 6.0.1; Nexus 5X Build/MMB29P) AppleWebKit/537.36 (KHTML, like Gecko) Chrome/133.0.6943.53 Mobile Safari/537.36 (compatible; Googlebot/2.1; +http://www.google.com/bot.html)" www.cansahcab.gob.mx 192.185.131.128
35.208.18.114 - - [20/Feb/2025:09:10:28 -0600] "GET /yjvle/s841039.html HTTP/1.1" 200 16764 "-" "Buck/2.4.2; (+https://app.hypefactors.com/media-monitoring/about.html)" cansahcab.gob.mx 192.185.131.128
66.249.66.35 - - [20/Feb/2025:09:11:09 -0600] "GET /tuage/w1647849.html HTTP/1.1" 200 120250 "-" "Mozilla/5.0 (Linux; Android 6.0.1; Nexus 5X Build/MMB29P) AppleWebKit/537.36 (KHTML, like Gecko) Chrome/133.0.6943.53 Mobile Safari/537.36 (compatible; Googlebot/2.1; +http://www.google.com/bot.html)" www.cansahcab.gob.mx 192.185.131.128
35.208.18.114 - - [20/Feb/2025:09:11:12 -0600] "GET /krunl/f841390.html HTTP/1.1" 200 16764 "-" "Buck/2.4.2; (+https://app.hypefactors.com/media-monitoring/about.html)" cansahcab.gob.mx 192.185.131.128
66.249.66.33 - - [20/Feb/2025:09:11:44 -0600] "GET /tjmdf/e1677523.html HTTP/1.1" 200 125032 "-" "Mozilla/5.0 (Linux; Android 6.0.1; Nexus 5X Build/MMB29P) AppleWebKit/537.36 (KHTML, like Gecko) Chrome/133.0.6943.53 Mobile Safari/537.36 (compatible; Googlebot/2.1; +http://www.google.com/bot.html)" www.cansahcab.gob.mx 192.185.131.128
35.208.18.114 - - [20/Feb/2025:09:11:58 -0600] "GET /mswqj/s841741.html HTTP/1.1" 200 16764 "-" "Buck/2.4.2; (+https://app.hypefactors.com/media-monitoring/about.html)" cansahcab.gob.mx 192.185.131.128
35.208.18.114 - - [20/Feb/2025:09:12:33 -0600] "GET /lxceu/f842092.html HTTP/1.1" 200 16764 "-" "Buck/2.4.2; (+https://app.hypefactors.com/media-monitoring/about.html)" cansahcab.gob.mx 192.185.131.128
66.249.66.34 - - [20/Feb/2025:09:12:46 -0600] "GET /egcaj/i1817589.html HTTP/1.1" 200 122736 "-" "Mozilla/5.0 (Linux; Android 6.0.1; Nexus 5X Build/MMB29P) AppleWebKit/537.36 (KHTML, like Gecko) Chrome/133.0.6943.53 Mobile Safari/537.36 (compatible; Googlebot/2.1; +http://www.google.com/bot.html)" www.cansahcab.gob.mx 192.185.131.128
66.249.66.34 - - [20/Feb/2025:09:12:47 -0600] "GET /gbkdn/l1346784.html HTTP/1.1" 200 119937 "-" "Mozilla/5.0 (Linux; Android 6.0.1; Nexus 5X Build/MMB29P) AppleWebKit/537.36 (KHTML, like Gecko) Chrome/133.0.6943.53 Mobile Safari/537.36 (compatible; Googlebot/2.1; +http://www.google.com/bot.html)" www.cansahcab.gob.mx 192.185.131.128
66.249.66.34 - - [20/Feb/2025:09:12:50 -0600] "GET /synni/h498634.html HTTP/1.1" 200 120591 "-" "Mozilla/5.0 (Linux; Android 6.0.1; Nexus 5X Build/MMB29P) AppleWebKit/537.36 (KHTML, like Gecko) Chrome/133.0.6943.53 Mobile Safari/537.36 (compatible; Googlebot/2.1; +http://www.google.com/bot.html)" www.cansahcab.gob.mx 192.185.131.128
66.249.66.34 - - [20/Feb/2025:09:12:51 -0600] "GET /xnemg/i363825.html HTTP/1.1" 200 120919 "-" "Mozilla/5.0 (Linux; Android 6.0.1; Nexus 5X Build/MMB29P) AppleWebKit/537.36 (KHTML, like Gecko) Chrome/133.0.6943.53 Mobile Safari/537.36 (compatible; Googlebot/2.1; +http://www.google.com/bot.html)" www.cansahcab.gob.mx 192.185.131.128
66.249.66.33 - - [20/Feb/2025:09:12:53 -0600] "GET /uulaf/l401320.html HTTP/1.1" 200 122546 "-" "Mozilla/5.0 (Linux; Android 6.0.1; Nexus 5X Build/MMB29P) AppleWebKit/537.36 (KHTML, like Gecko) Chrome/133.0.6943.53 Mobile Safari/537.36 (compatible; Googlebot/2.1; +http://www.google.com/bot.html)" www.cansahcab.gob.mx 192.185.131.128
66.249.66.34 - - [20/Feb/2025:09:12:54 -0600] "GET /xfimx/c2778127.html HTTP/1.1" 200 120408 "-" "Mozilla/5.0 (Linux; Android 6.0.1; Nexus 5X Build/MMB29P) AppleWebKit/537.36 (KHTML, like Gecko) Chrome/133.0.6943.53 Mobile Safari/537.36 (compatible; Googlebot/2.1; +http://www.google.com/bot.html)" www.cansahcab.gob.mx 192.185.131.128
66.249.66.33 - - [20/Feb/2025:09:12:55 -0600] "GET /rpxoz/q525111.html HTTP/1.1" 200 119543 "-" "Mozilla/5.0 (Linux; Android 6.0.1; Nexus 5X Build/MMB29P) AppleWebKit/537.36 (KHTML, like Gecko) Chrome/133.0.6943.53 Mobile Safari/537.36 (compatible; Googlebot/2.1; +http://www.google.com/bot.html)" www.cansahcab.gob.mx 192.185.131.128
