66.249.64.98 - - [28/Apr/2025:08:20:20 -0600] "GET /?_gl=1*1ix4f11*_gcl_au*MTYxMTI1OTI3MS4xNzIxODg2NjU0*_ga*ODYyMzk4MzA3LjE2OTk0NTM1Nzg.*_ga_7H42SVMQ0V*MTcyMTg4NjY1NS4xMjEuMS4xNzIxODg2NjY5LjQ2LjAuMA..&_ga=2.198040047.1958808748.1721886654-862398307.1699453578&_bdsid=2ulvIJ.n~ZXCIW.1721886656070.1721886848&_bd_prev_page=https://www.acancehyucatan.gob.mx/detail.php?qofoz/i381169.html HTTP/1.1" 200 47696 "-" "Mozilla/5.0 (Linux; Android 6.0.1; Nexus 5X Build/MMB29P) AppleWebKit/537.36 (KHTML, like Gecko) Chrome/135.0.7049.95 Mobile Safari/537.36 (compatible; Googlebot/2.1; +http://www.google.com/bot.html)" www.acancehyucatan.gob.mx 192.185.131.128
157.55.39.194 - - [28/Apr/2025:08:21:02 -0600] "GET /clham/w1190329.html HTTP/2.0" 200 34645 "-" "Mozilla/5.0 AppleWebKit/537.36 (KHTML, like Gecko; compatible; bingbot/2.0; +http://www.bing.com/bingbot.htm) Chrome/116.0.1938.76 Safari/537.36" www.acancehyucatan.gob.mx 192.185.131.128
157.55.39.194 - - [28/Apr/2025:08:21:05 -0600] "GET /znmpf/w132155.html HTTP/2.0" 200 29430 "-" "Mozilla/5.0 AppleWebKit/537.36 (KHTML, like Gecko; compatible; bingbot/2.0; +http://www.bing.com/bingbot.htm) Chrome/116.0.1938.76 Safari/537.36" www.acancehyucatan.gob.mx 192.185.131.128
207.46.13.124 - - [28/Apr/2025:08:21:06 -0600] "GET /quiwb/b957868.html HTTP/2.0" 200 31380 "-" "Mozilla/5.0 AppleWebKit/537.36 (KHTML, like Gecko; compatible; bingbot/2.0; +http://www.bing.com/bingbot.htm) Chrome/116.0.1938.76 Safari/537.36" www.acancehyucatan.gob.mx 192.185.131.128
157.55.39.62 - - [28/Apr/2025:08:21:12 -0600] "GET /jdswc/r907938.html HTTP/2.0" 200 31790 "-" "Mozilla/5.0 AppleWebKit/537.36 (KHTML, like Gecko; compatible; bingbot/2.0; +http://www.bing.com/bingbot.htm) Chrome/116.0.1938.76 Safari/537.36" www.acancehyucatan.gob.mx 192.185.131.128
66.249.70.68 - - [28/Apr/2025:08:21:34 -0600] "GET /index.php?product/edit/80661746 HTTP/1.1" 200 30344 "-" "Mozilla/5.0 (Linux; Android 6.0.1; Nexus 5X Build/MMB29P) AppleWebKit/537.36 (KHTML, like Gecko) Chrome/135.0.7049.95 Mobile Safari/537.36 (compatible; Googlebot/2.1; +http://www.google.com/bot.html)" acancehyucatan.gob.mx 192.185.131.128
157.55.39.194 - - [28/Apr/2025:08:22:21 -0600] "GET /ogiyo/m495443.html HTTP/2.0" 200 31455 "-" "Mozilla/5.0 AppleWebKit/537.36 (KHTML, like Gecko; compatible; bingbot/2.0; +http://www.bing.com/bingbot.htm) Chrome/116.0.1938.76 Safari/537.36" www.acancehyucatan.gob.mx 192.185.131.128
66.249.70.68 - - [28/Apr/2025:08:22:41 -0600] "GET /index.php?shopdetail/15459374 HTTP/1.1" 200 28740 "-" "Mozilla/5.0 (compatible; Googlebot/2.1; +http://www.google.com/bot.html)" acancehyucatan.gob.mx 192.185.131.128
66.249.64.98 - - [28/Apr/2025:08:23:21 -0600] "GET /?_gl=1*1ix4f11*_gcl_au*MTYxMTI1OTI3MS4xNzIxODg2NjU0*_ga*ODYyMzk4MzA3LjE2OTk0NTM1Nzg.*_ga_7H42SVMQ0V*MTcyMTg4NjY1NS4xMjEuMS4xNzIxODg2NjY5LjQ2LjAuMA..&_ga=2.198040047.1958808748.1721886654-862398307.1699453578&_bdsid=2ulvIJ.n~ZXCIW.1721886656070.1721886848&_bd_prev_page=https://www.acancehyucatan.gob.mx/detail.php?shopdetail/24018341 HTTP/1.1" 200 45037 "-" "Mozilla/5.0 (compatible; Googlebot/2.1; +http://www.google.com/bot.html)" www.acancehyucatan.gob.mx 192.185.131.128
66.249.70.68 - - [28/Apr/2025:08:24:00 -0600] "GET /index.php?zhHant/product/surugaya/36762660?campaign_uid=f64d716db5e979ed2f947dbaf4296895b951ae7f HTTP/1.1" 200 33946 "-" "Mozilla/5.0 (Linux; Android 6.0.1; Nexus 5X Build/MMB29P) AppleWebKit/537.36 (KHTML, like Gecko) Chrome/135.0.7049.95 Mobile Safari/537.36 (compatible; GoogleOther)" acancehyucatan.gob.mx 192.185.131.128
66.249.70.69 - - [28/Apr/2025:08:24:03 -0600] "POST /get-message-notify HTTP/1.1" 200 31535 "https://acancehyucatan.gob.mx/index.php?zhHant/product/surugaya/36762660?campaign_uid=f64d716db5e979ed2f947dbaf4296895b951ae7f" "Mozilla/5.0 (Linux; Android 6.0.1; Nexus 5X Build/MMB29P) AppleWebKit/537.36 (KHTML, like Gecko) Chrome/134.0.6998.165 Mobile Safari/537.36 (compatible; Googlebot/2.1; +http://www.google.com/bot.html)" acancehyucatan.gob.mx 192.185.131.128
40.77.167.136 - - [28/Apr/2025:08:24:03 -0600] "GET /xmprm/s251647.html HTTP/2.0" 200 30876 "-" "Mozilla/5.0 AppleWebKit/537.36 (KHTML, like Gecko; compatible; bingbot/2.0; +http://www.bing.com/bingbot.htm) Chrome/116.0.1938.76 Safari/537.36" www.acancehyucatan.gob.mx 192.185.131.128
66.249.64.98 - - [28/Apr/2025:08:24:09 -0600] "GET /?_gl=1*1ix4f11*_gcl_au*MTYxMTI1OTI3MS4xNzIxODg2NjU0*_ga*ODYyMzk4MzA3LjE2OTk0NTM1Nzg.*_ga_7H42SVMQ0V*MTcyMTg4NjY1NS4xMjEuMS4xNzIxODg2NjY5LjQ2LjAuMA..&_ga=2.198040047.1958808748.1721886654-862398307.1699453578&_bdsid=2ulvIJ.n~ZXCIW.1721886656070.1721886848&_bd_prev_page=https://www.acancehyucatan.gob.mx/detail.php?product/edit/96318049 HTTP/1.1" 200 45412 "-" "Mozilla/5.0 (compatible; Googlebot/2.1; +http://www.google.com/bot.html)" www.acancehyucatan.gob.mx 192.185.131.128
207.46.13.124 - - [28/Apr/2025:08:24:44 -0600] "GET /mjmak/j2090956.html HTTP/2.0" 200 28899 "-" "Mozilla/5.0 AppleWebKit/537.36 (KHTML, like Gecko; compatible; bingbot/2.0; +http://www.bing.com/bingbot.htm) Chrome/116.0.1938.76 Safari/537.36" www.acancehyucatan.gob.mx 192.185.131.128
207.46.13.107 - - [28/Apr/2025:08:24:48 -0600] "GET /pazyd/r1988602.html HTTP/2.0" 200 39822 "-" "Mozilla/5.0 AppleWebKit/537.36 (KHTML, like Gecko; compatible; bingbot/2.0; +http://www.bing.com/bingbot.htm) Chrome/116.0.1938.76 Safari/537.36" www.acancehyucatan.gob.mx 192.185.131.128
52.167.144.25 - - [28/Apr/2025:08:25:10 -0600] "GET /swtpv/p2854634.html HTTP/2.0" 200 30836 "-" "Mozilla/5.0 AppleWebKit/537.36 (KHTML, like Gecko; compatible; bingbot/2.0; +http://www.bing.com/bingbot.htm) Chrome/116.0.1938.76 Safari/537.36" www.acancehyucatan.gob.mx 192.185.131.128
52.167.144.25 - - [28/Apr/2025:08:25:11 -0600] "GET /mdwox/g2740355.html HTTP/2.0" 200 32175 "-" "Mozilla/5.0 AppleWebKit/537.36 (KHTML, like Gecko; compatible; bingbot/2.0; +http://www.bing.com/bingbot.htm) Chrome/116.0.1938.76 Safari/537.36" www.acancehyucatan.gob.mx 192.185.131.128
66.249.64.98 - - [28/Apr/2025:08:25:27 -0600] "GET /shopdetail/29375752 HTTP/1.1" 200 33555 "-" "Mozilla/5.0 (Linux; Android 6.0.1; Nexus 5X Build/MMB29P) AppleWebKit/537.36 (KHTML, like Gecko) Chrome/135.0.7049.95 Mobile Safari/537.36 (compatible; GoogleOther)" www.acancehyucatan.gob.mx 192.185.131.128
66.249.64.100 - - [28/Apr/2025:08:25:29 -0600] "POST /get-message-notify HTTP/1.1" 200 31638 "https://www.acancehyucatan.gob.mx/shopdetail/29375752" "Mozilla/5.0 (Linux; Android 6.0.1; Nexus 5X Build/MMB29P) AppleWebKit/537.36 (KHTML, like Gecko) Chrome/134.0.6998.165 Mobile Safari/537.36 (compatible; Googlebot/2.1; +http://www.google.com/bot.html)" www.acancehyucatan.gob.mx 192.185.131.128
66.249.64.98 - - [28/Apr/2025:08:25:42 -0600] "GET /?_gl=1*1ix4f11*_gcl_au*MTYxMTI1OTI3MS4xNzIxODg2NjU0*_ga*ODYyMzk4MzA3LjE2OTk0NTM1Nzg.*_ga_7H42SVMQ0V*MTcyMTg4NjY1NS4xMjEuMS4xNzIxODg2NjY5LjQ2LjAuMA..&_ga=2.198040047.1958808748.1721886654-862398307.1699453578&_bdsid=2ulvIJ.n~ZXCIW.1721886656070.1721886848&_bd_prev_page=https://www.acancehyucatan.gob.mx/detail.php?shopdetail/25662029 HTTP/1.1" 200 45733 "-" "Mozilla/5.0 (compatible; Googlebot/2.1; +http://www.google.com/bot.html)" www.acancehyucatan.gob.mx 192.185.131.128
66.249.70.68 - - [28/Apr/2025:08:25:55 -0600] "GET /shopdetail/17099774 HTTP/1.1" 200 30139 "-" "Mozilla/5.0 (Linux; Android 6.0.1; Nexus 5X Build/MMB29P) AppleWebKit/537.36 (KHTML, like Gecko) Chrome/135.0.7049.95 Mobile Safari/537.36 (compatible; Googlebot/2.1; +http://www.google.com/bot.html)" acancehyucatan.gob.mx 192.185.131.128
66.249.70.68 - - [28/Apr/2025:08:26:06 -0600] "GET /shopdetail/7335385 HTTP/1.1" 200 33151 "-" "Mozilla/5.0 (Linux; Android 6.0.1; Nexus 5X Build/MMB29P) AppleWebKit/537.36 (KHTML, like Gecko) Chrome/135.0.7049.95 Mobile Safari/537.36 (compatible; GoogleOther)" acancehyucatan.gob.mx 192.185.131.128
66.249.70.69 - - [28/Apr/2025:08:26:08 -0600] "POST /get-message-notify HTTP/1.1" 200 31535 "https://acancehyucatan.gob.mx/shopdetail/7335385" "Mozilla/5.0 (Linux; Android 6.0.1; Nexus 5X Build/MMB29P) AppleWebKit/537.36 (KHTML, like Gecko) Chrome/134.0.6998.165 Mobile Safari/537.36 (compatible; Googlebot/2.1; +http://www.google.com/bot.html)" acancehyucatan.gob.mx 192.185.131.128
40.77.167.254 - - [28/Apr/2025:08:26:09 -0600] "GET /sofph/e3038287.html HTTP/2.0" 200 32496 "-" "Mozilla/5.0 AppleWebKit/537.36 (KHTML, like Gecko; compatible; bingbot/2.0; +http://www.bing.com/bingbot.htm) Chrome/116.0.1938.76 Safari/537.36" www.acancehyucatan.gob.mx 192.185.131.128
52.167.144.217 - - [28/Apr/2025:08:26:42 -0600] "GET /elhsc/h1440122.html HTTP/2.0" 200 32665 "-" "Mozilla/5.0 AppleWebKit/537.36 (KHTML, like Gecko; compatible; bingbot/2.0; +http://www.bing.com/bingbot.htm) Chrome/116.0.1938.76 Safari/537.36" www.acancehyucatan.gob.mx 192.185.131.128
157.55.39.202 - - [28/Apr/2025:08:26:47 -0600] "GET /wmlam/j1721470.html HTTP/2.0" 200 37479 "-" "Mozilla/5.0 AppleWebKit/537.36 (KHTML, like Gecko; compatible; bingbot/2.0; +http://www.bing.com/bingbot.htm) Chrome/116.0.1938.76 Safari/537.36" www.acancehyucatan.gob.mx 192.185.131.128
52.167.144.25 - - [28/Apr/2025:08:27:00 -0600] "GET /dpxup/q2757447.html HTTP/2.0" 200 35435 "-" "Mozilla/5.0 AppleWebKit/537.36 (KHTML, like Gecko; compatible; bingbot/2.0; +http://www.bing.com/bingbot.htm) Chrome/116.0.1938.76 Safari/537.36" www.acancehyucatan.gob.mx 192.185.131.128
66.249.70.70 - - [28/Apr/2025:08:27:12 -0600] "GET /index.php?shopdetail/23455630 HTTP/1.1" 200 29678 "-" "Mozilla/5.0 (compatible; Googlebot/2.1; +http://www.google.com/bot.html)" acancehyucatan.gob.mx 192.185.131.128
66.249.64.100 - - [28/Apr/2025:08:27:35 -0600] "GET /shopdetail/6269729 HTTP/1.1" 200 30233 "-" "Mozilla/5.0 (Linux; Android 6.0.1; Nexus 5X Build/MMB29P) AppleWebKit/537.36 (KHTML, like Gecko) Chrome/135.0.7049.95 Mobile Safari/537.36 (compatible; GoogleOther)" www.acancehyucatan.gob.mx 192.185.131.128
52.167.144.16 - - [28/Apr/2025:08:27:40 -0600] "GET /xakas/p1075610.html HTTP/2.0" 200 29965 "-" "Mozilla/5.0 AppleWebKit/537.36 (KHTML, like Gecko; compatible; bingbot/2.0; +http://www.bing.com/bingbot.htm) Chrome/116.0.1938.76 Safari/537.36" www.acancehyucatan.gob.mx 192.185.131.128
66.249.64.99 - - [28/Apr/2025:08:27:43 -0600] "POST /get-message-notify HTTP/1.1" 200 31638 "https://www.acancehyucatan.gob.mx/shopdetail/6269729" "Mozilla/5.0 (Linux; Android 6.0.1; Nexus 5X Build/MMB29P) AppleWebKit/537.36 (KHTML, like Gecko) Chrome/134.0.6998.165 Mobile Safari/537.36 (compatible; Googlebot/2.1; +http://www.google.com/bot.html)" www.acancehyucatan.gob.mx 192.185.131.128
66.249.64.98 - - [28/Apr/2025:08:27:43 -0600] "GET /shopdetail/23944752 HTTP/1.1" 200 28757 "-" "Mozilla/5.0 (Linux; Android 6.0.1; Nexus 5X Build/MMB29P) AppleWebKit/537.36 (KHTML, like Gecko) Chrome/135.0.7049.95 Mobile Safari/537.36 (compatible; GoogleOther)" www.acancehyucatan.gob.mx 192.185.131.128
66.249.64.98 - - [28/Apr/2025:08:27:49 -0600] "GET /shopdetail/15790741 HTTP/1.1" 200 42341 "-" "Mozilla/5.0 (Linux; Android 6.0.1; Nexus 5X Build/MMB29P) AppleWebKit/537.36 (KHTML, like Gecko) Chrome/135.0.7049.95 Mobile Safari/537.36 (compatible; GoogleOther)" www.acancehyucatan.gob.mx 192.185.131.128
66.249.64.98 - - [28/Apr/2025:08:27:51 -0600] "POST /get-message-notify HTTP/1.1" 200 31638 "https://www.acancehyucatan.gob.mx/shopdetail/15790741" "Mozilla/5.0 (Linux; Android 6.0.1; Nexus 5X Build/MMB29P) AppleWebKit/537.36 (KHTML, like Gecko) Chrome/134.0.6998.165 Mobile Safari/537.36 (compatible; Googlebot/2.1; +http://www.google.com/bot.html)" www.acancehyucatan.gob.mx 192.185.131.128
66.249.70.69 - - [28/Apr/2025:08:27:56 -0600] "GET /index.php?shopdetail/18524741 HTTP/1.1" 200 28863 "-" "Mozilla/5.0 (compatible; Googlebot/2.1; +http://www.google.com/bot.html)" acancehyucatan.gob.mx 192.185.131.128
66.249.64.98 - - [28/Apr/2025:08:27:56 -0600] "GET /?_gl=1*1ix4f11*_gcl_au*MTYxMTI1OTI3MS4xNzIxODg2NjU0*_ga*ODYyMzk4MzA3LjE2OTk0NTM1Nzg.*_ga_7H42SVMQ0V*MTcyMTg4NjY1NS4xMjEuMS4xNzIxODg2NjY5LjQ2LjAuMA..&_ga=2.198040047.1958808748.1721886654-862398307.1699453578&_bdsid=2ulvIJ.n~ZXCIW.1721886656070.1721886848&_bd_prev_page=https://www.acancehyucatan.gob.mx/detail.php?shopdetail/30470518 HTTP/1.1" 200 43687 "-" "Mozilla/5.0 (compatible; Googlebot/2.1; +http://www.google.com/bot.html)" www.acancehyucatan.gob.mx 192.185.131.128
66.249.64.100 - - [28/Apr/2025:08:28:21 -0600] "GET /shopdetail/24516330 HTTP/1.1" 200 28727 "-" "Mozilla/5.0 (Linux; Android 6.0.1; Nexus 5X Build/MMB29P) AppleWebKit/537.36 (KHTML, like Gecko) Chrome/135.0.7049.95 Mobile Safari/537.36 (compatible; GoogleOther)" www.acancehyucatan.gob.mx 192.185.131.128
66.249.64.100 - - [28/Apr/2025:08:28:23 -0600] "POST /get-message-notify HTTP/1.1" 200 31638 "https://www.acancehyucatan.gob.mx/shopdetail/24516330" "Mozilla/5.0 (Linux; Android 6.0.1; Nexus 5X Build/MMB29P) AppleWebKit/537.36 (KHTML, like Gecko) Chrome/134.0.6998.165 Mobile Safari/537.36 (compatible; Googlebot/2.1; +http://www.google.com/bot.html)" www.acancehyucatan.gob.mx 192.185.131.128
66.249.64.99 - - [28/Apr/2025:08:28:37 -0600] "GET /shopdetail/27415252 HTTP/1.1" 200 29288 "-" "Mozilla/5.0 (Linux; Android 6.0.1; Nexus 5X Build/MMB29P) AppleWebKit/537.36 (KHTML, like Gecko) Chrome/135.0.7049.95 Mobile Safari/537.36 (compatible; GoogleOther)" www.acancehyucatan.gob.mx 192.185.131.128
66.249.64.98 - - [28/Apr/2025:08:28:42 -0600] "POST /get-message-notify HTTP/1.1" 200 31638 "https://www.acancehyucatan.gob.mx/shopdetail/27415252" "Mozilla/5.0 (Linux; Android 6.0.1; Nexus 5X Build/MMB29P) AppleWebKit/537.36 (KHTML, like Gecko) Chrome/134.0.6998.165 Mobile Safari/537.36 (compatible; Googlebot/2.1; +http://www.google.com/bot.html)" www.acancehyucatan.gob.mx 192.185.131.128
66.249.70.70 - - [28/Apr/2025:08:28:50 -0600] "GET /shopdetail/9675218 HTTP/1.1" 200 37688 "-" "Mozilla/5.0 (Linux; Android 6.0.1; Nexus 5X Build/MMB29P) AppleWebKit/537.36 (KHTML, like Gecko) Chrome/135.0.7049.95 Mobile Safari/537.36 (compatible; GoogleOther)" acancehyucatan.gob.mx 192.185.131.128
66.249.70.70 - - [28/Apr/2025:08:28:52 -0600] "POST /get-message-notify HTTP/1.1" 200 31535 "https://acancehyucatan.gob.mx/shopdetail/9675218" "Mozilla/5.0 (Linux; Android 6.0.1; Nexus 5X Build/MMB29P) AppleWebKit/537.36 (KHTML, like Gecko) Chrome/134.0.6998.165 Mobile Safari/537.36 (compatible; Googlebot/2.1; +http://www.google.com/bot.html)" acancehyucatan.gob.mx 192.185.131.128
66.249.70.68 - - [28/Apr/2025:08:28:57 -0600] "GET /index.php?zhHant/product/surugaya/94019530?campaign_uid=f64d716db5e979ed2f947dbaf4296895b951ae7f HTTP/1.1" 200 31358 "-" "Mozilla/5.0 (Linux; Android 6.0.1; Nexus 5X Build/MMB29P) AppleWebKit/537.36 (KHTML, like Gecko) Chrome/135.0.7049.95 Mobile Safari/537.36 (compatible; GoogleOther)" acancehyucatan.gob.mx 192.185.131.128
66.249.64.98 - - [28/Apr/2025:08:28:58 -0600] "GET /shopdetail/9295085 HTTP/1.1" 200 29794 "-" "Mozilla/5.0 (Linux; Android 6.0.1; Nexus 5X Build/MMB29P) AppleWebKit/537.36 (KHTML, like Gecko) Chrome/135.0.7049.95 Mobile Safari/537.36 (compatible; GoogleOther)" www.acancehyucatan.gob.mx 192.185.131.128
66.249.64.98 - - [28/Apr/2025:08:29:00 -0600] "GET /shopdetail/12374641 HTTP/1.1" 200 27970 "-" "Mozilla/5.0 (Linux; Android 6.0.1; Nexus 5X Build/MMB29P) AppleWebKit/537.36 (KHTML, like Gecko) Chrome/135.0.7049.95 Mobile Safari/537.36 (compatible; GoogleOther)" www.acancehyucatan.gob.mx 192.185.131.128
66.249.70.68 - - [28/Apr/2025:08:29:00 -0600] "POST /get-message-notify HTTP/1.1" 200 31535 "https://acancehyucatan.gob.mx/index.php?zhHant/product/surugaya/94019530?campaign_uid=f64d716db5e979ed2f947dbaf4296895b951ae7f" "Mozilla/5.0 (Linux; Android 6.0.1; Nexus 5X Build/MMB29P) AppleWebKit/537.36 (KHTML, like Gecko) Chrome/134.0.6998.165 Mobile Safari/537.36 (compatible; Googlebot/2.1; +http://www.google.com/bot.html)" acancehyucatan.gob.mx 192.185.131.128
66.249.64.98 - - [28/Apr/2025:08:29:01 -0600] "POST /get-message-notify HTTP/1.1" 200 31638 "https://www.acancehyucatan.gob.mx/shopdetail/9295085" "Mozilla/5.0 (Linux; Android 6.0.1; Nexus 5X Build/MMB29P) AppleWebKit/537.36 (KHTML, like Gecko) Chrome/134.0.6998.165 Mobile Safari/537.36 (compatible; Googlebot/2.1; +http://www.google.com/bot.html)" www.acancehyucatan.gob.mx 192.185.131.128
66.249.64.98 - - [28/Apr/2025:08:29:02 -0600] "POST /get-message-notify HTTP/1.1" 200 31638 "https://www.acancehyucatan.gob.mx/shopdetail/12374641" "Mozilla/5.0 (Linux; Android 6.0.1; Nexus 5X Build/MMB29P) AppleWebKit/537.36 (KHTML, like Gecko) Chrome/134.0.6998.165 Mobile Safari/537.36 (compatible; Googlebot/2.1; +http://www.google.com/bot.html)" www.acancehyucatan.gob.mx 192.185.131.128
40.77.167.136 - - [28/Apr/2025:08:29:03 -0600] "GET /sffzy/v857112.html HTTP/2.0" 200 32267 "-" "Mozilla/5.0 AppleWebKit/537.36 (KHTML, like Gecko; compatible; bingbot/2.0; +http://www.bing.com/bingbot.htm) Chrome/116.0.1938.76 Safari/537.36" www.acancehyucatan.gob.mx 192.185.131.128
66.249.64.98 - - [28/Apr/2025:08:29:33 -0600] "GET /shopdetail/10691430 HTTP/1.1" 200 28822 "-" "Mozilla/5.0 (Linux; Android 6.0.1; Nexus 5X Build/MMB29P) AppleWebKit/537.36 (KHTML, like Gecko) Chrome/135.0.7049.95 Mobile Safari/537.36 (compatible; GoogleOther)" www.acancehyucatan.gob.mx 192.185.131.128
66.249.64.98 - - [28/Apr/2025:08:29:36 -0600] "POST /get-message-notify HTTP/1.1" 200 31638 "https://www.acancehyucatan.gob.mx/shopdetail/10691430" "Mozilla/5.0 (Linux; Android 6.0.1; Nexus 5X Build/MMB29P) AppleWebKit/537.36 (KHTML, like Gecko) Chrome/134.0.6998.165 Mobile Safari/537.36 (compatible; Googlebot/2.1; +http://www.google.com/bot.html)" www.acancehyucatan.gob.mx 192.185.131.128
66.249.64.98 - - [28/Apr/2025:08:29:37 -0600] "GET /shopdetail/24048096 HTTP/1.1" 200 39325 "-" "Mozilla/5.0 (Linux; Android 6.0.1; Nexus 5X Build/MMB29P) AppleWebKit/537.36 (KHTML, like Gecko) Chrome/135.0.7049.95 Mobile Safari/537.36 (compatible; GoogleOther)" www.acancehyucatan.gob.mx 192.185.131.128
66.249.64.98 - - [28/Apr/2025:08:29:39 -0600] "POST /get-message-notify HTTP/1.1" 200 31638 "https://www.acancehyucatan.gob.mx/shopdetail/24048096" "Mozilla/5.0 (Linux; Android 6.0.1; Nexus 5X Build/MMB29P) AppleWebKit/537.36 (KHTML, like Gecko) Chrome/134.0.6998.165 Mobile Safari/537.36 (compatible; Googlebot/2.1; +http://www.google.com/bot.html)" www.acancehyucatan.gob.mx 192.185.131.128
66.249.70.70 - - [28/Apr/2025:08:30:04 -0600] "GET /shopdetail/27021507 HTTP/1.1" 200 30979 "-" "Mozilla/5.0 (Linux; Android 6.0.1; Nexus 5X Build/MMB29P) AppleWebKit/537.36 (KHTML, like Gecko) Chrome/135.0.7049.95 Mobile Safari/537.36 (compatible; GoogleOther)" acancehyucatan.gob.mx 192.185.131.128
66.249.70.70 - - [28/Apr/2025:08:30:07 -0600] "POST /get-message-notify HTTP/1.1" 200 31535 "https://acancehyucatan.gob.mx/shopdetail/27021507" "Mozilla/5.0 (Linux; Android 6.0.1; Nexus 5X Build/MMB29P) AppleWebKit/537.36 (KHTML, like Gecko) Chrome/134.0.6998.165 Mobile Safari/537.36 (compatible; Googlebot/2.1; +http://www.google.com/bot.html)" acancehyucatan.gob.mx 192.185.131.128
66.249.64.98 - - [28/Apr/2025:08:30:14 -0600] "GET /shopdetail/5177352 HTTP/1.1" 200 34393 "-" "Mozilla/5.0 (Linux; Android 6.0.1; Nexus 5X Build/MMB29P) AppleWebKit/537.36 (KHTML, like Gecko) Chrome/135.0.7049.95 Mobile Safari/537.36 (compatible; GoogleOther)" www.acancehyucatan.gob.mx 192.185.131.128
66.249.64.99 - - [28/Apr/2025:08:30:16 -0600] "POST /get-message-notify HTTP/1.1" 200 31638 "https://www.acancehyucatan.gob.mx/shopdetail/5177352" "Mozilla/5.0 (Linux; Android 6.0.1; Nexus 5X Build/MMB29P) AppleWebKit/537.36 (KHTML, like Gecko) Chrome/134.0.6998.165 Mobile Safari/537.36 (compatible; Googlebot/2.1; +http://www.google.com/bot.html)" www.acancehyucatan.gob.mx 192.185.131.128
66.249.64.98 - - [28/Apr/2025:08:30:19 -0600] "GET /shopdetail/6567385 HTTP/1.1" 200 32930 "-" "Mozilla/5.0 (Linux; Android 6.0.1; Nexus 5X Build/MMB29P) AppleWebKit/537.36 (KHTML, like Gecko) Chrome/135.0.7049.95 Mobile Safari/537.36 (compatible; GoogleOther)" www.acancehyucatan.gob.mx 192.185.131.128
66.249.64.99 - - [28/Apr/2025:08:30:21 -0600] "POST /get-message-notify HTTP/1.1" 200 31638 "https://www.acancehyucatan.gob.mx/shopdetail/6567385" "Mozilla/5.0 (Linux; Android 6.0.1; Nexus 5X Build/MMB29P) AppleWebKit/537.36 (KHTML, like Gecko) Chrome/134.0.6998.165 Mobile Safari/537.36 (compatible; Googlebot/2.1; +http://www.google.com/bot.html)" www.acancehyucatan.gob.mx 192.185.131.128
66.249.64.98 - - [28/Apr/2025:08:30:39 -0600] "GET /shopdetail/5769641 HTTP/1.1" 200 33352 "-" "Mozilla/5.0 (Linux; Android 6.0.1; Nexus 5X Build/MMB29P) AppleWebKit/537.36 (KHTML, like Gecko) Chrome/135.0.7049.95 Mobile Safari/537.36 (compatible; GoogleOther)" www.acancehyucatan.gob.mx 192.185.131.128
66.249.64.98 - - [28/Apr/2025:08:30:42 -0600] "GET /shopdetail/10712696 HTTP/1.1" 200 28872 "-" "Mozilla/5.0 (Linux; Android 6.0.1; Nexus 5X Build/MMB29P) AppleWebKit/537.36 (KHTML, like Gecko) Chrome/135.0.7049.95 Mobile Safari/537.36 (compatible; GoogleOther)" www.acancehyucatan.gob.mx 192.185.131.128
207.46.13.130 - - [28/Apr/2025:08:30:45 -0600] "GET /bupvo/d1927020.html HTTP/2.0" 200 30504 "-" "Mozilla/5.0 AppleWebKit/537.36 (KHTML, like Gecko; compatible; bingbot/2.0; +http://www.bing.com/bingbot.htm) Chrome/116.0.1938.76 Safari/537.36" www.acancehyucatan.gob.mx 192.185.131.128
66.249.64.98 - - [28/Apr/2025:08:30:46 -0600] "POST /get-message-notify HTTP/1.1" 200 31638 "https://www.acancehyucatan.gob.mx/shopdetail/10712696" "Mozilla/5.0 (Linux; Android 6.0.1; Nexus 5X Build/MMB29P) AppleWebKit/537.36 (KHTML, like Gecko) Chrome/134.0.6998.165 Mobile Safari/537.36 (compatible; Googlebot/2.1; +http://www.google.com/bot.html)" www.acancehyucatan.gob.mx 192.185.131.128
66.249.70.68 - - [28/Apr/2025:08:30:53 -0600] "GET /favicon.ico HTTP/1.1" 500 - "-" "Googlebot-Image/1.0" acancehyucatan.gob.mx 192.185.131.128
66.249.70.68 - - [28/Apr/2025:08:30:53 -0600] "GET /favicon.ico HTTP/1.1" 500 - "-" "Googlebot-Image/1.0" acancehyucatan.gob.mx 192.185.131.128
66.249.64.98 - - [28/Apr/2025:08:30:54 -0600] "GET /shopdetail/12434641 HTTP/1.1" 200 31864 "-" "Mozilla/5.0 (Linux; Android 6.0.1; Nexus 5X Build/MMB29P) AppleWebKit/537.36 (KHTML, like Gecko) Chrome/135.0.7049.95 Mobile Safari/537.36 (compatible; GoogleOther)" www.acancehyucatan.gob.mx 192.185.131.128
66.249.64.98 - - [28/Apr/2025:08:30:56 -0600] "POST /get-message-notify HTTP/1.1" 200 31638 "https://www.acancehyucatan.gob.mx/shopdetail/12434641" "Mozilla/5.0 (Linux; Android 6.0.1; Nexus 5X Build/MMB29P) AppleWebKit/537.36 (KHTML, like Gecko) Chrome/134.0.6998.165 Mobile Safari/537.36 (compatible; Googlebot/2.1; +http://www.google.com/bot.html)" www.acancehyucatan.gob.mx 192.185.131.128
66.249.64.98 - - [28/Apr/2025:08:30:59 -0600] "POST /get-message-notify HTTP/1.1" 200 31638 "https://www.acancehyucatan.gob.mx/shopdetail/5769641" "Mozilla/5.0 (Linux; Android 6.0.1; Nexus 5X Build/MMB29P) AppleWebKit/537.36 (KHTML, like Gecko) Chrome/134.0.6998.165 Mobile Safari/537.36 (compatible; Googlebot/2.1; +http://www.google.com/bot.html)" www.acancehyucatan.gob.mx 192.185.131.128
66.249.64.99 - - [28/Apr/2025:08:31:22 -0600] "GET /?_gl=1*1ix4f11*_gcl_au*MTYxMTI1OTI3MS4xNzIxODg2NjU0*_ga*ODYyMzk4MzA3LjE2OTk0NTM1Nzg.*_ga_7H42SVMQ0V*MTcyMTg4NjY1NS4xMjEuMS4xNzIxODg2NjY5LjQ2LjAuMA..&_ga=2.198040047.1958808748.1721886654-862398307.1699453578&_bdsid=2ulvIJ.n~ZXCIW.1721886656070.1721886848&_bd_prev_page=https://www.acancehyucatan.gob.mx/detail.php?shopdetail/25178118 HTTP/1.1" 200 41837 "-" "Mozilla/5.0 (compatible; Googlebot/2.1; +http://www.google.com/bot.html)" www.acancehyucatan.gob.mx 192.185.131.128
66.249.64.98 - - [28/Apr/2025:08:31:31 -0600] "GET /shopdetail/11887796 HTTP/1.1" 200 33051 "-" "Mozilla/5.0 (Linux; Android 6.0.1; Nexus 5X Build/MMB29P) AppleWebKit/537.36 (KHTML, like Gecko) Chrome/135.0.7049.95 Mobile Safari/537.36 (compatible; GoogleOther)" www.acancehyucatan.gob.mx 192.185.131.128
66.249.64.98 - - [28/Apr/2025:08:31:33 -0600] "GET /zewao/h1965998.html HTTP/1.1" 200 38061 "-" "Mozilla/5.0 (Linux; Android 6.0.1; Nexus 5X Build/MMB29P) AppleWebKit/537.36 (KHTML, like Gecko) Chrome/135.0.7049.95 Mobile Safari/537.36 (compatible; GoogleOther)" www.acancehyucatan.gob.mx 192.185.131.128
66.249.64.98 - - [28/Apr/2025:08:31:37 -0600] "POST /get-message-notify HTTP/1.1" 200 31638 "https://www.acancehyucatan.gob.mx/zewao/h1965998.html" "Mozilla/5.0 (Linux; Android 6.0.1; Nexus 5X Build/MMB29P) AppleWebKit/537.36 (KHTML, like Gecko) Chrome/134.0.6998.165 Mobile Safari/537.36 (compatible; Googlebot/2.1; +http://www.google.com/bot.html)" www.acancehyucatan.gob.mx 192.185.131.128
66.249.64.98 - - [28/Apr/2025:08:31:37 -0600] "POST /get-message-notify HTTP/1.1" 200 31638 "https://www.acancehyucatan.gob.mx/shopdetail/11887796" "Mozilla/5.0 (Linux; Android 6.0.1; Nexus 5X Build/MMB29P) AppleWebKit/537.36 (KHTML, like Gecko) Chrome/134.0.6998.165 Mobile Safari/537.36 (compatible; Googlebot/2.1; +http://www.google.com/bot.html)" www.acancehyucatan.gob.mx 192.185.131.128
66.249.64.98 - - [28/Apr/2025:08:31:46 -0600] "GET /shopdetail/11796541 HTTP/1.1" 200 30848 "-" "Mozilla/5.0 (Linux; Android 6.0.1; Nexus 5X Build/MMB29P) AppleWebKit/537.36 (KHTML, like Gecko) Chrome/135.0.7049.95 Mobile Safari/537.36 (compatible; GoogleOther)" www.acancehyucatan.gob.mx 192.185.131.128
66.249.64.98 - - [28/Apr/2025:08:31:58 -0600] "POST /get-message-notify HTTP/1.1" 200 31638 "https://www.acancehyucatan.gob.mx/shopdetail/11796541" "Mozilla/5.0 (Linux; Android 6.0.1; Nexus 5X Build/MMB29P) AppleWebKit/537.36 (KHTML, like Gecko) Chrome/134.0.6998.165 Mobile Safari/537.36 (compatible; Googlebot/2.1; +http://www.google.com/bot.html)" www.acancehyucatan.gob.mx 192.185.131.128
52.167.144.177 - - [28/Apr/2025:08:32:26 -0600] "GET /kesoy/p1871522.html HTTP/2.0" 200 31921 "-" "Mozilla/5.0 AppleWebKit/537.36 (KHTML, like Gecko; compatible; bingbot/2.0; +http://www.bing.com/bingbot.htm) Chrome/116.0.1938.76 Safari/537.36" acancehyucatan.gob.mx 192.185.131.128
40.77.167.255 - - [28/Apr/2025:08:32:27 -0600] "GET /nktdj/h2166120.html HTTP/2.0" 200 29283 "-" "Mozilla/5.0 AppleWebKit/537.36 (KHTML, like Gecko; compatible; bingbot/2.0; +http://www.bing.com/bingbot.htm) Chrome/116.0.1938.76 Safari/537.36" www.acancehyucatan.gob.mx 192.185.131.128
66.249.70.69 - - [28/Apr/2025:08:32:46 -0600] "GET /index.php?shopdetail/26951885 HTTP/1.1" 200 30675 "-" "Mozilla/5.0 (compatible; Googlebot/2.1; +http://www.google.com/bot.html)" acancehyucatan.gob.mx 192.185.131.128
66.249.70.68 - - [28/Apr/2025:08:32:59 -0600] "GET /index.php?shopdetail/26031618 HTTP/1.1" 200 27771 "-" "Mozilla/5.0 (compatible; Googlebot/2.1; +http://www.google.com/bot.html)" acancehyucatan.gob.mx 192.185.131.128
66.249.64.100 - - [28/Apr/2025:08:33:05 -0600] "GET /shopdetail/17820085 HTTP/1.1" 200 31252 "-" "Mozilla/5.0 (Linux; Android 6.0.1; Nexus 5X Build/MMB29P) AppleWebKit/537.36 (KHTML, like Gecko) Chrome/135.0.7049.95 Mobile Safari/537.36 (compatible; GoogleOther)" www.acancehyucatan.gob.mx 192.185.131.128
66.249.70.68 - - [28/Apr/2025:08:33:08 -0600] "GET /index.php?pcmypage?callback=/product%2Fdetail%2F44670187 HTTP/1.1" 200 32428 "-" "Mozilla/5.0 (Linux; Android 6.0.1; Nexus 5X Build/MMB29P) AppleWebKit/537.36 (KHTML, like Gecko) Chrome/135.0.7049.95 Mobile Safari/537.36 (compatible; GoogleOther)" acancehyucatan.gob.mx 192.185.131.128
66.249.70.68 - - [28/Apr/2025:08:33:10 -0600] "POST /get-message-notify HTTP/1.1" 200 31535 "https://acancehyucatan.gob.mx/index.php?pcmypage?callback=/product%2Fdetail%2F44670187" "Mozilla/5.0 (Linux; Android 6.0.1; Nexus 5X Build/MMB29P) AppleWebKit/537.36 (KHTML, like Gecko) Chrome/134.0.6998.165 Mobile Safari/537.36 (compatible; Googlebot/2.1; +http://www.google.com/bot.html)" acancehyucatan.gob.mx 192.185.131.128
66.249.64.98 - - [28/Apr/2025:08:33:11 -0600] "POST /get-message-notify HTTP/1.1" 200 31638 "https://www.acancehyucatan.gob.mx/shopdetail/17820085" "Mozilla/5.0 (Linux; Android 6.0.1; Nexus 5X Build/MMB29P) AppleWebKit/537.36 (KHTML, like Gecko) Chrome/134.0.6998.165 Mobile Safari/537.36 (compatible; Googlebot/2.1; +http://www.google.com/bot.html)" www.acancehyucatan.gob.mx 192.185.131.128
66.249.64.98 - - [28/Apr/2025:08:33:36 -0600] "GET /pcmypage?callback=product%2Fdetail%2F42475754 HTTP/1.1" 200 30384 "-" "Mozilla/5.0 (Linux; Android 6.0.1; Nexus 5X Build/MMB29P) AppleWebKit/537.36 (KHTML, like Gecko) Chrome/135.0.7049.95 Mobile Safari/537.36 (compatible; GoogleOther)" www.acancehyucatan.gob.mx 192.185.131.128
66.249.64.98 - - [28/Apr/2025:08:33:38 -0600] "GET /shopdetail/13384152 HTTP/1.1" 200 31282 "-" "Mozilla/5.0 (Linux; Android 6.0.1; Nexus 5X Build/MMB29P) AppleWebKit/537.36 (KHTML, like Gecko) Chrome/135.0.7049.95 Mobile Safari/537.36 (compatible; GoogleOther)" www.acancehyucatan.gob.mx 192.185.131.128
20.15.133.164 - - [28/Apr/2025:08:33:39 -0600] "GET /robots.txt HTTP/2.0" 200 91 "-" "Mozilla/5.0 AppleWebKit/537.36 (KHTML, like Gecko; compatible; bingbot/2.0; +http://www.bing.com/bingbot.htm) Chrome/116.0.1938.76 Safari/537.36" www.acancehyucatan.gob.mx 192.185.131.128
66.249.64.98 - - [28/Apr/2025:08:33:39 -0600] "POST /get-message-notify HTTP/1.1" 200 31638 "https://www.acancehyucatan.gob.mx/shopdetail/13384152" "Mozilla/5.0 (Linux; Android 6.0.1; Nexus 5X Build/MMB29P) AppleWebKit/537.36 (KHTML, like Gecko) Chrome/134.0.6998.165 Mobile Safari/537.36 (compatible; Googlebot/2.1; +http://www.google.com/bot.html)" www.acancehyucatan.gob.mx 192.185.131.128
66.249.64.98 - - [28/Apr/2025:08:33:44 -0600] "GET /shopdetail/24278107 HTTP/1.1" 200 30381 "-" "Mozilla/5.0 (Linux; Android 6.0.1; Nexus 5X Build/MMB29P) AppleWebKit/537.36 (KHTML, like Gecko) Chrome/135.0.7049.95 Mobile Safari/537.36 (compatible; GoogleOther)" www.acancehyucatan.gob.mx 192.185.131.128
66.249.64.98 - - [28/Apr/2025:08:33:46 -0600] "POST /get-message-notify HTTP/1.1" 200 31638 "https://www.acancehyucatan.gob.mx/shopdetail/24278107" "Mozilla/5.0 (Linux; Android 6.0.1; Nexus 5X Build/MMB29P) AppleWebKit/537.36 (KHTML, like Gecko) Chrome/134.0.6998.165 Mobile Safari/537.36 (compatible; Googlebot/2.1; +http://www.google.com/bot.html)" www.acancehyucatan.gob.mx 192.185.131.128
66.249.64.98 - - [28/Apr/2025:08:33:48 -0600] "POST /get-message-notify HTTP/1.1" 200 31638 "https://www.acancehyucatan.gob.mx/pcmypage?callback=product%2Fdetail%2F42475754" "Mozilla/5.0 (Linux; Android 6.0.1; Nexus 5X Build/MMB29P) AppleWebKit/537.36 (KHTML, like Gecko) Chrome/134.0.6998.165 Mobile Safari/537.36 (compatible; Googlebot/2.1; +http://www.google.com/bot.html)" www.acancehyucatan.gob.mx 192.185.131.128
66.249.64.100 - - [28/Apr/2025:08:34:05 -0600] "GET /shopdetail/10325174 HTTP/1.1" 200 31545 "-" "Mozilla/5.0 (Linux; Android 6.0.1; Nexus 5X Build/MMB29P) AppleWebKit/537.36 (KHTML, like Gecko) Chrome/135.0.7049.95 Mobile Safari/537.36 (compatible; GoogleOther)" www.acancehyucatan.gob.mx 192.185.131.128
66.249.64.98 - - [28/Apr/2025:08:34:09 -0600] "POST /get-message-notify HTTP/1.1" 200 31638 "https://www.acancehyucatan.gob.mx/shopdetail/10325174" "Mozilla/5.0 (Linux; Android 6.0.1; Nexus 5X Build/MMB29P) AppleWebKit/537.36 (KHTML, like Gecko) Chrome/134.0.6998.165 Mobile Safari/537.36 (compatible; Googlebot/2.1; +http://www.google.com/bot.html)" www.acancehyucatan.gob.mx 192.185.131.128
40.77.167.13 - - [28/Apr/2025:08:34:12 -0600] "GET /evqqr/r2942646.html HTTP/2.0" 200 32948 "-" "Mozilla/5.0 AppleWebKit/537.36 (KHTML, like Gecko; compatible; bingbot/2.0; +http://www.bing.com/bingbot.htm) Chrome/116.0.1938.76 Safari/537.36" www.acancehyucatan.gob.mx 192.185.131.128
66.249.64.98 - - [28/Apr/2025:08:34:16 -0600] "GET /shopdetail/9932307 HTTP/1.1" 200 31028 "-" "Mozilla/5.0 (Linux; Android 6.0.1; Nexus 5X Build/MMB29P) AppleWebKit/537.36 (KHTML, like Gecko) Chrome/135.0.7049.95 Mobile Safari/537.36 (compatible; GoogleOther)" www.acancehyucatan.gob.mx 192.185.131.128
207.46.13.130 - - [28/Apr/2025:08:34:17 -0600] "GET /jqwzf/z1910740.html HTTP/2.0" 200 33997 "-" "Mozilla/5.0 AppleWebKit/537.36 (KHTML, like Gecko; compatible; bingbot/2.0; +http://www.bing.com/bingbot.htm) Chrome/116.0.1938.76 Safari/537.36" www.acancehyucatan.gob.mx 192.185.131.128
66.249.64.98 - - [28/Apr/2025:08:34:18 -0600] "POST /get-message-notify HTTP/1.1" 200 31638 "https://www.acancehyucatan.gob.mx/shopdetail/9932307" "Mozilla/5.0 (Linux; Android 6.0.1; Nexus 5X Build/MMB29P) AppleWebKit/537.36 (KHTML, like Gecko) Chrome/134.0.6998.165 Mobile Safari/537.36 (compatible; Googlebot/2.1; +http://www.google.com/bot.html)" www.acancehyucatan.gob.mx 192.185.131.128
207.46.13.160 - - [28/Apr/2025:08:34:22 -0600] "GET /ubgro/n1796666.html HTTP/2.0" 200 32498 "-" "Mozilla/5.0 AppleWebKit/537.36 (KHTML, like Gecko; compatible; bingbot/2.0; +http://www.bing.com/bingbot.htm) Chrome/116.0.1938.76 Safari/537.36" www.acancehyucatan.gob.mx 192.185.131.128
66.249.64.98 - - [28/Apr/2025:08:34:25 -0600] "GET /qqbfs/v2512766.html HTTP/1.1" 200 30122 "-" "Mozilla/5.0 (Linux; Android 6.0.1; Nexus 5X Build/MMB29P) AppleWebKit/537.36 (KHTML, like Gecko) Chrome/135.0.7049.95 Mobile Safari/537.36 (compatible; GoogleOther)" www.acancehyucatan.gob.mx 192.185.131.128
66.249.64.98 - - [28/Apr/2025:08:34:27 -0600] "POST /get-message-notify HTTP/1.1" 200 31638 "https://www.acancehyucatan.gob.mx/qqbfs/v2512766.html" "Mozilla/5.0 (Linux; Android 6.0.1; Nexus 5X Build/MMB29P) AppleWebKit/537.36 (KHTML, like Gecko) Chrome/134.0.6998.165 Mobile Safari/537.36 (compatible; Googlebot/2.1; +http://www.google.com/bot.html)" www.acancehyucatan.gob.mx 192.185.131.128
66.249.64.98 - - [28/Apr/2025:08:34:38 -0600] "GET /shopdetail/9275752 HTTP/1.1" 200 34154 "-" "Mozilla/5.0 (Linux; Android 6.0.1; Nexus 5X Build/MMB29P) AppleWebKit/537.36 (KHTML, like Gecko) Chrome/135.0.7049.95 Mobile Safari/537.36 (compatible; GoogleOther)" www.acancehyucatan.gob.mx 192.185.131.128
66.249.64.98 - - [28/Apr/2025:08:34:39 -0600] "POST /get-message-notify HTTP/1.1" 200 31638 "https://www.acancehyucatan.gob.mx/shopdetail/9275752" "Mozilla/5.0 (Linux; Android 6.0.1; Nexus 5X Build/MMB29P) AppleWebKit/537.36 (KHTML, like Gecko) Chrome/134.0.6998.165 Mobile Safari/537.36 (compatible; Googlebot/2.1; +http://www.google.com/bot.html)" www.acancehyucatan.gob.mx 192.185.131.128
66.249.64.98 - - [28/Apr/2025:08:34:41 -0600] "GET /vnrhk/z1436084.html HTTP/1.1" 200 32180 "-" "Mozilla/5.0 (Linux; Android 6.0.1; Nexus 5X Build/MMB29P) AppleWebKit/537.36 (KHTML, like Gecko) Chrome/135.0.7049.95 Mobile Safari/537.36 (compatible; GoogleOther)" www.acancehyucatan.gob.mx 192.185.131.128
66.249.64.98 - - [28/Apr/2025:08:34:43 -0600] "POST /get-message-notify HTTP/1.1" 200 31638 "https://www.acancehyucatan.gob.mx/vnrhk/z1436084.html" "Mozilla/5.0 (Linux; Android 6.0.1; Nexus 5X Build/MMB29P) AppleWebKit/537.36 (KHTML, like Gecko) Chrome/134.0.6998.165 Mobile Safari/537.36 (compatible; Googlebot/2.1; +http://www.google.com/bot.html)" www.acancehyucatan.gob.mx 192.185.131.128
66.249.64.98 - - [28/Apr/2025:08:34:49 -0600] "GET /?_gl=1*1ix4f11*_gcl_au*MTYxMTI1OTI3MS4xNzIxODg2NjU0*_ga*ODYyMzk4MzA3LjE2OTk0NTM1Nzg.*_ga_7H42SVMQ0V*MTcyMTg4NjY1NS4xMjEuMS4xNzIxODg2NjY5LjQ2LjAuMA..&_ga=2.198040047.1958808748.1721886654-862398307.1699453578&_bdsid=2ulvIJ.n~ZXCIW.1721886656070.1721886848&_bd_prev_page=https://www.acancehyucatan.gob.mx/detail.php?product/edit/48530996 HTTP/1.1" 200 43571 "-" "Mozilla/5.0 (compatible; Googlebot/2.1; +http://www.google.com/bot.html)" www.acancehyucatan.gob.mx 192.185.131.128
66.249.64.98 - - [28/Apr/2025:08:34:56 -0600] "GET /shopdetail/6111074 HTTP/1.1" 200 31238 "-" "Mozilla/5.0 (Linux; Android 6.0.1; Nexus 5X Build/MMB29P) AppleWebKit/537.36 (KHTML, like Gecko) Chrome/135.0.7049.95 Mobile Safari/537.36 (compatible; GoogleOther)" www.acancehyucatan.gob.mx 192.185.131.128
66.249.64.99 - - [28/Apr/2025:08:35:05 -0600] "GET /lguxt/u132543.html HTTP/1.1" 200 29543 "-" "Mozilla/5.0 (Linux; Android 6.0.1; Nexus 5X Build/MMB29P) AppleWebKit/537.36 (KHTML, like Gecko) Chrome/135.0.7049.95 Mobile Safari/537.36 (compatible; GoogleOther)" www.acancehyucatan.gob.mx 192.185.131.128
66.249.64.100 - - [28/Apr/2025:08:35:08 -0600] "POST /get-message-notify HTTP/1.1" 200 31638 "https://www.acancehyucatan.gob.mx/lguxt/u132543.html" "Mozilla/5.0 (Linux; Android 6.0.1; Nexus 5X Build/MMB29P) AppleWebKit/537.36 (KHTML, like Gecko) Chrome/134.0.6998.165 Mobile Safari/537.36 (compatible; Googlebot/2.1; +http://www.google.com/bot.html)" www.acancehyucatan.gob.mx 192.185.131.128
66.249.64.98 - - [28/Apr/2025:08:35:09 -0600] "GET /?_gl=1*1ix4f11*_gcl_au*MTYxMTI1OTI3MS4xNzIxODg2NjU0*_ga*ODYyMzk4MzA3LjE2OTk0NTM1Nzg.*_ga_7H42SVMQ0V*MTcyMTg4NjY1NS4xMjEuMS4xNzIxODg2NjY5LjQ2LjAuMA..&_ga=2.198040047.1958808748.1721886654-862398307.1699453578&_bdsid=2ulvIJ.n~ZXCIW.1721886656070.1721886848&_bd_prev_page=https://www.acancehyucatan.gob.mx/detail.php?product/edit/84304179 HTTP/1.1" 200 45027 "-" "Mozilla/5.0 (Linux; Android 6.0.1; Nexus 5X Build/MMB29P) AppleWebKit/537.36 (KHTML, like Gecko) Chrome/135.0.7049.95 Mobile Safari/537.36 (compatible; Googlebot/2.1; +http://www.google.com/bot.html)" www.acancehyucatan.gob.mx 192.185.131.128
66.249.64.99 - - [28/Apr/2025:08:35:16 -0600] "GET /shopdetail/1089229 HTTP/1.1" 200 30532 "-" "Mozilla/5.0 (Linux; Android 6.0.1; Nexus 5X Build/MMB29P) AppleWebKit/537.36 (KHTML, like Gecko) Chrome/135.0.7049.95 Mobile Safari/537.36 (compatible; GoogleOther)" www.acancehyucatan.gob.mx 192.185.131.128
66.249.64.98 - - [28/Apr/2025:08:35:17 -0600] "GET /lguxt/u132543.html HTTP/1.1" 200 29543 "-" "Mozilla/5.0 (Linux; Android 6.0.1; Nexus 5X Build/MMB29P) AppleWebKit/537.36 (KHTML, like Gecko) Chrome/135.0.7049.95 Mobile Safari/537.36 (compatible; Googlebot/2.1; +http://www.google.com/bot.html)" www.acancehyucatan.gob.mx 192.185.131.128
66.249.64.98 - - [28/Apr/2025:08:35:22 -0600] "POST /get-message-notify HTTP/1.1" 200 31638 "https://www.acancehyucatan.gob.mx/lguxt/u132543.html" "Mozilla/5.0 (Linux; Android 6.0.1; Nexus 5X Build/MMB29P) AppleWebKit/537.36 (KHTML, like Gecko) Chrome/134.0.6998.165 Mobile Safari/537.36 (compatible; Googlebot/2.1; +http://www.google.com/bot.html)" www.acancehyucatan.gob.mx 192.185.131.128
66.249.64.98 - - [28/Apr/2025:08:35:23 -0600] "GET /shopdetail/11932730 HTTP/1.1" 200 30990 "-" "Mozilla/5.0 (Linux; Android 6.0.1; Nexus 5X Build/MMB29P) AppleWebKit/537.36 (KHTML, like Gecko) Chrome/135.0.7049.95 Mobile Safari/537.36 (compatible; GoogleOther)" www.acancehyucatan.gob.mx 192.185.131.128
66.249.64.98 - - [28/Apr/2025:08:35:23 -0600] "POST /get-message-notify HTTP/1.1" 200 31638 "https://www.acancehyucatan.gob.mx/shopdetail/6111074" "Mozilla/5.0 (Linux; Android 6.0.1; Nexus 5X Build/MMB29P) AppleWebKit/537.36 (KHTML, like Gecko) Chrome/134.0.6998.165 Mobile Safari/537.36 (compatible; Googlebot/2.1; +http://www.google.com/bot.html)" www.acancehyucatan.gob.mx 192.185.131.128
66.249.64.98 - - [28/Apr/2025:08:35:24 -0600] "POST /get-message-notify HTTP/1.1" 200 31638 "https://www.acancehyucatan.gob.mx/shopdetail/11932730" "Mozilla/5.0 (Linux; Android 6.0.1; Nexus 5X Build/MMB29P) AppleWebKit/537.36 (KHTML, like Gecko) Chrome/134.0.6998.165 Mobile Safari/537.36 (compatible; Googlebot/2.1; +http://www.google.com/bot.html)" www.acancehyucatan.gob.mx 192.185.131.128
66.249.64.98 - - [28/Apr/2025:08:35:24 -0600] "GET /shopdetail/3260307 HTTP/1.1" 200 29365 "-" "Mozilla/5.0 (Linux; Android 6.0.1; Nexus 5X Build/MMB29P) AppleWebKit/537.36 (KHTML, like Gecko) Chrome/135.0.7049.95 Mobile Safari/537.36 (compatible; GoogleOther)" www.acancehyucatan.gob.mx 192.185.131.128
66.249.64.98 - - [28/Apr/2025:08:35:26 -0600] "POST /get-message-notify HTTP/1.1" 200 31638 "https://www.acancehyucatan.gob.mx/shopdetail/1089229" "Mozilla/5.0 (Linux; Android 6.0.1; Nexus 5X Build/MMB29P) AppleWebKit/537.36 (KHTML, like Gecko) Chrome/134.0.6998.165 Mobile Safari/537.36 (compatible; Googlebot/2.1; +http://www.google.com/bot.html)" www.acancehyucatan.gob.mx 192.185.131.128
66.249.64.98 - - [28/Apr/2025:08:35:27 -0600] "POST /get-message-notify HTTP/1.1" 200 31638 "https://www.acancehyucatan.gob.mx/shopdetail/3260307" "Mozilla/5.0 (Linux; Android 6.0.1; Nexus 5X Build/MMB29P) AppleWebKit/537.36 (KHTML, like Gecko) Chrome/134.0.6998.165 Mobile Safari/537.36 (compatible; Googlebot/2.1; +http://www.google.com/bot.html)" www.acancehyucatan.gob.mx 192.185.131.128
66.249.64.98 - - [28/Apr/2025:08:35:30 -0600] "GET /?_gl=1*1ix4f11*_gcl_au*MTYxMTI1OTI3MS4xNzIxODg2NjU0*_ga*ODYyMzk4MzA3LjE2OTk0NTM1Nzg.*_ga_7H42SVMQ0V*MTcyMTg4NjY1NS4xMjEuMS4xNzIxODg2NjY5LjQ2LjAuMA..&_ga=2.198040047.1958808748.1721886654-862398307.1699453578&_bdsid=2ulvIJ.n~ZXCIW.1721886656070.1721886848&_bd_prev_page=https://www.acancehyucatan.gob.mx/detail.php?shopdetail/19023052 HTTP/1.1" 200 43773 "-" "Mozilla/5.0 (Linux; Android 6.0.1; Nexus 5X Build/MMB29P) AppleWebKit/537.36 (KHTML, like Gecko) Chrome/135.0.7049.95 Mobile Safari/537.36 (compatible; Googlebot/2.1; +http://www.google.com/bot.html)" www.acancehyucatan.gob.mx 192.185.131.128
66.249.70.69 - - [28/Apr/2025:08:35:32 -0600] "GET /shopdetail/19507252 HTTP/1.1" 200 34078 "-" "Mozilla/5.0 (Linux; Android 6.0.1; Nexus 5X Build/MMB29P) AppleWebKit/537.36 (KHTML, like Gecko) Chrome/135.0.7049.95 Mobile Safari/537.36 (compatible; GoogleOther)" acancehyucatan.gob.mx 192.185.131.128
66.249.64.99 - - [28/Apr/2025:08:35:33 -0600] "GET /shopdetail/15968352 HTTP/1.1" 200 30081 "-" "Mozilla/5.0 (Linux; Android 6.0.1; Nexus 5X Build/MMB29P) AppleWebKit/537.36 (KHTML, like Gecko) Chrome/135.0.7049.95 Mobile Safari/537.36 (compatible; GoogleOther)" www.acancehyucatan.gob.mx 192.185.131.128
52.167.144.183 - - [28/Apr/2025:08:35:33 -0600] "GET /titulov.php?shopdetail/7320441 HTTP/2.0" 200 30211 "-" "Mozilla/5.0 AppleWebKit/537.36 (KHTML, like Gecko; compatible; bingbot/2.0; +http://www.bing.com/bingbot.htm) Chrome/116.0.1938.76 Safari/537.36" acancehyucatan.gob.mx 192.185.131.128
66.249.70.68 - - [28/Apr/2025:08:35:36 -0600] "POST /get-message-notify HTTP/1.1" 200 31535 "https://acancehyucatan.gob.mx/shopdetail/19507252" "Mozilla/5.0 (Linux; Android 6.0.1; Nexus 5X Build/MMB29P) AppleWebKit/537.36 (KHTML, like Gecko) Chrome/134.0.6998.165 Mobile Safari/537.36 (compatible; Googlebot/2.1; +http://www.google.com/bot.html)" acancehyucatan.gob.mx 192.185.131.128
66.249.64.98 - - [28/Apr/2025:08:35:36 -0600] "POST /get-message-notify HTTP/1.1" 200 31638 "https://www.acancehyucatan.gob.mx/shopdetail/15968352" "Mozilla/5.0 (Linux; Android 6.0.1; Nexus 5X Build/MMB29P) AppleWebKit/537.36 (KHTML, like Gecko) Chrome/134.0.6998.165 Mobile Safari/537.36 (compatible; Googlebot/2.1; +http://www.google.com/bot.html)" www.acancehyucatan.gob.mx 192.185.131.128
66.249.70.69 - - [28/Apr/2025:08:35:37 -0600] "GET /index.php?shopdetail/9966263 HTTP/1.1" 200 31153 "-" "Mozilla/5.0 (compatible; Googlebot/2.1; +http://www.google.com/bot.html)" acancehyucatan.gob.mx 192.185.131.128
66.249.64.98 - - [28/Apr/2025:08:35:39 -0600] "GET /safe_search/config?return_url=%2Fproduct%2Fdetail%2F75959351 HTTP/1.1" 200 29682 "-" "Mozilla/5.0 (Linux; Android 6.0.1; Nexus 5X Build/MMB29P) AppleWebKit/537.36 (KHTML, like Gecko) Chrome/135.0.7049.95 Mobile Safari/537.36 (compatible; GoogleOther)" www.acancehyucatan.gob.mx 192.185.131.128
66.249.64.98 - - [28/Apr/2025:08:35:41 -0600] "POST /get-message-notify HTTP/1.1" 200 31638 "https://www.acancehyucatan.gob.mx/safe_search/config?return_url=%2Fproduct%2Fdetail%2F75959351" "Mozilla/5.0 (Linux; Android 6.0.1; Nexus 5X Build/MMB29P) AppleWebKit/537.36 (KHTML, like Gecko) Chrome/134.0.6998.165 Mobile Safari/537.36 (compatible; Googlebot/2.1; +http://www.google.com/bot.html)" www.acancehyucatan.gob.mx 192.185.131.128
66.249.64.99 - - [28/Apr/2025:08:35:42 -0600] "GET /?_gl=1*1ix4f11*_gcl_au*MTYxMTI1OTI3MS4xNzIxODg2NjU0*_ga*ODYyMzk4MzA3LjE2OTk0NTM1Nzg.*_ga_7H42SVMQ0V*MTcyMTg4NjY1NS4xMjEuMS4xNzIxODg2NjY5LjQ2LjAuMA..&_ga=2.198040047.1958808748.1721886654-862398307.1699453578&_bdsid=2ulvIJ.n~ZXCIW.1721886656070.1721886848&_bd_prev_page=https://www.acancehyucatan.gob.mx/detail.php?shopdetail/13664474 HTTP/1.1" 200 44692 "-" "Mozilla/5.0 (compatible; Googlebot/2.1; +http://www.google.com/bot.html)" www.acancehyucatan.gob.mx 192.185.131.128
66.249.64.99 - - [28/Apr/2025:08:35:51 -0600] "GET /shopdetail/11286518 HTTP/1.1" 200 28530 "-" "Mozilla/5.0 (Linux; Android 6.0.1; Nexus 5X Build/MMB29P) AppleWebKit/537.36 (KHTML, like Gecko) Chrome/135.0.7049.95 Mobile Safari/537.36 (compatible; GoogleOther)" www.acancehyucatan.gob.mx 192.185.131.128
66.249.64.99 - - [28/Apr/2025:08:35:53 -0600] "POST /get-message-notify HTTP/1.1" 200 31638 "https://www.acancehyucatan.gob.mx/shopdetail/11286518" "Mozilla/5.0 (Linux; Android 6.0.1; Nexus 5X Build/MMB29P) AppleWebKit/537.36 (KHTML, like Gecko) Chrome/134.0.6998.165 Mobile Safari/537.36 (compatible; Googlebot/2.1; +http://www.google.com/bot.html)" www.acancehyucatan.gob.mx 192.185.131.128
66.249.70.68 - - [28/Apr/2025:08:35:56 -0600] "GET /index.php?shopdetail/2727230 HTTP/1.1" 200 28938 "-" "Mozilla/5.0 (Linux; Android 6.0.1; Nexus 5X Build/MMB29P) AppleWebKit/537.36 (KHTML, like Gecko) Chrome/135.0.7049.95 Mobile Safari/537.36 (compatible; Googlebot/2.1; +http://www.google.com/bot.html)" acancehyucatan.gob.mx 192.185.131.128
66.249.64.100 - - [28/Apr/2025:08:36:03 -0600] "GET /pcmypage?callback=product%2Fdetail%2F87463984 HTTP/1.1" 200 31588 "-" "Mozilla/5.0 (Linux; Android 6.0.1; Nexus 5X Build/MMB29P) AppleWebKit/537.36 (KHTML, like Gecko) Chrome/135.0.7049.95 Mobile Safari/537.36 (compatible; GoogleOther)" www.acancehyucatan.gob.mx 192.185.131.128
66.249.70.68 - - [28/Apr/2025:08:36:04 -0600] "GET /index.php?pcmypage?callback=product/review/35541970 HTTP/1.1" 200 38852 "-" "Mozilla/5.0 (Linux; Android 6.0.1; Nexus 5X Build/MMB29P) AppleWebKit/537.36 (KHTML, like Gecko) Chrome/135.0.7049.95 Mobile Safari/537.36 (compatible; GoogleOther)" acancehyucatan.gob.mx 192.185.131.128
66.249.64.98 - - [28/Apr/2025:08:36:05 -0600] "POST /get-message-notify HTTP/1.1" 200 31638 "https://www.acancehyucatan.gob.mx/pcmypage?callback=product%2Fdetail%2F87463984" "Mozilla/5.0 (Linux; Android 6.0.1; Nexus 5X Build/MMB29P) AppleWebKit/537.36 (KHTML, like Gecko) Chrome/134.0.6998.165 Mobile Safari/537.36 (compatible; Googlebot/2.1; +http://www.google.com/bot.html)" www.acancehyucatan.gob.mx 192.185.131.128
66.249.70.68 - - [28/Apr/2025:08:36:06 -0600] "POST /get-message-notify HTTP/1.1" 200 31535 "https://acancehyucatan.gob.mx/index.php?pcmypage?callback=product/review/35541970" "Mozilla/5.0 (Linux; Android 6.0.1; Nexus 5X Build/MMB29P) AppleWebKit/537.36 (KHTML, like Gecko) Chrome/134.0.6998.165 Mobile Safari/537.36 (compatible; Googlebot/2.1; +http://www.google.com/bot.html)" acancehyucatan.gob.mx 192.185.131.128
207.46.13.130 - - [28/Apr/2025:08:36:28 -0600] "GET /spiio/g1393139.html HTTP/2.0" 200 28391 "-" "Mozilla/5.0 AppleWebKit/537.36 (KHTML, like Gecko; compatible; bingbot/2.0; +http://www.bing.com/bingbot.htm) Chrome/116.0.1938.76 Safari/537.36" acancehyucatan.gob.mx 192.185.131.128
66.249.64.99 - - [28/Apr/2025:08:36:30 -0600] "GET /shopdetail/23269407 HTTP/1.1" 200 29993 "-" "Mozilla/5.0 (Linux; Android 6.0.1; Nexus 5X Build/MMB29P) AppleWebKit/537.36 (KHTML, like Gecko) Chrome/135.0.7049.95 Mobile Safari/537.36 (compatible; GoogleOther)" www.acancehyucatan.gob.mx 192.185.131.128
66.249.64.99 - - [28/Apr/2025:08:36:31 -0600] "POST /get-message-notify HTTP/1.1" 200 31638 "https://www.acancehyucatan.gob.mx/shopdetail/23269407" "Mozilla/5.0 (Linux; Android 6.0.1; Nexus 5X Build/MMB29P) AppleWebKit/537.36 (KHTML, like Gecko) Chrome/134.0.6998.165 Mobile Safari/537.36 (compatible; Googlebot/2.1; +http://www.google.com/bot.html)" www.acancehyucatan.gob.mx 192.185.131.128
66.249.64.98 - - [28/Apr/2025:08:36:39 -0600] "GET /?_gl=1*1ix4f11*_gcl_au*MTYxMTI1OTI3MS4xNzIxODg2NjU0*_ga*ODYyMzk4MzA3LjE2OTk0NTM1Nzg.*_ga_7H42SVMQ0V*MTcyMTg4NjY1NS4xMjEuMS4xNzIxODg2NjY5LjQ2LjAuMA..&_ga=2.198040047.1958808748.1721886654-862398307.1699453578&_bdsid=2ulvIJ.n~ZXCIW.1721886656070.1721886848&_bd_prev_page=https://www.acancehyucatan.gob.mx/detail.php?shopdetail/25241729 HTTP/1.1" 200 45028 "-" "Mozilla/5.0 (Linux; Android 6.0.1; Nexus 5X Build/MMB29P) AppleWebKit/537.36 (KHTML, like Gecko) Chrome/135.0.7049.95 Mobile Safari/537.36 (compatible; Googlebot/2.1; +http://www.google.com/bot.html)" www.acancehyucatan.gob.mx 192.185.131.128
207.46.13.130 - - [28/Apr/2025:08:36:48 -0600] "GET /tyohp/i472793.html HTTP/2.0" 200 30982 "-" "Mozilla/5.0 AppleWebKit/537.36 (KHTML, like Gecko; compatible; bingbot/2.0; +http://www.bing.com/bingbot.htm) Chrome/116.0.1938.76 Safari/537.36" www.acancehyucatan.gob.mx 192.185.131.128
66.249.64.98 - - [28/Apr/2025:08:36:50 -0600] "GET /shopdetail/7819618 HTTP/1.1" 200 39364 "-" "Mozilla/5.0 (Linux; Android 6.0.1; Nexus 5X Build/MMB29P) AppleWebKit/537.36 (KHTML, like Gecko) Chrome/135.0.7049.95 Mobile Safari/537.36 (compatible; GoogleOther)" www.acancehyucatan.gob.mx 192.185.131.128
66.249.64.98 - - [28/Apr/2025:08:36:52 -0600] "POST /get-message-notify HTTP/1.1" 200 31638 "https://www.acancehyucatan.gob.mx/shopdetail/7819618" "Mozilla/5.0 (Linux; Android 6.0.1; Nexus 5X Build/MMB29P) AppleWebKit/537.36 (KHTML, like Gecko) Chrome/134.0.6998.165 Mobile Safari/537.36 (compatible; Googlebot/2.1; +http://www.google.com/bot.html)" www.acancehyucatan.gob.mx 192.185.131.128
66.249.70.68 - - [28/Apr/2025:08:36:57 -0600] "GET /shopdetail/4089785 HTTP/1.1" 200 30460 "-" "Mozilla/5.0 (Linux; Android 6.0.1; Nexus 5X Build/MMB29P) AppleWebKit/537.36 (KHTML, like Gecko) Chrome/135.0.7049.95 Mobile Safari/537.36 (compatible; GoogleOther)" acancehyucatan.gob.mx 192.185.131.128
