66.249.64.98 - - [28/Apr/2025:14:01:12 -0600] "GET /pcmypage?callback=product/review/64783756 HTTP/1.1" 200 32402 "-" "Mozilla/5.0 (Linux; Android 6.0.1; Nexus 5X Build/MMB29P) AppleWebKit/537.36 (KHTML, like Gecko) Chrome/135.0.7049.95 Mobile Safari/537.36 (compatible; GoogleOther)" www.acancehyucatan.gob.mx 192.185.131.128
66.249.64.100 - - [28/Apr/2025:14:02:47 -0600] "GET /shopdetail/24841563 HTTP/1.1" 200 30810 "-" "Mozilla/5.0 (Linux; Android 6.0.1; Nexus 5X Build/MMB29P) AppleWebKit/537.36 (KHTML, like Gecko) Chrome/135.0.7049.95 Mobile Safari/537.36 (compatible; GoogleOther)" www.acancehyucatan.gob.mx 192.185.131.128
66.249.70.68 - - [28/Apr/2025:14:03:02 -0600] "GET /index.php?zhHant/product/surugaya/89106208?campaign_uid=f64d716db5e979ed2f947dbaf4296895b951ae7f HTTP/1.1" 200 31226 "-" "Mozilla/5.0 (Linux; Android 6.0.1; Nexus 5X Build/MMB29P) AppleWebKit/537.36 (KHTML, like Gecko) Chrome/135.0.7049.95 Mobile Safari/537.36 (compatible; GoogleOther)" acancehyucatan.gob.mx 192.185.131.128
66.249.70.68 - - [28/Apr/2025:14:03:10 -0600] "GET /shopdetail/25952729 HTTP/1.1" 200 31225 "-" "Mozilla/5.0 (Linux; Android 6.0.1; Nexus 5X Build/MMB29P) AppleWebKit/537.36 (KHTML, like Gecko) Chrome/135.0.7049.95 Mobile Safari/537.36 (compatible; GoogleOther)" acancehyucatan.gob.mx 192.185.131.128
66.249.64.99 - - [28/Apr/2025:14:03:11 -0600] "POST /get-message-notify HTTP/1.1" 200 31637 "https://www.acancehyucatan.gob.mx/shopdetail/24841563" "Mozilla/5.0 (Linux; Android 6.0.1; Nexus 5X Build/MMB29P) AppleWebKit/537.36 (KHTML, like Gecko) Chrome/134.0.6998.165 Mobile Safari/537.36 (compatible; Googlebot/2.1; +http://www.google.com/bot.html)" www.acancehyucatan.gob.mx 192.185.131.128
66.249.64.100 - - [28/Apr/2025:14:03:12 -0600] "GET /shopdetail/22942196 HTTP/1.1" 200 29608 "-" "Mozilla/5.0 (Linux; Android 6.0.1; Nexus 5X Build/MMB29P) AppleWebKit/537.36 (KHTML, like Gecko) Chrome/135.0.7049.95 Mobile Safari/537.36 (compatible; GoogleOther)" www.acancehyucatan.gob.mx 192.185.131.128
66.249.70.68 - - [28/Apr/2025:14:03:14 -0600] "POST /get-message-notify HTTP/1.1" 200 31534 "https://acancehyucatan.gob.mx/index.php?zhHant/product/surugaya/89106208?campaign_uid=f64d716db5e979ed2f947dbaf4296895b951ae7f" "Mozilla/5.0 (Linux; Android 6.0.1; Nexus 5X Build/MMB29P) AppleWebKit/537.36 (KHTML, like Gecko) Chrome/134.0.6998.165 Mobile Safari/537.36 (compatible; Googlebot/2.1; +http://www.google.com/bot.html)" acancehyucatan.gob.mx 192.185.131.128
66.249.70.68 - - [28/Apr/2025:14:03:25 -0600] "POST /get-message-notify HTTP/1.1" 200 31534 "https://acancehyucatan.gob.mx/shopdetail/25952729" "Mozilla/5.0 (Linux; Android 6.0.1; Nexus 5X Build/MMB29P) AppleWebKit/537.36 (KHTML, like Gecko) Chrome/134.0.6998.165 Mobile Safari/537.36 (compatible; Googlebot/2.1; +http://www.google.com/bot.html)" acancehyucatan.gob.mx 192.185.131.128
66.249.64.99 - - [28/Apr/2025:14:03:30 -0600] "POST /get-message-notify HTTP/1.1" 200 31637 "https://www.acancehyucatan.gob.mx/shopdetail/22942196" "Mozilla/5.0 (Linux; Android 6.0.1; Nexus 5X Build/MMB29P) AppleWebKit/537.36 (KHTML, like Gecko) Chrome/134.0.6998.165 Mobile Safari/537.36 (compatible; Googlebot/2.1; +http://www.google.com/bot.html)" www.acancehyucatan.gob.mx 192.185.131.128
66.249.64.98 - - [28/Apr/2025:14:03:36 -0600] "GET /shopdetail/2167374 HTTP/1.1" 200 33943 "-" "Mozilla/5.0 (Linux; Android 6.0.1; Nexus 5X Build/MMB29P) AppleWebKit/537.36 (KHTML, like Gecko) Chrome/135.0.7049.95 Mobile Safari/537.36 (compatible; GoogleOther)" www.acancehyucatan.gob.mx 192.185.131.128
66.249.70.68 - - [28/Apr/2025:14:03:38 -0600] "GET /shopdetail/11859985 HTTP/1.1" 200 40594 "-" "Mozilla/5.0 (Linux; Android 6.0.1; Nexus 5X Build/MMB29P) AppleWebKit/537.36 (KHTML, like Gecko) Chrome/135.0.7049.95 Mobile Safari/537.36 (compatible; GoogleOther)" acancehyucatan.gob.mx 192.185.131.128
52.167.144.162 - - [28/Apr/2025:14:03:42 -0600] "GET /husgp/i232527.html HTTP/2.0" 200 36052 "-" "Mozilla/5.0 AppleWebKit/537.36 (KHTML, like Gecko; compatible; bingbot/2.0; +http://www.bing.com/bingbot.htm) Chrome/116.0.1938.76 Safari/537.36" www.acancehyucatan.gob.mx 192.185.131.128
66.249.70.68 - - [28/Apr/2025:14:03:49 -0600] "GET /shopdetail/4837474 HTTP/1.1" 200 36788 "-" "Mozilla/5.0 (Linux; Android 6.0.1; Nexus 5X Build/MMB29P) AppleWebKit/537.36 (KHTML, like Gecko) Chrome/135.0.7049.95 Mobile Safari/537.36 (compatible; GoogleOther)" acancehyucatan.gob.mx 192.185.131.128
66.249.64.98 - - [28/Apr/2025:14:03:50 -0600] "POST /get-message-notify HTTP/1.1" 200 31637 "https://www.acancehyucatan.gob.mx/shopdetail/2167374" "Mozilla/5.0 (Linux; Android 6.0.1; Nexus 5X Build/MMB29P) AppleWebKit/537.36 (KHTML, like Gecko) Chrome/134.0.6998.165 Mobile Safari/537.36 (compatible; Googlebot/2.1; +http://www.google.com/bot.html)" www.acancehyucatan.gob.mx 192.185.131.128
40.77.167.47 - - [28/Apr/2025:14:03:51 -0600] "GET /qtsuk/s1447777.html HTTP/2.0" 200 30346 "-" "Mozilla/5.0 AppleWebKit/537.36 (KHTML, like Gecko; compatible; bingbot/2.0; +http://www.bing.com/bingbot.htm) Chrome/116.0.1938.76 Safari/537.36" www.acancehyucatan.gob.mx 192.185.131.128
66.249.70.68 - - [28/Apr/2025:14:03:53 -0600] "POST /get-message-notify HTTP/1.1" 200 31534 "https://acancehyucatan.gob.mx/shopdetail/11859985" "Mozilla/5.0 (Linux; Android 6.0.1; Nexus 5X Build/MMB29P) AppleWebKit/537.36 (KHTML, like Gecko) Chrome/134.0.6998.165 Mobile Safari/537.36 (compatible; Googlebot/2.1; +http://www.google.com/bot.html)" acancehyucatan.gob.mx 192.185.131.128
66.249.70.69 - - [28/Apr/2025:14:04:01 -0600] "POST /get-message-notify HTTP/1.1" 200 31534 "https://acancehyucatan.gob.mx/shopdetail/4837474" "Mozilla/5.0 (Linux; Android 6.0.1; Nexus 5X Build/MMB29P) AppleWebKit/537.36 (KHTML, like Gecko) Chrome/134.0.6998.165 Mobile Safari/537.36 (compatible; Googlebot/2.1; +http://www.google.com/bot.html)" acancehyucatan.gob.mx 192.185.131.128
66.249.70.69 - - [28/Apr/2025:14:04:04 -0600] "GET /index.php?pcmypage?callback=product%2Fdetail%2F47494381 HTTP/1.1" 200 27897 "-" "Mozilla/5.0 (compatible; Googlebot/2.1; +http://www.google.com/bot.html)" acancehyucatan.gob.mx 192.185.131.128
66.249.64.99 - - [28/Apr/2025:14:04:30 -0600] "GET /shopdetail/30086752 HTTP/1.1" 200 28752 "-" "Mozilla/5.0 (Linux; Android 6.0.1; Nexus 5X Build/MMB29P) AppleWebKit/537.36 (KHTML, like Gecko) Chrome/135.0.7049.95 Mobile Safari/537.36 (compatible; GoogleOther)" www.acancehyucatan.gob.mx 192.185.131.128
66.249.64.99 - - [28/Apr/2025:14:04:42 -0600] "POST /get-message-notify HTTP/1.1" 200 31637 "https://www.acancehyucatan.gob.mx/shopdetail/30086752" "Mozilla/5.0 (Linux; Android 6.0.1; Nexus 5X Build/MMB29P) AppleWebKit/537.36 (KHTML, like Gecko) Chrome/134.0.6998.165 Mobile Safari/537.36 (compatible; Googlebot/2.1; +http://www.google.com/bot.html)" www.acancehyucatan.gob.mx 192.185.131.128
66.249.70.68 - - [28/Apr/2025:14:04:59 -0600] "GET /index.php?product/edit/29403435 HTTP/1.1" 200 29666 "-" "Mozilla/5.0 (compatible; Googlebot/2.1; +http://www.google.com/bot.html)" acancehyucatan.gob.mx 192.185.131.128
66.249.70.68 - - [28/Apr/2025:14:05:01 -0600] "GET /index.php?zhHant/product/surugaya/46469124?campaign_uid=f64d716db5e979ed2f947dbaf4296895b951ae7f HTTP/1.1" 200 29165 "-" "Mozilla/5.0 (Linux; Android 6.0.1; Nexus 5X Build/MMB29P) AppleWebKit/537.36 (KHTML, like Gecko) Chrome/135.0.7049.95 Mobile Safari/537.36 (compatible; GoogleOther)" acancehyucatan.gob.mx 192.185.131.128
66.249.70.68 - - [28/Apr/2025:14:05:13 -0600] "GET /index.php?shopdetail/27669596 HTTP/1.1" 200 28075 "-" "Mozilla/5.0 (compatible; Googlebot/2.1; +http://www.google.com/bot.html)" acancehyucatan.gob.mx 192.185.131.128
66.249.70.68 - - [28/Apr/2025:14:05:14 -0600] "POST /get-message-notify HTTP/1.1" 200 31534 "https://acancehyucatan.gob.mx/index.php?zhHant/product/surugaya/46469124?campaign_uid=f64d716db5e979ed2f947dbaf4296895b951ae7f" "Mozilla/5.0 (Linux; Android 6.0.1; Nexus 5X Build/MMB29P) AppleWebKit/537.36 (KHTML, like Gecko) Chrome/134.0.6998.165 Mobile Safari/537.36 (compatible; Googlebot/2.1; +http://www.google.com/bot.html)" acancehyucatan.gob.mx 192.185.131.128
66.249.64.100 - - [28/Apr/2025:14:05:29 -0600] "GET /?_gl=1*1ix4f11*_gcl_au*MTYxMTI1OTI3MS4xNzIxODg2NjU0*_ga*ODYyMzk4MzA3LjE2OTk0NTM1Nzg.*_ga_7H42SVMQ0V*MTcyMTg4NjY1NS4xMjEuMS4xNzIxODg2NjY5LjQ2LjAuMA..&_ga=2.198040047.1958808748.1721886654-862398307.1699453578&_bdsid=2ulvIJ.n~ZXCIW.1721886656070.1721886848&_bd_prev_page=https://www.acancehyucatan.gob.mx/detail.php?product/edit/96293716 HTTP/1.1" 200 44211 "-" "Mozilla/5.0 (Linux; Android 6.0.1; Nexus 5X Build/MMB29P) AppleWebKit/537.36 (KHTML, like Gecko) Chrome/135.0.7049.95 Mobile Safari/537.36 (compatible; Googlebot/2.1; +http://www.google.com/bot.html)" www.acancehyucatan.gob.mx 192.185.131.128
66.249.70.68 - - [28/Apr/2025:14:05:35 -0600] "GET /shopdetail/9361285 HTTP/1.1" 200 32723 "-" "Mozilla/5.0 (Linux; Android 6.0.1; Nexus 5X Build/MMB29P) AppleWebKit/537.36 (KHTML, like Gecko) Chrome/135.0.7049.95 Mobile Safari/537.36 (compatible; GoogleOther)" acancehyucatan.gob.mx 192.185.131.128
66.249.70.68 - - [28/Apr/2025:14:05:47 -0600] "POST /get-message-notify HTTP/1.1" 200 31534 "https://acancehyucatan.gob.mx/shopdetail/9361285" "Mozilla/5.0 (Linux; Android 6.0.1; Nexus 5X Build/MMB29P) AppleWebKit/537.36 (KHTML, like Gecko) Chrome/134.0.6998.165 Mobile Safari/537.36 (compatible; Googlebot/2.1; +http://www.google.com/bot.html)" acancehyucatan.gob.mx 192.185.131.128
40.77.167.10 - - [28/Apr/2025:14:05:49 -0600] "GET /fmgcx/l291602.html HTTP/2.0" 200 29030 "-" "Mozilla/5.0 AppleWebKit/537.36 (KHTML, like Gecko; compatible; bingbot/2.0; +http://www.bing.com/bingbot.htm) Chrome/116.0.1938.76 Safari/537.36" www.acancehyucatan.gob.mx 192.185.131.128
52.167.144.171 - - [28/Apr/2025:14:05:53 -0600] "GET /bjyny/r1940970.html HTTP/2.0" 200 31228 "-" "Mozilla/5.0 AppleWebKit/537.36 (KHTML, like Gecko; compatible; bingbot/2.0; +http://www.bing.com/bingbot.htm) Chrome/116.0.1938.76 Safari/537.36" www.acancehyucatan.gob.mx 192.185.131.128
66.249.70.68 - - [28/Apr/2025:14:05:56 -0600] "GET /shopdetail/10770829 HTTP/1.1" 200 28873 "-" "Mozilla/5.0 (Linux; Android 6.0.1; Nexus 5X Build/MMB29P) AppleWebKit/537.36 (KHTML, like Gecko) Chrome/135.0.7049.95 Mobile Safari/537.36 (compatible; GoogleOther)" acancehyucatan.gob.mx 192.185.131.128
66.249.70.68 - - [28/Apr/2025:14:06:10 -0600] "POST /get-message-notify HTTP/1.1" 200 31534 "https://acancehyucatan.gob.mx/shopdetail/10770829" "Mozilla/5.0 (Linux; Android 6.0.1; Nexus 5X Build/MMB29P) AppleWebKit/537.36 (KHTML, like Gecko) Chrome/134.0.6998.165 Mobile Safari/537.36 (compatible; Googlebot/2.1; +http://www.google.com/bot.html)" acancehyucatan.gob.mx 192.185.131.128
157.55.39.13 - - [28/Apr/2025:14:06:19 -0600] "GET /egldm/n2646268.html HTTP/2.0" 200 31455 "-" "Mozilla/5.0 AppleWebKit/537.36 (KHTML, like Gecko; compatible; bingbot/2.0; +http://www.bing.com/bingbot.htm) Chrome/116.0.1938.76 Safari/537.36" www.acancehyucatan.gob.mx 192.185.131.128
40.77.167.55 - - [28/Apr/2025:14:06:51 -0600] "GET /cvebl/p2365860.html HTTP/2.0" 200 31848 "-" "Mozilla/5.0 AppleWebKit/537.36 (KHTML, like Gecko; compatible; bingbot/2.0; +http://www.bing.com/bingbot.htm) Chrome/116.0.1938.76 Safari/537.36" www.acancehyucatan.gob.mx 192.185.131.128
52.167.144.163 - - [28/Apr/2025:14:07:07 -0600] "GET /lirzb/g2591219.html HTTP/2.0" 200 34473 "-" "Mozilla/5.0 AppleWebKit/537.36 (KHTML, like Gecko; compatible; bingbot/2.0; +http://www.bing.com/bingbot.htm) Chrome/116.0.1938.76 Safari/537.36" www.acancehyucatan.gob.mx 192.185.131.128
66.249.64.99 - - [28/Apr/2025:14:07:08 -0600] "GET /shopdetail/1349030 HTTP/1.1" 200 33830 "-" "Mozilla/5.0 (Linux; Android 6.0.1; Nexus 5X Build/MMB29P) AppleWebKit/537.36 (KHTML, like Gecko) Chrome/135.0.7049.95 Mobile Safari/537.36 (compatible; GoogleOther)" www.acancehyucatan.gob.mx 192.185.131.128
66.249.70.70 - - [28/Apr/2025:14:07:14 -0600] "GET /shopdetail/9665185 HTTP/1.1" 200 30912 "-" "Mozilla/5.0 (Linux; Android 6.0.1; Nexus 5X Build/MMB29P) AppleWebKit/537.36 (KHTML, like Gecko) Chrome/135.0.7049.95 Mobile Safari/537.36 (compatible; GoogleOther)" acancehyucatan.gob.mx 192.185.131.128
66.249.64.98 - - [28/Apr/2025:14:07:16 -0600] "POST /get-message-notify HTTP/1.1" 200 31637 "https://www.acancehyucatan.gob.mx/shopdetail/1349030" "Mozilla/5.0 (Linux; Android 6.0.1; Nexus 5X Build/MMB29P) AppleWebKit/537.36 (KHTML, like Gecko) Chrome/134.0.6998.165 Mobile Safari/537.36 (compatible; Googlebot/2.1; +http://www.google.com/bot.html)" www.acancehyucatan.gob.mx 192.185.131.128
66.249.64.98 - - [28/Apr/2025:14:07:23 -0600] "GET /?_gl=1*1ix4f11*_gcl_au*MTYxMTI1OTI3MS4xNzIxODg2NjU0*_ga*ODYyMzk4MzA3LjE2OTk0NTM1Nzg.*_ga_7H42SVMQ0V*MTcyMTg4NjY1NS4xMjEuMS4xNzIxODg2NjY5LjQ2LjAuMA..&_ga=2.198040047.1958808748.1721886654-862398307.1699453578&_bdsid=2ulvIJ.n~ZXCIW.1721886656070.1721886848&_bd_prev_page=https://www.acancehyucatan.gob.mx/detail.php?product/edit/25930731 HTTP/1.1" 200 44009 "-" "Mozilla/5.0 (compatible; Googlebot/2.1; +http://www.google.com/bot.html)" www.acancehyucatan.gob.mx 192.185.131.128
66.249.70.69 - - [28/Apr/2025:14:07:25 -0600] "POST /get-message-notify HTTP/1.1" 200 31534 "https://acancehyucatan.gob.mx/shopdetail/9665185" "Mozilla/5.0 (Linux; Android 6.0.1; Nexus 5X Build/MMB29P) AppleWebKit/537.36 (KHTML, like Gecko) Chrome/134.0.6998.165 Mobile Safari/537.36 (compatible; Googlebot/2.1; +http://www.google.com/bot.html)" acancehyucatan.gob.mx 192.185.131.128
66.249.70.69 - - [28/Apr/2025:14:07:26 -0600] "GET /index.php?shopdetail/13312985 HTTP/1.1" 200 37855 "-" "Mozilla/5.0 (compatible; Googlebot/2.1; +http://www.google.com/bot.html)" acancehyucatan.gob.mx 192.185.131.128
66.249.64.98 - - [28/Apr/2025:14:07:36 -0600] "GET /pcmypage?callback=product/review/93549984 HTTP/1.1" 200 30147 "-" "Mozilla/5.0 (Linux; Android 6.0.1; Nexus 5X Build/MMB29P) AppleWebKit/537.36 (KHTML, like Gecko) Chrome/135.0.7049.95 Mobile Safari/537.36 (compatible; GoogleOther)" www.acancehyucatan.gob.mx 192.185.131.128
157.55.39.13 - - [28/Apr/2025:14:07:38 -0600] "GET /smgix/e2982621.html HTTP/2.0" 200 30936 "-" "Mozilla/5.0 AppleWebKit/537.36 (KHTML, like Gecko; compatible; bingbot/2.0; +http://www.bing.com/bingbot.htm) Chrome/116.0.1938.76 Safari/537.36" www.acancehyucatan.gob.mx 192.185.131.128
66.249.64.98 - - [28/Apr/2025:14:07:42 -0600] "POST /get-message-notify HTTP/1.1" 200 31637 "https://www.acancehyucatan.gob.mx/pcmypage?callback=product/review/93549984" "Mozilla/5.0 (Linux; Android 6.0.1; Nexus 5X Build/MMB29P) AppleWebKit/537.36 (KHTML, like Gecko) Chrome/134.0.6998.165 Mobile Safari/537.36 (compatible; Googlebot/2.1; +http://www.google.com/bot.html)" www.acancehyucatan.gob.mx 192.185.131.128
207.46.13.92 - - [28/Apr/2025:14:08:18 -0600] "GET /xuhzi/n2778686.html HTTP/2.0" 200 - "-" "Mozilla/5.0 AppleWebKit/537.36 (KHTML, like Gecko; compatible; bingbot/2.0; +http://www.bing.com/bingbot.htm) Chrome/116.0.1938.76 Safari/537.36" www.acancehyucatan.gob.mx 192.185.131.128
40.77.167.151 - - [28/Apr/2025:14:09:22 -0600] "GET /stgiu/o1486357.html HTTP/2.0" 200 33307 "-" "Mozilla/5.0 AppleWebKit/537.36 (KHTML, like Gecko; compatible; bingbot/2.0; +http://www.bing.com/bingbot.htm) Chrome/116.0.1938.76 Safari/537.36" www.acancehyucatan.gob.mx 192.185.131.128
66.249.70.68 - - [28/Apr/2025:14:09:42 -0600] "GET /index.php?shopdetail/19656163 HTTP/1.1" 200 29354 "-" "Mozilla/5.0 (compatible; Googlebot/2.1; +http://www.google.com/bot.html)" acancehyucatan.gob.mx 192.185.131.128
66.249.70.68 - - [28/Apr/2025:14:10:30 -0600] "GET /index.php?shopdetail/30072374 HTTP/1.1" 200 28482 "-" "Mozilla/5.0 (Linux; Android 6.0.1; Nexus 5X Build/MMB29P) AppleWebKit/537.36 (KHTML, like Gecko) Chrome/135.0.7049.95 Mobile Safari/537.36 (compatible; Googlebot/2.1; +http://www.google.com/bot.html)" acancehyucatan.gob.mx 192.185.131.128
66.249.64.100 - - [28/Apr/2025:14:10:41 -0600] "GET /shopdetail/25559585 HTTP/1.1" 200 39471 "-" "Mozilla/5.0 (Linux; Android 6.0.1; Nexus 5X Build/MMB29P) AppleWebKit/537.36 (KHTML, like Gecko) Chrome/135.0.7049.95 Mobile Safari/537.36 (compatible; GoogleOther)" www.acancehyucatan.gob.mx 192.185.131.128
66.249.64.99 - - [28/Apr/2025:14:10:53 -0600] "POST /get-message-notify HTTP/1.1" 200 31637 "https://www.acancehyucatan.gob.mx/shopdetail/25559585" "Mozilla/5.0 (Linux; Android 6.0.1; Nexus 5X Build/MMB29P) AppleWebKit/537.36 (KHTML, like Gecko) Chrome/134.0.6998.165 Mobile Safari/537.36 (compatible; Googlebot/2.1; +http://www.google.com/bot.html)" www.acancehyucatan.gob.mx 192.185.131.128
66.249.64.99 - - [28/Apr/2025:14:11:42 -0600] "GET /pcmypage?callback=product%2Fdetail%2F81594039 HTTP/1.1" 200 33537 "-" "Mozilla/5.0 (Linux; Android 6.0.1; Nexus 5X Build/MMB29P) AppleWebKit/537.36 (KHTML, like Gecko) Chrome/135.0.7049.95 Mobile Safari/537.36 (compatible; GoogleOther)" www.acancehyucatan.gob.mx 192.185.131.128
66.249.64.99 - - [28/Apr/2025:14:11:42 -0600] "GET /shopdetail/3090641 HTTP/1.1" 200 30617 "-" "Mozilla/5.0 (Linux; Android 6.0.1; Nexus 5X Build/MMB29P) AppleWebKit/537.36 (KHTML, like Gecko) Chrome/135.0.7049.95 Mobile Safari/537.36 (compatible; GoogleOther)" www.acancehyucatan.gob.mx 192.185.131.128
66.249.64.98 - - [28/Apr/2025:14:11:47 -0600] "POST /get-message-notify HTTP/1.1" 200 31637 "https://www.acancehyucatan.gob.mx/pcmypage?callback=product%2Fdetail%2F81594039" "Mozilla/5.0 (Linux; Android 6.0.1; Nexus 5X Build/MMB29P) AppleWebKit/537.36 (KHTML, like Gecko) Chrome/134.0.6998.165 Mobile Safari/537.36 (compatible; Googlebot/2.1; +http://www.google.com/bot.html)" www.acancehyucatan.gob.mx 192.185.131.128
66.249.64.98 - - [28/Apr/2025:14:11:50 -0600] "POST /get-message-notify HTTP/1.1" 200 31637 "https://www.acancehyucatan.gob.mx/shopdetail/3090641" "Mozilla/5.0 (Linux; Android 6.0.1; Nexus 5X Build/MMB29P) AppleWebKit/537.36 (KHTML, like Gecko) Chrome/134.0.6998.165 Mobile Safari/537.36 (compatible; Googlebot/2.1; +http://www.google.com/bot.html)" www.acancehyucatan.gob.mx 192.185.131.128
66.249.64.98 - - [28/Apr/2025:14:12:12 -0600] "GET /vlgvx/t2967842.html HTTP/1.1" 200 39631 "-" "Mozilla/5.0 (Linux; Android 6.0.1; Nexus 5X Build/MMB29P) AppleWebKit/537.36 (KHTML, like Gecko) Chrome/135.0.7049.95 Mobile Safari/537.36 (compatible; GoogleOther)" www.acancehyucatan.gob.mx 192.185.131.128
66.249.64.100 - - [28/Apr/2025:14:12:12 -0600] "GET /shopdetail/12567363 HTTP/1.1" 200 28397 "-" "Mozilla/5.0 (Linux; Android 6.0.1; Nexus 5X Build/MMB29P) AppleWebKit/537.36 (KHTML, like Gecko) Chrome/135.0.7049.95 Mobile Safari/537.36 (compatible; GoogleOther)" www.acancehyucatan.gob.mx 192.185.131.128
66.249.64.100 - - [28/Apr/2025:14:12:14 -0600] "POST /get-message-notify HTTP/1.1" 200 31637 "https://www.acancehyucatan.gob.mx/shopdetail/12567363" "Mozilla/5.0 (Linux; Android 6.0.1; Nexus 5X Build/MMB29P) AppleWebKit/537.36 (KHTML, like Gecko) Chrome/134.0.6998.165 Mobile Safari/537.36 (compatible; Googlebot/2.1; +http://www.google.com/bot.html)" www.acancehyucatan.gob.mx 192.185.131.128
66.249.64.98 - - [28/Apr/2025:14:12:18 -0600] "POST /get-message-notify HTTP/1.1" 200 31637 "https://www.acancehyucatan.gob.mx/vlgvx/t2967842.html" "Mozilla/5.0 (Linux; Android 6.0.1; Nexus 5X Build/MMB29P) AppleWebKit/537.36 (KHTML, like Gecko) Chrome/134.0.6998.165 Mobile Safari/537.36 (compatible; Googlebot/2.1; +http://www.google.com/bot.html)" www.acancehyucatan.gob.mx 192.185.131.128
52.167.144.159 - - [28/Apr/2025:14:12:22 -0600] "GET /nmjjc/r616400.html HTTP/2.0" 200 34433 "-" "Mozilla/5.0 AppleWebKit/537.36 (KHTML, like Gecko; compatible; bingbot/2.0; +http://www.bing.com/bingbot.htm) Chrome/116.0.1938.76 Safari/537.36" www.acancehyucatan.gob.mx 192.185.131.128
66.249.64.98 - - [28/Apr/2025:14:12:24 -0600] "GET /shopdetail/11257030 HTTP/1.1" 200 33624 "-" "Mozilla/5.0 (Linux; Android 6.0.1; Nexus 5X Build/MMB29P) AppleWebKit/537.36 (KHTML, like Gecko) Chrome/135.0.7049.95 Mobile Safari/537.36 (compatible; GoogleOther)" www.acancehyucatan.gob.mx 192.185.131.128
66.249.64.98 - - [28/Apr/2025:14:12:27 -0600] "POST /get-message-notify HTTP/1.1" 200 31637 "https://www.acancehyucatan.gob.mx/shopdetail/11257030" "Mozilla/5.0 (Linux; Android 6.0.1; Nexus 5X Build/MMB29P) AppleWebKit/537.36 (KHTML, like Gecko) Chrome/134.0.6998.165 Mobile Safari/537.36 (compatible; Googlebot/2.1; +http://www.google.com/bot.html)" www.acancehyucatan.gob.mx 192.185.131.128
66.249.70.69 - - [28/Apr/2025:14:12:27 -0600] "GET /shopdetail/21551418 HTTP/1.1" 200 32798 "-" "Mozilla/5.0 (Linux; Android 6.0.1; Nexus 5X Build/MMB29P) AppleWebKit/537.36 (KHTML, like Gecko) Chrome/135.0.7049.95 Mobile Safari/537.36 (compatible; GoogleOther)" acancehyucatan.gob.mx 192.185.131.128
66.249.70.68 - - [28/Apr/2025:14:12:32 -0600] "POST /get-message-notify HTTP/1.1" 200 31534 "https://acancehyucatan.gob.mx/shopdetail/21551418" "Mozilla/5.0 (Linux; Android 6.0.1; Nexus 5X Build/MMB29P) AppleWebKit/537.36 (KHTML, like Gecko) Chrome/134.0.6998.165 Mobile Safari/537.36 (compatible; Googlebot/2.1; +http://www.google.com/bot.html)" acancehyucatan.gob.mx 192.185.131.128
66.249.64.98 - - [28/Apr/2025:14:12:52 -0600] "GET /shopdetail/12885030 HTTP/1.1" 200 28606 "-" "Mozilla/5.0 (Linux; Android 6.0.1; Nexus 5X Build/MMB29P) AppleWebKit/537.36 (KHTML, like Gecko) Chrome/135.0.7049.95 Mobile Safari/537.36 (compatible; GoogleOther)" www.acancehyucatan.gob.mx 192.185.131.128
66.249.64.98 - - [28/Apr/2025:14:13:00 -0600] "POST /get-message-notify HTTP/1.1" 200 31637 "https://www.acancehyucatan.gob.mx/shopdetail/12885030" "Mozilla/5.0 (Linux; Android 6.0.1; Nexus 5X Build/MMB29P) AppleWebKit/537.36 (KHTML, like Gecko) Chrome/134.0.6998.165 Mobile Safari/537.36 (compatible; Googlebot/2.1; +http://www.google.com/bot.html)" www.acancehyucatan.gob.mx 192.185.131.128
157.55.39.204 - - [28/Apr/2025:14:13:04 -0600] "GET /fskzp/s1861593.html HTTP/2.0" 200 28565 "-" "Mozilla/5.0 AppleWebKit/537.36 (KHTML, like Gecko; compatible; bingbot/2.0; +http://www.bing.com/bingbot.htm) Chrome/116.0.1938.76 Safari/537.36" acancehyucatan.gob.mx 192.185.131.128
66.249.64.98 - - [28/Apr/2025:14:14:04 -0600] "GET /shopdetail/11553918 HTTP/1.1" 200 49627 "-" "Mozilla/5.0 (Linux; Android 6.0.1; Nexus 5X Build/MMB29P) AppleWebKit/537.36 (KHTML, like Gecko) Chrome/135.0.7049.95 Mobile Safari/537.36 (compatible; GoogleOther)" www.acancehyucatan.gob.mx 192.185.131.128
52.167.144.161 - - [28/Apr/2025:14:14:08 -0600] "GET /eocpo/u759845.html HTTP/2.0" 200 32939 "-" "Mozilla/5.0 AppleWebKit/537.36 (KHTML, like Gecko; compatible; bingbot/2.0; +http://www.bing.com/bingbot.htm) Chrome/116.0.1938.76 Safari/537.36" www.acancehyucatan.gob.mx 192.185.131.128
66.249.64.99 - - [28/Apr/2025:14:14:16 -0600] "GET /shopdetail/6254374 HTTP/1.1" 200 28829 "-" "Mozilla/5.0 (Linux; Android 6.0.1; Nexus 5X Build/MMB29P) AppleWebKit/537.36 (KHTML, like Gecko) Chrome/135.0.7049.95 Mobile Safari/537.36 (compatible; GoogleOther)" www.acancehyucatan.gob.mx 192.185.131.128
66.249.64.98 - - [28/Apr/2025:14:14:17 -0600] "POST /get-message-notify HTTP/1.1" 200 31637 "https://www.acancehyucatan.gob.mx/shopdetail/11553918" "Mozilla/5.0 (Linux; Android 6.0.1; Nexus 5X Build/MMB29P) AppleWebKit/537.36 (KHTML, like Gecko) Chrome/134.0.6998.165 Mobile Safari/537.36 (compatible; Googlebot/2.1; +http://www.google.com/bot.html)" www.acancehyucatan.gob.mx 192.185.131.128
66.249.70.68 - - [28/Apr/2025:14:14:18 -0600] "GET /index.php?zhHant/product/surugaya/72279422?campaign_uid=f64d716db5e979ed2f947dbaf4296895b951ae7f HTTP/1.1" 200 31710 "-" "Mozilla/5.0 (Linux; Android 6.0.1; Nexus 5X Build/MMB29P) AppleWebKit/537.36 (KHTML, like Gecko) Chrome/135.0.7049.95 Mobile Safari/537.36 (compatible; GoogleOther)" acancehyucatan.gob.mx 192.185.131.128
66.249.64.98 - - [28/Apr/2025:14:14:46 -0600] "GET /shopdetail/7636485 HTTP/1.1" 200 39951 "-" "Mozilla/5.0 (Linux; Android 6.0.1; Nexus 5X Build/MMB29P) AppleWebKit/537.36 (KHTML, like Gecko) Chrome/135.0.7049.95 Mobile Safari/537.36 (compatible; GoogleOther)" www.acancehyucatan.gob.mx 192.185.131.128
66.249.64.98 - - [28/Apr/2025:14:14:47 -0600] "GET /shopdetail/11773018 HTTP/1.1" 200 30677 "-" "Mozilla/5.0 (Linux; Android 6.0.1; Nexus 5X Build/MMB29P) AppleWebKit/537.36 (KHTML, like Gecko) Chrome/135.0.7049.95 Mobile Safari/537.36 (compatible; GoogleOther)" www.acancehyucatan.gob.mx 192.185.131.128
66.249.64.98 - - [28/Apr/2025:14:14:49 -0600] "GET /shopdetail/10679807 HTTP/1.1" 200 36781 "-" "Mozilla/5.0 (Linux; Android 6.0.1; Nexus 5X Build/MMB29P) AppleWebKit/537.36 (KHTML, like Gecko) Chrome/135.0.7049.95 Mobile Safari/537.36 (compatible; GoogleOther)" www.acancehyucatan.gob.mx 192.185.131.128
40.77.167.7 - - [28/Apr/2025:14:14:53 -0600] "GET /zdnmu/l1012842.html HTTP/2.0" 200 31725 "-" "Mozilla/5.0 AppleWebKit/537.36 (KHTML, like Gecko; compatible; bingbot/2.0; +http://www.bing.com/bingbot.htm) Chrome/116.0.1938.76 Safari/537.36" www.acancehyucatan.gob.mx 192.185.131.128
66.249.64.98 - - [28/Apr/2025:14:14:57 -0600] "POST /get-message-notify HTTP/1.1" 200 31637 "https://www.acancehyucatan.gob.mx/shopdetail/7636485" "Mozilla/5.0 (Linux; Android 6.0.1; Nexus 5X Build/MMB29P) AppleWebKit/537.36 (KHTML, like Gecko) Chrome/134.0.6998.165 Mobile Safari/537.36 (compatible; Googlebot/2.1; +http://www.google.com/bot.html)" www.acancehyucatan.gob.mx 192.185.131.128
66.249.70.68 - - [28/Apr/2025:14:14:59 -0600] "GET /index.php?shopdetail/8538963 HTTP/1.1" 200 27734 "-" "Mozilla/5.0 (Linux; Android 6.0.1; Nexus 5X Build/MMB29P) AppleWebKit/537.36 (KHTML, like Gecko) Chrome/135.0.7049.95 Mobile Safari/537.36 (compatible; Googlebot/2.1; +http://www.google.com/bot.html)" acancehyucatan.gob.mx 192.185.131.128
66.249.64.98 - - [28/Apr/2025:14:15:00 -0600] "GET /shopdetail/22337318 HTTP/1.1" 200 30691 "-" "Mozilla/5.0 (Linux; Android 6.0.1; Nexus 5X Build/MMB29P) AppleWebKit/537.36 (KHTML, like Gecko) Chrome/135.0.7049.95 Mobile Safari/537.36 (compatible; GoogleOther)" www.acancehyucatan.gob.mx 192.185.131.128
66.249.64.98 - - [28/Apr/2025:14:15:02 -0600] "POST /get-message-notify HTTP/1.1" 200 31637 "https://www.acancehyucatan.gob.mx/shopdetail/10679807" "Mozilla/5.0 (Linux; Android 6.0.1; Nexus 5X Build/MMB29P) AppleWebKit/537.36 (KHTML, like Gecko) Chrome/134.0.6998.165 Mobile Safari/537.36 (compatible; Googlebot/2.1; +http://www.google.com/bot.html)" www.acancehyucatan.gob.mx 192.185.131.128
66.249.64.98 - - [28/Apr/2025:14:15:25 -0600] "GET /shopdetail/7270418 HTTP/1.1" 200 32691 "-" "Mozilla/5.0 (Linux; Android 6.0.1; Nexus 5X Build/MMB29P) AppleWebKit/537.36 (KHTML, like Gecko) Chrome/135.0.7049.95 Mobile Safari/537.36 (compatible; GoogleOther)" www.acancehyucatan.gob.mx 192.185.131.128
66.249.64.98 - - [28/Apr/2025:14:15:30 -0600] "GET /shopdetail/7189729 HTTP/1.1" 200 32740 "-" "Mozilla/5.0 (Linux; Android 6.0.1; Nexus 5X Build/MMB29P) AppleWebKit/537.36 (KHTML, like Gecko) Chrome/135.0.7049.95 Mobile Safari/537.36 (compatible; GoogleOther)" www.acancehyucatan.gob.mx 192.185.131.128
66.249.64.98 - - [28/Apr/2025:14:15:37 -0600] "POST /get-message-notify HTTP/1.1" 200 31637 "https://www.acancehyucatan.gob.mx/shopdetail/7270418" "Mozilla/5.0 (Linux; Android 6.0.1; Nexus 5X Build/MMB29P) AppleWebKit/537.36 (KHTML, like Gecko) Chrome/134.0.6998.165 Mobile Safari/537.36 (compatible; Googlebot/2.1; +http://www.google.com/bot.html)" www.acancehyucatan.gob.mx 192.185.131.128
66.249.64.98 - - [28/Apr/2025:14:15:38 -0600] "POST /get-message-notify HTTP/1.1" 200 31637 "https://www.acancehyucatan.gob.mx/shopdetail/7189729" "Mozilla/5.0 (Linux; Android 6.0.1; Nexus 5X Build/MMB29P) AppleWebKit/537.36 (KHTML, like Gecko) Chrome/134.0.6998.165 Mobile Safari/537.36 (compatible; Googlebot/2.1; +http://www.google.com/bot.html)" www.acancehyucatan.gob.mx 192.185.131.128
66.249.64.99 - - [28/Apr/2025:14:16:06 -0600] "GET /shopdetail/8020885 HTTP/1.1" 200 31618 "-" "Mozilla/5.0 (Linux; Android 6.0.1; Nexus 5X Build/MMB29P) AppleWebKit/537.36 (KHTML, like Gecko) Chrome/135.0.7049.95 Mobile Safari/537.36 (compatible; GoogleOther)" www.acancehyucatan.gob.mx 192.185.131.128
40.77.167.55 - - [28/Apr/2025:14:16:14 -0600] "GET /xgisp/r2575968.html HTTP/2.0" 200 32447 "-" "Mozilla/5.0 AppleWebKit/537.36 (KHTML, like Gecko; compatible; bingbot/2.0; +http://www.bing.com/bingbot.htm) Chrome/116.0.1938.76 Safari/537.36" www.acancehyucatan.gob.mx 192.185.131.128
66.249.64.98 - - [28/Apr/2025:14:16:18 -0600] "POST /get-message-notify HTTP/1.1" 200 31637 "https://www.acancehyucatan.gob.mx/shopdetail/8020885" "Mozilla/5.0 (Linux; Android 6.0.1; Nexus 5X Build/MMB29P) AppleWebKit/537.36 (KHTML, like Gecko) Chrome/134.0.6998.165 Mobile Safari/537.36 (compatible; Googlebot/2.1; +http://www.google.com/bot.html)" www.acancehyucatan.gob.mx 192.185.131.128
66.249.70.70 - - [28/Apr/2025:14:16:23 -0600] "GET /shopdetail/26063785 HTTP/1.1" 200 30720 "-" "Mozilla/5.0 (Linux; Android 6.0.1; Nexus 5X Build/MMB29P) AppleWebKit/537.36 (KHTML, like Gecko) Chrome/135.0.7049.95 Mobile Safari/537.36 (compatible; GoogleOther)" acancehyucatan.gob.mx 192.185.131.128
66.249.70.68 - - [28/Apr/2025:14:16:37 -0600] "POST /get-message-notify HTTP/1.1" 200 31534 "https://acancehyucatan.gob.mx/shopdetail/26063785" "Mozilla/5.0 (Linux; Android 6.0.1; Nexus 5X Build/MMB29P) AppleWebKit/537.36 (KHTML, like Gecko) Chrome/134.0.6998.165 Mobile Safari/537.36 (compatible; Googlebot/2.1; +http://www.google.com/bot.html)" acancehyucatan.gob.mx 192.185.131.128
66.249.64.98 - - [28/Apr/2025:14:16:40 -0600] "GET /shopdetail/5787774 HTTP/1.1" 200 37101 "-" "Mozilla/5.0 (Linux; Android 6.0.1; Nexus 5X Build/MMB29P) AppleWebKit/537.36 (KHTML, like Gecko) Chrome/135.0.7049.95 Mobile Safari/537.36 (compatible; GoogleOther)" www.acancehyucatan.gob.mx 192.185.131.128
66.249.64.98 - - [28/Apr/2025:14:16:50 -0600] "GET /shopdetail/30814218 HTTP/1.1" 200 31671 "-" "Mozilla/5.0 (Linux; Android 6.0.1; Nexus 5X Build/MMB29P) AppleWebKit/537.36 (KHTML, like Gecko) Chrome/135.0.7049.95 Mobile Safari/537.36 (compatible; GoogleOther)" www.acancehyucatan.gob.mx 192.185.131.128
66.249.64.98 - - [28/Apr/2025:14:16:52 -0600] "POST /get-message-notify HTTP/1.1" 200 31637 "https://www.acancehyucatan.gob.mx/shopdetail/5787774" "Mozilla/5.0 (Linux; Android 6.0.1; Nexus 5X Build/MMB29P) AppleWebKit/537.36 (KHTML, like Gecko) Chrome/134.0.6998.165 Mobile Safari/537.36 (compatible; Googlebot/2.1; +http://www.google.com/bot.html)" www.acancehyucatan.gob.mx 192.185.131.128
66.249.64.98 - - [28/Apr/2025:14:17:02 -0600] "POST /get-message-notify HTTP/1.1" 200 31637 "https://www.acancehyucatan.gob.mx/shopdetail/30814218" "Mozilla/5.0 (Linux; Android 6.0.1; Nexus 5X Build/MMB29P) AppleWebKit/537.36 (KHTML, like Gecko) Chrome/134.0.6998.165 Mobile Safari/537.36 (compatible; Googlebot/2.1; +http://www.google.com/bot.html)" www.acancehyucatan.gob.mx 192.185.131.128
66.249.64.99 - - [28/Apr/2025:14:17:22 -0600] "GET /vmhsi/y1977247.html HTTP/1.1" 200 28928 "-" "Mozilla/5.0 (Linux; Android 6.0.1; Nexus 5X Build/MMB29P) AppleWebKit/537.36 (KHTML, like Gecko) Chrome/135.0.7049.95 Mobile Safari/537.36 (compatible; GoogleOther)" www.acancehyucatan.gob.mx 192.185.131.128
66.249.64.98 - - [28/Apr/2025:14:17:29 -0600] "GET /shopdetail/2251941 HTTP/1.1" 200 32885 "-" "Mozilla/5.0 (Linux; Android 6.0.1; Nexus 5X Build/MMB29P) AppleWebKit/537.36 (KHTML, like Gecko) Chrome/135.0.7049.95 Mobile Safari/537.36 (compatible; GoogleOther)" www.acancehyucatan.gob.mx 192.185.131.128
66.249.70.69 - - [28/Apr/2025:14:17:32 -0600] "GET /index.php?pcmypage?callback=product/review/26462130 HTTP/1.1" 200 29067 "-" "Mozilla/5.0 (Linux; Android 6.0.1; Nexus 5X Build/MMB29P) AppleWebKit/537.36 (KHTML, like Gecko) Chrome/135.0.7049.95 Mobile Safari/537.36 (compatible; Googlebot/2.1; +http://www.google.com/bot.html)" acancehyucatan.gob.mx 192.185.131.128
66.249.64.98 - - [28/Apr/2025:14:17:36 -0600] "POST /get-message-notify HTTP/1.1" 200 31637 "https://www.acancehyucatan.gob.mx/vmhsi/y1977247.html" "Mozilla/5.0 (Linux; Android 6.0.1; Nexus 5X Build/MMB29P) AppleWebKit/537.36 (KHTML, like Gecko) Chrome/134.0.6998.165 Mobile Safari/537.36 (compatible; Googlebot/2.1; +http://www.google.com/bot.html)" www.acancehyucatan.gob.mx 192.185.131.128
66.249.64.98 - - [28/Apr/2025:14:17:41 -0600] "POST /get-message-notify HTTP/1.1" 200 31637 "https://www.acancehyucatan.gob.mx/shopdetail/2251941" "Mozilla/5.0 (Linux; Android 6.0.1; Nexus 5X Build/MMB29P) AppleWebKit/537.36 (KHTML, like Gecko) Chrome/134.0.6998.165 Mobile Safari/537.36 (compatible; Googlebot/2.1; +http://www.google.com/bot.html)" www.acancehyucatan.gob.mx 192.185.131.128
66.249.64.98 - - [28/Apr/2025:14:19:14 -0600] "GET /?_gl=1*1ix4f11*_gcl_au*MTYxMTI1OTI3MS4xNzIxODg2NjU0*_ga*ODYyMzk4MzA3LjE2OTk0NTM1Nzg.*_ga_7H42SVMQ0V*MTcyMTg4NjY1NS4xMjEuMS4xNzIxODg2NjY5LjQ2LjAuMA..&_ga=2.198040047.1958808748.1721886654-862398307.1699453578&_bdsid=2ulvIJ.n~ZXCIW.1721886656070.1721886848&_bd_prev_page=https://www.acancehyucatan.gob.mx/detail.php?product/edit/39107493 HTTP/1.1" 200 61760 "-" "Mozilla/5.0 (Linux; Android 6.0.1; Nexus 5X Build/MMB29P) AppleWebKit/537.36 (KHTML, like Gecko) Chrome/135.0.7049.95 Mobile Safari/537.36 (compatible; Googlebot/2.1; +http://www.google.com/bot.html)" www.acancehyucatan.gob.mx 192.185.131.128
207.46.13.155 - - [28/Apr/2025:14:19:46 -0600] "GET /nyjla/e323861.html HTTP/2.0" 200 29214 "-" "Mozilla/5.0 AppleWebKit/537.36 (KHTML, like Gecko; compatible; bingbot/2.0; +http://www.bing.com/bingbot.htm) Chrome/116.0.1938.76 Safari/537.36" www.acancehyucatan.gob.mx 192.185.131.128
66.249.70.70 - - [28/Apr/2025:14:19:47 -0600] "GET /index.php?shopdetail/21815974 HTTP/1.1" 200 29262 "-" "Mozilla/5.0 (Linux; Android 6.0.1; Nexus 5X Build/MMB29P) AppleWebKit/537.36 (KHTML, like Gecko) Chrome/135.0.7049.95 Mobile Safari/537.36 (compatible; Googlebot/2.1; +http://www.google.com/bot.html)" acancehyucatan.gob.mx 192.185.131.128
66.249.70.69 - - [28/Apr/2025:14:19:50 -0600] "GET /pcmypage?callback=product%2Fdetail%2F32976364 HTTP/1.1" 200 30834 "-" "Mozilla/5.0 (Linux; Android 6.0.1; Nexus 5X Build/MMB29P) AppleWebKit/537.36 (KHTML, like Gecko) Chrome/135.0.7049.95 Mobile Safari/537.36 (compatible; Googlebot/2.1; +http://www.google.com/bot.html)" acancehyucatan.gob.mx 192.185.131.128
66.249.64.98 - - [28/Apr/2025:14:20:08 -0600] "GET /tbhfo/a558299.html HTTP/1.1" 200 31414 "-" "Mozilla/5.0 (Linux; Android 6.0.1; Nexus 5X Build/MMB29P) AppleWebKit/537.36 (KHTML, like Gecko) Chrome/135.0.7049.95 Mobile Safari/537.36 (compatible; Googlebot/2.1; +http://www.google.com/bot.html)" www.acancehyucatan.gob.mx 192.185.131.128
52.167.144.19 - - [28/Apr/2025:14:20:51 -0600] "GET /copkg/w2776849.html HTTP/2.0" 200 34286 "-" "Mozilla/5.0 AppleWebKit/537.36 (KHTML, like Gecko; compatible; bingbot/2.0; +http://www.bing.com/bingbot.htm) Chrome/116.0.1938.76 Safari/537.36" www.acancehyucatan.gob.mx 192.185.131.128
66.249.64.98 - - [28/Apr/2025:14:21:00 -0600] "GET /pcmypage?callback=/product%2Fdetail%2F45058034 HTTP/1.1" 200 43081 "-" "Mozilla/5.0 (Linux; Android 6.0.1; Nexus 5X Build/MMB29P) AppleWebKit/537.36 (KHTML, like Gecko) Chrome/135.0.7049.95 Mobile Safari/537.36 (compatible; GoogleOther)" www.acancehyucatan.gob.mx 192.185.131.128
66.249.64.99 - - [28/Apr/2025:14:21:07 -0600] "GET /tbhfo/a558299.html HTTP/1.1" 200 31414 "-" "Mozilla/5.0 (Linux; Android 6.0.1; Nexus 5X Build/MMB29P) AppleWebKit/537.36 (KHTML, like Gecko) Chrome/135.0.7049.95 Mobile Safari/537.36 (compatible; Googlebot/2.1; +http://www.google.com/bot.html)" www.acancehyucatan.gob.mx 192.185.131.128
66.249.64.99 - - [28/Apr/2025:14:21:09 -0600] "POST /get-message-notify HTTP/1.1" 200 31637 "https://www.acancehyucatan.gob.mx/pcmypage?callback=/product%2Fdetail%2F45058034" "Mozilla/5.0 (Linux; Android 6.0.1; Nexus 5X Build/MMB29P) AppleWebKit/537.36 (KHTML, like Gecko) Chrome/134.0.6998.165 Mobile Safari/537.36 (compatible; Googlebot/2.1; +http://www.google.com/bot.html)" www.acancehyucatan.gob.mx 192.185.131.128
66.249.64.98 - - [28/Apr/2025:14:21:15 -0600] "GET /?_gl=1*1ix4f11*_gcl_au*MTYxMTI1OTI3MS4xNzIxODg2NjU0*_ga*ODYyMzk4MzA3LjE2OTk0NTM1Nzg.*_ga_7H42SVMQ0V*MTcyMTg4NjY1NS4xMjEuMS4xNzIxODg2NjY5LjQ2LjAuMA..&_ga=2.198040047.1958808748.1721886654-862398307.1699453578&_bdsid=2ulvIJ.n~ZXCIW.1721886656070.1721886848&_bd_prev_page=https://www.acancehyucatan.gob.mx/detail.php?shopdetail/30930752 HTTP/1.1" 200 43709 "-" "Mozilla/5.0 (Linux; Android 6.0.1; Nexus 5X Build/MMB29P) AppleWebKit/537.36 (KHTML, like Gecko) Chrome/135.0.7049.95 Mobile Safari/537.36 (compatible; Googlebot/2.1; +http://www.google.com/bot.html)" www.acancehyucatan.gob.mx 192.185.131.128
66.249.64.98 - - [28/Apr/2025:14:21:17 -0600] "GET /uuzwy/l1508740.html HTTP/1.1" 200 30884 "-" "Mozilla/5.0 (Linux; Android 6.0.1; Nexus 5X Build/MMB29P) AppleWebKit/537.36 (KHTML, like Gecko) Chrome/135.0.7049.95 Mobile Safari/537.36 (compatible; Googlebot/2.1; +http://www.google.com/bot.html)" www.acancehyucatan.gob.mx 192.185.131.128
66.249.64.98 - - [28/Apr/2025:14:21:23 -0600] "POST /get-message-notify HTTP/1.1" 200 31637 "https://www.acancehyucatan.gob.mx/uuzwy/l1508740.html" "Mozilla/5.0 (Linux; Android 6.0.1; Nexus 5X Build/MMB29P) AppleWebKit/537.36 (KHTML, like Gecko) Chrome/134.0.6998.165 Mobile Safari/537.36 (compatible; Googlebot/2.1; +http://www.google.com/bot.html)" www.acancehyucatan.gob.mx 192.185.131.128
66.249.64.98 - - [28/Apr/2025:14:21:29 -0600] "GET /ktcnz/n1166010.html HTTP/1.1" 200 28748 "-" "Mozilla/5.0 (Linux; Android 6.0.1; Nexus 5X Build/MMB29P) AppleWebKit/537.36 (KHTML, like Gecko) Chrome/135.0.7049.95 Mobile Safari/537.36 (compatible; Googlebot/2.1; +http://www.google.com/bot.html)" www.acancehyucatan.gob.mx 192.185.131.128
66.249.64.98 - - [28/Apr/2025:14:21:29 -0600] "GET /shopdetail/25887174 HTTP/1.1" 200 34497 "-" "Mozilla/5.0 (Linux; Android 6.0.1; Nexus 5X Build/MMB29P) AppleWebKit/537.36 (KHTML, like Gecko) Chrome/135.0.7049.95 Mobile Safari/537.36 (compatible; GoogleOther)" www.acancehyucatan.gob.mx 192.185.131.128
66.249.64.98 - - [28/Apr/2025:14:21:29 -0600] "GET /?_gl=1*1ix4f11*_gcl_au*MTYxMTI1OTI3MS4xNzIxODg2NjU0*_ga*ODYyMzk4MzA3LjE2OTk0NTM1Nzg.*_ga_7H42SVMQ0V*MTcyMTg4NjY1NS4xMjEuMS4xNzIxODg2NjY5LjQ2LjAuMA..&_ga=2.198040047.1958808748.1721886654-862398307.1699453578&_bdsid=2ulvIJ.n~ZXCIW.1721886656070.1721886848&_bd_prev_page=https://www.acancehyucatan.gob.mx/detail.php?fisiw/u2984223.html HTTP/1.1" 200 43863 "-" "Mozilla/5.0 (Linux; Android 6.0.1; Nexus 5X Build/MMB29P) AppleWebKit/537.36 (KHTML, like Gecko) Chrome/135.0.7049.95 Mobile Safari/537.36 (compatible; Googlebot/2.1; +http://www.google.com/bot.html)" www.acancehyucatan.gob.mx 192.185.131.128
66.249.64.98 - - [28/Apr/2025:14:21:39 -0600] "GET /pcmypage?callback=product%2Fdetail%2F70068212 HTTP/1.1" 200 32174 "-" "Mozilla/5.0 (Linux; Android 6.0.1; Nexus 5X Build/MMB29P) AppleWebKit/537.36 (KHTML, like Gecko) Chrome/135.0.7049.95 Mobile Safari/537.36 (compatible; GoogleOther)" www.acancehyucatan.gob.mx 192.185.131.128
66.249.64.98 - - [28/Apr/2025:14:21:42 -0600] "POST /get-message-notify HTTP/1.1" 200 31637 "https://www.acancehyucatan.gob.mx/pcmypage?callback=product%2Fdetail%2F70068212" "Mozilla/5.0 (Linux; Android 6.0.1; Nexus 5X Build/MMB29P) AppleWebKit/537.36 (KHTML, like Gecko) Chrome/134.0.6998.165 Mobile Safari/537.36 (compatible; Googlebot/2.1; +http://www.google.com/bot.html)" www.acancehyucatan.gob.mx 192.185.131.128
66.249.64.98 - - [28/Apr/2025:14:21:43 -0600] "GET /?_gl=1*1ix4f11*_gcl_au*MTYxMTI1OTI3MS4xNzIxODg2NjU0*_ga*ODYyMzk4MzA3LjE2OTk0NTM1Nzg.*_ga_7H42SVMQ0V*MTcyMTg4NjY1NS4xMjEuMS4xNzIxODg2NjY5LjQ2LjAuMA..&_ga=2.198040047.1958808748.1721886654-862398307.1699453578&_bdsid=2ulvIJ.n~ZXCIW.1721886656070.1721886848&_bd_prev_page=https://www.acancehyucatan.gob.mx/detail.php?shopdetail/18194730 HTTP/1.1" 200 41793 "-" "Mozilla/5.0 (compatible; Googlebot/2.1; +http://www.google.com/bot.html)" www.acancehyucatan.gob.mx 192.185.131.128
66.249.64.98 - - [28/Apr/2025:14:21:45 -0600] "POST /get-message-notify HTTP/1.1" 200 31637 "https://www.acancehyucatan.gob.mx/shopdetail/25887174" "Mozilla/5.0 (Linux; Android 6.0.1; Nexus 5X Build/MMB29P) AppleWebKit/537.36 (KHTML, like Gecko) Chrome/134.0.6998.165 Mobile Safari/537.36 (compatible; Googlebot/2.1; +http://www.google.com/bot.html)" www.acancehyucatan.gob.mx 192.185.131.128
66.249.64.99 - - [28/Apr/2025:14:21:50 -0600] "GET /mnhpy/v1941728.html HTTP/1.1" 200 29393 "-" "Mozilla/5.0 (Linux; Android 6.0.1; Nexus 5X Build/MMB29P) AppleWebKit/537.36 (KHTML, like Gecko) Chrome/135.0.7049.95 Mobile Safari/537.36 (compatible; Googlebot/2.1; +http://www.google.com/bot.html)" www.acancehyucatan.gob.mx 192.185.131.128
66.249.64.99 - - [28/Apr/2025:14:21:50 -0600] "POST /get-message-notify HTTP/1.1" 200 31637 "https://www.acancehyucatan.gob.mx/ktcnz/n1166010.html" "Mozilla/5.0 (Linux; Android 6.0.1; Nexus 5X Build/MMB29P) AppleWebKit/537.36 (KHTML, like Gecko) Chrome/134.0.6998.165 Mobile Safari/537.36 (compatible; Googlebot/2.1; +http://www.google.com/bot.html)" www.acancehyucatan.gob.mx 192.185.131.128
66.249.64.98 - - [28/Apr/2025:14:21:55 -0600] "GET /vfqos/e1102717.html HTTP/1.1" 200 30970 "-" "Mozilla/5.0 (Linux; Android 6.0.1; Nexus 5X Build/MMB29P) AppleWebKit/537.36 (KHTML, like Gecko) Chrome/135.0.7049.95 Mobile Safari/537.36 (compatible; Googlebot/2.1; +http://www.google.com/bot.html)" www.acancehyucatan.gob.mx 192.185.131.128
66.249.70.69 - - [28/Apr/2025:14:22:01 -0600] "GET /index.php?shopdetail/1989485 HTTP/1.1" 200 35142 "-" "Mozilla/5.0 (Linux; Android 6.0.1; Nexus 5X Build/MMB29P) AppleWebKit/537.36 (KHTML, like Gecko) Chrome/135.0.7049.95 Mobile Safari/537.36 (compatible; GoogleOther)" acancehyucatan.gob.mx 192.185.131.128
66.249.64.99 - - [28/Apr/2025:14:22:09 -0600] "GET /shopdetail/10145063 HTTP/1.1" 200 29212 "-" "Mozilla/5.0 (Linux; Android 6.0.1; Nexus 5X Build/MMB29P) AppleWebKit/537.36 (KHTML, like Gecko) Chrome/135.0.7049.95 Mobile Safari/537.36 (compatible; GoogleOther)" www.acancehyucatan.gob.mx 192.185.131.128
66.249.70.69 - - [28/Apr/2025:14:22:11 -0600] "POST /get-message-notify HTTP/1.1" 200 31534 "https://acancehyucatan.gob.mx/index.php?shopdetail/1989485" "Mozilla/5.0 (Linux; Android 6.0.1; Nexus 5X Build/MMB29P) AppleWebKit/537.36 (KHTML, like Gecko) Chrome/134.0.6998.165 Mobile Safari/537.36 (compatible; Googlebot/2.1; +http://www.google.com/bot.html)" acancehyucatan.gob.mx 192.185.131.128
66.249.64.99 - - [28/Apr/2025:14:22:12 -0600] "POST /get-message-notify HTTP/1.1" 200 31637 "https://www.acancehyucatan.gob.mx/shopdetail/10145063" "Mozilla/5.0 (Linux; Android 6.0.1; Nexus 5X Build/MMB29P) AppleWebKit/537.36 (KHTML, like Gecko) Chrome/134.0.6998.165 Mobile Safari/537.36 (compatible; Googlebot/2.1; +http://www.google.com/bot.html)" www.acancehyucatan.gob.mx 192.185.131.128
207.46.13.111 - - [28/Apr/2025:14:22:17 -0600] "GET /amovb/s557797.html HTTP/2.0" 200 29065 "-" "Mozilla/5.0 AppleWebKit/537.36 (KHTML, like Gecko; compatible; bingbot/2.0; +http://www.bing.com/bingbot.htm) Chrome/116.0.1938.76 Safari/537.36" www.acancehyucatan.gob.mx 192.185.131.128
66.249.64.99 - - [28/Apr/2025:14:22:23 -0600] "GET /yspeg/s3069865.html HTTP/1.1" 200 29419 "-" "Mozilla/5.0 (Linux; Android 6.0.1; Nexus 5X Build/MMB29P) AppleWebKit/537.36 (KHTML, like Gecko) Chrome/135.0.7049.95 Mobile Safari/537.36 (compatible; GoogleOther)" www.acancehyucatan.gob.mx 192.185.131.128
66.249.64.98 - - [28/Apr/2025:14:22:25 -0600] "GET /?_gl=1*1ix4f11*_gcl_au*MTYxMTI1OTI3MS4xNzIxODg2NjU0*_ga*ODYyMzk4MzA3LjE2OTk0NTM1Nzg.*_ga_7H42SVMQ0V*MTcyMTg4NjY1NS4xMjEuMS4xNzIxODg2NjY5LjQ2LjAuMA..&_ga=2.198040047.1958808748.1721886654-862398307.1699453578&_bdsid=2ulvIJ.n~ZXCIW.1721886656070.1721886848&_bd_prev_page=https://www.acancehyucatan.gob.mx/detail.php?shopdetail/14157563 HTTP/1.1" 200 64051 "-" "Mozilla/5.0 (Linux; Android 6.0.1; Nexus 5X Build/MMB29P) AppleWebKit/537.36 (KHTML, like Gecko) Chrome/135.0.7049.95 Mobile Safari/537.36 (compatible; Googlebot/2.1; +http://www.google.com/bot.html)" www.acancehyucatan.gob.mx 192.185.131.128
66.249.64.99 - - [28/Apr/2025:14:22:26 -0600] "POST /get-message-notify HTTP/1.1" 200 31637 "https://www.acancehyucatan.gob.mx/yspeg/s3069865.html" "Mozilla/5.0 (Linux; Android 6.0.1; Nexus 5X Build/MMB29P) AppleWebKit/537.36 (KHTML, like Gecko) Chrome/134.0.6998.165 Mobile Safari/537.36 (compatible; Googlebot/2.1; +http://www.google.com/bot.html)" www.acancehyucatan.gob.mx 192.185.131.128
66.249.70.68 - - [28/Apr/2025:14:22:39 -0600] "GET /index.php?pcmypage?callback=product%2Fdetail%2F63814215 HTTP/1.1" 200 32043 "-" "Mozilla/5.0 (Linux; Android 6.0.1; Nexus 5X Build/MMB29P) AppleWebKit/537.36 (KHTML, like Gecko) Chrome/135.0.7049.95 Mobile Safari/537.36 (compatible; GoogleOther)" acancehyucatan.gob.mx 192.185.131.128
66.249.70.68 - - [28/Apr/2025:14:22:49 -0600] "POST /get-message-notify HTTP/1.1" 200 31534 "https://acancehyucatan.gob.mx/index.php?pcmypage?callback=product%2Fdetail%2F63814215" "Mozilla/5.0 (Linux; Android 6.0.1; Nexus 5X Build/MMB29P) AppleWebKit/537.36 (KHTML, like Gecko) Chrome/134.0.6998.165 Mobile Safari/537.36 (compatible; Googlebot/2.1; +http://www.google.com/bot.html)" acancehyucatan.gob.mx 192.185.131.128
66.249.64.98 - - [28/Apr/2025:14:22:56 -0600] "GET /?_gl=1*1ix4f11*_gcl_au*MTYxMTI1OTI3MS4xNzIxODg2NjU0*_ga*ODYyMzk4MzA3LjE2OTk0NTM1Nzg.*_ga_7H42SVMQ0V*MTcyMTg4NjY1NS4xMjEuMS4xNzIxODg2NjY5LjQ2LjAuMA..&_ga=2.198040047.1958808748.1721886654-862398307.1699453578&_bdsid=2ulvIJ.n~ZXCIW.1721886656070.1721886848&_bd_prev_page=https://www.acancehyucatan.gob.mx/detail.php?shopdetail/10919652 HTTP/1.1" 200 41610 "-" "Mozilla/5.0 (Linux; Android 6.0.1; Nexus 5X Build/MMB29P) AppleWebKit/537.36 (KHTML, like Gecko) Chrome/135.0.7049.95 Mobile Safari/537.36 (compatible; Googlebot/2.1; +http://www.google.com/bot.html)" www.acancehyucatan.gob.mx 192.185.131.128
66.249.64.98 - - [28/Apr/2025:14:23:04 -0600] "GET /deubx/t2677786.html HTTP/1.1" 200 29761 "-" "Mozilla/5.0 (Linux; Android 6.0.1; Nexus 5X Build/MMB29P) AppleWebKit/537.36 (KHTML, like Gecko) Chrome/135.0.7049.95 Mobile Safari/537.36 (compatible; GoogleOther)" www.acancehyucatan.gob.mx 192.185.131.128
66.249.64.99 - - [28/Apr/2025:14:23:12 -0600] "GET /?_gl=1*1ix4f11*_gcl_au*MTYxMTI1OTI3MS4xNzIxODg2NjU0*_ga*ODYyMzk4MzA3LjE2OTk0NTM1Nzg.*_ga_7H42SVMQ0V*MTcyMTg4NjY1NS4xMjEuMS4xNzIxODg2NjY5LjQ2LjAuMA..&_ga=2.198040047.1958808748.1721886654-862398307.1699453578&_bdsid=2ulvIJ.n~ZXCIW.1721886656070.1721886848&_bd_prev_page=https://www.acancehyucatan.gob.mx/detail.php?shopdetail/23647996 HTTP/1.1" 200 43128 "-" "Mozilla/5.0 (Linux; Android 6.0.1; Nexus 5X Build/MMB29P) AppleWebKit/537.36 (KHTML, like Gecko) Chrome/135.0.7049.95 Mobile Safari/537.36 (compatible; Googlebot/2.1; +http://www.google.com/bot.html)" www.acancehyucatan.gob.mx 192.185.131.128
40.77.167.116 - - [28/Apr/2025:14:23:14 -0600] "GET /mmnbo/f2527180.html HTTP/2.0" 200 30084 "-" "Mozilla/5.0 AppleWebKit/537.36 (KHTML, like Gecko; compatible; bingbot/2.0; +http://www.bing.com/bingbot.htm) Chrome/116.0.1938.76 Safari/537.36" www.acancehyucatan.gob.mx 192.185.131.128
66.249.64.98 - - [28/Apr/2025:14:23:16 -0600] "GET /?_gl=1*1ix4f11*_gcl_au*MTYxMTI1OTI3MS4xNzIxODg2NjU0*_ga*ODYyMzk4MzA3LjE2OTk0NTM1Nzg.*_ga_7H42SVMQ0V*MTcyMTg4NjY1NS4xMjEuMS4xNzIxODg2NjY5LjQ2LjAuMA..&_ga=2.198040047.1958808748.1721886654-862398307.1699453578&_bdsid=2ulvIJ.n~ZXCIW.1721886656070.1721886848&_bd_prev_page=https://www.acancehyucatan.gob.mx/detail.php?shopdetail/26092729 HTTP/1.1" 200 46204 "-" "Mozilla/5.0 (Linux; Android 6.0.1; Nexus 5X Build/MMB29P) AppleWebKit/537.36 (KHTML, like Gecko) Chrome/135.0.7049.95 Mobile Safari/537.36 (compatible; Googlebot/2.1; +http://www.google.com/bot.html)" www.acancehyucatan.gob.mx 192.185.131.128
66.249.64.98 - - [28/Apr/2025:14:23:17 -0600] "POST /get-message-notify HTTP/1.1" 200 31637 "https://www.acancehyucatan.gob.mx/deubx/t2677786.html" "Mozilla/5.0 (Linux; Android 6.0.1; Nexus 5X Build/MMB29P) AppleWebKit/537.36 (KHTML, like Gecko) Chrome/134.0.6998.165 Mobile Safari/537.36 (compatible; Googlebot/2.1; +http://www.google.com/bot.html)" www.acancehyucatan.gob.mx 192.185.131.128
66.249.64.98 - - [28/Apr/2025:14:23:23 -0600] "GET /?_gl=1*1ix4f11*_gcl_au*MTYxMTI1OTI3MS4xNzIxODg2NjU0*_ga*ODYyMzk4MzA3LjE2OTk0NTM1Nzg.*_ga_7H42SVMQ0V*MTcyMTg4NjY1NS4xMjEuMS4xNzIxODg2NjY5LjQ2LjAuMA..&_ga=2.198040047.1958808748.1721886654-862398307.1699453578&_bdsid=2ulvIJ.n~ZXCIW.1721886656070.1721886848&_bd_prev_page=https://www.acancehyucatan.gob.mx/detail.php?shopdetail/25968730 HTTP/1.1" 200 45466 "-" "Mozilla/5.0 (Linux; Android 6.0.1; Nexus 5X Build/MMB29P) AppleWebKit/537.36 (KHTML, like Gecko) Chrome/135.0.7049.95 Mobile Safari/537.36 (compatible; Googlebot/2.1; +http://www.google.com/bot.html)" www.acancehyucatan.gob.mx 192.185.131.128
66.249.64.98 - - [28/Apr/2025:14:23:25 -0600] "GET /?_gl=1*1ix4f11*_gcl_au*MTYxMTI1OTI3MS4xNzIxODg2NjU0*_ga*ODYyMzk4MzA3LjE2OTk0NTM1Nzg.*_ga_7H42SVMQ0V*MTcyMTg4NjY1NS4xMjEuMS4xNzIxODg2NjY5LjQ2LjAuMA..&_ga=2.198040047.1958808748.1721886654-862398307.1699453578&_bdsid=2ulvIJ.n~ZXCIW.1721886656070.1721886848&_bd_prev_page=https://www.acancehyucatan.gob.mx/detail.php?shopdetail/22086563 HTTP/1.1" 200 45329 "-" "Mozilla/5.0 (Linux; Android 6.0.1; Nexus 5X Build/MMB29P) AppleWebKit/537.36 (KHTML, like Gecko) Chrome/135.0.7049.95 Mobile Safari/537.36 (compatible; Googlebot/2.1; +http://www.google.com/bot.html)" www.acancehyucatan.gob.mx 192.185.131.128
66.249.64.98 - - [28/Apr/2025:14:23:26 -0600] "GET /swqsv/b2701116.html HTTP/1.1" 200 29781 "-" "Mozilla/5.0 (Linux; Android 6.0.1; Nexus 5X Build/MMB29P) AppleWebKit/537.36 (KHTML, like Gecko) Chrome/135.0.7049.95 Mobile Safari/537.36 (compatible; GoogleOther)" www.acancehyucatan.gob.mx 192.185.131.128
