66.249.64.98 - - [28/Apr/2025:14:23:29 -0600] "GET /qwuip/b2792480.html HTTP/1.1" 200 30651 "-" "Mozilla/5.0 (Linux; Android 6.0.1; Nexus 5X Build/MMB29P) AppleWebKit/537.36 (KHTML, like Gecko) Chrome/135.0.7049.95 Mobile Safari/537.36 (compatible; GoogleOther)" www.acancehyucatan.gob.mx 192.185.131.128
66.249.64.98 - - [28/Apr/2025:14:23:30 -0600] "POST /get-message-notify HTTP/1.1" 200 31637 "https://www.acancehyucatan.gob.mx/?_gl=1*1ix4f11*_gcl_au*MTYxMTI1OTI3MS4xNzIxODg2NjU0*_ga*ODYyMzk4MzA3LjE2OTk0NTM1Nzg.*_ga_7H42SVMQ0V*MTcyMTg4NjY1NS4xMjEuMS4xNzIxODg2NjY5LjQ2LjAuMA..&_ga=2.198040047.1958808748.1721886654-862398307.1699453578&_bdsid=2ulvIJ.n~ZXCIW.1721886656070.1721886848&_bd_prev_page=https://www.acancehyucatan.gob.mx/detail.php?shopdetail/26092729" "Mozilla/5.0 (Linux; Android 6.0.1; Nexus 5X Build/MMB29P) AppleWebKit/537.36 (KHTML, like Gecko) Chrome/134.0.6998.165 Mobile Safari/537.36 (compatible; Googlebot/2.1; +http://www.google.com/bot.html)" www.acancehyucatan.gob.mx 192.185.131.128
66.249.64.98 - - [28/Apr/2025:14:23:33 -0600] "GET /lbedr/b2673634.html HTTP/1.1" 200 32493 "-" "Mozilla/5.0 (Linux; Android 6.0.1; Nexus 5X Build/MMB29P) AppleWebKit/537.36 (KHTML, like Gecko) Chrome/135.0.7049.95 Mobile Safari/537.36 (compatible; GoogleOther)" www.acancehyucatan.gob.mx 192.185.131.128
66.249.64.98 - - [28/Apr/2025:14:23:36 -0600] "POST /get-message-notify HTTP/1.1" 200 31637 "https://www.acancehyucatan.gob.mx/?_gl=1*1ix4f11*_gcl_au*MTYxMTI1OTI3MS4xNzIxODg2NjU0*_ga*ODYyMzk4MzA3LjE2OTk0NTM1Nzg.*_ga_7H42SVMQ0V*MTcyMTg4NjY1NS4xMjEuMS4xNzIxODg2NjY5LjQ2LjAuMA..&_ga=2.198040047.1958808748.1721886654-862398307.1699453578&_bdsid=2ulvIJ.n~ZXCIW.1721886656070.1721886848&_bd_prev_page=https://www.acancehyucatan.gob.mx/detail.php?shopdetail/25968730" "Mozilla/5.0 (Linux; Android 6.0.1; Nexus 5X Build/MMB29P) AppleWebKit/537.36 (KHTML, like Gecko) Chrome/134.0.6998.165 Mobile Safari/537.36 (compatible; Googlebot/2.1; +http://www.google.com/bot.html)" www.acancehyucatan.gob.mx 192.185.131.128
66.249.64.98 - - [28/Apr/2025:14:23:39 -0600] "POST /get-message-notify HTTP/1.1" 200 31637 "https://www.acancehyucatan.gob.mx/swqsv/b2701116.html" "Mozilla/5.0 (Linux; Android 6.0.1; Nexus 5X Build/MMB29P) AppleWebKit/537.36 (KHTML, like Gecko) Chrome/134.0.6998.165 Mobile Safari/537.36 (compatible; Googlebot/2.1; +http://www.google.com/bot.html)" www.acancehyucatan.gob.mx 192.185.131.128
66.249.70.68 - - [28/Apr/2025:14:23:40 -0600] "GET /index.php?shopdetail/26134752 HTTP/1.1" 200 29711 "-" "Mozilla/5.0 (compatible; Googlebot/2.1; +http://www.google.com/bot.html)" acancehyucatan.gob.mx 192.185.131.128
66.249.64.98 - - [28/Apr/2025:14:23:43 -0600] "GET /?_gl=1*1ix4f11*_gcl_au*MTYxMTI1OTI3MS4xNzIxODg2NjU0*_ga*ODYyMzk4MzA3LjE2OTk0NTM1Nzg.*_ga_7H42SVMQ0V*MTcyMTg4NjY1NS4xMjEuMS4xNzIxODg2NjY5LjQ2LjAuMA..&_ga=2.198040047.1958808748.1721886654-862398307.1699453578&_bdsid=2ulvIJ.n~ZXCIW.1721886656070.1721886848&_bd_prev_page=https://www.acancehyucatan.gob.mx/detail.php?shopdetail/26092729 HTTP/1.1" 200 46204 "-" "Mozilla/5.0 (Linux; Android 6.0.1; Nexus 5X Build/MMB29P) AppleWebKit/537.36 (KHTML, like Gecko) Chrome/135.0.7049.95 Mobile Safari/537.36 (compatible; Googlebot/2.1; +http://www.google.com/bot.html)" www.acancehyucatan.gob.mx 192.185.131.128
66.249.64.98 - - [28/Apr/2025:14:23:46 -0600] "POST /get-message-notify HTTP/1.1" 200 31637 "https://www.acancehyucatan.gob.mx/lbedr/b2673634.html" "Mozilla/5.0 (Linux; Android 6.0.1; Nexus 5X Build/MMB29P) AppleWebKit/537.36 (KHTML, like Gecko) Chrome/134.0.6998.165 Mobile Safari/537.36 (compatible; Googlebot/2.1; +http://www.google.com/bot.html)" www.acancehyucatan.gob.mx 192.185.131.128
66.249.70.68 - - [28/Apr/2025:14:23:54 -0600] "GET /shopdetail/11295829 HTTP/1.1" 200 28243 "-" "Mozilla/5.0 (Linux; Android 6.0.1; Nexus 5X Build/MMB29P) AppleWebKit/537.36 (KHTML, like Gecko) Chrome/135.0.7049.95 Mobile Safari/537.36 (compatible; GoogleOther)" acancehyucatan.gob.mx 192.185.131.128
66.249.64.99 - - [28/Apr/2025:14:23:58 -0600] "GET /?_gl=1*1ix4f11*_gcl_au*MTYxMTI1OTI3MS4xNzIxODg2NjU0*_ga*ODYyMzk4MzA3LjE2OTk0NTM1Nzg.*_ga_7H42SVMQ0V*MTcyMTg4NjY1NS4xMjEuMS4xNzIxODg2NjY5LjQ2LjAuMA..&_ga=2.198040047.1958808748.1721886654-862398307.1699453578&_bdsid=2ulvIJ.n~ZXCIW.1721886656070.1721886848&_bd_prev_page=https://www.acancehyucatan.gob.mx/detail.php?shopdetail/10626896 HTTP/1.1" 200 50074 "-" "Mozilla/5.0 (Linux; Android 6.0.1; Nexus 5X Build/MMB29P) AppleWebKit/537.36 (KHTML, like Gecko) Chrome/135.0.7049.95 Mobile Safari/537.36 (compatible; Googlebot/2.1; +http://www.google.com/bot.html)" www.acancehyucatan.gob.mx 192.185.131.128
66.249.64.99 - - [28/Apr/2025:14:24:12 -0600] "POST /get-message-notify HTTP/1.1" 200 31637 "https://www.acancehyucatan.gob.mx/?_gl=1*1ix4f11*_gcl_au*MTYxMTI1OTI3MS4xNzIxODg2NjU0*_ga*ODYyMzk4MzA3LjE2OTk0NTM1Nzg.*_ga_7H42SVMQ0V*MTcyMTg4NjY1NS4xMjEuMS4xNzIxODg2NjY5LjQ2LjAuMA..&_ga=2.198040047.1958808748.1721886654-862398307.1699453578&_bdsid=2ulvIJ.n~ZXCIW.1721886656070.1721886848&_bd_prev_page=https://www.acancehyucatan.gob.mx/detail.php?shopdetail/10626896" "Mozilla/5.0 (Linux; Android 6.0.1; Nexus 5X Build/MMB29P) AppleWebKit/537.36 (KHTML, like Gecko) Chrome/134.0.6998.165 Mobile Safari/537.36 (compatible; Googlebot/2.1; +http://www.google.com/bot.html)" www.acancehyucatan.gob.mx 192.185.131.128
66.249.64.98 - - [28/Apr/2025:14:24:20 -0600] "GET /?_gl=1*1ix4f11*_gcl_au*MTYxMTI1OTI3MS4xNzIxODg2NjU0*_ga*ODYyMzk4MzA3LjE2OTk0NTM1Nzg.*_ga_7H42SVMQ0V*MTcyMTg4NjY1NS4xMjEuMS4xNzIxODg2NjY5LjQ2LjAuMA..&_ga=2.198040047.1958808748.1721886654-862398307.1699453578&_bdsid=2ulvIJ.n~ZXCIW.1721886656070.1721886848&_bd_prev_page=https://www.acancehyucatan.gob.mx/detail.php?shopdetail/16409352 HTTP/1.1" 200 43756 "-" "Mozilla/5.0 (Linux; Android 6.0.1; Nexus 5X Build/MMB29P) AppleWebKit/537.36 (KHTML, like Gecko) Chrome/135.0.7049.95 Mobile Safari/537.36 (compatible; Googlebot/2.1; +http://www.google.com/bot.html)" www.acancehyucatan.gob.mx 192.185.131.128
66.249.64.98 - - [28/Apr/2025:14:24:39 -0600] "GET /?_gl=1*1ix4f11*_gcl_au*MTYxMTI1OTI3MS4xNzIxODg2NjU0*_ga*ODYyMzk4MzA3LjE2OTk0NTM1Nzg.*_ga_7H42SVMQ0V*MTcyMTg4NjY1NS4xMjEuMS4xNzIxODg2NjY5LjQ2LjAuMA..&_ga=2.198040047.1958808748.1721886654-862398307.1699453578&_bdsid=2ulvIJ.n~ZXCIW.1721886656070.1721886848&_bd_prev_page=https://www.acancehyucatan.gob.mx/detail.php?shopdetail/1341207 HTTP/1.1" 200 46653 "-" "Mozilla/5.0 (Linux; Android 6.0.1; Nexus 5X Build/MMB29P) AppleWebKit/537.36 (KHTML, like Gecko) Chrome/135.0.7049.95 Mobile Safari/537.36 (compatible; Googlebot/2.1; +http://www.google.com/bot.html)" www.acancehyucatan.gob.mx 192.185.131.128
66.249.64.98 - - [28/Apr/2025:14:24:41 -0600] "GET /lapqm/l2565562.html HTTP/1.1" 200 29090 "-" "Mozilla/5.0 (Linux; Android 6.0.1; Nexus 5X Build/MMB29P) AppleWebKit/537.36 (KHTML, like Gecko) Chrome/135.0.7049.95 Mobile Safari/537.36 (compatible; GoogleOther)" www.acancehyucatan.gob.mx 192.185.131.128
66.249.64.98 - - [28/Apr/2025:14:24:59 -0600] "GET /?_gl=1*1ix4f11*_gcl_au*MTYxMTI1OTI3MS4xNzIxODg2NjU0*_ga*ODYyMzk4MzA3LjE2OTk0NTM1Nzg.*_ga_7H42SVMQ0V*MTcyMTg4NjY1NS4xMjEuMS4xNzIxODg2NjY5LjQ2LjAuMA..&_ga=2.198040047.1958808748.1721886654-862398307.1699453578&_bdsid=2ulvIJ.n~ZXCIW.1721886656070.1721886848&_bd_prev_page=https://www.acancehyucatan.gob.mx/detail.php?shopdetail/24515663 HTTP/1.1" 200 45971 "-" "Mozilla/5.0 (compatible; Googlebot/2.1; +http://www.google.com/bot.html)" www.acancehyucatan.gob.mx 192.185.131.128
52.167.144.16 - - [28/Apr/2025:14:25:04 -0600] "GET /ewuts/n2330446.html HTTP/2.0" 200 39677 "-" "Mozilla/5.0 AppleWebKit/537.36 (KHTML, like Gecko; compatible; bingbot/2.0; +http://www.bing.com/bingbot.htm) Chrome/116.0.1938.76 Safari/537.36" www.acancehyucatan.gob.mx 192.185.131.128
66.249.64.99 - - [28/Apr/2025:14:25:13 -0600] "GET /pdlkz/y2889717.html HTTP/1.1" 200 40389 "-" "Mozilla/5.0 (Linux; Android 6.0.1; Nexus 5X Build/MMB29P) AppleWebKit/537.36 (KHTML, like Gecko) Chrome/135.0.7049.95 Mobile Safari/537.36 (compatible; GoogleOther)" www.acancehyucatan.gob.mx 192.185.131.128
52.167.144.215 - - [28/Apr/2025:14:25:14 -0600] "GET /dfntp/x1697200.html HTTP/2.0" 200 30266 "-" "Mozilla/5.0 AppleWebKit/537.36 (KHTML, like Gecko; compatible; bingbot/2.0; +http://www.bing.com/bingbot.htm) Chrome/116.0.1938.76 Safari/537.36" www.acancehyucatan.gob.mx 192.185.131.128
66.249.64.99 - - [28/Apr/2025:14:25:24 -0600] "GET /shopdetail/2524441 HTTP/1.1" 200 29097 "-" "Mozilla/5.0 (Linux; Android 6.0.1; Nexus 5X Build/MMB29P) AppleWebKit/537.36 (KHTML, like Gecko) Chrome/135.0.7049.95 Mobile Safari/537.36 (compatible; GoogleOther)" www.acancehyucatan.gob.mx 192.185.131.128
66.249.64.98 - - [28/Apr/2025:14:25:25 -0600] "POST /get-message-notify HTTP/1.1" 200 31637 "https://www.acancehyucatan.gob.mx/pdlkz/y2889717.html" "Mozilla/5.0 (Linux; Android 6.0.1; Nexus 5X Build/MMB29P) AppleWebKit/537.36 (KHTML, like Gecko) Chrome/134.0.6998.165 Mobile Safari/537.36 (compatible; Googlebot/2.1; +http://www.google.com/bot.html)" www.acancehyucatan.gob.mx 192.185.131.128
66.249.64.99 - - [28/Apr/2025:14:25:27 -0600] "GET /shopdetail/2524441 HTTP/1.1" 200 29097 "-" "Mozilla/5.0 (Linux; Android 6.0.1; Nexus 5X Build/MMB29P) AppleWebKit/537.36 (KHTML, like Gecko) Chrome/135.0.7049.95 Mobile Safari/537.36 (compatible; GoogleOther)" www.acancehyucatan.gob.mx 192.185.131.128
66.249.64.98 - - [28/Apr/2025:14:25:29 -0600] "GET /shopdetail/25835674 HTTP/1.1" 200 33077 "-" "Mozilla/5.0 (Linux; Android 6.0.1; Nexus 5X Build/MMB29P) AppleWebKit/537.36 (KHTML, like Gecko) Chrome/135.0.7049.95 Mobile Safari/537.36 (compatible; GoogleOther)" www.acancehyucatan.gob.mx 192.185.131.128
66.249.64.98 - - [28/Apr/2025:14:25:35 -0600] "GET /shopdetail/29737907 HTTP/1.1" 200 32451 "-" "Mozilla/5.0 (Linux; Android 6.0.1; Nexus 5X Build/MMB29P) AppleWebKit/537.36 (KHTML, like Gecko) Chrome/135.0.7049.95 Mobile Safari/537.36 (compatible; GoogleOther)" www.acancehyucatan.gob.mx 192.185.131.128
66.249.64.98 - - [28/Apr/2025:14:25:37 -0600] "POST /get-message-notify HTTP/1.1" 200 31637 "https://www.acancehyucatan.gob.mx/shopdetail/2524441" "Mozilla/5.0 (Linux; Android 6.0.1; Nexus 5X Build/MMB29P) AppleWebKit/537.36 (KHTML, like Gecko) Chrome/134.0.6998.165 Mobile Safari/537.36 (compatible; Googlebot/2.1; +http://www.google.com/bot.html)" www.acancehyucatan.gob.mx 192.185.131.128
66.249.64.98 - - [28/Apr/2025:14:25:38 -0600] "GET /shopdetail/2974129 HTTP/1.1" 200 36076 "-" "Mozilla/5.0 (Linux; Android 6.0.1; Nexus 5X Build/MMB29P) AppleWebKit/537.36 (KHTML, like Gecko) Chrome/135.0.7049.95 Mobile Safari/537.36 (compatible; GoogleOther)" www.acancehyucatan.gob.mx 192.185.131.128
66.249.64.98 - - [28/Apr/2025:14:25:39 -0600] "GET /shopdetail/2974129 HTTP/1.1" 200 36076 "-" "Mozilla/5.0 (Linux; Android 6.0.1; Nexus 5X Build/MMB29P) AppleWebKit/537.36 (KHTML, like Gecko) Chrome/135.0.7049.95 Mobile Safari/537.36 (compatible; GoogleOther)" www.acancehyucatan.gob.mx 192.185.131.128
66.249.64.98 - - [28/Apr/2025:14:25:43 -0600] "GET /shopdetail/2247496 HTTP/1.1" 200 36514 "-" "Mozilla/5.0 (Linux; Android 6.0.1; Nexus 5X Build/MMB29P) AppleWebKit/537.36 (KHTML, like Gecko) Chrome/135.0.7049.95 Mobile Safari/537.36 (compatible; GoogleOther)" www.acancehyucatan.gob.mx 192.185.131.128
66.249.64.98 - - [28/Apr/2025:14:25:48 -0600] "POST /get-message-notify HTTP/1.1" 200 31637 "https://www.acancehyucatan.gob.mx/shopdetail/29737907" "Mozilla/5.0 (Linux; Android 6.0.1; Nexus 5X Build/MMB29P) AppleWebKit/537.36 (KHTML, like Gecko) Chrome/134.0.6998.165 Mobile Safari/537.36 (compatible; Googlebot/2.1; +http://www.google.com/bot.html)" www.acancehyucatan.gob.mx 192.185.131.128
66.249.64.98 - - [28/Apr/2025:14:25:51 -0600] "POST /get-message-notify HTTP/1.1" 200 31637 "https://www.acancehyucatan.gob.mx/shopdetail/2974129" "Mozilla/5.0 (Linux; Android 6.0.1; Nexus 5X Build/MMB29P) AppleWebKit/537.36 (KHTML, like Gecko) Chrome/134.0.6998.165 Mobile Safari/537.36 (compatible; Googlebot/2.1; +http://www.google.com/bot.html)" www.acancehyucatan.gob.mx 192.185.131.128
66.249.64.98 - - [28/Apr/2025:14:25:56 -0600] "POST /get-message-notify HTTP/1.1" 200 31637 "https://www.acancehyucatan.gob.mx/shopdetail/2247496" "Mozilla/5.0 (Linux; Android 6.0.1; Nexus 5X Build/MMB29P) AppleWebKit/537.36 (KHTML, like Gecko) Chrome/134.0.6998.165 Mobile Safari/537.36 (compatible; Googlebot/2.1; +http://www.google.com/bot.html)" www.acancehyucatan.gob.mx 192.185.131.128
66.249.70.68 - - [28/Apr/2025:14:26:24 -0600] "GET /index.php?safe_search/config?return_url=%2Fproduct%2Fdetail%2F33283126 HTTP/1.1" 200 33327 "-" "Mozilla/5.0 (compatible; Googlebot/2.1; +http://www.google.com/bot.html)" acancehyucatan.gob.mx 192.185.131.128
66.249.64.100 - - [28/Apr/2025:14:26:30 -0600] "GET /?_gl=1*1ix4f11*_gcl_au*MTYxMTI1OTI3MS4xNzIxODg2NjU0*_ga*ODYyMzk4MzA3LjE2OTk0NTM1Nzg.*_ga_7H42SVMQ0V*MTcyMTg4NjY1NS4xMjEuMS4xNzIxODg2NjY5LjQ2LjAuMA..&_ga=2.198040047.1958808748.1721886654-862398307.1699453578&_bdsid=2ulvIJ.n~ZXCIW.1721886656070.1721886848&_bd_prev_page=https://www.acancehyucatan.gob.mx/detail.php?product/edit/50511974 HTTP/1.1" 200 41964 "-" "Mozilla/5.0 (compatible; Googlebot/2.1; +http://www.google.com/bot.html)" www.acancehyucatan.gob.mx 192.185.131.128
66.249.70.69 - - [28/Apr/2025:14:26:33 -0600] "GET /shopdetail/11416496 HTTP/1.1" 200 29721 "-" "Mozilla/5.0 (Linux; Android 6.0.1; Nexus 5X Build/MMB29P) AppleWebKit/537.36 (KHTML, like Gecko) Chrome/135.0.7049.95 Mobile Safari/537.36 (compatible; GoogleOther)" acancehyucatan.gob.mx 192.185.131.128
66.249.64.98 - - [28/Apr/2025:14:26:41 -0600] "GET /anpxz/d2919778.html HTTP/1.1" 200 30102 "-" "Mozilla/5.0 (Linux; Android 6.0.1; Nexus 5X Build/MMB29P) AppleWebKit/537.36 (KHTML, like Gecko) Chrome/135.0.7049.95 Mobile Safari/537.36 (compatible; GoogleOther)" www.acancehyucatan.gob.mx 192.185.131.128
66.249.64.98 - - [28/Apr/2025:14:26:42 -0600] "GET /peujl/g1874711.html HTTP/1.1" 200 30270 "-" "Mozilla/5.0 (Linux; Android 6.0.1; Nexus 5X Build/MMB29P) AppleWebKit/537.36 (KHTML, like Gecko) Chrome/135.0.7049.95 Mobile Safari/537.36 (compatible; GoogleOther)" www.acancehyucatan.gob.mx 192.185.131.128
66.249.64.98 - - [28/Apr/2025:14:26:48 -0600] "GET /joeyk/c2647921.html HTTP/1.1" 200 31057 "-" "Mozilla/5.0 (Linux; Android 6.0.1; Nexus 5X Build/MMB29P) AppleWebKit/537.36 (KHTML, like Gecko) Chrome/135.0.7049.95 Mobile Safari/537.36 (compatible; GoogleOther)" www.acancehyucatan.gob.mx 192.185.131.128
66.249.64.98 - - [28/Apr/2025:14:26:53 -0600] "GET /gvxyf/g1691619.html HTTP/1.1" 200 30729 "-" "Mozilla/5.0 (Linux; Android 6.0.1; Nexus 5X Build/MMB29P) AppleWebKit/537.36 (KHTML, like Gecko) Chrome/135.0.7049.95 Mobile Safari/537.36 (compatible; GoogleOther)" www.acancehyucatan.gob.mx 192.185.131.128
66.249.64.98 - - [28/Apr/2025:14:26:54 -0600] "POST /get-message-notify HTTP/1.1" 200 31637 "https://www.acancehyucatan.gob.mx/anpxz/d2919778.html" "Mozilla/5.0 (Linux; Android 6.0.1; Nexus 5X Build/MMB29P) AppleWebKit/537.36 (KHTML, like Gecko) Chrome/134.0.6998.165 Mobile Safari/537.36 (compatible; Googlebot/2.1; +http://www.google.com/bot.html)" www.acancehyucatan.gob.mx 192.185.131.128
66.249.64.98 - - [28/Apr/2025:14:26:55 -0600] "POST /get-message-notify HTTP/1.1" 200 31637 "https://www.acancehyucatan.gob.mx/peujl/g1874711.html" "Mozilla/5.0 (Linux; Android 6.0.1; Nexus 5X Build/MMB29P) AppleWebKit/537.36 (KHTML, like Gecko) Chrome/134.0.6998.165 Mobile Safari/537.36 (compatible; Googlebot/2.1; +http://www.google.com/bot.html)" www.acancehyucatan.gob.mx 192.185.131.128
66.249.64.98 - - [28/Apr/2025:14:26:59 -0600] "POST /get-message-notify HTTP/1.1" 200 31637 "https://www.acancehyucatan.gob.mx/joeyk/c2647921.html" "Mozilla/5.0 (Linux; Android 6.0.1; Nexus 5X Build/MMB29P) AppleWebKit/537.36 (KHTML, like Gecko) Chrome/134.0.6998.165 Mobile Safari/537.36 (compatible; Googlebot/2.1; +http://www.google.com/bot.html)" www.acancehyucatan.gob.mx 192.185.131.128
66.249.64.98 - - [28/Apr/2025:14:27:15 -0600] "GET /shopdetail/10214696 HTTP/1.1" 200 28613 "-" "Mozilla/5.0 (Linux; Android 6.0.1; Nexus 5X Build/MMB29P) AppleWebKit/537.36 (KHTML, like Gecko) Chrome/135.0.7049.95 Mobile Safari/537.36 (compatible; GoogleOther)" www.acancehyucatan.gob.mx 192.185.131.128
66.249.64.98 - - [28/Apr/2025:14:27:19 -0600] "GET /shopdetail/26175985 HTTP/1.1" 200 34091 "-" "Mozilla/5.0 (Linux; Android 6.0.1; Nexus 5X Build/MMB29P) AppleWebKit/537.36 (KHTML, like Gecko) Chrome/135.0.7049.95 Mobile Safari/537.36 (compatible; GoogleOther)" www.acancehyucatan.gob.mx 192.185.131.128
66.249.64.98 - - [28/Apr/2025:14:27:29 -0600] "POST /get-message-notify HTTP/1.1" 200 31637 "https://www.acancehyucatan.gob.mx/shopdetail/10214696" "Mozilla/5.0 (Linux; Android 6.0.1; Nexus 5X Build/MMB29P) AppleWebKit/537.36 (KHTML, like Gecko) Chrome/134.0.6998.165 Mobile Safari/537.36 (compatible; Googlebot/2.1; +http://www.google.com/bot.html)" www.acancehyucatan.gob.mx 192.185.131.128
66.249.64.98 - - [28/Apr/2025:14:27:33 -0600] "POST /get-message-notify HTTP/1.1" 200 31637 "https://www.acancehyucatan.gob.mx/shopdetail/26175985" "Mozilla/5.0 (Linux; Android 6.0.1; Nexus 5X Build/MMB29P) AppleWebKit/537.36 (KHTML, like Gecko) Chrome/134.0.6998.165 Mobile Safari/537.36 (compatible; Googlebot/2.1; +http://www.google.com/bot.html)" www.acancehyucatan.gob.mx 192.185.131.128
52.167.144.216 - - [28/Apr/2025:14:27:33 -0600] "GET /uchbl/u2798011.html HTTP/2.0" 200 34440 "-" "Mozilla/5.0 AppleWebKit/537.36 (KHTML, like Gecko; compatible; bingbot/2.0; +http://www.bing.com/bingbot.htm) Chrome/116.0.1938.76 Safari/537.36" www.acancehyucatan.gob.mx 192.185.131.128
66.249.70.69 - - [28/Apr/2025:14:27:41 -0600] "GET /index.php?pcmypage?callback=product/review/49118865 HTTP/1.1" 200 34861 "-" "Mozilla/5.0 (compatible; Googlebot/2.1; +http://www.google.com/bot.html)" acancehyucatan.gob.mx 192.185.131.128
66.249.64.98 - - [28/Apr/2025:14:27:48 -0600] "GET /shopdetail/13457796 HTTP/1.1" 200 31901 "-" "Mozilla/5.0 (Linux; Android 6.0.1; Nexus 5X Build/MMB29P) AppleWebKit/537.36 (KHTML, like Gecko) Chrome/135.0.7049.95 Mobile Safari/537.36 (compatible; GoogleOther)" www.acancehyucatan.gob.mx 192.185.131.128
66.249.64.98 - - [28/Apr/2025:14:27:50 -0600] "GET /shopdetail/13457796 HTTP/1.1" 200 31901 "-" "Mozilla/5.0 (Linux; Android 6.0.1; Nexus 5X Build/MMB29P) AppleWebKit/537.36 (KHTML, like Gecko) Chrome/135.0.7049.95 Mobile Safari/537.36 (compatible; GoogleOther)" www.acancehyucatan.gob.mx 192.185.131.128
66.249.70.68 - - [28/Apr/2025:14:27:58 -0600] "GET /shopdetail/25121029 HTTP/1.1" 200 30094 "-" "Mozilla/5.0 (Linux; Android 6.0.1; Nexus 5X Build/MMB29P) AppleWebKit/537.36 (KHTML, like Gecko) Chrome/135.0.7049.95 Mobile Safari/537.36 (compatible; GoogleOther)" acancehyucatan.gob.mx 192.185.131.128
66.249.64.99 - - [28/Apr/2025:14:28:02 -0600] "POST /get-message-notify HTTP/1.1" 200 31637 "https://www.acancehyucatan.gob.mx/shopdetail/13457796" "Mozilla/5.0 (Linux; Android 6.0.1; Nexus 5X Build/MMB29P) AppleWebKit/537.36 (KHTML, like Gecko) Chrome/134.0.6998.165 Mobile Safari/537.36 (compatible; Googlebot/2.1; +http://www.google.com/bot.html)" www.acancehyucatan.gob.mx 192.185.131.128
66.249.70.69 - - [28/Apr/2025:14:28:14 -0600] "POST /get-message-notify HTTP/1.1" 200 31534 "https://acancehyucatan.gob.mx/shopdetail/25121029" "Mozilla/5.0 (Linux; Android 6.0.1; Nexus 5X Build/MMB29P) AppleWebKit/537.36 (KHTML, like Gecko) Chrome/134.0.6998.165 Mobile Safari/537.36 (compatible; Googlebot/2.1; +http://www.google.com/bot.html)" acancehyucatan.gob.mx 192.185.131.128
66.249.64.99 - - [28/Apr/2025:14:28:23 -0600] "GET /gyqhj/g1822009.html HTTP/1.1" 200 29879 "-" "Mozilla/5.0 (Linux; Android 6.0.1; Nexus 5X Build/MMB29P) AppleWebKit/537.36 (KHTML, like Gecko) Chrome/135.0.7049.95 Mobile Safari/537.36 (compatible; GoogleOther)" www.acancehyucatan.gob.mx 192.185.131.128
207.46.13.116 - - [28/Apr/2025:14:28:30 -0600] "GET /adyoi/b121162.html HTTP/2.0" 200 33009 "-" "Mozilla/5.0 AppleWebKit/537.36 (KHTML, like Gecko; compatible; bingbot/2.0; +http://www.bing.com/bingbot.htm) Chrome/116.0.1938.76 Safari/537.36" www.acancehyucatan.gob.mx 192.185.131.128
66.249.64.98 - - [28/Apr/2025:14:28:37 -0600] "POST /get-message-notify HTTP/1.1" 200 31637 "https://www.acancehyucatan.gob.mx/gyqhj/g1822009.html" "Mozilla/5.0 (Linux; Android 6.0.1; Nexus 5X Build/MMB29P) AppleWebKit/537.36 (KHTML, like Gecko) Chrome/134.0.6998.165 Mobile Safari/537.36 (compatible; Googlebot/2.1; +http://www.google.com/bot.html)" www.acancehyucatan.gob.mx 192.185.131.128
66.249.64.98 - - [28/Apr/2025:14:28:38 -0600] "GET /qkddb/n873250.html HTTP/1.1" 200 28674 "-" "Mozilla/5.0 (Linux; Android 6.0.1; Nexus 5X Build/MMB29P) AppleWebKit/537.36 (KHTML, like Gecko) Chrome/135.0.7049.95 Mobile Safari/537.36 (compatible; GoogleOther)" www.acancehyucatan.gob.mx 192.185.131.128
66.249.64.98 - - [28/Apr/2025:14:28:43 -0600] "GET /prykh/t594874.html HTTP/1.1" 200 33441 "-" "Mozilla/5.0 (Linux; Android 6.0.1; Nexus 5X Build/MMB29P) AppleWebKit/537.36 (KHTML, like Gecko) Chrome/135.0.7049.95 Mobile Safari/537.36 (compatible; GoogleOther)" www.acancehyucatan.gob.mx 192.185.131.128
66.249.70.69 - - [28/Apr/2025:14:28:46 -0600] "GET /shopdetail/26131741 HTTP/1.1" 200 34179 "-" "Mozilla/5.0 (Linux; Android 6.0.1; Nexus 5X Build/MMB29P) AppleWebKit/537.36 (KHTML, like Gecko) Chrome/135.0.7049.95 Mobile Safari/537.36 (compatible; GoogleOther)" acancehyucatan.gob.mx 192.185.131.128
157.55.39.204 - - [28/Apr/2025:14:28:50 -0600] "GET /wfquo/m969631.html HTTP/2.0" 200 37058 "-" "Mozilla/5.0 AppleWebKit/537.36 (KHTML, like Gecko; compatible; bingbot/2.0; +http://www.bing.com/bingbot.htm) Chrome/116.0.1938.76 Safari/537.36" www.acancehyucatan.gob.mx 192.185.131.128
66.249.64.98 - - [28/Apr/2025:14:28:51 -0600] "POST /get-message-notify HTTP/1.1" 200 31637 "https://www.acancehyucatan.gob.mx/qkddb/n873250.html" "Mozilla/5.0 (Linux; Android 6.0.1; Nexus 5X Build/MMB29P) AppleWebKit/537.36 (KHTML, like Gecko) Chrome/134.0.6998.165 Mobile Safari/537.36 (compatible; Googlebot/2.1; +http://www.google.com/bot.html)" www.acancehyucatan.gob.mx 192.185.131.128
66.249.64.98 - - [28/Apr/2025:14:28:57 -0600] "POST /get-message-notify HTTP/1.1" 200 31637 "https://www.acancehyucatan.gob.mx/prykh/t594874.html" "Mozilla/5.0 (Linux; Android 6.0.1; Nexus 5X Build/MMB29P) AppleWebKit/537.36 (KHTML, like Gecko) Chrome/134.0.6998.165 Mobile Safari/537.36 (compatible; Googlebot/2.1; +http://www.google.com/bot.html)" www.acancehyucatan.gob.mx 192.185.131.128
66.249.70.68 - - [28/Apr/2025:14:28:59 -0600] "POST /get-message-notify HTTP/1.1" 200 31534 "https://acancehyucatan.gob.mx/shopdetail/26131741" "Mozilla/5.0 (Linux; Android 6.0.1; Nexus 5X Build/MMB29P) AppleWebKit/537.36 (KHTML, like Gecko) Chrome/134.0.6998.165 Mobile Safari/537.36 (compatible; Googlebot/2.1; +http://www.google.com/bot.html)" acancehyucatan.gob.mx 192.185.131.128
40.77.167.152 - - [28/Apr/2025:14:29:03 -0600] "GET /upszx/b221860.html HTTP/2.0" 200 28913 "-" "Mozilla/5.0 AppleWebKit/537.36 (KHTML, like Gecko; compatible; bingbot/2.0; +http://www.bing.com/bingbot.htm) Chrome/116.0.1938.76 Safari/537.36" www.acancehyucatan.gob.mx 192.185.131.128
66.249.64.99 - - [28/Apr/2025:14:29:35 -0600] "GET /kwrzs/q2024481.html HTTP/1.1" 200 32855 "-" "Mozilla/5.0 (Linux; Android 6.0.1; Nexus 5X Build/MMB29P) AppleWebKit/537.36 (KHTML, like Gecko) Chrome/135.0.7049.95 Mobile Safari/537.36 (compatible; GoogleOther)" www.acancehyucatan.gob.mx 192.185.131.128
66.249.64.99 - - [28/Apr/2025:14:29:48 -0600] "POST /get-message-notify HTTP/1.1" 200 31637 "https://www.acancehyucatan.gob.mx/kwrzs/q2024481.html" "Mozilla/5.0 (Linux; Android 6.0.1; Nexus 5X Build/MMB29P) AppleWebKit/537.36 (KHTML, like Gecko) Chrome/134.0.6998.165 Mobile Safari/537.36 (compatible; Googlebot/2.1; +http://www.google.com/bot.html)" www.acancehyucatan.gob.mx 192.185.131.128
66.249.64.98 - - [28/Apr/2025:14:29:58 -0600] "GET /sytdm/v1729750.html HTTP/1.1" 200 31685 "-" "Mozilla/5.0 (Linux; Android 6.0.1; Nexus 5X Build/MMB29P) AppleWebKit/537.36 (KHTML, like Gecko) Chrome/135.0.7049.95 Mobile Safari/537.36 (compatible; GoogleOther)" www.acancehyucatan.gob.mx 192.185.131.128
66.249.64.98 - - [28/Apr/2025:14:30:20 -0600] "GET /shopdetail/24575307 HTTP/1.1" 200 34019 "-" "Mozilla/5.0 (Linux; Android 6.0.1; Nexus 5X Build/MMB29P) AppleWebKit/537.36 (KHTML, like Gecko) Chrome/135.0.7049.95 Mobile Safari/537.36 (compatible; GoogleOther)" www.acancehyucatan.gob.mx 192.185.131.128
66.249.64.98 - - [28/Apr/2025:14:30:32 -0600] "POST /get-message-notify HTTP/1.1" 200 31637 "https://www.acancehyucatan.gob.mx/shopdetail/24575307" "Mozilla/5.0 (Linux; Android 6.0.1; Nexus 5X Build/MMB29P) AppleWebKit/537.36 (KHTML, like Gecko) Chrome/134.0.6998.165 Mobile Safari/537.36 (compatible; Googlebot/2.1; +http://www.google.com/bot.html)" www.acancehyucatan.gob.mx 192.185.131.128
157.55.39.204 - - [28/Apr/2025:14:30:59 -0600] "GET /atslz/x828020.html HTTP/2.0" 200 31567 "-" "Mozilla/5.0 AppleWebKit/537.36 (KHTML, like Gecko; compatible; bingbot/2.0; +http://www.bing.com/bingbot.htm) Chrome/116.0.1938.76 Safari/537.36" www.acancehyucatan.gob.mx 192.185.131.128
66.249.64.100 - - [28/Apr/2025:14:31:40 -0600] "GET /shopdetail/24449118 HTTP/1.1" 200 28314 "-" "Mozilla/5.0 (Linux; Android 6.0.1; Nexus 5X Build/MMB29P) AppleWebKit/537.36 (KHTML, like Gecko) Chrome/135.0.7049.95 Mobile Safari/537.36 (compatible; GoogleOther)" www.acancehyucatan.gob.mx 192.185.131.128
157.55.39.204 - - [28/Apr/2025:14:31:48 -0600] "GET /staee/e837725.html HTTP/2.0" 200 29743 "-" "Mozilla/5.0 AppleWebKit/537.36 (KHTML, like Gecko; compatible; bingbot/2.0; +http://www.bing.com/bingbot.htm) Chrome/116.0.1938.76 Safari/537.36" www.acancehyucatan.gob.mx 192.185.131.128
66.249.64.99 - - [28/Apr/2025:14:31:50 -0600] "POST /get-message-notify HTTP/1.1" 200 31637 "https://www.acancehyucatan.gob.mx/shopdetail/24449118" "Mozilla/5.0 (Linux; Android 6.0.1; Nexus 5X Build/MMB29P) AppleWebKit/537.36 (KHTML, like Gecko) Chrome/134.0.6998.165 Mobile Safari/537.36 (compatible; Googlebot/2.1; +http://www.google.com/bot.html)" www.acancehyucatan.gob.mx 192.185.131.128
66.249.64.100 - - [28/Apr/2025:14:32:12 -0600] "GET /shopdetail/25235396 HTTP/1.1" 200 32096 "-" "Mozilla/5.0 (Linux; Android 6.0.1; Nexus 5X Build/MMB29P) AppleWebKit/537.36 (KHTML, like Gecko) Chrome/135.0.7049.95 Mobile Safari/537.36 (compatible; GoogleOther)" www.acancehyucatan.gob.mx 192.185.131.128
66.249.64.98 - - [28/Apr/2025:14:32:26 -0600] "POST /get-message-notify HTTP/1.1" 200 31637 "https://www.acancehyucatan.gob.mx/shopdetail/25235396" "Mozilla/5.0 (Linux; Android 6.0.1; Nexus 5X Build/MMB29P) AppleWebKit/537.36 (KHTML, like Gecko) Chrome/134.0.6998.165 Mobile Safari/537.36 (compatible; Googlebot/2.1; +http://www.google.com/bot.html)" www.acancehyucatan.gob.mx 192.185.131.128
52.167.144.166 - - [28/Apr/2025:14:32:32 -0600] "GET /sggjq/v1564962.html HTTP/2.0" 200 30467 "-" "Mozilla/5.0 AppleWebKit/537.36 (KHTML, like Gecko; compatible; bingbot/2.0; +http://www.bing.com/bingbot.htm) Chrome/116.0.1938.76 Safari/537.36" www.acancehyucatan.gob.mx 192.185.131.128
66.249.64.99 - - [28/Apr/2025:14:33:07 -0600] "GET /shopdetail/25651952 HTTP/1.1" 200 32015 "-" "Mozilla/5.0 (Linux; Android 6.0.1; Nexus 5X Build/MMB29P) AppleWebKit/537.36 (KHTML, like Gecko) Chrome/135.0.7049.95 Mobile Safari/537.36 (compatible; GoogleOther)" www.acancehyucatan.gob.mx 192.185.131.128
66.249.64.99 - - [28/Apr/2025:14:33:10 -0600] "GET /shopdetail/25651952 HTTP/1.1" 200 32015 "-" "Mozilla/5.0 (Linux; Android 6.0.1; Nexus 5X Build/MMB29P) AppleWebKit/537.36 (KHTML, like Gecko) Chrome/135.0.7049.95 Mobile Safari/537.36 (compatible; GoogleOther)" www.acancehyucatan.gob.mx 192.185.131.128
66.249.64.99 - - [28/Apr/2025:14:33:12 -0600] "GET /dahbv/t1394270.html HTTP/1.1" 200 28862 "-" "Mozilla/5.0 (Linux; Android 6.0.1; Nexus 5X Build/MMB29P) AppleWebKit/537.36 (KHTML, like Gecko) Chrome/135.0.7049.95 Mobile Safari/537.36 (compatible; GoogleOther)" www.acancehyucatan.gob.mx 192.185.131.128
66.249.64.98 - - [28/Apr/2025:14:33:20 -0600] "POST /get-message-notify HTTP/1.1" 200 31637 "https://www.acancehyucatan.gob.mx/shopdetail/25651952" "Mozilla/5.0 (Linux; Android 6.0.1; Nexus 5X Build/MMB29P) AppleWebKit/537.36 (KHTML, like Gecko) Chrome/134.0.6998.165 Mobile Safari/537.36 (compatible; Googlebot/2.1; +http://www.google.com/bot.html)" www.acancehyucatan.gob.mx 192.185.131.128
66.249.70.70 - - [28/Apr/2025:14:33:20 -0600] "GET /shopdetail/4896496 HTTP/1.1" 200 33038 "-" "Mozilla/5.0 (Linux; Android 6.0.1; Nexus 5X Build/MMB29P) AppleWebKit/537.36 (KHTML, like Gecko) Chrome/135.0.7049.95 Mobile Safari/537.36 (compatible; GoogleOther)" acancehyucatan.gob.mx 192.185.131.128
66.249.64.98 - - [28/Apr/2025:14:33:25 -0600] "GET /shopdetail/23926407 HTTP/1.1" 200 38982 "-" "Mozilla/5.0 (Linux; Android 6.0.1; Nexus 5X Build/MMB29P) AppleWebKit/537.36 (KHTML, like Gecko) Chrome/135.0.7049.95 Mobile Safari/537.36 (compatible; GoogleOther)" www.acancehyucatan.gob.mx 192.185.131.128
66.249.64.98 - - [28/Apr/2025:14:33:29 -0600] "POST /get-message-notify HTTP/1.1" 200 31637 "https://www.acancehyucatan.gob.mx/dahbv/t1394270.html" "Mozilla/5.0 (Linux; Android 6.0.1; Nexus 5X Build/MMB29P) AppleWebKit/537.36 (KHTML, like Gecko) Chrome/134.0.6998.165 Mobile Safari/537.36 (compatible; Googlebot/2.1; +http://www.google.com/bot.html)" www.acancehyucatan.gob.mx 192.185.131.128
66.249.70.68 - - [28/Apr/2025:14:33:33 -0600] "POST /get-message-notify HTTP/1.1" 200 31534 "https://acancehyucatan.gob.mx/shopdetail/4896496" "Mozilla/5.0 (Linux; Android 6.0.1; Nexus 5X Build/MMB29P) AppleWebKit/537.36 (KHTML, like Gecko) Chrome/134.0.6998.165 Mobile Safari/537.36 (compatible; Googlebot/2.1; +http://www.google.com/bot.html)" acancehyucatan.gob.mx 192.185.131.128
66.249.64.98 - - [28/Apr/2025:14:33:38 -0600] "POST /get-message-notify HTTP/1.1" 200 31637 "https://www.acancehyucatan.gob.mx/shopdetail/23926407" "Mozilla/5.0 (Linux; Android 6.0.1; Nexus 5X Build/MMB29P) AppleWebKit/537.36 (KHTML, like Gecko) Chrome/134.0.6998.165 Mobile Safari/537.36 (compatible; Googlebot/2.1; +http://www.google.com/bot.html)" www.acancehyucatan.gob.mx 192.185.131.128
66.249.64.100 - - [28/Apr/2025:14:34:01 -0600] "GET /yizmn/o1303447.html HTTP/1.1" 200 32497 "-" "Mozilla/5.0 (Linux; Android 6.0.1; Nexus 5X Build/MMB29P) AppleWebKit/537.36 (KHTML, like Gecko) Chrome/135.0.7049.95 Mobile Safari/537.36 (compatible; GoogleOther)" www.acancehyucatan.gob.mx 192.185.131.128
40.77.167.152 - - [28/Apr/2025:14:34:02 -0600] "GET /utgfy/y574911.html HTTP/2.0" 200 28161 "-" "Mozilla/5.0 AppleWebKit/537.36 (KHTML, like Gecko; compatible; bingbot/2.0; +http://www.bing.com/bingbot.htm) Chrome/116.0.1938.76 Safari/537.36" www.acancehyucatan.gob.mx 192.185.131.128
66.249.64.100 - - [28/Apr/2025:14:34:03 -0600] "GET /yizmn/o1303447.html HTTP/1.1" 200 32497 "-" "Mozilla/5.0 (Linux; Android 6.0.1; Nexus 5X Build/MMB29P) AppleWebKit/537.36 (KHTML, like Gecko) Chrome/135.0.7049.95 Mobile Safari/537.36 (compatible; GoogleOther)" www.acancehyucatan.gob.mx 192.185.131.128
207.46.13.127 - - [28/Apr/2025:14:34:12 -0600] "GET /sehal/x363166.html HTTP/2.0" 200 41092 "-" "Mozilla/5.0 AppleWebKit/537.36 (KHTML, like Gecko; compatible; bingbot/2.0; +http://www.bing.com/bingbot.htm) Chrome/116.0.1938.76 Safari/537.36" www.acancehyucatan.gob.mx 192.185.131.128
66.249.64.98 - - [28/Apr/2025:14:34:16 -0600] "POST /get-message-notify HTTP/1.1" 200 31637 "https://www.acancehyucatan.gob.mx/yizmn/o1303447.html" "Mozilla/5.0 (Linux; Android 6.0.1; Nexus 5X Build/MMB29P) AppleWebKit/537.36 (KHTML, like Gecko) Chrome/134.0.6998.165 Mobile Safari/537.36 (compatible; Googlebot/2.1; +http://www.google.com/bot.html)" www.acancehyucatan.gob.mx 192.185.131.128
66.249.64.98 - - [28/Apr/2025:14:34:34 -0600] "GET /?_gl=1*1ix4f11*_gcl_au*MTYxMTI1OTI3MS4xNzIxODg2NjU0*_ga*ODYyMzk4MzA3LjE2OTk0NTM1Nzg.*_ga_7H42SVMQ0V*MTcyMTg4NjY1NS4xMjEuMS4xNzIxODg2NjY5LjQ2LjAuMA..&_ga=2.198040047.1958808748.1721886654-862398307.1699453578&_bdsid=2ulvIJ.n~ZXCIW.1721886656070.1721886848&_bd_prev_page=https://www.acancehyucatan.gob.mx/detail.php?shopdetail/29569763 HTTP/1.1" 200 44550 "-" "Mozilla/5.0 (compatible; Googlebot/2.1; +http://www.google.com/bot.html)" www.acancehyucatan.gob.mx 192.185.131.128
52.167.144.159 - - [28/Apr/2025:14:34:45 -0600] "GET /smphs/j1918056.html HTTP/2.0" 200 35045 "-" "Mozilla/5.0 AppleWebKit/537.36 (KHTML, like Gecko; compatible; bingbot/2.0; +http://www.bing.com/bingbot.htm) Chrome/116.0.1938.76 Safari/537.36" www.acancehyucatan.gob.mx 192.185.131.128
157.55.39.204 - - [28/Apr/2025:14:34:58 -0600] "GET /lppow/e1944259.html HTTP/2.0" 200 39606 "-" "Mozilla/5.0 AppleWebKit/537.36 (KHTML, like Gecko; compatible; bingbot/2.0; +http://www.bing.com/bingbot.htm) Chrome/116.0.1938.76 Safari/537.36" www.acancehyucatan.gob.mx 192.185.131.128
66.249.64.99 - - [28/Apr/2025:14:35:06 -0600] "GET /?_gl=1*1ix4f11*_gcl_au*MTYxMTI1OTI3MS4xNzIxODg2NjU0*_ga*ODYyMzk4MzA3LjE2OTk0NTM1Nzg.*_ga_7H42SVMQ0V*MTcyMTg4NjY1NS4xMjEuMS4xNzIxODg2NjY5LjQ2LjAuMA..&_ga=2.198040047.1958808748.1721886654-862398307.1699453578&_bdsid=2ulvIJ.n~ZXCIW.1721886656070.1721886848&_bd_prev_page=https://www.acancehyucatan.gob.mx/detail.php?shopdetail/21769396 HTTP/1.1" 200 43366 "-" "Mozilla/5.0 (compatible; Googlebot/2.1; +http://www.google.com/bot.html)" www.acancehyucatan.gob.mx 192.185.131.128
66.249.70.68 - - [28/Apr/2025:14:35:59 -0600] "GET /index.php?pcmypage?callback=product%2Fdetail%2F13929248 HTTP/1.1" 200 34264 "-" "Mozilla/5.0 (Linux; Android 6.0.1; Nexus 5X Build/MMB29P) AppleWebKit/537.36 (KHTML, like Gecko) Chrome/135.0.7049.95 Mobile Safari/537.36 (compatible; GoogleOther)" acancehyucatan.gob.mx 192.185.131.128
66.249.64.100 - - [28/Apr/2025:14:36:00 -0600] "GET /shopdetail/2782563 HTTP/1.1" 200 36122 "-" "Mozilla/5.0 (Linux; Android 6.0.1; Nexus 5X Build/MMB29P) AppleWebKit/537.36 (KHTML, like Gecko) Chrome/135.0.7049.95 Mobile Safari/537.36 (compatible; GoogleOther)" www.acancehyucatan.gob.mx 192.185.131.128
66.249.70.70 - - [28/Apr/2025:14:36:05 -0600] "GET /shopdetail/10043530 HTTP/1.1" 200 33900 "-" "Mozilla/5.0 (Linux; Android 6.0.1; Nexus 5X Build/MMB29P) AppleWebKit/537.36 (KHTML, like Gecko) Chrome/135.0.7049.95 Mobile Safari/537.36 (compatible; GoogleOther)" acancehyucatan.gob.mx 192.185.131.128
52.167.144.197 - - [28/Apr/2025:14:36:11 -0600] "GET /sgwct/n2139762.html HTTP/2.0" 200 28845 "-" "Mozilla/5.0 AppleWebKit/537.36 (KHTML, like Gecko; compatible; bingbot/2.0; +http://www.bing.com/bingbot.htm) Chrome/116.0.1938.76 Safari/537.36" www.acancehyucatan.gob.mx 192.185.131.128
66.249.70.68 - - [28/Apr/2025:14:36:12 -0600] "POST /get-message-notify HTTP/1.1" 200 31534 "https://acancehyucatan.gob.mx/index.php?pcmypage?callback=product%2Fdetail%2F13929248" "Mozilla/5.0 (Linux; Android 6.0.1; Nexus 5X Build/MMB29P) AppleWebKit/537.36 (KHTML, like Gecko) Chrome/134.0.6998.165 Mobile Safari/537.36 (compatible; Googlebot/2.1; +http://www.google.com/bot.html)" acancehyucatan.gob.mx 192.185.131.128
66.249.70.68 - - [28/Apr/2025:14:36:19 -0600] "POST /get-message-notify HTTP/1.1" 200 31534 "https://acancehyucatan.gob.mx/shopdetail/10043530" "Mozilla/5.0 (Linux; Android 6.0.1; Nexus 5X Build/MMB29P) AppleWebKit/537.36 (KHTML, like Gecko) Chrome/134.0.6998.165 Mobile Safari/537.36 (compatible; Googlebot/2.1; +http://www.google.com/bot.html)" acancehyucatan.gob.mx 192.185.131.128
157.55.39.53 - - [28/Apr/2025:14:36:21 -0600] "GET /fnogd/c482979.html HTTP/2.0" 200 28808 "-" "Mozilla/5.0 AppleWebKit/537.36 (KHTML, like Gecko; compatible; bingbot/2.0; +http://www.bing.com/bingbot.htm) Chrome/116.0.1938.76 Safari/537.36" acancehyucatan.gob.mx 192.185.131.128
66.249.64.99 - - [28/Apr/2025:14:36:34 -0600] "GET /shopdetail/29707529 HTTP/1.1" 200 31886 "-" "Mozilla/5.0 (Linux; Android 6.0.1; Nexus 5X Build/MMB29P) AppleWebKit/537.36 (KHTML, like Gecko) Chrome/135.0.7049.95 Mobile Safari/537.36 (compatible; GoogleOther)" www.acancehyucatan.gob.mx 192.185.131.128
66.249.70.68 - - [28/Apr/2025:14:36:36 -0600] "GET /shopdetail/26191074 HTTP/1.1" 200 32453 "-" "Mozilla/5.0 (Linux; Android 6.0.1; Nexus 5X Build/MMB29P) AppleWebKit/537.36 (KHTML, like Gecko) Chrome/135.0.7049.95 Mobile Safari/537.36 (compatible; GoogleOther)" acancehyucatan.gob.mx 192.185.131.128
66.249.64.99 - - [28/Apr/2025:14:36:38 -0600] "GET /shopdetail/29707529 HTTP/1.1" 200 31886 "-" "Mozilla/5.0 (Linux; Android 6.0.1; Nexus 5X Build/MMB29P) AppleWebKit/537.36 (KHTML, like Gecko) Chrome/135.0.7049.95 Mobile Safari/537.36 (compatible; GoogleOther)" www.acancehyucatan.gob.mx 192.185.131.128
66.249.64.98 - - [28/Apr/2025:14:36:46 -0600] "POST /get-message-notify HTTP/1.1" 200 31637 "https://www.acancehyucatan.gob.mx/shopdetail/29707529" "Mozilla/5.0 (Linux; Android 6.0.1; Nexus 5X Build/MMB29P) AppleWebKit/537.36 (KHTML, like Gecko) Chrome/134.0.6998.165 Mobile Safari/537.36 (compatible; Googlebot/2.1; +http://www.google.com/bot.html)" www.acancehyucatan.gob.mx 192.185.131.128
66.249.70.68 - - [28/Apr/2025:14:36:49 -0600] "POST /get-message-notify HTTP/1.1" 200 31534 "https://acancehyucatan.gob.mx/shopdetail/26191074" "Mozilla/5.0 (Linux; Android 6.0.1; Nexus 5X Build/MMB29P) AppleWebKit/537.36 (KHTML, like Gecko) Chrome/134.0.6998.165 Mobile Safari/537.36 (compatible; Googlebot/2.1; +http://www.google.com/bot.html)" acancehyucatan.gob.mx 192.185.131.128
66.249.70.70 - - [28/Apr/2025:14:37:15 -0600] "GET /shopdetail/10547529 HTTP/1.1" 200 30078 "-" "Mozilla/5.0 (Linux; Android 6.0.1; Nexus 5X Build/MMB29P) AppleWebKit/537.36 (KHTML, like Gecko) Chrome/135.0.7049.95 Mobile Safari/537.36 (compatible; GoogleOther)" acancehyucatan.gob.mx 192.185.131.128
66.249.64.98 - - [28/Apr/2025:14:37:29 -0600] "GET /shopdetail/11916796 HTTP/1.1" 200 27937 "-" "Mozilla/5.0 (Linux; Android 6.0.1; Nexus 5X Build/MMB29P) AppleWebKit/537.36 (KHTML, like Gecko) Chrome/135.0.7049.95 Mobile Safari/537.36 (compatible; GoogleOther)" www.acancehyucatan.gob.mx 192.185.131.128
66.249.70.68 - - [28/Apr/2025:14:37:36 -0600] "GET /shopdetail/25968829 HTTP/1.1" 200 34160 "-" "Mozilla/5.0 (Linux; Android 6.0.1; Nexus 5X Build/MMB29P) AppleWebKit/537.36 (KHTML, like Gecko) Chrome/135.0.7049.95 Mobile Safari/537.36 (compatible; GoogleOther)" acancehyucatan.gob.mx 192.185.131.128
66.249.64.98 - - [28/Apr/2025:14:37:37 -0600] "GET /shopdetail/3119129 HTTP/1.1" 200 28458 "-" "Mozilla/5.0 (Linux; Android 6.0.1; Nexus 5X Build/MMB29P) AppleWebKit/537.36 (KHTML, like Gecko) Chrome/135.0.7049.95 Mobile Safari/537.36 (compatible; GoogleOther)" www.acancehyucatan.gob.mx 192.185.131.128
157.55.39.55 - - [28/Apr/2025:14:37:41 -0600] "GET /ejxak/q556001.html HTTP/2.0" 200 33211 "-" "Mozilla/5.0 AppleWebKit/537.36 (KHTML, like Gecko; compatible; bingbot/2.0; +http://www.bing.com/bingbot.htm) Chrome/116.0.1938.76 Safari/537.36" www.acancehyucatan.gob.mx 192.185.131.128
66.249.64.98 - - [28/Apr/2025:14:37:41 -0600] "POST /get-message-notify HTTP/1.1" 200 31637 "https://www.acancehyucatan.gob.mx/shopdetail/11916796" "Mozilla/5.0 (Linux; Android 6.0.1; Nexus 5X Build/MMB29P) AppleWebKit/537.36 (KHTML, like Gecko) Chrome/134.0.6998.165 Mobile Safari/537.36 (compatible; Googlebot/2.1; +http://www.google.com/bot.html)" www.acancehyucatan.gob.mx 192.185.131.128
66.249.70.68 - - [28/Apr/2025:14:37:48 -0600] "POST /get-message-notify HTTP/1.1" 200 31534 "https://acancehyucatan.gob.mx/shopdetail/25968829" "Mozilla/5.0 (Linux; Android 6.0.1; Nexus 5X Build/MMB29P) AppleWebKit/537.36 (KHTML, like Gecko) Chrome/134.0.6998.165 Mobile Safari/537.36 (compatible; Googlebot/2.1; +http://www.google.com/bot.html)" acancehyucatan.gob.mx 192.185.131.128
66.249.64.98 - - [28/Apr/2025:14:37:49 -0600] "POST /get-message-notify HTTP/1.1" 200 31637 "https://www.acancehyucatan.gob.mx/shopdetail/3119129" "Mozilla/5.0 (Linux; Android 6.0.1; Nexus 5X Build/MMB29P) AppleWebKit/537.36 (KHTML, like Gecko) Chrome/134.0.6998.165 Mobile Safari/537.36 (compatible; Googlebot/2.1; +http://www.google.com/bot.html)" www.acancehyucatan.gob.mx 192.185.131.128
52.167.144.197 - - [28/Apr/2025:14:37:51 -0600] "GET /tnway/q652851.html HTTP/2.0" 200 28364 "-" "Mozilla/5.0 AppleWebKit/537.36 (KHTML, like Gecko; compatible; bingbot/2.0; +http://www.bing.com/bingbot.htm) Chrome/116.0.1938.76 Safari/537.36" www.acancehyucatan.gob.mx 192.185.131.128
66.249.64.98 - - [28/Apr/2025:14:37:59 -0600] "GET /shopdetail/14444263 HTTP/1.1" 200 34424 "-" "Mozilla/5.0 (Linux; Android 6.0.1; Nexus 5X Build/MMB29P) AppleWebKit/537.36 (KHTML, like Gecko) Chrome/135.0.7049.95 Mobile Safari/537.36 (compatible; GoogleOther)" www.acancehyucatan.gob.mx 192.185.131.128
66.249.64.98 - - [28/Apr/2025:14:38:14 -0600] "POST /get-message-notify HTTP/1.1" 200 31637 "https://www.acancehyucatan.gob.mx/shopdetail/14444263" "Mozilla/5.0 (Linux; Android 6.0.1; Nexus 5X Build/MMB29P) AppleWebKit/537.36 (KHTML, like Gecko) Chrome/134.0.6998.165 Mobile Safari/537.36 (compatible; Googlebot/2.1; +http://www.google.com/bot.html)" www.acancehyucatan.gob.mx 192.185.131.128
66.249.70.70 - - [28/Apr/2025:14:38:43 -0600] "GET /shopdetail/23646507 HTTP/1.1" 200 36702 "-" "Mozilla/5.0 (Linux; Android 6.0.1; Nexus 5X Build/MMB29P) AppleWebKit/537.36 (KHTML, like Gecko) Chrome/135.0.7049.95 Mobile Safari/537.36 (compatible; GoogleOther)" acancehyucatan.gob.mx 192.185.131.128
66.249.64.98 - - [28/Apr/2025:14:38:48 -0600] "GET /shopdetail/5199796 HTTP/1.1" 200 33379 "-" "Mozilla/5.0 (Linux; Android 6.0.1; Nexus 5X Build/MMB29P) AppleWebKit/537.36 (KHTML, like Gecko) Chrome/135.0.7049.95 Mobile Safari/537.36 (compatible; Googlebot/2.1; +http://www.google.com/bot.html)" www.acancehyucatan.gob.mx 192.185.131.128
66.249.70.69 - - [28/Apr/2025:14:38:57 -0600] "POST /get-message-notify HTTP/1.1" 200 31534 "https://acancehyucatan.gob.mx/shopdetail/23646507" "Mozilla/5.0 (Linux; Android 6.0.1; Nexus 5X Build/MMB29P) AppleWebKit/537.36 (KHTML, like Gecko) Chrome/134.0.6998.165 Mobile Safari/537.36 (compatible; Googlebot/2.1; +http://www.google.com/bot.html)" acancehyucatan.gob.mx 192.185.131.128
66.249.70.70 - - [28/Apr/2025:14:39:25 -0600] "POST /get-message-notify HTTP/1.1" 200 31534 "https://acancehyucatan.gob.mx/index.php?shopdetail/30513741" "Mozilla/5.0 (Linux; Android 6.0.1; Nexus 5X Build/MMB29P) AppleWebKit/537.36 (KHTML, like Gecko) Chrome/134.0.6998.165 Mobile Safari/537.36 (compatible; Googlebot/2.1; +http://www.google.com/bot.html)" acancehyucatan.gob.mx 192.185.131.128
157.55.39.55 - - [28/Apr/2025:14:39:31 -0600] "GET /ndekd/v2960720.html HTTP/2.0" 200 31981 "-" "Mozilla/5.0 AppleWebKit/537.36 (KHTML, like Gecko; compatible; bingbot/2.0; +http://www.bing.com/bingbot.htm) Chrome/116.0.1938.76 Safari/537.36" www.acancehyucatan.gob.mx 192.185.131.128
66.249.70.69 - - [28/Apr/2025:14:39:32 -0600] "GET /index.php?zhHant/product/surugaya/29819404?campaign_uid=f64d716db5e979ed2f947dbaf4296895b951ae7f HTTP/1.1" 200 28756 "-" "Mozilla/5.0 (Linux; Android 6.0.1; Nexus 5X Build/MMB29P) AppleWebKit/537.36 (KHTML, like Gecko) Chrome/135.0.7049.95 Mobile Safari/537.36 (compatible; GoogleOther)" acancehyucatan.gob.mx 192.185.131.128
66.249.70.68 - - [28/Apr/2025:14:39:46 -0600] "POST /get-message-notify HTTP/1.1" 200 31534 "https://acancehyucatan.gob.mx/index.php?zhHant/product/surugaya/29819404?campaign_uid=f64d716db5e979ed2f947dbaf4296895b951ae7f" "Mozilla/5.0 (Linux; Android 6.0.1; Nexus 5X Build/MMB29P) AppleWebKit/537.36 (KHTML, like Gecko) Chrome/134.0.6998.165 Mobile Safari/537.36 (compatible; Googlebot/2.1; +http://www.google.com/bot.html)" acancehyucatan.gob.mx 192.185.131.128
157.55.39.6 - - [28/Apr/2025:14:39:52 -0600] "GET /hhyxe/e1390251.html HTTP/2.0" 200 46275 "-" "Mozilla/5.0 AppleWebKit/537.36 (KHTML, like Gecko; compatible; bingbot/2.0; +http://www.bing.com/bingbot.htm) Chrome/116.0.1938.76 Safari/537.36" www.acancehyucatan.gob.mx 192.185.131.128
66.249.64.99 - - [28/Apr/2025:14:40:10 -0600] "GET /ygmym/m722449.html HTTP/1.1" 200 38423 "-" "Mozilla/5.0 (Linux; Android 6.0.1; Nexus 5X Build/MMB29P) AppleWebKit/537.36 (KHTML, like Gecko) Chrome/135.0.7049.95 Mobile Safari/537.36 (compatible; GoogleOther)" www.acancehyucatan.gob.mx 192.185.131.128
66.249.64.98 - - [28/Apr/2025:14:40:10 -0600] "GET /pcmypage?callback=/product%2Fdetail%2F54750557 HTTP/1.1" 200 31304 "-" "Mozilla/5.0 (Linux; Android 6.0.1; Nexus 5X Build/MMB29P) AppleWebKit/537.36 (KHTML, like Gecko) Chrome/135.0.7049.95 Mobile Safari/537.36 (compatible; GoogleOther)" www.acancehyucatan.gob.mx 192.185.131.128
52.167.144.187 - - [28/Apr/2025:14:40:16 -0600] "GET /eiugu/s2408191.html HTTP/2.0" 200 33290 "-" "Mozilla/5.0 AppleWebKit/537.36 (KHTML, like Gecko; compatible; bingbot/2.0; +http://www.bing.com/bingbot.htm) Chrome/116.0.1938.76 Safari/537.36" www.acancehyucatan.gob.mx 192.185.131.128
66.249.64.99 - - [28/Apr/2025:14:40:23 -0600] "POST /get-message-notify HTTP/1.1" 200 31637 "https://www.acancehyucatan.gob.mx/ygmym/m722449.html" "Mozilla/5.0 (Linux; Android 6.0.1; Nexus 5X Build/MMB29P) AppleWebKit/537.36 (KHTML, like Gecko) Chrome/134.0.6998.165 Mobile Safari/537.36 (compatible; Googlebot/2.1; +http://www.google.com/bot.html)" www.acancehyucatan.gob.mx 192.185.131.128
66.249.64.98 - - [28/Apr/2025:14:40:28 -0600] "GET /shopdetail/13020085 HTTP/1.1" 200 31634 "-" "Mozilla/5.0 (Linux; Android 6.0.1; Nexus 5X Build/MMB29P) AppleWebKit/537.36 (KHTML, like Gecko) Chrome/135.0.7049.95 Mobile Safari/537.36 (compatible; GoogleOther)" www.acancehyucatan.gob.mx 192.185.131.128
66.249.64.98 - - [28/Apr/2025:14:40:31 -0600] "GET /zdgdc/c2738453.html HTTP/1.1" 200 31218 "-" "Mozilla/5.0 (Linux; Android 6.0.1; Nexus 5X Build/MMB29P) AppleWebKit/537.36 (KHTML, like Gecko) Chrome/135.0.7049.95 Mobile Safari/537.36 (compatible; GoogleOther)" www.acancehyucatan.gob.mx 192.185.131.128
66.249.64.98 - - [28/Apr/2025:14:40:43 -0600] "POST /get-message-notify HTTP/1.1" 200 31637 "https://www.acancehyucatan.gob.mx/shopdetail/13020085" "Mozilla/5.0 (Linux; Android 6.0.1; Nexus 5X Build/MMB29P) AppleWebKit/537.36 (KHTML, like Gecko) Chrome/134.0.6998.165 Mobile Safari/537.36 (compatible; Googlebot/2.1; +http://www.google.com/bot.html)" www.acancehyucatan.gob.mx 192.185.131.128
66.249.64.98 - - [28/Apr/2025:14:40:44 -0600] "POST /get-message-notify HTTP/1.1" 200 31637 "https://www.acancehyucatan.gob.mx/zdgdc/c2738453.html" "Mozilla/5.0 (Linux; Android 6.0.1; Nexus 5X Build/MMB29P) AppleWebKit/537.36 (KHTML, like Gecko) Chrome/134.0.6998.165 Mobile Safari/537.36 (compatible; Googlebot/2.1; +http://www.google.com/bot.html)" www.acancehyucatan.gob.mx 192.185.131.128
66.249.70.70 - - [28/Apr/2025:14:40:54 -0600] "GET /index.php?zhHant/product/surugaya/22635167?campaign_uid=f64d716db5e979ed2f947dbaf4296895b951ae7f HTTP/1.1" 200 29402 "-" "Mozilla/5.0 (Linux; Android 6.0.1; Nexus 5X Build/MMB29P) AppleWebKit/537.36 (KHTML, like Gecko) Chrome/135.0.7049.95 Mobile Safari/537.36 (compatible; GoogleOther)" acancehyucatan.gob.mx 192.185.131.128
66.249.70.69 - - [28/Apr/2025:14:41:07 -0600] "POST /get-message-notify HTTP/1.1" 200 31534 "https://acancehyucatan.gob.mx/index.php?zhHant/product/surugaya/22635167?campaign_uid=f64d716db5e979ed2f947dbaf4296895b951ae7f" "Mozilla/5.0 (Linux; Android 6.0.1; Nexus 5X Build/MMB29P) AppleWebKit/537.36 (KHTML, like Gecko) Chrome/134.0.6998.165 Mobile Safari/537.36 (compatible; Googlebot/2.1; +http://www.google.com/bot.html)" acancehyucatan.gob.mx 192.185.131.128
66.249.64.99 - - [28/Apr/2025:14:41:25 -0600] "GET /shopdetail/8891618 HTTP/1.1" 200 33427 "-" "Mozilla/5.0 (Linux; Android 6.0.1; Nexus 5X Build/MMB29P) AppleWebKit/537.36 (KHTML, like Gecko) Chrome/135.0.7049.95 Mobile Safari/537.36 (compatible; GoogleOther)" www.acancehyucatan.gob.mx 192.185.131.128
66.249.70.68 - - [28/Apr/2025:14:41:44 -0600] "GET /index.php?shopdetail/6495030 HTTP/1.1" 200 32004 "-" "Mozilla/5.0 (Linux; Android 6.0.1; Nexus 5X Build/MMB29P) AppleWebKit/537.36 (KHTML, like Gecko) Chrome/135.0.7049.95 Mobile Safari/537.36 (compatible; Googlebot/2.1; +http://www.google.com/bot.html)" acancehyucatan.gob.mx 192.185.131.128
66.249.70.68 - - [28/Apr/2025:14:41:54 -0600] "GET /safe_search/config?return_url=%2Fproduct%2Fdetail%2F25697857 HTTP/1.1" 200 36466 "-" "Mozilla/5.0 (compatible; Googlebot/2.1; +http://www.google.com/bot.html)" acancehyucatan.gob.mx 192.185.131.128
66.249.64.98 - - [28/Apr/2025:14:41:56 -0600] "GET /shopdetail/9586852 HTTP/1.1" 200 31783 "-" "Mozilla/5.0 (Linux; Android 6.0.1; Nexus 5X Build/MMB29P) AppleWebKit/537.36 (KHTML, like Gecko) Chrome/135.0.7049.95 Mobile Safari/537.36 (compatible; GoogleOther)" www.acancehyucatan.gob.mx 192.185.131.128
66.249.64.100 - - [28/Apr/2025:14:42:03 -0600] "GET /safe_search/config?return_url=%2Fproduct%2Fdetail%2F28966960 HTTP/1.1" 200 33275 "-" "Mozilla/5.0 (Linux; Android 6.0.1; Nexus 5X Build/MMB29P) AppleWebKit/537.36 (KHTML, like Gecko) Chrome/135.0.7049.95 Mobile Safari/537.36 (compatible; GoogleOther)" www.acancehyucatan.gob.mx 192.185.131.128
66.249.64.98 - - [28/Apr/2025:14:42:16 -0600] "POST /get-message-notify HTTP/1.1" 200 31637 "https://www.acancehyucatan.gob.mx/safe_search/config?return_url=%2Fproduct%2Fdetail%2F28966960" "Mozilla/5.0 (Linux; Android 6.0.1; Nexus 5X Build/MMB29P) AppleWebKit/537.36 (KHTML, like Gecko) Chrome/134.0.6998.165 Mobile Safari/537.36 (compatible; Googlebot/2.1; +http://www.google.com/bot.html)" www.acancehyucatan.gob.mx 192.185.131.128
66.249.64.98 - - [28/Apr/2025:14:42:18 -0600] "POST /get-message-notify HTTP/1.1" 200 31637 "https://www.acancehyucatan.gob.mx/shopdetail/9586852" "Mozilla/5.0 (Linux; Android 6.0.1; Nexus 5X Build/MMB29P) AppleWebKit/537.36 (KHTML, like Gecko) Chrome/134.0.6998.165 Mobile Safari/537.36 (compatible; Googlebot/2.1; +http://www.google.com/bot.html)" www.acancehyucatan.gob.mx 192.185.131.128
