66.249.70.69 - - [28/Apr/2025:09:08:26 -0600] "GET /index.php?shopdetail/24308329 HTTP/1.1" 200 29203 "-" "Mozilla/5.0 (Linux; Android 6.0.1; Nexus 5X Build/MMB29P) AppleWebKit/537.36 (KHTML, like Gecko) Chrome/135.0.7049.95 Mobile Safari/537.36 (compatible; Googlebot/2.1; +http://www.google.com/bot.html)" acancehyucatan.gob.mx 192.185.131.128
66.249.64.100 - - [28/Apr/2025:09:08:48 -0600] "GET /?_gl=1*1ix4f11*_gcl_au*MTYxMTI1OTI3MS4xNzIxODg2NjU0*_ga*ODYyMzk4MzA3LjE2OTk0NTM1Nzg.*_ga_7H42SVMQ0V*MTcyMTg4NjY1NS4xMjEuMS4xNzIxODg2NjY5LjQ2LjAuMA..&_ga=2.198040047.1958808748.1721886654-862398307.1699453578&_bdsid=2ulvIJ.n~ZXCIW.1721886656070.1721886848&_bd_prev_page=https://www.acancehyucatan.gob.mx/detail.php?shopdetail/29080841 HTTP/1.1" 200 42084 "-" "Mozilla/5.0 (Linux; Android 6.0.1; Nexus 5X Build/MMB29P) AppleWebKit/537.36 (KHTML, like Gecko) Chrome/135.0.7049.95 Mobile Safari/537.36 (compatible; Googlebot/2.1; +http://www.google.com/bot.html)" www.acancehyucatan.gob.mx 192.185.131.128
66.249.64.98 - - [28/Apr/2025:09:09:25 -0600] "GET /teclc/u3086975.html HTTP/1.1" 200 32818 "-" "Mozilla/5.0 (Linux; Android 6.0.1; Nexus 5X Build/MMB29P) AppleWebKit/537.36 (KHTML, like Gecko) Chrome/135.0.7049.95 Mobile Safari/537.36 (compatible; GoogleOther)" www.acancehyucatan.gob.mx 192.185.131.128
66.249.64.98 - - [28/Apr/2025:09:09:27 -0600] "POST /get-message-notify HTTP/1.1" 200 31638 "https://www.acancehyucatan.gob.mx/teclc/u3086975.html" "Mozilla/5.0 (Linux; Android 6.0.1; Nexus 5X Build/MMB29P) AppleWebKit/537.36 (KHTML, like Gecko) Chrome/134.0.6998.165 Mobile Safari/537.36 (compatible; Googlebot/2.1; +http://www.google.com/bot.html)" www.acancehyucatan.gob.mx 192.185.131.128
66.249.70.70 - - [28/Apr/2025:09:09:31 -0600] "GET /index.php?shopdetail/26129052 HTTP/1.1" 200 29175 "-" "Mozilla/5.0 (compatible; Googlebot/2.1; +http://www.google.com/bot.html)" acancehyucatan.gob.mx 192.185.131.128
66.249.64.99 - - [28/Apr/2025:09:09:53 -0600] "GET /shopdetail/12549252 HTTP/1.1" 200 33610 "-" "Mozilla/5.0 (Linux; Android 6.0.1; Nexus 5X Build/MMB29P) AppleWebKit/537.36 (KHTML, like Gecko) Chrome/135.0.7049.95 Mobile Safari/537.36 (compatible; GoogleOther)" www.acancehyucatan.gob.mx 192.185.131.128
66.249.64.98 - - [28/Apr/2025:09:09:55 -0600] "POST /get-message-notify HTTP/1.1" 200 31638 "https://www.acancehyucatan.gob.mx/shopdetail/12549252" "Mozilla/5.0 (Linux; Android 6.0.1; Nexus 5X Build/MMB29P) AppleWebKit/537.36 (KHTML, like Gecko) Chrome/134.0.6998.165 Mobile Safari/537.36 (compatible; Googlebot/2.1; +http://www.google.com/bot.html)" www.acancehyucatan.gob.mx 192.185.131.128
66.249.64.98 - - [28/Apr/2025:09:09:57 -0600] "GET /shopdetail/11581430 HTTP/1.1" 200 31950 "-" "Mozilla/5.0 (Linux; Android 6.0.1; Nexus 5X Build/MMB29P) AppleWebKit/537.36 (KHTML, like Gecko) Chrome/135.0.7049.95 Mobile Safari/537.36 (compatible; GoogleOther)" www.acancehyucatan.gob.mx 192.185.131.128
66.249.64.98 - - [28/Apr/2025:09:09:59 -0600] "POST /get-message-notify HTTP/1.1" 200 31638 "https://www.acancehyucatan.gob.mx/shopdetail/11581430" "Mozilla/5.0 (Linux; Android 6.0.1; Nexus 5X Build/MMB29P) AppleWebKit/537.36 (KHTML, like Gecko) Chrome/134.0.6998.165 Mobile Safari/537.36 (compatible; Googlebot/2.1; +http://www.google.com/bot.html)" www.acancehyucatan.gob.mx 192.185.131.128
66.249.64.99 - - [28/Apr/2025:09:10:21 -0600] "GET /shopdetail/10643607 HTTP/1.1" 200 44896 "-" "Mozilla/5.0 (Linux; Android 6.0.1; Nexus 5X Build/MMB29P) AppleWebKit/537.36 (KHTML, like Gecko) Chrome/135.0.7049.95 Mobile Safari/537.36 (compatible; GoogleOther)" www.acancehyucatan.gob.mx 192.185.131.128
66.249.64.98 - - [28/Apr/2025:09:10:23 -0600] "POST /get-message-notify HTTP/1.1" 200 31638 "https://www.acancehyucatan.gob.mx/shopdetail/10643607" "Mozilla/5.0 (Linux; Android 6.0.1; Nexus 5X Build/MMB29P) AppleWebKit/537.36 (KHTML, like Gecko) Chrome/134.0.6998.165 Mobile Safari/537.36 (compatible; Googlebot/2.1; +http://www.google.com/bot.html)" www.acancehyucatan.gob.mx 192.185.131.128
66.249.70.69 - - [28/Apr/2025:09:10:24 -0600] "GET /index.php?pcmypage?callback=/product%2Fdetail%2F80097598 HTTP/1.1" 200 29085 "-" "Mozilla/5.0 (Linux; Android 6.0.1; Nexus 5X Build/MMB29P) AppleWebKit/537.36 (KHTML, like Gecko) Chrome/135.0.7049.95 Mobile Safari/537.36 (compatible; Googlebot/2.1; +http://www.google.com/bot.html)" acancehyucatan.gob.mx 192.185.131.128
66.249.64.98 - - [28/Apr/2025:09:10:30 -0600] "GET /shopdetail/11203007 HTTP/1.1" 200 30739 "-" "Mozilla/5.0 (Linux; Android 6.0.1; Nexus 5X Build/MMB29P) AppleWebKit/537.36 (KHTML, like Gecko) Chrome/135.0.7049.95 Mobile Safari/537.36 (compatible; GoogleOther)" www.acancehyucatan.gob.mx 192.185.131.128
66.249.64.98 - - [28/Apr/2025:09:10:31 -0600] "POST /get-message-notify HTTP/1.1" 200 31638 "https://www.acancehyucatan.gob.mx/shopdetail/11203007" "Mozilla/5.0 (Linux; Android 6.0.1; Nexus 5X Build/MMB29P) AppleWebKit/537.36 (KHTML, like Gecko) Chrome/134.0.6998.165 Mobile Safari/537.36 (compatible; Googlebot/2.1; +http://www.google.com/bot.html)" www.acancehyucatan.gob.mx 192.185.131.128
40.77.167.151 - - [28/Apr/2025:09:10:34 -0600] "GET /gacetas.php?shopdetail/4550274 HTTP/2.0" 200 32126 "-" "Mozilla/5.0 AppleWebKit/537.36 (KHTML, like Gecko; compatible; bingbot/2.0; +http://www.bing.com/bingbot.htm) Chrome/116.0.1938.76 Safari/537.36" acancehyucatan.gob.mx 192.185.131.128
66.249.70.69 - - [28/Apr/2025:09:11:15 -0600] "GET /index.php?shopdetail/21979996 HTTP/1.1" 200 31741 "-" "Mozilla/5.0 (compatible; Googlebot/2.1; +http://www.google.com/bot.html)" acancehyucatan.gob.mx 192.185.131.128
66.249.64.99 - - [28/Apr/2025:09:11:34 -0600] "GET /pcmypage?callback=/product%2Fdetail%2F96280563 HTTP/1.1" 200 28653 "-" "Mozilla/5.0 (Linux; Android 6.0.1; Nexus 5X Build/MMB29P) AppleWebKit/537.36 (KHTML, like Gecko) Chrome/135.0.7049.95 Mobile Safari/537.36 (compatible; GoogleOther)" www.acancehyucatan.gob.mx 192.185.131.128
40.77.167.47 - - [28/Apr/2025:09:11:39 -0600] "GET /ipxzi/g2067501.html HTTP/2.0" 200 29393 "-" "Mozilla/5.0 AppleWebKit/537.36 (KHTML, like Gecko; compatible; bingbot/2.0; +http://www.bing.com/bingbot.htm) Chrome/116.0.1938.76 Safari/537.36" acancehyucatan.gob.mx 192.185.131.128
66.249.64.99 - - [28/Apr/2025:09:11:39 -0600] "POST /get-message-notify HTTP/1.1" 200 31638 "https://www.acancehyucatan.gob.mx/pcmypage?callback=/product%2Fdetail%2F96280563" "Mozilla/5.0 (Linux; Android 6.0.1; Nexus 5X Build/MMB29P) AppleWebKit/537.36 (KHTML, like Gecko) Chrome/134.0.6998.165 Mobile Safari/537.36 (compatible; Googlebot/2.1; +http://www.google.com/bot.html)" www.acancehyucatan.gob.mx 192.185.131.128
66.249.64.99 - - [28/Apr/2025:09:12:02 -0600] "GET /shopdetail/7674007 HTTP/1.1" 200 28438 "-" "Mozilla/5.0 (Linux; Android 6.0.1; Nexus 5X Build/MMB29P) AppleWebKit/537.36 (KHTML, like Gecko) Chrome/135.0.7049.95 Mobile Safari/537.36 (compatible; GoogleOther)" www.acancehyucatan.gob.mx 192.185.131.128
66.249.64.99 - - [28/Apr/2025:09:12:05 -0600] "POST /get-message-notify HTTP/1.1" 200 31638 "https://www.acancehyucatan.gob.mx/shopdetail/7674007" "Mozilla/5.0 (Linux; Android 6.0.1; Nexus 5X Build/MMB29P) AppleWebKit/537.36 (KHTML, like Gecko) Chrome/134.0.6998.165 Mobile Safari/537.36 (compatible; Googlebot/2.1; +http://www.google.com/bot.html)" www.acancehyucatan.gob.mx 192.185.131.128
66.249.64.98 - - [28/Apr/2025:09:12:44 -0600] "GET /yhwkv/w3095479.html HTTP/1.1" 200 30407 "-" "Mozilla/5.0 (Linux; Android 6.0.1; Nexus 5X Build/MMB29P) AppleWebKit/537.36 (KHTML, like Gecko) Chrome/135.0.7049.95 Mobile Safari/537.36 (compatible; Googlebot/2.1; +http://www.google.com/bot.html)" www.acancehyucatan.gob.mx 192.185.131.128
66.249.64.98 - - [28/Apr/2025:09:12:57 -0600] "POST /get-message-notify HTTP/1.1" 200 31638 "https://www.acancehyucatan.gob.mx/yhwkv/w3095479.html" "Mozilla/5.0 (Linux; Android 6.0.1; Nexus 5X Build/MMB29P) AppleWebKit/537.36 (KHTML, like Gecko) Chrome/134.0.6998.165 Mobile Safari/537.36 (compatible; Googlebot/2.1; +http://www.google.com/bot.html)" www.acancehyucatan.gob.mx 192.185.131.128
66.249.64.100 - - [28/Apr/2025:09:13:32 -0600] "GET /?_gl=1*1ix4f11*_gcl_au*MTYxMTI1OTI3MS4xNzIxODg2NjU0*_ga*ODYyMzk4MzA3LjE2OTk0NTM1Nzg.*_ga_7H42SVMQ0V*MTcyMTg4NjY1NS4xMjEuMS4xNzIxODg2NjY5LjQ2LjAuMA..&_ga=2.198040047.1958808748.1721886654-862398307.1699453578&_bdsid=2ulvIJ.n~ZXCIW.1721886656070.1721886848&_bd_prev_page=https://www.acancehyucatan.gob.mx/detail.php?shopdetail/24377418 HTTP/1.1" 200 46175 "-" "Mozilla/5.0 (compatible; Googlebot/2.1; +http://www.google.com/bot.html)" www.acancehyucatan.gob.mx 192.185.131.128
40.77.167.54 - - [28/Apr/2025:09:13:53 -0600] "GET /dpkel/z928174.html HTTP/2.0" 200 34889 "-" "Mozilla/5.0 AppleWebKit/537.36 (KHTML, like Gecko; compatible; bingbot/2.0; +http://www.bing.com/bingbot.htm) Chrome/116.0.1938.76 Safari/537.36" www.acancehyucatan.gob.mx 192.185.131.128
66.249.64.99 - - [28/Apr/2025:09:13:54 -0600] "GET /shopdetail/9452263 HTTP/1.1" 200 29310 "-" "Mozilla/5.0 (Linux; Android 6.0.1; Nexus 5X Build/MMB29P) AppleWebKit/537.36 (KHTML, like Gecko) Chrome/135.0.7049.95 Mobile Safari/537.36 (compatible; GoogleOther)" www.acancehyucatan.gob.mx 192.185.131.128
66.249.64.99 - - [28/Apr/2025:09:13:55 -0600] "POST /get-message-notify HTTP/1.1" 200 31638 "https://www.acancehyucatan.gob.mx/shopdetail/9452263" "Mozilla/5.0 (Linux; Android 6.0.1; Nexus 5X Build/MMB29P) AppleWebKit/537.36 (KHTML, like Gecko) Chrome/134.0.6998.165 Mobile Safari/537.36 (compatible; Googlebot/2.1; +http://www.google.com/bot.html)" www.acancehyucatan.gob.mx 192.185.131.128
52.167.144.193 - - [28/Apr/2025:09:14:08 -0600] "GET /sqmuz/z2439736.html HTTP/2.0" 200 31015 "-" "Mozilla/5.0 AppleWebKit/537.36 (KHTML, like Gecko; compatible; bingbot/2.0; +http://www.bing.com/bingbot.htm) Chrome/116.0.1938.76 Safari/537.36" www.acancehyucatan.gob.mx 192.185.131.128
52.167.144.25 - - [28/Apr/2025:09:14:14 -0600] "GET /sadoe/s617883.html HTTP/2.0" 200 32168 "-" "Mozilla/5.0 AppleWebKit/537.36 (KHTML, like Gecko; compatible; bingbot/2.0; +http://www.bing.com/bingbot.htm) Chrome/116.0.1938.76 Safari/537.36" www.acancehyucatan.gob.mx 192.185.131.128
52.167.144.193 - - [28/Apr/2025:09:14:27 -0600] "GET /clmzf/n403976.html HTTP/2.0" 200 30312 "-" "Mozilla/5.0 AppleWebKit/537.36 (KHTML, like Gecko; compatible; bingbot/2.0; +http://www.bing.com/bingbot.htm) Chrome/116.0.1938.76 Safari/537.36" www.acancehyucatan.gob.mx 192.185.131.128
207.46.13.153 - - [28/Apr/2025:09:14:32 -0600] "GET /lavxt/s2062443.html HTTP/2.0" 200 29168 "-" "Mozilla/5.0 AppleWebKit/537.36 (KHTML, like Gecko; compatible; bingbot/2.0; +http://www.bing.com/bingbot.htm) Chrome/116.0.1938.76 Safari/537.36" www.acancehyucatan.gob.mx 192.185.131.128
66.249.64.99 - - [28/Apr/2025:09:15:19 -0600] "GET /jgnik/j2734326.html HTTP/1.1" 200 37323 "-" "Mozilla/5.0 (Linux; Android 6.0.1; Nexus 5X Build/MMB29P) AppleWebKit/537.36 (KHTML, like Gecko) Chrome/135.0.7049.95 Mobile Safari/537.36 (compatible; GoogleOther)" www.acancehyucatan.gob.mx 192.185.131.128
66.249.64.99 - - [28/Apr/2025:09:15:22 -0600] "POST /get-message-notify HTTP/1.1" 200 31638 "https://www.acancehyucatan.gob.mx/jgnik/j2734326.html" "Mozilla/5.0 (Linux; Android 6.0.1; Nexus 5X Build/MMB29P) AppleWebKit/537.36 (KHTML, like Gecko) Chrome/134.0.6998.165 Mobile Safari/537.36 (compatible; Googlebot/2.1; +http://www.google.com/bot.html)" www.acancehyucatan.gob.mx 192.185.131.128
66.249.64.99 - - [28/Apr/2025:09:15:25 -0600] "GET /?_gl=1*1ix4f11*_gcl_au*MTYxMTI1OTI3MS4xNzIxODg2NjU0*_ga*ODYyMzk4MzA3LjE2OTk0NTM1Nzg.*_ga_7H42SVMQ0V*MTcyMTg4NjY1NS4xMjEuMS4xNzIxODg2NjY5LjQ2LjAuMA..&_ga=2.198040047.1958808748.1721886654-862398307.1699453578&_bdsid=2ulvIJ.n~ZXCIW.1721886656070.1721886848&_bd_prev_page=https://www.acancehyucatan.gob.mx/detail.php?shopdetail/10355652 HTTP/1.1" 200 43486 "-" "Mozilla/5.0 (compatible; Googlebot/2.1; +http://www.google.com/bot.html)" www.acancehyucatan.gob.mx 192.185.131.128
66.249.70.68 - - [28/Apr/2025:09:15:27 -0600] "GET /index.php?shopdetail/1463307 HTTP/1.1" 200 29108 "-" "Mozilla/5.0 (Linux; Android 6.0.1; Nexus 5X Build/MMB29P) AppleWebKit/537.36 (KHTML, like Gecko) Chrome/135.0.7049.95 Mobile Safari/537.36 (compatible; Googlebot/2.1; +http://www.google.com/bot.html)" acancehyucatan.gob.mx 192.185.131.128
66.249.64.98 - - [28/Apr/2025:09:15:32 -0600] "GET /shopdetail/4986641 HTTP/1.1" 200 32409 "-" "Mozilla/5.0 (Linux; Android 6.0.1; Nexus 5X Build/MMB29P) AppleWebKit/537.36 (KHTML, like Gecko) Chrome/135.0.7049.95 Mobile Safari/537.36 (compatible; GoogleOther)" www.acancehyucatan.gob.mx 192.185.131.128
66.249.64.98 - - [28/Apr/2025:09:15:36 -0600] "GET /shopdetail/4746807 HTTP/1.1" 200 34122 "-" "Mozilla/5.0 (Linux; Android 6.0.1; Nexus 5X Build/MMB29P) AppleWebKit/537.36 (KHTML, like Gecko) Chrome/135.0.7049.95 Mobile Safari/537.36 (compatible; GoogleOther)" www.acancehyucatan.gob.mx 192.185.131.128
66.249.64.98 - - [28/Apr/2025:09:15:38 -0600] "POST /get-message-notify HTTP/1.1" 200 31638 "https://www.acancehyucatan.gob.mx/shopdetail/4986641" "Mozilla/5.0 (Linux; Android 6.0.1; Nexus 5X Build/MMB29P) AppleWebKit/537.36 (KHTML, like Gecko) Chrome/134.0.6998.165 Mobile Safari/537.36 (compatible; Googlebot/2.1; +http://www.google.com/bot.html)" www.acancehyucatan.gob.mx 192.185.131.128
66.249.64.98 - - [28/Apr/2025:09:15:38 -0600] "POST /get-message-notify HTTP/1.1" 200 31638 "https://www.acancehyucatan.gob.mx/shopdetail/4746807" "Mozilla/5.0 (Linux; Android 6.0.1; Nexus 5X Build/MMB29P) AppleWebKit/537.36 (KHTML, like Gecko) Chrome/134.0.6998.165 Mobile Safari/537.36 (compatible; Googlebot/2.1; +http://www.google.com/bot.html)" www.acancehyucatan.gob.mx 192.185.131.128
66.249.64.98 - - [28/Apr/2025:09:15:42 -0600] "GET /?_gl=1*1ix4f11*_gcl_au*MTYxMTI1OTI3MS4xNzIxODg2NjU0*_ga*ODYyMzk4MzA3LjE2OTk0NTM1Nzg.*_ga_7H42SVMQ0V*MTcyMTg4NjY1NS4xMjEuMS4xNzIxODg2NjY5LjQ2LjAuMA..&_ga=2.198040047.1958808748.1721886654-862398307.1699453578&_bdsid=2ulvIJ.n~ZXCIW.1721886656070.1721886848&_bd_prev_page=https://www.acancehyucatan.gob.mx/detail.php?shopdetail/14785352 HTTP/1.1" 200 45380 "-" "Mozilla/5.0 (Linux; Android 6.0.1; Nexus 5X Build/MMB29P) AppleWebKit/537.36 (KHTML, like Gecko) Chrome/134.0.6998.88 Mobile Safari/537.36 (compatible; Googlebot/2.1; +http://www.google.com/bot.html)" www.acancehyucatan.gob.mx 192.185.131.128
40.77.167.37 - - [28/Apr/2025:09:15:44 -0600] "GET /pvauc/g1992179.html HTTP/2.0" 200 29410 "-" "Mozilla/5.0 AppleWebKit/537.36 (KHTML, like Gecko; compatible; bingbot/2.0; +http://www.bing.com/bingbot.htm) Chrome/116.0.1938.76 Safari/537.36" www.acancehyucatan.gob.mx 192.185.131.128
66.249.64.98 - - [28/Apr/2025:09:16:06 -0600] "GET /shopdetail/1247096 HTTP/1.1" 200 32828 "-" "Mozilla/5.0 (Linux; Android 6.0.1; Nexus 5X Build/MMB29P) AppleWebKit/537.36 (KHTML, like Gecko) Chrome/135.0.7049.95 Mobile Safari/537.36 (compatible; GoogleOther)" www.acancehyucatan.gob.mx 192.185.131.128
66.249.64.98 - - [28/Apr/2025:09:16:07 -0600] "GET /ahfkz/x1381144.html HTTP/1.1" 200 32216 "-" "Mozilla/5.0 (Linux; Android 6.0.1; Nexus 5X Build/MMB29P) AppleWebKit/537.36 (KHTML, like Gecko) Chrome/135.0.7049.95 Mobile Safari/537.36 (compatible; GoogleOther)" www.acancehyucatan.gob.mx 192.185.131.128
66.249.64.99 - - [28/Apr/2025:09:16:08 -0600] "POST /get-message-notify HTTP/1.1" 200 31638 "https://www.acancehyucatan.gob.mx/shopdetail/1247096" "Mozilla/5.0 (Linux; Android 6.0.1; Nexus 5X Build/MMB29P) AppleWebKit/537.36 (KHTML, like Gecko) Chrome/134.0.6998.165 Mobile Safari/537.36 (compatible; Googlebot/2.1; +http://www.google.com/bot.html)" www.acancehyucatan.gob.mx 192.185.131.128
66.249.64.99 - - [28/Apr/2025:09:16:09 -0600] "POST /get-message-notify HTTP/1.1" 200 31638 "https://www.acancehyucatan.gob.mx/ahfkz/x1381144.html" "Mozilla/5.0 (Linux; Android 6.0.1; Nexus 5X Build/MMB29P) AppleWebKit/537.36 (KHTML, like Gecko) Chrome/135.0.7049.95 Mobile Safari/537.36 (compatible; Googlebot/2.1; +http://www.google.com/bot.html)" www.acancehyucatan.gob.mx 192.185.131.128
66.249.70.68 - - [28/Apr/2025:09:17:08 -0600] "GET /index.php?safe_search/config?return_url=%2Fproduct%2Fdetail%2F33441210 HTTP/1.1" 200 34459 "-" "Mozilla/5.0 (compatible; Googlebot/2.1; +http://www.google.com/bot.html)" acancehyucatan.gob.mx 192.185.131.128
66.249.64.100 - - [28/Apr/2025:09:17:13 -0600] "GET /?_gl=1*1ix4f11*_gcl_au*MTYxMTI1OTI3MS4xNzIxODg2NjU0*_ga*ODYyMzk4MzA3LjE2OTk0NTM1Nzg.*_ga_7H42SVMQ0V*MTcyMTg4NjY1NS4xMjEuMS4xNzIxODg2NjY5LjQ2LjAuMA..&_ga=2.198040047.1958808748.1721886654-862398307.1699453578&_bdsid=2ulvIJ.n~ZXCIW.1721886656070.1721886848&_bd_prev_page=https://www.acancehyucatan.gob.mx/detail.php?shopdetail/18619718 HTTP/1.1" 200 43943 "-" "Mozilla/5.0 (Linux; Android 6.0.1; Nexus 5X Build/MMB29P) AppleWebKit/537.36 (KHTML, like Gecko) Chrome/135.0.7049.95 Mobile Safari/537.36 (compatible; Googlebot/2.1; +http://www.google.com/bot.html)" www.acancehyucatan.gob.mx 192.185.131.128
66.249.64.100 - - [28/Apr/2025:09:17:16 -0600] "GET /?_gl=1*1ix4f11*_gcl_au*MTYxMTI1OTI3MS4xNzIxODg2NjU0*_ga*ODYyMzk4MzA3LjE2OTk0NTM1Nzg.*_ga_7H42SVMQ0V*MTcyMTg4NjY1NS4xMjEuMS4xNzIxODg2NjY5LjQ2LjAuMA..&_ga=2.198040047.1958808748.1721886654-862398307.1699453578&_bdsid=2ulvIJ.n~ZXCIW.1721886656070.1721886848&_bd_prev_page=https://www.acancehyucatan.gob.mx/detail.php?shopdetail/25230385 HTTP/1.1" 200 44502 "-" "Mozilla/5.0 (Linux; Android 6.0.1; Nexus 5X Build/MMB29P) AppleWebKit/537.36 (KHTML, like Gecko) Chrome/135.0.7049.95 Mobile Safari/537.36 (compatible; Googlebot/2.1; +http://www.google.com/bot.html)" www.acancehyucatan.gob.mx 192.185.131.128
66.249.70.69 - - [28/Apr/2025:09:17:19 -0600] "GET /shopdetail/25307941 HTTP/1.1" 200 34212 "-" "Mozilla/5.0 (compatible; Googlebot/2.1; +http://www.google.com/bot.html)" acancehyucatan.gob.mx 192.185.131.128
66.249.64.98 - - [28/Apr/2025:09:17:20 -0600] "GET /?_gl=1*1ix4f11*_gcl_au*MTYxMTI1OTI3MS4xNzIxODg2NjU0*_ga*ODYyMzk4MzA3LjE2OTk0NTM1Nzg.*_ga_7H42SVMQ0V*MTcyMTg4NjY1NS4xMjEuMS4xNzIxODg2NjY5LjQ2LjAuMA..&_ga=2.198040047.1958808748.1721886654-862398307.1699453578&_bdsid=2ulvIJ.n~ZXCIW.1721886656070.1721886848&_bd_prev_page=https://www.acancehyucatan.gob.mx/detail.php?shopdetail/25225874 HTTP/1.1" 200 42096 "-" "Mozilla/5.0 (Linux; Android 6.0.1; Nexus 5X Build/MMB29P) AppleWebKit/537.36 (KHTML, like Gecko) Chrome/135.0.7049.95 Mobile Safari/537.36 (compatible; Googlebot/2.1; +http://www.google.com/bot.html)" www.acancehyucatan.gob.mx 192.185.131.128
66.249.64.98 - - [28/Apr/2025:09:17:22 -0600] "GET /?_gl=1*1ix4f11*_gcl_au*MTYxMTI1OTI3MS4xNzIxODg2NjU0*_ga*ODYyMzk4MzA3LjE2OTk0NTM1Nzg.*_ga_7H42SVMQ0V*MTcyMTg4NjY1NS4xMjEuMS4xNzIxODg2NjY5LjQ2LjAuMA..&_ga=2.198040047.1958808748.1721886654-862398307.1699453578&_bdsid=2ulvIJ.n~ZXCIW.1721886656070.1721886848&_bd_prev_page=https://www.acancehyucatan.gob.mx/detail.php?shopdetail/24661596 HTTP/1.1" 200 46821 "-" "Mozilla/5.0 (Linux; Android 6.0.1; Nexus 5X Build/MMB29P) AppleWebKit/537.36 (KHTML, like Gecko) Chrome/135.0.7049.95 Mobile Safari/537.36 (compatible; Googlebot/2.1; +http://www.google.com/bot.html)" www.acancehyucatan.gob.mx 192.185.131.128
66.249.64.98 - - [28/Apr/2025:09:17:23 -0600] "GET /?_gl=1*1ix4f11*_gcl_au*MTYxMTI1OTI3MS4xNzIxODg2NjU0*_ga*ODYyMzk4MzA3LjE2OTk0NTM1Nzg.*_ga_7H42SVMQ0V*MTcyMTg4NjY1NS4xMjEuMS4xNzIxODg2NjY5LjQ2LjAuMA..&_ga=2.198040047.1958808748.1721886654-862398307.1699453578&_bdsid=2ulvIJ.n~ZXCIW.1721886656070.1721886848&_bd_prev_page=https://www.acancehyucatan.gob.mx/detail.php?shopdetail/11541063 HTTP/1.1" 200 53610 "-" "Mozilla/5.0 (Linux; Android 6.0.1; Nexus 5X Build/MMB29P) AppleWebKit/537.36 (KHTML, like Gecko) Chrome/135.0.7049.95 Mobile Safari/537.36 (compatible; Googlebot/2.1; +http://www.google.com/bot.html)" www.acancehyucatan.gob.mx 192.185.131.128
52.167.144.233 - - [28/Apr/2025:09:17:23 -0600] "GET /tkflt/i2566209.html HTTP/2.0" 200 31109 "-" "Mozilla/5.0 AppleWebKit/537.36 (KHTML, like Gecko; compatible; bingbot/2.0; +http://www.bing.com/bingbot.htm) Chrome/116.0.1938.76 Safari/537.36" www.acancehyucatan.gob.mx 192.185.131.128
66.249.64.98 - - [28/Apr/2025:09:17:25 -0600] "GET /?_gl=1*1ix4f11*_gcl_au*MTYxMTI1OTI3MS4xNzIxODg2NjU0*_ga*ODYyMzk4MzA3LjE2OTk0NTM1Nzg.*_ga_7H42SVMQ0V*MTcyMTg4NjY1NS4xMjEuMS4xNzIxODg2NjY5LjQ2LjAuMA..&_ga=2.198040047.1958808748.1721886654-862398307.1699453578&_bdsid=2ulvIJ.n~ZXCIW.1721886656070.1721886848&_bd_prev_page=https://www.acancehyucatan.gob.mx/detail.php?shopdetail/10393529 HTTP/1.1" 200 45055 "-" "Mozilla/5.0 (Linux; Android 6.0.1; Nexus 5X Build/MMB29P) AppleWebKit/537.36 (KHTML, like Gecko) Chrome/135.0.7049.95 Mobile Safari/537.36 (compatible; Googlebot/2.1; +http://www.google.com/bot.html)" www.acancehyucatan.gob.mx 192.185.131.128
207.46.13.92 - - [28/Apr/2025:09:17:26 -0600] "GET /poicz/z1479296.html HTTP/2.0" 200 38201 "-" "Mozilla/5.0 AppleWebKit/537.36 (KHTML, like Gecko; compatible; bingbot/2.0; +http://www.bing.com/bingbot.htm) Chrome/116.0.1938.76 Safari/537.36" www.acancehyucatan.gob.mx 192.185.131.128
52.167.144.190 - - [28/Apr/2025:09:17:27 -0600] "GET /ogdek/l2060980.html HTTP/2.0" 200 32034 "-" "Mozilla/5.0 AppleWebKit/537.36 (KHTML, like Gecko; compatible; bingbot/2.0; +http://www.bing.com/bingbot.htm) Chrome/116.0.1938.76 Safari/537.36" www.acancehyucatan.gob.mx 192.185.131.128
66.249.64.98 - - [28/Apr/2025:09:17:27 -0600] "POST /get-message-notify HTTP/1.1" 200 31638 "https://www.acancehyucatan.gob.mx/?_gl=1*1ix4f11*_gcl_au*MTYxMTI1OTI3MS4xNzIxODg2NjU0*_ga*ODYyMzk4MzA3LjE2OTk0NTM1Nzg.*_ga_7H42SVMQ0V*MTcyMTg4NjY1NS4xMjEuMS4xNzIxODg2NjY5LjQ2LjAuMA..&_ga=2.198040047.1958808748.1721886654-862398307.1699453578&_bdsid=2ulvIJ.n~ZXCIW.1721886656070.1721886848&_bd_prev_page=https://www.acancehyucatan.gob.mx/detail.php?shopdetail/10393529" "Mozilla/5.0 (Linux; Android 6.0.1; Nexus 5X Build/MMB29P) AppleWebKit/537.36 (KHTML, like Gecko) Chrome/134.0.6998.165 Mobile Safari/537.36 (compatible; Googlebot/2.1; +http://www.google.com/bot.html)" www.acancehyucatan.gob.mx 192.185.131.128
66.249.64.98 - - [28/Apr/2025:09:17:31 -0600] "GET /?_gl=1*1ix4f11*_gcl_au*MTYxMTI1OTI3MS4xNzIxODg2NjU0*_ga*ODYyMzk4MzA3LjE2OTk0NTM1Nzg.*_ga_7H42SVMQ0V*MTcyMTg4NjY1NS4xMjEuMS4xNzIxODg2NjY5LjQ2LjAuMA..&_ga=2.198040047.1958808748.1721886654-862398307.1699453578&_bdsid=2ulvIJ.n~ZXCIW.1721886656070.1721886848&_bd_prev_page=https://www.acancehyucatan.gob.mx/detail.php?shopdetail/21508418 HTTP/1.1" 200 47555 "-" "Mozilla/5.0 (Linux; Android 6.0.1; Nexus 5X Build/MMB29P) AppleWebKit/537.36 (KHTML, like Gecko) Chrome/135.0.7049.95 Mobile Safari/537.36 (compatible; Googlebot/2.1; +http://www.google.com/bot.html)" www.acancehyucatan.gob.mx 192.185.131.128
66.249.64.98 - - [28/Apr/2025:09:17:34 -0600] "POST /get-message-notify HTTP/1.1" 200 31638 "https://www.acancehyucatan.gob.mx/?_gl=1*1ix4f11*_gcl_au*MTYxMTI1OTI3MS4xNzIxODg2NjU0*_ga*ODYyMzk4MzA3LjE2OTk0NTM1Nzg.*_ga_7H42SVMQ0V*MTcyMTg4NjY1NS4xMjEuMS4xNzIxODg2NjY5LjQ2LjAuMA..&_ga=2.198040047.1958808748.1721886654-862398307.1699453578&_bdsid=2ulvIJ.n~ZXCIW.1721886656070.1721886848&_bd_prev_page=https://www.acancehyucatan.gob.mx/detail.php?shopdetail/21508418" "Mozilla/5.0 (Linux; Android 6.0.1; Nexus 5X Build/MMB29P) AppleWebKit/537.36 (KHTML, like Gecko) Chrome/134.0.6998.165 Mobile Safari/537.36 (compatible; Googlebot/2.1; +http://www.google.com/bot.html)" www.acancehyucatan.gob.mx 192.185.131.128
66.249.64.98 - - [28/Apr/2025:09:17:43 -0600] "GET /?_gl=1*1ix4f11*_gcl_au*MTYxMTI1OTI3MS4xNzIxODg2NjU0*_ga*ODYyMzk4MzA3LjE2OTk0NTM1Nzg.*_ga_7H42SVMQ0V*MTcyMTg4NjY1NS4xMjEuMS4xNzIxODg2NjY5LjQ2LjAuMA..&_ga=2.198040047.1958808748.1721886654-862398307.1699453578&_bdsid=2ulvIJ.n~ZXCIW.1721886656070.1721886848&_bd_prev_page=https://www.acancehyucatan.gob.mx/detail.php?shopdetail/25859663 HTTP/1.1" 200 43191 "-" "Mozilla/5.0 (Linux; Android 6.0.1; Nexus 5X Build/MMB29P) AppleWebKit/537.36 (KHTML, like Gecko) Chrome/135.0.7049.95 Mobile Safari/537.36 (compatible; Googlebot/2.1; +http://www.google.com/bot.html)" www.acancehyucatan.gob.mx 192.185.131.128
207.46.13.18 - - [28/Apr/2025:09:17:43 -0600] "GET /vcsaz/i1194631.html HTTP/2.0" 200 33484 "-" "Mozilla/5.0 AppleWebKit/537.36 (KHTML, like Gecko; compatible; bingbot/2.0; +http://www.bing.com/bingbot.htm) Chrome/116.0.1938.76 Safari/537.36" www.acancehyucatan.gob.mx 192.185.131.128
66.249.64.98 - - [28/Apr/2025:09:17:58 -0600] "GET /?_gl=1*1ix4f11*_gcl_au*MTYxMTI1OTI3MS4xNzIxODg2NjU0*_ga*ODYyMzk4MzA3LjE2OTk0NTM1Nzg.*_ga_7H42SVMQ0V*MTcyMTg4NjY1NS4xMjEuMS4xNzIxODg2NjY5LjQ2LjAuMA..&_ga=2.198040047.1958808748.1721886654-862398307.1699453578&_bdsid=2ulvIJ.n~ZXCIW.1721886656070.1721886848&_bd_prev_page=https://www.acancehyucatan.gob.mx/detail.php?shopdetail/7944174 HTTP/1.1" 200 45225 "-" "Mozilla/5.0 (Linux; Android 6.0.1; Nexus 5X Build/MMB29P) AppleWebKit/537.36 (KHTML, like Gecko) Chrome/135.0.7049.95 Mobile Safari/537.36 (compatible; Googlebot/2.1; +http://www.google.com/bot.html)" www.acancehyucatan.gob.mx 192.185.131.128
66.249.64.98 - - [28/Apr/2025:09:18:05 -0600] "GET /shopdetail/6938496 HTTP/1.1" 200 31301 "-" "Mozilla/5.0 (Linux; Android 6.0.1; Nexus 5X Build/MMB29P) AppleWebKit/537.36 (KHTML, like Gecko) Chrome/135.0.7049.95 Mobile Safari/537.36 (compatible; GoogleOther)" www.acancehyucatan.gob.mx 192.185.131.128
66.249.64.98 - - [28/Apr/2025:09:18:06 -0600] "GET /shopdetail/5364463 HTTP/1.1" 200 31891 "-" "Mozilla/5.0 (Linux; Android 6.0.1; Nexus 5X Build/MMB29P) AppleWebKit/537.36 (KHTML, like Gecko) Chrome/135.0.7049.95 Mobile Safari/537.36 (compatible; GoogleOther)" www.acancehyucatan.gob.mx 192.185.131.128
66.249.64.100 - - [28/Apr/2025:09:18:07 -0600] "POST /get-message-notify HTTP/1.1" 200 31638 "https://www.acancehyucatan.gob.mx/shopdetail/6938496" "Mozilla/5.0 (Linux; Android 6.0.1; Nexus 5X Build/MMB29P) AppleWebKit/537.36 (KHTML, like Gecko) Chrome/134.0.6998.165 Mobile Safari/537.36 (compatible; Googlebot/2.1; +http://www.google.com/bot.html)" www.acancehyucatan.gob.mx 192.185.131.128
66.249.64.99 - - [28/Apr/2025:09:18:07 -0600] "POST /get-message-notify HTTP/1.1" 200 31638 "https://www.acancehyucatan.gob.mx/shopdetail/5364463" "Mozilla/5.0 (Linux; Android 6.0.1; Nexus 5X Build/MMB29P) AppleWebKit/537.36 (KHTML, like Gecko) Chrome/134.0.6998.165 Mobile Safari/537.36 (compatible; Googlebot/2.1; +http://www.google.com/bot.html)" www.acancehyucatan.gob.mx 192.185.131.128
66.249.64.98 - - [28/Apr/2025:09:18:14 -0600] "GET /?_gl=1*1ix4f11*_gcl_au*MTYxMTI1OTI3MS4xNzIxODg2NjU0*_ga*ODYyMzk4MzA3LjE2OTk0NTM1Nzg.*_ga_7H42SVMQ0V*MTcyMTg4NjY1NS4xMjEuMS4xNzIxODg2NjY5LjQ2LjAuMA..&_ga=2.198040047.1958808748.1721886654-862398307.1699453578&_bdsid=2ulvIJ.n~ZXCIW.1721886656070.1721886848&_bd_prev_page=https://www.acancehyucatan.gob.mx/detail.php?shopdetail/29998774 HTTP/1.1" 200 44723 "-" "Mozilla/5.0 (Linux; Android 6.0.1; Nexus 5X Build/MMB29P) AppleWebKit/537.36 (KHTML, like Gecko) Chrome/135.0.7049.95 Mobile Safari/537.36 (compatible; Googlebot/2.1; +http://www.google.com/bot.html)" www.acancehyucatan.gob.mx 192.185.131.128
66.249.64.99 - - [28/Apr/2025:09:18:16 -0600] "POST /get-message-notify HTTP/1.1" 200 31638 "https://www.acancehyucatan.gob.mx/?_gl=1*1ix4f11*_gcl_au*MTYxMTI1OTI3MS4xNzIxODg2NjU0*_ga*ODYyMzk4MzA3LjE2OTk0NTM1Nzg.*_ga_7H42SVMQ0V*MTcyMTg4NjY1NS4xMjEuMS4xNzIxODg2NjY5LjQ2LjAuMA..&_ga=2.198040047.1958808748.1721886654-862398307.1699453578&_bdsid=2ulvIJ.n~ZXCIW.1721886656070.1721886848&_bd_prev_page=https://www.acancehyucatan.gob.mx/detail.php?shopdetail/29998774" "Mozilla/5.0 (Linux; Android 6.0.1; Nexus 5X Build/MMB29P) AppleWebKit/537.36 (KHTML, like Gecko) Chrome/134.0.6998.165 Mobile Safari/537.36 (compatible; Googlebot/2.1; +http://www.google.com/bot.html)" www.acancehyucatan.gob.mx 192.185.131.128
66.249.64.98 - - [28/Apr/2025:09:18:33 -0600] "GET /shopdetail/4645630 HTTP/1.1" 200 31201 "-" "Mozilla/5.0 (Linux; Android 6.0.1; Nexus 5X Build/MMB29P) AppleWebKit/537.36 (KHTML, like Gecko) Chrome/135.0.7049.95 Mobile Safari/537.36 (compatible; GoogleOther)" www.acancehyucatan.gob.mx 192.185.131.128
66.249.64.98 - - [28/Apr/2025:09:18:34 -0600] "GET /shopdetail/15257063 HTTP/1.1" 200 41879 "-" "Mozilla/5.0 (Linux; Android 6.0.1; Nexus 5X Build/MMB29P) AppleWebKit/537.36 (KHTML, like Gecko) Chrome/135.0.7049.95 Mobile Safari/537.36 (compatible; GoogleOther)" www.acancehyucatan.gob.mx 192.185.131.128
66.249.64.98 - - [28/Apr/2025:09:18:35 -0600] "POST /get-message-notify HTTP/1.1" 200 31638 "https://www.acancehyucatan.gob.mx/shopdetail/4645630" "Mozilla/5.0 (Linux; Android 6.0.1; Nexus 5X Build/MMB29P) AppleWebKit/537.36 (KHTML, like Gecko) Chrome/134.0.6998.165 Mobile Safari/537.36 (compatible; Googlebot/2.1; +http://www.google.com/bot.html)" www.acancehyucatan.gob.mx 192.185.131.128
66.249.64.98 - - [28/Apr/2025:09:18:36 -0600] "POST /get-message-notify HTTP/1.1" 200 31638 "https://www.acancehyucatan.gob.mx/shopdetail/15257063" "Mozilla/5.0 (Linux; Android 6.0.1; Nexus 5X Build/MMB29P) AppleWebKit/537.36 (KHTML, like Gecko) Chrome/134.0.6998.165 Mobile Safari/537.36 (compatible; Googlebot/2.1; +http://www.google.com/bot.html)" www.acancehyucatan.gob.mx 192.185.131.128
66.249.64.98 - - [28/Apr/2025:09:18:57 -0600] "GET /?_gl=1*1ix4f11*_gcl_au*MTYxMTI1OTI3MS4xNzIxODg2NjU0*_ga*ODYyMzk4MzA3LjE2OTk0NTM1Nzg.*_ga_7H42SVMQ0V*MTcyMTg4NjY1NS4xMjEuMS4xNzIxODg2NjY5LjQ2LjAuMA..&_ga=2.198040047.1958808748.1721886654-862398307.1699453578&_bdsid=2ulvIJ.n~ZXCIW.1721886656070.1721886848&_bd_prev_page=https://www.acancehyucatan.gob.mx/detail.php?product/edit/54467434 HTTP/1.1" 200 47183 "-" "Mozilla/5.0 (Linux; Android 6.0.1; Nexus 5X Build/MMB29P) AppleWebKit/537.36 (KHTML, like Gecko) Chrome/135.0.7049.95 Mobile Safari/537.36 (compatible; Googlebot/2.1; +http://www.google.com/bot.html)" www.acancehyucatan.gob.mx 192.185.131.128
66.249.64.100 - - [28/Apr/2025:09:19:28 -0600] "GET /pxzio/t2069828.html HTTP/1.1" 200 37907 "-" "Mozilla/5.0 (Linux; Android 6.0.1; Nexus 5X Build/MMB29P) AppleWebKit/537.36 (KHTML, like Gecko) Chrome/135.0.7049.95 Mobile Safari/537.36 (compatible; Googlebot/2.1; +http://www.google.com/bot.html)" www.acancehyucatan.gob.mx 192.185.131.128
66.249.64.98 - - [28/Apr/2025:09:19:31 -0600] "GET /?_gl=1*1ix4f11*_gcl_au*MTYxMTI1OTI3MS4xNzIxODg2NjU0*_ga*ODYyMzk4MzA3LjE2OTk0NTM1Nzg.*_ga_7H42SVMQ0V*MTcyMTg4NjY1NS4xMjEuMS4xNzIxODg2NjY5LjQ2LjAuMA..&_ga=2.198040047.1958808748.1721886654-862398307.1699453578&_bdsid=2ulvIJ.n~ZXCIW.1721886656070.1721886848&_bd_prev_page=https://www.acancehyucatan.gob.mx/detail.php?shopdetail/26930718 HTTP/1.1" 200 56814 "-" "Mozilla/5.0 (Linux; Android 6.0.1; Nexus 5X Build/MMB29P) AppleWebKit/537.36 (KHTML, like Gecko) Chrome/135.0.7049.95 Mobile Safari/537.36 (compatible; Googlebot/2.1; +http://www.google.com/bot.html)" www.acancehyucatan.gob.mx 192.185.131.128
66.249.64.98 - - [28/Apr/2025:09:19:31 -0600] "GET /?_gl=1*1ix4f11*_gcl_au*MTYxMTI1OTI3MS4xNzIxODg2NjU0*_ga*ODYyMzk4MzA3LjE2OTk0NTM1Nzg.*_ga_7H42SVMQ0V*MTcyMTg4NjY1NS4xMjEuMS4xNzIxODg2NjY5LjQ2LjAuMA..&_ga=2.198040047.1958808748.1721886654-862398307.1699453578&_bdsid=2ulvIJ.n~ZXCIW.1721886656070.1721886848&_bd_prev_page=https://www.acancehyucatan.gob.mx/detail.php?shopdetail/24818441 HTTP/1.1" 200 50618 "-" "Mozilla/5.0 (Linux; Android 6.0.1; Nexus 5X Build/MMB29P) AppleWebKit/537.36 (KHTML, like Gecko) Chrome/135.0.7049.95 Mobile Safari/537.36 (compatible; Googlebot/2.1; +http://www.google.com/bot.html)" www.acancehyucatan.gob.mx 192.185.131.128
66.249.64.98 - - [28/Apr/2025:09:19:34 -0600] "GET /mcamb/d2301888.html HTTP/1.1" 200 27587 "-" "Mozilla/5.0 (Linux; Android 6.0.1; Nexus 5X Build/MMB29P) AppleWebKit/537.36 (KHTML, like Gecko) Chrome/135.0.7049.95 Mobile Safari/537.36 (compatible; Googlebot/2.1; +http://www.google.com/bot.html)" www.acancehyucatan.gob.mx 192.185.131.128
66.249.64.98 - - [28/Apr/2025:09:19:49 -0600] "GET /?_gl=1*1ix4f11*_gcl_au*MTYxMTI1OTI3MS4xNzIxODg2NjU0*_ga*ODYyMzk4MzA3LjE2OTk0NTM1Nzg.*_ga_7H42SVMQ0V*MTcyMTg4NjY1NS4xMjEuMS4xNzIxODg2NjY5LjQ2LjAuMA..&_ga=2.198040047.1958808748.1721886654-862398307.1699453578&_bdsid=2ulvIJ.n~ZXCIW.1721886656070.1721886848&_bd_prev_page=https://www.acancehyucatan.gob.mx/detail.php?shopdetail/27170807 HTTP/1.1" 200 46417 "-" "Mozilla/5.0 (Linux; Android 6.0.1; Nexus 5X Build/MMB29P) AppleWebKit/537.36 (KHTML, like Gecko) Chrome/135.0.7049.95 Mobile Safari/537.36 (compatible; Googlebot/2.1; +http://www.google.com/bot.html)" www.acancehyucatan.gob.mx 192.185.131.128
66.249.64.98 - - [28/Apr/2025:09:19:53 -0600] "POST /get-message-notify HTTP/1.1" 200 31638 "https://www.acancehyucatan.gob.mx/?_gl=1*1ix4f11*_gcl_au*MTYxMTI1OTI3MS4xNzIxODg2NjU0*_ga*ODYyMzk4MzA3LjE2OTk0NTM1Nzg.*_ga_7H42SVMQ0V*MTcyMTg4NjY1NS4xMjEuMS4xNzIxODg2NjY5LjQ2LjAuMA..&_ga=2.198040047.1958808748.1721886654-862398307.1699453578&_bdsid=2ulvIJ.n~ZXCIW.1721886656070.1721886848&_bd_prev_page=https://www.acancehyucatan.gob.mx/detail.php?shopdetail/27170807" "Mozilla/5.0 (Linux; Android 6.0.1; Nexus 5X Build/MMB29P) AppleWebKit/537.36 (KHTML, like Gecko) Chrome/134.0.6998.165 Mobile Safari/537.36 (compatible; Googlebot/2.1; +http://www.google.com/bot.html)" www.acancehyucatan.gob.mx 192.185.131.128
66.249.64.98 - - [28/Apr/2025:09:19:53 -0600] "GET /pcmypage?callback=/product%2Fdetail%2F52868684 HTTP/1.1" 200 31476 "-" "Mozilla/5.0 (Linux; Android 6.0.1; Nexus 5X Build/MMB29P) AppleWebKit/537.36 (KHTML, like Gecko) Chrome/135.0.7049.95 Mobile Safari/537.36 (compatible; GoogleOther)" www.acancehyucatan.gob.mx 192.185.131.128
66.249.70.69 - - [28/Apr/2025:09:19:57 -0600] "GET /index.php?zhHant/product/surugaya/54819666?campaign_uid=f64d716db5e979ed2f947dbaf4296895b951ae7f HTTP/1.1" 200 29265 "-" "Mozilla/5.0 (Linux; Android 6.0.1; Nexus 5X Build/MMB29P) AppleWebKit/537.36 (KHTML, like Gecko) Chrome/135.0.7049.95 Mobile Safari/537.36 (compatible; GoogleOther)" acancehyucatan.gob.mx 192.185.131.128
66.249.64.98 - - [28/Apr/2025:09:19:57 -0600] "GET /?_gl=1*1ix4f11*_gcl_au*MTYxMTI1OTI3MS4xNzIxODg2NjU0*_ga*ODYyMzk4MzA3LjE2OTk0NTM1Nzg.*_ga_7H42SVMQ0V*MTcyMTg4NjY1NS4xMjEuMS4xNzIxODg2NjY5LjQ2LjAuMA..&_ga=2.198040047.1958808748.1721886654-862398307.1699453578&_bdsid=2ulvIJ.n~ZXCIW.1721886656070.1721886848&_bd_prev_page=https://www.acancehyucatan.gob.mx/detail.php?shopdetail/5813252 HTTP/1.1" 200 43180 "-" "Mozilla/5.0 (Linux; Android 6.0.1; Nexus 5X Build/MMB29P) AppleWebKit/537.36 (KHTML, like Gecko) Chrome/135.0.7049.95 Mobile Safari/537.36 (compatible; Googlebot/2.1; +http://www.google.com/bot.html)" www.acancehyucatan.gob.mx 192.185.131.128
66.249.70.69 - - [28/Apr/2025:09:20:00 -0600] "GET /index.php?zhHant/product/surugaya/88791793?campaign_uid=f64d716db5e979ed2f947dbaf4296895b951ae7f HTTP/1.1" 200 28324 "-" "Mozilla/5.0 (Linux; Android 6.0.1; Nexus 5X Build/MMB29P) AppleWebKit/537.36 (KHTML, like Gecko) Chrome/135.0.7049.95 Mobile Safari/537.36 (compatible; GoogleOther)" acancehyucatan.gob.mx 192.185.131.128
66.249.64.98 - - [28/Apr/2025:09:20:01 -0600] "GET /?_gl=1*1ix4f11*_gcl_au*MTYxMTI1OTI3MS4xNzIxODg2NjU0*_ga*ODYyMzk4MzA3LjE2OTk0NTM1Nzg.*_ga_7H42SVMQ0V*MTcyMTg4NjY1NS4xMjEuMS4xNzIxODg2NjY5LjQ2LjAuMA..&_ga=2.198040047.1958808748.1721886654-862398307.1699453578&_bdsid=2ulvIJ.n~ZXCIW.1721886656070.1721886848&_bd_prev_page=https://www.acancehyucatan.gob.mx/detail.php?shopdetail/16813174 HTTP/1.1" 200 45541 "-" "Mozilla/5.0 (Linux; Android 6.0.1; Nexus 5X Build/MMB29P) AppleWebKit/537.36 (KHTML, like Gecko) Chrome/135.0.7049.95 Mobile Safari/537.36 (compatible; Googlebot/2.1; +http://www.google.com/bot.html)" www.acancehyucatan.gob.mx 192.185.131.128
66.249.64.98 - - [28/Apr/2025:09:20:02 -0600] "POST /get-message-notify HTTP/1.1" 200 31638 "https://www.acancehyucatan.gob.mx/pcmypage?callback=/product%2Fdetail%2F52868684" "Mozilla/5.0 (Linux; Android 6.0.1; Nexus 5X Build/MMB29P) AppleWebKit/537.36 (KHTML, like Gecko) Chrome/134.0.6998.165 Mobile Safari/537.36 (compatible; Googlebot/2.1; +http://www.google.com/bot.html)" www.acancehyucatan.gob.mx 192.185.131.128
66.249.64.98 - - [28/Apr/2025:09:20:06 -0600] "GET /jzilc/f1052642.html HTTP/1.1" 200 31763 "-" "Mozilla/5.0 (Linux; Android 6.0.1; Nexus 5X Build/MMB29P) AppleWebKit/537.36 (KHTML, like Gecko) Chrome/135.0.7049.95 Mobile Safari/537.36 (compatible; Googlebot/2.1; +http://www.google.com/bot.html)" www.acancehyucatan.gob.mx 192.185.131.128
66.249.64.98 - - [28/Apr/2025:09:20:07 -0600] "GET /?_gl=1*1ix4f11*_gcl_au*MTYxMTI1OTI3MS4xNzIxODg2NjU0*_ga*ODYyMzk4MzA3LjE2OTk0NTM1Nzg.*_ga_7H42SVMQ0V*MTcyMTg4NjY1NS4xMjEuMS4xNzIxODg2NjY5LjQ2LjAuMA..&_ga=2.198040047.1958808748.1721886654-862398307.1699453578&_bdsid=2ulvIJ.n~ZXCIW.1721886656070.1721886848&_bd_prev_page=https://www.acancehyucatan.gob.mx/detail.php?shopdetail/20301630 HTTP/1.1" 200 44572 "-" "Mozilla/5.0 (Linux; Android 6.0.1; Nexus 5X Build/MMB29P) AppleWebKit/537.36 (KHTML, like Gecko) Chrome/135.0.7049.95 Mobile Safari/537.36 (compatible; Googlebot/2.1; +http://www.google.com/bot.html)" www.acancehyucatan.gob.mx 192.185.131.128
66.249.64.98 - - [28/Apr/2025:09:20:08 -0600] "GET /oqppx/c967619.html HTTP/1.1" 200 30649 "-" "Mozilla/5.0 (Linux; Android 6.0.1; Nexus 5X Build/MMB29P) AppleWebKit/537.36 (KHTML, like Gecko) Chrome/135.0.7049.95 Mobile Safari/537.36 (compatible; Googlebot/2.1; +http://www.google.com/bot.html)" www.acancehyucatan.gob.mx 192.185.131.128
66.249.64.98 - - [28/Apr/2025:09:20:10 -0600] "GET /?_gl=1*1ix4f11*_gcl_au*MTYxMTI1OTI3MS4xNzIxODg2NjU0*_ga*ODYyMzk4MzA3LjE2OTk0NTM1Nzg.*_ga_7H42SVMQ0V*MTcyMTg4NjY1NS4xMjEuMS4xNzIxODg2NjY5LjQ2LjAuMA..&_ga=2.198040047.1958808748.1721886654-862398307.1699453578&_bdsid=2ulvIJ.n~ZXCIW.1721886656070.1721886848&_bd_prev_page=https://www.acancehyucatan.gob.mx/detail.php?shopdetail/20543596 HTTP/1.1" 200 42342 "-" "Mozilla/5.0 (Linux; Android 6.0.1; Nexus 5X Build/MMB29P) AppleWebKit/537.36 (KHTML, like Gecko) Chrome/135.0.7049.95 Mobile Safari/537.36 (compatible; Googlebot/2.1; +http://www.google.com/bot.html)" www.acancehyucatan.gob.mx 192.185.131.128
66.249.70.69 - - [28/Apr/2025:09:20:13 -0600] "POST /get-message-notify HTTP/1.1" 200 31535 "https://acancehyucatan.gob.mx/index.php?zhHant/product/surugaya/54819666?campaign_uid=f64d716db5e979ed2f947dbaf4296895b951ae7f" "Mozilla/5.0 (Linux; Android 6.0.1; Nexus 5X Build/MMB29P) AppleWebKit/537.36 (KHTML, like Gecko) Chrome/134.0.6998.165 Mobile Safari/537.36 (compatible; Googlebot/2.1; +http://www.google.com/bot.html)" acancehyucatan.gob.mx 192.185.131.128
66.249.70.68 - - [28/Apr/2025:09:20:14 -0600] "POST /get-message-notify HTTP/1.1" 200 31535 "https://acancehyucatan.gob.mx/index.php?zhHant/product/surugaya/88791793?campaign_uid=f64d716db5e979ed2f947dbaf4296895b951ae7f" "Mozilla/5.0 (Linux; Android 6.0.1; Nexus 5X Build/MMB29P) AppleWebKit/537.36 (KHTML, like Gecko) Chrome/134.0.6998.165 Mobile Safari/537.36 (compatible; Googlebot/2.1; +http://www.google.com/bot.html)" acancehyucatan.gob.mx 192.185.131.128
66.249.64.98 - - [28/Apr/2025:09:20:16 -0600] "GET /?_gl=1*1ix4f11*_gcl_au*MTYxMTI1OTI3MS4xNzIxODg2NjU0*_ga*ODYyMzk4MzA3LjE2OTk0NTM1Nzg.*_ga_7H42SVMQ0V*MTcyMTg4NjY1NS4xMjEuMS4xNzIxODg2NjY5LjQ2LjAuMA..&_ga=2.198040047.1958808748.1721886654-862398307.1699453578&_bdsid=2ulvIJ.n~ZXCIW.1721886656070.1721886848&_bd_prev_page=https://www.acancehyucatan.gob.mx/detail.php?shopdetail/24245829 HTTP/1.1" 200 46787 "-" "Mozilla/5.0 (Linux; Android 6.0.1; Nexus 5X Build/MMB29P) AppleWebKit/537.36 (KHTML, like Gecko) Chrome/135.0.7049.95 Mobile Safari/537.36 (compatible; Googlebot/2.1; +http://www.google.com/bot.html)" www.acancehyucatan.gob.mx 192.185.131.128
66.249.64.98 - - [28/Apr/2025:09:20:18 -0600] "POST /get-message-notify HTTP/1.1" 200 31638 "https://www.acancehyucatan.gob.mx/?_gl=1*1ix4f11*_gcl_au*MTYxMTI1OTI3MS4xNzIxODg2NjU0*_ga*ODYyMzk4MzA3LjE2OTk0NTM1Nzg.*_ga_7H42SVMQ0V*MTcyMTg4NjY1NS4xMjEuMS4xNzIxODg2NjY5LjQ2LjAuMA..&_ga=2.198040047.1958808748.1721886654-862398307.1699453578&_bdsid=2ulvIJ.n~ZXCIW.1721886656070.1721886848&_bd_prev_page=https://www.acancehyucatan.gob.mx/detail.php?shopdetail/20301630" "Mozilla/5.0 (Linux; Android 6.0.1; Nexus 5X Build/MMB29P) AppleWebKit/537.36 (KHTML, like Gecko) Chrome/134.0.6998.165 Mobile Safari/537.36 (compatible; Googlebot/2.1; +http://www.google.com/bot.html)" www.acancehyucatan.gob.mx 192.185.131.128
66.249.64.98 - - [28/Apr/2025:09:20:20 -0600] "POST /get-message-notify HTTP/1.1" 200 31638 "https://www.acancehyucatan.gob.mx/?_gl=1*1ix4f11*_gcl_au*MTYxMTI1OTI3MS4xNzIxODg2NjU0*_ga*ODYyMzk4MzA3LjE2OTk0NTM1Nzg.*_ga_7H42SVMQ0V*MTcyMTg4NjY1NS4xMjEuMS4xNzIxODg2NjY5LjQ2LjAuMA..&_ga=2.198040047.1958808748.1721886654-862398307.1699453578&_bdsid=2ulvIJ.n~ZXCIW.1721886656070.1721886848&_bd_prev_page=https://www.acancehyucatan.gob.mx/detail.php?shopdetail/16813174" "Mozilla/5.0 (Linux; Android 6.0.1; Nexus 5X Build/MMB29P) AppleWebKit/537.36 (KHTML, like Gecko) Chrome/134.0.6998.165 Mobile Safari/537.36 (compatible; Googlebot/2.1; +http://www.google.com/bot.html)" www.acancehyucatan.gob.mx 192.185.131.128
66.249.64.98 - - [28/Apr/2025:09:20:21 -0600] "POST /get-message-notify HTTP/1.1" 200 31638 "https://www.acancehyucatan.gob.mx/?_gl=1*1ix4f11*_gcl_au*MTYxMTI1OTI3MS4xNzIxODg2NjU0*_ga*ODYyMzk4MzA3LjE2OTk0NTM1Nzg.*_ga_7H42SVMQ0V*MTcyMTg4NjY1NS4xMjEuMS4xNzIxODg2NjY5LjQ2LjAuMA..&_ga=2.198040047.1958808748.1721886654-862398307.1699453578&_bdsid=2ulvIJ.n~ZXCIW.1721886656070.1721886848&_bd_prev_page=https://www.acancehyucatan.gob.mx/detail.php?shopdetail/20543596" "Mozilla/5.0 (Linux; Android 6.0.1; Nexus 5X Build/MMB29P) AppleWebKit/537.36 (KHTML, like Gecko) Chrome/134.0.6998.165 Mobile Safari/537.36 (compatible; Googlebot/2.1; +http://www.google.com/bot.html)" www.acancehyucatan.gob.mx 192.185.131.128
66.249.64.98 - - [28/Apr/2025:09:20:22 -0600] "GET /?_gl=1*1ix4f11*_gcl_au*MTYxMTI1OTI3MS4xNzIxODg2NjU0*_ga*ODYyMzk4MzA3LjE2OTk0NTM1Nzg.*_ga_7H42SVMQ0V*MTcyMTg4NjY1NS4xMjEuMS4xNzIxODg2NjY5LjQ2LjAuMA..&_ga=2.198040047.1958808748.1721886654-862398307.1699453578&_bdsid=2ulvIJ.n~ZXCIW.1721886656070.1721886848&_bd_prev_page=https://www.acancehyucatan.gob.mx/detail.php?shopdetail/20179130 HTTP/1.1" 200 45492 "-" "Mozilla/5.0 (Linux; Android 6.0.1; Nexus 5X Build/MMB29P) AppleWebKit/537.36 (KHTML, like Gecko) Chrome/135.0.7049.95 Mobile Safari/537.36 (compatible; Googlebot/2.1; +http://www.google.com/bot.html)" www.acancehyucatan.gob.mx 192.185.131.128
66.249.64.98 - - [28/Apr/2025:09:20:24 -0600] "GET /?_gl=1*1ix4f11*_gcl_au*MTYxMTI1OTI3MS4xNzIxODg2NjU0*_ga*ODYyMzk4MzA3LjE2OTk0NTM1Nzg.*_ga_7H42SVMQ0V*MTcyMTg4NjY1NS4xMjEuMS4xNzIxODg2NjY5LjQ2LjAuMA..&_ga=2.198040047.1958808748.1721886654-862398307.1699453578&_bdsid=2ulvIJ.n~ZXCIW.1721886656070.1721886848&_bd_prev_page=https://www.acancehyucatan.gob.mx/detail.php?shopdetail/18036263 HTTP/1.1" 200 46349 "-" "Mozilla/5.0 (Linux; Android 6.0.1; Nexus 5X Build/MMB29P) AppleWebKit/537.36 (KHTML, like Gecko) Chrome/135.0.7049.95 Mobile Safari/537.36 (compatible; Googlebot/2.1; +http://www.google.com/bot.html)" www.acancehyucatan.gob.mx 192.185.131.128
66.249.64.99 - - [28/Apr/2025:09:20:26 -0600] "GET /?_gl=1*1ix4f11*_gcl_au*MTYxMTI1OTI3MS4xNzIxODg2NjU0*_ga*ODYyMzk4MzA3LjE2OTk0NTM1Nzg.*_ga_7H42SVMQ0V*MTcyMTg4NjY1NS4xMjEuMS4xNzIxODg2NjY5LjQ2LjAuMA..&_ga=2.198040047.1958808748.1721886654-862398307.1699453578&_bdsid=2ulvIJ.n~ZXCIW.1721886656070.1721886848&_bd_prev_page=https://www.acancehyucatan.gob.mx/detail.php?shopdetail/21993874 HTTP/1.1" 200 50899 "-" "Mozilla/5.0 (Linux; Android 6.0.1; Nexus 5X Build/MMB29P) AppleWebKit/537.36 (KHTML, like Gecko) Chrome/135.0.7049.95 Mobile Safari/537.36 (compatible; Googlebot/2.1; +http://www.google.com/bot.html)" www.acancehyucatan.gob.mx 192.185.131.128
66.249.64.98 - - [28/Apr/2025:09:20:26 -0600] "GET /?_gl=1*1ix4f11*_gcl_au*MTYxMTI1OTI3MS4xNzIxODg2NjU0*_ga*ODYyMzk4MzA3LjE2OTk0NTM1Nzg.*_ga_7H42SVMQ0V*MTcyMTg4NjY1NS4xMjEuMS4xNzIxODg2NjY5LjQ2LjAuMA..&_ga=2.198040047.1958808748.1721886654-862398307.1699453578&_bdsid=2ulvIJ.n~ZXCIW.1721886656070.1721886848&_bd_prev_page=https://www.acancehyucatan.gob.mx/detail.php?shopdetail/23214307 HTTP/1.1" 200 46320 "-" "Mozilla/5.0 (Linux; Android 6.0.1; Nexus 5X Build/MMB29P) AppleWebKit/537.36 (KHTML, like Gecko) Chrome/135.0.7049.95 Mobile Safari/537.36 (compatible; Googlebot/2.1; +http://www.google.com/bot.html)" www.acancehyucatan.gob.mx 192.185.131.128
66.249.64.99 - - [28/Apr/2025:09:20:27 -0600] "GET /?_gl=1*1ix4f11*_gcl_au*MTYxMTI1OTI3MS4xNzIxODg2NjU0*_ga*ODYyMzk4MzA3LjE2OTk0NTM1Nzg.*_ga_7H42SVMQ0V*MTcyMTg4NjY1NS4xMjEuMS4xNzIxODg2NjY5LjQ2LjAuMA..&_ga=2.198040047.1958808748.1721886654-862398307.1699453578&_bdsid=2ulvIJ.n~ZXCIW.1721886656070.1721886848&_bd_prev_page=https://www.acancehyucatan.gob.mx/detail.php?rgqkl/u1008561.html HTTP/1.1" 200 47516 "-" "Mozilla/5.0 (Linux; Android 6.0.1; Nexus 5X Build/MMB29P) AppleWebKit/537.36 (KHTML, like Gecko) Chrome/135.0.7049.95 Mobile Safari/537.36 (compatible; Googlebot/2.1; +http://www.google.com/bot.html)" www.acancehyucatan.gob.mx 192.185.131.128
66.249.64.98 - - [28/Apr/2025:09:20:28 -0600] "GET /?_gl=1*1ix4f11*_gcl_au*MTYxMTI1OTI3MS4xNzIxODg2NjU0*_ga*ODYyMzk4MzA3LjE2OTk0NTM1Nzg.*_ga_7H42SVMQ0V*MTcyMTg4NjY1NS4xMjEuMS4xNzIxODg2NjY5LjQ2LjAuMA..&_ga=2.198040047.1958808748.1721886654-862398307.1699453578&_bdsid=2ulvIJ.n~ZXCIW.1721886656070.1721886848&_bd_prev_page=https://www.acancehyucatan.gob.mx/detail.php?shopdetail/23176129 HTTP/1.1" 200 44981 "-" "Mozilla/5.0 (Linux; Android 6.0.1; Nexus 5X Build/MMB29P) AppleWebKit/537.36 (KHTML, like Gecko) Chrome/135.0.7049.95 Mobile Safari/537.36 (compatible; Googlebot/2.1; +http://www.google.com/bot.html)" www.acancehyucatan.gob.mx 192.185.131.128
66.249.64.98 - - [28/Apr/2025:09:20:30 -0600] "POST /get-message-notify HTTP/1.1" 200 31638 "https://www.acancehyucatan.gob.mx/oqppx/c967619.html" "Mozilla/5.0 (Linux; Android 6.0.1; Nexus 5X Build/MMB29P) AppleWebKit/537.36 (KHTML, like Gecko) Chrome/134.0.6998.165 Mobile Safari/537.36 (compatible; Googlebot/2.1; +http://www.google.com/bot.html)" www.acancehyucatan.gob.mx 192.185.131.128
66.249.64.99 - - [28/Apr/2025:09:20:31 -0600] "GET /?_gl=1*1ix4f11*_gcl_au*MTYxMTI1OTI3MS4xNzIxODg2NjU0*_ga*ODYyMzk4MzA3LjE2OTk0NTM1Nzg.*_ga_7H42SVMQ0V*MTcyMTg4NjY1NS4xMjEuMS4xNzIxODg2NjY5LjQ2LjAuMA..&_ga=2.198040047.1958808748.1721886654-862398307.1699453578&_bdsid=2ulvIJ.n~ZXCIW.1721886656070.1721886848&_bd_prev_page=https://www.acancehyucatan.gob.mx/detail.php?shopdetail/24713696 HTTP/1.1" 200 42811 "-" "Mozilla/5.0 (Linux; Android 6.0.1; Nexus 5X Build/MMB29P) AppleWebKit/537.36 (KHTML, like Gecko) Chrome/135.0.7049.95 Mobile Safari/537.36 (compatible; Googlebot/2.1; +http://www.google.com/bot.html)" www.acancehyucatan.gob.mx 192.185.131.128
66.249.64.99 - - [28/Apr/2025:09:20:33 -0600] "POST /get-message-notify HTTP/1.1" 200 31638 "https://www.acancehyucatan.gob.mx/?_gl=1*1ix4f11*_gcl_au*MTYxMTI1OTI3MS4xNzIxODg2NjU0*_ga*ODYyMzk4MzA3LjE2OTk0NTM1Nzg.*_ga_7H42SVMQ0V*MTcyMTg4NjY1NS4xMjEuMS4xNzIxODg2NjY5LjQ2LjAuMA..&_ga=2.198040047.1958808748.1721886654-862398307.1699453578&_bdsid=2ulvIJ.n~ZXCIW.1721886656070.1721886848&_bd_prev_page=https://www.acancehyucatan.gob.mx/detail.php?rgqkl/u1008561.html" "Mozilla/5.0 (Linux; Android 6.0.1; Nexus 5X Build/MMB29P) AppleWebKit/537.36 (KHTML, like Gecko) Chrome/134.0.6998.165 Mobile Safari/537.36 (compatible; Googlebot/2.1; +http://www.google.com/bot.html)" www.acancehyucatan.gob.mx 192.185.131.128
66.249.64.99 - - [28/Apr/2025:09:20:34 -0600] "POST /get-message-notify HTTP/1.1" 200 31638 "https://www.acancehyucatan.gob.mx/?_gl=1*1ix4f11*_gcl_au*MTYxMTI1OTI3MS4xNzIxODg2NjU0*_ga*ODYyMzk4MzA3LjE2OTk0NTM1Nzg.*_ga_7H42SVMQ0V*MTcyMTg4NjY1NS4xMjEuMS4xNzIxODg2NjY5LjQ2LjAuMA..&_ga=2.198040047.1958808748.1721886654-862398307.1699453578&_bdsid=2ulvIJ.n~ZXCIW.1721886656070.1721886848&_bd_prev_page=https://www.acancehyucatan.gob.mx/detail.php?shopdetail/5813252" "Mozilla/5.0 (Linux; Android 6.0.1; Nexus 5X Build/MMB29P) AppleWebKit/537.36 (KHTML, like Gecko) Chrome/134.0.6998.165 Mobile Safari/537.36 (compatible; Googlebot/2.1; +http://www.google.com/bot.html)" www.acancehyucatan.gob.mx 192.185.131.128
66.249.64.99 - - [28/Apr/2025:09:20:35 -0600] "POST /get-message-notify HTTP/1.1" 200 31638 "https://www.acancehyucatan.gob.mx/?_gl=1*1ix4f11*_gcl_au*MTYxMTI1OTI3MS4xNzIxODg2NjU0*_ga*ODYyMzk4MzA3LjE2OTk0NTM1Nzg.*_ga_7H42SVMQ0V*MTcyMTg4NjY1NS4xMjEuMS4xNzIxODg2NjY5LjQ2LjAuMA..&_ga=2.198040047.1958808748.1721886654-862398307.1699453578&_bdsid=2ulvIJ.n~ZXCIW.1721886656070.1721886848&_bd_prev_page=https://www.acancehyucatan.gob.mx/detail.php?shopdetail/21993874" "Mozilla/5.0 (Linux; Android 6.0.1; Nexus 5X Build/MMB29P) AppleWebKit/537.36 (KHTML, like Gecko) Chrome/134.0.6998.165 Mobile Safari/537.36 (compatible; Googlebot/2.1; +http://www.google.com/bot.html)" www.acancehyucatan.gob.mx 192.185.131.128
66.249.64.99 - - [28/Apr/2025:09:20:35 -0600] "POST /get-message-notify HTTP/1.1" 200 31638 "https://www.acancehyucatan.gob.mx/?_gl=1*1ix4f11*_gcl_au*MTYxMTI1OTI3MS4xNzIxODg2NjU0*_ga*ODYyMzk4MzA3LjE2OTk0NTM1Nzg.*_ga_7H42SVMQ0V*MTcyMTg4NjY1NS4xMjEuMS4xNzIxODg2NjY5LjQ2LjAuMA..&_ga=2.198040047.1958808748.1721886654-862398307.1699453578&_bdsid=2ulvIJ.n~ZXCIW.1721886656070.1721886848&_bd_prev_page=https://www.acancehyucatan.gob.mx/detail.php?shopdetail/23214307" "Mozilla/5.0 (Linux; Android 6.0.1; Nexus 5X Build/MMB29P) AppleWebKit/537.36 (KHTML, like Gecko) Chrome/134.0.6998.165 Mobile Safari/537.36 (compatible; Googlebot/2.1; +http://www.google.com/bot.html)" www.acancehyucatan.gob.mx 192.185.131.128
