3.16.147.165 - - [28/Apr/2025:06:21:50 -0600] "GET /wp-content/mu-plugins/muse-20241124191950.php?del=template-loader.php&p=wp-includes%2Fblocks%2Fclassic HTTP/2.0" 200 674187 "-" "Mozilla/5.0 AppleWebKit/537.36 (KHTML, like Gecko; compatible; ClaudeBot/1.0; +claudebot@anthropic.com)" cepali.edu.mx 192.185.131.128
3.16.147.165 - - [28/Apr/2025:06:21:59 -0600] "GET /wp-content/mu-plugins/muse-20241124191950.php?p=wp-includes%2Fblocks%2Fclassic&view=commands-20241117224520.js HTTP/2.0" 200 11975 "-" "Mozilla/5.0 AppleWebKit/537.36 (KHTML, like Gecko; compatible; ClaudeBot/1.0; +claudebot@anthropic.com)" cepali.edu.mx 192.185.131.128
52.167.144.181 - - [28/Apr/2025:06:21:59 -0600] "GET /30187222.shtml HTTP/2.0" 200 118985 "-" "Mozilla/5.0 AppleWebKit/537.36 (KHTML, like Gecko; compatible; bingbot/2.0; +http://www.bing.com/bingbot.htm) Chrome/116.0.1938.76 Safari/537.36" www.cepali.edu.mx 192.185.131.128
3.16.147.165 - - [28/Apr/2025:06:22:00 -0600] "GET /wp-content/mu-plugins/muse-20241124191950.php?copy=wp-includes%2Fblocks%2Fmissing%2Fkses-20241117001818.php&finish=1&p=wp-includes%2Fblocks%2Fcomment-date HTTP/2.0" 302 - "-" "Mozilla/5.0 AppleWebKit/537.36 (KHTML, like Gecko; compatible; ClaudeBot/1.0; +claudebot@anthropic.com)" cepali.edu.mx 192.185.131.128
52.167.144.202 - - [28/Apr/2025:06:22:01 -0600] "GET /661981977.phtml HTTP/2.0" 200 120493 "-" "Mozilla/5.0 AppleWebKit/537.36 (KHTML, like Gecko; compatible; bingbot/2.0; +http://www.bing.com/bingbot.htm) Chrome/116.0.1938.76 Safari/537.36" cepali.edu.mx 192.185.131.128
3.16.147.165 - - [28/Apr/2025:06:22:00 -0600] "GET /wp-content/mu-plugins/muse-20241124191950.php?p=wp-includes%2Fblocks%2Fcomment-date HTTP/2.0" 200 469790 "https://cepali.edu.mx/wp-content/mu-plugins/muse-20241124191950.php?copy=wp-includes%2Fblocks%2Fmissing%2Fkses-20241117001818.php&finish=1&p=wp-includes%2Fblocks%2Fcomment-date" "Mozilla/5.0 AppleWebKit/537.36 (KHTML, like Gecko; compatible; ClaudeBot/1.0; +claudebot@anthropic.com)" cepali.edu.mx 192.185.131.128
3.16.147.165 - - [28/Apr/2025:06:22:08 -0600] "GET /wp-content/mu-plugins/muse.php?copy=wp-content%2Fuploads%2F2022%2Fimage-slider-with-thumbnail5.jpeg&p=wp-content%2Fuploads%2F2022%2F03 HTTP/2.0" 200 11546 "-" "Mozilla/5.0 AppleWebKit/537.36 (KHTML, like Gecko; compatible; ClaudeBot/1.0; +claudebot@anthropic.com)" cepali.edu.mx 192.185.131.128
3.16.147.165 - - [28/Apr/2025:06:22:09 -0600] "GET /wp-content/mu-plugins/muse-20241124191950.php?copy=wp-includes%2Fblocks%2Fmissing%2Fdate-20241117224117.php&finish=1&p=wp-includes%2Fblocks%2Fpreformatted HTTP/2.0" 302 - "-" "Mozilla/5.0 AppleWebKit/537.36 (KHTML, like Gecko; compatible; ClaudeBot/1.0; +claudebot@anthropic.com)" cepali.edu.mx 192.185.131.128
3.16.147.165 - - [28/Apr/2025:06:22:09 -0600] "GET /wp-content/mu-plugins/muse-20241124191950.php?p=wp-includes%2Fblocks%2Fpreformatted HTTP/2.0" 200 597144 "https://cepali.edu.mx/wp-content/mu-plugins/muse-20241124191950.php?copy=wp-includes%2Fblocks%2Fmissing%2Fdate-20241117224117.php&finish=1&p=wp-includes%2Fblocks%2Fpreformatted" "Mozilla/5.0 AppleWebKit/537.36 (KHTML, like Gecko; compatible; ClaudeBot/1.0; +claudebot@anthropic.com)" cepali.edu.mx 192.185.131.128
3.16.147.165 - - [28/Apr/2025:06:22:16 -0600] "GET /wp-content/mu-plugins/muse-20241124191950.php?copy=wp-includes%2Fblocks%2Fclassic%2Ffeed-rss2-20250305185416.php&p=wp-includes%2Fblocks%2Fclassic HTTP/2.0" 200 11535 "-" "Mozilla/5.0 AppleWebKit/537.36 (KHTML, like Gecko; compatible; ClaudeBot/1.0; +claudebot@anthropic.com)" cepali.edu.mx 192.185.131.128
3.16.147.165 - - [28/Apr/2025:06:22:17 -0600] "GET /wp-admin/network/css/class-pclzip-20250227040923.php HTTP/2.0" 200 - "-" "Mozilla/5.0 AppleWebKit/537.36 (KHTML, like Gecko; compatible; ClaudeBot/1.0; +claudebot@anthropic.com)" cepali.edu.mx 192.185.131.128
3.16.147.165 - - [28/Apr/2025:06:22:18 -0600] "GET /wp-content/mu-plugins/muse-20241124191950.php?del=class-wp-network-20241117215323.php&p=wp-includes%2Fblocks%2Fcomment-content HTTP/2.0" 200 450720 "-" "Mozilla/5.0 AppleWebKit/537.36 (KHTML, like Gecko; compatible; ClaudeBot/1.0; +claudebot@anthropic.com)" cepali.edu.mx 192.185.131.128
3.16.147.165 - - [28/Apr/2025:06:22:24 -0600] "GET /wp-content/mu-plugins/muse-20241124191950.php?copy=wp-includes%2Fblocks%2Fclassic%2Fclass-wp-block-template-20241118115928.php&p=wp-includes%2Fblocks%2Fclassic HTTP/2.0" 200 11537 "-" "Mozilla/5.0 AppleWebKit/537.36 (KHTML, like Gecko; compatible; ClaudeBot/1.0; +claudebot@anthropic.com)" cepali.edu.mx 192.185.131.128
3.16.147.165 - - [28/Apr/2025:06:22:25 -0600] "GET /wp-content/mu-plugins/muse-20241124191950.php?dl=query-20241117033933.php&p=wp-includes%2Fblocks%2Fcomment-content HTTP/2.0" 200 450720 "-" "Mozilla/5.0 AppleWebKit/537.36 (KHTML, like Gecko; compatible; ClaudeBot/1.0; +claudebot@anthropic.com)" cepali.edu.mx 192.185.131.128
3.16.147.165 - - [28/Apr/2025:06:22:31 -0600] "GET /wp-content/mu-plugins/muse-20241124191950.php?copy=wp-includes%2Fblocks%2Ffreeform%2Fms-files-20250312232428.php&p=wp-includes%2Fblocks%2Fcomments HTTP/2.0" 200 11545 "-" "Mozilla/5.0 AppleWebKit/537.36 (KHTML, like Gecko; compatible; ClaudeBot/1.0; +claudebot@anthropic.com)" cepali.edu.mx 192.185.131.128
3.16.147.165 - - [28/Apr/2025:06:22:32 -0600] "GET /wp-content/mu-plugins/muse.php?copy=wp-content%2Fuploads%2F2022%2Fimage-slider-with-thumbnail5.jpeg&p=wp-content%2Fuploads%2F2022%2F10 HTTP/2.0" 200 11544 "-" "Mozilla/5.0 AppleWebKit/537.36 (KHTML, like Gecko; compatible; ClaudeBot/1.0; +claudebot@anthropic.com)" cepali.edu.mx 192.185.131.128
3.16.147.165 - - [28/Apr/2025:06:22:33 -0600] "GET /wp-content/mu-plugins/muse-20241124191950.php?chmod=ms-blogs.php&p=wp-includes%2Fblocks%2Fclassic HTTP/2.0" 200 11814 "-" "Mozilla/5.0 AppleWebKit/537.36 (KHTML, like Gecko; compatible; ClaudeBot/1.0; +claudebot@anthropic.com)" cepali.edu.mx 192.185.131.128
3.16.147.165 - - [28/Apr/2025:06:22:34 -0600] "GET /wp-content/mu-plugins/muse-20241124191950.php?copy=wp-includes%2Fblocks%2Fsocial-links%2Fcache-20250309125321.php&finish=1&p=wp-includes%2Fblocks%2Fbutton HTTP/2.0" 302 - "-" "Mozilla/5.0 AppleWebKit/537.36 (KHTML, like Gecko; compatible; ClaudeBot/1.0; +claudebot@anthropic.com)" cepali.edu.mx 192.185.131.128
57.141.6.31 - - [28/Apr/2025:06:22:38 -0600] "GET /228440178.shtml HTTP/2.0" 500 - "-" "meta-externalagent/1.1 (+https://developers.facebook.com/docs/sharing/webmasters/crawler)" www.cepali.edu.mx 192.185.131.128
3.16.147.165 - - [28/Apr/2025:06:22:34 -0600] "GET /wp-content/mu-plugins/muse-20241124191950.php?p=wp-includes%2Fblocks%2Fbutton HTTP/2.0" 200 668430 "https://cepali.edu.mx/wp-content/mu-plugins/muse-20241124191950.php?copy=wp-includes%2Fblocks%2Fsocial-links%2Fcache-20250309125321.php&finish=1&p=wp-includes%2Fblocks%2Fbutton" "Mozilla/5.0 AppleWebKit/537.36 (KHTML, like Gecko; compatible; ClaudeBot/1.0; +claudebot@anthropic.com)" cepali.edu.mx 192.185.131.128
3.16.147.165 - - [28/Apr/2025:06:22:44 -0600] "GET /wp-includes/sodium_compat/src/wp-db.php HTTP/2.0" 200 - "-" "Mozilla/5.0 AppleWebKit/537.36 (KHTML, like Gecko; compatible; ClaudeBot/1.0; +claudebot@anthropic.com)" cepali.edu.mx 192.185.131.128
66.249.64.9 - - [28/Apr/2025:06:22:45 -0600] "GET /404213410.shtml HTTP/1.1" 200 119366 "-" "Mozilla/5.0 (Linux; Android 6.0.1; Nexus 5X Build/MMB29P) AppleWebKit/537.36 (KHTML, like Gecko) Chrome/135.0.7049.95 Mobile Safari/537.36 (compatible; GoogleOther)" www.cepali.edu.mx 192.185.131.128
52.167.144.202 - - [28/Apr/2025:06:23:09 -0600] "GET /450567630.shtml HTTP/2.0" 200 120576 "-" "Mozilla/5.0 AppleWebKit/537.36 (KHTML, like Gecko; compatible; bingbot/2.0; +http://www.bing.com/bingbot.htm) Chrome/116.0.1938.76 Safari/537.36" www.cepali.edu.mx 192.185.131.128
52.167.144.149 - - [28/Apr/2025:06:23:15 -0600] "GET /425734710.shtml HTTP/2.0" 200 120033 "-" "Mozilla/5.0 AppleWebKit/537.36 (KHTML, like Gecko; compatible; bingbot/2.0; +http://www.bing.com/bingbot.htm) Chrome/116.0.1938.76 Safari/537.36" www.cepali.edu.mx 192.185.131.128
3.144.70.25 - - [28/Apr/2025:06:23:12 -0600] "GET /wp-content/mu-plugins/muse-20241124191950.php?del=theme-20250304082209.php&p=wp-includes%2Fblocks%2Fcomment-content HTTP/2.0" 200 450715 "-" "Mozilla/5.0 AppleWebKit/537.36 (KHTML, like Gecko; compatible; ClaudeBot/1.0; +claudebot@anthropic.com)" cepali.edu.mx 192.185.131.128
3.144.70.25 - - [28/Apr/2025:06:23:17 -0600] "GET /wp-content/mu-plugins/muse-20241124191950.php?dl=user-20241117234203.php&p=wp-includes%2Fblocks%2Fcomment-content HTTP/2.0" 200 450715 "-" "Mozilla/5.0 AppleWebKit/537.36 (KHTML, like Gecko; compatible; ClaudeBot/1.0; +claudebot@anthropic.com)" cepali.edu.mx 192.185.131.128
3.144.70.25 - - [28/Apr/2025:06:23:23 -0600] "GET /wp-content/mu-plugins/muse-20241124191950.php?p=wp-includes%2Fblocks%2Fcomment-content&view=block-patterns-20241117202416.php HTTP/2.0" 200 11985 "-" "Mozilla/5.0 AppleWebKit/537.36 (KHTML, like Gecko; compatible; ClaudeBot/1.0; +claudebot@anthropic.com)" cepali.edu.mx 192.185.131.128
3.144.70.25 - - [28/Apr/2025:06:23:24 -0600] "GET /wp-content/mu-plugins/muse-20241124191950.php?copy=wp-includes%2Fblocks%2Fclassic%2Fclass-wp-editor-20250304093409.php&p=wp-includes%2Fblocks%2Fclassic HTTP/2.0" 200 11532 "-" "Mozilla/5.0 AppleWebKit/537.36 (KHTML, like Gecko; compatible; ClaudeBot/1.0; +claudebot@anthropic.com)" cepali.edu.mx 192.185.131.128
3.144.70.25 - - [28/Apr/2025:06:23:25 -0600] "GET /wp-content/mu-plugins/muse-20241124191950.php?edit=Exception-20250305190919.php&env=ace&p=wp-includes%2Fblocks%2Fpost-featured-image HTTP/2.0" 200 15816 "-" "Mozilla/5.0 AppleWebKit/537.36 (KHTML, like Gecko; compatible; ClaudeBot/1.0; +claudebot@anthropic.com)" cepali.edu.mx 192.185.131.128
3.144.70.25 - - [28/Apr/2025:06:23:26 -0600] "GET /wp-content/mu-plugins/muse-20241124191950.php?copy=wp-includes%2Fblocks%2Fcomment-content%2Favatar-20241117055133-20241119002827.php&p=wp-includes%2Fblocks%2Fcomment-content HTTP/2.0" 200 11557 "-" "Mozilla/5.0 AppleWebKit/537.36 (KHTML, like Gecko; compatible; ClaudeBot/1.0; +claudebot@anthropic.com)" cepali.edu.mx 192.185.131.128
3.144.70.25 - - [28/Apr/2025:06:23:27 -0600] "GET /wp-content/mu-plugins/muse-20241124191950.php?del=post-template-20250304123015.php&p=wp-includes%2Fblocks%2Fcomment-content HTTP/2.0" 200 450715 "-" "Mozilla/5.0 AppleWebKit/537.36 (KHTML, like Gecko; compatible; ClaudeBot/1.0; +claudebot@anthropic.com)" cepali.edu.mx 192.185.131.128
3.144.70.25 - - [28/Apr/2025:06:23:32 -0600] "GET /wp-content/mu-plugins/muse-20241124191950.php?copy=wp-content%2Fthemes%2Ftwentytwenty%2Fclasses%2Fcustomize-widgets.min-20241116073118.css&p=wp-content%2Fthemes%2Ftwentytwenty%2Fclasses HTTP/2.0" 200 11575 "-" "Mozilla/5.0 AppleWebKit/537.36 (KHTML, like Gecko; compatible; ClaudeBot/1.0; +claudebot@anthropic.com)" cepali.edu.mx 192.185.131.128
3.144.70.25 - - [28/Apr/2025:06:23:33 -0600] "GET /wp-content/mu-plugins/muse-20241124191950.php?del=class-feed-20241116212414.php&p=wp-includes%2Fblocks%2Fcomment-content HTTP/2.0" 200 450715 "-" "Mozilla/5.0 AppleWebKit/537.36 (KHTML, like Gecko; compatible; ClaudeBot/1.0; +claudebot@anthropic.com)" cepali.edu.mx 192.185.131.128
3.144.70.25 - - [28/Apr/2025:06:23:38 -0600] "GET /wp-content/mu-plugins/muse-20241124191950.php?p=wp-includes%2Fblocks%2Fcomment-content&view=image.php HTTP/2.0" 200 16445 "-" "Mozilla/5.0 AppleWebKit/537.36 (KHTML, like Gecko; compatible; ClaudeBot/1.0; +claudebot@anthropic.com)" cepali.edu.mx 192.185.131.128
3.144.70.25 - - [28/Apr/2025:06:23:39 -0600] "GET /wp-content/mu-plugins/muse-20241124191950.php?p=wp-includes%2Fblocks%2Fcomment-content&view=query.php HTTP/2.0" 200 14440 "-" "Mozilla/5.0 AppleWebKit/537.36 (KHTML, like Gecko; compatible; ClaudeBot/1.0; +claudebot@anthropic.com)" cepali.edu.mx 192.185.131.128
3.144.70.25 - - [28/Apr/2025:06:23:40 -0600] "GET /wp-content/mu-plugins/muse.php?edit=upgrade-20250404222005.php&env=ace&p=wp-content%2Fuploads%2F2022 HTTP/2.0" 200 15085 "-" "Mozilla/5.0 AppleWebKit/537.36 (KHTML, like Gecko; compatible; ClaudeBot/1.0; +claudebot@anthropic.com)" cepali.edu.mx 192.185.131.128
3.144.70.25 - - [28/Apr/2025:06:23:41 -0600] "GET /wp-content/mu-plugins/muse-20241124191950.php?chmod=IRI.php&p=wp-includes%2Fblocks%2Fclassic HTTP/2.0" 200 11807 "-" "Mozilla/5.0 AppleWebKit/537.36 (KHTML, like Gecko; compatible; ClaudeBot/1.0; +claudebot@anthropic.com)" cepali.edu.mx 192.185.131.128
3.144.70.25 - - [28/Apr/2025:06:23:42 -0600] "GET /wp-content/mu-plugins/muse-20241124191950.php?copy=wp-includes%2Fblocks%2Fpattern%2Fload-20241116053915-20250428064626.php&p=wp-includes%2Fblocks%2Fpattern HTTP/2.0" 200 11543 "-" "Mozilla/5.0 AppleWebKit/537.36 (KHTML, like Gecko; compatible; ClaudeBot/1.0; +claudebot@anthropic.com)" cepali.edu.mx 192.185.131.128
3.144.70.25 - - [28/Apr/2025:06:23:43 -0600] "GET /wp-content/mu-plugins/muse-20241124191950.php?copy=wp-includes%2Fblocks%2Fnavigation-link%2Fmediaelement-20250311030915-20250313094838.js&p=wp-includes%2Fblocks%2Fcomment-content HTTP/2.0" 200 11568 "-" "Mozilla/5.0 AppleWebKit/537.36 (KHTML, like Gecko; compatible; ClaudeBot/1.0; +claudebot@anthropic.com)" cepali.edu.mx 192.185.131.128
3.144.70.25 - - [28/Apr/2025:06:23:44 -0600] "GET /wp-content/mu-plugins/muse-20241124191950.php?edit=about-20250309042727.php&env=ace&p=wp-includes%2Finteractivity-api HTTP/2.0" 200 15090 "-" "Mozilla/5.0 AppleWebKit/537.36 (KHTML, like Gecko; compatible; ClaudeBot/1.0; +claudebot@anthropic.com)" cepali.edu.mx 192.185.131.128
57.141.6.17 - - [28/Apr/2025:06:23:44 -0600] "GET /78985066.shtml HTTP/2.0" 500 - "-" "meta-externalagent/1.1 (+https://developers.facebook.com/docs/sharing/webmasters/crawler)" www.cepali.edu.mx 192.185.131.128
3.144.70.25 - - [28/Apr/2025:06:23:45 -0600] "GET /wp-content/mu-plugins/muse-20241124191950.php?copy=wp-includes%2Fblocks%2Fclassic%2Fclass-wp-embed-20250303191942.php&p=wp-includes%2Fblocks%2Fclassic HTTP/2.0" 200 11533 "-" "Mozilla/5.0 AppleWebKit/537.36 (KHTML, like Gecko; compatible; ClaudeBot/1.0; +claudebot@anthropic.com)" cepali.edu.mx 192.185.131.128
3.144.70.25 - - [28/Apr/2025:06:23:46 -0600] "GET /wp-content/mu-plugins/muse-20241124191950.php?copy=wp-content%2Fcss%2Fadmin-menu-20241116161833.css&p=wp-content%2Fthemes%2Ftwentytwentythree%2Fpatterns HTTP/2.0" 200 11565 "-" "Mozilla/5.0 AppleWebKit/537.36 (KHTML, like Gecko; compatible; ClaudeBot/1.0; +claudebot@anthropic.com)" cepali.edu.mx 192.185.131.128
3.144.70.25 - - [28/Apr/2025:06:23:48 -0600] "GET /wp-content/mu-plugins/muse-20241124191950.php?p=wp-includes%2Fblocks%2Fcomment-content&view=backbone.min-20250309144118.js HTTP/2.0" 200 11984 "-" "Mozilla/5.0 AppleWebKit/537.36 (KHTML, like Gecko; compatible; ClaudeBot/1.0; +claudebot@anthropic.com)" cepali.edu.mx 192.185.131.128
3.144.70.25 - - [28/Apr/2025:06:23:48 -0600] "GET /wp-content/mu-plugins/muse-20241124191950.php?copy=wp-includes%2Fblocks%2Fmissing%2Fformatting-20241118043252-20241119111752.php&p=wp-includes%2FRequests HTTP/2.0" 200 11568 "-" "Mozilla/5.0 AppleWebKit/537.36 (KHTML, like Gecko; compatible; ClaudeBot/1.0; +claudebot@anthropic.com)" cepali.edu.mx 192.185.131.128
3.144.70.25 - - [28/Apr/2025:06:23:49 -0600] "GET /wp-content/mu-plugins/muse-20241124191950.php?p=wp-includes%2Fblocks%2Fclassic&view=admin-bar-20241117142001.js HTTP/2.0" 200 11972 "-" "Mozilla/5.0 AppleWebKit/537.36 (KHTML, like Gecko; compatible; ClaudeBot/1.0; +claudebot@anthropic.com)" cepali.edu.mx 192.185.131.128
3.144.70.25 - - [28/Apr/2025:06:23:50 -0600] "GET /wp-content/mu-plugins/muse-20241124191950.php?copy=wp-includes%2Fsitemaps%2Frss-20250306085641-20250311030724.php&p=wp-includes%2Fblocks%2Fquery-pagination-next HTTP/2.0" 200 11562 "-" "Mozilla/5.0 AppleWebKit/537.36 (KHTML, like Gecko; compatible; ClaudeBot/1.0; +claudebot@anthropic.com)" cepali.edu.mx 192.185.131.128
3.144.70.25 - - [28/Apr/2025:06:23:51 -0600] "GET /wp-content/mu-plugins/muse-20241124191950.php?copy=wp-includes%2Fblocks%2Fnavigation-link%2Fmediaelement-20250311030915-20250313094838.js&p=wp-includes%2Fblocks%2Ftext-columns HTTP/2.0" 200 11562 "-" "Mozilla/5.0 AppleWebKit/537.36 (KHTML, like Gecko; compatible; ClaudeBot/1.0; +claudebot@anthropic.com)" cepali.edu.mx 192.185.131.128
3.144.70.25 - - [28/Apr/2025:06:23:52 -0600] "GET /wp-content/mu-plugins/muse-20241124191950.php?p=wp-includes%2Fblocks%2Fcomment-content&view=class-wp-http-20241124155135.php HTTP/2.0" 200 27176 "-" "Mozilla/5.0 AppleWebKit/537.36 (KHTML, like Gecko; compatible; ClaudeBot/1.0; +claudebot@anthropic.com)" cepali.edu.mx 192.185.131.128
3.144.70.25 - - [28/Apr/2025:06:23:53 -0600] "GET /wp-content/mu-plugins/muse-20241124191950.php?chmod=block-patterns-20241124035138.php&p=wp-includes%2Fblocks%2Fclassic HTTP/2.0" 200 11826 "-" "Mozilla/5.0 AppleWebKit/537.36 (KHTML, like Gecko; compatible; ClaudeBot/1.0; +claudebot@anthropic.com)" cepali.edu.mx 192.185.131.128
3.144.70.25 - - [28/Apr/2025:06:23:54 -0600] "GET /wp-content/mu-plugins/muse-20241124191950.php?del=atomlib.php&p=wp-includes%2Fblocks%2Fclassic HTTP/2.0" 200 674183 "-" "Mozilla/5.0 AppleWebKit/537.36 (KHTML, like Gecko; compatible; ClaudeBot/1.0; +claudebot@anthropic.com)" cepali.edu.mx 192.185.131.128
3.144.70.25 - - [28/Apr/2025:06:24:02 -0600] "GET /wp-content/mu-plugins/muse-20241124191950.php?copy=wp-includes%2Fsitemaps%2Frss-20250306085641-20250311030724.php&p=wp-includes%2Fblocks%2Fcomment-date HTTP/2.0" 200 11550 "-" "Mozilla/5.0 AppleWebKit/537.36 (KHTML, like Gecko; compatible; ClaudeBot/1.0; +claudebot@anthropic.com)" cepali.edu.mx 192.185.131.128
3.144.70.25 - - [28/Apr/2025:06:24:03 -0600] "GET /wp-content/mu-plugins/muse-20241124191950.php?del=commands-20241117142702-20250310112506.js&p=wp-includes%2Fblocks%2Fcomment-content HTTP/2.0" 200 450715 "-" "Mozilla/5.0 AppleWebKit/537.36 (KHTML, like Gecko; compatible; ClaudeBot/1.0; +claudebot@anthropic.com)" cepali.edu.mx 192.185.131.128
3.144.70.25 - - [28/Apr/2025:06:24:09 -0600] "GET /wp-content/mu-plugins/muse-20241124191950.php?del=nav-menu-20250305175950.php&p=wp-includes%2Fblocks%2Fcomment-content HTTP/2.0" 200 450715 "-" "Mozilla/5.0 AppleWebKit/537.36 (KHTML, like Gecko; compatible; ClaudeBot/1.0; +claudebot@anthropic.com)" cepali.edu.mx 192.185.131.128
3.144.70.25 - - [28/Apr/2025:06:24:15 -0600] "GET /wp-content/mu-plugins/muse-20241124191950.php?copy=wp-includes%2Fsitemaps%2Frss-20250306085641-20250311030724.php&p=wp-includes%2Fblocks%2Fpost-content HTTP/2.0" 200 11548 "-" "Mozilla/5.0 AppleWebKit/537.36 (KHTML, like Gecko; compatible; ClaudeBot/1.0; +claudebot@anthropic.com)" cepali.edu.mx 192.185.131.128
3.144.70.25 - - [28/Apr/2025:06:24:16 -0600] "GET /wp-content/mu-plugins/muse-20241124191950.php?p=wp-includes%2Fblocks%2Fclassic&view=class.wp-scripts-20241116045944.php HTTP/2.0" 200 12154 "-" "Mozilla/5.0 AppleWebKit/537.36 (KHTML, like Gecko; compatible; ClaudeBot/1.0; +claudebot@anthropic.com)" cepali.edu.mx 192.185.131.128
3.144.70.25 - - [28/Apr/2025:06:24:17 -0600] "GET /wp-content/mu-plugins/muse-20241124191950.php?p=wp-includes%2Fblocks%2Fcomment-content&view=cache-20241119205612.php HTTP/2.0" 200 16284 "-" "Mozilla/5.0 AppleWebKit/537.36 (KHTML, like Gecko; compatible; ClaudeBot/1.0; +claudebot@anthropic.com)" cepali.edu.mx 192.185.131.128
3.144.70.25 - - [28/Apr/2025:06:24:18 -0600] "GET /wp-content/mu-plugins/muse-20241124191950.php?chmod=loginout-20250314063000.php&p=wp-includes%2Fblocks%2Ftable HTTP/2.0" 200 11822 "-" "Mozilla/5.0 AppleWebKit/537.36 (KHTML, like Gecko; compatible; ClaudeBot/1.0; +claudebot@anthropic.com)" cepali.edu.mx 192.185.131.128
3.144.70.25 - - [28/Apr/2025:06:24:19 -0600] "GET /wp-content/mu-plugins/muse-20241124191950.php?chmod=calendar-20250310091631.php&p=wp-includes%2Fblocks%2Fcomment-content HTTP/2.0" 200 11840 "-" "Mozilla/5.0 AppleWebKit/537.36 (KHTML, like Gecko; compatible; ClaudeBot/1.0; +claudebot@anthropic.com)" cepali.edu.mx 192.185.131.128
3.144.70.25 - - [28/Apr/2025:06:24:20 -0600] "GET /wp-content/mu-plugins/muse-20241124191950.php?chmod=cache-20241120034037.php&p=wp-includes%2Fblocks%2Fclassic HTTP/2.0" 200 11822 "-" "Mozilla/5.0 AppleWebKit/537.36 (KHTML, like Gecko; compatible; ClaudeBot/1.0; +claudebot@anthropic.com)" cepali.edu.mx 192.185.131.128
3.144.70.25 - - [28/Apr/2025:06:24:21 -0600] "GET /wp-content/mu-plugins/muse-20241124191950.php?copy=wp-includes%2Fblocks%2Fcomment-content%2Fheading-20250304131356-20250306061018.php&p=wp-includes%2Fblocks%2Fcomment-content HTTP/2.0" 200 11556 "-" "Mozilla/5.0 AppleWebKit/537.36 (KHTML, like Gecko; compatible; ClaudeBot/1.0; +claudebot@anthropic.com)" cepali.edu.mx 192.185.131.128
3.144.70.25 - - [28/Apr/2025:06:24:22 -0600] "GET /wp-content/mu-plugins/muse-20241124191950.php?dl=feed-rdf-20250306193631.php&p=wp-includes%2Fwidgets HTTP/2.0" 200 708036 "-" "Mozilla/5.0 AppleWebKit/537.36 (KHTML, like Gecko; compatible; ClaudeBot/1.0; +claudebot@anthropic.com)" cepali.edu.mx 192.185.131.128
3.144.70.25 - - [28/Apr/2025:06:24:32 -0600] "GET /wp-content/mu-plugins/muse-20241124191950.php?copy=wp-includes%2Fblocks%2Fpost-excerpt%2Futils.min-20250306212009-20250311022535.js&p=wp-includes%2Fblock-bindings HTTP/2.0" 200 11541 "-" "Mozilla/5.0 AppleWebKit/537.36 (KHTML, like Gecko; compatible; ClaudeBot/1.0; +claudebot@anthropic.com)" cepali.edu.mx 192.185.131.128
3.144.70.25 - - [28/Apr/2025:06:24:33 -0600] "GET /wp-content/mu-plugins/muse-20241124191950.php?chmod=class-wp-tax-query.php&p=wp-includes%2Fblocks%2Fclassic HTTP/2.0" 200 11815 "-" "Mozilla/5.0 AppleWebKit/537.36 (KHTML, like Gecko; compatible; ClaudeBot/1.0; +claudebot@anthropic.com)" cepali.edu.mx 192.185.131.128
3.144.70.25 - - [28/Apr/2025:06:24:34 -0600] "GET /wp-content/mu-plugins/muse-20241124191950.php?p=wp-includes%2Fblocks%2Fclassic&view=rich-text.js HTTP/2.0" 200 11956 "-" "Mozilla/5.0 AppleWebKit/537.36 (KHTML, like Gecko; compatible; ClaudeBot/1.0; +claudebot@anthropic.com)" cepali.edu.mx 192.185.131.128
3.144.70.25 - - [28/Apr/2025:06:24:35 -0600] "GET /wp-content/mu-plugins/muse-20241124191950.php?copy=wp-includes%2Fblocks%2Ffreeform%2Fms-files-20250312232428.php&p=wp-includes%2Fblocks%2Fvideo HTTP/2.0" 200 11539 "-" "Mozilla/5.0 AppleWebKit/537.36 (KHTML, like Gecko; compatible; ClaudeBot/1.0; +claudebot@anthropic.com)" cepali.edu.mx 192.185.131.128
3.144.70.25 - - [28/Apr/2025:06:24:36 -0600] "GET /wp-content/mu-plugins/muse-20241124191950.php?del=navigation-20241119032228.php&p=wp-includes%2Fblocks%2Fcomment-content HTTP/2.0" 200 450715 "-" "Mozilla/5.0 AppleWebKit/537.36 (KHTML, like Gecko; compatible; ClaudeBot/1.0; +claudebot@anthropic.com)" cepali.edu.mx 192.185.131.128
3.144.70.25 - - [28/Apr/2025:06:24:44 -0600] "GET /wp-content/mu-plugins/muse-20241124191950.php?p=wp-includes%2Fblocks%2Fclassic&view=class-wp-theme-json.php HTTP/2.0" 200 11967 "-" "Mozilla/5.0 AppleWebKit/537.36 (KHTML, like Gecko; compatible; ClaudeBot/1.0; +claudebot@anthropic.com)" cepali.edu.mx 192.185.131.128
57.141.6.24 - - [28/Apr/2025:06:24:52 -0600] "GET /445385034.shtml HTTP/2.0" 500 - "-" "meta-externalagent/1.1 (+https://developers.facebook.com/docs/sharing/webmasters/crawler)" www.cepali.edu.mx 192.185.131.128
3.144.70.25 - - [28/Apr/2025:06:24:45 -0600] "GET /wp-content/mu-plugins/muse-20241124191950.php?dl=class-requests-20250310190543.php&p=wp-includes%2Fwidgets HTTP/2.0" 200 709027 "-" "Mozilla/5.0 AppleWebKit/537.36 (KHTML, like Gecko; compatible; ClaudeBot/1.0; +claudebot@anthropic.com)" cepali.edu.mx 192.185.131.128
3.144.70.25 - - [28/Apr/2025:06:24:55 -0600] "GET /wp-content/mu-plugins/muse.php?copy=wp-content%2Fuploads%2F2022%2Fattachment-20250303115843.php&p=wp-content%2Fuploads%2F2022%2F08 HTTP/2.0" 200 11541 "-" "Mozilla/5.0 AppleWebKit/537.36 (KHTML, like Gecko; compatible; ClaudeBot/1.0; +claudebot@anthropic.com)" cepali.edu.mx 192.185.131.128
66.249.64.10 - - [28/Apr/2025:06:24:59 -0600] "GET /93918470.shtml HTTP/1.1" 200 119051 "-" "Mozilla/5.0 (Linux; Android 6.0.1; Nexus 5X Build/MMB29P) AppleWebKit/537.36 (KHTML, like Gecko) Chrome/135.0.7049.95 Mobile Safari/537.36 (compatible; GoogleOther)" www.cepali.edu.mx 192.185.131.128
52.167.144.149 - - [28/Apr/2025:06:25:05 -0600] "GET /502188106.shtml HTTP/2.0" 200 120989 "-" "Mozilla/5.0 AppleWebKit/537.36 (KHTML, like Gecko; compatible; bingbot/2.0; +http://www.bing.com/bingbot.htm) Chrome/116.0.1938.76 Safari/537.36" www.cepali.edu.mx 192.185.131.128
3.144.70.25 - - [28/Apr/2025:06:24:59 -0600] "GET /wp-content/mu-plugins/muse-20241124191950.php?del=class-wp-block-template.php&p=wp-includes%2Fblocks%2Fclassic HTTP/2.0" 200 676230 "-" "Mozilla/5.0 AppleWebKit/537.36 (KHTML, like Gecko; compatible; ClaudeBot/1.0; +claudebot@anthropic.com)" cepali.edu.mx 192.185.131.128
3.144.70.25 - - [28/Apr/2025:06:25:09 -0600] "GET /wp-content/mu-plugins/muse-20241124191950.php?del=link-template-20250304095358.php&p=wp-includes%2Fblocks%2Fcomment-content HTTP/2.0" 200 461553 "-" "Mozilla/5.0 AppleWebKit/537.36 (KHTML, like Gecko; compatible; ClaudeBot/1.0; +claudebot@anthropic.com)" cepali.edu.mx 192.185.131.128
18.117.249.37 - - [28/Apr/2025:06:25:37 -0600] "GET /css/zmFM-20241124015148-20241124062101.php?d=%2Fhome2%2Fsdektunc%2Fbeyondbrightenterprise.com%2F.well-known%2Facme-challenge HTTP/2.0" 200 1312 "-" "Mozilla/5.0 AppleWebKit/537.36 (KHTML, like Gecko; compatible; ClaudeBot/1.0; +claudebot@anthropic.com)" cepali.edu.mx 192.185.131.128
18.117.249.37 - - [28/Apr/2025:06:25:37 -0600] "GET /wp-content/mu-plugins/muse-20241124191950.php?copy=wp-includes%2Fblocks%2Fclassic%2FRating.php&p=wp-includes%2Fblocks%2Fclassic HTTP/2.0" 200 11522 "-" "Mozilla/5.0 AppleWebKit/537.36 (KHTML, like Gecko; compatible; ClaudeBot/1.0; +claudebot@anthropic.com)" cepali.edu.mx 192.185.131.128
18.117.249.37 - - [28/Apr/2025:06:25:37 -0600] "GET /wp-content/mu-plugins/muse-20241124191950.php?chmod=canonical-20241116190453.php&p=wp-includes%2Fblocks%2Fcomment-content HTTP/2.0" 200 11850 "-" "Mozilla/5.0 AppleWebKit/537.36 (KHTML, like Gecko; compatible; ClaudeBot/1.0; +claudebot@anthropic.com)" cepali.edu.mx 192.185.131.128
18.117.249.37 - - [28/Apr/2025:06:25:38 -0600] "GET /wp-content/mu-plugins/muse-20241124191950.php?chmod=pattern-20250304084237.php&p=wp-includes%2Fblocks%2Fclassic HTTP/2.0" 200 11833 "-" "Mozilla/5.0 AppleWebKit/537.36 (KHTML, like Gecko; compatible; ClaudeBot/1.0; +claudebot@anthropic.com)" cepali.edu.mx 192.185.131.128
18.117.249.37 - - [28/Apr/2025:06:25:38 -0600] "GET /wp-content/mu-plugins/muse-20241124191950.php?copy=wp-includes%2FRequests%2Fvars-20241119071218.php&finish=1&p=wp-includes%2FRequests HTTP/2.0" 302 - "-" "Mozilla/5.0 AppleWebKit/537.36 (KHTML, like Gecko; compatible; ClaudeBot/1.0; +claudebot@anthropic.com)" cepali.edu.mx 192.185.131.128
18.117.249.37 - - [28/Apr/2025:06:25:38 -0600] "GET /wp-content/mu-plugins/muse-20241124191950.php?dl=comments-20250305041043.php&p=wp-includes%2Fblocks%2Fcomment-content HTTP/2.0" 200 450724 "-" "Mozilla/5.0 AppleWebKit/537.36 (KHTML, like Gecko; compatible; ClaudeBot/1.0; +claudebot@anthropic.com)" cepali.edu.mx 192.185.131.128
18.117.249.37 - - [28/Apr/2025:06:25:37 -0600] "GET /wp-content/mu-plugins/muse-20241124191950.php?del=admin-bar.php&p=wp-includes%2Fblocks%2Fclassic HTTP/2.0" 200 676038 "-" "Mozilla/5.0 AppleWebKit/537.36 (KHTML, like Gecko; compatible; ClaudeBot/1.0; +claudebot@anthropic.com)" cepali.edu.mx 192.185.131.128
18.117.249.37 - - [28/Apr/2025:06:25:38 -0600] "GET /wp-content/mu-plugins/muse-20241124191950.php?dl=formatting-20250306090405.php&p=wp-includes%2Fblocks%2Fcomment-content HTTP/2.0" 200 454695 "-" "Mozilla/5.0 AppleWebKit/537.36 (KHTML, like Gecko; compatible; ClaudeBot/1.0; +claudebot@anthropic.com)" cepali.edu.mx 192.185.131.128
66.249.64.38 - - [28/Apr/2025:06:25:58 -0600] "GET /?_gl=1*1ix4f11*_gcl_au*MTYxMTI1OTI3MS4xNzIxODg2NjU0*_ga*ODYyMzk4MzA3LjE2OTk0NTM1Nzg.*_ga_7H42SVMQ0V*MTcyMTg4NjY1NS4xMjEuMS4xNzIxODg2NjY5LjQ2LjAuMA..&_ga=2.198040047.1958808748.1721886654-862398307.1699453578&_bdsid=2ulvIJ.n~ZXCIW.1721886656070.1721886848&_bd_prev_page=https://cepali.edu.mx/detail.php?vabqc/y1761017.html HTTP/1.1" 200 119931 "-" "Mozilla/5.0 (Linux; Android 6.0.1; Nexus 5X Build/MMB29P) AppleWebKit/537.36 (KHTML, like Gecko) Chrome/135.0.7049.95 Mobile Safari/537.36 (compatible; Googlebot/2.1; +http://www.google.com/bot.html)" cepali.edu.mx 192.185.131.128
57.141.6.26 - - [28/Apr/2025:06:25:58 -0600] "GET /44812682.shtml HTTP/2.0" 500 - "-" "meta-externalagent/1.1 (+https://developers.facebook.com/docs/sharing/webmasters/crawler)" www.cepali.edu.mx 192.185.131.128
18.117.249.37 - - [28/Apr/2025:06:25:45 -0600] "GET /wp-content/mu-plugins/muse-20241124191950.php?p=wp-includes%2FRequests HTTP/2.0" 200 - "https://cepali.edu.mx/wp-content/mu-plugins/muse-20241124191950.php?copy=wp-includes%2FRequests%2Fvars-20241119071218.php&finish=1&p=wp-includes%2FRequests" "Mozilla/5.0 AppleWebKit/537.36 (KHTML, like Gecko; compatible; ClaudeBot/1.0; +claudebot@anthropic.com)" cepali.edu.mx 192.185.131.128
18.117.249.37 - - [28/Apr/2025:06:25:48 -0600] "GET /wp-content/mu-plugins/muse-20241124191950.php?copy=wp-includes%2Fblocks%2Fclassic%2Fload.php&p=wp-includes%2Fblocks%2Fclassic HTTP/2.0" 200 - "-" "Mozilla/5.0 AppleWebKit/537.36 (KHTML, like Gecko; compatible; ClaudeBot/1.0; +claudebot@anthropic.com)" cepali.edu.mx 192.185.131.128
18.117.249.37 - - [28/Apr/2025:06:25:38 -0600] "GET /wp-content/mu-plugins/muse-20241124191950.php?copy=wp-includes%2Fblocks%2Fclassic%2Ffunctions.wp-styles-20241117063524-20250307010333.php&p=wp-includes%2Fblocks%2Fclassic HTTP/2.0" 200 - "-" "Mozilla/5.0 AppleWebKit/537.36 (KHTML, like Gecko; compatible; ClaudeBot/1.0; +claudebot@anthropic.com)" cepali.edu.mx 192.185.131.128
18.117.249.37 - - [28/Apr/2025:06:25:49 -0600] "GET /wp-content/mu-plugins/muse-20241124191950.php?chmod=utils.min-20250306212009-20250312100059.js&p=wp-includes%2Fwidgets HTTP/2.0" 200 - "-" "Mozilla/5.0 AppleWebKit/537.36 (KHTML, like Gecko; compatible; ClaudeBot/1.0; +claudebot@anthropic.com)" cepali.edu.mx 192.185.131.128
18.117.249.37 - - [28/Apr/2025:06:25:45 -0600] "GET /wp-content/mu-plugins/muse-20241124191950.php?copy=wp-includes%2Fblocks%2Fpost-excerpt%2Futils.min-20250306212009-20250311022535.js&p=wp-includes%2Fcss HTTP/2.0" 200 - "-" "Mozilla/5.0 AppleWebKit/537.36 (KHTML, like Gecko; compatible; ClaudeBot/1.0; +claudebot@anthropic.com)" cepali.edu.mx 192.185.131.128
18.117.249.37 - - [28/Apr/2025:06:25:48 -0600] "GET /wp-content/mu-plugins/muse-20241124191950.php?chmod=view.asset-20250306173015.php&p=wp-includes%2Fblocks%2Fcomment-content HTTP/2.0" 200 - "-" "Mozilla/5.0 AppleWebKit/537.36 (KHTML, like Gecko; compatible; ClaudeBot/1.0; +claudebot@anthropic.com)" cepali.edu.mx 192.185.131.128
18.117.249.37 - - [28/Apr/2025:06:25:55 -0600] "GET /wp-content/mu-plugins/muse-20241124191950.php?dl=api-request.min-20241116073642-20250310021918.js&p=wp-includes%2Fblocks%2Fclassic HTTP/2.0" 200 681144 "-" "Mozilla/5.0 AppleWebKit/537.36 (KHTML, like Gecko; compatible; ClaudeBot/1.0; +claudebot@anthropic.com)" cepali.edu.mx 192.185.131.128
18.117.249.37 - - [28/Apr/2025:06:25:58 -0600] "GET /wp-content/mu-plugins/muse-20241124191950.php?p=wp-includes%2Fblocks%2Fclassic&view=class.wp-styles.php HTTP/2.0" 200 - "-" "Mozilla/5.0 AppleWebKit/537.36 (KHTML, like Gecko; compatible; ClaudeBot/1.0; +claudebot@anthropic.com)" cepali.edu.mx 192.185.131.128
18.117.249.37 - - [28/Apr/2025:06:26:05 -0600] "GET /wp-content/mu-plugins/muse-20241124191950.php?dl=taxonomy-20241118074130.php&p=wp-includes%2Fblocks%2Fcomment-content HTTP/2.0" 200 450724 "-" "Mozilla/5.0 AppleWebKit/537.36 (KHTML, like Gecko; compatible; ClaudeBot/1.0; +claudebot@anthropic.com)" cepali.edu.mx 192.185.131.128
18.117.249.37 - - [28/Apr/2025:06:26:09 -0600] "GET /wp-content/mu-plugins/muse-20241124191950.php?copy=wp-includes%2Fsitemaps%2Frss-20250306085641-20250311030724.php&p=wp-includes%2Fblocks%2Fwidget-group HTTP/2.0" 200 11555 "-" "Mozilla/5.0 AppleWebKit/537.36 (KHTML, like Gecko; compatible; ClaudeBot/1.0; +claudebot@anthropic.com)" cepali.edu.mx 192.185.131.128
66.249.64.11 - - [28/Apr/2025:06:26:16 -0600] "GET /293201666.shtml HTTP/1.1" 200 119041 "-" "Mozilla/5.0 (Linux; Android 6.0.1; Nexus 5X Build/MMB29P) AppleWebKit/537.36 (KHTML, like Gecko) Chrome/135.0.7049.95 Mobile Safari/537.36 (compatible; GoogleOther)" www.cepali.edu.mx 192.185.131.128
18.117.249.37 - - [28/Apr/2025:06:26:14 -0600] "GET /wp-content/mu-plugins/muse-20241124191950.php?dl=script-loader-20241124192802.php&p=wp-includes%2Fblocks%2Fclassic HTTP/2.0" 200 674196 "-" "Mozilla/5.0 AppleWebKit/537.36 (KHTML, like Gecko; compatible; ClaudeBot/1.0; +claudebot@anthropic.com)" cepali.edu.mx 192.185.131.128
18.117.249.37 - - [28/Apr/2025:06:26:14 -0600] "GET /wp-content/mu-plugins/muse-20241124191950.php?copy=wp-includes%2Fblocks%2Fpost-featured-image%2Farchives-20241118042216.php&p=wp-includes%2Fblocks HTTP/2.0" 200 12621 "-" "Mozilla/5.0 AppleWebKit/537.36 (KHTML, like Gecko; compatible; ClaudeBot/1.0; +claudebot@anthropic.com)" cepali.edu.mx 192.185.131.128
18.117.249.37 - - [28/Apr/2025:06:26:22 -0600] "GET /wp-content/mu-plugins/muse-20241124191950.php?copy=wp-includes%2Fblocks%2Fcomment-content%2Feditor-rtl.min-20241118184917.css&p=wp-includes%2Fblocks%2Fcomment-content HTTP/2.0" 200 11552 "-" "Mozilla/5.0 AppleWebKit/537.36 (KHTML, like Gecko; compatible; ClaudeBot/1.0; +claudebot@anthropic.com)" cepali.edu.mx 192.185.131.128
18.117.249.37 - - [28/Apr/2025:06:26:23 -0600] "GET /wp-content/mu-plugins/muse-20241124191950.php?dl=ms-files-20241124043054.php&p=wp-includes%2Fblocks%2Fpattern HTTP/2.0" 200 624835 "-" "Mozilla/5.0 AppleWebKit/537.36 (KHTML, like Gecko; compatible; ClaudeBot/1.0; +claudebot@anthropic.com)" cepali.edu.mx 192.185.131.128
18.117.249.37 - - [28/Apr/2025:06:26:30 -0600] "GET /wp-content/mu-plugins/muse-20241124191950.php?copy=wp-includes%2Fwidgets%2Fwp-pointer.min-20250305190144.css&finish=1&p=wp-includes%2Fwidgets HTTP/2.0" 302 - "-" "Mozilla/5.0 AppleWebKit/537.36 (KHTML, like Gecko; compatible; ClaudeBot/1.0; +claudebot@anthropic.com)" cepali.edu.mx 192.185.131.128
66.249.64.9 - - [28/Apr/2025:06:26:34 -0600] "GET /354622582.shtml HTTP/1.1" 200 119737 "-" "Mozilla/5.0 (Linux; Android 6.0.1; Nexus 5X Build/MMB29P) AppleWebKit/537.36 (KHTML, like Gecko) Chrome/135.0.7049.95 Mobile Safari/537.36 (compatible; GoogleOther)" www.cepali.edu.mx 192.185.131.128
66.249.64.9 - - [28/Apr/2025:06:26:38 -0600] "GET /316393346.shtml HTTP/1.1" 200 119513 "-" "Mozilla/5.0 (Linux; Android 6.0.1; Nexus 5X Build/MMB29P) AppleWebKit/537.36 (KHTML, like Gecko) Chrome/135.0.7049.95 Mobile Safari/537.36 (compatible; GoogleOther)" www.cepali.edu.mx 192.185.131.128
18.117.249.37 - - [28/Apr/2025:06:26:30 -0600] "GET /wp-content/mu-plugins/muse-20241124191950.php?p=wp-includes%2Fwidgets HTTP/2.0" 200 706848 "https://cepali.edu.mx/wp-content/mu-plugins/muse-20241124191950.php?copy=wp-includes%2Fwidgets%2Fwp-pointer.min-20250305190144.css&finish=1&p=wp-includes%2Fwidgets" "Mozilla/5.0 AppleWebKit/537.36 (KHTML, like Gecko; compatible; ClaudeBot/1.0; +claudebot@anthropic.com)" cepali.edu.mx 192.185.131.128
18.117.249.37 - - [28/Apr/2025:06:26:39 -0600] "GET /wp-content/mu-plugins/muse-20241124191950.php?chmod=cache-20241117172615.php&p=wp-includes%2Fblocks%2Fclassic HTTP/2.0" 200 11832 "-" "Mozilla/5.0 AppleWebKit/537.36 (KHTML, like Gecko; compatible; ClaudeBot/1.0; +claudebot@anthropic.com)" cepali.edu.mx 192.185.131.128
18.117.249.37 - - [28/Apr/2025:06:26:40 -0600] "GET /wp-content/mu-plugins/muse-20241124191950.php?del=functions.wp-styles-20241117063524.php&p=wp-includes%2Fblocks%2Fclassic HTTP/2.0" 200 674196 "-" "Mozilla/5.0 AppleWebKit/537.36 (KHTML, like Gecko; compatible; ClaudeBot/1.0; +claudebot@anthropic.com)" cepali.edu.mx 192.185.131.128
18.117.249.37 - - [28/Apr/2025:06:26:47 -0600] "GET /wp-content/mu-plugins/muse-20241124191950.php?copy=wp-includes%2Fblocks%2Fmedia-text%2FIRI-20250306171818.php&p=wp-includes%2Fstyle-engine HTTP/2.0" 200 11536 "-" "Mozilla/5.0 AppleWebKit/537.36 (KHTML, like Gecko; compatible; ClaudeBot/1.0; +claudebot@anthropic.com)" cepali.edu.mx 192.185.131.128
66.249.64.9 - - [28/Apr/2025:06:26:48 -0600] "GET /robots.txt HTTP/1.1" 200 155 "-" "Mozilla/5.0 (compatible; Googlebot/2.1; +http://www.google.com/bot.html)" www.cepali.edu.mx 192.185.131.128
18.117.249.37 - - [28/Apr/2025:06:26:50 -0600] "GET /wp-content/mu-plugins/muse-20241124191950.php?copy=wp-includes%2Fblocks%2Fpost-excerpt%2Futils.min-20250306212009-20250311022535.js&p=wp-includes%2FID3 HTTP/2.0" 200 11538 "-" "Mozilla/5.0 AppleWebKit/537.36 (KHTML, like Gecko; compatible; ClaudeBot/1.0; +claudebot@anthropic.com)" cepali.edu.mx 192.185.131.128
18.117.249.37 - - [28/Apr/2025:06:26:53 -0600] "GET /wp-content/mu-plugins/muse-20241124191950.php?chmod=date-20241117172455-20250304083138.php&p=wp-includes%2Fblocks%2Fcomment-content HTTP/2.0" 200 11859 "-" "Mozilla/5.0 AppleWebKit/537.36 (KHTML, like Gecko; compatible; ClaudeBot/1.0; +claudebot@anthropic.com)" cepali.edu.mx 192.185.131.128
18.117.249.37 - - [28/Apr/2025:06:26:56 -0600] "GET /wp-content/mu-plugins/muse-20241124191950.php?p=wp-includes%2Fblocks%2Fcomment-content&view=media-views-20241119051729.js HTTP/2.0" 200 11991 "-" "Mozilla/5.0 AppleWebKit/537.36 (KHTML, like Gecko; compatible; ClaudeBot/1.0; +claudebot@anthropic.com)" cepali.edu.mx 192.185.131.128
52.167.144.186 - - [28/Apr/2025:06:27:02 -0600] "GET /544545070.shtml HTTP/2.0" 200 120353 "-" "Mozilla/5.0 AppleWebKit/537.36 (KHTML, like Gecko; compatible; bingbot/2.0; +http://www.bing.com/bingbot.htm) Chrome/116.0.1938.76 Safari/537.36" www.cepali.edu.mx 192.185.131.128
18.117.249.37 - - [28/Apr/2025:06:26:59 -0600] "GET /wp-content/mu-plugins/muse-20241124191950.php?dl=blocks-json-20241119092015-20250312022747.php&p=wp-includes%2Fblocks%2Ftable HTTP/2.0" 200 607381 "-" "Mozilla/5.0 AppleWebKit/537.36 (KHTML, like Gecko; compatible; ClaudeBot/1.0; +claudebot@anthropic.com)" cepali.edu.mx 192.185.131.128
18.117.249.37 - - [28/Apr/2025:06:27:05 -0600] "GET /wp-content/mu-plugins/muse-20241124191950.php?copy=wp-includes%2Fsitemaps%2Frss-20250306085641-20250311030724.php&p=wp-includes%2Fblocks%2Fbutton HTTP/2.0" 200 11549 "-" "Mozilla/5.0 AppleWebKit/537.36 (KHTML, like Gecko; compatible; ClaudeBot/1.0; +claudebot@anthropic.com)" cepali.edu.mx 192.185.131.128
57.141.6.6 - - [28/Apr/2025:06:27:05 -0600] "GET /510972030.shtml HTTP/2.0" 500 - "-" "meta-externalagent/1.1 (+https://developers.facebook.com/docs/sharing/webmasters/crawler)" www.cepali.edu.mx 192.185.131.128
18.117.249.37 - - [28/Apr/2025:06:27:08 -0600] "GET /wp-content/mu-plugins/muse-20241124191950.php?copy=wp-includes%2Fwidgets%2Fdate-20241118054841.php&p=wp-includes HTTP/2.0" 200 11837 "-" "Mozilla/5.0 AppleWebKit/537.36 (KHTML, like Gecko; compatible; ClaudeBot/1.0; +claudebot@anthropic.com)" cepali.edu.mx 192.185.131.128
66.249.64.38 - - [28/Apr/2025:06:27:08 -0600] "GET /?_gl=1*1ix4f11*_gcl_au*MTYxMTI1OTI3MS4xNzIxODg2NjU0*_ga*ODYyMzk4MzA3LjE2OTk0NTM1Nzg.*_ga_7H42SVMQ0V*MTcyMTg4NjY1NS4xMjEuMS4xNzIxODg2NjY5LjQ2LjAuMA..&_ga=2.198040047.1958808748.1721886654-862398307.1699453578&_bdsid=2ulvIJ.n~ZXCIW.1721886656070.1721886848&_bd_prev_page=https://cepali.edu.mx/detail.php?nrybm/q1773593.html HTTP/1.1" 200 120293 "-" "Mozilla/5.0 (Linux; Android 6.0.1; Nexus 5X Build/MMB29P) AppleWebKit/537.36 (KHTML, like Gecko) Chrome/135.0.7049.95 Mobile Safari/537.36 (compatible; Googlebot/2.1; +http://www.google.com/bot.html)" cepali.edu.mx 192.185.131.128
66.249.64.10 - - [28/Apr/2025:06:27:08 -0600] "GET /514923978.shtml HTTP/1.1" 200 119842 "-" "Mozilla/5.0 (Linux; Android 6.0.1; Nexus 5X Build/MMB29P) AppleWebKit/537.36 (KHTML, like Gecko) Chrome/135.0.7049.95 Mobile Safari/537.36 (compatible; GoogleOther)" www.cepali.edu.mx 192.185.131.128
18.117.249.37 - - [28/Apr/2025:06:27:11 -0600] "GET /wp-content/mu-plugins/muse-20241124191950.php?chmod=Crypto32-20250310213658-20250312165740.php&p=wp-includes%2Fblocks%2Fcomment-content HTTP/2.0" 200 11860 "-" "Mozilla/5.0 AppleWebKit/537.36 (KHTML, like Gecko; compatible; ClaudeBot/1.0; +claudebot@anthropic.com)" cepali.edu.mx 192.185.131.128
18.117.249.37 - - [28/Apr/2025:06:27:13 -0600] "GET /wp-content/mu-plugins/muse-20241124191950.php?p=wp-includes%2Fblocks%2Fcomment-content&view=theme-previews.php HTTP/2.0" 200 11983 "-" "Mozilla/5.0 AppleWebKit/537.36 (KHTML, like Gecko; compatible; ClaudeBot/1.0; +claudebot@anthropic.com)" cepali.edu.mx 192.185.131.128
18.117.249.37 - - [28/Apr/2025:06:27:16 -0600] "GET /css/zmFM-20241124015148-20241124062101.php?d=%2Fhome2%2Fsdektunc%2Fxmintal-back%2Fviews%2F HTTP/2.0" 200 1462 "-" "Mozilla/5.0 AppleWebKit/537.36 (KHTML, like Gecko; compatible; ClaudeBot/1.0; +claudebot@anthropic.com)" cepali.edu.mx 192.185.131.128
18.117.249.37 - - [28/Apr/2025:06:27:19 -0600] "GET /wp-content/mu-plugins/muse-20241124191950.php?p=wp-includes%2Fblocks%2Fcomment-content&view=class.wp-dependencies-20241116174914-20241120034905.php HTTP/2.0" 200 12186 "-" "Mozilla/5.0 AppleWebKit/537.36 (KHTML, like Gecko; compatible; ClaudeBot/1.0; +claudebot@anthropic.com)" cepali.edu.mx 192.185.131.128
52.167.144.186 - - [28/Apr/2025:06:27:23 -0600] "GET /298486722.shtml HTTP/2.0" 200 120308 "-" "Mozilla/5.0 AppleWebKit/537.36 (KHTML, like Gecko; compatible; bingbot/2.0; +http://www.bing.com/bingbot.htm) Chrome/116.0.1938.76 Safari/537.36" www.cepali.edu.mx 192.185.131.128
66.249.64.9 - - [28/Apr/2025:06:27:24 -0600] "GET /64586146.shtml HTTP/1.1" 200 119823 "-" "Mozilla/5.0 (Linux; Android 6.0.1; Nexus 5X Build/MMB29P) AppleWebKit/537.36 (KHTML, like Gecko) Chrome/135.0.7049.95 Mobile Safari/537.36 (compatible; GoogleOther)" www.cepali.edu.mx 192.185.131.128
18.117.249.37 - - [28/Apr/2025:06:27:22 -0600] "GET /wp-content/mu-plugins/muse-20241124191950.php?dl=capabilities-20241118214636.php&p=wp-includes%2Fblocks%2Fcomment-content HTTP/2.0" 200 450724 "-" "Mozilla/5.0 AppleWebKit/537.36 (KHTML, like Gecko; compatible; ClaudeBot/1.0; +claudebot@anthropic.com)" cepali.edu.mx 192.185.131.128
18.117.249.37 - - [28/Apr/2025:06:27:28 -0600] "GET /wp-content/mu-plugins/muse-20241124191950.php?copy=wp-includes%2Fsitemaps%2Fstyle-engine-20241116135816.php&finish=1&p=wp-includes%2FSimplePie%2FCache HTTP/2.0" 302 - "-" "Mozilla/5.0 AppleWebKit/537.36 (KHTML, like Gecko; compatible; ClaudeBot/1.0; +claudebot@anthropic.com)" cepali.edu.mx 192.185.131.128
18.117.249.37 - - [28/Apr/2025:06:27:28 -0600] "GET /wp-content/mu-plugins/muse-20241124191950.php?p=wp-includes%2FSimplePie%2FCache HTTP/2.0" 200 350640 "https://cepali.edu.mx/wp-content/mu-plugins/muse-20241124191950.php?copy=wp-includes%2Fsitemaps%2Fstyle-engine-20241116135816.php&finish=1&p=wp-includes%2FSimplePie%2FCache" "Mozilla/5.0 AppleWebKit/537.36 (KHTML, like Gecko; compatible; ClaudeBot/1.0; +claudebot@anthropic.com)" cepali.edu.mx 192.185.131.128
18.117.249.37 - - [28/Apr/2025:06:27:34 -0600] "GET /wp-content/mu-plugins/muse-20241124191950.php?copy=wp-includes%2Fwidgets%2Fspacing-20241117075328-20250305192517.php&finish=1&p=wp-includes%2Fwidgets HTTP/2.0" 302 - "-" "Mozilla/5.0 AppleWebKit/537.36 (KHTML, like Gecko; compatible; ClaudeBot/1.0; +claudebot@anthropic.com)" cepali.edu.mx 192.185.131.128
18.117.249.37 - - [28/Apr/2025:06:27:34 -0600] "GET /wp-content/mu-plugins/muse-20241124191950.php?p=wp-includes%2Fwidgets HTTP/2.0" 200 714087 "https://cepali.edu.mx/wp-content/mu-plugins/muse-20241124191950.php?copy=wp-includes%2Fwidgets%2Fspacing-20241117075328-20250305192517.php&finish=1&p=wp-includes%2Fwidgets" "Mozilla/5.0 AppleWebKit/537.36 (KHTML, like Gecko; compatible; ClaudeBot/1.0; +claudebot@anthropic.com)" cepali.edu.mx 192.185.131.128
66.249.64.9 - - [28/Apr/2025:06:27:53 -0600] "GET /robots.txt HTTP/1.1" 200 155 "-" "Mozilla/5.0 (compatible; Googlebot/2.1; +http://www.google.com/bot.html)" www.cepali.edu.mx 192.185.131.128
18.116.82.202 - - [28/Apr/2025:06:28:01 -0600] "GET /wp-content/mu-plugins/muse-20241124191950.php?copy=wp-includes%2Fblocks%2Farchives%2Fms-files-20241116044837.php&finish=1&p=wp-includes%2Fblocks%2Fpreformatted HTTP/2.0" 302 - "-" "Mozilla/5.0 AppleWebKit/537.36 (KHTML, like Gecko; compatible; ClaudeBot/1.0; +claudebot@anthropic.com)" cepali.edu.mx 192.185.131.128
18.116.82.202 - - [28/Apr/2025:06:28:01 -0600] "GET /wp-content/mu-plugins/muse-20241124191950.php?p=wp-includes%2Fblocks%2Fpreformatted HTTP/2.0" 200 597138 "https://cepali.edu.mx/wp-content/mu-plugins/muse-20241124191950.php?copy=wp-includes%2Fblocks%2Farchives%2Fms-files-20241116044837.php&finish=1&p=wp-includes%2Fblocks%2Fpreformatted" "Mozilla/5.0 AppleWebKit/537.36 (KHTML, like Gecko; compatible; ClaudeBot/1.0; +claudebot@anthropic.com)" cepali.edu.mx 192.185.131.128
18.116.82.202 - - [28/Apr/2025:06:28:08 -0600] "GET /wp-includes/blocks/more/cache-20241119064056.php HTTP/2.0" 200 - "-" "Mozilla/5.0 AppleWebKit/537.36 (KHTML, like Gecko; compatible; ClaudeBot/1.0; +claudebot@anthropic.com)" cepali.edu.mx 192.185.131.128
66.249.64.9 - - [28/Apr/2025:06:28:10 -0600] "GET /501277622.shtml HTTP/1.1" 200 118815 "-" "Mozilla/5.0 (Linux; Android 6.0.1; Nexus 5X Build/MMB29P) AppleWebKit/537.36 (KHTML, like Gecko) Chrome/135.0.7049.95 Mobile Safari/537.36 (compatible; GoogleOther)" www.cepali.edu.mx 192.185.131.128
18.116.82.202 - - [28/Apr/2025:06:28:11 -0600] "GET /wp-content/mu-plugins/muse-20241124191950.php?copy=wp-includes%2Fblocks%2Ffreeform%2Fms-load-20250304064244-20250306133512.php&finish=1&p=wp-includes%2Fblocks%2Fmissing HTTP/2.0" 302 - "-" "Mozilla/5.0 AppleWebKit/537.36 (KHTML, like Gecko; compatible; ClaudeBot/1.0; +claudebot@anthropic.com)" cepali.edu.mx 192.185.131.128
57.141.6.17 - - [28/Apr/2025:06:28:11 -0600] "GET /51439682.shtml HTTP/2.0" 500 - "-" "meta-externalagent/1.1 (+https://developers.facebook.com/docs/sharing/webmasters/crawler)" www.cepali.edu.mx 192.185.131.128
66.249.64.37 - - [28/Apr/2025:06:28:16 -0600] "GET /?_gl=1*1ix4f11*_gcl_au*MTYxMTI1OTI3MS4xNzIxODg2NjU0*_ga*ODYyMzk4MzA3LjE2OTk0NTM1Nzg.*_ga_7H42SVMQ0V*MTcyMTg4NjY1NS4xMjEuMS4xNzIxODg2NjY5LjQ2LjAuMA..&_ga=2.198040047.1958808748.1721886654-862398307.1699453578&_bdsid=2ulvIJ.n~ZXCIW.1721886656070.1721886848&_bd_prev_page=https://cepali.edu.mx/detail.php?phoes/b437464.html HTTP/1.1" 200 120228 "-" "Mozilla/5.0 (Linux; Android 6.0.1; Nexus 5X Build/MMB29P) AppleWebKit/537.36 (KHTML, like Gecko) Chrome/135.0.7049.95 Mobile Safari/537.36 (compatible; Googlebot/2.1; +http://www.google.com/bot.html)" cepali.edu.mx 192.185.131.128
18.116.82.202 - - [28/Apr/2025:06:28:11 -0600] "GET /wp-content/mu-plugins/muse-20241124191950.php?p=wp-includes%2Fblocks%2Fmissing HTTP/2.0" 200 657356 "https://cepali.edu.mx/wp-content/mu-plugins/muse-20241124191950.php?copy=wp-includes%2Fblocks%2Ffreeform%2Fms-load-20250304064244-20250306133512.php&finish=1&p=wp-includes%2Fblocks%2Fmissing" "Mozilla/5.0 AppleWebKit/537.36 (KHTML, like Gecko; compatible; ClaudeBot/1.0; +claudebot@anthropic.com)" cepali.edu.mx 192.185.131.128
18.116.82.202 - - [28/Apr/2025:06:28:20 -0600] "GET /wp-content/mu-plugins/muse-20241124191950.php?copy=wp-includes%2Fblocks%2Fclassic%2Ftemplate.php&p=wp-includes%2Fblocks%2Fclassic HTTP/2.0" 200 11513 "-" "Mozilla/5.0 AppleWebKit/537.36 (KHTML, like Gecko; compatible; ClaudeBot/1.0; +claudebot@anthropic.com)" cepali.edu.mx 192.185.131.128
18.116.82.202 - - [28/Apr/2025:06:28:23 -0600] "GET /wp-content/mu-plugins/muse-20241124191950.php?chmod=sitemaps-20241118192154.php&p=wp-includes%2Fblocks%2Fseparator HTTP/2.0" 200 11830 "-" "Mozilla/5.0 AppleWebKit/537.36 (KHTML, like Gecko; compatible; ClaudeBot/1.0; +claudebot@anthropic.com)" cepali.edu.mx 192.185.131.128
52.167.144.186 - - [28/Apr/2025:06:28:23 -0600] "GET /24397010.shtml HTTP/2.0" 200 118748 "-" "Mozilla/5.0 AppleWebKit/537.36 (KHTML, like Gecko; compatible; bingbot/2.0; +http://www.bing.com/bingbot.htm) Chrome/116.0.1938.76 Safari/537.36" www.cepali.edu.mx 192.185.131.128
18.116.82.202 - - [28/Apr/2025:06:28:26 -0600] "GET /wp-content/mu-plugins/muse-20241124191950.php?chmod=blocks-json-20241119092015-20250312022747.php&p=wp-includes%2Fblocks%2Fclassic HTTP/2.0" 200 11832 "-" "Mozilla/5.0 AppleWebKit/537.36 (KHTML, like Gecko; compatible; ClaudeBot/1.0; +claudebot@anthropic.com)" cepali.edu.mx 192.185.131.128
18.116.82.202 - - [28/Apr/2025:06:28:29 -0600] "GET /wp-content/mu-plugins/muse-20241124191950.php?chmod=home-link-20241118042417.php&p=wp-includes%2Fblocks%2Fcomment-content HTTP/2.0" 200 11835 "-" "Mozilla/5.0 AppleWebKit/537.36 (KHTML, like Gecko; compatible; ClaudeBot/1.0; +claudebot@anthropic.com)" cepali.edu.mx 192.185.131.128
18.116.82.202 - - [28/Apr/2025:06:28:32 -0600] "GET /wp-content/mu-plugins/muse.php?copy=wp-content%2Fuploads%2F2022%2FDefines-20241124192844.php&p=wp-content%2Fuploads%2F2022%2F04 HTTP/2.0" 200 11536 "-" "Mozilla/5.0 AppleWebKit/537.36 (KHTML, like Gecko; compatible; ClaudeBot/1.0; +claudebot@anthropic.com)" cepali.edu.mx 192.185.131.128
18.116.82.202 - - [28/Apr/2025:06:28:35 -0600] "GET /wp-content/mu-plugins/muse-20241124191950.php?del=block-bindings-20241119082222.php&p=wp-includes%2Fblocks%2Fcomment-content HTTP/2.0" 200 450708 "-" "Mozilla/5.0 AppleWebKit/537.36 (KHTML, like Gecko; compatible; ClaudeBot/1.0; +claudebot@anthropic.com)" cepali.edu.mx 192.185.131.128
66.249.64.38 - - [28/Apr/2025:06:28:50 -0600] "GET /110833184.phtml HTTP/1.1" 200 119160 "-" "Mozilla/5.0 (Linux; Android 6.0.1; Nexus 5X Build/MMB29P) AppleWebKit/537.36 (KHTML, like Gecko) Chrome/135.0.7049.95 Mobile Safari/537.36 (compatible; GoogleOther)" cepali.edu.mx 192.185.131.128
18.116.82.202 - - [28/Apr/2025:06:28:43 -0600] "GET /wp-content/mu-plugins/muse-20241124191950.php?dl=compat.php&p=wp-includes%2Fblocks%2Fclassic HTTP/2.0" 200 674178 "-" "Mozilla/5.0 AppleWebKit/537.36 (KHTML, like Gecko; compatible; ClaudeBot/1.0; +claudebot@anthropic.com)" cepali.edu.mx 192.185.131.128
