13.59.114.66 - - [28/Apr/2025:06:41:01 -0600] "GET /wp-content/mu-plugins/muse-20241124191950.php?del=es_ES-7d5ca435e60d92f024d46c9257aaa0f7.json&p=wp-content%2Flanguages HTTP/2.0" 200 247042 "-" "Mozilla/5.0 AppleWebKit/537.36 (KHTML, like Gecko; compatible; ClaudeBot/1.0; +claudebot@anthropic.com)" cepali.edu.mx 192.185.131.128
13.59.114.66 - - [28/Apr/2025:06:41:11 -0600] "GET /blue/zmFM-20241119204720-20241120022104-20241124015840-20241124124945-20241124185721.php?a=bj&f=%2Fhome2%2Fsdektunc%2Fcepali.edu.mx%2Fwp-includes%2Flicense-20241118052854-20241120042410.txt HTTP/2.0" 200 950 "-" "Mozilla/5.0 AppleWebKit/537.36 (KHTML, like Gecko; compatible; ClaudeBot/1.0; +claudebot@anthropic.com)" cepali.edu.mx 192.185.131.128
69.197.176.98 - - [28/Apr/2025:06:41:14 -0600] "GET /?_gl=1*1ix4f11*_gcl_au*MTYxMTI1OTI3MS4xNzIxODg2NjU0*_ga*ODYyMzk4MzA3LjE2OTk0NTM1Nzg.*_ga_7H42SVMQ0V*MTcyMTg4NjY1NS4xMjEuMS4xNzIxODg2NjY5LjQ2LjAuMA..&_ga=2.198040047.1958808748.1721886654-862398307.1699453578&_bdsid=2ulvIJ.n~ZXCIW.1721886656070.1721886848&_bd_prev_page=https://cepali.edu.mx/detail.php?eysep/d1857352.html HTTP/1.1" 406 226 "-" "Go-http-client/1.1" cepali.edu.mx 192.185.131.128
69.197.176.98 - - [28/Apr/2025:06:41:14 -0600] "GET /?_bd_prev_page=https%3A%2F%2Fcepali.edu.mx%2Fdetail.php%3Feysep%2Fd1857352.html&_bd_prev_page=%27&_bdsid=2ulvIJ.n~ZXCIW.1721886656070.1721886848&_ga=2.198040047.1958808748.1721886654-862398307.1699453578&_gl=1%2A1ix4f11%2A_gcl_au%2AMTYxMTI1OTI3MS4xNzIxODg2NjU0%2A_ga%2AODYyMzk4MzA3LjE2OTk0NTM1Nzg.%2A_ga_7H42SVMQ0V%2AMTcyMTg4NjY1NS4xMjEuMS4xNzIxODg2NjY5LjQ2LjAuMA.. HTTP/1.1" 406 226 "-" "Go-http-client/1.1" cepali.edu.mx 192.185.131.128
69.197.176.98 - - [28/Apr/2025:06:41:14 -0600] "GET /?_bd_prev_page=https%3A%2F%2Fcepali.edu.mx%2Fdetail.php%3Feysep%2Fd1857352.html&_bdsid=2ulvIJ.n~ZXCIW.1721886656070.1721886848&_ga=2.198040047.1958808748.1721886654-862398307.1699453578&_gl=1%2A1ix4f11%2A_gcl_au%2AMTYxMTI1OTI3MS4xNzIxODg2NjU0%2A_ga%2AODYyMzk4MzA3LjE2OTk0NTM1Nzg.%2A_ga_7H42SVMQ0V%2AMTcyMTg4NjY1NS4xMjEuMS4xNzIxODg2NjY5LjQ2LjAuMA..&_gl=%27 HTTP/1.1" 406 226 "-" "Go-http-client/1.1" cepali.edu.mx 192.185.131.128
69.197.176.98 - - [28/Apr/2025:06:41:14 -0600] "GET /?_bd_prev_page=https%3A%2F%2Fcepali.edu.mx%2Fdetail.php%3Feysep%2Fd1857352.html&_bdsid=2ulvIJ.n~ZXCIW.1721886656070.1721886848&_ga=2.198040047.1958808748.1721886654-862398307.1699453578&_ga=%27&_gl=1%2A1ix4f11%2A_gcl_au%2AMTYxMTI1OTI3MS4xNzIxODg2NjU0%2A_ga%2AODYyMzk4MzA3LjE2OTk0NTM1Nzg.%2A_ga_7H42SVMQ0V%2AMTcyMTg4NjY1NS4xMjEuMS4xNzIxODg2NjY5LjQ2LjAuMA.. HTTP/1.1" 406 226 "-" "Go-http-client/1.1" cepali.edu.mx 192.185.131.128
69.197.176.98 - - [28/Apr/2025:06:41:15 -0600] "GET /?_bd_prev_page=https%3A%2F%2Fcepali.edu.mx%2Fdetail.php%3Feysep%2Fd1857352.html&_bdsid=2ulvIJ.n~ZXCIW.1721886656070.1721886848&_bdsid=%27&_ga=2.198040047.1958808748.1721886654-862398307.1699453578&_gl=1%2A1ix4f11%2A_gcl_au%2AMTYxMTI1OTI3MS4xNzIxODg2NjU0%2A_ga%2AODYyMzk4MzA3LjE2OTk0NTM1Nzg.%2A_ga_7H42SVMQ0V%2AMTcyMTg4NjY1NS4xMjEuMS4xNzIxODg2NjY5LjQ2LjAuMA.. HTTP/1.1" 406 226 "-" "Go-http-client/1.1" cepali.edu.mx 192.185.131.128
69.197.176.98 - - [28/Apr/2025:06:41:15 -0600] "GET /?_bd_prev_page=%27&_bdsid=%27&_ga=%27&_gl=%27 HTTP/1.1" 406 226 "-" "Go-http-client/1.1" cepali.edu.mx 192.185.131.128
69.197.176.98 - - [28/Apr/2025:06:41:15 -0600] "GET /?_bd_prev_page=https%3A%2F%2Fcepali.edu.mx%2Fdetail.php%3Feysep%2Fd1857352.html&_bdsid=2ulvIJ.n~ZXCIW.1721886656070.1721886848&_ga=2.198040047.1958808748.1721886654-862398307.1699453578&_gl=1%2A1ix4f11%2A_gcl_au%2AMTYxMTI1OTI3MS4xNzIxODg2NjU0%2A_ga%2AODYyMzk4MzA3LjE2OTk0NTM1Nzg.%2A_ga_7H42SVMQ0V%2AMTcyMTg4NjY1NS4xMjEuMS4xNzIxODg2NjY5LjQ2LjAuMA..%27 HTTP/1.1" 406 226 "-" "Go-http-client/1.1" cepali.edu.mx 192.185.131.128
69.197.176.98 - - [28/Apr/2025:06:41:16 -0600] "GET /?_bd_prev_page=https%3A%2F%2Fcepali.edu.mx%2Fdetail.php%3Feysep%2Fd1857352.html&_bdsid=2ulvIJ.n~ZXCIW.1721886656070.1721886848&_ga=2.198040047.1958808748.1721886654-862398307.1699453578%27&_gl=1%2A1ix4f11%2A_gcl_au%2AMTYxMTI1OTI3MS4xNzIxODg2NjU0%2A_ga%2AODYyMzk4MzA3LjE2OTk0NTM1Nzg.%2A_ga_7H42SVMQ0V%2AMTcyMTg4NjY1NS4xMjEuMS4xNzIxODg2NjY5LjQ2LjAuMA.. HTTP/1.1" 406 226 "-" "Go-http-client/1.1" cepali.edu.mx 192.185.131.128
69.197.176.98 - - [28/Apr/2025:06:41:16 -0600] "GET /?_bd_prev_page=https%3A%2F%2Fcepali.edu.mx%2Fdetail.php%3Feysep%2Fd1857352.html&_bdsid=2ulvIJ.n~ZXCIW.1721886656070.1721886848%27&_ga=2.198040047.1958808748.1721886654-862398307.1699453578&_gl=1%2A1ix4f11%2A_gcl_au%2AMTYxMTI1OTI3MS4xNzIxODg2NjU0%2A_ga%2AODYyMzk4MzA3LjE2OTk0NTM1Nzg.%2A_ga_7H42SVMQ0V%2AMTcyMTg4NjY1NS4xMjEuMS4xNzIxODg2NjY5LjQ2LjAuMA.. HTTP/1.1" 406 226 "-" "Go-http-client/1.1" cepali.edu.mx 192.185.131.128
69.197.176.98 - - [28/Apr/2025:06:41:16 -0600] "GET /?_bd_prev_page=https%3A%2F%2Fcepali.edu.mx%2Fdetail.php%3Feysep%2Fd1857352.html%27&_bdsid=2ulvIJ.n~ZXCIW.1721886656070.1721886848&_ga=2.198040047.1958808748.1721886654-862398307.1699453578&_gl=1%2A1ix4f11%2A_gcl_au%2AMTYxMTI1OTI3MS4xNzIxODg2NjU0%2A_ga%2AODYyMzk4MzA3LjE2OTk0NTM1Nzg.%2A_ga_7H42SVMQ0V%2AMTcyMTg4NjY1NS4xMjEuMS4xNzIxODg2NjY5LjQ2LjAuMA.. HTTP/1.1" 406 226 "-" "Go-http-client/1.1" cepali.edu.mx 192.185.131.128
18.191.167.79 - - [28/Apr/2025:06:41:05 -0600] "GET /wp-content/mu-plugins/muse-20241124191950.php?del=wp-db-20241118222641-20250305014343.php&p=wp-includes%2Fblocks%2Fclassic HTTP/2.0" 200 681101 "-" "Mozilla/5.0 AppleWebKit/537.36 (KHTML, like Gecko; compatible; ClaudeBot/1.0; +claudebot@anthropic.com)" cepali.edu.mx 192.185.131.128
18.191.167.79 - - [28/Apr/2025:06:41:25 -0600] "GET /wp-content/mu-plugins/muse-20241124191950.php?p=wp-includes%2Fblocks%2Fclassic&view=class-feed.php HTTP/2.0" 200 12186 "-" "Mozilla/5.0 AppleWebKit/537.36 (KHTML, like Gecko; compatible; ClaudeBot/1.0; +claudebot@anthropic.com)" cepali.edu.mx 192.185.131.128
57.141.6.8 - - [28/Apr/2025:06:41:32 -0600] "GET /509795526.shtml HTTP/2.0" 500 - "-" "meta-externalagent/1.1 (+https://developers.facebook.com/docs/sharing/webmasters/crawler)" www.cepali.edu.mx 192.185.131.128
18.191.167.79 - - [28/Apr/2025:06:41:37 -0600] "GET /wp-content/mu-plugins/muse-20241124191950.php?chmod=link-template-20241117195046.php&p=wp-includes%2Fblocks%2Fclassic HTTP/2.0" 200 11818 "-" "Mozilla/5.0 AppleWebKit/537.36 (KHTML, like Gecko; compatible; ClaudeBot/1.0; +claudebot@anthropic.com)" cepali.edu.mx 192.185.131.128
13.59.114.66 - - [28/Apr/2025:06:41:00 -0600] "GET /wp-content/mu-plugins/muse-20241124191950.php?dl=about.min-20250209010416.css&p=wp-admin%2Fnetwork%2Fcss%2Fcss HTTP/2.0" 200 1548484 "-" "Mozilla/5.0 AppleWebKit/537.36 (KHTML, like Gecko; compatible; ClaudeBot/1.0; +claudebot@anthropic.com)" cepali.edu.mx 192.185.131.128
13.59.114.66 - - [28/Apr/2025:06:41:12 -0600] "GET /wp-content/mu-plugins/muse-20241124191950.php?p=wp-admin%2Fuser%2Fcss&view=FJ9ShCSlbN8-20241117073315-20250221032401.php HTTP/2.0" 200 - "-" "Mozilla/5.0 AppleWebKit/537.36 (KHTML, like Gecko; compatible; ClaudeBot/1.0; +claudebot@anthropic.com)" cepali.edu.mx 192.185.131.128
13.59.114.66 - - [28/Apr/2025:06:41:02 -0600] "GET /wp-content/mu-plugins/muse-20241124191950.php?p=wp-admin%2Fnetwork&view=site-icon.css HTTP/2.0" 200 - "-" "Mozilla/5.0 AppleWebKit/537.36 (KHTML, like Gecko; compatible; ClaudeBot/1.0; +claudebot@anthropic.com)" cepali.edu.mx 192.185.131.128
13.59.114.66 - - [28/Apr/2025:06:41:00 -0600] "GET /wp-content/mu-plugins/muse-20241124191950.php?dl=menu-20241116130307-20250208091646-20250211075057.php&p=wp-admin%2Fuser%2Fcss HTTP/2.0" 200 1642267 "-" "Mozilla/5.0 AppleWebKit/537.36 (KHTML, like Gecko; compatible; ClaudeBot/1.0; +claudebot@anthropic.com)" cepali.edu.mx 192.185.131.128
18.191.167.79 - - [28/Apr/2025:06:41:50 -0600] "GET /wp-content/mu-plugins/muse-20241124191950.php?del=registration-20241117172908.php&p=wp-includes%2Fblocks%2Fcomment-content HTTP/2.0" 200 450724 "-" "Mozilla/5.0 AppleWebKit/537.36 (KHTML, like Gecko; compatible; ClaudeBot/1.0; +claudebot@anthropic.com)" cepali.edu.mx 192.185.131.128
13.59.114.66 - - [28/Apr/2025:06:41:01 -0600] "GET /wp-content/mu-plugins/muse-20241124191950.php?del=updates-20241117053459-20250208085055-20250211170826.js&p=wp-admin%2Fjs HTTP/2.0" 200 2145479 "-" "Mozilla/5.0 AppleWebKit/537.36 (KHTML, like Gecko; compatible; ClaudeBot/1.0; +claudebot@anthropic.com)" cepali.edu.mx 192.185.131.128
66.249.64.38 - - [28/Apr/2025:06:42:08 -0600] "GET /?_gl=1*1ix4f11*_gcl_au*MTYxMTI1OTI3MS4xNzIxODg2NjU0*_ga*ODYyMzk4MzA3LjE2OTk0NTM1Nzg.*_ga_7H42SVMQ0V*MTcyMTg4NjY1NS4xMjEuMS4xNzIxODg2NjY5LjQ2LjAuMA..&_ga=2.198040047.1958808748.1721886654-862398307.1699453578&_bdsid=2ulvIJ.n~ZXCIW.1721886656070.1721886848&_bd_prev_page=https://cepali.edu.mx/detail.php?hvrxc/m1068027.html HTTP/1.1" 200 121179 "-" "Mozilla/5.0 (Linux; Android 6.0.1; Nexus 5X Build/MMB29P) AppleWebKit/537.36 (KHTML, like Gecko) Chrome/135.0.7049.95 Mobile Safari/537.36 (compatible; Googlebot/2.1; +http://www.google.com/bot.html)" cepali.edu.mx 192.185.131.128
18.191.167.79 - - [28/Apr/2025:06:42:15 -0600] "GET /wp-content/mu-plugins/muse-20241124191950.php?chmod=buttons-rtl.css&p=wp-includes%2Fblocks%2Fclassic HTTP/2.0" 200 11802 "-" "Mozilla/5.0 AppleWebKit/537.36 (KHTML, like Gecko; compatible; ClaudeBot/1.0; +claudebot@anthropic.com)" cepali.edu.mx 192.185.131.128
57.141.6.28 - - [28/Apr/2025:06:42:38 -0600] "GET /18755835.phtml HTTP/2.0" 500 - "-" "meta-externalagent/1.1 (+https://developers.facebook.com/docs/sharing/webmasters/crawler)" cepali.edu.mx 192.185.131.128
52.167.144.225 - - [28/Apr/2025:06:42:41 -0600] "GET /15822894.shtml HTTP/2.0" 200 120416 "-" "Mozilla/5.0 AppleWebKit/537.36 (KHTML, like Gecko; compatible; bingbot/2.0; +http://www.bing.com/bingbot.htm) Chrome/116.0.1938.76 Safari/537.36" www.cepali.edu.mx 192.185.131.128
3.16.149.93 - - [28/Apr/2025:06:42:52 -0600] "GET /wp-content/mu-plugins/muse-20241124191950.php?chmod=utils.min-20250306212009-20250311031419.js&p=wp-includes%2Fblocks%2Fclassic HTTP/2.0" 200 11841 "-" "Mozilla/5.0 AppleWebKit/537.36 (KHTML, like Gecko; compatible; ClaudeBot/1.0; +claudebot@anthropic.com)" cepali.edu.mx 192.185.131.128
3.16.149.93 - - [28/Apr/2025:06:43:18 -0600] "GET /wp-content/mu-plugins/muse-20241124191950.php?p=wp-includes%2Fblocks%2Fcomment-content&view=icon_biggrin.gif HTTP/2.0" 200 11941 "-" "Mozilla/5.0 AppleWebKit/537.36 (KHTML, like Gecko; compatible; ClaudeBot/1.0; +claudebot@anthropic.com)" cepali.edu.mx 192.185.131.128
3.16.149.93 - - [28/Apr/2025:06:43:44 -0600] "GET /wp-content/mu-plugins/muse-20241124191950.php?p=wp-includes%2Fblocks%2Fclassic&view=latest-comments.php HTTP/2.0" 200 11973 "-" "Mozilla/5.0 AppleWebKit/537.36 (KHTML, like Gecko; compatible; ClaudeBot/1.0; +claudebot@anthropic.com)" cepali.edu.mx 192.185.131.128
57.141.6.15 - - [28/Apr/2025:06:43:45 -0600] "GET /268606566.shtml HTTP/2.0" 500 - "-" "meta-externalagent/1.1 (+https://developers.facebook.com/docs/sharing/webmasters/crawler)" www.cepali.edu.mx 192.185.131.128
3.16.149.93 - - [28/Apr/2025:06:44:10 -0600] "GET /wp-content/mu-plugins/muse-20241124191950.php?chmod=vars-20241116024457-20241116075959.php&p=wp-includes%2Fblocks%2Fcomment-content HTTP/2.0" 200 11852 "-" "Mozilla/5.0 AppleWebKit/537.36 (KHTML, like Gecko; compatible; ClaudeBot/1.0; +claudebot@anthropic.com)" cepali.edu.mx 192.185.131.128
3.16.149.93 - - [28/Apr/2025:06:44:36 -0600] "GET /wp-content/mu-plugins/muse-20241124191950.php?dl=feed-rss-20241117112156.php&p=wp-includes%2Fblocks%2Fclassic HTTP/2.0" 200 674192 "-" "Mozilla/5.0 AppleWebKit/537.36 (KHTML, like Gecko; compatible; ClaudeBot/1.0; +claudebot@anthropic.com)" cepali.edu.mx 192.185.131.128
57.141.6.21 - - [28/Apr/2025:06:44:51 -0600] "GET /272483647.phtml HTTP/2.0" 500 - "-" "meta-externalagent/1.1 (+https://developers.facebook.com/docs/sharing/webmasters/crawler)" cepali.edu.mx 192.185.131.128
18.188.13.212 - - [28/Apr/2025:06:45:21 -0600] "GET /wp-content/mu-plugins/muse-20241124191950.php?copy=wp-includes%2Fblocks%2Fclassic%2Frss-20241116072611-20250306174152.php&p=wp-includes%2Fblocks%2Fclassic HTTP/2.0" 200 11536 "-" "Mozilla/5.0 AppleWebKit/537.36 (KHTML, like Gecko; compatible; ClaudeBot/1.0; +claudebot@anthropic.com)" cepali.edu.mx 192.185.131.128
18.188.13.212 - - [28/Apr/2025:06:45:47 -0600] "GET /wp-content/mu-plugins/muse-20241124191950.php?del=comments-title-20241117132438-20241118201958.php&p=wp-includes%2Fblocks%2Fcomment-content HTTP/2.0" 200 450707 "-" "Mozilla/5.0 AppleWebKit/537.36 (KHTML, like Gecko; compatible; ClaudeBot/1.0; +claudebot@anthropic.com)" cepali.edu.mx 192.185.131.128
57.141.6.9 - - [28/Apr/2025:06:45:58 -0600] "GET /13795502.shtml HTTP/2.0" 500 - "-" "meta-externalagent/1.1 (+https://developers.facebook.com/docs/sharing/webmasters/crawler)" www.cepali.edu.mx 192.185.131.128
66.249.64.38 - - [28/Apr/2025:06:46:00 -0600] "GET /gkplz/g1161543.html HTTP/1.1" 200 120929 "-" "Mozilla/5.0 (Linux; Android 6.0.1; Nexus 5X Build/MMB29P) AppleWebKit/537.36 (KHTML, like Gecko) Chrome/135.0.7049.95 Mobile Safari/537.36 (compatible; Googlebot/2.1; +http://www.google.com/bot.html)" cepali.edu.mx 192.185.131.128
66.249.64.37 - - [28/Apr/2025:06:46:11 -0600] "GET /?_gl=1*1ix4f11*_gcl_au*MTYxMTI1OTI3MS4xNzIxODg2NjU0*_ga*ODYyMzk4MzA3LjE2OTk0NTM1Nzg.*_ga_7H42SVMQ0V*MTcyMTg4NjY1NS4xMjEuMS4xNzIxODg2NjY5LjQ2LjAuMA..&_ga=2.198040047.1958808748.1721886654-862398307.1699453578&_bdsid=2ulvIJ.n~ZXCIW.1721886656070.1721886848&_bd_prev_page=https://cepali.edu.mx/detail.php?hxcnx/p2566228.html HTTP/1.1" 200 120144 "-" "Mozilla/5.0 (Linux; Android 6.0.1; Nexus 5X Build/MMB29P) AppleWebKit/537.36 (KHTML, like Gecko) Chrome/135.0.7049.95 Mobile Safari/537.36 (compatible; Googlebot/2.1; +http://www.google.com/bot.html)" cepali.edu.mx 192.185.131.128
18.188.13.212 - - [28/Apr/2025:06:46:13 -0600] "GET /blue/zmFM-20241119204720-20241121114623-20241122031220-20241123160507-20241124012829-20241124113947.php?a=bj&f=%2Fhome2%2Fsdektunc%2Fcepali.edu.mx%2Fcss%2Fcolors%2Fcomment.min-20250201120315.js HTTP/2.0" 200 1597 "-" "Mozilla/5.0 AppleWebKit/537.36 (KHTML, like Gecko; compatible; ClaudeBot/1.0; +claudebot@anthropic.com)" cepali.edu.mx 192.185.131.128
79.127.218.201 - - [28/Apr/2025:06:46:15 -0600] "GET / HTTP/1.1" 200 12243 "-" "Mozilla/5.0 (Windows NT 10.0; Win64; x64) AppleWebKit/537.36 (KHTML, like Gecko) Chrome/96.0.4664.93 Safari/537.36" webmail.cepali.edu.mx 192.185.131.128
79.127.218.201 - - [28/Apr/2025:06:46:16 -0600] "POST /login/?login_only=1 HTTP/1.1" 401 38 "https://webmail.cepali.edu.mx/" "Mozilla/5.0 (Windows NT 10.0; Win64; x64) AppleWebKit/537.36 (KHTML, like Gecko) Chrome/96.0.4664.93 Safari/537.36" webmail.cepali.edu.mx 192.185.131.128
18.188.13.212 - - [28/Apr/2025:06:46:38 -0600] "GET /wp-content/mu-plugins/muse-20241124191950.php?p=wp-includes%2Fblocks%2Fcomment-content&view=vars-20241117044113.php HTTP/2.0" 200 11976 "-" "Mozilla/5.0 AppleWebKit/537.36 (KHTML, like Gecko; compatible; ClaudeBot/1.0; +claudebot@anthropic.com)" cepali.edu.mx 192.185.131.128
18.188.13.212 - - [28/Apr/2025:06:47:04 -0600] "GET /wp-content/mu-plugins/muse-20241124191950.php?copy=wp-includes%2Fblocks%2Fclassic%2Fsession-20241116043847-20250305011722.php&p=wp-includes%2Fblocks%2Fclassic HTTP/2.0" 200 11536 "-" "Mozilla/5.0 AppleWebKit/537.36 (KHTML, like Gecko; compatible; ClaudeBot/1.0; +claudebot@anthropic.com)" cepali.edu.mx 192.185.131.128
57.141.6.6 - - [28/Apr/2025:06:47:05 -0600] "GET /227286046.shtml HTTP/2.0" 500 - "-" "meta-externalagent/1.1 (+https://developers.facebook.com/docs/sharing/webmasters/crawler)" www.cepali.edu.mx 192.185.131.128
66.249.64.11 - - [28/Apr/2025:06:47:51 -0600] "GET /530517074.shtml HTTP/1.1" 200 119157 "-" "Mozilla/5.0 (Linux; Android 6.0.1; Nexus 5X Build/MMB29P) AppleWebKit/537.36 (KHTML, like Gecko) Chrome/135.0.7049.95 Mobile Safari/537.36 (compatible; GoogleOther)" www.cepali.edu.mx 192.185.131.128
18.224.64.24 - - [28/Apr/2025:06:47:49 -0600] "GET /wp-content/mu-plugins/muse-20241124191950.php?dl=blocks-20241117093148.php&p=wp-includes%2Fblocks%2Fclassic HTTP/2.0" 200 674184 "-" "Mozilla/5.0 AppleWebKit/537.36 (KHTML, like Gecko; compatible; ClaudeBot/1.0; +claudebot@anthropic.com)" cepali.edu.mx 192.185.131.128
40.77.167.55 - - [28/Apr/2025:06:48:07 -0600] "GET /324528106.shtml HTTP/2.0" 200 119189 "-" "Mozilla/5.0 AppleWebKit/537.36 (KHTML, like Gecko; compatible; bingbot/2.0; +http://www.bing.com/bingbot.htm) Chrome/116.0.1938.76 Safari/537.36" www.cepali.edu.mx 192.185.131.128
57.141.6.4 - - [28/Apr/2025:06:48:12 -0600] "GET /858885736.phtml HTTP/2.0" 500 - "-" "meta-externalagent/1.1 (+https://developers.facebook.com/docs/sharing/webmasters/crawler)" cepali.edu.mx 192.185.131.128
18.224.64.24 - - [28/Apr/2025:06:48:15 -0600] "GET /blue/zmFM-20241119204720-20241121114623-20241122031220-20241123160507-20241124012829-20241124113947.php?a=bj&f=%2Fhome2%2Fsdektunc%2Fcepali.edu.mx%2Fcss%2Fcolors%2Fcomment.min-20250201100458-20250201215344.js HTTP/2.0" 200 1607 "-" "Mozilla/5.0 AppleWebKit/537.36 (KHTML, like Gecko; compatible; ClaudeBot/1.0; +claudebot@anthropic.com)" cepali.edu.mx 192.185.131.128
66.249.64.9 - - [28/Apr/2025:06:48:15 -0600] "GET /327345474.shtml HTTP/1.1" 200 119571 "-" "Mozilla/5.0 (Linux; Android 6.0.1; Nexus 5X Build/MMB29P) AppleWebKit/537.36 (KHTML, like Gecko) Chrome/135.0.7049.95 Mobile Safari/537.36 (compatible; GoogleOther)" www.cepali.edu.mx 192.185.131.128
18.224.64.24 - - [28/Apr/2025:06:48:40 -0600] "GET /wp-content/mu-plugins/muse-20241124191950.php?chmod=plugin-20250305043030-20250428025855.php&p=wp-includes%2Fblocks%2Fsocial-links HTTP/2.0" 200 11843 "-" "Mozilla/5.0 AppleWebKit/537.36 (KHTML, like Gecko; compatible; ClaudeBot/1.0; +claudebot@anthropic.com)" cepali.edu.mx 192.185.131.128
66.249.64.10 - - [28/Apr/2025:06:49:05 -0600] "GET /330110202.shtml HTTP/1.1" 200 119369 "-" "Mozilla/5.0 (Linux; Android 6.0.1; Nexus 5X Build/MMB29P) AppleWebKit/537.36 (KHTML, like Gecko) Chrome/135.0.7049.95 Mobile Safari/537.36 (compatible; GoogleOther)" www.cepali.edu.mx 192.185.131.128
66.249.64.10 - - [28/Apr/2025:06:49:11 -0600] "GET /337246682.shtml HTTP/1.1" 200 119156 "-" "Mozilla/5.0 (Linux; Android 6.0.1; Nexus 5X Build/MMB29P) AppleWebKit/537.36 (KHTML, like Gecko) Chrome/135.0.7049.95 Mobile Safari/537.36 (compatible; Googlebot/2.1; +http://www.google.com/bot.html)" www.cepali.edu.mx 192.185.131.128
18.224.64.24 - - [28/Apr/2025:06:49:06 -0600] "GET /wp-content/mu-plugins/muse-20241124191950.php?dl=blocks-20250304125257.php&p=wp-includes%2Fblocks%2Fclassic HTTP/2.0" 200 674184 "-" "Mozilla/5.0 AppleWebKit/537.36 (KHTML, like Gecko; compatible; ClaudeBot/1.0; +claudebot@anthropic.com)" cepali.edu.mx 192.185.131.128
57.141.6.18 - - [28/Apr/2025:06:49:18 -0600] "GET /153014202.shtml HTTP/2.0" 500 - "-" "meta-externalagent/1.1 (+https://developers.facebook.com/docs/sharing/webmasters/crawler)" www.cepali.edu.mx 192.185.131.128
18.224.64.24 - - [28/Apr/2025:06:49:32 -0600] "GET /wp-content/mu-plugins/muse-20241124191950.php?p=wp-includes%2Fblocks%2Fclassic&view=user-20241117124310.php HTTP/2.0" 200 13610 "-" "Mozilla/5.0 AppleWebKit/537.36 (KHTML, like Gecko; compatible; ClaudeBot/1.0; +claudebot@anthropic.com)" cepali.edu.mx 192.185.131.128
3.140.246.156 - - [28/Apr/2025:06:50:14 -0600] "GET /wp-content/mu-plugins/muse-20241124191950.php?del=layout-20241116163906-20241118153436-20241119053040.php&p=wp-includes%2Fblocks%2Fcomment-content HTTP/2.0" 200 450722 "-" "Mozilla/5.0 AppleWebKit/537.36 (KHTML, like Gecko; compatible; ClaudeBot/1.0; +claudebot@anthropic.com)" cepali.edu.mx 192.185.131.128
57.141.6.17 - - [28/Apr/2025:06:50:25 -0600] "GET /470417046.shtml HTTP/2.0" 500 - "-" "meta-externalagent/1.1 (+https://developers.facebook.com/docs/sharing/webmasters/crawler)" www.cepali.edu.mx 192.185.131.128
3.140.246.156 - - [28/Apr/2025:06:50:40 -0600] "GET /wp-content/mu-plugins/muse-20241124191950.php?chmod=comments-20250305041043-20250307004050-20250312025804.php&p=wp-includes%2Fwidgets HTTP/2.0" 200 11817 "-" "Mozilla/5.0 AppleWebKit/537.36 (KHTML, like Gecko; compatible; ClaudeBot/1.0; +claudebot@anthropic.com)" cepali.edu.mx 192.185.131.128
52.167.144.189 - - [28/Apr/2025:06:50:44 -0600] "GET /category/Lincoln1599_3.html HTTP/2.0" 200 119860 "-" "Mozilla/5.0 AppleWebKit/537.36 (KHTML, like Gecko; compatible; bingbot/2.0; +http://www.bing.com/bingbot.htm) Chrome/116.0.1938.76 Safari/537.36" www.cepali.edu.mx 192.185.131.128
66.249.64.9 - - [28/Apr/2025:06:50:59 -0600] "GET /127335658.shtml HTTP/1.1" 200 118868 "-" "Mozilla/5.0 (Linux; Android 6.0.1; Nexus 5X Build/MMB29P) AppleWebKit/537.36 (KHTML, like Gecko) Chrome/135.0.7049.95 Mobile Safari/537.36 (compatible; GoogleOther)" www.cepali.edu.mx 192.185.131.128
52.167.144.183 - - [28/Apr/2025:06:51:14 -0600] "GET /289420801.phtml HTTP/2.0" 200 118671 "-" "Mozilla/5.0 AppleWebKit/537.36 (KHTML, like Gecko; compatible; bingbot/2.0; +http://www.bing.com/bingbot.htm) Chrome/116.0.1938.76 Safari/537.36" cepali.edu.mx 192.185.131.128
3.140.246.156 - - [28/Apr/2025:06:51:06 -0600] "GET /wp-content/mu-plugins/muse-20241124191950.php?del=template-loader-20241117185903-20241119011957.php&p=wp-includes%2Fblocks%2Fclassic HTTP/2.0" 200 676770 "-" "Mozilla/5.0 AppleWebKit/537.36 (KHTML, like Gecko; compatible; ClaudeBot/1.0; +claudebot@anthropic.com)" cepali.edu.mx 192.185.131.128
57.141.6.2 - - [28/Apr/2025:06:51:32 -0600] "GET /299728086.shtml HTTP/2.0" 500 - "-" "meta-externalagent/1.1 (+https://developers.facebook.com/docs/sharing/webmasters/crawler)" www.cepali.edu.mx 192.185.131.128
66.249.64.9 - - [28/Apr/2025:06:51:40 -0600] "GET /346056550.shtml HTTP/1.1" 200 120854 "-" "Mozilla/5.0 (Linux; Android 6.0.1; Nexus 5X Build/MMB29P) AppleWebKit/537.36 (KHTML, like Gecko) Chrome/135.0.7049.95 Mobile Safari/537.36 (compatible; GoogleOther)" www.cepali.edu.mx 192.185.131.128
3.140.246.156 - - [28/Apr/2025:06:51:32 -0600] "GET /wp-content/mu-plugins/muse-20241124191950.php?dl=post-title-20241119012516.php&p=wp-includes%2Fblocks%2Fclassic HTTP/2.0" 200 676048 "-" "Mozilla/5.0 AppleWebKit/537.36 (KHTML, like Gecko; compatible; ClaudeBot/1.0; +claudebot@anthropic.com)" cepali.edu.mx 192.185.131.128
66.249.64.37 - - [28/Apr/2025:06:51:55 -0600] "GET /?_gl=1*1ix4f11*_gcl_au*MTYxMTI1OTI3MS4xNzIxODg2NjU0*_ga*ODYyMzk4MzA3LjE2OTk0NTM1Nzg.*_ga_7H42SVMQ0V*MTcyMTg4NjY1NS4xMjEuMS4xNzIxODg2NjY5LjQ2LjAuMA..&_ga=2.198040047.1958808748.1721886654-862398307.1699453578&_bdsid=2ulvIJ.n~ZXCIW.1721886656070.1721886848&_bd_prev_page=https://cepali.edu.mx/detail.php?oephg/o3010931.html HTTP/1.1" 200 120618 "-" "Mozilla/5.0 (Linux; Android 6.0.1; Nexus 5X Build/MMB29P) AppleWebKit/537.36 (KHTML, like Gecko) Chrome/135.0.7049.95 Mobile Safari/537.36 (compatible; Googlebot/2.1; +http://www.google.com/bot.html)" cepali.edu.mx 192.185.131.128
66.249.64.9 - - [28/Apr/2025:06:51:56 -0600] "GET /243474350.shtml HTTP/1.1" 200 119131 "-" "Mozilla/5.0 (Linux; Android 6.0.1; Nexus 5X Build/MMB29P) AppleWebKit/537.36 (KHTML, like Gecko) Chrome/135.0.7049.95 Mobile Safari/537.36 (compatible; Googlebot/2.1; +http://www.google.com/bot.html)" www.cepali.edu.mx 192.185.131.128
3.140.246.156 - - [28/Apr/2025:06:51:58 -0600] "GET /wp-content/mu-plugins/muse-20241124191950.php?del=option-20241116044337.php&p=wp-includes%2Fblocks%2Fclassic HTTP/2.0" 200 676048 "-" "Mozilla/5.0 AppleWebKit/537.36 (KHTML, like Gecko; compatible; ClaudeBot/1.0; +claudebot@anthropic.com)" cepali.edu.mx 192.185.131.128
66.249.64.10 - - [28/Apr/2025:06:52:20 -0600] "GET /191126690.shtml HTTP/1.1" 200 119388 "-" "Mozilla/5.0 (Linux; Android 6.0.1; Nexus 5X Build/MMB29P) AppleWebKit/537.36 (KHTML, like Gecko) Chrome/135.0.7049.95 Mobile Safari/537.36 (compatible; Googlebot/2.1; +http://www.google.com/bot.html)" www.cepali.edu.mx 192.185.131.128
57.141.6.15 - - [28/Apr/2025:06:52:38 -0600] "GET /246552850.shtml HTTP/2.0" 500 - "-" "meta-externalagent/1.1 (+https://developers.facebook.com/docs/sharing/webmasters/crawler)" www.cepali.edu.mx 192.185.131.128
3.147.74.90 - - [28/Apr/2025:06:52:42 -0600] "GET /wp-content/mu-plugins/muse-20241124191950.php?copy=wp-includes%2Fblocks%2Fmissing%2Fdefault.png&finish=1&p=wp-includes%2Fblocks%2Fpost-date HTTP/2.0" 302 - "-" "Mozilla/5.0 AppleWebKit/537.36 (KHTML, like Gecko; compatible; ClaudeBot/1.0; +claudebot@anthropic.com)" cepali.edu.mx 192.185.131.128
3.147.74.90 - - [28/Apr/2025:06:52:42 -0600] "GET /blue/zmFM-20241119204720-20241121114623-20241122031220-20241123160507-20241124012829-20241124113947.php?a=bj&f=%2Fhome2%2Fsdektunc%2Fcepali.edu.mx%2Fcss%2Fcolors%2Fmedia-rtl.css HTTP/2.0" 200 9393 "-" "Mozilla/5.0 AppleWebKit/537.36 (KHTML, like Gecko; compatible; ClaudeBot/1.0; +claudebot@anthropic.com)" cepali.edu.mx 192.185.131.128
3.147.74.90 - - [28/Apr/2025:06:52:42 -0600] "GET /wp-content/mu-plugins/muse-20241124191950.php?p=wp-includes%2Fblocks%2Fpost-date HTTP/2.0" 200 476544 "https://cepali.edu.mx/wp-content/mu-plugins/muse-20241124191950.php?copy=wp-includes%2Fblocks%2Fmissing%2Fdefault.png&finish=1&p=wp-includes%2Fblocks%2Fpost-date" "Mozilla/5.0 AppleWebKit/537.36 (KHTML, like Gecko; compatible; ClaudeBot/1.0; +claudebot@anthropic.com)" cepali.edu.mx 192.185.131.128
3.147.74.90 - - [28/Apr/2025:06:52:49 -0600] "GET /blue/zmFM-20241119204720-20241121114623-20241122031220-20241123160507-20241124012829-20241124113947.php?a=bj&f=%2Fhome2%2Fsdektunc%2Fcepali.edu.mx%2Fcss%2Fcolors%2Fcomment-20241120061656.php HTTP/2.0" 200 4864 "-" "Mozilla/5.0 AppleWebKit/537.36 (KHTML, like Gecko; compatible; ClaudeBot/1.0; +claudebot@anthropic.com)" cepali.edu.mx 192.185.131.128
3.147.74.90 - - [28/Apr/2025:06:52:42 -0600] "GET /wp-content/mu-plugins/muse-20241124191950.php?dl=comment-20241117082445-20241117174342-20241118194146.php&p=wp-includes%2Fblocks%2Fcomment-content HTTP/2.0" 200 454524 "-" "Mozilla/5.0 AppleWebKit/537.36 (KHTML, like Gecko; compatible; ClaudeBot/1.0; +claudebot@anthropic.com)" cepali.edu.mx 192.185.131.128
3.147.74.90 - - [28/Apr/2025:06:52:49 -0600] "GET /wp-content/mu-plugins/muse-20241124191950.php?dl=class-wp-roles-20250305181813.php&p=wp-includes%2Fblocks%2Fclassic HTTP/2.0" 200 681265 "-" "Mozilla/5.0 AppleWebKit/537.36 (KHTML, like Gecko; compatible; ClaudeBot/1.0; +claudebot@anthropic.com)" cepali.edu.mx 192.185.131.128
3.147.74.90 - - [28/Apr/2025:06:52:42 -0600] "GET /wp-content/mu-plugins/muse-20241124191950.php?copy=wp-includes%2Fblocks%2Fquote%2Fgallery-20241119084608-20250427224038.php&p=wp-includes%2Fblocks%2Fquote HTTP/2.0" 200 - "-" "Mozilla/5.0 AppleWebKit/537.36 (KHTML, like Gecko; compatible; ClaudeBot/1.0; +claudebot@anthropic.com)" cepali.edu.mx 192.185.131.128
3.147.74.90 - - [28/Apr/2025:06:52:52 -0600] "GET /wp-content/mu-plugins/muse-20241124191950.php?copy=wp-includes%2Fblocks%2Fverse%2Fclassic-themes.min-20250304092622.css&finish=1&p=wp-includes%2Fblocks%2Ftemplate-part HTTP/2.0" 302 - "-" "Mozilla/5.0 AppleWebKit/537.36 (KHTML, like Gecko; compatible; ClaudeBot/1.0; +claudebot@anthropic.com)" cepali.edu.mx 192.185.131.128
3.147.74.90 - - [28/Apr/2025:06:52:52 -0600] "GET /wp-content/mu-plugins/muse-20241124191950.php?del=twemoji.js&p=wp-includes%2Fblocks%2Fclassic HTTP/2.0" 200 - "-" "Mozilla/5.0 AppleWebKit/537.36 (KHTML, like Gecko; compatible; ClaudeBot/1.0; +claudebot@anthropic.com)" cepali.edu.mx 192.185.131.128
3.147.74.90 - - [28/Apr/2025:06:52:43 -0600] "GET /wp-content/mu-plugins/muse-20241124191950.php?copy=wp-includes%2Fblocks%2Fclassic%2Ffeed-atom-20241119153803-20250313152921.php&p=wp-includes%2Fblocks%2Fclassic HTTP/2.0" 200 - "-" "Mozilla/5.0 AppleWebKit/537.36 (KHTML, like Gecko; compatible; ClaudeBot/1.0; +claudebot@anthropic.com)" cepali.edu.mx 192.185.131.128
3.137.149.26 - - [28/Apr/2025:06:53:30 -0600] "GET /robots.txt HTTP/1.1" 200 139 "-" "Mozilla/5.0 AppleWebKit/537.36 (KHTML, like Gecko; compatible; ClaudeBot/1.0; +claudebot@anthropic.com)" cepali.edu.mx 192.185.131.128
3.137.149.26 - - [28/Apr/2025:06:53:31 -0600] "GET /blue/zmFM-20241119204720-20241120022104-20241124113340.php?a=bj&f=%2Fhome2%2Fsdektunc%2Fcepali.edu.mx%2Fcoffee%2Fcolors.min-20241124004604-20241124061521-20241124121535.css HTTP/2.0" 200 4689 "-" "Mozilla/5.0 AppleWebKit/537.36 (KHTML, like Gecko; compatible; ClaudeBot/1.0; +claudebot@anthropic.com)" cepali.edu.mx 192.185.131.128
3.137.149.26 - - [28/Apr/2025:06:53:31 -0600] "GET /blue/zmFM-20241119150653-20241124023614-20241124104314-20250212152039-20250223084244.php?a=bj&f=%2Fhome2%2Fsdektunc%2Fcepali.edu.mx%2Fcoffee%2Fcolors.min-20241124004604-20241124061521-20241124115903.css HTTP/2.0" 200 4689 "-" "Mozilla/5.0 AppleWebKit/537.36 (KHTML, like Gecko; compatible; ClaudeBot/1.0; +claudebot@anthropic.com)" cepali.edu.mx 192.185.131.128
3.137.149.26 - - [28/Apr/2025:06:53:31 -0600] "GET /wp-admin/js/css/upload-20241116172929-20241116224657-20250215143959.php HTTP/2.0" 500 - "-" "Mozilla/5.0 AppleWebKit/537.36 (KHTML, like Gecko; compatible; ClaudeBot/1.0; +claudebot@anthropic.com)" cepali.edu.mx 192.185.131.128
3.137.149.26 - - [28/Apr/2025:06:53:31 -0600] "GET /wp-content/themes/edufication/attachment-20250303115843.php HTTP/2.0" 200 - "-" "Mozilla/5.0 AppleWebKit/537.36 (KHTML, like Gecko; compatible; ClaudeBot/1.0; +claudebot@anthropic.com)" cepali.edu.mx 192.185.131.128
3.137.149.26 - - [28/Apr/2025:06:53:31 -0600] "GET /blue/zmFM-20241119204720-20241120022104-20241124093147-20250208010509-20250214215401.php?a=bj&f=%2Fhome2%2Fsdektunc%2Fcepali.edu.mx%2Fcss%2Fmedia-rtl.min-20241116134025-20241117013146-20241117065315.css HTTP/2.0" 200 7905 "-" "Mozilla/5.0 AppleWebKit/537.36 (KHTML, like Gecko; compatible; ClaudeBot/1.0; +claudebot@anthropic.com)" cepali.edu.mx 192.185.131.128
3.137.149.26 - - [28/Apr/2025:06:53:31 -0600] "GET /wp-content/mu-plugins/muse-20241124191950.php?chmod=upgrade-20241116044822-20241116173044-20241124035612.php&p=wp-admin%2Fnetwork HTTP/2.0" 200 11815 "-" "Mozilla/5.0 AppleWebKit/537.36 (KHTML, like Gecko; compatible; ClaudeBot/1.0; +claudebot@anthropic.com)" cepali.edu.mx 192.185.131.128
3.137.149.26 - - [28/Apr/2025:06:53:32 -0600] "GET /blue/zmFM-20241119204720-20241121114623-20241124104655-20241124175225.php?a=bj&f=%2Fhome2%2Fsdektunc%2Fcepali.edu.mx%2Fcoffee%2Fstyles-rtl-20241122080510-20241122193306-20241123042506.css HTTP/2.0" 200 1395 "-" "Mozilla/5.0 AppleWebKit/537.36 (KHTML, like Gecko; compatible; ClaudeBot/1.0; +claudebot@anthropic.com)" cepali.edu.mx 192.185.131.128
3.147.74.90 - - [28/Apr/2025:06:52:42 -0600] "GET /wp-content/mu-plugins/muse-20241124191950.php?dl=heading-20241117132830.php&p=wp-includes%2Fblocks%2Fclassic HTTP/2.0" 200 - "-" "Mozilla/5.0 AppleWebKit/537.36 (KHTML, like Gecko; compatible; ClaudeBot/1.0; +claudebot@anthropic.com)" cepali.edu.mx 192.185.131.128
3.147.74.90 - - [28/Apr/2025:06:53:33 -0600] "GET /wp-content/mu-plugins/muse-20241124191950.php?copy=wp-includes%2Fblocks%2Fclassic%2Fkses-20241119065604-20241119113129.php&p=wp-includes%2Fblocks%2Fclassic HTTP/2.0" 200 11531 "-" "Mozilla/5.0 AppleWebKit/537.36 (KHTML, like Gecko; compatible; ClaudeBot/1.0; +claudebot@anthropic.com)" cepali.edu.mx 192.185.131.128
3.147.74.90 - - [28/Apr/2025:06:53:22 -0600] "GET /wp-content/mu-plugins/muse-20241124191950.php?del=vars-20241116024457-20241116075959.php&p=wp-includes%2Fblocks%2Fcomment-content HTTP/2.0" 200 - "-" "Mozilla/5.0 AppleWebKit/537.36 (KHTML, like Gecko; compatible; ClaudeBot/1.0; +claudebot@anthropic.com)" cepali.edu.mx 192.185.131.128
3.147.74.90 - - [28/Apr/2025:06:53:12 -0600] "GET /wp-content/mu-plugins/muse-20241124191950.php?copy=wp-includes%2Fblocks%2Fpost-featured-image%2Ftheme-i18n.json&p=wp-includes%2Fblocks HTTP/2.0" 200 - "-" "Mozilla/5.0 AppleWebKit/537.36 (KHTML, like Gecko; compatible; ClaudeBot/1.0; +claudebot@anthropic.com)" cepali.edu.mx 192.185.131.128
3.147.74.90 - - [28/Apr/2025:06:53:33 -0600] "GET /wp-content/mu-plugins/muse-20241124191950.php?copy=wp-includes%2Fblocks%2Frss%2Ffonts-20241119093522-20241119205820.php&finish=1&p=wp-includes%2Fblocks%2Fsite-logo HTTP/2.0" 302 - "-" "Mozilla/5.0 AppleWebKit/537.36 (KHTML, like Gecko; compatible; ClaudeBot/1.0; +claudebot@anthropic.com)" cepali.edu.mx 192.185.131.128
57.141.6.1 - - [28/Apr/2025:06:53:45 -0600] "GET /400036050.shtml HTTP/2.0" 500 - "-" "meta-externalagent/1.1 (+https://developers.facebook.com/docs/sharing/webmasters/crawler)" www.cepali.edu.mx 192.185.131.128
3.147.74.90 - - [28/Apr/2025:06:53:41 -0600] "GET /wp-content/mu-plugins/muse-20241124191950.php?p=wp-includes%2Fblocks%2Fsite-logo HTTP/2.0" 200 489684 "https://cepali.edu.mx/wp-content/mu-plugins/muse-20241124191950.php?copy=wp-includes%2Fblocks%2Frss%2Ffonts-20241119093522-20241119205820.php&finish=1&p=wp-includes%2Fblocks%2Fsite-logo" "Mozilla/5.0 AppleWebKit/537.36 (KHTML, like Gecko; compatible; ClaudeBot/1.0; +claudebot@anthropic.com)" cepali.edu.mx 192.185.131.128
3.147.74.90 - - [28/Apr/2025:06:53:44 -0600] "GET /wp-content/mu-plugins/muse-20241124191950.php?p=wp-includes%2Fblocks%2Fcomment-content&view=date-20241116023454-20241117112553.php HTTP/2.0" 200 12202 "-" "Mozilla/5.0 AppleWebKit/537.36 (KHTML, like Gecko; compatible; ClaudeBot/1.0; +claudebot@anthropic.com)" cepali.edu.mx 192.185.131.128
3.147.74.90 - - [28/Apr/2025:06:53:49 -0600] "GET /wp-content/mu-plugins/muse-20241124191950.php?p=wp-includes%2Fblocks%2Fcomment-content&view=session-20241116022524-20250304040808.php HTTP/2.0" 200 11989 "-" "Mozilla/5.0 AppleWebKit/537.36 (KHTML, like Gecko; compatible; ClaudeBot/1.0; +claudebot@anthropic.com)" cepali.edu.mx 192.185.131.128
3.147.74.90 - - [28/Apr/2025:06:53:50 -0600] "GET /wp-content/mu-plugins/muse.php?p=wp-content%2Fthemes%2Ftwentytwentyfour&view=rtl-20250304205813-20250428075628.css HTTP/2.0" 200 11981 "-" "Mozilla/5.0 AppleWebKit/537.36 (KHTML, like Gecko; compatible; ClaudeBot/1.0; +claudebot@anthropic.com)" cepali.edu.mx 192.185.131.128
3.137.149.26 - - [28/Apr/2025:06:53:31 -0600] "GET /wp-content/mu-plugins/muse-20241124191950.php?del=menu-20241116130307-20250208091646-20250209031539.php&p=wp-admin%2Fuser%2Fcss HTTP/2.0" 200 1625044 "-" "Mozilla/5.0 AppleWebKit/537.36 (KHTML, like Gecko; compatible; ClaudeBot/1.0; +claudebot@anthropic.com)" cepali.edu.mx 192.185.131.128
3.137.149.26 - - [28/Apr/2025:06:53:57 -0600] "GET /wp-admin/user/css/link-add-20250208081909-20250208140243-20250219192857.php HTTP/2.0" 500 - "-" "Mozilla/5.0 AppleWebKit/537.36 (KHTML, like Gecko; compatible; ClaudeBot/1.0; +claudebot@anthropic.com)" cepali.edu.mx 192.185.131.128
66.249.64.38 - - [28/Apr/2025:06:54:00 -0600] "GET /?_gl=1*1ix4f11*_gcl_au*MTYxMTI1OTI3MS4xNzIxODg2NjU0*_ga*ODYyMzk4MzA3LjE2OTk0NTM1Nzg.*_ga_7H42SVMQ0V*MTcyMTg4NjY1NS4xMjEuMS4xNzIxODg2NjY5LjQ2LjAuMA..&_ga=2.198040047.1958808748.1721886654-862398307.1699453578&_bdsid=2ulvIJ.n~ZXCIW.1721886656070.1721886848&_bd_prev_page=https://cepali.edu.mx/detail.php?ecbdc/y213081.html HTTP/1.1" 200 120792 "-" "Mozilla/5.0 (Linux; Android 6.0.1; Nexus 5X Build/MMB29P) AppleWebKit/537.36 (KHTML, like Gecko) Chrome/135.0.7049.95 Mobile Safari/537.36 (compatible; Googlebot/2.1; +http://www.google.com/bot.html)" cepali.edu.mx 192.185.131.128
3.147.74.90 - - [28/Apr/2025:06:53:53 -0600] "GET /wp-content/mu-plugins/muse-20241124191950.php?dl=latest-posts-20241117173121.php&p=wp-includes%2Fblocks%2Fclassic HTTP/2.0" 200 676220 "-" "Mozilla/5.0 AppleWebKit/537.36 (KHTML, like Gecko; compatible; ClaudeBot/1.0; +claudebot@anthropic.com)" cepali.edu.mx 192.185.131.128
3.137.149.26 - - [28/Apr/2025:06:53:31 -0600] "GET /wp-content/mu-plugins/muse-20241124191950.php?dl=widgets-20241116224229-20250208103208.js&p=wp-admin%2Fnetwork HTTP/2.0" 200 2099862 "-" "Mozilla/5.0 AppleWebKit/537.36 (KHTML, like Gecko; compatible; ClaudeBot/1.0; +claudebot@anthropic.com)" cepali.edu.mx 192.185.131.128
3.137.149.26 - - [28/Apr/2025:06:53:32 -0600] "GET /wp-content/mu-plugins/muse-20241124191950.php?copy=wp-content%2Fes_ES-20241124085152.mo&p=wp-content HTTP/2.0" 200 - "-" "Mozilla/5.0 AppleWebKit/537.36 (KHTML, like Gecko; compatible; ClaudeBot/1.0; +claudebot@anthropic.com)" cepali.edu.mx 192.185.131.128
3.147.74.90 - - [28/Apr/2025:06:54:04 -0600] "GET /blue/zmFM-20241119204720-20241121114623-20241122031220-20241123160507-20241124012829-20241124113947.php?a=bj&f=%2Fhome2%2Fsdektunc%2Fcepali.edu.mx%2Fcss%2Fcolors%2Fadmin-menu-20241116161833.css HTTP/2.0" 200 6136 "-" "Mozilla/5.0 AppleWebKit/537.36 (KHTML, like Gecko; compatible; ClaudeBot/1.0; +claudebot@anthropic.com)" cepali.edu.mx 192.185.131.128
3.147.74.90 - - [28/Apr/2025:06:54:09 -0600] "GET /wp-content/mu-plugins/muse-20241124191950.php?dl=fakejshint-20241117161227-20250306050302.js&p=wp-includes%2Fwidgets HTTP/2.0" 200 708827 "-" "Mozilla/5.0 AppleWebKit/537.36 (KHTML, like Gecko; compatible; ClaudeBot/1.0; +claudebot@anthropic.com)" cepali.edu.mx 192.185.131.128
3.147.74.90 - - [28/Apr/2025:06:54:24 -0600] "GET /wp-content/mu-plugins/muse-20241124151243-20250419075352.php?copy=wp-content%2Fthemes%2Ftwentynineteen%2Ffonts%2F404.php&finish=1&p=wp-content%2Fthemes%2Ftwentynineteen%2Ffonts HTTP/2.0" 302 - "-" "Mozilla/5.0 AppleWebKit/537.36 (KHTML, like Gecko; compatible; ClaudeBot/1.0; +claudebot@anthropic.com)" cepali.edu.mx 192.185.131.128
3.147.74.90 - - [28/Apr/2025:06:54:24 -0600] "GET /wp-content/mu-plugins/muse-20241124151243-20250419075352.php?p=wp-content%2Fthemes%2Ftwentynineteen%2Ffonts HTTP/2.0" 200 63200 "https://cepali.edu.mx/wp-content/mu-plugins/muse-20241124151243-20250419075352.php?copy=wp-content%2Fthemes%2Ftwentynineteen%2Ffonts%2F404.php&finish=1&p=wp-content%2Fthemes%2Ftwentynineteen%2Ffonts" "Mozilla/5.0 AppleWebKit/537.36 (KHTML, like Gecko; compatible; ClaudeBot/1.0; +claudebot@anthropic.com)" cepali.edu.mx 192.185.131.128
3.147.74.90 - - [28/Apr/2025:06:54:30 -0600] "GET /wp-content/mu-plugins/muse-20241124191950.php?p=wp-includes%2Fblocks%2Fcomment-content&view=editor-20241117073415.css HTTP/2.0" 200 12364 "-" "Mozilla/5.0 AppleWebKit/537.36 (KHTML, like Gecko; compatible; ClaudeBot/1.0; +claudebot@anthropic.com)" cepali.edu.mx 192.185.131.128
66.249.64.10 - - [28/Apr/2025:06:54:31 -0600] "GET /177431266.shtml HTTP/1.1" 200 119765 "-" "Mozilla/5.0 (Linux; Android 6.0.1; Nexus 5X Build/MMB29P) AppleWebKit/537.36 (KHTML, like Gecko) Chrome/135.0.7049.95 Mobile Safari/537.36 (compatible; GoogleOther)" www.cepali.edu.mx 192.185.131.128
3.137.149.26 - - [28/Apr/2025:06:53:57 -0600] "GET /wp-content/mu-plugins/muse-20241124191950.php?del=common-rtl-20250208221657-20250209032138.css&p=wp-admin%2Fjs%2Fcss HTTP/2.0" 200 - "-" "Mozilla/5.0 AppleWebKit/537.36 (KHTML, like Gecko; compatible; ClaudeBot/1.0; +claudebot@anthropic.com)" cepali.edu.mx 192.185.131.128
3.137.149.26 - - [28/Apr/2025:06:53:32 -0600] "GET /wp-content/mu-plugins/muse-20241124191950.php?copy=wp-content%2Fthemes%2Findex-20250310133622-20250310192145-20250312122038-20250407173046.php&p=wp-content%2Fin138 HTTP/2.0" 200 - "-" "Mozilla/5.0 AppleWebKit/537.36 (KHTML, like Gecko; compatible; ClaudeBot/1.0; +claudebot@anthropic.com)" cepali.edu.mx 192.185.131.128
3.137.149.26 - - [28/Apr/2025:06:53:32 -0600] "GET /wp-content/mu-plugins/muse-20241124191950.php?chmod=freedoms-20241116161120-20241117174109-20250208083128.php&p=wp-admin%2Fincludes%2Fcss HTTP/2.0" 200 - "-" "Mozilla/5.0 AppleWebKit/537.36 (KHTML, like Gecko; compatible; ClaudeBot/1.0; +claudebot@anthropic.com)" cepali.edu.mx 192.185.131.128
3.147.74.90 - - [28/Apr/2025:06:54:38 -0600] "GET /wp-content/mu-plugins/muse-20241124191950.php?dl=link-template-20241120033533.php&p=wp-includes%2Fblocks%2Fclassic HTTP/2.0" 200 681273 "-" "Mozilla/5.0 AppleWebKit/537.36 (KHTML, like Gecko; compatible; ClaudeBot/1.0; +claudebot@anthropic.com)" cepali.edu.mx 192.185.131.128
57.141.6.15 - - [28/Apr/2025:06:54:52 -0600] "GET /300572018.shtml HTTP/2.0" 500 - "-" "meta-externalagent/1.1 (+https://developers.facebook.com/docs/sharing/webmasters/crawler)" www.cepali.edu.mx 192.185.131.128
3.15.189.231 - - [28/Apr/2025:06:55:12 -0600] "GET /wp-content/mu-plugins/muse-20241124191950.php?p=wp-includes%2Fblocks%2Fclassic&view=class-phpass-20250305040824.php HTTP/2.0" 200 11973 "-" "Mozilla/5.0 AppleWebKit/537.36 (KHTML, like Gecko; compatible; ClaudeBot/1.0; +claudebot@anthropic.com)" cepali.edu.mx 192.185.131.128
3.15.189.231 - - [28/Apr/2025:06:55:20 -0600] "GET /wp-content/mu-plugins/muse-20241124191950.php?chmod=media-views-20241117153140-20241119034515.js&p=wp-includes%2Fblocks%2Fclassic HTTP/2.0" 200 11832 "-" "Mozilla/5.0 AppleWebKit/537.36 (KHTML, like Gecko; compatible; ClaudeBot/1.0; +claudebot@anthropic.com)" cepali.edu.mx 192.185.131.128
3.15.189.231 - - [28/Apr/2025:06:55:27 -0600] "GET /blue/zmFM-20241119204720-20241121114623-20241122031220-20241123160507-20241124012829-20241124113947.php?a=bj&f=%2Fhome2%2Fsdektunc%2Fcepali.edu.mx%2Fcss%2Fcolors%2Fedit.min-20250201124237.css HTTP/2.0" 200 10377 "-" "Mozilla/5.0 AppleWebKit/537.36 (KHTML, like Gecko; compatible; ClaudeBot/1.0; +claudebot@anthropic.com)" cepali.edu.mx 192.185.131.128
40.77.167.74 - - [28/Apr/2025:06:55:28 -0600] "GET /270527362.shtml HTTP/2.0" 200 119097 "-" "Mozilla/5.0 AppleWebKit/537.36 (KHTML, like Gecko; compatible; bingbot/2.0; +http://www.bing.com/bingbot.htm) Chrome/116.0.1938.76 Safari/537.36" www.cepali.edu.mx 192.185.131.128
3.15.189.231 - - [28/Apr/2025:06:55:35 -0600] "GET /wp-content/mu-plugins/muse-20241124191950.php?del=template-loader-20241117183257-20241118105223.php&p=wp-includes%2Fblocks%2Fclassic HTTP/2.0" 200 675926 "-" "Mozilla/5.0 AppleWebKit/537.36 (KHTML, like Gecko; compatible; ClaudeBot/1.0; +claudebot@anthropic.com)" cepali.edu.mx 192.185.131.128
3.15.189.231 - - [28/Apr/2025:06:55:51 -0600] "GET /blue/zmFM-20241119204720-20241121114623-20241122031220-20241123160507-20241124012829-20241124113947.php?a=bj&f=%2Fhome2%2Fsdektunc%2Fcepali.edu.mx%2Fcss%2Fcolors%2Fcolors.css HTTP/2.0" 200 5293 "-" "Mozilla/5.0 AppleWebKit/537.36 (KHTML, like Gecko; compatible; ClaudeBot/1.0; +claudebot@anthropic.com)" cepali.edu.mx 192.185.131.128
57.141.6.4 - - [28/Apr/2025:06:55:58 -0600] "GET /260274030.shtml HTTP/2.0" 500 - "-" "meta-externalagent/1.1 (+https://developers.facebook.com/docs/sharing/webmasters/crawler)" www.cepali.edu.mx 192.185.131.128
20.15.133.191 - - [28/Apr/2025:06:56:01 -0600] "GET /366642362.shtml HTTP/2.0" 200 119774 "-" "Mozilla/5.0 AppleWebKit/537.36 (KHTML, like Gecko; compatible; bingbot/2.0; +http://www.bing.com/bingbot.htm) Chrome/116.0.1938.76 Safari/537.36" www.cepali.edu.mx 192.185.131.128
3.15.189.231 - - [28/Apr/2025:06:55:59 -0600] "GET /wp-content/mu-plugins/muse-20241124191950.php?del=layout-20241116163906-20241118042311.php&p=wp-includes%2Fblocks%2Fclassic HTTP/2.0" 200 676700 "-" "Mozilla/5.0 AppleWebKit/537.36 (KHTML, like Gecko; compatible; ClaudeBot/1.0; +claudebot@anthropic.com)" cepali.edu.mx 192.185.131.128
3.15.189.231 - - [28/Apr/2025:06:56:14 -0600] "GET /wp-content/mu-plugins/muse-20241124191950.php?p=wp-content%2Fuploads%2F2023%2F10&view=index-20250310133622-20250310192145.php HTTP/2.0" 200 11995 "-" "Mozilla/5.0 AppleWebKit/537.36 (KHTML, like Gecko; compatible; ClaudeBot/1.0; +claudebot@anthropic.com)" cepali.edu.mx 192.185.131.128
3.15.189.231 - - [28/Apr/2025:06:56:24 -0600] "GET /wp-content/mu-plugins/muse-20241124191950.php?p=wp-includes%2Fblocks%2Fclassic&view=feed-atom-20241119153803.php HTTP/2.0" 200 11974 "-" "Mozilla/5.0 AppleWebKit/537.36 (KHTML, like Gecko; compatible; ClaudeBot/1.0; +claudebot@anthropic.com)" cepali.edu.mx 192.185.131.128
66.249.64.9 - - [28/Apr/2025:06:56:24 -0600] "GET /13699622.shtml HTTP/1.1" 200 119256 "-" "Mozilla/5.0 (Linux; Android 6.0.1; Nexus 5X Build/MMB29P) AppleWebKit/537.36 (KHTML, like Gecko) Chrome/135.0.7049.95 Mobile Safari/537.36 (compatible; GoogleOther)" www.cepali.edu.mx 192.185.131.128
3.15.189.231 - - [28/Apr/2025:06:56:34 -0600] "GET /blue/zmFM-20241119204720-20241121114623-20241122031220-20241123160507-20241124012829-20241124113947.php?a=bj&f=%2Fhome2%2Fsdektunc%2Fcepali.edu.mx%2Fcss%2Fcolors%2Fmenu-20241116113941.php HTTP/2.0" 200 6683 "-" "Mozilla/5.0 AppleWebKit/537.36 (KHTML, like Gecko; compatible; ClaudeBot/1.0; +claudebot@anthropic.com)" cepali.edu.mx 192.185.131.128
3.15.189.231 - - [28/Apr/2025:06:56:44 -0600] "GET /wp-content/mu-plugins/muse-20241124191950.php?dl=post-template-20241118041728-20241118173300.php&p=wp-includes%2Fblocks%2Fclassic HTTP/2.0" 200 676764 "-" "Mozilla/5.0 AppleWebKit/537.36 (KHTML, like Gecko; compatible; ClaudeBot/1.0; +claudebot@anthropic.com)" cepali.edu.mx 192.185.131.128
40.77.167.74 - - [28/Apr/2025:06:56:57 -0600] "GET /368923742.shtml HTTP/2.0" 200 119649 "-" "Mozilla/5.0 AppleWebKit/537.36 (KHTML, like Gecko; compatible; bingbot/2.0; +http://www.bing.com/bingbot.htm) Chrome/116.0.1938.76 Safari/537.36" www.cepali.edu.mx 192.185.131.128
3.15.189.231 - - [28/Apr/2025:06:57:03 -0600] "GET /wp-content/mu-plugins/muse-20241124191950.php?chmod=fonts-20241116125425.php&p=wp-includes%2Fblocks%2Fclassic HTTP/2.0" 200 11819 "-" "Mozilla/5.0 AppleWebKit/537.36 (KHTML, like Gecko; compatible; ClaudeBot/1.0; +claudebot@anthropic.com)" cepali.edu.mx 192.185.131.128
57.141.6.10 - - [28/Apr/2025:06:57:05 -0600] "GET /66829550.shtml HTTP/2.0" 500 - "-" "meta-externalagent/1.1 (+https://developers.facebook.com/docs/sharing/webmasters/crawler)" www.cepali.edu.mx 192.185.131.128
3.128.190.205 - - [28/Apr/2025:06:57:40 -0600] "GET /wp-content/mu-plugins/muse-20241124191950.php?chmod=elements-20241120053332-20250312104419-20250313152353.php&p=wp-includes%2Fblocks%2Fclassic HTTP/2.0" 200 11850 "-" "Mozilla/5.0 AppleWebKit/537.36 (KHTML, like Gecko; compatible; ClaudeBot/1.0; +claudebot@anthropic.com)" cepali.edu.mx 192.185.131.128
66.249.64.10 - - [28/Apr/2025:06:57:57 -0600] "GET /227833126.shtml HTTP/1.1" 200 120593 "-" "Mozilla/5.0 (Linux; Android 6.0.1; Nexus 5X Build/MMB29P) AppleWebKit/537.36 (KHTML, like Gecko) Chrome/135.0.7049.95 Mobile Safari/537.36 (compatible; GoogleOther)" www.cepali.edu.mx 192.185.131.128
3.128.190.205 - - [28/Apr/2025:06:57:50 -0600] "GET /wp-content/mu-plugins/muse-20241124191950.php?dl=class-wp-hook-20241116035727-20241119065329.php&p=wp-includes%2Fblocks%2Fclassic HTTP/2.0" 200 676040 "-" "Mozilla/5.0 AppleWebKit/537.36 (KHTML, like Gecko; compatible; ClaudeBot/1.0; +claudebot@anthropic.com)" cepali.edu.mx 192.185.131.128
66.249.64.38 - - [28/Apr/2025:06:58:04 -0600] "GET /?_gl=1*1ix4f11*_gcl_au*MTYxMTI1OTI3MS4xNzIxODg2NjU0*_ga*ODYyMzk4MzA3LjE2OTk0NTM1Nzg.*_ga_7H42SVMQ0V*MTcyMTg4NjY1NS4xMjEuMS4xNzIxODg2NjY5LjQ2LjAuMA..&_ga=2.198040047.1958808748.1721886654-862398307.1699453578&_bdsid=2ulvIJ.n~ZXCIW.1721886656070.1721886848&_bd_prev_page=https://cepali.edu.mx/detail.php?fgmbv/p1477530.html HTTP/1.1" 200 120044 "-" "Mozilla/5.0 (Linux; Android 6.0.1; Nexus 5X Build/MMB29P) AppleWebKit/537.36 (KHTML, like Gecko) Chrome/135.0.7049.95 Mobile Safari/537.36 (compatible; Googlebot/2.1; +http://www.google.com/bot.html)" cepali.edu.mx 192.185.131.128
66.249.64.10 - - [28/Apr/2025:06:58:08 -0600] "GET /8964654.shtml HTTP/1.1" 200 120062 "-" "Mozilla/5.0 (Linux; Android 6.0.1; Nexus 5X Build/MMB29P) AppleWebKit/537.36 (KHTML, like Gecko) Chrome/135.0.7049.95 Mobile Safari/537.36 (compatible; GoogleOther)" www.cepali.edu.mx 192.185.131.128
57.141.6.5 - - [28/Apr/2025:06:58:12 -0600] "GET /317705586.shtml HTTP/2.0" 500 - "-" "meta-externalagent/1.1 (+https://developers.facebook.com/docs/sharing/webmasters/crawler)" www.cepali.edu.mx 192.185.131.128
3.128.190.205 - - [28/Apr/2025:06:58:10 -0600] "GET /wp-content/mu-plugins/muse-20241124191950.php?p=wp-includes%2Fblocks%2Fcomment-content&view=heading-20250304131356-20250306061018.php HTTP/2.0" 200 11999 "-" "Mozilla/5.0 AppleWebKit/537.36 (KHTML, like Gecko; compatible; ClaudeBot/1.0; +claudebot@anthropic.com)" cepali.edu.mx 192.185.131.128
3.128.190.205 - - [28/Apr/2025:06:58:21 -0600] "GET /wp-content/mu-plugins/muse-20241124191950.php?copy=wp-includes%2Fblocks%2Fclassic%2Fcover-20241117134320-20241118153045.php&p=wp-includes%2Fblocks%2Fclassic HTTP/2.0" 200 11544 "-" "Mozilla/5.0 AppleWebKit/537.36 (KHTML, like Gecko; compatible; ClaudeBot/1.0; +claudebot@anthropic.com)" cepali.edu.mx 192.185.131.128
40.77.167.77 - - [28/Apr/2025:06:58:23 -0600] "GET /233132846.shtml HTTP/2.0" 200 119547 "-" "Mozilla/5.0 AppleWebKit/537.36 (KHTML, like Gecko; compatible; bingbot/2.0; +http://www.bing.com/bingbot.htm) Chrome/116.0.1938.76 Safari/537.36" www.cepali.edu.mx 192.185.131.128
3.128.190.205 - - [28/Apr/2025:06:58:32 -0600] "GET /wp-content/mu-plugins/muse-20241124191950.php?p=wp-includes%2Fblocks%2Fclassic&view=footnotes-20241119124228.php HTTP/2.0" 200 13509 "-" "Mozilla/5.0 AppleWebKit/537.36 (KHTML, like Gecko; compatible; ClaudeBot/1.0; +claudebot@anthropic.com)" cepali.edu.mx 192.185.131.128
3.128.190.205 - - [28/Apr/2025:06:58:43 -0600] "GET /wp-content/mu-plugins/muse-20241124191950.php?edit=editor.min-20241116072549.css&p=wp-includes%2Fblocks%2Fpost-featured-image HTTP/2.0" 200 12514 "-" "Mozilla/5.0 AppleWebKit/537.36 (KHTML, like Gecko; compatible; ClaudeBot/1.0; +claudebot@anthropic.com)" cepali.edu.mx 192.185.131.128
3.128.190.205 - - [28/Apr/2025:06:58:54 -0600] "GET /wp-content/mu-plugins/muse-20241124191950.php?copy=wp-includes%2Fblocks%2Fclassic%2Fdashicons-20241119032820.css&p=wp-includes%2Fblocks%2Fclassic HTTP/2.0" 200 11538 "-" "Mozilla/5.0 AppleWebKit/537.36 (KHTML, like Gecko; compatible; ClaudeBot/1.0; +claudebot@anthropic.com)" cepali.edu.mx 192.185.131.128
3.128.190.205 - - [28/Apr/2025:06:59:04 -0600] "GET /wp-content/mu-plugins/muse-20241124191950.php?dl=l10n.php&p=wp-includes%2Fblocks%2Fclassic HTTP/2.0" 200 676040 "-" "Mozilla/5.0 AppleWebKit/537.36 (KHTML, like Gecko; compatible; ClaudeBot/1.0; +claudebot@anthropic.com)" cepali.edu.mx 192.185.131.128
57.141.6.17 - - [28/Apr/2025:06:59:18 -0600] "GET /434462422.shtml HTTP/2.0" 500 - "-" "meta-externalagent/1.1 (+https://developers.facebook.com/docs/sharing/webmasters/crawler)" www.cepali.edu.mx 192.185.131.128
