66.249.64.9 - - [28/Apr/2025:06:28:54 -0600] "GET /184351734.shtml HTTP/1.1" 200 119283 "-" "Mozilla/5.0 (Linux; Android 6.0.1; Nexus 5X Build/MMB29P) AppleWebKit/537.36 (KHTML, like Gecko) Chrome/135.0.7049.95 Mobile Safari/537.36 (compatible; GoogleOther)" www.cepali.edu.mx 192.185.131.128
18.116.82.202 - - [28/Apr/2025:06:28:55 -0600] "GET /wp-content/mu-plugins/muse-20241124191950.php?copy=wp-includes%2Fblocks%2Fclassic%2Fshortcodes-20241118215319.php&p=wp-includes%2Fblocks%2Fclassic HTTP/2.0" 200 11531 "-" "Mozilla/5.0 AppleWebKit/537.36 (KHTML, like Gecko; compatible; ClaudeBot/1.0; +claudebot@anthropic.com)" cepali.edu.mx 192.185.131.128
18.116.82.202 - - [28/Apr/2025:06:28:58 -0600] "GET /wp-content/mu-plugins/muse-20241124191950.php?copy=wp-includes%2Fblocks%2Fmissing%2FMisc-20241117235420-20241124150100.php&finish=1&p=wp-includes%2Fblocks%2Flatest-comments HTTP/2.0" 302 - "-" "Mozilla/5.0 AppleWebKit/537.36 (KHTML, like Gecko; compatible; ClaudeBot/1.0; +claudebot@anthropic.com)" cepali.edu.mx 192.185.131.128
18.116.82.202 - - [28/Apr/2025:06:28:58 -0600] "GET /wp-content/mu-plugins/muse-20241124191950.php?p=wp-includes%2Fblocks%2Flatest-comments HTTP/2.0" 200 514483 "https://cepali.edu.mx/wp-content/mu-plugins/muse-20241124191950.php?copy=wp-includes%2Fblocks%2Fmissing%2FMisc-20241117235420-20241124150100.php&finish=1&p=wp-includes%2Fblocks%2Flatest-comments" "Mozilla/5.0 AppleWebKit/537.36 (KHTML, like Gecko; compatible; ClaudeBot/1.0; +claudebot@anthropic.com)" cepali.edu.mx 192.185.131.128
18.116.82.202 - - [28/Apr/2025:06:29:06 -0600] "GET /wp-content/mu-plugins/muse-20241124191950.php?copy=wp-includes%2Fblocks%2Fseparator%2Fpo-20241117124553-20250312093330.php&finish=1&p=wp-includes%2Fblocks%2Fhome-link HTTP/2.0" 302 - "-" "Mozilla/5.0 AppleWebKit/537.36 (KHTML, like Gecko; compatible; ClaudeBot/1.0; +claudebot@anthropic.com)" cepali.edu.mx 192.185.131.128
18.116.82.202 - - [28/Apr/2025:06:29:07 -0600] "GET /wp-content/mu-plugins/muse-20241124191950.php?p=wp-includes%2Fblocks%2Fhome-link HTTP/2.0" 200 470748 "https://cepali.edu.mx/wp-content/mu-plugins/muse-20241124191950.php?copy=wp-includes%2Fblocks%2Fseparator%2Fpo-20241117124553-20250312093330.php&finish=1&p=wp-includes%2Fblocks%2Fhome-link" "Mozilla/5.0 AppleWebKit/537.36 (KHTML, like Gecko; compatible; ClaudeBot/1.0; +claudebot@anthropic.com)" cepali.edu.mx 192.185.131.128
18.116.82.202 - - [28/Apr/2025:06:29:07 -0600] "GET /wp-content/mu-plugins/muse-20241124191950.php?chmod=Exception-20250305190919.php&p=wp-includes%2Fblocks%2Fclassic HTTP/2.0" 200 11823 "-" "Mozilla/5.0 AppleWebKit/537.36 (KHTML, like Gecko; compatible; ClaudeBot/1.0; +claudebot@anthropic.com)" cepali.edu.mx 192.185.131.128
18.116.82.202 - - [28/Apr/2025:06:29:13 -0600] "GET /wp-content/mu-plugins/muse-20241124191950.php?copy=wp-includes%2Fsitemaps%2Frss-20250306085641-20250311030724.php&p=wp-includes%2Fblocks%2Fquery-no-results HTTP/2.0" 200 11556 "-" "Mozilla/5.0 AppleWebKit/537.36 (KHTML, like Gecko; compatible; ClaudeBot/1.0; +claudebot@anthropic.com)" cepali.edu.mx 192.185.131.128
18.116.82.202 - - [28/Apr/2025:06:29:13 -0600] "GET /blue/zmFM-20241119150653-20241120002938-20241120041844-20241121134501-20250223084218.php?a=bj&f=%2Fhome2%2Fsdektunc%2Fcansahcab.gob.mx%2Fmedia%2Fcom_associations%2Fcss%2Fprofile.php HTTP/2.0" 200 43459 "-" "Mozilla/5.0 AppleWebKit/537.36 (KHTML, like Gecko; compatible; ClaudeBot/1.0; +claudebot@anthropic.com)" cepali.edu.mx 192.185.131.128
18.116.82.202 - - [28/Apr/2025:06:29:14 -0600] "GET /wp-content/mu-plugins/muse-20241124191950.php?p=wp-includes%2Fblocks%2Fclassic&view=customize-base.min-20250306043000.js HTTP/2.0" 200 11976 "-" "Mozilla/5.0 AppleWebKit/537.36 (KHTML, like Gecko; compatible; ClaudeBot/1.0; +claudebot@anthropic.com)" cepali.edu.mx 192.185.131.128
18.116.82.202 - - [28/Apr/2025:06:29:14 -0600] "GET /wp-content/mu-plugins/muse-20241124191950.php?copy=wp-includes%2Fblocks%2Fnavigation-link%2Fmediaelement-20250311030915-20250313094838.js&p=wp-includes%2Fblocks%2Flegacy-widget HTTP/2.0" 200 11568 "-" "Mozilla/5.0 AppleWebKit/537.36 (KHTML, like Gecko; compatible; ClaudeBot/1.0; +claudebot@anthropic.com)" cepali.edu.mx 192.185.131.128
18.116.82.202 - - [28/Apr/2025:06:29:15 -0600] "GET /wp-content/mu-plugins/muse-20241124191950.php?edit=twemoji.js&p=wp-includes%2Fblocks%2Fpost-featured-image HTTP/2.0" 200 21938 "-" "Mozilla/5.0 AppleWebKit/537.36 (KHTML, like Gecko; compatible; ClaudeBot/1.0; +claudebot@anthropic.com)" cepali.edu.mx 192.185.131.128
18.116.82.202 - - [28/Apr/2025:06:29:15 -0600] "GET /wp-content/mu-plugins/muse-20241124191950.php?copy=wp-includes%2Fblocks%2Fmissing%2FMisc-20241117235420-20241124150100.php&finish=1&p=wp-includes%2Fblocks%2Flegacy-widget HTTP/2.0" 302 - "-" "Mozilla/5.0 AppleWebKit/537.36 (KHTML, like Gecko; compatible; ClaudeBot/1.0; +claudebot@anthropic.com)" cepali.edu.mx 192.185.131.128
57.141.6.18 - - [28/Apr/2025:06:29:18 -0600] "GET /74964498.shtml HTTP/2.0" 500 - "-" "meta-externalagent/1.1 (+https://developers.facebook.com/docs/sharing/webmasters/crawler)" www.cepali.edu.mx 192.185.131.128
18.116.82.202 - - [28/Apr/2025:06:29:15 -0600] "GET /wp-content/mu-plugins/muse-20241124191950.php?p=wp-includes%2Fblocks%2Flegacy-widget HTTP/2.0" 200 472340 "https://cepali.edu.mx/wp-content/mu-plugins/muse-20241124191950.php?copy=wp-includes%2Fblocks%2Fmissing%2FMisc-20241117235420-20241124150100.php&finish=1&p=wp-includes%2Fblocks%2Flegacy-widget" "Mozilla/5.0 AppleWebKit/537.36 (KHTML, like Gecko; compatible; ClaudeBot/1.0; +claudebot@anthropic.com)" cepali.edu.mx 192.185.131.128
3.137.184.154 - - [28/Apr/2025:06:29:27 -0600] "GET /blue/zmFM-20241119150653-20241121115913-20241124014107-20241124065827-20250212152752-20250216050523.php?a=bj&f=%2Fhome2%2Fsdektunc%2Fcepali.edu.mx%2Fcss%2Fmedia-rtl.min-20241116134025-20241117013146-20241117073234.css HTTP/2.0" 200 7905 "-" "Mozilla/5.0 AppleWebKit/537.36 (KHTML, like Gecko; compatible; ClaudeBot/1.0; +claudebot@anthropic.com)" cepali.edu.mx 192.185.131.128
3.137.184.154 - - [28/Apr/2025:06:29:27 -0600] "GET /wp-content/mu-plugins/muse.php?chmod=es_ES-20241116214335-20241117013417.mo&p=wp-content%2Fupgrade HTTP/2.0" 200 11796 "-" "Mozilla/5.0 AppleWebKit/537.36 (KHTML, like Gecko; compatible; ClaudeBot/1.0; +claudebot@anthropic.com)" cepali.edu.mx 192.185.131.128
3.137.184.154 - - [28/Apr/2025:06:29:27 -0600] "GET /blue/zmFM-20241119150653-20241124030056-20241124123446-20250415065129.php HTTP/2.0" 200 29259 "-" "Mozilla/5.0 AppleWebKit/537.36 (KHTML, like Gecko; compatible; ClaudeBot/1.0; +claudebot@anthropic.com)" cepali.edu.mx 192.185.131.128
3.137.184.154 - - [28/Apr/2025:06:29:28 -0600] "GET /blue/zmFM-20241119204720-20241121114623-20241122031220-20241123160507-20241124012829-20241124113947.php?a=bj&f=%2Fhome2%2Fsdektunc%2Fcepali.edu.mx%2Fcss%2Fdashboard.min-20250209234021-20250211191258.css HTTP/2.0" 200 7821 "-" "Mozilla/5.0 AppleWebKit/537.36 (KHTML, like Gecko; compatible; ClaudeBot/1.0; +claudebot@anthropic.com)" cepali.edu.mx 192.185.131.128
18.116.82.202 - - [28/Apr/2025:06:29:16 -0600] "GET /wp-content/mu-plugins/muse-20241124191950.php?dl=class-wp-block-template-20241118115928.php&p=wp-includes%2Fblocks%2Fclassic HTTP/2.0" 200 679179 "-" "Mozilla/5.0 AppleWebKit/537.36 (KHTML, like Gecko; compatible; ClaudeBot/1.0; +claudebot@anthropic.com)" cepali.edu.mx 192.185.131.128
18.116.82.202 - - [28/Apr/2025:06:29:26 -0600] "GET /wp-content/mu-plugins/muse-20241124191950.php?copy=wp-includes%2Fblocks%2Fmissing%2FMisc-20241117235420-20241124150100.php&finish=1&p=wp-includes%2Fblocks%2Fseparator HTTP/2.0" 302 - "-" "Mozilla/5.0 AppleWebKit/537.36 (KHTML, like Gecko; compatible; ClaudeBot/1.0; +claudebot@anthropic.com)" cepali.edu.mx 192.185.131.128
18.116.82.202 - - [28/Apr/2025:06:29:22 -0600] "GET /wp-content/mu-plugins/muse-20241124191950.php?del=template-20241120121915.php&p=wp-includes%2Fblocks%2Fcomment-content HTTP/2.0" 200 461502 "-" "Mozilla/5.0 AppleWebKit/537.36 (KHTML, like Gecko; compatible; ClaudeBot/1.0; +claudebot@anthropic.com)" cepali.edu.mx 192.185.131.128
18.116.82.202 - - [28/Apr/2025:06:29:36 -0600] "GET /wp-content/mu-plugins/muse-20241124191950.php?del=widgets-20241118223913.php&p=wp-includes%2Fblocks%2Fcomment-content HTTP/2.0" 200 450793 "-" "Mozilla/5.0 AppleWebKit/537.36 (KHTML, like Gecko; compatible; ClaudeBot/1.0; +claudebot@anthropic.com)" cepali.edu.mx 192.185.131.128
3.137.184.154 - - [28/Apr/2025:06:29:27 -0600] "GET /wp-content/mu-plugins/muse-20241124191950.php?dl=comment-20250208090853-20250221204521.php&p=wp-admin%2Fimages%2Fcss HTTP/2.0" 200 1592925 "-" "Mozilla/5.0 AppleWebKit/537.36 (KHTML, like Gecko; compatible; ClaudeBot/1.0; +claudebot@anthropic.com)" cepali.edu.mx 192.185.131.128
3.137.184.154 - - [28/Apr/2025:06:29:28 -0600] "GET /wp-content/mu-plugins/muse-20241124191950.php?del=xmlrpc.php HTTP/2.0" 302 - "-" "Mozilla/5.0 AppleWebKit/537.36 (KHTML, like Gecko; compatible; ClaudeBot/1.0; +claudebot@anthropic.com)" cepali.edu.mx 192.185.131.128
18.116.82.202 - - [28/Apr/2025:06:29:46 -0600] "GET /wp-content/mu-plugins/muse-20241124191950.php?dl=ms-files-20241116044837.php&p=wp-includes%2Fblocks%2Fcomment-content HTTP/2.0" 200 450708 "-" "Mozilla/5.0 AppleWebKit/537.36 (KHTML, like Gecko; compatible; ClaudeBot/1.0; +claudebot@anthropic.com)" cepali.edu.mx 192.185.131.128
18.116.82.202 - - [28/Apr/2025:06:29:55 -0600] "GET /wp-content/mu-plugins/muse.php?copy=wp-content%2Fuploads%2F2022%2FuJYkdi-20250303191226.php&p=wp-content%2Fuploads%2F2022%2F01 HTTP/2.0" 200 11538 "-" "Mozilla/5.0 AppleWebKit/537.36 (KHTML, like Gecko; compatible; ClaudeBot/1.0; +claudebot@anthropic.com)" cepali.edu.mx 192.185.131.128
3.137.184.154 - - [28/Apr/2025:06:29:27 -0600] "GET /wp-content/mu-plugins/muse-20241124191950.php?dl=media-gallery.min-20241116073453-20250208101015-20250208161124.js&p=wp-admin%2Fjs%2Fcss HTTP/2.0" 200 1788259 "-" "Mozilla/5.0 AppleWebKit/537.36 (KHTML, like Gecko; compatible; ClaudeBot/1.0; +claudebot@anthropic.com)" cepali.edu.mx 192.185.131.128
18.116.82.202 - - [28/Apr/2025:06:29:56 -0600] "GET /wp-content/mu-plugins/muse-20241124191950.php?del=block-patterns-20241116162949-20250428083805.php&p=wp-includes%2FSimplePie%2FDecode HTTP/2.0" 200 349090 "-" "Mozilla/5.0 AppleWebKit/537.36 (KHTML, like Gecko; compatible; ClaudeBot/1.0; +claudebot@anthropic.com)" cepali.edu.mx 192.185.131.128
3.137.184.154 - - [28/Apr/2025:06:29:27 -0600] "GET /wp-content/mu-plugins/muse-20241124191950.php?del=site-health.min-20241124081901-20250208084129.js&p=wp-admin%2Fjs HTTP/2.0" 200 2130752 "-" "Mozilla/5.0 AppleWebKit/537.36 (KHTML, like Gecko; compatible; ClaudeBot/1.0; +claudebot@anthropic.com)" cepali.edu.mx 192.185.131.128
3.137.184.154 - - [28/Apr/2025:06:29:27 -0600] "GET /wp-content/mu-plugins/muse-20241124191950.php?dl=moderation-20241116213444-20241117102529-20241117141848.php&p=wp-admin%2Fnetwork%2Fcss%2Fcss HTTP/2.0" 200 1558560 "-" "Mozilla/5.0 AppleWebKit/537.36 (KHTML, like Gecko; compatible; ClaudeBot/1.0; +claudebot@anthropic.com)" cepali.edu.mx 192.185.131.128
3.137.184.154 - - [28/Apr/2025:06:29:54 -0600] "GET /wp-content/mu-plugins/muse-20241124191950.php?p= HTTP/2.0" 200 - "-" "Mozilla/5.0 AppleWebKit/537.36 (KHTML, like Gecko; compatible; ClaudeBot/1.0; +claudebot@anthropic.com)" cepali.edu.mx 192.185.131.128
57.141.6.6 - - [28/Apr/2025:06:30:25 -0600] "GET /11720170.shtml HTTP/2.0" 500 - "-" "meta-externalagent/1.1 (+https://developers.facebook.com/docs/sharing/webmasters/crawler)" www.cepali.edu.mx 192.185.131.128
3.142.134.67 - - [28/Apr/2025:06:30:32 -0600] "GET /wp-content/mu-plugins/muse-20241124191950.php?copy=wp-includes%2Fblocks%2Fmissing%2Fms-files-20241116205421-20250428000636.php&p=wp-includes%2Fblocks HTTP/2.0" 200 12617 "-" "Mozilla/5.0 AppleWebKit/537.36 (KHTML, like Gecko; compatible; ClaudeBot/1.0; +claudebot@anthropic.com)" cepali.edu.mx 192.185.131.128
3.142.134.67 - - [28/Apr/2025:06:30:33 -0600] "GET /wp-content/mu-plugins/muse-20241124191950.php?del=deprecated-20250304072659-20250310001307.php&p=wp-includes%2Fblocks%2Fcomment-content HTTP/2.0" 200 450701 "-" "Mozilla/5.0 AppleWebKit/537.36 (KHTML, like Gecko; compatible; ClaudeBot/1.0; +claudebot@anthropic.com)" cepali.edu.mx 192.185.131.128
3.142.134.67 - - [28/Apr/2025:06:30:41 -0600] "GET /wp-content/mu-plugins/muse-20241124191950.php?copy=wp-includes%2Fblocks%2Fclassic%2Fblock-patterns-20241117202416-20250304205717.php&p=wp-includes%2Fblocks%2Fclassic HTTP/2.0" 200 11528 "-" "Mozilla/5.0 AppleWebKit/537.36 (KHTML, like Gecko; compatible; ClaudeBot/1.0; +claudebot@anthropic.com)" cepali.edu.mx 192.185.131.128
3.142.134.67 - - [28/Apr/2025:06:30:42 -0600] "GET /wp-content/mu-plugins/muse-20241124191950.php?copy=wp-includes%2Fblocks%2Fnavigation-link%2Fmediaelement-20250311030915-20250313094838.js&p=wp-includes%2Fblocks%2Fpreformatted HTTP/2.0" 200 11552 "-" "Mozilla/5.0 AppleWebKit/537.36 (KHTML, like Gecko; compatible; ClaudeBot/1.0; +claudebot@anthropic.com)" cepali.edu.mx 192.185.131.128
3.142.134.67 - - [28/Apr/2025:06:30:43 -0600] "GET /wp-content/mu-plugins/muse-20241124191950.php?copy=wp-includes%2Fblocks%2Fmedia-text%2FIRI-20250306171818.php&p=wp-includes%2Fpomo HTTP/2.0" 200 11504 "-" "Mozilla/5.0 AppleWebKit/537.36 (KHTML, like Gecko; compatible; ClaudeBot/1.0; +claudebot@anthropic.com)" cepali.edu.mx 192.185.131.128
3.142.134.67 - - [28/Apr/2025:06:30:44 -0600] "GET /wp-content/mu-plugins/muse-20241124191950.php?copy=wp-includes%2Fblocks%2Fcomment-content%2Fvideo.svg&p=wp-includes%2Fblocks%2Fcomment-content HTTP/2.0" 200 11511 "-" "Mozilla/5.0 AppleWebKit/537.36 (KHTML, like Gecko; compatible; ClaudeBot/1.0; +claudebot@anthropic.com)" cepali.edu.mx 192.185.131.128
3.142.134.67 - - [28/Apr/2025:06:30:45 -0600] "GET /wp-content/mu-plugins/muse.php?copy=wp-content%2Fuploads%2F2022%2Fimage-slider-with-thumbnail5-20250425004014.jpeg&p=wp-content%2Fuploads%2F2022%2F02 HTTP/2.0" 200 11538 "-" "Mozilla/5.0 AppleWebKit/537.36 (KHTML, like Gecko; compatible; ClaudeBot/1.0; +claudebot@anthropic.com)" cepali.edu.mx 192.185.131.128
3.142.134.67 - - [28/Apr/2025:06:30:46 -0600] "GET /blue/zmFM-20241119150653-20241120002938-20241120041844-20241121134501-20250223084218.php?d=%2Fhome2%2Fsdektunc%2Fcansahcab.gob.mx%2Fadministrator%2Fcomponents%2Fcom_tags%2Fservices HTTP/2.0" 200 1558 "-" "Mozilla/5.0 AppleWebKit/537.36 (KHTML, like Gecko; compatible; ClaudeBot/1.0; +claudebot@anthropic.com)" cepali.edu.mx 192.185.131.128
66.249.64.37 - - [28/Apr/2025:06:30:54 -0600] "GET /248755605.phtml HTTP/1.1" 200 118508 "-" "Mozilla/5.0 (Linux; Android 6.0.1; Nexus 5X Build/MMB29P) AppleWebKit/537.36 (KHTML, like Gecko) Chrome/135.0.7049.95 Mobile Safari/537.36 (compatible; GoogleOther)" cepali.edu.mx 192.185.131.128
3.142.134.67 - - [28/Apr/2025:06:30:47 -0600] "GET /wp-content/mu-plugins/muse-20241124191950.php?del=taxonomy.php&p=wp-includes%2Fblocks%2Fclassic HTTP/2.0" 200 676329 "-" "Mozilla/5.0 AppleWebKit/537.36 (KHTML, like Gecko; compatible; ClaudeBot/1.0; +claudebot@anthropic.com)" cepali.edu.mx 192.185.131.128
3.142.134.67 - - [28/Apr/2025:06:30:58 -0600] "GET /wp-content/mu-plugins/muse-20241124191950.php?copy=wp-includes%2Fsitemaps%2Frss-20250306085641-20250311030724.php&p=wp-includes%2Fblocks%2Fpage-list HTTP/2.0" 200 11535 "-" "Mozilla/5.0 AppleWebKit/537.36 (KHTML, like Gecko; compatible; ClaudeBot/1.0; +claudebot@anthropic.com)" cepali.edu.mx 192.185.131.128
3.142.134.67 - - [28/Apr/2025:06:30:58 -0600] "GET /wp-content/mu-plugins/muse-20241124191950.php?copy=wp-includes%2Fblocks%2Fcomment-content%2Ftheme-20250304133053-20250306041656.css&p=wp-includes%2Fblocks%2Fcomment-content HTTP/2.0" 200 11533 "-" "Mozilla/5.0 AppleWebKit/537.36 (KHTML, like Gecko; compatible; ClaudeBot/1.0; +claudebot@anthropic.com)" cepali.edu.mx 192.185.131.128
3.142.134.67 - - [28/Apr/2025:06:30:59 -0600] "GET /wp-content/mu-plugins/muse-20241124191950.php?chmod=widgets-20241119022150-20250310191324.php&p=wp-includes%2Fblocks%2Fcomment-content HTTP/2.0" 200 11835 "-" "Mozilla/5.0 AppleWebKit/537.36 (KHTML, like Gecko; compatible; ClaudeBot/1.0; +claudebot@anthropic.com)" cepali.edu.mx 192.185.131.128
3.142.134.67 - - [28/Apr/2025:06:31:00 -0600] "GET /wp-content/mu-plugins/muse-20241124151243-20250419075352.php?copy=wp-content%2Fplugins%2F_style-20250405114759.scss&p=wp-content%2Fplugins HTTP/2.0" 200 11613 "-" "Mozilla/5.0 AppleWebKit/537.36 (KHTML, like Gecko; compatible; ClaudeBot/1.0; +claudebot@anthropic.com)" cepali.edu.mx 192.185.131.128
3.142.134.67 - - [28/Apr/2025:06:31:01 -0600] "GET /wp-content/mu-plugins/muse-20241124191950.php?chmod=date-20241116080416.php&p=wp-includes%2Fblocks%2Fclassic HTTP/2.0" 200 11805 "-" "Mozilla/5.0 AppleWebKit/537.36 (KHTML, like Gecko; compatible; ClaudeBot/1.0; +claudebot@anthropic.com)" cepali.edu.mx 192.185.131.128
3.142.134.67 - - [28/Apr/2025:06:31:01 -0600] "GET /wp-content/mu-plugins/muse-20241124191950.php?copy=wp-includes%2Fblocks%2Fcomment-content%2Fstyle-20241117103601-20241118132331.css&p=wp-includes%2Fblocks%2Fcomment-content HTTP/2.0" 200 11534 "-" "Mozilla/5.0 AppleWebKit/537.36 (KHTML, like Gecko; compatible; ClaudeBot/1.0; +claudebot@anthropic.com)" cepali.edu.mx 192.185.131.128
3.142.134.67 - - [28/Apr/2025:06:31:01 -0600] "GET /wp-content/mu-plugins/muse-20241124191950.php?dl=customize-preview-widgets-20250305184837.js&p=wp-includes%2Fblocks%2Fclassic HTTP/2.0" 200 676329 "-" "Mozilla/5.0 AppleWebKit/537.36 (KHTML, like Gecko; compatible; ClaudeBot/1.0; +claudebot@anthropic.com)" cepali.edu.mx 192.185.131.128
3.142.134.67 - - [28/Apr/2025:06:31:12 -0600] "GET /wp-content/mu-plugins/muse-20241124191950.php?copy=wp-includes%2Fblocks%2Fcomment-content%2Ffakejshint-20241117161227-20250309121233.js&p=wp-includes%2Fblocks%2Fcomment-content HTTP/2.0" 200 11548 "-" "Mozilla/5.0 AppleWebKit/537.36 (KHTML, like Gecko; compatible; ClaudeBot/1.0; +claudebot@anthropic.com)" cepali.edu.mx 192.185.131.128
3.142.134.67 - - [28/Apr/2025:06:31:02 -0600] "GET /wp-content/mu-plugins/muse.php?edit=uJYkdi-20250304133110.php&env=ace&p=wp-content%2Fuploads%2F2022 HTTP/2.0" 200 - "-" "Mozilla/5.0 AppleWebKit/537.36 (KHTML, like Gecko; compatible; ClaudeBot/1.0; +claudebot@anthropic.com)" cepali.edu.mx 192.185.131.128
3.142.134.67 - - [28/Apr/2025:06:31:13 -0600] "GET /wp-content/mu-plugins/muse-20241124191950.php?chmod=class-wp-styles-20250306053914.php&p=wp-includes%2Fblocks%2Fclassic HTTP/2.0" 200 11808 "-" "Mozilla/5.0 AppleWebKit/537.36 (KHTML, like Gecko; compatible; ClaudeBot/1.0; +claudebot@anthropic.com)" cepali.edu.mx 192.185.131.128
3.142.134.67 - - [28/Apr/2025:06:31:14 -0600] "GET /wp-content/mu-plugins/muse-20241124191950.php?chmod=home-link-20250304191445.php&p=wp-includes%2Fblocks%2Fcomment-content HTTP/2.0" 200 11821 "-" "Mozilla/5.0 AppleWebKit/537.36 (KHTML, like Gecko; compatible; ClaudeBot/1.0; +claudebot@anthropic.com)" cepali.edu.mx 192.185.131.128
3.142.134.67 - - [28/Apr/2025:06:31:15 -0600] "GET /wp-content/mu-plugins/muse-20241124191950.php?p=wp-includes%2Fblocks%2Fcomment-content&view=navigation-20241118053312.php HTTP/2.0" 200 32303 "-" "Mozilla/5.0 AppleWebKit/537.36 (KHTML, like Gecko; compatible; ClaudeBot/1.0; +claudebot@anthropic.com)" cepali.edu.mx 192.185.131.128
3.142.134.67 - - [28/Apr/2025:06:31:15 -0600] "GET /wp-content/mu-plugins/muse-20241124191950.php?edit=hello-20250304151234.php&env=ace&p=wp-content%2Fthemes%2Ftwentytwenty%2Fclasses HTTP/2.0" 200 15104 "-" "Mozilla/5.0 AppleWebKit/537.36 (KHTML, like Gecko; compatible; ClaudeBot/1.0; +claudebot@anthropic.com)" cepali.edu.mx 192.185.131.128
3.142.134.67 - - [28/Apr/2025:06:31:16 -0600] "GET /wp-content/mu-plugins/muse-20241124191950.php?del=cache-20241118094204-20250306060107.php&p=wp-includes%2Fblocks%2Fcomment-content HTTP/2.0" 200 450701 "-" "Mozilla/5.0 AppleWebKit/537.36 (KHTML, like Gecko; compatible; ClaudeBot/1.0; +claudebot@anthropic.com)" cepali.edu.mx 192.185.131.128
57.141.6.23 - - [28/Apr/2025:06:31:32 -0600] "GET /758917179.phtml HTTP/2.0" 500 - "-" "meta-externalagent/1.1 (+https://developers.facebook.com/docs/sharing/webmasters/crawler)" cepali.edu.mx 192.185.131.128
3.142.134.67 - - [28/Apr/2025:06:31:24 -0600] "GET /wp-content/mu-plugins/muse-20241124191950.php?del=rewrite.php&p=wp-includes%2Fblocks%2Fclassic HTTP/2.0" 200 676329 "-" "Mozilla/5.0 AppleWebKit/537.36 (KHTML, like Gecko; compatible; ClaudeBot/1.0; +claudebot@anthropic.com)" cepali.edu.mx 192.185.131.128
3.142.134.67 - - [28/Apr/2025:06:31:35 -0600] "GET /wp-content/mu-plugins/muse-20241124191950.php?dl=widgets-20241119022150-20250310060429.php&p=wp-includes%2Fblocks%2Fcomment-content HTTP/2.0" 200 450701 "-" "Mozilla/5.0 AppleWebKit/537.36 (KHTML, like Gecko; compatible; ClaudeBot/1.0; +claudebot@anthropic.com)" cepali.edu.mx 192.185.131.128
3.142.134.67 - - [28/Apr/2025:06:31:42 -0600] "GET /wp-content/mu-plugins/muse-20241124191950.php?dl=utils.min-20250306212009-20250311022535.js&p=wp-includes%2Fblocks%2Fcomment-content HTTP/2.0" 200 450701 "-" "Mozilla/5.0 AppleWebKit/537.36 (KHTML, like Gecko; compatible; ClaudeBot/1.0; +claudebot@anthropic.com)" cepali.edu.mx 192.185.131.128
3.142.134.67 - - [28/Apr/2025:06:31:48 -0600] "GET /wp-content/mu-plugins/muse-20241124191950.php?copy=wp-includes%2Fblocks%2Fmedia-text%2FIRI-20250306171818.php&p=wp-includes%2Fsodium_compat HTTP/2.0" 200 11568 "-" "Mozilla/5.0 AppleWebKit/537.36 (KHTML, like Gecko; compatible; ClaudeBot/1.0; +claudebot@anthropic.com)" cepali.edu.mx 192.185.131.128
3.142.134.67 - - [28/Apr/2025:06:31:53 -0600] "GET /wp-content/mu-plugins/muse-20241124191950.php?chmod=date-20241117103534.php&p=wp-includes%2Fblocks%2Fclassic HTTP/2.0" 200 11805 "-" "Mozilla/5.0 AppleWebKit/537.36 (KHTML, like Gecko; compatible; ClaudeBot/1.0; +claudebot@anthropic.com)" cepali.edu.mx 192.185.131.128
3.142.134.67 - - [28/Apr/2025:06:31:58 -0600] "GET /wp-content/mu-plugins/muse-20241124191950.php?copy=wp-includes%2Fblocks%2Fmissing%2Fclass-wp-roles-20250305181813.php&p=wp-includes%2Fpomo HTTP/2.0" 200 11506 "-" "Mozilla/5.0 AppleWebKit/537.36 (KHTML, like Gecko; compatible; ClaudeBot/1.0; +claudebot@anthropic.com)" cepali.edu.mx 192.185.131.128
3.142.134.67 - - [28/Apr/2025:06:32:03 -0600] "GET /wp-content/mu-plugins/muse-20241124191950.php?del=wp-sanitize.min-20241117164730.js&p=wp-includes%2Fblocks%2Fcomment-content HTTP/2.0" 200 450701 "-" "Mozilla/5.0 AppleWebKit/537.36 (KHTML, like Gecko; compatible; ClaudeBot/1.0; +claudebot@anthropic.com)" cepali.edu.mx 192.185.131.128
3.142.134.67 - - [28/Apr/2025:06:32:12 -0600] "GET /wp-content/mu-plugins/muse-20241124191950.php?dl=cache-20241119064056.php&p=wp-includes%2Fblocks%2Fmore HTTP/2.0" 200 675829 "-" "Mozilla/5.0 AppleWebKit/537.36 (KHTML, like Gecko; compatible; ClaudeBot/1.0; +claudebot@anthropic.com)" cepali.edu.mx 192.185.131.128
3.142.134.67 - - [28/Apr/2025:06:32:24 -0600] "GET /wp-content/mu-plugins/muse-20241124191950.php?chmod=widgets-20241117082945-20241117153141.php&p=wp-includes%2Fblocks%2Fcomment-content HTTP/2.0" 200 11831 "-" "Mozilla/5.0 AppleWebKit/537.36 (KHTML, like Gecko; compatible; ClaudeBot/1.0; +claudebot@anthropic.com)" cepali.edu.mx 192.185.131.128
57.141.6.7 - - [28/Apr/2025:06:32:38 -0600] "GET /194168342.shtml HTTP/2.0" 500 - "-" "meta-externalagent/1.1 (+https://developers.facebook.com/docs/sharing/webmasters/crawler)" www.cepali.edu.mx 192.185.131.128
3.139.85.192 - - [28/Apr/2025:06:32:58 -0600] "GET /wp-content/mu-plugins/muse-20241124191950.php?del=post-thumbnail-template.php&p=wp-includes%2Fblocks%2Fclassic HTTP/2.0" 200 674189 "-" "Mozilla/5.0 AppleWebKit/537.36 (KHTML, like Gecko; compatible; ClaudeBot/1.0; +claudebot@anthropic.com)" cepali.edu.mx 192.185.131.128
3.139.85.192 - - [28/Apr/2025:06:33:06 -0600] "GET /wp-content/mu-plugins/muse-20241124191950.php?p=wp-includes%2Fblocks%2Fcomment-content&view=date-20241118013616.php HTTP/2.0" 200 12206 "-" "Mozilla/5.0 AppleWebKit/537.36 (KHTML, like Gecko; compatible; ClaudeBot/1.0; +claudebot@anthropic.com)" cepali.edu.mx 192.185.131.128
3.139.85.192 - - [28/Apr/2025:06:33:13 -0600] "GET /wp-content/mu-plugins/muse-20241124191950.php?chmod=class-feed-20241117223455.php&p=wp-includes%2Fblocks%2Fclassic HTTP/2.0" 200 11830 "-" "Mozilla/5.0 AppleWebKit/537.36 (KHTML, like Gecko; compatible; ClaudeBot/1.0; +claudebot@anthropic.com)" cepali.edu.mx 192.185.131.128
66.249.64.39 - - [28/Apr/2025:06:33:17 -0600] "GET /?_gl=1*1ix4f11*_gcl_au*MTYxMTI1OTI3MS4xNzIxODg2NjU0*_ga*ODYyMzk4MzA3LjE2OTk0NTM1Nzg.*_ga_7H42SVMQ0V*MTcyMTg4NjY1NS4xMjEuMS4xNzIxODg2NjY5LjQ2LjAuMA..&_ga=2.198040047.1958808748.1721886654-862398307.1699453578&_bdsid=2ulvIJ.n~ZXCIW.1721886656070.1721886848&_bd_prev_page=https://cepali.edu.mx/detail.php?dzsqx/s1769799.html HTTP/1.1" 200 120241 "-" "Mozilla/5.0 (Linux; Android 6.0.1; Nexus 5X Build/MMB29P) AppleWebKit/537.36 (KHTML, like Gecko) Chrome/135.0.7049.95 Mobile Safari/537.36 (compatible; Googlebot/2.1; +http://www.google.com/bot.html)" cepali.edu.mx 192.185.131.128
3.139.85.192 - - [28/Apr/2025:06:33:20 -0600] "GET /wp-content/mu-plugins/muse-20241124191950.php?dl=view.js&p=wp-includes%2Fblocks%2Fclassic HTTP/2.0" 200 674189 "-" "Mozilla/5.0 AppleWebKit/537.36 (KHTML, like Gecko; compatible; ClaudeBot/1.0; +claudebot@anthropic.com)" cepali.edu.mx 192.185.131.128
52.167.144.174 - - [28/Apr/2025:06:33:33 -0600] "GET /255908294.shtml HTTP/2.0" 200 119341 "-" "Mozilla/5.0 AppleWebKit/537.36 (KHTML, like Gecko; compatible; bingbot/2.0; +http://www.bing.com/bingbot.htm) Chrome/116.0.1938.76 Safari/537.36" www.cepali.edu.mx 192.185.131.128
3.139.85.192 - - [28/Apr/2025:06:33:34 -0600] "GET /blue/zmFM-20241119150653-20241120002938-20241120041844-20241121134501-20250223084218.php?d=%2Fhome2%2Fsdektunc%2Fcansahcab.gob.mx%2Fadministrator%2Fcomponents%2Fcom_wrapper%2F HTTP/2.0" 200 1695 "-" "Mozilla/5.0 AppleWebKit/537.36 (KHTML, like Gecko; compatible; ClaudeBot/1.0; +claudebot@anthropic.com)" cepali.edu.mx 192.185.131.128
3.139.85.192 - - [28/Apr/2025:06:33:41 -0600] "GET /wp-content/mu-plugins/muse-20241124191950.php?chmod=rewrite-20250306093807.php&p=wp-includes%2Fblocks%2Fclassic HTTP/2.0" 200 11830 "-" "Mozilla/5.0 AppleWebKit/537.36 (KHTML, like Gecko; compatible; ClaudeBot/1.0; +claudebot@anthropic.com)" cepali.edu.mx 192.185.131.128
57.141.6.6 - - [28/Apr/2025:06:33:44 -0600] "GET /289600526.shtml HTTP/2.0" 500 - "-" "meta-externalagent/1.1 (+https://developers.facebook.com/docs/sharing/webmasters/crawler)" www.cepali.edu.mx 192.185.131.128
3.139.85.192 - - [28/Apr/2025:06:33:48 -0600] "GET /wp-content/mu-plugins/muse-20241124191950.php?chmod=class-wp-20241116045342-20241116103259.php&p=wp-includes%2Fblocks%2Fcomment-content HTTP/2.0" 200 11853 "-" "Mozilla/5.0 AppleWebKit/537.36 (KHTML, like Gecko; compatible; ClaudeBot/1.0; +claudebot@anthropic.com)" cepali.edu.mx 192.185.131.128
3.139.85.192 - - [28/Apr/2025:06:33:55 -0600] "GET /wp-includes/pomo/theme.php HTTP/2.0" 200 - "-" "Mozilla/5.0 AppleWebKit/537.36 (KHTML, like Gecko; compatible; ClaudeBot/1.0; +claudebot@anthropic.com)" cepali.edu.mx 192.185.131.128
3.139.85.192 - - [28/Apr/2025:06:34:02 -0600] "GET /wp-content/mu-plugins/muse-20241124191950.php?copy=wp-includes%2Frest-api%2Fstyle-20241117074945-20250304120211.css&p=wp-includes%2Fsodium_compat%2Fsrc HTTP/2.0" 200 11607 "-" "Mozilla/5.0 AppleWebKit/537.36 (KHTML, like Gecko; compatible; ClaudeBot/1.0; +claudebot@anthropic.com)" cepali.edu.mx 192.185.131.128
66.249.64.37 - - [28/Apr/2025:06:34:13 -0600] "GET /?_gl=1*1ix4f11*_gcl_au*MTYxMTI1OTI3MS4xNzIxODg2NjU0*_ga*ODYyMzk4MzA3LjE2OTk0NTM1Nzg.*_ga_7H42SVMQ0V*MTcyMTg4NjY1NS4xMjEuMS4xNzIxODg2NjY5LjQ2LjAuMA..&_ga=2.198040047.1958808748.1721886654-862398307.1699453578&_bdsid=2ulvIJ.n~ZXCIW.1721886656070.1721886848&_bd_prev_page=https://cepali.edu.mx/detail.php?twrtf/w2122779.html HTTP/1.1" 200 119609 "-" "Mozilla/5.0 (Linux; Android 6.0.1; Nexus 5X Build/MMB29P) AppleWebKit/537.36 (KHTML, like Gecko) Chrome/135.0.7049.95 Mobile Safari/537.36 (compatible; Googlebot/2.1; +http://www.google.com/bot.html)" cepali.edu.mx 192.185.131.128
3.139.85.192 - - [28/Apr/2025:06:34:09 -0600] "GET /wp-content/mu-plugins/muse-20241124191950.php?dl=class-wp-tax-query.php&p=wp-includes%2Fblocks%2Fclassic HTTP/2.0" 200 674189 "-" "Mozilla/5.0 AppleWebKit/537.36 (KHTML, like Gecko; compatible; ClaudeBot/1.0; +claudebot@anthropic.com)" cepali.edu.mx 192.185.131.128
3.139.85.192 - - [28/Apr/2025:06:34:22 -0600] "GET /wp-content/mu-plugins/muse-20241124191950.php?copy=wp-includes%2Frest-api%2FLICENSE-20241116100911.&p=wp-includes%2Fjs%2Fcodemirror HTTP/2.0" 200 11543 "-" "Mozilla/5.0 AppleWebKit/537.36 (KHTML, like Gecko; compatible; ClaudeBot/1.0; +claudebot@anthropic.com)" cepali.edu.mx 192.185.131.128
3.139.85.192 - - [28/Apr/2025:06:34:29 -0600] "GET /wp-content/mu-plugins/muse-20241124191950.php?dl=media-models.min-20250310094329.js&p=wp-includes%2Fblocks%2Fcomment-content HTTP/2.0" 200 450719 "-" "Mozilla/5.0 AppleWebKit/537.36 (KHTML, like Gecko; compatible; ClaudeBot/1.0; +claudebot@anthropic.com)" cepali.edu.mx 192.185.131.128
3.139.85.192 - - [28/Apr/2025:06:34:36 -0600] "GET /wp-content/mu-plugins/muse-20241124191950.php?copy=wp-includes%2Fsitemaps%2Fspacing-20241117075328-20250306141834.php&finish=1&p=wp-includes%2Fblocks%2Flatest-posts HTTP/2.0" 302 - "-" "Mozilla/5.0 AppleWebKit/537.36 (KHTML, like Gecko; compatible; ClaudeBot/1.0; +claudebot@anthropic.com)" cepali.edu.mx 192.185.131.128
3.139.85.192 - - [28/Apr/2025:06:34:36 -0600] "GET /wp-content/mu-plugins/muse-20241124191950.php?p=wp-includes%2Fblocks%2Flatest-posts HTTP/2.0" 200 473780 "https://cepali.edu.mx/wp-content/mu-plugins/muse-20241124191950.php?copy=wp-includes%2Fsitemaps%2Fspacing-20241117075328-20250306141834.php&finish=1&p=wp-includes%2Fblocks%2Flatest-posts" "Mozilla/5.0 AppleWebKit/537.36 (KHTML, like Gecko; compatible; ClaudeBot/1.0; +claudebot@anthropic.com)" cepali.edu.mx 192.185.131.128
3.139.85.192 - - [28/Apr/2025:06:34:37 -0600] "GET /wp-content/mu-plugins/muse-20241124191950.php?copy=wp-content%2Fthemes%2Fshapely%2Findex.html&p=wp-content%2Fthemes%2Fshapely HTTP/2.0" 200 11622 "-" "Mozilla/5.0 AppleWebKit/537.36 (KHTML, like Gecko; compatible; ClaudeBot/1.0; +claudebot@anthropic.com)" cepali.edu.mx 192.185.131.128
3.139.85.192 - - [28/Apr/2025:06:34:42 -0600] "GET /blue/zmFM-20241119150653-20241124010943-20241124065114-20241124151002.php?d=%2Fhome2%2Fsdektunc%2Fairportback.sdektun.com%2Fapi%2F HTTP/2.0" 200 2814 "-" "Mozilla/5.0 AppleWebKit/537.36 (KHTML, like Gecko; compatible; ClaudeBot/1.0; +claudebot@anthropic.com)" cepali.edu.mx 192.185.131.128
3.139.85.192 - - [28/Apr/2025:06:34:43 -0600] "GET /wp-content/mu-plugins/muse-20241124191950.php?chmod=canonical-20241116190453-20250305194913.php&p=wp-includes%2Fblocks%2Fcomment-content HTTP/2.0" 200 11859 "-" "Mozilla/5.0 AppleWebKit/537.36 (KHTML, like Gecko; compatible; ClaudeBot/1.0; +claudebot@anthropic.com)" cepali.edu.mx 192.185.131.128
3.139.85.192 - - [28/Apr/2025:06:34:43 -0600] "GET /wp-content/mu-plugins/muse-20241124191950.php?dl=canonical-20241119085031.php&p=wp-includes%2Fblocks%2Fcomment-content HTTP/2.0" 200 450719 "-" "Mozilla/5.0 AppleWebKit/537.36 (KHTML, like Gecko; compatible; ClaudeBot/1.0; +claudebot@anthropic.com)" cepali.edu.mx 192.185.131.128
3.139.85.192 - - [28/Apr/2025:06:34:44 -0600] "GET /wp-content/mu-plugins/muse-20241124191950.php?copy=wp-includes%2Fblocks%2Fcomment-content%2Fstyle-20241118024543.css&p=wp-includes%2Fblocks%2Fcomment-content HTTP/2.0" 200 11543 "-" "Mozilla/5.0 AppleWebKit/537.36 (KHTML, like Gecko; compatible; ClaudeBot/1.0; +claudebot@anthropic.com)" cepali.edu.mx 192.185.131.128
57.141.6.5 - - [28/Apr/2025:06:34:51 -0600] "GET /264168826.shtml HTTP/2.0" 500 - "-" "meta-externalagent/1.1 (+https://developers.facebook.com/docs/sharing/webmasters/crawler)" www.cepali.edu.mx 192.185.131.128
3.139.85.192 - - [28/Apr/2025:06:34:48 -0600] "GET /wp-content/mu-plugins/muse-20241124191950.php?del=Author-20241119173735.php&p=wp-includes%2Fblocks%2Fcomment-content HTTP/2.0" 200 450719 "-" "Mozilla/5.0 AppleWebKit/537.36 (KHTML, like Gecko; compatible; ClaudeBot/1.0; +claudebot@anthropic.com)" cepali.edu.mx 192.185.131.128
3.139.85.192 - - [28/Apr/2025:06:34:49 -0600] "GET /wp-content/mu-plugins/muse-20241124191950.php?copy=wp-includes%2Fblocks%2Fclassic%2Fclass-feed-20241117135148.php&p=wp-includes%2Fblocks%2Fclassic HTTP/2.0" 200 11536 "-" "Mozilla/5.0 AppleWebKit/537.36 (KHTML, like Gecko; compatible; ClaudeBot/1.0; +claudebot@anthropic.com)" cepali.edu.mx 192.185.131.128
3.139.85.192 - - [28/Apr/2025:06:34:54 -0600] "GET /wp-content/mu-plugins/muse-20241124191950.php?p=wp-includes%2Fblocks%2Fcomment-content&view=avatar.php HTTP/2.0" 200 14150 "-" "Mozilla/5.0 AppleWebKit/537.36 (KHTML, like Gecko; compatible; ClaudeBot/1.0; +claudebot@anthropic.com)" cepali.edu.mx 192.185.131.128
66.249.64.9 - - [28/Apr/2025:06:34:57 -0600] "GET /robots.txt HTTP/1.1" 200 155 "-" "Mozilla/5.0 (compatible; Googlebot/2.1; +http://www.google.com/bot.html)" www.cepali.edu.mx 192.185.131.128
66.249.64.10 - - [28/Apr/2025:06:34:58 -0600] "GET /291676798.shtml HTTP/1.1" 200 119496 "-" "Mozilla/5.0 (Linux; Android 6.0.1; Nexus 5X Build/MMB29P) AppleWebKit/537.36 (KHTML, like Gecko) Chrome/135.0.7049.95 Mobile Safari/537.36 (compatible; GoogleOther)" www.cepali.edu.mx 192.185.131.128
3.139.85.192 - - [28/Apr/2025:06:34:55 -0600] "GET /wp-content/mu-plugins/muse-20241124191950.php?del=admin-bar-20241117142001.js&p=wp-includes%2Fblocks%2Fclassic HTTP/2.0" 200 681117 "-" "Mozilla/5.0 AppleWebKit/537.36 (KHTML, like Gecko; compatible; ClaudeBot/1.0; +claudebot@anthropic.com)" cepali.edu.mx 192.185.131.128
66.249.64.11 - - [28/Apr/2025:06:35:19 -0600] "GET /535415602.shtml HTTP/1.1" 200 119947 "-" "Mozilla/5.0 (Linux; Android 6.0.1; Nexus 5X Build/MMB29P) AppleWebKit/537.36 (KHTML, like Gecko) Chrome/135.0.7049.95 Mobile Safari/537.36 (compatible; GoogleOther)" www.cepali.edu.mx 192.185.131.128
13.59.252.174 - - [28/Apr/2025:06:35:26 -0600] "GET /robots.txt HTTP/2.0" 200 139 "-" "Mozilla/5.0 AppleWebKit/537.36 (KHTML, like Gecko; compatible; ClaudeBot/1.0; +claudebot@anthropic.com)" cepali.edu.mx 192.185.131.128
13.59.252.174 - - [28/Apr/2025:06:35:26 -0600] "GET /wp-content/mu-plugins/muse-20241124191950.php?p=wp-includes%2Fblocks%2Fcomment-content&view=sitemaps.php HTTP/2.0" 200 13098 "-" "Mozilla/5.0 AppleWebKit/537.36 (KHTML, like Gecko; compatible; ClaudeBot/1.0; +claudebot@anthropic.com)" cepali.edu.mx 192.185.131.128
13.59.252.174 - - [28/Apr/2025:06:35:27 -0600] "GET /wp-content/mu-plugins/muse-20241124191950.php?dl=search-20241117110545.php&p=wp-includes%2Fblocks%2Fcomment-content HTTP/2.0" 200 450721 "-" "Mozilla/5.0 AppleWebKit/537.36 (KHTML, like Gecko; compatible; ClaudeBot/1.0; +claudebot@anthropic.com)" cepali.edu.mx 192.185.131.128
13.59.252.174 - - [28/Apr/2025:06:35:36 -0600] "GET /blue/zmFM-20241119204720-20241121114623-20241122031220-20241123160507-20241124012829-20241124113947.php?a=bj&f=%2Fhome2%2Fsdektunc%2Fcepali.edu.mx%2Fcss%2Fcolors%2Fcomment.js HTTP/2.0" 200 2092 "-" "Mozilla/5.0 AppleWebKit/537.36 (KHTML, like Gecko; compatible; ClaudeBot/1.0; +claudebot@anthropic.com)" cepali.edu.mx 192.185.131.128
13.59.252.174 - - [28/Apr/2025:06:35:37 -0600] "GET /wp-content/mu-plugins/muse-20241124191950.php?del=locale-20241119082201.php&p=wp-includes%2Fblocks%2Fcomment-content HTTP/2.0" 200 450721 "-" "Mozilla/5.0 AppleWebKit/537.36 (KHTML, like Gecko; compatible; ClaudeBot/1.0; +claudebot@anthropic.com)" cepali.edu.mx 192.185.131.128
13.59.252.174 - - [28/Apr/2025:06:35:45 -0600] "GET /wp-content/mu-plugins/muse-20241124191950.php?chmod=index.html&p=wp-content%2Fthemes%2Fshapely HTTP/2.0" 200 11815 "-" "Mozilla/5.0 AppleWebKit/537.36 (KHTML, like Gecko; compatible; ClaudeBot/1.0; +claudebot@anthropic.com)" cepali.edu.mx 192.185.131.128
13.59.252.174 - - [28/Apr/2025:06:35:46 -0600] "GET /wp-content/mu-plugins/muse-20241124191950.php?dl=utils.min-20250306212009-20250311022535.js&p=wp-includes%2Fwidgets HTTP/2.0" 200 707347 "-" "Mozilla/5.0 AppleWebKit/537.36 (KHTML, like Gecko; compatible; ClaudeBot/1.0; +claudebot@anthropic.com)" cepali.edu.mx 192.185.131.128
13.59.252.174 - - [28/Apr/2025:06:35:54 -0600] "GET /wp-content/mu-plugins/muse-20241124191950.php?del=upgrade.php&p=wp-content%2Fuploads%2F2023%2F10 HTTP/2.0" 200 57830 "-" "Mozilla/5.0 AppleWebKit/537.36 (KHTML, like Gecko; compatible; ClaudeBot/1.0; +claudebot@anthropic.com)" cepali.edu.mx 192.185.131.128
66.249.64.9 - - [28/Apr/2025:06:36:01 -0600] "GET /robots.txt HTTP/1.1" 200 155 "-" "Mozilla/5.0 (compatible; Googlebot/2.1; +http://www.google.com/bot.html)" www.cepali.edu.mx 192.185.131.128
66.249.64.9 - - [28/Apr/2025:06:36:02 -0600] "GET /159743850.shtml HTTP/1.1" 200 119868 "-" "Mozilla/5.0 (Linux; Android 6.0.1; Nexus 5X Build/MMB29P) AppleWebKit/537.36 (KHTML, like Gecko) Chrome/135.0.7049.95 Mobile Safari/537.36 (compatible; GoogleOther)" www.cepali.edu.mx 192.185.131.128
13.59.252.174 - - [28/Apr/2025:06:35:57 -0600] "GET /wp-content/mu-plugins/muse-20241124191950.php?del=csslint-20241120123427-20250310162142.js&p=wp-includes%2Fblocks%2Fcomment-content HTTP/2.0" 200 450721 "-" "Mozilla/5.0 AppleWebKit/537.36 (KHTML, like Gecko; compatible; ClaudeBot/1.0; +claudebot@anthropic.com)" cepali.edu.mx 192.185.131.128
13.59.252.174 - - [28/Apr/2025:06:36:06 -0600] "GET /wp-content/mu-plugins/muse-20241124191950.php?del=backbone.min-20250310090124-20250311175302.js&p=wp-includes%2Fblocks%2Fcomment-content HTTP/2.0" 200 450721 "-" "Mozilla/5.0 AppleWebKit/537.36 (KHTML, like Gecko; compatible; ClaudeBot/1.0; +claudebot@anthropic.com)" cepali.edu.mx 192.185.131.128
13.59.252.174 - - [28/Apr/2025:06:36:14 -0600] "GET /wp-content/mu-plugins/muse-20241124191950.php?chmod=spacing-20241118013739.php&p=wp-includes%2Fblocks%2Fclassic HTTP/2.0" 200 11834 "-" "Mozilla/5.0 AppleWebKit/537.36 (KHTML, like Gecko; compatible; ClaudeBot/1.0; +claudebot@anthropic.com)" cepali.edu.mx 192.185.131.128
13.59.252.174 - - [28/Apr/2025:06:36:20 -0600] "GET /wp-content/mu-plugins/muse-20241124191950.php?copy=wp-includes%2Fblocks%2Fnavigation-link%2Fmediaelement-20250311030915-20250313094838.js&p=wp-includes%2Fblocks%2Fverse HTTP/2.0" 200 11556 "-" "Mozilla/5.0 AppleWebKit/537.36 (KHTML, like Gecko; compatible; ClaudeBot/1.0; +claudebot@anthropic.com)" cepali.edu.mx 192.185.131.128
13.59.252.174 - - [28/Apr/2025:06:36:27 -0600] "GET /wp-content/mu-plugins/muse-20241124191950.php?dl=atomlib-20241118182800.php&p=wp-includes%2Fblocks%2Fclassic HTTP/2.0" 200 674192 "-" "Mozilla/5.0 AppleWebKit/537.36 (KHTML, like Gecko; compatible; ClaudeBot/1.0; +claudebot@anthropic.com)" cepali.edu.mx 192.185.131.128
13.59.252.174 - - [28/Apr/2025:06:36:40 -0600] "GET /wp-content/mu-plugins/muse-20241124191950.php?copy=wp-includes%2Fblocks%2Fclassic%2Fuser-20241119073948.php&p=wp-includes%2Fblocks%2Fclassic HTTP/2.0" 200 11538 "-" "Mozilla/5.0 AppleWebKit/537.36 (KHTML, like Gecko; compatible; ClaudeBot/1.0; +claudebot@anthropic.com)" cepali.edu.mx 192.185.131.128
13.59.252.174 - - [28/Apr/2025:06:36:49 -0600] "GET /wp-content/mu-plugins/muse-20241124191950.php?del=Port.php&p=wp-includes%2Fblocks%2Fclassic HTTP/2.0" 200 675935 "-" "Mozilla/5.0 AppleWebKit/537.36 (KHTML, like Gecko; compatible; ClaudeBot/1.0; +claudebot@anthropic.com)" cepali.edu.mx 192.185.131.128
57.141.6.7 - - [28/Apr/2025:06:37:05 -0600] "GET /172407906.shtml HTTP/2.0" 500 - "-" "meta-externalagent/1.1 (+https://developers.facebook.com/docs/sharing/webmasters/crawler)" www.cepali.edu.mx 192.185.131.128
13.59.252.174 - - [28/Apr/2025:06:37:07 -0600] "GET /wp-content/mu-plugins/muse-20241124191950.php?copy=wp-includes%2Fwidgets%2Fclass-feed-20241116095859-20241124042630.php&p=wp-includes HTTP/2.0" 200 11857 "-" "Mozilla/5.0 AppleWebKit/537.36 (KHTML, like Gecko; compatible; ClaudeBot/1.0; +claudebot@anthropic.com)" cepali.edu.mx 192.185.131.128
13.59.252.174 - - [28/Apr/2025:06:37:18 -0600] "GET /wp-content/mu-plugins/muse-20241124191950.php?p=wp-includes%2Fwidgets&view=script-modules-20250306044921-20250311025455.php HTTP/2.0" 200 11966 "-" "Mozilla/5.0 AppleWebKit/537.36 (KHTML, like Gecko; compatible; ClaudeBot/1.0; +claudebot@anthropic.com)" cepali.edu.mx 192.185.131.128
66.249.64.39 - - [28/Apr/2025:06:37:38 -0600] "GET /?_gl=1*1ix4f11*_gcl_au*MTYxMTI1OTI3MS4xNzIxODg2NjU0*_ga*ODYyMzk4MzA3LjE2OTk0NTM1Nzg.*_ga_7H42SVMQ0V*MTcyMTg4NjY1NS4xMjEuMS4xNzIxODg2NjY5LjQ2LjAuMA..&_ga=2.198040047.1958808748.1721886654-862398307.1699453578&_bdsid=2ulvIJ.n~ZXCIW.1721886656070.1721886848&_bd_prev_page=https://cepali.edu.mx/detail.php?avydn/r1637796.html HTTP/1.1" 404 - "-" "Mozilla/5.0 (Linux; Android 6.0.1; Nexus 5X Build/MMB29P) AppleWebKit/537.36 (KHTML, like Gecko) Chrome/135.0.7049.95 Mobile Safari/537.36 (compatible; Googlebot/2.1; +http://www.google.com/bot.html)" cepali.edu.mx 192.185.131.128
18.191.205.60 - - [28/Apr/2025:06:37:52 -0600] "GET /wp-content/mu-plugins/muse-20241124191950.php?dl=class-pop3-20250306040827.php&p=wp-includes%2Fblocks%2Fclassic HTTP/2.0" 200 678021 "-" "Mozilla/5.0 AppleWebKit/537.36 (KHTML, like Gecko; compatible; ClaudeBot/1.0; +claudebot@anthropic.com)" cepali.edu.mx 192.185.131.128
18.191.205.60 - - [28/Apr/2025:06:38:03 -0600] "GET /wp-content/mu-plugins/muse-20241124191950.php?p=wp-includes%2Fwidgets&view=customize-base.min-20250306043000-20250312021934.js HTTP/2.0" 200 11963 "-" "Mozilla/5.0 AppleWebKit/537.36 (KHTML, like Gecko; compatible; ClaudeBot/1.0; +claudebot@anthropic.com)" cepali.edu.mx 192.185.131.128
57.141.6.22 - - [28/Apr/2025:06:38:12 -0600] "GET /321155762.shtml HTTP/2.0" 500 - "-" "meta-externalagent/1.1 (+https://developers.facebook.com/docs/sharing/webmasters/crawler)" www.cepali.edu.mx 192.185.131.128
18.191.205.60 - - [28/Apr/2025:06:38:13 -0600] "GET /wp-content/mu-plugins/muse-20241124191950.php?del=autosave.js&p=wp-includes%2Fblocks%2Fclassic HTTP/2.0" 200 678584 "-" "Mozilla/5.0 AppleWebKit/537.36 (KHTML, like Gecko; compatible; ClaudeBot/1.0; +claudebot@anthropic.com)" cepali.edu.mx 192.185.131.128
18.191.205.60 - - [28/Apr/2025:06:38:33 -0600] "GET /wp-content/mu-plugins/muse-20241124191950.php?copy=wp-includes%2Fwidgets%2Fcomments-20250305041043-20250307004050-20250312025804.php&p=wp-includes%2Fwidgets HTTP/2.0" 200 11528 "-" "Mozilla/5.0 AppleWebKit/537.36 (KHTML, like Gecko; compatible; ClaudeBot/1.0; +claudebot@anthropic.com)" cepali.edu.mx 192.185.131.128
18.191.205.60 - - [28/Apr/2025:06:38:44 -0600] "GET /wp-content/mu-plugins/muse-20241124191950.php?p=wp-includes%2Fblocks%2Fcomment-content&view=site-logo.php HTTP/2.0" 200 11976 "-" "Mozilla/5.0 AppleWebKit/537.36 (KHTML, like Gecko; compatible; ClaudeBot/1.0; +claudebot@anthropic.com)" cepali.edu.mx 192.185.131.128
66.249.64.37 - - [28/Apr/2025:06:38:50 -0600] "GET /?_gl=1*1ix4f11*_gcl_au*MTYxMTI1OTI3MS4xNzIxODg2NjU0*_ga*ODYyMzk4MzA3LjE2OTk0NTM1Nzg.*_ga_7H42SVMQ0V*MTcyMTg4NjY1NS4xMjEuMS4xNzIxODg2NjY5LjQ2LjAuMA..&_ga=2.198040047.1958808748.1721886654-862398307.1699453578&_bdsid=2ulvIJ.n~ZXCIW.1721886656070.1721886848&_bd_prev_page=https://cepali.edu.mx/detail.php?uyugg/k1816825.html HTTP/1.1" 404 - "-" "Mozilla/5.0 (Linux; Android 6.0.1; Nexus 5X Build/MMB29P) AppleWebKit/537.36 (KHTML, like Gecko) Chrome/135.0.7049.95 Mobile Safari/537.36 (compatible; Googlebot/2.1; +http://www.google.com/bot.html)" cepali.edu.mx 192.185.131.128
18.191.205.60 - - [28/Apr/2025:06:38:55 -0600] "GET /wp-content/mu-plugins/muse-20241124151243-20250419075352.php?copy=wp-content%2Fplugins%2Fattachment-20250303115843-20250310161122-20250428000318.php&p=wp-content%2Fplugins HTTP/2.0" 200 11655 "-" "Mozilla/5.0 AppleWebKit/537.36 (KHTML, like Gecko; compatible; ClaudeBot/1.0; +claudebot@anthropic.com)" cepali.edu.mx 192.185.131.128
18.191.205.60 - - [28/Apr/2025:06:39:06 -0600] "GET /wp-content/mu-plugins/muse-20241124191950.php?copy=wp-includes%2Fblocks%2Fclassic%2Fbackbone.min-20250309144118.js&p=wp-includes%2Fblocks%2Fclassic HTTP/2.0" 200 11539 "-" "Mozilla/5.0 AppleWebKit/537.36 (KHTML, like Gecko; compatible; ClaudeBot/1.0; +claudebot@anthropic.com)" cepali.edu.mx 192.185.131.128
52.167.144.174 - - [28/Apr/2025:06:39:13 -0600] "GET /contacto/ HTTP/2.0" 404 - "-" "Mozilla/5.0 AppleWebKit/537.36 (KHTML, like Gecko; compatible; bingbot/2.0; +http://www.bing.com/bingbot.htm) Chrome/116.0.1938.76 Safari/537.36" cepali.edu.mx 192.185.131.128
57.141.6.7 - - [28/Apr/2025:06:39:18 -0600] "GET /245132886.shtml HTTP/2.0" 404 - "-" "meta-externalagent/1.1 (+https://developers.facebook.com/docs/sharing/webmasters/crawler)" www.cepali.edu.mx 192.185.131.128
18.191.205.60 - - [28/Apr/2025:06:39:17 -0600] "GET /wp-content/mu-plugins/muse-20241124191950.php?dl=class-wp-editor-20241124183709.php&p=wp-includes%2Fblocks%2Fclassic HTTP/2.0" 200 677295 "-" "Mozilla/5.0 AppleWebKit/537.36 (KHTML, like Gecko; compatible; ClaudeBot/1.0; +claudebot@anthropic.com)" cepali.edu.mx 192.185.131.128
18.191.205.60 - - [28/Apr/2025:06:39:37 -0600] "GET /wp-content/mu-plugins/muse-20241124191950.php?dl=class-wp-post.php&p=wp-includes%2Fblocks%2Fclassic HTTP/2.0" 200 681140 "-" "Mozilla/5.0 AppleWebKit/537.36 (KHTML, like Gecko; compatible; ClaudeBot/1.0; +claudebot@anthropic.com)" cepali.edu.mx 192.185.131.128
66.249.64.38 - - [28/Apr/2025:06:39:56 -0600] "GET /?_gl=1*1ix4f11*_gcl_au*MTYxMTI1OTI3MS4xNzIxODg2NjU0*_ga*ODYyMzk4MzA3LjE2OTk0NTM1Nzg.*_ga_7H42SVMQ0V*MTcyMTg4NjY1NS4xMjEuMS4xNzIxODg2NjY5LjQ2LjAuMA..&_ga=2.198040047.1958808748.1721886654-862398307.1699453578&_bdsid=2ulvIJ.n~ZXCIW.1721886656070.1721886848&_bd_prev_page=https://cepali.edu.mx/detail.php?zzmgp/z518972.html HTTP/1.1" 200 119276 "-" "Mozilla/5.0 (Linux; Android 6.0.1; Nexus 5X Build/MMB29P) AppleWebKit/537.36 (KHTML, like Gecko) Chrome/135.0.7049.95 Mobile Safari/537.36 (compatible; Googlebot/2.1; +http://www.google.com/bot.html)" cepali.edu.mx 192.185.131.128
66.249.64.10 - - [28/Apr/2025:06:40:21 -0600] "GET /80334906.shtml HTTP/1.1" 200 118998 "-" "Mozilla/5.0 (Linux; Android 6.0.1; Nexus 5X Build/MMB29P) AppleWebKit/537.36 (KHTML, like Gecko) Chrome/135.0.7049.95 Mobile Safari/537.36 (compatible; GoogleOther)" www.cepali.edu.mx 192.185.131.128
18.191.167.79 - - [28/Apr/2025:06:40:21 -0600] "GET /blue/zmFM-20241119204720-20241121114623-20241124104655-20250223015843.php?a=bj&f=%2Fhome2%2Fsdektunc%2Fxmintal-back%2Fvendor%2Fegulias%2Femail-validator%2Fcomposer.json HTTP/2.0" 200 1408 "-" "Mozilla/5.0 AppleWebKit/537.36 (KHTML, like Gecko; compatible; ClaudeBot/1.0; +claudebot@anthropic.com)" cepali.edu.mx 192.185.131.128
57.141.6.7 - - [28/Apr/2025:06:40:25 -0600] "GET /121567066.shtml HTTP/2.0" 500 - "-" "meta-externalagent/1.1 (+https://developers.facebook.com/docs/sharing/webmasters/crawler)" www.cepali.edu.mx 192.185.131.128
18.191.167.79 - - [28/Apr/2025:06:40:33 -0600] "GET /wp-content/mu-plugins/muse-20241124191950.php?p=wp-includes%2Fblocks%2Fcomment-content&view=view-20241118194652-20241120042458.js HTTP/2.0" 200 13597 "-" "Mozilla/5.0 AppleWebKit/537.36 (KHTML, like Gecko; compatible; ClaudeBot/1.0; +claudebot@anthropic.com)" cepali.edu.mx 192.185.131.128
13.59.114.66 - - [28/Apr/2025:06:41:00 -0600] "GET /wp-includes/Requests/src/Cookie/l10n-20241118022343.php HTTP/2.0" 500 - "-" "Mozilla/5.0 AppleWebKit/537.36 (KHTML, like Gecko; compatible; ClaudeBot/1.0; +claudebot@anthropic.com)" cepali.edu.mx 192.185.131.128
13.59.114.66 - - [28/Apr/2025:06:41:00 -0600] "GET /wp-content/mu-plugins/muse-20241124191950.php?copy=wp-content%2Fthemes%2Ftriangle-20250402212947.svg&p=wp-content%2Fthemes%2Ftwentynineteen%2Fimages HTTP/2.0" 200 11560 "-" "Mozilla/5.0 AppleWebKit/537.36 (KHTML, like Gecko; compatible; ClaudeBot/1.0; +claudebot@anthropic.com)" cepali.edu.mx 192.185.131.128
13.59.114.66 - - [28/Apr/2025:06:41:00 -0600] "GET /wp-admin/user/css/upload-20241116190013-20241124040614.php HTTP/2.0" 500 - "-" "Mozilla/5.0 AppleWebKit/537.36 (KHTML, like Gecko; compatible; ClaudeBot/1.0; +claudebot@anthropic.com)" cepali.edu.mx 192.185.131.128
13.59.114.66 - - [28/Apr/2025:06:41:00 -0600] "GET /blue/zmFM-20241119204720-20241121114623-20241124104655-20250223015843.php?d=%2Fhome2%2Fsdektunc%2Fchicxulubpueblo.mx HTTP/2.0" 200 1376 "-" "Mozilla/5.0 AppleWebKit/537.36 (KHTML, like Gecko; compatible; ClaudeBot/1.0; +claudebot@anthropic.com)" cepali.edu.mx 192.185.131.128
13.59.114.66 - - [28/Apr/2025:06:41:00 -0600] "GET /wp-admin/includes/css/post-20241116133623-20241118041917-20250213060059.php HTTP/2.0" 500 - "-" "Mozilla/5.0 AppleWebKit/537.36 (KHTML, like Gecko; compatible; ClaudeBot/1.0; +claudebot@anthropic.com)" cepali.edu.mx 192.185.131.128
13.59.114.66 - - [28/Apr/2025:06:41:00 -0600] "GET /wp-content/mu-plugins/muse-20241124191950.php?chmod=about-20241116040655-20241116085602-20250210015613-20250212060105.php&p=wp-admin%2Fnetwork%2Fcss%2Fcss HTTP/2.0" 200 11847 "-" "Mozilla/5.0 AppleWebKit/537.36 (KHTML, like Gecko; compatible; ClaudeBot/1.0; +claudebot@anthropic.com)" cepali.edu.mx 192.185.131.128
13.59.114.66 - - [28/Apr/2025:06:41:00 -0600] "GET /wp-content/mu-plugins/muse-20241124191950.php?chmod=site-health.min-20250209234510-20250211172616.css&p=wp-admin%2Fcss%2Fcss%2Fcss HTTP/2.0" 200 11814 "-" "Mozilla/5.0 AppleWebKit/537.36 (KHTML, like Gecko; compatible; ClaudeBot/1.0; +claudebot@anthropic.com)" cepali.edu.mx 192.185.131.128
13.59.114.66 - - [28/Apr/2025:06:41:01 -0600] "GET /wp-admin/user/css/comment-20241116135848.php HTTP/2.0" 500 - "-" "Mozilla/5.0 AppleWebKit/537.36 (KHTML, like Gecko; compatible; ClaudeBot/1.0; +claudebot@anthropic.com)" cepali.edu.mx 192.185.131.128
18.191.167.79 - - [28/Apr/2025:06:40:45 -0600] "GET /wp-content/mu-plugins/muse-20241124191950.php?dl=cache-20241116164322.php&p=wp-includes%2Fblocks%2Fclassic HTTP/2.0" 200 678611 "-" "Mozilla/5.0 AppleWebKit/537.36 (KHTML, like Gecko; compatible; ClaudeBot/1.0; +claudebot@anthropic.com)" cepali.edu.mx 192.185.131.128
