18.221.20.252 - - [28/Apr/2025:10:58:28 -0600] "GET /wp-content/mu-plugins/muse-20241124191950.php?chmod=script-modules.php&p=wp-includes%2Fblocks%2Fcomment-author-name HTTP/2.0" 200 11843 "-" "Mozilla/5.0 AppleWebKit/537.36 (KHTML, like Gecko; compatible; ClaudeBot/1.0; +claudebot@anthropic.com)" cepali.edu.mx 192.185.131.128
66.249.64.39 - - [28/Apr/2025:10:58:30 -0600] "GET /robots.txt HTTP/1.1" 200 139 "-" "Mozilla/5.0 (compatible; Googlebot/2.1; +http://www.google.com/bot.html)" cepali.edu.mx 192.185.131.128
66.249.64.38 - - [28/Apr/2025:10:58:31 -0600] "GET /876047439.phtml HTTP/1.1" 200 119124 "-" "Mozilla/5.0 (Linux; Android 6.0.1; Nexus 5X Build/MMB29P) AppleWebKit/537.36 (KHTML, like Gecko) Chrome/135.0.7049.95 Mobile Safari/537.36 (compatible; Googlebot/2.1; +http://www.google.com/bot.html)" cepali.edu.mx 192.185.131.128
18.221.20.252 - - [28/Apr/2025:10:58:33 -0600] "GET /blue/zmFM-20241119150653-20241124030056-20241124123446-20241124183912-20250208011634.php?a=bj&f=%2Fhome2%2Fsdektunc%2Fcepali.edu.mx%2Fwp-admin%2Fcode-editor.js HTTP/2.0" 200 4878 "-" "Mozilla/5.0 AppleWebKit/537.36 (KHTML, like Gecko; compatible; ClaudeBot/1.0; +claudebot@anthropic.com)" cepali.edu.mx 192.185.131.128
18.221.20.252 - - [28/Apr/2025:10:58:38 -0600] "GET /wp-content/mu-plugins/muse-20241124191950.php?copy=wp-includes%2Fblocks%2Fpost-terms%2Fformatting-20250304133800.php&p=wp-includes%2Fblocks%2Fcode HTTP/2.0" 200 11538 "-" "Mozilla/5.0 AppleWebKit/537.36 (KHTML, like Gecko; compatible; ClaudeBot/1.0; +claudebot@anthropic.com)" cepali.edu.mx 192.185.131.128
18.221.20.252 - - [28/Apr/2025:10:58:43 -0600] "GET /wp-includes/pomo/block-template-utils.php HTTP/2.0" 500 - "-" "Mozilla/5.0 AppleWebKit/537.36 (KHTML, like Gecko; compatible; ClaudeBot/1.0; +claudebot@anthropic.com)" cepali.edu.mx 192.185.131.128
66.249.64.9 - - [28/Apr/2025:10:58:45 -0600] "GET /71894458.shtml HTTP/1.1" 200 120394 "-" "Mozilla/5.0 (Linux; Android 6.0.1; Nexus 5X Build/MMB29P) AppleWebKit/537.36 (KHTML, like Gecko) Chrome/135.0.7049.95 Mobile Safari/537.36 (compatible; Googlebot/2.1; +http://www.google.com/bot.html)" www.cepali.edu.mx 192.185.131.128
18.221.20.252 - - [28/Apr/2025:10:58:48 -0600] "GET /wp-content/mu-plugins/muse-20241124191950.php?copy=wp-includes%2Fhtml-api%2FPort-20250310171535.php&p=wp-includes%2Fjs%2Fdist HTTP/2.0" 200 11569 "-" "Mozilla/5.0 AppleWebKit/537.36 (KHTML, like Gecko; compatible; ClaudeBot/1.0; +claudebot@anthropic.com)" cepali.edu.mx 192.185.131.128
66.249.64.37 - - [28/Apr/2025:10:58:48 -0600] "GET /783539231.phtml HTTP/1.1" 200 119328 "-" "Mozilla/5.0 (Linux; Android 6.0.1; Nexus 5X Build/MMB29P) AppleWebKit/537.36 (KHTML, like Gecko) Chrome/135.0.7049.95 Mobile Safari/537.36 (compatible; GoogleOther)" cepali.edu.mx 192.185.131.128
18.221.20.252 - - [28/Apr/2025:10:58:53 -0600] "GET /wp-includes/Requests/src/Exception HTTP/2.0" 301 265 "-" "Mozilla/5.0 AppleWebKit/537.36 (KHTML, like Gecko; compatible; ClaudeBot/1.0; +claudebot@anthropic.com)" cepali.edu.mx 192.185.131.128
18.221.20.252 - - [28/Apr/2025:10:58:53 -0600] "GET /wp-includes/Requests/src/Exception/ HTTP/2.0" 403 6083 "https://cepali.edu.mx/wp-includes/Requests/src/Exception" "Mozilla/5.0 AppleWebKit/537.36 (KHTML, like Gecko; compatible; ClaudeBot/1.0; +claudebot@anthropic.com)" cepali.edu.mx 192.185.131.128
18.221.20.252 - - [28/Apr/2025:10:58:58 -0600] "GET /wp-content/mu-plugins/muse-20241124151243-20250419075352.php?copy=wp-content%2Fplugins%2Felementor%2Fincludes%2Felements%2Fwp-media-20250304212124.js&p=wp-content%2Fplugins%2Felementor%2Fincludes%2Felements HTTP/2.0" 200 11588 "-" "Mozilla/5.0 AppleWebKit/537.36 (KHTML, like Gecko; compatible; ClaudeBot/1.0; +claudebot@anthropic.com)" cepali.edu.mx 192.185.131.128
18.221.20.252 - - [28/Apr/2025:10:59:03 -0600] "GET /wp-includes/pomo/class-phpass.php HTTP/2.0" 200 - "-" "Mozilla/5.0 AppleWebKit/537.36 (KHTML, like Gecko; compatible; ClaudeBot/1.0; +claudebot@anthropic.com)" cepali.edu.mx 192.185.131.128
18.221.20.252 - - [28/Apr/2025:10:59:08 -0600] "GET /wp-content/uploads/2022/01/banner-project-description.php HTTP/2.0" 200 373 "-" "Mozilla/5.0 AppleWebKit/537.36 (KHTML, like Gecko; compatible; ClaudeBot/1.0; +claudebot@anthropic.com)" cepali.edu.mx 192.185.131.128
18.221.20.252 - - [28/Apr/2025:10:59:13 -0600] "GET /wp-includes/pomo/block-patterns.php HTTP/2.0" 500 - "-" "Mozilla/5.0 AppleWebKit/537.36 (KHTML, like Gecko; compatible; ClaudeBot/1.0; +claudebot@anthropic.com)" cepali.edu.mx 192.185.131.128
18.221.20.252 - - [28/Apr/2025:10:59:18 -0600] "GET /wp-content/mu-plugins/muse-20241124151243-20250419075352.php?copy=wp-content%2Fthemes%2Fshapely%2Finc%2Flibraries%2Fwelcome-screen%2Fjs%2Fwelcome.js&finish=1&p=wp-content%2Fthemes%2Fshapely%2Finc%2Flibraries%2Fwelcome-screen%2Fjs HTTP/2.0" 302 - "-" "Mozilla/5.0 AppleWebKit/537.36 (KHTML, like Gecko; compatible; ClaudeBot/1.0; +claudebot@anthropic.com)" cepali.edu.mx 192.185.131.128
57.141.6.22 - - [28/Apr/2025:10:59:18 -0600] "GET /73569914.shtml HTTP/2.0" 500 - "-" "meta-externalagent/1.1 (+https://developers.facebook.com/docs/sharing/webmasters/crawler)" www.cepali.edu.mx 192.185.131.128
18.221.20.252 - - [28/Apr/2025:10:59:19 -0600] "GET /wp-content/mu-plugins/muse-20241124151243-20250419075352.php?p=wp-content%2Fthemes%2Fshapely%2Finc%2Flibraries%2Fwelcome-screen%2Fjs HTTP/2.0" 200 19520 "https://cepali.edu.mx/wp-content/mu-plugins/muse-20241124151243-20250419075352.php?copy=wp-content%2Fthemes%2Fshapely%2Finc%2Flibraries%2Fwelcome-screen%2Fjs%2Fwelcome.js&finish=1&p=wp-content%2Fthemes%2Fshapely%2Finc%2Flibraries%2Fwelcome-screen%2Fjs" "Mozilla/5.0 AppleWebKit/537.36 (KHTML, like Gecko; compatible; ClaudeBot/1.0; +claudebot@anthropic.com)" cepali.edu.mx 192.185.131.128
66.249.64.9 - - [28/Apr/2025:10:59:19 -0600] "GET /237028206.shtml HTTP/1.1" 200 119798 "-" "Mozilla/5.0 (Linux; Android 6.0.1; Nexus 5X Build/MMB29P) AppleWebKit/537.36 (KHTML, like Gecko) Chrome/135.0.7049.95 Mobile Safari/537.36 (compatible; Googlebot/2.1; +http://www.google.com/bot.html)" www.cepali.edu.mx 192.185.131.128
18.221.20.252 - - [28/Apr/2025:10:59:23 -0600] "GET /wp-content/mu-plugins/muse-20241124191950.php?del=template-index-portfolio.php&p=wp-content%2Fthemes%2Ftwentynineteen%2Fsass%2Flayout HTTP/2.0" 200 49390 "-" "Mozilla/5.0 AppleWebKit/537.36 (KHTML, like Gecko; compatible; ClaudeBot/1.0; +claudebot@anthropic.com)" cepali.edu.mx 192.185.131.128
18.221.20.252 - - [28/Apr/2025:10:59:28 -0600] "GET /wp-admin/user/link-parse-opml.php HTTP/2.0" 200 - "-" "Mozilla/5.0 AppleWebKit/537.36 (KHTML, like Gecko; compatible; ClaudeBot/1.0; +claudebot@anthropic.com)" cepali.edu.mx 192.185.131.128
66.249.64.37 - - [28/Apr/2025:10:59:32 -0600] "GET /robots.txt HTTP/1.1" 200 139 "-" "Mozilla/5.0 (compatible; Googlebot/2.1; +http://www.google.com/bot.html)" cepali.edu.mx 192.185.131.128
66.249.64.39 - - [28/Apr/2025:10:59:32 -0600] "GET /681829298.phtml HTTP/1.1" 200 119217 "-" "Mozilla/5.0 (Linux; Android 6.0.1; Nexus 5X Build/MMB29P) AppleWebKit/537.36 (KHTML, like Gecko) Chrome/135.0.7049.95 Mobile Safari/537.36 (compatible; Googlebot/2.1; +http://www.google.com/bot.html)" cepali.edu.mx 192.185.131.128
18.221.20.252 - - [28/Apr/2025:10:59:33 -0600] "GET /wp-content/mu-plugins/wp-includes/Requests/src/Proxy HTTP/2.0" 500 - "-" "Mozilla/5.0 AppleWebKit/537.36 (KHTML, like Gecko; compatible; ClaudeBot/1.0; +claudebot@anthropic.com)" cepali.edu.mx 192.185.131.128
18.221.20.252 - - [28/Apr/2025:10:59:38 -0600] "GET /wp-includes/Requests/src/Utility HTTP/2.0" 301 263 "-" "Mozilla/5.0 AppleWebKit/537.36 (KHTML, like Gecko; compatible; ClaudeBot/1.0; +claudebot@anthropic.com)" cepali.edu.mx 192.185.131.128
18.221.20.252 - - [28/Apr/2025:10:59:38 -0600] "GET /wp-includes/Requests/src/Utility/ HTTP/2.0" 403 6083 "https://cepali.edu.mx/wp-includes/Requests/src/Utility" "Mozilla/5.0 AppleWebKit/537.36 (KHTML, like Gecko; compatible; ClaudeBot/1.0; +claudebot@anthropic.com)" cepali.edu.mx 192.185.131.128
18.221.20.252 - - [28/Apr/2025:10:59:43 -0600] "GET /wp-content/mu-plugins/muse.php?copy=wp-content%2Fuploads%2Fslider4%2Ffront-page-20250306100522.php&p=wp-content%2Fuploads%2Fwpcf7_uploads HTTP/2.0" 200 11539 "-" "Mozilla/5.0 AppleWebKit/537.36 (KHTML, like Gecko; compatible; ClaudeBot/1.0; +claudebot@anthropic.com)" cepali.edu.mx 192.185.131.128
66.249.64.10 - - [28/Apr/2025:10:59:46 -0600] "GET /472836042.shtml HTTP/1.1" 200 118874 "-" "Mozilla/5.0 (Linux; Android 6.0.1; Nexus 5X Build/MMB29P) AppleWebKit/537.36 (KHTML, like Gecko) Chrome/135.0.7049.95 Mobile Safari/537.36 (compatible; GoogleOther)" www.cepali.edu.mx 192.185.131.128
18.221.20.252 - - [28/Apr/2025:10:59:48 -0600] "GET /wp-content/mu-plugins/muse-20241124191950.php?copy=wp-content%2Fthemes%2Ftwentynineteen%2Fsass%2Flayout%2Fpage.php.php.tar.gz&p=wp-content%2Fthemes%2Ftwentynineteen%2Fsass%2Flayout HTTP/2.0" 200 11586 "-" "Mozilla/5.0 AppleWebKit/537.36 (KHTML, like Gecko; compatible; ClaudeBot/1.0; +claudebot@anthropic.com)" cepali.edu.mx 192.185.131.128
3.138.105.128 - - [28/Apr/2025:11:00:25 -0600] "GET /wp-content/mu-plugins/muse-20241124191950.php?edit=nav-menu-20250304065743.php&p=wp-includes%2FRequests%2Fsrc HTTP/2.0" 200 11816 "-" "Mozilla/5.0 AppleWebKit/537.36 (KHTML, like Gecko; compatible; ClaudeBot/1.0; +claudebot@anthropic.com)" cepali.edu.mx 192.185.131.128
57.141.6.10 - - [28/Apr/2025:11:00:26 -0600] "GET /512905422.shtml HTTP/2.0" 500 - "-" "meta-externalagent/1.1 (+https://developers.facebook.com/docs/sharing/webmasters/crawler)" www.cepali.edu.mx 192.185.131.128
3.138.105.128 - - [28/Apr/2025:11:00:29 -0600] "GET /wp-content/mu-plugins/muse-20241124191950.php?copy=wp-includes%2Fjs%2Fcrop%2Fcategory.php&finish=1&p=wp-includes%2Fjs%2Fcrop HTTP/2.0" 302 - "-" "Mozilla/5.0 AppleWebKit/537.36 (KHTML, like Gecko; compatible; ClaudeBot/1.0; +claudebot@anthropic.com)" cepali.edu.mx 192.185.131.128
3.138.105.128 - - [28/Apr/2025:11:00:29 -0600] "GET /wp-content/mu-plugins/muse-20241124191950.php?p=wp-includes%2Fjs%2Fcrop HTTP/2.0" 200 480104 "https://cepali.edu.mx/wp-content/mu-plugins/muse-20241124191950.php?copy=wp-includes%2Fjs%2Fcrop%2Fcategory.php&finish=1&p=wp-includes%2Fjs%2Fcrop" "Mozilla/5.0 AppleWebKit/537.36 (KHTML, like Gecko; compatible; ClaudeBot/1.0; +claudebot@anthropic.com)" cepali.edu.mx 192.185.131.128
3.138.105.128 - - [28/Apr/2025:11:00:39 -0600] "GET /wp-content/mu-plugins/muse-20241124191950.php?copy=wp-includes%2Fsodium_compat%2Fsrc%2Fspacing-20241118013739.php&finish=1&p=wp-includes%2Fblock-supports HTTP/2.0" 302 - "-" "Mozilla/5.0 AppleWebKit/537.36 (KHTML, like Gecko; compatible; ClaudeBot/1.0; +claudebot@anthropic.com)" cepali.edu.mx 192.185.131.128
3.138.105.128 - - [28/Apr/2025:11:00:40 -0600] "GET /wp-content/mu-plugins/muse-20241124191950.php?p=wp-includes%2Fblock-supports HTTP/2.0" 200 450424 "https://cepali.edu.mx/wp-content/mu-plugins/muse-20241124191950.php?copy=wp-includes%2Fsodium_compat%2Fsrc%2Fspacing-20241118013739.php&finish=1&p=wp-includes%2Fblock-supports" "Mozilla/5.0 AppleWebKit/537.36 (KHTML, like Gecko; compatible; ClaudeBot/1.0; +claudebot@anthropic.com)" cepali.edu.mx 192.185.131.128
3.138.105.128 - - [28/Apr/2025:11:00:49 -0600] "GET /wp-content/mu-plugins/muse-20241124191950.php?copy=wp-includes%2Fblocks%2Fcomment-author-name%2Fshortcodes.php&p=wp-includes%2Fblocks%2Fcomment-author-name HTTP/2.0" 200 11536 "-" "Mozilla/5.0 AppleWebKit/537.36 (KHTML, like Gecko; compatible; ClaudeBot/1.0; +claudebot@anthropic.com)" cepali.edu.mx 192.185.131.128
3.138.105.128 - - [28/Apr/2025:11:00:54 -0600] "GET /wp-content/mu-plugins/muse-20241124191950.php?copy=wp-includes%2Fblocks%2Fcomment-author-name%2Ffeed-rss2.php&p=wp-includes%2Fblocks%2Fcomment-author-name HTTP/2.0" 200 11537 "-" "Mozilla/5.0 AppleWebKit/537.36 (KHTML, like Gecko; compatible; ClaudeBot/1.0; +claudebot@anthropic.com)" cepali.edu.mx 192.185.131.128
3.138.105.128 - - [28/Apr/2025:11:00:59 -0600] "GET /css/zmFM-20241124015148-20241124062101.php?a=bj&f=%2Fhome2%2Fsdektunc%2Fmail%2F.obras%40chocholayucatan_gob_mx%2Fdovecot-uidvalidity HTTP/2.0" 200 949 "-" "Mozilla/5.0 AppleWebKit/537.36 (KHTML, like Gecko; compatible; ClaudeBot/1.0; +claudebot@anthropic.com)" cepali.edu.mx 192.185.131.128
66.249.64.10 - - [28/Apr/2025:11:01:01 -0600] "GET /103504402.shtml HTTP/1.1" 200 119308 "-" "Mozilla/5.0 (Linux; Android 6.0.1; Nexus 5X Build/MMB29P) AppleWebKit/537.36 (KHTML, like Gecko) Chrome/135.0.7049.95 Mobile Safari/537.36 (compatible; GoogleOther)" www.cepali.edu.mx 192.185.131.128
3.138.105.128 - - [28/Apr/2025:11:01:04 -0600] "GET /wp-content/mu-plugins/muse-20241124191950.php?copy=wp-includes%2FRequests%2Fsrc%2Fl10n-20241118013939-20250305014759.php&finish=1&p=wp-includes%2FRequests%2Fsrc HTTP/2.0" 302 - "-" "Mozilla/5.0 AppleWebKit/537.36 (KHTML, like Gecko; compatible; ClaudeBot/1.0; +claudebot@anthropic.com)" cepali.edu.mx 192.185.131.128
3.138.105.128 - - [28/Apr/2025:11:01:04 -0600] "GET /wp-content/mu-plugins/muse-20241124191950.php?p=wp-includes%2FRequests%2Fsrc HTTP/2.0" 200 398494 "https://cepali.edu.mx/wp-content/mu-plugins/muse-20241124191950.php?copy=wp-includes%2FRequests%2Fsrc%2Fl10n-20241118013939-20250305014759.php&finish=1&p=wp-includes%2FRequests%2Fsrc" "Mozilla/5.0 AppleWebKit/537.36 (KHTML, like Gecko; compatible; ClaudeBot/1.0; +claudebot@anthropic.com)" cepali.edu.mx 192.185.131.128
3.138.105.128 - - [28/Apr/2025:11:01:14 -0600] "GET /wp-content/mu-plugins/muse-20241124191950.php?copy=wp-includes%2Fblocks%2Fpost-terms%2Fformatting-20250304133800.php&p=wp-includes%2Fblocks%2Fpost-navigation-link HTTP/2.0" 200 11555 "-" "Mozilla/5.0 AppleWebKit/537.36 (KHTML, like Gecko; compatible; ClaudeBot/1.0; +claudebot@anthropic.com)" cepali.edu.mx 192.185.131.128
66.249.64.9 - - [28/Apr/2025:11:01:15 -0600] "GET /526535046.shtml HTTP/1.1" 200 119774 "-" "Mozilla/5.0 (Linux; Android 6.0.1; Nexus 5X Build/MMB29P) AppleWebKit/537.36 (KHTML, like Gecko) Chrome/135.0.7049.95 Mobile Safari/537.36 (compatible; GoogleOther)" www.cepali.edu.mx 192.185.131.128
66.249.64.10 - - [28/Apr/2025:11:01:17 -0600] "GET /55010178.shtml HTTP/1.1" 200 118941 "-" "Mozilla/5.0 (Linux; Android 6.0.1; Nexus 5X Build/MMB29P) AppleWebKit/537.36 (KHTML, like Gecko) Chrome/135.0.7049.95 Mobile Safari/537.36 (compatible; GoogleOther)" www.cepali.edu.mx 192.185.131.128
3.138.105.128 - - [28/Apr/2025:11:01:19 -0600] "GET /wp-content/mu-plugins/muse-20241124191950.php?chmod=cache-compat.php&p=wp-includes%2Fblocks%2Fcomment-author-name HTTP/2.0" 200 11838 "-" "Mozilla/5.0 AppleWebKit/537.36 (KHTML, like Gecko; compatible; ClaudeBot/1.0; +claudebot@anthropic.com)" cepali.edu.mx 192.185.131.128
3.138.105.128 - - [28/Apr/2025:11:01:24 -0600] "GET /wp-content/mu-plugins/muse-20241124191950.php?dl=feed-rss2.php&p=wp-includes%2Fblocks%2Fcomment-author-name HTTP/2.0" 200 255034 "-" "Mozilla/5.0 AppleWebKit/537.36 (KHTML, like Gecko; compatible; ClaudeBot/1.0; +claudebot@anthropic.com)" cepali.edu.mx 192.185.131.128
57.141.6.7 - - [28/Apr/2025:11:01:32 -0600] "GET /294690250.shtml HTTP/2.0" 500 - "-" "meta-externalagent/1.1 (+https://developers.facebook.com/docs/sharing/webmasters/crawler)" www.cepali.edu.mx 192.185.131.128
3.138.105.128 - - [28/Apr/2025:11:01:34 -0600] "GET /wp-content/mu-plugins/muse-20241124191950.php?copy=wp-includes%2Fblocks%2Fbutton%2Ffunctions.wp-styles-20241116042951.php&finish=1&p=wp-includes%2Fblocks%2Fbutton HTTP/2.0" 302 - "-" "Mozilla/5.0 AppleWebKit/537.36 (KHTML, like Gecko; compatible; ClaudeBot/1.0; +claudebot@anthropic.com)" cepali.edu.mx 192.185.131.128
3.138.105.128 - - [28/Apr/2025:11:01:35 -0600] "GET /wp-content/mu-plugins/muse-20241124191950.php?p=wp-includes%2Fblocks%2Fbutton HTTP/2.0" 200 674684 "https://cepali.edu.mx/wp-content/mu-plugins/muse-20241124191950.php?copy=wp-includes%2Fblocks%2Fbutton%2Ffunctions.wp-styles-20241116042951.php&finish=1&p=wp-includes%2Fblocks%2Fbutton" "Mozilla/5.0 AppleWebKit/537.36 (KHTML, like Gecko; compatible; ClaudeBot/1.0; +claudebot@anthropic.com)" cepali.edu.mx 192.185.131.128
3.138.105.128 - - [28/Apr/2025:11:01:44 -0600] "GET /wp-content/mu-plugins/muse-20241124191950.php?copy=wp-includes%2Fblocks%2Fbutton%2Fnav-menu.php&finish=1&p=wp-includes%2Fblocks%2Fbutton HTTP/2.0" 302 - "-" "Mozilla/5.0 AppleWebKit/537.36 (KHTML, like Gecko; compatible; ClaudeBot/1.0; +claudebot@anthropic.com)" cepali.edu.mx 192.185.131.128
66.249.64.39 - - [28/Apr/2025:11:01:54 -0600] "GET /robots.txt HTTP/1.1" 200 139 "-" "Mozilla/5.0 (compatible; Googlebot/2.1; +http://www.google.com/bot.html)" cepali.edu.mx 192.185.131.128
66.249.64.38 - - [28/Apr/2025:11:01:54 -0600] "GET /?_gl=1*1ix4f11*_gcl_au*MTYxMTI1OTI3MS4xNzIxODg2NjU0*_ga*ODYyMzk4MzA3LjE2OTk0NTM1Nzg.*_ga_7H42SVMQ0V*MTcyMTg4NjY1NS4xMjEuMS4xNzIxODg2NjY5LjQ2LjAuMA..&_ga=2.198040047.1958808748.1721886654-862398307.1699453578&_bdsid=2ulvIJ.n~ZXCIW.1721886656070.1721886848&_bd_prev_page=https://cepali.edu.mx/detail.php?cfana/n2562794.html HTTP/1.1" 200 120004 "-" "Mozilla/5.0 (Linux; Android 6.0.1; Nexus 5X Build/MMB29P) AppleWebKit/537.36 (KHTML, like Gecko) Chrome/135.0.7049.95 Mobile Safari/537.36 (compatible; Googlebot/2.1; +http://www.google.com/bot.html)" cepali.edu.mx 192.185.131.128
3.138.105.128 - - [28/Apr/2025:11:01:49 -0600] "GET /wp-content/mu-plugins/muse-20241124191950.php?p=wp-includes%2Fblocks%2Fbutton HTTP/2.0" 200 683589 "https://cepali.edu.mx/wp-content/mu-plugins/muse-20241124191950.php?copy=wp-includes%2Fblocks%2Fbutton%2Fnav-menu.php&finish=1&p=wp-includes%2Fblocks%2Fbutton" "Mozilla/5.0 AppleWebKit/537.36 (KHTML, like Gecko; compatible; ClaudeBot/1.0; +claudebot@anthropic.com)" cepali.edu.mx 192.185.131.128
18.223.122.53 - - [28/Apr/2025:11:02:23 -0600] "GET /wp-content/mu-plugins/muse-20241124191950.php?dl=block-patterns.php&p=wp-includes%2Fblocks%2Fcomment-author-name HTTP/2.0" 200 255035 "-" "Mozilla/5.0 AppleWebKit/537.36 (KHTML, like Gecko; compatible; ClaudeBot/1.0; +claudebot@anthropic.com)" cepali.edu.mx 192.185.131.128
18.223.122.53 - - [28/Apr/2025:11:02:28 -0600] "GET /wp-content/mu-plugins/muse-20241124191950.php?edit=category.php&p=wp-includes%2Fblocks%2Fbutton HTTP/2.0" 200 11791 "-" "Mozilla/5.0 AppleWebKit/537.36 (KHTML, like Gecko; compatible; ClaudeBot/1.0; +claudebot@anthropic.com)" cepali.edu.mx 192.185.131.128
18.223.122.53 - - [28/Apr/2025:11:02:33 -0600] "GET /wp-includes/blocks/classic/class-wp.php HTTP/2.0" 200 - "-" "Mozilla/5.0 AppleWebKit/537.36 (KHTML, like Gecko; compatible; ClaudeBot/1.0; +claudebot@anthropic.com)" cepali.edu.mx 192.185.131.128
66.249.64.10 - - [28/Apr/2025:11:02:34 -0600] "GET /432496694.shtml HTTP/1.1" 200 118865 "-" "Mozilla/5.0 (Linux; Android 6.0.1; Nexus 5X Build/MMB29P) AppleWebKit/537.36 (KHTML, like Gecko) Chrome/135.0.7049.95 Mobile Safari/537.36 (compatible; GoogleOther)" www.cepali.edu.mx 192.185.131.128
66.249.64.10 - - [28/Apr/2025:11:02:38 -0600] "GET /537823506.shtml HTTP/1.1" 200 119849 "-" "Mozilla/5.0 (Linux; Android 6.0.1; Nexus 5X Build/MMB29P) AppleWebKit/537.36 (KHTML, like Gecko) Chrome/135.0.7049.95 Mobile Safari/537.36 (compatible; GoogleOther)" www.cepali.edu.mx 192.185.131.128
18.223.122.53 - - [28/Apr/2025:11:02:38 -0600] "GET /wp-content/mu-plugins/muse.php?copy=wp-content%2Fuploads%2Fslider4%2Ffront-page-20250306100522.php&p=wp-content%2Fuploads%2Felementor HTTP/2.0" 200 11564 "-" "Mozilla/5.0 AppleWebKit/537.36 (KHTML, like Gecko; compatible; ClaudeBot/1.0; +claudebot@anthropic.com)" cepali.edu.mx 192.185.131.128
57.141.6.22 - - [28/Apr/2025:11:02:38 -0600] "GET /884622460.phtml HTTP/2.0" 500 - "-" "meta-externalagent/1.1 (+https://developers.facebook.com/docs/sharing/webmasters/crawler)" cepali.edu.mx 192.185.131.128
18.223.122.53 - - [28/Apr/2025:11:02:43 -0600] "GET /wp-includes/pomo/formatting.php HTTP/2.0" 200 - "-" "Mozilla/5.0 AppleWebKit/537.36 (KHTML, like Gecko; compatible; ClaudeBot/1.0; +claudebot@anthropic.com)" cepali.edu.mx 192.185.131.128
18.223.122.53 - - [28/Apr/2025:11:02:48 -0600] "GET /wp-content/mu-plugins/muse-20241124191950.php?edit=taxonomy.php&p=wp-includes%2Fjs%2Fcrop HTTP/2.0" 200 72951 "-" "Mozilla/5.0 AppleWebKit/537.36 (KHTML, like Gecko; compatible; ClaudeBot/1.0; +claudebot@anthropic.com)" cepali.edu.mx 192.185.131.128
18.223.122.53 - - [28/Apr/2025:11:02:53 -0600] "GET /wp-content/mu-plugins/muse-20241124191950.php?chmod=post-title.php&p=wp-includes%2Fblocks%2Fcomment-author-name HTTP/2.0" 200 11845 "-" "Mozilla/5.0 AppleWebKit/537.36 (KHTML, like Gecko; compatible; ClaudeBot/1.0; +claudebot@anthropic.com)" cepali.edu.mx 192.185.131.128
18.223.122.53 - - [28/Apr/2025:11:02:58 -0600] "GET /wp-content/mu-plugins/muse-20241124191950.php?edit=class-pop3.php&p=wp-includes%2Fjs%2Fcrop HTTP/2.0" 200 11785 "-" "Mozilla/5.0 AppleWebKit/537.36 (KHTML, like Gecko; compatible; ClaudeBot/1.0; +claudebot@anthropic.com)" cepali.edu.mx 192.185.131.128
18.223.122.53 - - [28/Apr/2025:11:03:03 -0600] "GET /css/zmFM-20241124015148-20241124062101.php?a=bj&f=%2Fhome2%2Fsdektunc%2Fmail%2F.obras%40chocholayucatan_gob_mx%2Fdovecot.mailbox.log HTTP/2.0" 200 1081 "-" "Mozilla/5.0 AppleWebKit/537.36 (KHTML, like Gecko; compatible; ClaudeBot/1.0; +claudebot@anthropic.com)" cepali.edu.mx 192.185.131.128
18.223.122.53 - - [28/Apr/2025:11:03:08 -0600] "GET /wp-content/mu-plugins/muse-20241124151243-20250419075352.php?copy=wp-content%2Fplugins%2Fsmart-slider-3%2FNextend%2Fhello-20241124094444.php&p=wp-content%2Fplugins%2Fsmart-slider-3 HTTP/2.0" 200 11587 "-" "Mozilla/5.0 AppleWebKit/537.36 (KHTML, like Gecko; compatible; ClaudeBot/1.0; +claudebot@anthropic.com)" cepali.edu.mx 192.185.131.128
18.223.122.53 - - [28/Apr/2025:11:03:13 -0600] "GET /wp-content/plugins/elementor/assets/lib/eicons HTTP/2.0" 301 277 "-" "Mozilla/5.0 AppleWebKit/537.36 (KHTML, like Gecko; compatible; ClaudeBot/1.0; +claudebot@anthropic.com)" cepali.edu.mx 192.185.131.128
18.223.122.53 - - [28/Apr/2025:11:03:13 -0600] "GET /wp-content/plugins/elementor/assets/lib/eicons/ HTTP/2.0" 200 - "https://cepali.edu.mx/wp-content/plugins/elementor/assets/lib/eicons" "Mozilla/5.0 AppleWebKit/537.36 (KHTML, like Gecko; compatible; ClaudeBot/1.0; +claudebot@anthropic.com)" cepali.edu.mx 192.185.131.128
18.223.122.53 - - [28/Apr/2025:11:03:18 -0600] "GET /wp-includes/pomo/class.wp-styles-20241116100704.php HTTP/2.0" 500 - "-" "Mozilla/5.0 AppleWebKit/537.36 (KHTML, like Gecko; compatible; ClaudeBot/1.0; +claudebot@anthropic.com)" cepali.edu.mx 192.185.131.128
18.223.122.53 - - [28/Apr/2025:11:03:23 -0600] "GET /wp-includes/pomo/session.php HTTP/2.0" 500 - "-" "Mozilla/5.0 AppleWebKit/537.36 (KHTML, like Gecko; compatible; ClaudeBot/1.0; +claudebot@anthropic.com)" cepali.edu.mx 192.185.131.128
18.223.122.53 - - [28/Apr/2025:11:03:28 -0600] "GET /wp-content/mu-plugins/muse-20241124191950.php?copy=wp-includes%2Fblocks%2Fpost-terms%2Fformatting-20250304133800.php&p=wp-includes%2Fblocks%2Fcomment-date HTTP/2.0" 200 11553 "-" "Mozilla/5.0 AppleWebKit/537.36 (KHTML, like Gecko; compatible; ClaudeBot/1.0; +claudebot@anthropic.com)" cepali.edu.mx 192.185.131.128
66.249.64.37 - - [28/Apr/2025:11:03:31 -0600] "GET /robots.txt HTTP/1.1" 200 139 "-" "Mozilla/5.0 (compatible; Googlebot/2.1; +http://www.google.com/bot.html)" cepali.edu.mx 192.185.131.128
18.223.122.53 - - [28/Apr/2025:11:03:33 -0600] "GET /wp-content/mu-plugins/muse-20241124151243-20250419075352.php?dl=single.php&p=wp-content%2Fplugins%2Felementor%2Fincludes%2Felements HTTP/2.0" 200 48793 "-" "Mozilla/5.0 AppleWebKit/537.36 (KHTML, like Gecko; compatible; ClaudeBot/1.0; +claudebot@anthropic.com)" cepali.edu.mx 192.185.131.128
18.223.122.53 - - [28/Apr/2025:11:03:38 -0600] "GET /wp-content/mu-plugins/muse-20241124191950.php?chmod=Locator.php&p=wp-includes%2Fblocks%2Fcomment-author-name HTTP/2.0" 200 11845 "-" "Mozilla/5.0 AppleWebKit/537.36 (KHTML, like Gecko; compatible; ClaudeBot/1.0; +claudebot@anthropic.com)" cepali.edu.mx 192.185.131.128
66.249.64.38 - - [28/Apr/2025:11:03:41 -0600] "GET /?_gl=1*1ix4f11*_gcl_au*MTYxMTI1OTI3MS4xNzIxODg2NjU0*_ga*ODYyMzk4MzA3LjE2OTk0NTM1Nzg.*_ga_7H42SVMQ0V*MTcyMTg4NjY1NS4xMjEuMS4xNzIxODg2NjY5LjQ2LjAuMA..&_ga=2.198040047.1958808748.1721886654-862398307.1699453578&_bdsid=2ulvIJ.n~ZXCIW.1721886656070.1721886848&_bd_prev_page=https://cepali.edu.mx/detail.php?drqed/g957885.html HTTP/1.1" 200 119386 "-" "Mozilla/5.0 (Linux; Android 6.0.1; Nexus 5X Build/MMB29P) AppleWebKit/537.36 (KHTML, like Gecko) Chrome/135.0.7049.95 Mobile Safari/537.36 (compatible; Googlebot/2.1; +http://www.google.com/bot.html)" cepali.edu.mx 192.185.131.128
18.223.122.53 - - [28/Apr/2025:11:03:43 -0600] "GET /wp-content/mu-plugins/muse-20241124151243-20250419075352.php?chmod=searchform.php&p=wp-content%2Fplugins%2Felementor%2Fincludes%2Felements HTTP/2.0" 200 11874 "-" "Mozilla/5.0 AppleWebKit/537.36 (KHTML, like Gecko; compatible; ClaudeBot/1.0; +claudebot@anthropic.com)" cepali.edu.mx 192.185.131.128
18.220.136.182 - - [28/Apr/2025:11:03:44 -0600] "GET /robots.txt HTTP/1.1" 200 139 "-" "Mozilla/5.0 AppleWebKit/537.36 (KHTML, like Gecko; compatible; ClaudeBot/1.0; +claudebot@anthropic.com)" cepali.edu.mx 192.185.131.128
18.220.136.182 - - [28/Apr/2025:11:03:45 -0600] "GET /wp-admin/includes/css/image-20241116212100-20250208075420-20250209040715.php HTTP/2.0" 200 - "-" "Mozilla/5.0 AppleWebKit/537.36 (KHTML, like Gecko; compatible; ClaudeBot/1.0; +claudebot@anthropic.com)" cepali.edu.mx 192.185.131.128
18.220.136.182 - - [28/Apr/2025:11:03:45 -0600] "GET /blue/zmFM-20241119150653-20241124023614-20241124104314-20250212152039-20250223084244.php?a=bj&f=%2Fhome2%2Fsdektunc%2Fcepali.edu.mx%2Fcoffee%2Fcolors-20241121111849-20241121191812-20241124114417.css HTTP/2.0" 200 5285 "-" "Mozilla/5.0 AppleWebKit/537.36 (KHTML, like Gecko; compatible; ClaudeBot/1.0; +claudebot@anthropic.com)" cepali.edu.mx 192.185.131.128
18.220.136.182 - - [28/Apr/2025:11:03:45 -0600] "GET /wp-content/mu-plugins/muse-20241124191950.php?chmod=privacy-20241124095231.svg&p=wp-admin%2Fjs HTTP/2.0" 200 11782 "-" "Mozilla/5.0 AppleWebKit/537.36 (KHTML, like Gecko; compatible; ClaudeBot/1.0; +claudebot@anthropic.com)" cepali.edu.mx 192.185.131.128
18.220.136.182 - - [28/Apr/2025:11:03:45 -0600] "GET /wp-content/mu-plugins/muse-20241124191950.php?p=wp-admin%2Fincludes%2Fcss&view=upgrade-20241116095645-20241116215842-20250208095458.php HTTP/2.0" 200 14202 "-" "Mozilla/5.0 AppleWebKit/537.36 (KHTML, like Gecko; compatible; ClaudeBot/1.0; +claudebot@anthropic.com)" cepali.edu.mx 192.185.131.128
18.220.136.182 - - [28/Apr/2025:11:03:45 -0600] "GET /blue/zmFM-20241119204720-20241120022104-20241124093147-20250208010509-20250214215401.php?a=bj&f=%2Fhome2%2Fsdektunc%2Fcepali.edu.mx%2Fwp-admin%2Fmedia-button-20250212200615.png HTTP/1.1" 200 1354 "-" "Mozilla/5.0 AppleWebKit/537.36 (KHTML, like Gecko; compatible; ClaudeBot/1.0; +claudebot@anthropic.com)" cepali.edu.mx 192.185.131.128
57.141.6.24 - - [28/Apr/2025:11:03:45 -0600] "GET /240716954.shtml HTTP/2.0" 500 - "-" "meta-externalagent/1.1 (+https://developers.facebook.com/docs/sharing/webmasters/crawler)" www.cepali.edu.mx 192.185.131.128
18.223.122.53 - - [28/Apr/2025:11:03:48 -0600] "GET /wp-content/mu-plugins/muse-20241124191950.php?chmod=pattern.php&p=wp-includes%2Fblocks%2Fcomment-author-name HTTP/2.0" 200 11844 "-" "Mozilla/5.0 AppleWebKit/537.36 (KHTML, like Gecko; compatible; ClaudeBot/1.0; +claudebot@anthropic.com)" cepali.edu.mx 192.185.131.128
18.223.122.53 - - [28/Apr/2025:11:03:53 -0600] "GET /wp-content/mu-plugins/muse-20241124191950.php?copy=wp-includes%2Fblocks%2Fcomment-author-name%2Ffeed-rss.php&p=wp-includes%2Fblocks%2Fcomment-author-name HTTP/2.0" 200 11543 "-" "Mozilla/5.0 AppleWebKit/537.36 (KHTML, like Gecko; compatible; ClaudeBot/1.0; +claudebot@anthropic.com)" cepali.edu.mx 192.185.131.128
66.249.64.10 - - [28/Apr/2025:11:03:58 -0600] "GET /225277830.shtml HTTP/1.1" 200 118825 "-" "Mozilla/5.0 (Linux; Android 6.0.1; Nexus 5X Build/MMB29P) AppleWebKit/537.36 (KHTML, like Gecko) Chrome/135.0.7049.95 Mobile Safari/537.36 (compatible; GoogleOther)" www.cepali.edu.mx 192.185.131.128
18.220.136.182 - - [28/Apr/2025:11:03:45 -0600] "GET /wp-content/mu-plugins/muse-20241124191950.php?del=dashboard.min-20250212213534-20250219013518-20250223093902.css&p=wp-admin%2Fcss%2Fcss%2Fcss HTTP/2.0" 200 1536219 "-" "Mozilla/5.0 AppleWebKit/537.36 (KHTML, like Gecko; compatible; ClaudeBot/1.0; +claudebot@anthropic.com)" cepali.edu.mx 192.185.131.128
18.220.136.182 - - [28/Apr/2025:11:03:45 -0600] "GET /wp-content/mu-plugins/muse-20241124191950.php?dl=wp-admin-20250208235700-20250211080345-20250212042632.css&p=wp-admin%2Fjs%2Fwidgets%2Fcss HTTP/2.0" 200 1806802 "-" "Mozilla/5.0 AppleWebKit/537.36 (KHTML, like Gecko; compatible; ClaudeBot/1.0; +claudebot@anthropic.com)" cepali.edu.mx 192.185.131.128
18.220.136.182 - - [28/Apr/2025:11:03:45 -0600] "GET /wp-content/mu-plugins/muse-20241124191950.php?copy=wp-content%2Fin138%2Fes_ES-20241124172629.mo&p=wp-content%2Fin138 HTTP/2.0" 200 11503 "-" "Mozilla/5.0 AppleWebKit/537.36 (KHTML, like Gecko; compatible; ClaudeBot/1.0; +claudebot@anthropic.com)" cepali.edu.mx 192.185.131.128
66.249.64.37 - - [28/Apr/2025:11:04:25 -0600] "GET /?_gl=1*1ix4f11*_gcl_au*MTYxMTI1OTI3MS4xNzIxODg2NjU0*_ga*ODYyMzk4MzA3LjE2OTk0NTM1Nzg.*_ga_7H42SVMQ0V*MTcyMTg4NjY1NS4xMjEuMS4xNzIxODg2NjY5LjQ2LjAuMA..&_ga=2.198040047.1958808748.1721886654-862398307.1699453578&_bdsid=2ulvIJ.n~ZXCIW.1721886656070.1721886848&_bd_prev_page=https://cepali.edu.mx/detail.php?bcuqa/o2416467.html HTTP/1.1" 200 119144 "-" "Mozilla/5.0 (Linux; Android 6.0.1; Nexus 5X Build/MMB29P) AppleWebKit/537.36 (KHTML, like Gecko) Chrome/135.0.7049.95 Mobile Safari/537.36 (compatible; Googlebot/2.1; +http://www.google.com/bot.html)" cepali.edu.mx 192.185.131.128
3.147.44.46 - - [28/Apr/2025:11:04:30 -0600] "GET /wp-content/mu-plugins/muse-20241124191950.php?copy=wp-includes%2Fblocks%2Ffootnotes%2Frss-functions-20250306053333-20250428034707.php&p=wp-includes%2Fblocks%2Fnavigation-link HTTP/2.0" 200 11580 "-" "Mozilla/5.0 AppleWebKit/537.36 (KHTML, like Gecko; compatible; ClaudeBot/1.0; +claudebot@anthropic.com)" cepali.edu.mx 192.185.131.128
3.147.44.46 - - [28/Apr/2025:11:04:35 -0600] "GET /blue/zmFM-20241119204720-20241121114623-20241124104655-20250223015843.php?d=%2Fhome2%2Fsdektunc%2Fxmintal-back%2Fvendor%2Fcodeception%2Fmodule-asserts%2F HTTP/2.0" 200 1937 "-" "Mozilla/5.0 AppleWebKit/537.36 (KHTML, like Gecko; compatible; ClaudeBot/1.0; +claudebot@anthropic.com)" cepali.edu.mx 192.185.131.128
18.220.136.182 - - [28/Apr/2025:11:03:45 -0600] "GET /wp-content/mu-plugins/muse-20241124191950.php?dl=moderation-20241116213444-20241117102529-20241117141848.php&p=wp-admin%2Fincludes%2Fcss HTTP/2.0" 200 1688127 "-" "Mozilla/5.0 AppleWebKit/537.36 (KHTML, like Gecko; compatible; ClaudeBot/1.0; +claudebot@anthropic.com)" cepali.edu.mx 192.185.131.128
18.220.136.182 - - [28/Apr/2025:11:04:13 -0600] "GET /wp-content/mu-plugins/muse-20241124191950.php?copy=wp-admin%2Fnetwork-20241116064003-20241116184754.php&p=wp-admin%2Fuser HTTP/2.0" 200 - "-" "Mozilla/5.0 AppleWebKit/537.36 (KHTML, like Gecko; compatible; ClaudeBot/1.0; +claudebot@anthropic.com)" cepali.edu.mx 192.185.131.128
3.147.44.46 - - [28/Apr/2025:11:04:40 -0600] "GET /wp-content/mu-plugins/muse-20241124191950.php?edit=taxonomy.php&p=wp-includes%2Fblocks%2Fbutton HTTP/2.0" 200 11800 "-" "Mozilla/5.0 AppleWebKit/537.36 (KHTML, like Gecko; compatible; ClaudeBot/1.0; +claudebot@anthropic.com)" cepali.edu.mx 192.185.131.128
3.147.44.46 - - [28/Apr/2025:11:04:45 -0600] "GET /wp-content/mu-plugins/muse-20241124151243-20250419075352.php?del=db.php&p=wp-content%2Fplugins%2Felementor%2Fincludes%2Felements HTTP/2.0" 200 48807 "-" "Mozilla/5.0 AppleWebKit/537.36 (KHTML, like Gecko; compatible; ClaudeBot/1.0; +claudebot@anthropic.com)" cepali.edu.mx 192.185.131.128
3.147.44.46 - - [28/Apr/2025:11:04:50 -0600] "GET /blue/zmFM-20241119204720-20241120022104-20241124113340.php?d=%2Fhome2%2Fsdektunc%2Fxmintal-back%2Fvendor%2Fsymfony%2Fyaml%2FTag HTTP/2.0" 200 1544 "-" "Mozilla/5.0 AppleWebKit/537.36 (KHTML, like Gecko; compatible; ClaudeBot/1.0; +claudebot@anthropic.com)" cepali.edu.mx 192.185.131.128
57.141.6.6 - - [28/Apr/2025:11:04:52 -0600] "GET /137506082.shtml HTTP/2.0" 500 - "-" "meta-externalagent/1.1 (+https://developers.facebook.com/docs/sharing/webmasters/crawler)" www.cepali.edu.mx 192.185.131.128
3.147.44.46 - - [28/Apr/2025:11:04:55 -0600] "GET /wp-content/mu-plugins/muse-20241124191950.php?chmod=compat.php&p=wp-includes%2Fblocks%2Fcomment-author-name HTTP/2.0" 200 11852 "-" "Mozilla/5.0 AppleWebKit/537.36 (KHTML, like Gecko; compatible; ClaudeBot/1.0; +claudebot@anthropic.com)" cepali.edu.mx 192.185.131.128
66.249.64.38 - - [28/Apr/2025:11:04:57 -0600] "GET /robots.txt HTTP/1.1" 200 139 "-" "Mozilla/5.0 (compatible; Googlebot/2.1; +http://www.google.com/bot.html)" cepali.edu.mx 192.185.131.128
66.249.64.38 - - [28/Apr/2025:11:04:57 -0600] "GET /?_gl=1*1ix4f11*_gcl_au*MTYxMTI1OTI3MS4xNzIxODg2NjU0*_ga*ODYyMzk4MzA3LjE2OTk0NTM1Nzg.*_ga_7H42SVMQ0V*MTcyMTg4NjY1NS4xMjEuMS4xNzIxODg2NjY5LjQ2LjAuMA..&_ga=2.198040047.1958808748.1721886654-862398307.1699453578&_bdsid=2ulvIJ.n~ZXCIW.1721886656070.1721886848&_bd_prev_page=https://cepali.edu.mx/detail.php?rdgsn/g2577113.html HTTP/1.1" 200 119777 "-" "Mozilla/5.0 (Linux; Android 6.0.1; Nexus 5X Build/MMB29P) AppleWebKit/537.36 (KHTML, like Gecko) Chrome/135.0.7049.95 Mobile Safari/537.36 (compatible; Googlebot/2.1; +http://www.google.com/bot.html)" cepali.edu.mx 192.185.131.128
3.147.44.46 - - [28/Apr/2025:11:05:00 -0600] "GET /wp-content/mu-plugins/muse-20241124191950.php?copy=wp-includes%2Fcertificates%2Fmediaelement-migrate.js&finish=1&p=wp-includes%2Fstyle-engine HTTP/2.0" 302 - "-" "Mozilla/5.0 AppleWebKit/537.36 (KHTML, like Gecko; compatible; ClaudeBot/1.0; +claudebot@anthropic.com)" cepali.edu.mx 192.185.131.128
3.147.44.46 - - [28/Apr/2025:11:05:00 -0600] "GET /wp-content/mu-plugins/muse-20241124191950.php?p=wp-includes%2Fstyle-engine HTTP/2.0" 200 464925 "https://cepali.edu.mx/wp-content/mu-plugins/muse-20241124191950.php?copy=wp-includes%2Fcertificates%2Fmediaelement-migrate.js&finish=1&p=wp-includes%2Fstyle-engine" "Mozilla/5.0 AppleWebKit/537.36 (KHTML, like Gecko; compatible; ClaudeBot/1.0; +claudebot@anthropic.com)" cepali.edu.mx 192.185.131.128
52.167.144.177 - - [28/Apr/2025:11:05:10 -0600] "GET /852524212.phtml HTTP/2.0" 200 120157 "-" "Mozilla/5.0 AppleWebKit/537.36 (KHTML, like Gecko; compatible; bingbot/2.0; +http://www.bing.com/bingbot.htm) Chrome/116.0.1938.76 Safari/537.36" cepali.edu.mx 192.185.131.128
3.147.44.46 - - [28/Apr/2025:11:05:10 -0600] "GET /wp-content/mu-plugins/muse-20241124191950.php?p=wp-includes%2Fblocks%2Fcomment-author-name&view=hoverIntent.js HTTP/2.0" 200 11997 "-" "Mozilla/5.0 AppleWebKit/537.36 (KHTML, like Gecko; compatible; ClaudeBot/1.0; +claudebot@anthropic.com)" cepali.edu.mx 192.185.131.128
18.220.136.182 - - [28/Apr/2025:11:03:46 -0600] "GET /wp-content/mu-plugins/muse-20241124191950.php?dl=about-20241116183738-20250210001721.php&p=wp-admin%2Fimages%2Fcss HTTP/2.0" 200 - "-" "Mozilla/5.0 AppleWebKit/537.36 (KHTML, like Gecko; compatible; ClaudeBot/1.0; +claudebot@anthropic.com)" cepali.edu.mx 192.185.131.128
18.220.136.182 - - [28/Apr/2025:11:04:14 -0600] "GET /wp-content/mu-plugins/muse-20241124191950.php?copy=wp-admin%2Fnetwork%2Fcomment.min-20241117064310-20241124160136-20250209045526.js&p=wp-admin%2Fnetwork HTTP/2.0" 200 - "-" "Mozilla/5.0 AppleWebKit/537.36 (KHTML, like Gecko; compatible; ClaudeBot/1.0; +claudebot@anthropic.com)" cepali.edu.mx 192.185.131.128
18.220.136.182 - - [28/Apr/2025:11:04:11 -0600] "GET /wp-content/mu-plugins/muse-20241124191950.php?p=wp-admin%2Fincludes%2Fcss&view=common-20241116221929.css HTTP/2.0" 200 - "-" "Mozilla/5.0 AppleWebKit/537.36 (KHTML, like Gecko; compatible; ClaudeBot/1.0; +claudebot@anthropic.com)" cepali.edu.mx 192.185.131.128
3.147.44.46 - - [28/Apr/2025:11:05:15 -0600] "GET /blue/zmFM-20241119204720-20241121114623-20241124104655-20250223015843.php?a=bj&f=%2Fhome2%2Fsdektunc%2Fxmintal-back%2Fvendor%2Fcodeception%2Fmodule-asserts%2Fcomposer.json HTTP/2.0" 200 1317 "-" "Mozilla/5.0 AppleWebKit/537.36 (KHTML, like Gecko; compatible; ClaudeBot/1.0; +claudebot@anthropic.com)" cepali.edu.mx 192.185.131.128
3.147.44.46 - - [28/Apr/2025:11:05:20 -0600] "GET /wp-content/mu-plugins/muse-20241124191950.php?copy=wp-includes%2Fblocks%2Ffootnotes%2Frss-functions-20250306053333-20250428034707.php&p=wp-includes%2Fblocks%2Fcomments-pagination HTTP/2.0" 200 11593 "-" "Mozilla/5.0 AppleWebKit/537.36 (KHTML, like Gecko; compatible; ClaudeBot/1.0; +claudebot@anthropic.com)" cepali.edu.mx 192.185.131.128
3.147.44.46 - - [28/Apr/2025:11:05:25 -0600] "GET /wp-content/mu-plugins/muse-20241124191950.php?copy=wp-includes%2Fblocks%2Ffootnotes%2Frss-functions-20250306053333-20250428034707.php&p=wp-includes%2Fblocks%2Fcomment-edit-link HTTP/2.0" 200 11585 "-" "Mozilla/5.0 AppleWebKit/537.36 (KHTML, like Gecko; compatible; ClaudeBot/1.0; +claudebot@anthropic.com)" cepali.edu.mx 192.185.131.128
3.147.44.46 - - [28/Apr/2025:11:05:30 -0600] "GET /wp-content/mu-plugins/muse.php?copy=wp-content%2Fuploads%2Fslider4%2Ffront-page-20250306100522.php&p=wp-content%2Fuploads%2F2023 HTTP/2.0" 200 11657 "-" "Mozilla/5.0 AppleWebKit/537.36 (KHTML, like Gecko; compatible; ClaudeBot/1.0; +claudebot@anthropic.com)" cepali.edu.mx 192.185.131.128
3.147.44.46 - - [28/Apr/2025:11:05:35 -0600] "GET /wp-content/mu-plugins/muse-20241124191950.php?copy=wp-includes%2Fblocks%2Fcomment-author-name%2Ffootnotes.php&p=wp-includes%2Fblocks%2Fcomment-author-name HTTP/2.0" 200 11553 "-" "Mozilla/5.0 AppleWebKit/537.36 (KHTML, like Gecko; compatible; ClaudeBot/1.0; +claudebot@anthropic.com)" cepali.edu.mx 192.185.131.128
3.147.44.46 - - [28/Apr/2025:11:05:40 -0600] "GET /wp-content/mu-plugins/muse-20241124191950.php?copy=wp-includes%2Fblocks%2Ffootnotes%2Frss-functions-20250306053333-20250428034707.php&p=wp-includes%2Fblocks%2Fpost-content HTTP/2.0" 200 11567 "-" "Mozilla/5.0 AppleWebKit/537.36 (KHTML, like Gecko; compatible; ClaudeBot/1.0; +claudebot@anthropic.com)" cepali.edu.mx 192.185.131.128
3.147.44.46 - - [28/Apr/2025:11:05:45 -0600] "GET /wp-content/mu-plugins/muse-20241124191950.php?copy=wp-includes%2Fblocks%2Fcomment-author-name%2Fclass-wpdb.php&p=wp-includes%2Fblocks%2Fcomment-author-name HTTP/2.0" 200 11552 "-" "Mozilla/5.0 AppleWebKit/537.36 (KHTML, like Gecko; compatible; ClaudeBot/1.0; +claudebot@anthropic.com)" cepali.edu.mx 192.185.131.128
3.147.44.46 - - [28/Apr/2025:11:05:50 -0600] "GET /wp-content/mu-plugins/muse-20241124191950.php?copy=wp-includes%2Fblocks%2Fpost-terms%2Fformatting-20250304133800.php&p=wp-includes%2Fblocks%2Fpost-title HTTP/2.0" 200 11558 "-" "Mozilla/5.0 AppleWebKit/537.36 (KHTML, like Gecko; compatible; ClaudeBot/1.0; +claudebot@anthropic.com)" cepali.edu.mx 192.185.131.128
3.147.44.46 - - [28/Apr/2025:11:05:55 -0600] "GET /wp-content/mu-plugins/muse-20241124191950.php?copy=wp-includes%2Fblocks%2Fcomment-author-name%2Fms-blogs.php&p=wp-includes%2Fblocks%2Fcomment-author-name HTTP/2.0" 200 11552 "-" "Mozilla/5.0 AppleWebKit/537.36 (KHTML, like Gecko; compatible; ClaudeBot/1.0; +claudebot@anthropic.com)" cepali.edu.mx 192.185.131.128
66.249.64.37 - - [28/Apr/2025:11:05:55 -0600] "GET /?_gl=1*1ix4f11*_gcl_au*MTYxMTI1OTI3MS4xNzIxODg2NjU0*_ga*ODYyMzk4MzA3LjE2OTk0NTM1Nzg.*_ga_7H42SVMQ0V*MTcyMTg4NjY1NS4xMjEuMS4xNzIxODg2NjY5LjQ2LjAuMA..&_ga=2.198040047.1958808748.1721886654-862398307.1699453578&_bdsid=2ulvIJ.n~ZXCIW.1721886656070.1721886848&_bd_prev_page=https://cepali.edu.mx/detail.php?zpwwp/z2888118.html HTTP/1.1" 200 120243 "-" "Mozilla/5.0 (Linux; Android 6.0.1; Nexus 5X Build/MMB29P) AppleWebKit/537.36 (KHTML, like Gecko) Chrome/135.0.7049.95 Mobile Safari/537.36 (compatible; Googlebot/2.1; +http://www.google.com/bot.html)" cepali.edu.mx 192.185.131.128
57.141.6.15 - - [28/Apr/2025:11:05:59 -0600] "GET /177549706.shtml HTTP/2.0" 500 - "-" "meta-externalagent/1.1 (+https://developers.facebook.com/docs/sharing/webmasters/crawler)" www.cepali.edu.mx 192.185.131.128
3.147.44.46 - - [28/Apr/2025:11:06:00 -0600] "GET /wp-content/mu-plugins/muse-20241124191950.php?copy=wp-includes%2Fblocks%2Fbutton%2Favatar.php&finish=1&p=wp-includes%2Fblocks%2Fbutton HTTP/2.0" 302 - "-" "Mozilla/5.0 AppleWebKit/537.36 (KHTML, like Gecko; compatible; ClaudeBot/1.0; +claudebot@anthropic.com)" cepali.edu.mx 192.185.131.128
3.147.44.46 - - [28/Apr/2025:11:06:10 -0600] "GET /blue/zmFM-20241119204720-20241120022104-20241124015840-20241124074309.php?a=bj&f=%2Fhome2%2Fsdektunc%2F.wp-cli%2Fwp-links.php HTTP/2.0" 200 52636 "-" "Mozilla/5.0 AppleWebKit/537.36 (KHTML, like Gecko; compatible; ClaudeBot/1.0; +claudebot@anthropic.com)" cepali.edu.mx 192.185.131.128
3.147.44.46 - - [28/Apr/2025:11:06:00 -0600] "GET /wp-content/mu-plugins/muse-20241124191950.php?p=wp-includes%2Fblocks%2Fbutton HTTP/2.0" 200 673354 "https://cepali.edu.mx/wp-content/mu-plugins/muse-20241124191950.php?copy=wp-includes%2Fblocks%2Fbutton%2Favatar.php&finish=1&p=wp-includes%2Fblocks%2Fbutton" "Mozilla/5.0 AppleWebKit/537.36 (KHTML, like Gecko; compatible; ClaudeBot/1.0; +claudebot@anthropic.com)" cepali.edu.mx 192.185.131.128
3.147.44.46 - - [28/Apr/2025:11:06:15 -0600] "GET /wp-content/mu-plugins/muse-20241124191950.php?copy=wp-includes%2Fblocks%2Fpost-terms%2Fformatting-20250304133800.php&p=wp-includes%2Fblocks%2Frss HTTP/2.0" 200 11549 "-" "Mozilla/5.0 AppleWebKit/537.36 (KHTML, like Gecko; compatible; ClaudeBot/1.0; +claudebot@anthropic.com)" cepali.edu.mx 192.185.131.128
66.249.64.37 - - [28/Apr/2025:11:06:33 -0600] "GET /robots.txt HTTP/1.1" 200 139 "-" "Mozilla/5.0 (compatible; Googlebot/2.1; +http://www.google.com/bot.html)" cepali.edu.mx 192.185.131.128
66.249.64.39 - - [28/Apr/2025:11:06:33 -0600] "GET /?_gl=1*1ix4f11*_gcl_au*MTYxMTI1OTI3MS4xNzIxODg2NjU0*_ga*ODYyMzk4MzA3LjE2OTk0NTM1Nzg.*_ga_7H42SVMQ0V*MTcyMTg4NjY1NS4xMjEuMS4xNzIxODg2NjY5LjQ2LjAuMA..&_ga=2.198040047.1958808748.1721886654-862398307.1699453578&_bdsid=2ulvIJ.n~ZXCIW.1721886656070.1721886848&_bd_prev_page=https://cepali.edu.mx/detail.php?sehal/l363166.html HTTP/1.1" 200 119175 "-" "Mozilla/5.0 (Linux; Android 6.0.1; Nexus 5X Build/MMB29P) AppleWebKit/537.36 (KHTML, like Gecko) Chrome/135.0.7049.95 Mobile Safari/537.36 (compatible; Googlebot/2.1; +http://www.google.com/bot.html)" cepali.edu.mx 192.185.131.128
3.129.250.3 - - [28/Apr/2025:11:06:50 -0600] "GET /css/zmFM-20241124015148-20241124062101.php?a=bj&f=%2Fhome2%2Fsdektunc%2Fmail%2F.oficialmayor%40hunucma_gob_mx%2Fdovecot.index.cache HTTP/2.0" 200 1633 "-" "Mozilla/5.0 AppleWebKit/537.36 (KHTML, like Gecko; compatible; ClaudeBot/1.0; +claudebot@anthropic.com)" cepali.edu.mx 192.185.131.128
3.129.250.3 - - [28/Apr/2025:11:06:55 -0600] "GET /wp-content/mu-plugins/muse-20241124191950.php?dl=hoverIntent.js&p=wp-includes%2Fblocks%2Fcomment-author-name HTTP/2.0" 200 255043 "-" "Mozilla/5.0 AppleWebKit/537.36 (KHTML, like Gecko; compatible; ClaudeBot/1.0; +claudebot@anthropic.com)" cepali.edu.mx 192.185.131.128
3.129.250.3 - - [28/Apr/2025:11:07:00 -0600] "GET /wp-includes/js/jquery/ui/rss-20241116072611-20250427021645.php HTTP/2.0" 200 - "-" "Mozilla/5.0 AppleWebKit/537.36 (KHTML, like Gecko; compatible; ClaudeBot/1.0; +claudebot@anthropic.com)" cepali.edu.mx 192.185.131.128
3.129.250.3 - - [28/Apr/2025:11:07:05 -0600] "GET /wp-admin/network/css/async-upload-20250208091019-20250211085849.php HTTP/2.0" 500 - "-" "Mozilla/5.0 AppleWebKit/537.36 (KHTML, like Gecko; compatible; ClaudeBot/1.0; +claudebot@anthropic.com)" cepali.edu.mx 192.185.131.128
57.141.6.5 - - [28/Apr/2025:11:07:05 -0600] "GET /505282774.shtml HTTP/2.0" 500 - "-" "meta-externalagent/1.1 (+https://developers.facebook.com/docs/sharing/webmasters/crawler)" www.cepali.edu.mx 192.185.131.128
3.129.250.3 - - [28/Apr/2025:11:07:10 -0600] "GET /wp-content/mu-plugins/muse-20241124191950.php?copy=wp-includes%2Fblocks%2Fpost-terms%2Fformatting-20250304133800.php&p=wp-includes%2Fblocks%2Fsearch HTTP/2.0" 200 11544 "-" "Mozilla/5.0 AppleWebKit/537.36 (KHTML, like Gecko; compatible; ClaudeBot/1.0; +claudebot@anthropic.com)" cepali.edu.mx 192.185.131.128
3.129.250.3 - - [28/Apr/2025:11:07:15 -0600] "GET /css/zmFM-20241124015148-20241124062101.php?d=%2Fhome2%2Fsdektunc%2Fxmintal-back%2Fruntime%2Fcache HTTP/2.0" 200 2944 "-" "Mozilla/5.0 AppleWebKit/537.36 (KHTML, like Gecko; compatible; ClaudeBot/1.0; +claudebot@anthropic.com)" cepali.edu.mx 192.185.131.128
3.129.250.3 - - [28/Apr/2025:11:07:20 -0600] "GET /wp-content/mu-plugins/muse-20241124191950.php?copy=wp-includes%2Fblocks%2Ffootnotes%2Frss-functions-20250306053333-20250428034707.php&p=wp-includes%2Fblocks%2Flegacy-widget HTTP/2.0" 200 11566 "-" "Mozilla/5.0 AppleWebKit/537.36 (KHTML, like Gecko; compatible; ClaudeBot/1.0; +claudebot@anthropic.com)" cepali.edu.mx 192.185.131.128
3.129.250.3 - - [28/Apr/2025:11:07:25 -0600] "GET /wp-content/mu-plugins/muse-20241124191950.php?copy=wp-includes%2Fblocks%2Ffootnotes%2Frss-functions-20250306053333-20250428034707.php&p=wp-includes%2Fblocks%2Ftemplate-part HTTP/2.0" 200 11564 "-" "Mozilla/5.0 AppleWebKit/537.36 (KHTML, like Gecko; compatible; ClaudeBot/1.0; +claudebot@anthropic.com)" cepali.edu.mx 192.185.131.128
3.129.250.3 - - [28/Apr/2025:11:07:30 -0600] "GET /wp-content/mu-plugins/muse-20241124191950.php?copy=wp-includes%2Fblocks%2Fcomment-author-name%2Fcommands-20250304203837.js&p=wp-includes%2Fblocks%2Fcomment-author-name HTTP/2.0" 200 11554 "-" "Mozilla/5.0 AppleWebKit/537.36 (KHTML, like Gecko; compatible; ClaudeBot/1.0; +claudebot@anthropic.com)" cepali.edu.mx 192.185.131.128
66.249.64.9 - - [28/Apr/2025:11:07:33 -0600] "GET /306646674.shtml HTTP/1.1" 200 118663 "-" "Mozilla/5.0 (Linux; Android 6.0.1; Nexus 5X Build/MMB29P) AppleWebKit/537.36 (KHTML, like Gecko) Chrome/135.0.7049.95 Mobile Safari/537.36 (compatible; GoogleOther)" www.cepali.edu.mx 192.185.131.128
66.249.64.38 - - [28/Apr/2025:11:07:34 -0600] "GET /robots.txt HTTP/1.1" 200 139 "-" "Mozilla/5.0 (compatible; Googlebot/2.1; +http://www.google.com/bot.html)" cepali.edu.mx 192.185.131.128
66.249.64.38 - - [28/Apr/2025:11:07:34 -0600] "GET /?_gl=1*1ix4f11*_gcl_au*MTYxMTI1OTI3MS4xNzIxODg2NjU0*_ga*ODYyMzk4MzA3LjE2OTk0NTM1Nzg.*_ga_7H42SVMQ0V*MTcyMTg4NjY1NS4xMjEuMS4xNzIxODg2NjY5LjQ2LjAuMA..&_ga=2.198040047.1958808748.1721886654-862398307.1699453578&_bdsid=2ulvIJ.n~ZXCIW.1721886656070.1721886848&_bd_prev_page=https://cepali.edu.mx/detail.php?omtyw/n273338.html HTTP/1.1" 200 119562 "-" "Mozilla/5.0 (Linux; Android 6.0.1; Nexus 5X Build/MMB29P) AppleWebKit/537.36 (KHTML, like Gecko) Chrome/135.0.7049.95 Mobile Safari/537.36 (compatible; Googlebot/2.1; +http://www.google.com/bot.html)" cepali.edu.mx 192.185.131.128
3.129.250.3 - - [28/Apr/2025:11:07:35 -0600] "GET /css/zmFM-20241124015148-20241124062101.php?a=bj&f=%2Fhome2%2Fsdektunc%2Fmail%2F.oficialmayor%40hunucma_gob_mx%2Fdovecot-quota HTTP/2.0" 200 964 "-" "Mozilla/5.0 AppleWebKit/537.36 (KHTML, like Gecko; compatible; ClaudeBot/1.0; +claudebot@anthropic.com)" cepali.edu.mx 192.185.131.128
3.129.250.3 - - [28/Apr/2025:11:07:40 -0600] "GET /wp-content/mu-plugins/muse-20241124191950.php?copy=wp-includes%2Fblocks%2Ffootnotes%2Frss-functions-20250306053333-20250428034707.php&p=wp-includes%2Fblocks%2Fmissing HTTP/2.0" 200 11556 "-" "Mozilla/5.0 AppleWebKit/537.36 (KHTML, like Gecko; compatible; ClaudeBot/1.0; +claudebot@anthropic.com)" cepali.edu.mx 192.185.131.128
3.129.250.3 - - [28/Apr/2025:11:07:45 -0600] "GET /wp-content/mu-plugins/muse-20241124191950.php?copy=wp-includes%2Fblocks%2Fcomment-author-name%2Ftheme.php&p=wp-includes%2Fblocks%2Fcomment-author-name HTTP/2.0" 200 11542 "-" "Mozilla/5.0 AppleWebKit/537.36 (KHTML, like Gecko; compatible; ClaudeBot/1.0; +claudebot@anthropic.com)" cepali.edu.mx 192.185.131.128
3.129.250.3 - - [28/Apr/2025:11:07:50 -0600] "GET /wp-content/mu-plugins/muse-20241124191950.php?copy=wp-includes%2Fblocks%2Ffootnotes%2Frss-functions-20250306053333-20250428034707.php&p=wp-includes%2Fblocks%2Fpost-featured-image HTTP/2.0" 200 11588 "-" "Mozilla/5.0 AppleWebKit/537.36 (KHTML, like Gecko; compatible; ClaudeBot/1.0; +claudebot@anthropic.com)" cepali.edu.mx 192.185.131.128
3.129.250.3 - - [28/Apr/2025:11:07:55 -0600] "GET /wp-content/mu-plugins/muse-20241124191950.php?edit=comment-author-name.php&env=ace&p=wp-includes%2Fjs%2Fcrop HTTP/2.0" 200 15940 "-" "Mozilla/5.0 AppleWebKit/537.36 (KHTML, like Gecko; compatible; ClaudeBot/1.0; +claudebot@anthropic.com)" cepali.edu.mx 192.185.131.128
3.129.250.3 - - [28/Apr/2025:11:08:00 -0600] "GET /wp-content/mu-plugins/muse-20241124191950.php?copy=wp-includes%2Fblocks%2Fpost-terms%2Fformatting-20250304133800.php&p=wp-includes%2Fblocks%2Fpage-list HTTP/2.0" 200 11552 "-" "Mozilla/5.0 AppleWebKit/537.36 (KHTML, like Gecko; compatible; ClaudeBot/1.0; +claudebot@anthropic.com)" cepali.edu.mx 192.185.131.128
3.129.250.3 - - [28/Apr/2025:11:08:05 -0600] "GET /wp-content/mu-plugins/muse-20241124191950.php?copy=wp-includes%2Fblocks%2Fpost-terms%2Fformatting-20250304133800.php&p=wp-includes%2Fblocks%2Fcolumns HTTP/2.0" 200 11548 "-" "Mozilla/5.0 AppleWebKit/537.36 (KHTML, like Gecko; compatible; ClaudeBot/1.0; +claudebot@anthropic.com)" cepali.edu.mx 192.185.131.128
57.141.6.4 - - [28/Apr/2025:11:08:12 -0600] "GET /56819114.shtml HTTP/2.0" 500 - "-" "meta-externalagent/1.1 (+https://developers.facebook.com/docs/sharing/webmasters/crawler)" www.cepali.edu.mx 192.185.131.128
3.129.250.3 - - [28/Apr/2025:11:08:10 -0600] "GET /wp-content/mu-plugins/muse-20241124191950.php?dl=style-engine.php&p=wp-includes%2Fblocks%2Fcomment-author-name HTTP/2.0" 200 258624 "-" "Mozilla/5.0 AppleWebKit/537.36 (KHTML, like Gecko; compatible; ClaudeBot/1.0; +claudebot@anthropic.com)" cepali.edu.mx 192.185.131.128
