18.223.238.183 - - [28/Apr/2025:08:55:22 -0600] "GET /wp-content/mu-plugins/muse-20241124191950.php?copy=wp-includes%2Fjs%2Fcrop%2Fblocks-20241117033355-20241117082547.php&p=wp-includes%2Fjs%2Fcrop HTTP/2.0" 200 11523 "-" "Mozilla/5.0 AppleWebKit/537.36 (KHTML, like Gecko; compatible; ClaudeBot/1.0; +claudebot@anthropic.com)" cepali.edu.mx 192.185.131.128
18.223.238.183 - - [28/Apr/2025:08:55:27 -0600] "GET /wp-content/mu-plugins/muse-20241124191950.php?p=wp-includes%2Fjs%2Fcrop&view=taxonomy.php HTTP/2.0" 200 73084 "-" "Mozilla/5.0 AppleWebKit/537.36 (KHTML, like Gecko; compatible; ClaudeBot/1.0; +claudebot@anthropic.com)" cepali.edu.mx 192.185.131.128
18.223.238.183 - - [28/Apr/2025:08:55:32 -0600] "GET /wp-content/mu-plugins/muse-20241124191950.php?p=wp-includes%2Fjs%2Fcrop&view=class-pop3.php HTTP/2.0" 200 11942 "-" "Mozilla/5.0 AppleWebKit/537.36 (KHTML, like Gecko; compatible; ClaudeBot/1.0; +claudebot@anthropic.com)" cepali.edu.mx 192.185.131.128
18.223.238.183 - - [28/Apr/2025:08:55:37 -0600] "GET /wp-content/mu-plugins/muse-20241124191950.php?chmod=view.min-20250306131331.js&p=wp-includes%2Fjs%2Fcrop HTTP/2.0" 200 11804 "-" "Mozilla/5.0 AppleWebKit/537.36 (KHTML, like Gecko; compatible; ClaudeBot/1.0; +claudebot@anthropic.com)" cepali.edu.mx 192.185.131.128
18.223.238.183 - - [28/Apr/2025:08:55:42 -0600] "GET /wp-content/mu-plugins/muse-20241124191950.php?p=wp-includes%2Fblocks%2Fcomments-pagination-numbers&view=session.php HTTP/2.0" 200 11979 "-" "Mozilla/5.0 AppleWebKit/537.36 (KHTML, like Gecko; compatible; ClaudeBot/1.0; +claudebot@anthropic.com)" cepali.edu.mx 192.185.131.128
18.223.238.183 - - [28/Apr/2025:08:55:47 -0600] "GET /wp-content/mu-plugins/muse-20241124191950.php?del=meta-20241117104207.php&p=wp-includes%2FRequests%2Fsrc HTTP/2.0" 200 392724 "-" "Mozilla/5.0 AppleWebKit/537.36 (KHTML, like Gecko; compatible; ClaudeBot/1.0; +claudebot@anthropic.com)" cepali.edu.mx 192.185.131.128
18.223.238.183 - - [28/Apr/2025:08:55:57 -0600] "GET /wp-content/mu-plugins/muse-20241124191950.php?p=wp-includes%2Fjs%2Fcrop&view=script-modules-20250304192849.php HTTP/2.0" 200 11959 "-" "Mozilla/5.0 AppleWebKit/537.36 (KHTML, like Gecko; compatible; ClaudeBot/1.0; +claudebot@anthropic.com)" cepali.edu.mx 192.185.131.128
57.141.6.24 - - [28/Apr/2025:08:55:59 -0600] "GET /21125246.shtml HTTP/2.0" 500 - "-" "meta-externalagent/1.1 (+https://developers.facebook.com/docs/sharing/webmasters/crawler)" www.cepali.edu.mx 192.185.131.128
18.223.238.183 - - [28/Apr/2025:08:56:02 -0600] "GET /wp-content/mu-plugins/muse-20241124191950.php?chmod=mce-view-20241116043845-20250306061504.js&p=wp-includes%2FRequests%2Fsrc HTTP/2.0" 200 11829 "-" "Mozilla/5.0 AppleWebKit/537.36 (KHTML, like Gecko; compatible; ClaudeBot/1.0; +claudebot@anthropic.com)" cepali.edu.mx 192.185.131.128
18.223.238.183 - - [28/Apr/2025:08:56:07 -0600] "GET /wp-content/mu-plugins/muse-20241124191950.php?dl=shortcodes-20241118215319.php&p=wp-includes%2Fjs%2Fcrop HTTP/2.0" 200 478228 "-" "Mozilla/5.0 AppleWebKit/537.36 (KHTML, like Gecko; compatible; ClaudeBot/1.0; +claudebot@anthropic.com)" cepali.edu.mx 192.185.131.128
18.223.238.183 - - [28/Apr/2025:08:56:17 -0600] "GET /wp-content/mu-plugins/muse-20241124191950.php?del=sitemaps-20241117155351.php&p=wp-includes%2FRequests%2Fsrc HTTP/2.0" 200 392724 "-" "Mozilla/5.0 AppleWebKit/537.36 (KHTML, like Gecko; compatible; ClaudeBot/1.0; +claudebot@anthropic.com)" cepali.edu.mx 192.185.131.128
3.133.116.221 - - [28/Apr/2025:08:56:52 -0600] "GET /wp-content/mu-plugins/muse-20241124191950.php?copy=wp-includes%2Fblocks%2Fpost-terms%2Flatest-comments-20241117133847-20241118012503.php&p=wp-includes%2Fblocks HTTP/2.0" 200 12635 "-" "Mozilla/5.0 AppleWebKit/537.36 (KHTML, like Gecko; compatible; ClaudeBot/1.0; +claudebot@anthropic.com)" cepali.edu.mx 192.185.131.128
57.141.6.18 - - [28/Apr/2025:08:57:06 -0600] "GET /532530366.shtml HTTP/2.0" 500 - "-" "meta-externalagent/1.1 (+https://developers.facebook.com/docs/sharing/webmasters/crawler)" www.cepali.edu.mx 192.185.131.128
3.133.116.221 - - [28/Apr/2025:08:57:06 -0600] "GET /wp-content/mu-plugins/muse.php?copy=wp-content%2Fthemes%2Ftwentytwentythree%2Ftemplates%2Ferror_log-20241124034038.&p=wp-content%2Fthemes%2Ftwentytwenty%2Fassets HTTP/2.0" 200 - "-" "Mozilla/5.0 AppleWebKit/537.36 (KHTML, like Gecko; compatible; ClaudeBot/1.0; +claudebot@anthropic.com)" cepali.edu.mx 192.185.131.128
3.133.116.221 - - [28/Apr/2025:08:57:07 -0600] "GET /wp-content/mu-plugins/muse-20241124191950.php?p=wp-includes%2FRequests%2Fsrc&view=feed-20250304065253.php HTTP/2.0" 200 11973 "-" "Mozilla/5.0 AppleWebKit/537.36 (KHTML, like Gecko; compatible; ClaudeBot/1.0; +claudebot@anthropic.com)" cepali.edu.mx 192.185.131.128
3.133.116.221 - - [28/Apr/2025:08:57:12 -0600] "GET /wp-content/mu-plugins/muse-20241124191950.php?p=wp-includes%2FRequests%2Fsrc&view=block-20250306174220.php HTTP/2.0" 200 11975 "-" "Mozilla/5.0 AppleWebKit/537.36 (KHTML, like Gecko; compatible; ClaudeBot/1.0; +claudebot@anthropic.com)" cepali.edu.mx 192.185.131.128
3.133.116.221 - - [28/Apr/2025:08:57:17 -0600] "GET /wp-content/mu-plugins/muse-20241124191950.php?chmod=class-wp-role-20241116050813.php&p=wp-includes%2Fjs%2Fcrop HTTP/2.0" 200 11815 "-" "Mozilla/5.0 AppleWebKit/537.36 (KHTML, like Gecko; compatible; ClaudeBot/1.0; +claudebot@anthropic.com)" cepali.edu.mx 192.185.131.128
3.133.116.221 - - [28/Apr/2025:08:57:22 -0600] "GET /wp-content/mu-plugins/muse-20241124191950.php?dl=wp-embed-template-20241124121049.js&p=wp-includes%2Fjs%2Fcrop HTTP/2.0" 200 478236 "-" "Mozilla/5.0 AppleWebKit/537.36 (KHTML, like Gecko; compatible; ClaudeBot/1.0; +claudebot@anthropic.com)" cepali.edu.mx 192.185.131.128
3.133.116.221 - - [28/Apr/2025:08:57:27 -0600] "GET /wp-content/mu-plugins/muse-20241124191950.php?dl=template-loader-20241116182538.php&p=wp-includes%2Fblocks%2Fsite-title HTTP/2.0" 200 478969 "-" "Mozilla/5.0 AppleWebKit/537.36 (KHTML, like Gecko; compatible; ClaudeBot/1.0; +claudebot@anthropic.com)" cepali.edu.mx 192.185.131.128
3.133.116.221 - - [28/Apr/2025:08:57:37 -0600] "GET /wp-content/mu-plugins/muse-20241124191950.php?chmod=view-20241119104709.js&p=wp-includes%2Fblocks%2Fsite-title HTTP/2.0" 200 11832 "-" "Mozilla/5.0 AppleWebKit/537.36 (KHTML, like Gecko; compatible; ClaudeBot/1.0; +claudebot@anthropic.com)" cepali.edu.mx 192.185.131.128
3.133.116.221 - - [28/Apr/2025:08:57:42 -0600] "GET /wp-content/mu-plugins/muse-20241124191950.php?edit=freedoms-20250226212256-20250228083743-20250228170817.php&env=ace&p=wp-admin%2Fcss%2Fcss%2Fcss%2Fcss%2Fcss%2Fcss%2Fcss%2Fcss%2Fcss HTTP/2.0" 200 15160 "-" "Mozilla/5.0 AppleWebKit/537.36 (KHTML, like Gecko; compatible; ClaudeBot/1.0; +claudebot@anthropic.com)" cepali.edu.mx 192.185.131.128
3.133.116.221 - - [28/Apr/2025:08:57:47 -0600] "GET /wp-content/mu-plugins/muse-20241124191950.php?p=wp-includes%2Fblocks%2Fcomments-pagination-numbers&view=Crypto32.php HTTP/2.0" 200 11992 "-" "Mozilla/5.0 AppleWebKit/537.36 (KHTML, like Gecko; compatible; ClaudeBot/1.0; +claudebot@anthropic.com)" cepali.edu.mx 192.185.131.128
3.133.116.221 - - [28/Apr/2025:08:57:52 -0600] "GET /wp-content/mu-plugins/muse-20241124191950.php?copy=wp-includes%2Fjs%2Fcrop%2Fcommands-20241119051728-20241120052244-20250304081407.js&p=wp-includes%2Fjs%2Fcrop HTTP/2.0" 200 11544 "-" "Mozilla/5.0 AppleWebKit/537.36 (KHTML, like Gecko; compatible; ClaudeBot/1.0; +claudebot@anthropic.com)" cepali.edu.mx 192.185.131.128
3.133.116.221 - - [28/Apr/2025:08:57:57 -0600] "GET /wp-content/mu-plugins/muse-20241124191950.php?chmod=option-20241120053902.php&p=wp-includes%2Fblocks%2Fsite-title HTTP/2.0" 200 11832 "-" "Mozilla/5.0 AppleWebKit/537.36 (KHTML, like Gecko; compatible; ClaudeBot/1.0; +claudebot@anthropic.com)" cepali.edu.mx 192.185.131.128
3.133.116.221 - - [28/Apr/2025:08:58:02 -0600] "GET /wp-content/mu-plugins/muse-20241124191950.php?copy=wp-includes%2Fblocks%2Fpost-terms%2Fheading-20250304131356.php&finish=1&p=wp-includes%2Fblocks%2Fpost-terms HTTP/2.0" 302 - "-" "Mozilla/5.0 AppleWebKit/537.36 (KHTML, like Gecko; compatible; ClaudeBot/1.0; +claudebot@anthropic.com)" cepali.edu.mx 192.185.131.128
57.141.6.29 - - [28/Apr/2025:08:58:12 -0600] "GET /446158466.shtml HTTP/2.0" 500 - "-" "meta-externalagent/1.1 (+https://developers.facebook.com/docs/sharing/webmasters/crawler)" www.cepali.edu.mx 192.185.131.128
3.133.116.221 - - [28/Apr/2025:08:58:02 -0600] "GET /wp-content/mu-plugins/muse-20241124191950.php?p=wp-includes%2Fblocks%2Fpost-terms HTTP/2.0" 200 490961 "https://cepali.edu.mx/wp-content/mu-plugins/muse-20241124191950.php?copy=wp-includes%2Fblocks%2Fpost-terms%2Fheading-20250304131356.php&finish=1&p=wp-includes%2Fblocks%2Fpost-terms" "Mozilla/5.0 AppleWebKit/537.36 (KHTML, like Gecko; compatible; ClaudeBot/1.0; +claudebot@anthropic.com)" cepali.edu.mx 192.185.131.128
3.133.116.221 - - [28/Apr/2025:08:58:12 -0600] "GET /wp-content/mu-plugins/muse-20241124191950.php?copy=wp-includes%2FRequests%2Fsrc%2Fblock-20250303193847-20250306140249.json&p=wp-includes%2FRequests%2Fsrc HTTP/2.0" 200 11643 "-" "Mozilla/5.0 AppleWebKit/537.36 (KHTML, like Gecko; compatible; ClaudeBot/1.0; +claudebot@anthropic.com)" cepali.edu.mx 192.185.131.128
3.133.116.221 - - [28/Apr/2025:08:58:17 -0600] "GET /wp-content/mu-plugins/muse-20241124191950.php?chmod=BLAKE2b-20250311025709.php&p=wp-includes%2Fjs%2Fcrop HTTP/2.0" 200 11814 "-" "Mozilla/5.0 AppleWebKit/537.36 (KHTML, like Gecko; compatible; ClaudeBot/1.0; +claudebot@anthropic.com)" cepali.edu.mx 192.185.131.128
3.133.116.221 - - [28/Apr/2025:08:58:22 -0600] "GET /blue/zmFM-20241119150653-20241121115913-20241124014107-20241124065827-20250212152752-20250223080805.php?a=bj&f=%2Fhome2%2Fsdektunc%2Ftestcors.sdektun.com%2Fcomponents%2Findex.html HTTP/2.0" 200 950 "-" "Mozilla/5.0 AppleWebKit/537.36 (KHTML, like Gecko; compatible; ClaudeBot/1.0; +claudebot@anthropic.com)" cepali.edu.mx 192.185.131.128
3.133.116.221 - - [28/Apr/2025:08:58:27 -0600] "GET /css/zmFM-20241124015148-20241124062101.php?d=%2Fhome2%2Fsdektunc%2Fxmintal-back%2Fmail%2F HTTP/2.0" 200 1416 "-" "Mozilla/5.0 AppleWebKit/537.36 (KHTML, like Gecko; compatible; ClaudeBot/1.0; +claudebot@anthropic.com)" cepali.edu.mx 192.185.131.128
3.133.116.221 - - [28/Apr/2025:08:58:32 -0600] "GET /wp-content/mu-plugins/muse-20241124191950.php?chmod=fakejshint-20241117161227.js&p=wp-includes%2Fblocks%2Fcomments-pagination-numbers HTTP/2.0" 200 11872 "-" "Mozilla/5.0 AppleWebKit/537.36 (KHTML, like Gecko; compatible; ClaudeBot/1.0; +claudebot@anthropic.com)" cepali.edu.mx 192.185.131.128
3.133.116.221 - - [28/Apr/2025:08:58:37 -0600] "GET /wp-content/mu-plugins/muse-20241124191950.php?chmod=footnotes-20241120042122.php&p=wp-includes%2Fjs%2Fcrop HTTP/2.0" 200 11814 "-" "Mozilla/5.0 AppleWebKit/537.36 (KHTML, like Gecko; compatible; ClaudeBot/1.0; +claudebot@anthropic.com)" cepali.edu.mx 192.185.131.128
3.133.116.221 - - [28/Apr/2025:08:58:42 -0600] "GET /wp-content/mu-plugins/muse.php?dl=upgrade-20250404222005.php&p=wp-content%2Fuploads%2F2024%2F09 HTTP/2.0" 200 55182 "-" "Mozilla/5.0 AppleWebKit/537.36 (KHTML, like Gecko; compatible; ClaudeBot/1.0; +claudebot@anthropic.com)" cepali.edu.mx 192.185.131.128
3.133.116.221 - - [28/Apr/2025:08:58:47 -0600] "GET /wp-content/mu-plugins/muse.php?copy=wp-content%2Fuploads%2F2022%2Fattachment-20250303115843.php&finish=1&p=wp-content%2Fuploads%2F2022 HTTP/2.0" 302 - "-" "Mozilla/5.0 AppleWebKit/537.36 (KHTML, like Gecko; compatible; ClaudeBot/1.0; +claudebot@anthropic.com)" cepali.edu.mx 192.185.131.128
3.133.116.221 - - [28/Apr/2025:08:58:47 -0600] "GET /wp-content/mu-plugins/muse.php?p=wp-content%2Fuploads%2F2022 HTTP/2.0" 200 121007 "https://cepali.edu.mx/wp-content/mu-plugins/muse.php?copy=wp-content%2Fuploads%2F2022%2Fattachment-20250303115843.php&finish=1&p=wp-content%2Fuploads%2F2022" "Mozilla/5.0 AppleWebKit/537.36 (KHTML, like Gecko; compatible; ClaudeBot/1.0; +claudebot@anthropic.com)" cepali.edu.mx 192.185.131.128
3.133.116.221 - - [28/Apr/2025:08:58:52 -0600] "GET /wp-content/mu-plugins/muse-20241124191950.php?del=customize-base.min-20250306043000.js&p=wp-includes%2Fblocks%2Fsite-title HTTP/2.0" 200 482843 "-" "Mozilla/5.0 AppleWebKit/537.36 (KHTML, like Gecko; compatible; ClaudeBot/1.0; +claudebot@anthropic.com)" cepali.edu.mx 192.185.131.128
57.141.6.26 - - [28/Apr/2025:08:59:18 -0600] "GET /438499534.shtml HTTP/2.0" 500 - "-" "meta-externalagent/1.1 (+https://developers.facebook.com/docs/sharing/webmasters/crawler)" www.cepali.edu.mx 192.185.131.128
18.216.141.19 - - [28/Apr/2025:08:59:28 -0600] "GET /wp-content/mu-plugins/muse.php?copy=wp-content%2Fthemes%2Ftwentytwentythree%2Ftemplates%2Ferror_log-20241124034038.&finish=1&p=wp-content%2Fthemes%2Fedufication HTTP/2.0" 302 - "-" "Mozilla/5.0 AppleWebKit/537.36 (KHTML, like Gecko; compatible; ClaudeBot/1.0; +claudebot@anthropic.com)" cepali.edu.mx 192.185.131.128
18.216.141.19 - - [28/Apr/2025:08:59:28 -0600] "GET /wp-content/mu-plugins/muse.php?p=wp-content%2Fthemes%2Fedufication HTTP/2.0" 200 148212 "https://cepali.edu.mx/wp-content/mu-plugins/muse.php?copy=wp-content%2Fthemes%2Ftwentytwentythree%2Ftemplates%2Ferror_log-20241124034038.&finish=1&p=wp-content%2Fthemes%2Fedufication" "Mozilla/5.0 AppleWebKit/537.36 (KHTML, like Gecko; compatible; ClaudeBot/1.0; +claudebot@anthropic.com)" cepali.edu.mx 192.185.131.128
18.216.141.19 - - [28/Apr/2025:08:59:32 -0600] "GET /wp-content/mu-plugins/muse-20241124191950.php?del=commands-20250306103529.js&p=wp-includes%2Fblocks%2Fclassic HTTP/2.0" 200 676236 "-" "Mozilla/5.0 AppleWebKit/537.36 (KHTML, like Gecko; compatible; ClaudeBot/1.0; +claudebot@anthropic.com)" cepali.edu.mx 192.185.131.128
18.216.141.19 - - [28/Apr/2025:08:59:43 -0600] "GET /wp-content/mu-plugins/muse-20241124191950.php?copy=wp-includes%2Fblocks%2Fmedia-text%2FCache-20250305020959.php&finish=1&p=wp-includes%2Fblocks%2Fnavigation HTTP/2.0" 302 - "-" "Mozilla/5.0 AppleWebKit/537.36 (KHTML, like Gecko; compatible; ClaudeBot/1.0; +claudebot@anthropic.com)" cepali.edu.mx 192.185.131.128
66.249.64.11 - - [28/Apr/2025:08:59:49 -0600] "GET /523537950.shtml HTTP/1.1" 200 119429 "-" "Mozilla/5.0 (Linux; Android 6.0.1; Nexus 5X Build/MMB29P) AppleWebKit/537.36 (KHTML, like Gecko) Chrome/135.0.7049.95 Mobile Safari/537.36 (compatible; GoogleOther)" www.cepali.edu.mx 192.185.131.128
18.216.141.19 - - [28/Apr/2025:08:59:43 -0600] "GET /wp-content/mu-plugins/muse-20241124191950.php?p=wp-includes%2Fblocks%2Fnavigation HTTP/2.0" 200 642865 "https://cepali.edu.mx/wp-content/mu-plugins/muse-20241124191950.php?copy=wp-includes%2Fblocks%2Fmedia-text%2FCache-20250305020959.php&finish=1&p=wp-includes%2Fblocks%2Fnavigation" "Mozilla/5.0 AppleWebKit/537.36 (KHTML, like Gecko; compatible; ClaudeBot/1.0; +claudebot@anthropic.com)" cepali.edu.mx 192.185.131.128
66.249.64.38 - - [28/Apr/2025:08:59:52 -0600] "GET /872004660.phtml HTTP/1.1" 200 119221 "-" "Mozilla/5.0 (Linux; Android 6.0.1; Nexus 5X Build/MMB29P) AppleWebKit/537.36 (KHTML, like Gecko) Chrome/135.0.7049.95 Mobile Safari/537.36 (compatible; GoogleOther)" cepali.edu.mx 192.185.131.128
18.216.141.19 - - [28/Apr/2025:08:59:52 -0600] "GET /wp-content/mu-plugins/muse-20241124191950.php?chmod=functions-20241117112246-20241118135110.php&p=wp-includes%2Fblocks%2Fsite-title HTTP/2.0" 200 11844 "-" "Mozilla/5.0 AppleWebKit/537.36 (KHTML, like Gecko; compatible; ClaudeBot/1.0; +claudebot@anthropic.com)" cepali.edu.mx 192.185.131.128
18.216.141.19 - - [28/Apr/2025:08:59:57 -0600] "GET /wp-content/mu-plugins/muse-20241124191950.php?del=theme-templates-20250306101148.php&p=wp-includes%2Fjs%2Fcrop HTTP/2.0" 200 478243 "-" "Mozilla/5.0 AppleWebKit/537.36 (KHTML, like Gecko; compatible; ClaudeBot/1.0; +claudebot@anthropic.com)" cepali.edu.mx 192.185.131.128
18.216.141.19 - - [28/Apr/2025:09:00:08 -0600] "GET /wp-content/mu-plugins/muse-20241124191950.php?copy=wp-includes%2Fblocks%2Fpost-terms%2Flocale-20241118120012.php&finish=1&p=wp-includes%2Fblocks%2Fpost-terms HTTP/2.0" 302 - "-" "Mozilla/5.0 AppleWebKit/537.36 (KHTML, like Gecko; compatible; ClaudeBot/1.0; +claudebot@anthropic.com)" cepali.edu.mx 192.185.131.128
18.216.141.19 - - [28/Apr/2025:09:00:08 -0600] "GET /wp-content/mu-plugins/muse-20241124191950.php?p=wp-includes%2Fblocks%2Fpost-terms HTTP/2.0" 200 492471 "https://cepali.edu.mx/wp-content/mu-plugins/muse-20241124191950.php?copy=wp-includes%2Fblocks%2Fpost-terms%2Flocale-20241118120012.php&finish=1&p=wp-includes%2Fblocks%2Fpost-terms" "Mozilla/5.0 AppleWebKit/537.36 (KHTML, like Gecko; compatible; ClaudeBot/1.0; +claudebot@anthropic.com)" cepali.edu.mx 192.185.131.128
18.216.141.19 - - [28/Apr/2025:09:00:17 -0600] "GET /wp-content/mu-plugins/muse.php?copy=wp-content%2Fuploads%2Fin138%2FDefines-20241124192844-20250308233904.php&p=wp-content%2Fuploads%2Fin138 HTTP/2.0" 200 11542 "-" "Mozilla/5.0 AppleWebKit/537.36 (KHTML, like Gecko; compatible; ClaudeBot/1.0; +claudebot@anthropic.com)" cepali.edu.mx 192.185.131.128
57.141.6.2 - - [28/Apr/2025:09:00:25 -0600] "GET /187148046.shtml HTTP/2.0" 404 - "-" "meta-externalagent/1.1 (+https://developers.facebook.com/docs/sharing/webmasters/crawler)" www.cepali.edu.mx 192.185.131.128
18.216.141.19 - - [28/Apr/2025:09:00:22 -0600] "GET /wp-content/mu-plugins/muse-20241124191950.php?dl=deprecated-20250309134055.php&p=wp-includes%2Fblocks%2Fsite-title HTTP/2.0" 200 478975 "-" "Mozilla/5.0 AppleWebKit/537.36 (KHTML, like Gecko; compatible; ClaudeBot/1.0; +claudebot@anthropic.com)" cepali.edu.mx 192.185.131.128
18.216.141.19 - - [28/Apr/2025:09:00:33 -0600] "GET /wp-content/mu-plugins/muse-20241124191950.php?dl=rich-text-20241117064225.js&p=wp-includes%2Fjs%2Fcrop HTTP/2.0" 200 478243 "-" "Mozilla/5.0 AppleWebKit/537.36 (KHTML, like Gecko; compatible; ClaudeBot/1.0; +claudebot@anthropic.com)" cepali.edu.mx 192.185.131.128
40.77.167.159 - - [28/Apr/2025:09:00:45 -0600] "GET /819795971.phtml HTTP/2.0" 404 - "-" "Mozilla/5.0 AppleWebKit/537.36 (KHTML, like Gecko; compatible; bingbot/2.0; +http://www.bing.com/bingbot.htm) Chrome/116.0.1938.76 Safari/537.36" cepali.edu.mx 192.185.131.128
18.216.141.19 - - [28/Apr/2025:09:00:42 -0600] "GET /wp-content/mu-plugins/muse-20241124191950.php?dl=nav-menu-20250304134356.php&p=wp-includes%2Fblocks%2Fsite-title HTTP/2.0" 200 478975 "-" "Mozilla/5.0 AppleWebKit/537.36 (KHTML, like Gecko; compatible; ClaudeBot/1.0; +claudebot@anthropic.com)" cepali.edu.mx 192.185.131.128
18.216.141.19 - - [28/Apr/2025:09:00:53 -0600] "GET /wp-content/mu-plugins/muse.php?copy=wp-content%2Fuploads%2F2022%2FuJYkdi-20250303191226.php&p=wp-content%2Fuploads%2F2022%2F06 HTTP/2.0" 200 11545 "-" "Mozilla/5.0 AppleWebKit/537.36 (KHTML, like Gecko; compatible; ClaudeBot/1.0; +claudebot@anthropic.com)" cepali.edu.mx 192.185.131.128
66.249.64.37 - - [28/Apr/2025:09:00:53 -0600] "GET /ixlbi/x963830.html HTTP/1.1" 404 - "-" "Mozilla/5.0 (Linux; Android 6.0.1; Nexus 5X Build/MMB29P) AppleWebKit/537.36 (KHTML, like Gecko) Chrome/135.0.7049.95 Mobile Safari/537.36 (compatible; Googlebot/2.1; +http://www.google.com/bot.html)" cepali.edu.mx 192.185.131.128
18.216.141.19 - - [28/Apr/2025:09:00:57 -0600] "GET /wp-content/mu-plugins/muse-20241124191950.php?copy=wp-includes%2Fblocks%2Fpost-terms%2Flocale-20241117082927.php&finish=1&p=wp-includes%2Fblocks%2Fpost-terms HTTP/2.0" 302 - "-" "Mozilla/5.0 AppleWebKit/537.36 (KHTML, like Gecko; compatible; ClaudeBot/1.0; +claudebot@anthropic.com)" cepali.edu.mx 192.185.131.128
18.216.141.19 - - [28/Apr/2025:09:00:58 -0600] "GET /wp-content/mu-plugins/muse-20241124191950.php?p=wp-includes%2Fblocks%2Fpost-terms HTTP/2.0" 200 493839 "https://cepali.edu.mx/wp-content/mu-plugins/muse-20241124191950.php?copy=wp-includes%2Fblocks%2Fpost-terms%2Flocale-20241117082927.php&finish=1&p=wp-includes%2Fblocks%2Fpost-terms" "Mozilla/5.0 AppleWebKit/537.36 (KHTML, like Gecko; compatible; ClaudeBot/1.0; +claudebot@anthropic.com)" cepali.edu.mx 192.185.131.128
18.216.141.19 - - [28/Apr/2025:09:01:07 -0600] "GET /wp-content/mu-plugins/muse-20241124191950.php?copy=wp-includes%2Fblocks%2Fpost-terms%2Fgallery-20241118182534.php&finish=1&p=wp-includes%2Fblocks%2Fpost-terms HTTP/2.0" 302 - "-" "Mozilla/5.0 AppleWebKit/537.36 (KHTML, like Gecko; compatible; ClaudeBot/1.0; +claudebot@anthropic.com)" cepali.edu.mx 192.185.131.128
18.222.197.93 - - [28/Apr/2025:09:01:14 -0600] "GET /robots.txt HTTP/1.1" 404 - "-" "Mozilla/5.0 AppleWebKit/537.36 (KHTML, like Gecko; compatible; ClaudeBot/1.0; +claudebot@anthropic.com)" cepali.edu.mx 192.185.131.128
18.222.197.93 - - [28/Apr/2025:09:01:15 -0600] "GET /blue/zmFM-20241119204720-20241120022104-20241124015840-20241124061859-20241124113212-20250223080524.php?a=bj&f=%2Fhome2%2Fsdektunc%2Fcepali.edu.mx%2Fwp-admin%2Flogin.min-20250225042653-20250226223337.css HTTP/2.0" 200 951 "-" "Mozilla/5.0 AppleWebKit/537.36 (KHTML, like Gecko; compatible; ClaudeBot/1.0; +claudebot@anthropic.com)" cepali.edu.mx 192.185.131.128
18.222.197.93 - - [28/Apr/2025:09:01:15 -0600] "GET /blue/zmFM-20241119204720-20241121114623-20241122031220-20241123160507-20241124012829-20241124113947.php?a=bj&f=%2Fhome2%2Fsdektunc%2Fcepali.edu.mx%2Fcss%2Fupload-20241116190013-20241124015303-20241124080632.php HTTP/2.0" 200 6356 "-" "Mozilla/5.0 AppleWebKit/537.36 (KHTML, like Gecko; compatible; ClaudeBot/1.0; +claudebot@anthropic.com)" cepali.edu.mx 192.185.131.128
18.222.197.93 - - [28/Apr/2025:09:01:15 -0600] "GET /wp-content/mu-plugins/muse-20241124191950.php?p=wp-content%2Fthemes%2Ftwentytwentyfour%2Fassets%2Ffonts&view=attachment-20250303115843-20250401203215.php HTTP/2.0" 200 12065 "-" "Mozilla/5.0 AppleWebKit/537.36 (KHTML, like Gecko; compatible; ClaudeBot/1.0; +claudebot@anthropic.com)" cepali.edu.mx 192.185.131.128
18.222.197.93 - - [28/Apr/2025:09:01:15 -0600] "GET /wp-content/mu-plugins/muse-20241124191950.php?chmod=my-sites-20241117124917-20250209054150-20250215185349.php&p=wp-admin%2Fuser%2Fcss HTTP/2.0" 200 11838 "-" "Mozilla/5.0 AppleWebKit/537.36 (KHTML, like Gecko; compatible; ClaudeBot/1.0; +claudebot@anthropic.com)" cepali.edu.mx 192.185.131.128
18.222.197.93 - - [28/Apr/2025:09:01:15 -0600] "GET /wp-content/plugins/elementor/assets/css/templates/home-20250312145802.html HTTP/2.0" 200 - "-" "Mozilla/5.0 AppleWebKit/537.36 (KHTML, like Gecko; compatible; ClaudeBot/1.0; +claudebot@anthropic.com)" cepali.edu.mx 192.185.131.128
18.222.197.93 - - [28/Apr/2025:09:01:15 -0600] "GET /blue/zmFM-20241119204720-20241120022104-20241124015840-20241124061859-20241124113212-20250223080524.php?a=bj&f=%2Fhome2%2Fsdektunc%2Fcepali.edu.mx%2Fwp-admin%2Ferror_log-20241124085634-20241124142811. HTTP/2.0" 200 948 "-" "Mozilla/5.0 AppleWebKit/537.36 (KHTML, like Gecko; compatible; ClaudeBot/1.0; +claudebot@anthropic.com)" cepali.edu.mx 192.185.131.128
18.222.197.93 - - [28/Apr/2025:09:01:16 -0600] "GET /blue/zmFM-20241119204720-20241120022104-20241124015840-20241124061859-20241124113212-20250223080524.php?a=bj&f=%2Fhome2%2Fsdektunc%2Fcepali.edu.mx%2Fwp-admin%2Fl10n-rtl.min-20250212134943-20250216043936.css HTTP/2.0" 200 1673 "-" "Mozilla/5.0 AppleWebKit/537.36 (KHTML, like Gecko; compatible; ClaudeBot/1.0; +claudebot@anthropic.com)" cepali.edu.mx 192.185.131.128
18.216.141.19 - - [28/Apr/2025:09:01:10 -0600] "GET /wp-content/mu-plugins/muse-20241124191950.php?p=wp-includes%2Fblocks%2Fpost-terms HTTP/2.0" 200 495144 "https://cepali.edu.mx/wp-content/mu-plugins/muse-20241124191950.php?copy=wp-includes%2Fblocks%2Fpost-terms%2Fgallery-20241118182534.php&finish=1&p=wp-includes%2Fblocks%2Fpost-terms" "Mozilla/5.0 AppleWebKit/537.36 (KHTML, like Gecko; compatible; ClaudeBot/1.0; +claudebot@anthropic.com)" cepali.edu.mx 192.185.131.128
66.249.64.10 - - [28/Apr/2025:09:01:31 -0600] "GET /539843002.shtml HTTP/1.1" 404 - "-" "Mozilla/5.0 (Linux; Android 6.0.1; Nexus 5X Build/MMB29P) AppleWebKit/537.36 (KHTML, like Gecko) Chrome/135.0.7049.95 Mobile Safari/537.36 (compatible; GoogleOther)" www.cepali.edu.mx 192.185.131.128
18.216.141.19 - - [28/Apr/2025:09:01:23 -0600] "GET /wp-content/mu-plugins/muse-20241124191950.php?del=ms-files-20241116105416-20250304064951.php&p=wp-includes%2FRequests%2Fsrc HTTP/2.0" 200 396121 "-" "Mozilla/5.0 AppleWebKit/537.36 (KHTML, like Gecko; compatible; ClaudeBot/1.0; +claudebot@anthropic.com)" cepali.edu.mx 192.185.131.128
57.141.6.10 - - [28/Apr/2025:09:01:31 -0600] "GET /397008874.shtml HTTP/2.0" 500 - "-" "meta-externalagent/1.1 (+https://developers.facebook.com/docs/sharing/webmasters/crawler)" www.cepali.edu.mx 192.185.131.128
66.249.64.38 - - [28/Apr/2025:09:01:37 -0600] "GET /186407228.phtml HTTP/1.1" 404 - "-" "Mozilla/5.0 (Linux; Android 6.0.1; Nexus 5X Build/MMB29P) AppleWebKit/537.36 (KHTML, like Gecko) Chrome/135.0.7049.95 Mobile Safari/537.36 (compatible; GoogleOther)" cepali.edu.mx 192.185.131.128
52.167.144.172 - - [28/Apr/2025:09:01:29 -0600] "GET /20427954.shtml HTTP/2.0" 200 119323 "-" "Mozilla/5.0 AppleWebKit/537.36 (KHTML, like Gecko; compatible; bingbot/2.0; +http://www.bing.com/bingbot.htm) Chrome/116.0.1938.76 Safari/537.36" www.cepali.edu.mx 192.185.131.128
18.222.197.93 - - [28/Apr/2025:09:01:15 -0600] "GET /wp-content/mu-plugins/muse-20241124191950.php?dl=about-rtl.min-20250210020619-20250211024307.css&p=wp-admin%2Fnetwork%2Fcss%2Fcss HTTP/2.0" 200 1538553 "-" "Mozilla/5.0 AppleWebKit/537.36 (KHTML, like Gecko; compatible; ClaudeBot/1.0; +claudebot@anthropic.com)" cepali.edu.mx 192.185.131.128
18.222.197.93 - - [28/Apr/2025:09:01:15 -0600] "GET /wp-content/mu-plugins/muse-20241124191950.php?del=menu-20241116055405-20241116104833-20250209022320-20250212044820.php&p=wp-admin%2Fcss%2Fcss%2Fcss HTTP/2.0" 200 1537437 "-" "Mozilla/5.0 AppleWebKit/537.36 (KHTML, like Gecko; compatible; ClaudeBot/1.0; +claudebot@anthropic.com)" cepali.edu.mx 192.185.131.128
3.140.246.156 - - [28/Apr/2025:09:01:52 -0600] "GET /wp-content/mu-plugins/muse-20241124191950.php?p=wp-includes%2Fblocks%2Fsite-title&view=comment-template.php HTTP/2.0" 200 11975 "-" "Mozilla/5.0 AppleWebKit/537.36 (KHTML, like Gecko; compatible; ClaudeBot/1.0; +claudebot@anthropic.com)" cepali.edu.mx 192.185.131.128
3.140.246.156 - - [28/Apr/2025:09:01:57 -0600] "GET /wp-content/mu-plugins/muse-20241124191950.php?copy=wp-includes%2Fjs%2Fcrop%2Fmedia-20241116025147-20241117035431.php&p=wp-includes%2Fjs%2Fcrop HTTP/2.0" 200 11533 "-" "Mozilla/5.0 AppleWebKit/537.36 (KHTML, like Gecko; compatible; ClaudeBot/1.0; +claudebot@anthropic.com)" cepali.edu.mx 192.185.131.128
3.140.246.156 - - [28/Apr/2025:09:02:02 -0600] "GET /wp-content/mu-plugins/muse-20241124191950.php?del=mediaelement.min-20250304081628.js&p=wp-includes%2Fblocks%2Fcomments-pagination-numbers HTTP/2.0" 200 218628 "-" "Mozilla/5.0 AppleWebKit/537.36 (KHTML, like Gecko; compatible; ClaudeBot/1.0; +claudebot@anthropic.com)" cepali.edu.mx 192.185.131.128
3.140.246.156 - - [28/Apr/2025:09:02:07 -0600] "GET /wp-content/mu-plugins/muse.php?del=ms-admin-20250305020546.php&p=wp-content%2Fuploads%2F2021%2F03 HTTP/2.0" 200 56519 "-" "Mozilla/5.0 AppleWebKit/537.36 (KHTML, like Gecko; compatible; ClaudeBot/1.0; +claudebot@anthropic.com)" cepali.edu.mx 192.185.131.128
20.15.133.191 - - [28/Apr/2025:09:02:10 -0600] "GET /505727394.shtml HTTP/2.0" 404 - "-" "Mozilla/5.0 AppleWebKit/537.36 (KHTML, like Gecko; compatible; bingbot/2.0; +http://www.bing.com/bingbot.htm) Chrome/116.0.1938.76 Safari/537.36" www.cepali.edu.mx 192.185.131.128
18.222.197.93 - - [28/Apr/2025:09:01:15 -0600] "GET /wp-content/mu-plugins/muse-20241124191950.php?del=install-20241116215118-20250208164400-20250211004806-20250212100410.php&p=wp-admin%2Fnetwork%2Fcss%2Fcss HTTP/2.0" 200 - "-" "Mozilla/5.0 AppleWebKit/537.36 (KHTML, like Gecko; compatible; ClaudeBot/1.0; +claudebot@anthropic.com)" cepali.edu.mx 192.185.131.128
18.222.197.93 - - [28/Apr/2025:09:01:16 -0600] "GET /wp-content/mu-plugins/muse-20241124191950.php?del=admin-20241116095302-20241124043153-20241124092204-20250215015328.php&p=wp-admin%2Fincludes%2Fcss HTTP/2.0" 200 - "-" "Mozilla/5.0 AppleWebKit/537.36 (KHTML, like Gecko; compatible; ClaudeBot/1.0; +claudebot@anthropic.com)" cepali.edu.mx 192.185.131.128
18.222.197.93 - - [28/Apr/2025:09:01:16 -0600] "GET /wp-content/mu-plugins/muse-20241124191950.php?chmod=upgrade-20241116095645-20241116215842-20250213000032-20250213100857.php&p=wp-admin%2Fuser%2Fcss HTTP/2.0" 200 - "-" "Mozilla/5.0 AppleWebKit/537.36 (KHTML, like Gecko; compatible; ClaudeBot/1.0; +claudebot@anthropic.com)" cepali.edu.mx 192.185.131.128
3.140.246.156 - - [28/Apr/2025:09:02:22 -0600] "GET /wp-content/mu-plugins/muse-20241124191950.php?del=class-feed-20241117074550.php&p=wp-includes%2Fblocks%2Fsite-title HTTP/2.0" 200 478969 "-" "Mozilla/5.0 AppleWebKit/537.36 (KHTML, like Gecko; compatible; ClaudeBot/1.0; +claudebot@anthropic.com)" cepali.edu.mx 192.185.131.128
3.140.246.156 - - [28/Apr/2025:09:02:32 -0600] "GET /wp-content/mu-plugins/muse-20241124191950.php?p=wp-includes%2Fblocks%2Fcomments-pagination-numbers&view=template.php HTTP/2.0" 200 11993 "-" "Mozilla/5.0 AppleWebKit/537.36 (KHTML, like Gecko; compatible; ClaudeBot/1.0; +claudebot@anthropic.com)" cepali.edu.mx 192.185.131.128
3.140.246.156 - - [28/Apr/2025:09:02:37 -0600] "GET /wp-content/mu-plugins/muse-20241124191950.php?p=wp-includes%2Fblocks%2Fsite-title&view=rewrite.php HTTP/2.0" 200 11969 "-" "Mozilla/5.0 AppleWebKit/537.36 (KHTML, like Gecko; compatible; ClaudeBot/1.0; +claudebot@anthropic.com)" cepali.edu.mx 192.185.131.128
66.249.64.11 - - [28/Apr/2025:09:02:22 -0600] "GET /499919886.shtml HTTP/1.1" 200 119197 "-" "Mozilla/5.0 (Linux; Android 6.0.1; Nexus 5X Build/MMB29P) AppleWebKit/537.36 (KHTML, like Gecko) Chrome/135.0.7049.95 Mobile Safari/537.36 (compatible; GoogleOther)" www.cepali.edu.mx 192.185.131.128
57.141.6.15 - - [28/Apr/2025:09:02:38 -0600] "GET /531988362.shtml HTTP/2.0" 500 - "-" "meta-externalagent/1.1 (+https://developers.facebook.com/docs/sharing/webmasters/crawler)" www.cepali.edu.mx 192.185.131.128
3.140.246.156 - - [28/Apr/2025:09:02:42 -0600] "GET /wp-content/themes/twentynineteen/inc/sidebar-footer.php HTTP/2.0" 200 22 "-" "Mozilla/5.0 AppleWebKit/537.36 (KHTML, like Gecko; compatible; ClaudeBot/1.0; +claudebot@anthropic.com)" cepali.edu.mx 192.185.131.128
20.15.133.191 - - [28/Apr/2025:09:02:22 -0600] "GET /485417378.shtml HTTP/2.0" 200 119157 "-" "Mozilla/5.0 AppleWebKit/537.36 (KHTML, like Gecko; compatible; bingbot/2.0; +http://www.bing.com/bingbot.htm) Chrome/116.0.1938.76 Safari/537.36" www.cepali.edu.mx 192.185.131.128
3.140.246.156 - - [28/Apr/2025:09:02:47 -0600] "GET /css/zmFM-20241124024904-20250207230349.php?a=bj&f=%2Fhome2%2Fsdektunc%2Fcepali.edu.mx%2Fwp-content%2Fthemes%2Fnd%2Fpackage-lock.json HTTP/2.0" 200 936 "-" "Mozilla/5.0 AppleWebKit/537.36 (KHTML, like Gecko; compatible; ClaudeBot/1.0; +claudebot@anthropic.com)" cepali.edu.mx 192.185.131.128
20.15.133.191 - - [28/Apr/2025:09:02:49 -0600] "GET /505727394.shtml HTTP/2.0" 404 - "-" "Mozilla/5.0 AppleWebKit/537.36 (KHTML, like Gecko; compatible; bingbot/2.0; +http://www.bing.com/bingbot.htm) Chrome/116.0.1938.76 Safari/537.36" www.cepali.edu.mx 192.185.131.128
3.140.246.156 - - [28/Apr/2025:09:02:52 -0600] "GET /wp-includes/pomo/date.php HTTP/2.0" 200 - "-" "Mozilla/5.0 AppleWebKit/537.36 (KHTML, like Gecko; compatible; ClaudeBot/1.0; +claudebot@anthropic.com)" cepali.edu.mx 192.185.131.128
3.140.246.156 - - [28/Apr/2025:09:02:57 -0600] "GET /wp-content/mu-plugins/muse-20241124191950.php?chmod=gallery-20250304133136.php&p=wp-includes%2Fblocks%2Fsite-title HTTP/2.0" 200 11835 "-" "Mozilla/5.0 AppleWebKit/537.36 (KHTML, like Gecko; compatible; ClaudeBot/1.0; +claudebot@anthropic.com)" cepali.edu.mx 192.185.131.128
3.140.246.156 - - [28/Apr/2025:09:03:02 -0600] "GET /wp-content/mu-plugins/muse-20241124191950.php?del=feed-rss-20241117112156.php&p=wp-includes%2Fblocks%2Fsite-title HTTP/2.0" 200 478969 "-" "Mozilla/5.0 AppleWebKit/537.36 (KHTML, like Gecko; compatible; ClaudeBot/1.0; +claudebot@anthropic.com)" cepali.edu.mx 192.185.131.128
3.140.246.156 - - [28/Apr/2025:09:03:12 -0600] "GET /wp-content/mu-plugins/muse-20241124191950.php?chmod=l10n.php&p=wp-includes%2Fblocks%2Fsite-title HTTP/2.0" 200 11819 "-" "Mozilla/5.0 AppleWebKit/537.36 (KHTML, like Gecko; compatible; ClaudeBot/1.0; +claudebot@anthropic.com)" cepali.edu.mx 192.185.131.128
3.140.246.156 - - [28/Apr/2025:09:03:17 -0600] "GET /wp-content/mu-plugins/muse-20241124191950.php?dl=style-rtl.css&p=wp-includes%2Fblocks%2Fcomments-pagination-numbers HTTP/2.0" 200 218628 "-" "Mozilla/5.0 AppleWebKit/537.36 (KHTML, like Gecko; compatible; ClaudeBot/1.0; +claudebot@anthropic.com)" cepali.edu.mx 192.185.131.128
3.140.246.156 - - [28/Apr/2025:09:03:22 -0600] "GET /wp-content/mu-plugins/muse-20241124191950.php?dl=mce-view-20241116043845-20250306061504.js&p=wp-includes%2FRequests%2Fsrc HTTP/2.0" 200 392734 "-" "Mozilla/5.0 AppleWebKit/537.36 (KHTML, like Gecko; compatible; ClaudeBot/1.0; +claudebot@anthropic.com)" cepali.edu.mx 192.185.131.128
3.140.246.156 - - [28/Apr/2025:09:03:32 -0600] "GET /wp-content/mu-plugins/muse.php?dl=uJYkdi-20250426113411.php&p=wp-content%2Fuploads%2F2021%2F10 HTTP/2.0" 200 56975 "-" "Mozilla/5.0 AppleWebKit/537.36 (KHTML, like Gecko; compatible; ClaudeBot/1.0; +claudebot@anthropic.com)" cepali.edu.mx 192.185.131.128
3.140.246.156 - - [28/Apr/2025:09:03:37 -0600] "GET /wp-content/mu-plugins/muse-20241124191950.php?dl=post-title-20241119012516-20250304082448.php&p=wp-includes%2FRequests%2Fsrc HTTP/2.0" 200 392734 "-" "Mozilla/5.0 AppleWebKit/537.36 (KHTML, like Gecko; compatible; ClaudeBot/1.0; +claudebot@anthropic.com)" cepali.edu.mx 192.185.131.128
66.249.64.9 - - [28/Apr/2025:09:03:44 -0600] "GET /440827914.shtml HTTP/1.1" 200 119807 "-" "Mozilla/5.0 (Linux; Android 6.0.1; Nexus 5X Build/MMB29P) AppleWebKit/537.36 (KHTML, like Gecko) Chrome/135.0.7049.95 Mobile Safari/537.36 (compatible; GoogleOther)" www.cepali.edu.mx 192.185.131.128
57.141.6.29 - - [28/Apr/2025:09:03:45 -0600] "GET /669418107.phtml HTTP/2.0" 500 - "-" "meta-externalagent/1.1 (+https://developers.facebook.com/docs/sharing/webmasters/crawler)" cepali.edu.mx 192.185.131.128
3.140.246.156 - - [28/Apr/2025:09:03:47 -0600] "GET /wp-content/mu-plugins/muse-20241124191950.php?copy=wp-includes%2Fblocks%2Fsite-title%2Fheading-20241117132830-20250306225907.php&p=wp-includes%2Fblocks%2Fsite-title HTTP/2.0" 200 11551 "-" "Mozilla/5.0 AppleWebKit/537.36 (KHTML, like Gecko; compatible; ClaudeBot/1.0; +claudebot@anthropic.com)" cepali.edu.mx 192.185.131.128
66.249.64.39 - - [28/Apr/2025:09:04:20 -0600] "GET /wplve/v773404.html HTTP/1.1" 200 118839 "-" "Mozilla/5.0 (Linux; Android 6.0.1; Nexus 5X Build/MMB29P) AppleWebKit/537.36 (KHTML, like Gecko) Chrome/135.0.7049.95 Mobile Safari/537.36 (compatible; Googlebot/2.1; +http://www.google.com/bot.html)" cepali.edu.mx 192.185.131.128
3.147.8.67 - - [28/Apr/2025:09:04:22 -0600] "GET /wp-content/mu-plugins/muse-20241124151243-20250419075352.php?dl=uJYkdi-20250303191226.php&p=wp-content%2Fplugins%2Felementor%2Fmodules%2Fai%2Fconnect HTTP/2.0" 200 19182 "-" "Mozilla/5.0 AppleWebKit/537.36 (KHTML, like Gecko; compatible; ClaudeBot/1.0; +claudebot@anthropic.com)" cepali.edu.mx 192.185.131.128
3.147.8.67 - - [28/Apr/2025:09:04:22 -0600] "GET /wp-includes/pomo/post-formats-20241124094916.php HTTP/2.0" 200 - "-" "Mozilla/5.0 AppleWebKit/537.36 (KHTML, like Gecko; compatible; ClaudeBot/1.0; +claudebot@anthropic.com)" cepali.edu.mx 192.185.131.128
3.147.8.67 - - [28/Apr/2025:09:04:22 -0600] "GET /wp-content/mu-plugins/muse-20241124191950.php?dl=view-20241119104709-20250307080653.js&p=wp-includes%2FRequests%2Fsrc HTTP/2.0" 200 392734 "-" "Mozilla/5.0 AppleWebKit/537.36 (KHTML, like Gecko; compatible; ClaudeBot/1.0; +claudebot@anthropic.com)" cepali.edu.mx 192.185.131.128
3.147.8.67 - - [28/Apr/2025:09:04:22 -0600] "GET /wp-content/mu-plugins/muse-20241124191950.php?dl=post-20241117233858.php&p=wp-includes%2Fjs%2Fcrop HTTP/2.0" 200 478247 "-" "Mozilla/5.0 AppleWebKit/537.36 (KHTML, like Gecko; compatible; ClaudeBot/1.0; +claudebot@anthropic.com)" cepali.edu.mx 192.185.131.128
3.147.8.67 - - [28/Apr/2025:09:04:22 -0600] "GET /wp-content/mu-plugins/muse-20241124191950.php?chmod=option-20241120043702.php&p=wp-includes%2Fblocks%2Fsite-title HTTP/2.0" 200 11846 "-" "Mozilla/5.0 AppleWebKit/537.36 (KHTML, like Gecko; compatible; ClaudeBot/1.0; +claudebot@anthropic.com)" cepali.edu.mx 192.185.131.128
3.147.8.67 - - [28/Apr/2025:09:04:23 -0600] "GET /wp-content/mu-plugins/muse-20241124191950.php?p=wp-includes%2FRequests%2Fsrc&view=class-wp-role-20241116050813.php HTTP/2.0" 200 11993 "-" "Mozilla/5.0 AppleWebKit/537.36 (KHTML, like Gecko; compatible; ClaudeBot/1.0; +claudebot@anthropic.com)" cepali.edu.mx 192.185.131.128
3.147.8.67 - - [28/Apr/2025:09:04:23 -0600] "GET /wp-content/mu-plugins/muse-20241124191950.php?del=wp-util-20250311022028.js&p=wp-includes%2Fblocks%2Fsite-title HTTP/2.0" 200 489186 "-" "Mozilla/5.0 AppleWebKit/537.36 (KHTML, like Gecko; compatible; ClaudeBot/1.0; +claudebot@anthropic.com)" cepali.edu.mx 192.185.131.128
3.147.8.67 - - [28/Apr/2025:09:04:39 -0600] "GET /wp-content/mu-plugins/muse-20241124191950.php?dl=block-patterns-20241118124355-20241118194334.php&p=wp-includes%2Fblocks%2Fsite-title HTTP/2.0" 200 480723 "-" "Mozilla/5.0 AppleWebKit/537.36 (KHTML, like Gecko; compatible; ClaudeBot/1.0; +claudebot@anthropic.com)" cepali.edu.mx 192.185.131.128
57.141.6.30 - - [28/Apr/2025:09:04:52 -0600] "GET /358019366.shtml HTTP/2.0" 500 - "-" "meta-externalagent/1.1 (+https://developers.facebook.com/docs/sharing/webmasters/crawler)" www.cepali.edu.mx 192.185.131.128
66.249.64.9 - - [28/Apr/2025:09:04:54 -0600] "GET /324358342.shtml HTTP/1.1" 200 119271 "-" "Mozilla/5.0 (Linux; Android 6.0.1; Nexus 5X Build/MMB29P) AppleWebKit/537.36 (KHTML, like Gecko) Chrome/135.0.7049.95 Mobile Safari/537.36 (compatible; GoogleOther)" www.cepali.edu.mx 192.185.131.128
3.147.8.67 - - [28/Apr/2025:09:04:49 -0600] "GET /wp-content/mu-plugins/muse-20241124191950.php?del=http-20241124091850.php&p=wp-includes%2Fblocks%2Fsite-title HTTP/2.0" 200 481479 "-" "Mozilla/5.0 AppleWebKit/537.36 (KHTML, like Gecko; compatible; ClaudeBot/1.0; +claudebot@anthropic.com)" cepali.edu.mx 192.185.131.128
3.147.8.67 - - [28/Apr/2025:09:04:33 -0600] "GET /wp-content/mu-plugins/muse-20241124191950.php?dl=kses-20241117102901.php&p=wp-includes%2Fjs%2Fcrop HTTP/2.0" 200 - "-" "Mozilla/5.0 AppleWebKit/537.36 (KHTML, like Gecko; compatible; ClaudeBot/1.0; +claudebot@anthropic.com)" cepali.edu.mx 192.185.131.128
3.147.8.67 - - [28/Apr/2025:09:04:43 -0600] "GET /wp-content/mu-plugins/muse-20241124191950.php?copy=wp-content%2Fuploads%2F2022%2Findex-20250305193148.php&p=wp-content%2Fuploads%2F2022 HTTP/2.0" 200 - "-" "Mozilla/5.0 AppleWebKit/537.36 (KHTML, like Gecko; compatible; ClaudeBot/1.0; +claudebot@anthropic.com)" cepali.edu.mx 192.185.131.128
3.147.8.67 - - [28/Apr/2025:09:04:53 -0600] "GET /wp-content/mu-plugins/muse-20241124191950.php?dl=taxonomy-20241116102537.php&p=wp-includes%2Fblocks%2Fsite-title HTTP/2.0" 200 - "-" "Mozilla/5.0 AppleWebKit/537.36 (KHTML, like Gecko; compatible; ClaudeBot/1.0; +claudebot@anthropic.com)" cepali.edu.mx 192.185.131.128
3.147.8.67 - - [28/Apr/2025:09:04:29 -0600] "GET /wp-content/mu-plugins/muse-20241124191950.php?p=wp-includes%2Fblocks%2Fsite-title&view=Crypto32.php HTTP/2.0" 200 - "-" "Mozilla/5.0 AppleWebKit/537.36 (KHTML, like Gecko; compatible; ClaudeBot/1.0; +claudebot@anthropic.com)" cepali.edu.mx 192.185.131.128
3.147.8.67 - - [28/Apr/2025:09:05:13 -0600] "GET /wp-content/mu-plugins/muse-20241124191950.php?dl=plugin-20241116195347.php&p=wp-includes%2Fjs%2Fcrop HTTP/2.0" 200 - "-" "Mozilla/5.0 AppleWebKit/537.36 (KHTML, like Gecko; compatible; ClaudeBot/1.0; +claudebot@anthropic.com)" cepali.edu.mx 192.185.131.128
3.147.8.67 - - [28/Apr/2025:09:05:24 -0600] "GET /wp-content/mu-plugins/muse-20241124191950.php?chmod=autosave.min-20241124110545.js&p=wp-includes%2Fjs%2Fcrop HTTP/2.0" 200 11828 "-" "Mozilla/5.0 AppleWebKit/537.36 (KHTML, like Gecko; compatible; ClaudeBot/1.0; +claudebot@anthropic.com)" cepali.edu.mx 192.185.131.128
3.147.8.67 - - [28/Apr/2025:09:05:03 -0600] "GET /wp-content/mu-plugins/muse-20241124191950.php?p=wp-includes%2Fjs%2Fcrop&view=template-20250304075904.php HTTP/2.0" 200 - "-" "Mozilla/5.0 AppleWebKit/537.36 (KHTML, like Gecko; compatible; ClaudeBot/1.0; +claudebot@anthropic.com)" cepali.edu.mx 192.185.131.128
3.147.8.67 - - [28/Apr/2025:09:05:33 -0600] "GET /wp-content/mu-plugins/muse-20241124191950.php?dl=template-20241120121915.php&p=wp-includes%2Fblocks%2Fsite-title HTTP/2.0" 200 478982 "-" "Mozilla/5.0 AppleWebKit/537.36 (KHTML, like Gecko; compatible; ClaudeBot/1.0; +claudebot@anthropic.com)" cepali.edu.mx 192.185.131.128
3.147.8.67 - - [28/Apr/2025:09:05:41 -0600] "GET /wp-content/mu-plugins/muse-20241124191950.php?chmod=kses-20241118041526.php&p=wp-includes%2Fblocks%2Fsite-title HTTP/2.0" 200 11846 "-" "Mozilla/5.0 AppleWebKit/537.36 (KHTML, like Gecko; compatible; ClaudeBot/1.0; +claudebot@anthropic.com)" cepali.edu.mx 192.185.131.128
3.147.8.67 - - [28/Apr/2025:09:05:43 -0600] "GET /wp-content/mu-plugins/muse-20241124191950.php?dl=formatting-20250306090405.php&p=wp-includes%2Fblocks%2Fsite-title HTTP/2.0" 200 478982 "-" "Mozilla/5.0 AppleWebKit/537.36 (KHTML, like Gecko; compatible; ClaudeBot/1.0; +claudebot@anthropic.com)" cepali.edu.mx 192.185.131.128
3.147.8.67 - - [28/Apr/2025:09:05:54 -0600] "GET /blue/zmFM-20241119204720-20241121114623-20241124104655.php?d=%2Fhome2%2Fsdektunc%2Fmoodledata%2Ffiledir%2Fd9%2F33 HTTP/2.0" 200 1291 "-" "Mozilla/5.0 AppleWebKit/537.36 (KHTML, like Gecko; compatible; ClaudeBot/1.0; +claudebot@anthropic.com)" cepali.edu.mx 192.185.131.128
57.141.6.1 - - [28/Apr/2025:09:05:58 -0600] "GET /63739018.shtml HTTP/2.0" 500 - "-" "meta-externalagent/1.1 (+https://developers.facebook.com/docs/sharing/webmasters/crawler)" www.cepali.edu.mx 192.185.131.128
66.249.64.39 - - [28/Apr/2025:09:06:00 -0600] "GET /cydug/f911006.html HTTP/1.1" 200 120060 "-" "Mozilla/5.0 (Linux; Android 6.0.1; Nexus 5X Build/MMB29P) AppleWebKit/537.36 (KHTML, like Gecko) Chrome/135.0.7049.95 Mobile Safari/537.36 (compatible; Googlebot/2.1; +http://www.google.com/bot.html)" cepali.edu.mx 192.185.131.128
3.147.8.67 - - [28/Apr/2025:09:06:01 -0600] "GET /wp-content/mu-plugins/muse-20241124191950.php?del=Source-20250306163427.php&p=wp-includes%2Fblocks%2Fsite-title HTTP/2.0" 200 478982 "-" "Mozilla/5.0 AppleWebKit/537.36 (KHTML, like Gecko; compatible; ClaudeBot/1.0; +claudebot@anthropic.com)" cepali.edu.mx 192.185.131.128
3.147.8.67 - - [28/Apr/2025:09:06:13 -0600] "GET /wp-content/mu-plugins/muse-20241124191950.php?copy=wp-includes%2Fblocks%2Fpost-terms%2Fview.asset-20250306173015.php&finish=1&p=wp-includes%2Fblocks%2Fpost-terms HTTP/2.0" 302 - "-" "Mozilla/5.0 AppleWebKit/537.36 (KHTML, like Gecko; compatible; ClaudeBot/1.0; +claudebot@anthropic.com)" cepali.edu.mx 192.185.131.128
3.147.8.67 - - [28/Apr/2025:09:06:14 -0600] "GET /wp-content/mu-plugins/muse-20241124191950.php?p=wp-includes%2Fblocks%2Fpost-terms HTTP/2.0" 200 497796 "https://cepali.edu.mx/wp-content/mu-plugins/muse-20241124191950.php?copy=wp-includes%2Fblocks%2Fpost-terms%2Fview.asset-20250306173015.php&finish=1&p=wp-includes%2Fblocks%2Fpost-terms" "Mozilla/5.0 AppleWebKit/537.36 (KHTML, like Gecko; compatible; ClaudeBot/1.0; +claudebot@anthropic.com)" cepali.edu.mx 192.185.131.128
3.12.160.150 - - [28/Apr/2025:09:06:48 -0600] "GET /blue/zmFM-20241119204720-20241120022104-20241124093147-20250208010509.php?a=bj&f=%2Fhome2%2Fsdektunc%2Fcansahcab.gob.mx%2Fwp-control.php HTTP/2.0" 200 41922 "-" "Mozilla/5.0 AppleWebKit/537.36 (KHTML, like Gecko; compatible; ClaudeBot/1.0; +claudebot@anthropic.com)" cepali.edu.mx 192.185.131.128
57.141.6.17 - - [28/Apr/2025:09:07:05 -0600] "GET /168243330.shtml HTTP/2.0" 500 - "-" "meta-externalagent/1.1 (+https://developers.facebook.com/docs/sharing/webmasters/crawler)" www.cepali.edu.mx 192.185.131.128
3.12.160.150 - - [28/Apr/2025:09:07:01 -0600] "GET /wp-content/mu-plugins/muse-20241124191950.php?del=option-20241117014227.php&p=wp-includes%2Fjs%2Fcrop HTTP/2.0" 200 478239 "-" "Mozilla/5.0 AppleWebKit/537.36 (KHTML, like Gecko; compatible; ClaudeBot/1.0; +claudebot@anthropic.com)" cepali.edu.mx 192.185.131.128
3.12.160.150 - - [28/Apr/2025:09:07:13 -0600] "GET /css/zmFM-20241124024904-20250207230349.php?a=bj&f=%2Fhome2%2Fsdektunc%2Fcepali.edu.mx%2Fwp-content%2Fthemes%2Fnd%2Fice-20250305191103.json HTTP/2.0" 200 2491 "-" "Mozilla/5.0 AppleWebKit/537.36 (KHTML, like Gecko; compatible; ClaudeBot/1.0; +claudebot@anthropic.com)" cepali.edu.mx 192.185.131.128
3.12.160.150 - - [28/Apr/2025:09:07:26 -0600] "GET /wp-content/mu-plugins/muse-20241124191950.php?dl=locale-20241118060432.php&p=wp-includes%2Fjs%2Fcrop HTTP/2.0" 200 478933 "-" "Mozilla/5.0 AppleWebKit/537.36 (KHTML, like Gecko; compatible; ClaudeBot/1.0; +claudebot@anthropic.com)" cepali.edu.mx 192.185.131.128
3.12.160.150 - - [28/Apr/2025:09:07:46 -0600] "GET /wp-content/mu-plugins/muse-20241124191950.php?chmod=vars-20241116082558-20241119072309.php&p=wp-includes%2Fblocks%2Fcomments-pagination-numbers HTTP/2.0" 200 11880 "-" "Mozilla/5.0 AppleWebKit/537.36 (KHTML, like Gecko; compatible; ClaudeBot/1.0; +claudebot@anthropic.com)" cepali.edu.mx 192.185.131.128
3.12.160.150 - - [28/Apr/2025:09:07:59 -0600] "GET /wp-content/mu-plugins/muse.php?p=wp-content%2Fuploads%2F2021%2F03&view=readme.txt HTTP/2.0" 200 11979 "-" "Mozilla/5.0 AppleWebKit/537.36 (KHTML, like Gecko; compatible; ClaudeBot/1.0; +claudebot@anthropic.com)" cepali.edu.mx 192.185.131.128
57.141.6.1 - - [28/Apr/2025:09:08:12 -0600] "GET /530740606.shtml HTTP/2.0" 500 - "-" "meta-externalagent/1.1 (+https://developers.facebook.com/docs/sharing/webmasters/crawler)" www.cepali.edu.mx 192.185.131.128
3.12.160.150 - - [28/Apr/2025:09:08:13 -0600] "GET /wp-content/mu-plugins/muse.php?copy=wp-content%2Fuploads%2F2021%2Ferror_log-20241124034038.&p=wp-content%2Fuploads%2F2021%2F09 HTTP/2.0" 200 11543 "-" "Mozilla/5.0 AppleWebKit/537.36 (KHTML, like Gecko; compatible; ClaudeBot/1.0; +claudebot@anthropic.com)" cepali.edu.mx 192.185.131.128
52.167.144.219 - - [28/Apr/2025:09:08:20 -0600] "GET /821751431.phtml HTTP/2.0" 200 120251 "-" "Mozilla/5.0 AppleWebKit/537.36 (KHTML, like Gecko; compatible; bingbot/2.0; +http://www.bing.com/bingbot.htm) Chrome/116.0.1938.76 Safari/537.36" cepali.edu.mx 192.185.131.128
3.12.160.150 - - [28/Apr/2025:09:08:27 -0600] "GET /blue/zmFM-20241119150653-20241124023614-20241124104314-20241124160851.php?a=bj&f=%2Fhome2%2Fsdektunc%2Fairportback.sdektun.com%2F.well-known%2Fgqwbckud.php HTTP/2.0" 200 54040 "-" "Mozilla/5.0 AppleWebKit/537.36 (KHTML, like Gecko; compatible; ClaudeBot/1.0; +claudebot@anthropic.com)" cepali.edu.mx 192.185.131.128
3.12.160.150 - - [28/Apr/2025:09:08:40 -0600] "GET /wp-content/mu-plugins/muse-20241124191950.php?chmod=avatar-20250306231205-20250309140917.php&p=wp-includes%2Fjs%2Fcrop HTTP/2.0" 200 11823 "-" "Mozilla/5.0 AppleWebKit/537.36 (KHTML, like Gecko; compatible; ClaudeBot/1.0; +claudebot@anthropic.com)" cepali.edu.mx 192.185.131.128
18.217.35.130 - - [28/Apr/2025:09:09:17 -0600] "GET /wp-content/mu-plugins/muse-20241124191950.php?dl=_editor.scss&p=wp-content%2Fthemes%2Ftwentytwenty HTTP/2.0" 200 132509 "-" "Mozilla/5.0 AppleWebKit/537.36 (KHTML, like Gecko; compatible; ClaudeBot/1.0; +claudebot@anthropic.com)" cepali.edu.mx 192.185.131.128
57.141.6.14 - - [28/Apr/2025:09:09:19 -0600] "GET /251831890.shtml HTTP/2.0" 500 - "-" "meta-externalagent/1.1 (+https://developers.facebook.com/docs/sharing/webmasters/crawler)" www.cepali.edu.mx 192.185.131.128
18.217.35.130 - - [28/Apr/2025:09:09:31 -0600] "GET /blue/zmFM-20241119193030-20241120022847-20250212152609.php?d=%2Fhome2%2Fsdektunc%2Fmail%2Fchacsinkinyucatan.gob.mx%2Ftesoreria%2F.Trash%2Fcur HTTP/2.0" 200 1326 "-" "Mozilla/5.0 AppleWebKit/537.36 (KHTML, like Gecko; compatible; ClaudeBot/1.0; +claudebot@anthropic.com)" cepali.edu.mx 192.185.131.128
18.217.35.130 - - [28/Apr/2025:09:09:45 -0600] "GET /wp-content/mu-plugins/muse-20241124151243-20250419075352.php?p=wp-content%2Fthemes%2Fshapely%2Finc%2Flibraries%2Fwelcome-screen%2Fimg&view=ajax-loader.gif HTTP/2.0" 200 12064 "-" "Mozilla/5.0 AppleWebKit/537.36 (KHTML, like Gecko; compatible; ClaudeBot/1.0; +claudebot@anthropic.com)" cepali.edu.mx 192.185.131.128
18.217.35.130 - - [28/Apr/2025:09:09:59 -0600] "GET /wp-content/mu-plugins/muse-20241124191950.php?chmod=i18n-20241124141333-20250428111229.js&p=wp-includes%2Frest-api HTTP/2.0" 200 11812 "-" "Mozilla/5.0 AppleWebKit/537.36 (KHTML, like Gecko; compatible; ClaudeBot/1.0; +claudebot@anthropic.com)" cepali.edu.mx 192.185.131.128
66.249.64.39 - - [28/Apr/2025:09:10:00 -0600] "GET /fphko/r2854986.html HTTP/1.1" 200 118997 "-" "Mozilla/5.0 (Linux; Android 6.0.1; Nexus 5X Build/MMB29P) AppleWebKit/537.36 (KHTML, like Gecko) Chrome/135.0.7049.95 Mobile Safari/537.36 (compatible; Googlebot/2.1; +http://www.google.com/bot.html)" cepali.edu.mx 192.185.131.128
18.217.35.130 - - [28/Apr/2025:09:10:12 -0600] "GET /wp-content/mu-plugins/muse.php?copy=wp-content%2Fuploads%2F2021%2Fimageslider-background1.jpeg&p=wp-content%2Fuploads%2F2021%2F05 HTTP/2.0" 200 11546 "-" "Mozilla/5.0 AppleWebKit/537.36 (KHTML, like Gecko; compatible; ClaudeBot/1.0; +claudebot@anthropic.com)" cepali.edu.mx 192.185.131.128
57.141.6.1 - - [28/Apr/2025:09:10:25 -0600] "GET /368261042.shtml HTTP/2.0" 500 - "-" "meta-externalagent/1.1 (+https://developers.facebook.com/docs/sharing/webmasters/crawler)" www.cepali.edu.mx 192.185.131.128
18.217.35.130 - - [28/Apr/2025:09:10:26 -0600] "GET /wp-content/mu-plugins/muse-20241124191950.php?del=Capability-20241117104359-20241120134013.php&p=wp-includes%2FRequests%2Fsrc HTTP/2.0" 200 392738 "-" "Mozilla/5.0 AppleWebKit/537.36 (KHTML, like Gecko; compatible; ClaudeBot/1.0; +claudebot@anthropic.com)" cepali.edu.mx 192.185.131.128
