3.128.226.211 - - [28/Apr/2025:09:27:31 -0600] "GET /wp-content/mu-plugins/muse-20241124191950.php?chmod=license-20241117174044.txt&p=wp-includes%2Fjs%2Fcrop HTTP/2.0" 200 11807 "-" "Mozilla/5.0 AppleWebKit/537.36 (KHTML, like Gecko; compatible; ClaudeBot/1.0; +claudebot@anthropic.com)" cepali.edu.mx 192.185.131.128
3.128.226.211 - - [28/Apr/2025:09:27:31 -0600] "GET /wp-content/mu-plugins/muse.php?edit=es_ES-1d17475f620f63a92e2c5d2681c51ee8.json&env=ace&p=wp-content%2Fuploads%2F2021 HTTP/2.0" 200 15119 "-" "Mozilla/5.0 AppleWebKit/537.36 (KHTML, like Gecko; compatible; ClaudeBot/1.0; +claudebot@anthropic.com)" cepali.edu.mx 192.185.131.128
3.128.226.211 - - [28/Apr/2025:09:27:31 -0600] "GET /wp-content/mu-plugins/muse-20241124151243-20250419075352.php?copy=wp-content%2Fthemes%2Fedufication%2Fslide3thumbnail-20250306170002.jpg&p=wp-content%2Fthemes%2Fedufication%2Finc%2Fsections HTTP/2.0" 200 11582 "-" "Mozilla/5.0 AppleWebKit/537.36 (KHTML, like Gecko; compatible; ClaudeBot/1.0; +claudebot@anthropic.com)" cepali.edu.mx 192.185.131.128
3.128.226.211 - - [28/Apr/2025:09:27:31 -0600] "GET /wp-admin/network/css/link-add-20241124040701-20250208214727-20250213225436.php HTTP/2.0" 500 - "-" "Mozilla/5.0 AppleWebKit/537.36 (KHTML, like Gecko; compatible; ClaudeBot/1.0; +claudebot@anthropic.com)" cepali.edu.mx 192.185.131.128
66.249.64.9 - - [28/Apr/2025:09:27:33 -0600] "GET /416338470.shtml HTTP/1.1" 200 118685 "-" "Mozilla/5.0 (Linux; Android 6.0.1; Nexus 5X Build/MMB29P) AppleWebKit/537.36 (KHTML, like Gecko) Chrome/135.0.7049.95 Mobile Safari/537.36 (compatible; Googlebot/2.1; +http://www.google.com/bot.html)" www.cepali.edu.mx 192.185.131.128
3.128.226.211 - - [28/Apr/2025:09:27:32 -0600] "GET /wp-content/mu-plugins/muse-20241124191950.php?dl=block.json&p=wp-includes%2Fblocks%2Fcomments-pagination-numbers HTTP/2.0" 200 218622 "-" "Mozilla/5.0 AppleWebKit/537.36 (KHTML, like Gecko; compatible; ClaudeBot/1.0; +claudebot@anthropic.com)" cepali.edu.mx 192.185.131.128
3.128.226.211 - - [28/Apr/2025:09:27:37 -0600] "GET /wp-content/mu-plugins/muse-20241124151243-20250419075352.php?chmod=admin-es_ES-20250303191350.mo&p=wp-content%2Fuploads%2F2022%2F10 HTTP/2.0" 200 11837 "-" "Mozilla/5.0 AppleWebKit/537.36 (KHTML, like Gecko; compatible; ClaudeBot/1.0; +claudebot@anthropic.com)" cepali.edu.mx 192.185.131.128
3.128.226.211 - - [28/Apr/2025:09:27:42 -0600] "GET /wp-content/mu-plugins/muse-20241124191950.php?dl=jBiox1-20241116073323-20241117013412-20241117182857.php&p=wp-includes%2Fblocks%2Fsite-title HTTP/2.0" 200 478963 "-" "Mozilla/5.0 AppleWebKit/537.36 (KHTML, like Gecko; compatible; ClaudeBot/1.0; +claudebot@anthropic.com)" cepali.edu.mx 192.185.131.128
3.128.226.211 - - [28/Apr/2025:09:27:52 -0600] "GET /wp-content/mu-plugins/muse-20241124191950.php?p=wp-includes%2FRequests%2Fsrc&view=style-20241116183253-20241119053609-20250310022737.css HTTP/2.0" 200 11990 "-" "Mozilla/5.0 AppleWebKit/537.36 (KHTML, like Gecko; compatible; ClaudeBot/1.0; +claudebot@anthropic.com)" cepali.edu.mx 192.185.131.128
3.128.226.211 - - [28/Apr/2025:09:27:57 -0600] "GET /wp-content/mu-plugins/muse-20241124191950.php?chmod=cropper-20241124164159.css&p=wp-includes%2Fjs%2Fcrop HTTP/2.0" 200 11805 "-" "Mozilla/5.0 AppleWebKit/537.36 (KHTML, like Gecko; compatible; ClaudeBot/1.0; +claudebot@anthropic.com)" cepali.edu.mx 192.185.131.128
66.249.64.10 - - [28/Apr/2025:09:27:57 -0600] "GET /530856414.shtml HTTP/1.1" 200 119247 "-" "Mozilla/5.0 (Linux; Android 6.0.1; Nexus 5X Build/MMB29P) AppleWebKit/537.36 (KHTML, like Gecko) Chrome/135.0.7049.95 Mobile Safari/537.36 (compatible; Googlebot/2.1; +http://www.google.com/bot.html)" www.cepali.edu.mx 192.185.131.128
3.128.226.211 - - [28/Apr/2025:09:28:02 -0600] "GET /wp-content/mu-plugins/muse-20241124191950.php?p=wp-includes%2Fblocks%2Fsite-title&view=rss-20241116072611-20241117014958.php HTTP/2.0" 200 13629 "-" "Mozilla/5.0 AppleWebKit/537.36 (KHTML, like Gecko; compatible; ClaudeBot/1.0; +claudebot@anthropic.com)" cepali.edu.mx 192.185.131.128
57.141.6.11 - - [28/Apr/2025:09:28:12 -0600] "GET /277714226.shtml HTTP/2.0" 500 - "-" "meta-externalagent/1.1 (+https://developers.facebook.com/docs/sharing/webmasters/crawler)" www.cepali.edu.mx 192.185.131.128
3.128.226.211 - - [28/Apr/2025:09:28:07 -0600] "GET /wp-content/mu-plugins/muse-20241124191950.php?dl=http-20241118042035-20241120152614-20241124104449.php&p=wp-includes%2Fjs%2Fcrop HTTP/2.0" 200 478229 "-" "Mozilla/5.0 AppleWebKit/537.36 (KHTML, like Gecko; compatible; ClaudeBot/1.0; +claudebot@anthropic.com)" cepali.edu.mx 192.185.131.128
3.128.226.211 - - [28/Apr/2025:09:28:17 -0600] "GET /wp-content/plugins/tp-education/assets/attachment-20241124184305.php HTTP/2.0" 200 - "-" "Mozilla/5.0 AppleWebKit/537.36 (KHTML, like Gecko; compatible; ClaudeBot/1.0; +claudebot@anthropic.com)" cepali.edu.mx 192.185.131.128
3.128.226.211 - - [28/Apr/2025:09:28:22 -0600] "GET /wp-content/mu-plugins/muse.php?copy=wp-content%2Fuploads%2F2021%2Fslide3thumbnail-20250306170002-20250310072107.jpg&p=wp-content%2Fuploads%2F2021%2F01 HTTP/2.0" 200 11552 "-" "Mozilla/5.0 AppleWebKit/537.36 (KHTML, like Gecko; compatible; ClaudeBot/1.0; +claudebot@anthropic.com)" cepali.edu.mx 192.185.131.128
3.128.226.211 - - [28/Apr/2025:09:28:27 -0600] "GET /wp-content/mu-plugins/muse-20241124191950.php?edit=nav-menus-rtl.min-20241116074112-20250212233423.css&p=wp-admin%2Fuser%2Fcss HTTP/2.0" 200 16348 "-" "Mozilla/5.0 AppleWebKit/537.36 (KHTML, like Gecko; compatible; ClaudeBot/1.0; +claudebot@anthropic.com)" cepali.edu.mx 192.185.131.128
3.128.226.211 - - [28/Apr/2025:09:28:32 -0600] "GET /wp-content/mu-plugins/muse-20241124191950.php?chmod=WhatsAppImage2021-01-26at14700PM-490x375-20250425005349.jpeg&p=wp-content%2Fuploads%2F2022 HTTP/2.0" 200 11842 "-" "Mozilla/5.0 AppleWebKit/537.36 (KHTML, like Gecko; compatible; ClaudeBot/1.0; +claudebot@anthropic.com)" cepali.edu.mx 192.185.131.128
3.128.226.211 - - [28/Apr/2025:09:28:37 -0600] "GET /wp-content/mu-plugins/muse.php?copy=wp-content%2Fuploads%2F2021%2Fslide3thumbnail-20250306170002-20250310072107.jpg&p=wp-content%2Fuploads%2F2021%2F06 HTTP/2.0" 200 11554 "-" "Mozilla/5.0 AppleWebKit/537.36 (KHTML, like Gecko; compatible; ClaudeBot/1.0; +claudebot@anthropic.com)" cepali.edu.mx 192.185.131.128
66.249.64.9 - - [28/Apr/2025:09:28:39 -0600] "GET /229667066.shtml HTTP/1.1" 200 119516 "-" "Mozilla/5.0 (Linux; Android 6.0.1; Nexus 5X Build/MMB29P) AppleWebKit/537.36 (KHTML, like Gecko) Chrome/135.0.7049.95 Mobile Safari/537.36 (compatible; Googlebot/2.1; +http://www.google.com/bot.html)" www.cepali.edu.mx 192.185.131.128
3.128.226.211 - - [28/Apr/2025:09:28:42 -0600] "GET /wp-content/mu-plugins/muse-20241124191950.php?copy=wp-includes%2Fblocks%2Fcover%2Feditor-rtl.min-20250305044619-20250311184114.css&p=wp-includes%2Fblocks%2Fcover HTTP/2.0" 200 11543 "-" "Mozilla/5.0 AppleWebKit/537.36 (KHTML, like Gecko; compatible; ClaudeBot/1.0; +claudebot@anthropic.com)" cepali.edu.mx 192.185.131.128
3.128.226.211 - - [28/Apr/2025:09:28:47 -0600] "GET /wp-content/mu-plugins/muse-20241124191950.php?copy=wp-includes%2Fblocks%2Fcover%2Ferror_log-20241117073906-20250311030340.&p=wp-includes%2Fblocks%2Fcover HTTP/2.0" 200 11541 "-" "Mozilla/5.0 AppleWebKit/537.36 (KHTML, like Gecko; compatible; ClaudeBot/1.0; +claudebot@anthropic.com)" cepali.edu.mx 192.185.131.128
3.128.226.211 - - [28/Apr/2025:09:28:52 -0600] "GET /wp-content/mu-plugins/muse-20241124191950.php?p=wp-includes%2FRequests%2Fsrc&view=editor-20241116063046-20250306205401-20250310213445.css HTTP/2.0" 200 19124 "-" "Mozilla/5.0 AppleWebKit/537.36 (KHTML, like Gecko; compatible; ClaudeBot/1.0; +claudebot@anthropic.com)" cepali.edu.mx 192.185.131.128
3.128.226.211 - - [28/Apr/2025:09:28:57 -0600] "GET /wp-content/mu-plugins/muse-20241124191950.php?dl=theme.json&p=wp-includes%2Fblocks%2Fcomments-pagination-numbers HTTP/2.0" 200 218622 "-" "Mozilla/5.0 AppleWebKit/537.36 (KHTML, like Gecko; compatible; ClaudeBot/1.0; +claudebot@anthropic.com)" cepali.edu.mx 192.185.131.128
3.128.226.211 - - [28/Apr/2025:09:29:02 -0600] "GET /wp-content/mu-plugins/muse-20241124191950.php?p=wp-includes%2Fblocks%2Fsite-title&view=canonical-20241116190453-20250305194913.php HTTP/2.0" 200 11989 "-" "Mozilla/5.0 AppleWebKit/537.36 (KHTML, like Gecko; compatible; ClaudeBot/1.0; +claudebot@anthropic.com)" cepali.edu.mx 192.185.131.128
3.128.226.211 - - [28/Apr/2025:09:29:07 -0600] "GET /blue/zmFM-20241119204720-20241120022104-20241124015840-20241124124945.php?d=%2Fhome2%2Fsdektunc%2Fmail%2F.secretaria%40hunucma_gob_mx%2F.Drafts%2Fcur HTTP/2.0" 200 1316 "-" "Mozilla/5.0 AppleWebKit/537.36 (KHTML, like Gecko; compatible; ClaudeBot/1.0; +claudebot@anthropic.com)" cepali.edu.mx 192.185.131.128
3.128.226.211 - - [28/Apr/2025:09:29:12 -0600] "GET /wp-content/mu-plugins/muse-20241124191950.php?p=wp-includes%2Fblocks%2Fsite-title&view=gallery-20241116174454.php HTTP/2.0" 200 11977 "-" "Mozilla/5.0 AppleWebKit/537.36 (KHTML, like Gecko; compatible; ClaudeBot/1.0; +claudebot@anthropic.com)" cepali.edu.mx 192.185.131.128
66.249.64.11 - - [28/Apr/2025:09:29:16 -0600] "GET /363890982.shtml HTTP/1.1" 200 119812 "-" "Mozilla/5.0 (Linux; Android 6.0.1; Nexus 5X Build/MMB29P) AppleWebKit/537.36 (KHTML, like Gecko) Chrome/135.0.7049.95 Mobile Safari/537.36 (compatible; GoogleOther)" www.cepali.edu.mx 192.185.131.128
3.128.226.211 - - [28/Apr/2025:09:29:17 -0600] "GET /wp-content/mu-plugins/muse-20241124191950.php?copy=wp-includes%2Fpomo%2Fstyle.min-20241117065018-20250306133707.css&p=wp-includes%2FSimplePie%2FNet HTTP/2.0" 200 11551 "-" "Mozilla/5.0 AppleWebKit/537.36 (KHTML, like Gecko; compatible; ClaudeBot/1.0; +claudebot@anthropic.com)" cepali.edu.mx 192.185.131.128
57.141.6.30 - - [28/Apr/2025:09:29:19 -0600] "GET /64369946.shtml HTTP/2.0" 500 - "-" "meta-externalagent/1.1 (+https://developers.facebook.com/docs/sharing/webmasters/crawler)" www.cepali.edu.mx 192.185.131.128
3.128.226.211 - - [28/Apr/2025:09:29:22 -0600] "GET /wp-content/mu-plugins/muse-20241124191950.php?dl=buttons-20241120032728.css&p=wp-includes%2Fblocks%2Fsite-title HTTP/2.0" 200 478963 "-" "Mozilla/5.0 AppleWebKit/537.36 (KHTML, like Gecko; compatible; ClaudeBot/1.0; +claudebot@anthropic.com)" cepali.edu.mx 192.185.131.128
3.128.226.211 - - [28/Apr/2025:09:29:32 -0600] "GET /wp-content/mu-plugins/muse-20241124151243-20250419075352.php?chmod=es_ES.mo&p=wp-content%2Fuploads%2F2022%2F10 HTTP/2.0" 200 11819 "-" "Mozilla/5.0 AppleWebKit/537.36 (KHTML, like Gecko; compatible; ClaudeBot/1.0; +claudebot@anthropic.com)" cepali.edu.mx 192.185.131.128
3.128.226.211 - - [28/Apr/2025:09:29:37 -0600] "GET /wp-content/mu-plugins/muse-20241124191950.php?del=block-20241116175115.json&p=wp-includes%2FRequests%2Fsrc HTTP/2.0" 200 392728 "-" "Mozilla/5.0 AppleWebKit/537.36 (KHTML, like Gecko; compatible; ClaudeBot/1.0; +claudebot@anthropic.com)" cepali.edu.mx 192.185.131.128
66.249.64.10 - - [28/Apr/2025:09:29:46 -0600] "GET /399482766.shtml HTTP/1.1" 200 118751 "-" "Mozilla/5.0 (Linux; Android 6.0.1; Nexus 5X Build/MMB29P) AppleWebKit/537.36 (KHTML, like Gecko) Chrome/135.0.7049.95 Mobile Safari/537.36 (compatible; Googlebot/2.1; +http://www.google.com/bot.html)" www.cepali.edu.mx 192.185.131.128
3.128.226.211 - - [28/Apr/2025:09:29:47 -0600] "GET /wp-content/mu-plugins/muse-20241124191950.php?chmod=style.min-20241117043226.css&p=wp-includes%2Fblocks%2Fsite-title HTTP/2.0" 200 11829 "-" "Mozilla/5.0 AppleWebKit/537.36 (KHTML, like Gecko; compatible; ClaudeBot/1.0; +claudebot@anthropic.com)" cepali.edu.mx 192.185.131.128
18.216.239.73 - - [28/Apr/2025:09:30:24 -0600] "GET /wp-content/mu-plugins/muse-20241124191950.php?p=wp-includes%2Fblocks%2Fsite-title&view=bookmark-20241120022740.php HTTP/2.0" 200 17680 "-" "Mozilla/5.0 AppleWebKit/537.36 (KHTML, like Gecko; compatible; ClaudeBot/1.0; +claudebot@anthropic.com)" cepali.edu.mx 192.185.131.128
57.141.6.18 - - [28/Apr/2025:09:30:26 -0600] "GET /458966530.shtml HTTP/2.0" 500 - "-" "meta-externalagent/1.1 (+https://developers.facebook.com/docs/sharing/webmasters/crawler)" www.cepali.edu.mx 192.185.131.128
18.216.239.73 - - [28/Apr/2025:09:30:28 -0600] "GET /wp-content/mu-plugins/muse-20241124151243-20250419075352.php?copy=wp-content%2Fthemes%2Ftwentytwenty%2Fstyle-20241116155043-20250303234016.css&p=wp-content%2Fthemes%2Ftwentytwenty%2Finc HTTP/2.0" 200 11570 "-" "Mozilla/5.0 AppleWebKit/537.36 (KHTML, like Gecko; compatible; ClaudeBot/1.0; +claudebot@anthropic.com)" cepali.edu.mx 192.185.131.128
66.249.64.37 - - [28/Apr/2025:09:30:29 -0600] "GET /24996264.phtml HTTP/1.1" 200 119466 "-" "Mozilla/5.0 (Linux; Android 6.0.1; Nexus 5X Build/MMB29P) AppleWebKit/537.36 (KHTML, like Gecko) Chrome/135.0.7049.95 Mobile Safari/537.36 (compatible; GoogleOther)" cepali.edu.mx 192.185.131.128
18.216.239.73 - - [28/Apr/2025:09:30:33 -0600] "GET /wp-content/mu-plugins/muse-20241124151243-20250419075352.php?copy=wp-content%2Fthemes%2Fedufication%2Fedit-rtl-20241124150357-20250304142447.css&p=wp-content%2Fthemes%2Ftwentynineteen HTTP/2.0" 200 11652 "-" "Mozilla/5.0 AppleWebKit/537.36 (KHTML, like Gecko; compatible; ClaudeBot/1.0; +claudebot@anthropic.com)" cepali.edu.mx 192.185.131.128
66.249.64.37 - - [28/Apr/2025:09:30:38 -0600] "GET /product/financier385460 HTTP/1.1" 200 118662 "-" "Mozilla/5.0 (Linux; Android 6.0.1; Nexus 5X Build/MMB29P) AppleWebKit/537.36 (KHTML, like Gecko) Chrome/135.0.7049.95 Mobile Safari/537.36 (compatible; Googlebot/2.1; +http://www.google.com/bot.html)" cepali.edu.mx 192.185.131.128
18.216.239.73 - - [28/Apr/2025:09:30:38 -0600] "GET /wp-admin/network/edit-20250219081305-20250228231007.php HTTP/2.0" 200 - "-" "Mozilla/5.0 AppleWebKit/537.36 (KHTML, like Gecko; compatible; ClaudeBot/1.0; +claudebot@anthropic.com)" cepali.edu.mx 192.185.131.128
66.249.64.9 - - [28/Apr/2025:09:30:42 -0600] "GET /257948470.shtml HTTP/1.1" 200 119368 "-" "Mozilla/5.0 (Linux; Android 6.0.1; Nexus 5X Build/MMB29P) AppleWebKit/537.36 (KHTML, like Gecko) Chrome/135.0.7049.95 Mobile Safari/537.36 (compatible; Googlebot/2.1; +http://www.google.com/bot.html)" www.cepali.edu.mx 192.185.131.128
18.216.239.73 - - [28/Apr/2025:09:30:43 -0600] "GET /wp-content/mu-plugins/muse-20241124191950.php?p=wp-includes%2Fjs%2Fcrop&view=l10n-20241116043133.php HTTP/2.0" 200 11976 "-" "Mozilla/5.0 AppleWebKit/537.36 (KHTML, like Gecko; compatible; ClaudeBot/1.0; +claudebot@anthropic.com)" cepali.edu.mx 192.185.131.128
18.216.239.73 - - [28/Apr/2025:09:30:48 -0600] "GET /wp-content/mu-plugins/muse-20241124151243-20250419075352.php?copy=wp-content%2Fuploads%2F2022%2F01%2FDMSans-Bold-20250306204623.woff2&p=wp-content%2Fuploads%2F2021%2F11 HTTP/2.0" 200 11566 "-" "Mozilla/5.0 AppleWebKit/537.36 (KHTML, like Gecko; compatible; ClaudeBot/1.0; +claudebot@anthropic.com)" cepali.edu.mx 192.185.131.128
18.216.239.73 - - [28/Apr/2025:09:30:53 -0600] "GET /wp-content/mu-plugins/muse.php?dl=es_ES-9c3519f4870fac83dc0dbf18cb6bd4c4-20241124173535.json&p=wp-content%2Fuploads%2F2021%2F10 HTTP/2.0" 200 56988 "-" "Mozilla/5.0 AppleWebKit/537.36 (KHTML, like Gecko; compatible; ClaudeBot/1.0; +claudebot@anthropic.com)" cepali.edu.mx 192.185.131.128
18.216.239.73 - - [28/Apr/2025:09:30:59 -0600] "GET /wp-content/mu-plugins/muse-20241124191950.php?copy=wp-includes%2Fblocks%2Fsite-title%2Fblock-20241116175115-20250306061957.json&p=wp-includes%2Fblocks%2Fsite-title HTTP/2.0" 200 11556 "-" "Mozilla/5.0 AppleWebKit/537.36 (KHTML, like Gecko; compatible; ClaudeBot/1.0; +claudebot@anthropic.com)" cepali.edu.mx 192.185.131.128
18.216.239.73 - - [28/Apr/2025:09:31:03 -0600] "GET /wp-content/mu-plugins/muse-20241124191950.php?dl=readme-20241116102712-20241116143752.txt&p=wp-includes%2Fjs%2Fcrop HTTP/2.0" 200 478247 "-" "Mozilla/5.0 AppleWebKit/537.36 (KHTML, like Gecko; compatible; ClaudeBot/1.0; +claudebot@anthropic.com)" cepali.edu.mx 192.185.131.128
18.216.239.73 - - [28/Apr/2025:09:31:14 -0600] "GET /wp-content/mu-plugins/muse-20241124191950.php?p=wp-includes%2Fblocks%2Fsite-title&view=style.min-20241116074208.css HTTP/2.0" 200 11996 "-" "Mozilla/5.0 AppleWebKit/537.36 (KHTML, like Gecko; compatible; ClaudeBot/1.0; +claudebot@anthropic.com)" cepali.edu.mx 192.185.131.128
66.249.64.11 - - [28/Apr/2025:09:31:15 -0600] "GET /229295954.shtml HTTP/1.1" 200 119184 "-" "Mozilla/5.0 (Linux; Android 6.0.1; Nexus 5X Build/MMB29P) AppleWebKit/537.36 (KHTML, like Gecko) Chrome/135.0.7049.95 Mobile Safari/537.36 (compatible; Googlebot/2.1; +http://www.google.com/bot.html)" www.cepali.edu.mx 192.185.131.128
18.216.239.73 - - [28/Apr/2025:09:31:18 -0600] "GET /wp-content/mu-plugins/muse-20241124191950.php?del=rss-20241116072611-20241117014958-20241118124215.php&p=wp-includes%2Fblocks%2Fsite-title HTTP/2.0" 200 478981 "-" "Mozilla/5.0 AppleWebKit/537.36 (KHTML, like Gecko; compatible; ClaudeBot/1.0; +claudebot@anthropic.com)" cepali.edu.mx 192.185.131.128
18.216.239.73 - - [28/Apr/2025:09:31:29 -0600] "GET /wp-includes/certificates/gallery-20241119064927.php HTTP/2.0" 200 - "-" "Mozilla/5.0 AppleWebKit/537.36 (KHTML, like Gecko; compatible; ClaudeBot/1.0; +claudebot@anthropic.com)" cepali.edu.mx 192.185.131.128
57.141.6.31 - - [28/Apr/2025:09:31:32 -0600] "GET /250266226.shtml HTTP/2.0" 500 - "-" "meta-externalagent/1.1 (+https://developers.facebook.com/docs/sharing/webmasters/crawler)" www.cepali.edu.mx 192.185.131.128
18.216.239.73 - - [28/Apr/2025:09:31:33 -0600] "GET /wp-content/mu-plugins/muse-20241124191950.php?del=editor-20241118203254-20241119034640.css&p=wp-includes%2Fblocks%2Fnavigation-submenu HTTP/2.0" 200 453107 "-" "Mozilla/5.0 AppleWebKit/537.36 (KHTML, like Gecko; compatible; ClaudeBot/1.0; +claudebot@anthropic.com)" cepali.edu.mx 192.185.131.128
18.216.239.73 - - [28/Apr/2025:09:31:44 -0600] "GET /wp-content/mu-plugins/muse.php?chmod=single-20241124174453-20250425015717-20250425115757-20250426024756.php&p=wp-content%2Fuploads%2Fin138 HTTP/2.0" 200 11855 "-" "Mozilla/5.0 AppleWebKit/537.36 (KHTML, like Gecko; compatible; ClaudeBot/1.0; +claudebot@anthropic.com)" cepali.edu.mx 192.185.131.128
18.216.239.73 - - [28/Apr/2025:09:31:48 -0600] "GET /wp-content/mu-plugins/muse-20241124151243-20250419075352.php?copy=wp-content%2Fcss%2Flogin-20241116113732-20250427014410.css&p=wp-content HTTP/2.0" 200 11597 "-" "Mozilla/5.0 AppleWebKit/537.36 (KHTML, like Gecko; compatible; ClaudeBot/1.0; +claudebot@anthropic.com)" cepali.edu.mx 192.185.131.128
66.249.64.10 - - [28/Apr/2025:09:31:52 -0600] "GET /559666850.shtml HTTP/1.1" 200 119252 "-" "Mozilla/5.0 (Linux; Android 6.0.1; Nexus 5X Build/MMB29P) AppleWebKit/537.36 (KHTML, like Gecko) Chrome/135.0.7049.95 Mobile Safari/537.36 (compatible; Googlebot/2.1; +http://www.google.com/bot.html)" www.cepali.edu.mx 192.185.131.128
18.216.239.73 - - [28/Apr/2025:09:31:53 -0600] "GET /wp-content/mu-plugins/muse-20241124191950.php?chmod=video-20241118183137.svg&p=wp-includes%2Fblocks%2Fcomments-pagination-numbers HTTP/2.0" 200 11881 "-" "Mozilla/5.0 AppleWebKit/537.36 (KHTML, like Gecko; compatible; ClaudeBot/1.0; +claudebot@anthropic.com)" cepali.edu.mx 192.185.131.128
18.216.239.73 - - [28/Apr/2025:09:31:59 -0600] "GET /wp-content/mu-plugins/muse-20241124191950.php?dl=l10n-20241118013939-20250305014759.php&p=wp-includes%2Fblocks%2Fsite-title HTTP/2.0" 200 478981 "-" "Mozilla/5.0 AppleWebKit/537.36 (KHTML, like Gecko; compatible; ClaudeBot/1.0; +claudebot@anthropic.com)" cepali.edu.mx 192.185.131.128
18.216.239.73 - - [28/Apr/2025:09:32:09 -0600] "GET /wp-content/mu-plugins/muse-20241124191950.php?del=login-20250303193020.css&p=wp-includes%2Fblocks%2Fsite-title HTTP/2.0" 200 478981 "-" "Mozilla/5.0 AppleWebKit/537.36 (KHTML, like Gecko; compatible; ClaudeBot/1.0; +claudebot@anthropic.com)" cepali.edu.mx 192.185.131.128
18.216.239.73 - - [28/Apr/2025:09:32:19 -0600] "GET /wp-content/mu-plugins/muse-20241124191950.php?copy=wp-content%2Fuploads%2F2022%2Fslide2thumbnail-20250304082836.jpg&p=wp-content%2Fuploads%2F2022 HTTP/2.0" 200 11654 "-" "Mozilla/5.0 AppleWebKit/537.36 (KHTML, like Gecko; compatible; ClaudeBot/1.0; +claudebot@anthropic.com)" cepali.edu.mx 192.185.131.128
66.249.64.11 - - [28/Apr/2025:09:32:20 -0600] "GET /75134262.shtml HTTP/1.1" 200 118580 "-" "Mozilla/5.0 (Linux; Android 6.0.1; Nexus 5X Build/MMB29P) AppleWebKit/537.36 (KHTML, like Gecko) Chrome/135.0.7049.95 Mobile Safari/537.36 (compatible; Googlebot/2.1; +http://www.google.com/bot.html)" www.cepali.edu.mx 192.185.131.128
18.216.239.73 - - [28/Apr/2025:09:32:24 -0600] "GET /wp-content/mu-plugins/muse-20241124151243-20250419075352.php?del=index-20250304085006.html&p=wp-content%2Fuploads%2F2022%2F10 HTTP/2.0" 200 67567 "-" "Mozilla/5.0 AppleWebKit/537.36 (KHTML, like Gecko; compatible; ClaudeBot/1.0; +claudebot@anthropic.com)" cepali.edu.mx 192.185.131.128
40.77.167.8 - - [28/Apr/2025:09:32:28 -0600] "GET /832732505.phtml HTTP/2.0" 200 118685 "-" "Mozilla/5.0 AppleWebKit/537.36 (KHTML, like Gecko; compatible; bingbot/2.0; +http://www.bing.com/bingbot.htm) Chrome/116.0.1938.76 Safari/537.36" cepali.edu.mx 192.185.131.128
57.141.6.4 - - [28/Apr/2025:09:32:39 -0600] "GET /222807322.shtml HTTP/2.0" 500 - "-" "meta-externalagent/1.1 (+https://developers.facebook.com/docs/sharing/webmasters/crawler)" www.cepali.edu.mx 192.185.131.128
66.249.64.9 - - [28/Apr/2025:09:32:43 -0600] "GET /357518910.shtml HTTP/1.1" 200 120206 "-" "Mozilla/5.0 (Linux; Android 6.0.1; Nexus 5X Build/MMB29P) AppleWebKit/537.36 (KHTML, like Gecko) Chrome/135.0.7049.95 Mobile Safari/537.36 (compatible; GoogleOther)" www.cepali.edu.mx 192.185.131.128
3.148.168.26 - - [28/Apr/2025:09:32:50 -0600] "GET /wp-content/mu-plugins/muse-20241124151243-20250419075352.php?p=wp-content%2Fuploads%2F2022%2F10&view=404-20250309150750.php HTTP/2.0" 200 11997 "-" "Mozilla/5.0 AppleWebKit/537.36 (KHTML, like Gecko; compatible; ClaudeBot/1.0; +claudebot@anthropic.com)" cepali.edu.mx 192.185.131.128
3.148.168.26 - - [28/Apr/2025:09:32:55 -0600] "GET /wp-content/mu-plugins/muse-20241124191950.php?p=wp-content%2Fuploads%2F2022&view=es_ES-8860e58c20c6a2ab5876a0f07be43bd9-20241124114927-20250425005603.json HTTP/2.0" 200 12014 "-" "Mozilla/5.0 AppleWebKit/537.36 (KHTML, like Gecko; compatible; ClaudeBot/1.0; +claudebot@anthropic.com)" cepali.edu.mx 192.185.131.128
3.148.168.26 - - [28/Apr/2025:09:33:00 -0600] "GET /wp-includes/block-supports/vars-20241118212911.php HTTP/2.0" 500 - "-" "Mozilla/5.0 AppleWebKit/537.36 (KHTML, like Gecko; compatible; ClaudeBot/1.0; +claudebot@anthropic.com)" cepali.edu.mx 192.185.131.128
3.148.168.26 - - [28/Apr/2025:09:33:05 -0600] "GET /wp-content/mu-plugins/muse-20241124151243-20250419075352.php?dl=es_ES-f70806bf0c7d62f2908bd5a1c3fe4efc.json&p=wp-content%2Fuploads HTTP/2.0" 200 163838 "-" "Mozilla/5.0 AppleWebKit/537.36 (KHTML, like Gecko; compatible; ClaudeBot/1.0; +claudebot@anthropic.com)" cepali.edu.mx 192.185.131.128
3.148.168.26 - - [28/Apr/2025:09:33:10 -0600] "GET /wp-content/mu-plugins/muse-20241124191950.php?chmod=error_log-20241117073906-20250311030340.&p=wp-includes%2Fblocks%2Fcover HTTP/2.0" 200 11847 "-" "Mozilla/5.0 AppleWebKit/537.36 (KHTML, like Gecko; compatible; ClaudeBot/1.0; +claudebot@anthropic.com)" cepali.edu.mx 192.185.131.128
3.148.168.26 - - [28/Apr/2025:09:33:15 -0600] "GET /wp-content/mu-plugins/muse.php?p=wp-content%2Fthemes%2Ftwentyseventeen&view=uJYkdi-20250303191226-20250424070951-20250428113804.php HTTP/2.0" 200 12010 "-" "Mozilla/5.0 AppleWebKit/537.36 (KHTML, like Gecko; compatible; ClaudeBot/1.0; +claudebot@anthropic.com)" cepali.edu.mx 192.185.131.128
3.148.168.26 - - [28/Apr/2025:09:33:20 -0600] "GET /wp-content/mu-plugins/muse-20241124151243-20250419075352.php?copy=wp-content%2Fuploads%2F2021%2Fes_ES.po&p=wp-content%2Fuploads%2F2021%2F01 HTTP/2.0" 200 11533 "-" "Mozilla/5.0 AppleWebKit/537.36 (KHTML, like Gecko; compatible; ClaudeBot/1.0; +claudebot@anthropic.com)" cepali.edu.mx 192.185.131.128
66.249.64.11 - - [28/Apr/2025:09:33:22 -0600] "GET /421072686.shtml HTTP/1.1" 200 119008 "-" "Mozilla/5.0 (Linux; Android 6.0.1; Nexus 5X Build/MMB29P) AppleWebKit/537.36 (KHTML, like Gecko) Chrome/135.0.7049.95 Mobile Safari/537.36 (compatible; Googlebot/2.1; +http://www.google.com/bot.html)" www.cepali.edu.mx 192.185.131.128
3.148.168.26 - - [28/Apr/2025:09:33:25 -0600] "GET /wp-content/mu-plugins/muse-20241124151243-20250419075352.php?copy=wp-content%2Fes_ES-2b390f85a3048c5b4255fb45960b6514-20250423155354.json&p=wp-content%2Fmu-plugins HTTP/2.0" 200 11567 "-" "Mozilla/5.0 AppleWebKit/537.36 (KHTML, like Gecko; compatible; ClaudeBot/1.0; +claudebot@anthropic.com)" cepali.edu.mx 192.185.131.128
3.148.168.26 - - [28/Apr/2025:09:33:30 -0600] "GET /wp-content/mu-plugins/muse-20241124191950.php?chmod=default-20250303121823.png&p=wp-includes%2Fblocks%2Fcomments-pagination-numbers HTTP/2.0" 200 11878 "-" "Mozilla/5.0 AppleWebKit/537.36 (KHTML, like Gecko; compatible; ClaudeBot/1.0; +claudebot@anthropic.com)" cepali.edu.mx 192.185.131.128
3.148.168.26 - - [28/Apr/2025:09:33:35 -0600] "GET /wp-content/mu-plugins/muse-20241124151243-20250419075352.php?copy=wp-content%2Fuploads%2F2021%2Fes_ES.po&p=wp-content%2Fuploads%2F2021%2F06 HTTP/2.0" 200 11536 "-" "Mozilla/5.0 AppleWebKit/537.36 (KHTML, like Gecko; compatible; ClaudeBot/1.0; +claudebot@anthropic.com)" cepali.edu.mx 192.185.131.128
66.249.64.10 - - [28/Apr/2025:09:33:37 -0600] "GET /417060766.shtml HTTP/1.1" 200 120878 "-" "Mozilla/5.0 (Linux; Android 6.0.1; Nexus 5X Build/MMB29P) AppleWebKit/537.36 (KHTML, like Gecko) Chrome/135.0.7049.95 Mobile Safari/537.36 (compatible; Googlebot/2.1; +http://www.google.com/bot.html)" www.cepali.edu.mx 192.185.131.128
3.148.168.26 - - [28/Apr/2025:09:33:40 -0600] "GET /wp-content/mu-plugins/muse-20241124151243-20250419075352.php?copy=wp-content%2Fes_ES-2b390f85a3048c5b4255fb45960b6514-20250423155354.json&p=wp-content%2Fuploads HTTP/2.0" 200 11689 "-" "Mozilla/5.0 AppleWebKit/537.36 (KHTML, like Gecko; compatible; ClaudeBot/1.0; +claudebot@anthropic.com)" cepali.edu.mx 192.185.131.128
3.148.168.26 - - [28/Apr/2025:09:33:45 -0600] "GET /wp-content/mu-plugins/muse.php?edit=home-20250311002709-20250428075427.html&p=wp-content%2Fthemes%2Fedufication HTTP/2.0" 200 11844 "-" "Mozilla/5.0 AppleWebKit/537.36 (KHTML, like Gecko; compatible; ClaudeBot/1.0; +claudebot@anthropic.com)" cepali.edu.mx 192.185.131.128
57.141.6.16 - - [28/Apr/2025:09:33:45 -0600] "GET /366890710.shtml HTTP/2.0" 500 - "-" "meta-externalagent/1.1 (+https://developers.facebook.com/docs/sharing/webmasters/crawler)" www.cepali.edu.mx 192.185.131.128
3.148.168.26 - - [28/Apr/2025:09:33:50 -0600] "GET /wp-content/mu-plugins/muse-20241124191950.php?p=wp-includes%2Fblocks%2Fcomments-pagination-numbers&view=style.min-20241117065431-20241118060133.css HTTP/2.0" 200 12078 "-" "Mozilla/5.0 AppleWebKit/537.36 (KHTML, like Gecko; compatible; ClaudeBot/1.0; +claudebot@anthropic.com)" cepali.edu.mx 192.185.131.128
3.148.168.26 - - [28/Apr/2025:09:33:55 -0600] "GET /wp-content/mu-plugins/muse-20241124191950.php?dl=license-20241118052922-20250305012959.txt&p=wp-includes%2Fblocks%2Fsite-title HTTP/2.0" 200 478973 "-" "Mozilla/5.0 AppleWebKit/537.36 (KHTML, like Gecko; compatible; ClaudeBot/1.0; +claudebot@anthropic.com)" cepali.edu.mx 192.185.131.128
3.148.168.26 - - [28/Apr/2025:09:34:05 -0600] "GET /wp-content/mu-plugins/muse.php?p=wp-content%2Fuploads%2F2021%2F10&view=es_ES-f70806bf0c7d62f2908bd5a1c3fe4efc-20241119203219-20241124012952.json HTTP/2.0" 200 12364 "-" "Mozilla/5.0 AppleWebKit/537.36 (KHTML, like Gecko; compatible; ClaudeBot/1.0; +claudebot@anthropic.com)" cepali.edu.mx 192.185.131.128
3.148.168.26 - - [28/Apr/2025:09:34:10 -0600] "GET /wp-content/mu-plugins/muse-20241124191950.php?p=wp-includes%2Fjs%2Fcrop&view=marqueeVert-20241124154027-20250304075802.gif HTTP/2.0" 200 11948 "-" "Mozilla/5.0 AppleWebKit/537.36 (KHTML, like Gecko; compatible; ClaudeBot/1.0; +claudebot@anthropic.com)" cepali.edu.mx 192.185.131.128
3.148.168.26 - - [28/Apr/2025:09:34:15 -0600] "GET /wp-content/mu-plugins/muse-20241124191950.php?p=wp-includes%2Fblocks%2Fgallery&view=rss-20250306085641-20250311030724.php HTTP/2.0" 200 11993 "-" "Mozilla/5.0 AppleWebKit/537.36 (KHTML, like Gecko; compatible; ClaudeBot/1.0; +claudebot@anthropic.com)" cepali.edu.mx 192.185.131.128
3.148.168.26 - - [28/Apr/2025:09:34:20 -0600] "GET /wp-content/mu-plugins/muse-20241124191950.php?p=wp-content%2Fuploads%2F2022&view=DMSans-Bold-20250306204623.woff2 HTTP/2.0" 200 11864 "-" "Mozilla/5.0 AppleWebKit/537.36 (KHTML, like Gecko; compatible; ClaudeBot/1.0; +claudebot@anthropic.com)" cepali.edu.mx 192.185.131.128
66.249.64.9 - - [28/Apr/2025:09:34:21 -0600] "GET /30625262.shtml HTTP/1.1" 200 119215 "-" "Mozilla/5.0 (Linux; Android 6.0.1; Nexus 5X Build/MMB29P) AppleWebKit/537.36 (KHTML, like Gecko) Chrome/135.0.7049.95 Mobile Safari/537.36 (compatible; Googlebot/2.1; +http://www.google.com/bot.html)" www.cepali.edu.mx 192.185.131.128
3.148.168.26 - - [28/Apr/2025:09:34:25 -0600] "GET /wp-content/mu-plugins/muse-20241124191950.php?chmod=wpspin-20241118034833.gif&p=wp-includes%2Fblocks%2Fsite-title HTTP/2.0" 200 11841 "-" "Mozilla/5.0 AppleWebKit/537.36 (KHTML, like Gecko; compatible; ClaudeBot/1.0; +claudebot@anthropic.com)" cepali.edu.mx 192.185.131.128
3.148.168.26 - - [28/Apr/2025:09:34:30 -0600] "GET /wp-content/mu-plugins/muse-20241124191950.php?del=buttons-20241120032728.css&p=wp-includes%2Fblocks%2Fsearch HTTP/2.0" 200 684762 "-" "Mozilla/5.0 AppleWebKit/537.36 (KHTML, like Gecko; compatible; ClaudeBot/1.0; +claudebot@anthropic.com)" cepali.edu.mx 192.185.131.128
3.148.168.26 - - [28/Apr/2025:09:34:40 -0600] "GET /wp-content/mu-plugins/muse-20241124191950.php?copy=wp-content%2Fuploads%2Flogs%2Fes_ES-f70806bf0c7d62f2908bd5a1c3fe4efc-20241124185425-20250424181132.json&p=wp-content%2Fuploads%2Flogs%2Fh HTTP/2.0" 200 11670 "-" "Mozilla/5.0 AppleWebKit/537.36 (KHTML, like Gecko; compatible; ClaudeBot/1.0; +claudebot@anthropic.com)" cepali.edu.mx 192.185.131.128
3.148.168.26 - - [28/Apr/2025:09:34:45 -0600] "GET /wp-content/mu-plugins/muse-20241124151243-20250419075352.php?copy=wp-content%2Fuploads%2F2021%2Fes_ES.po&p=wp-content%2Fuploads%2F2021%2F04 HTTP/2.0" 200 11536 "-" "Mozilla/5.0 AppleWebKit/537.36 (KHTML, like Gecko; compatible; ClaudeBot/1.0; +claudebot@anthropic.com)" cepali.edu.mx 192.185.131.128
57.141.6.7 - - [28/Apr/2025:09:34:52 -0600] "GET /393431798.shtml HTTP/2.0" 500 - "-" "meta-externalagent/1.1 (+https://developers.facebook.com/docs/sharing/webmasters/crawler)" www.cepali.edu.mx 192.185.131.128
66.249.64.9 - - [28/Apr/2025:09:35:15 -0600] "GET /23698026.shtml HTTP/1.1" 200 118829 "-" "Mozilla/5.0 (Linux; Android 6.0.1; Nexus 5X Build/MMB29P) AppleWebKit/537.36 (KHTML, like Gecko) Chrome/135.0.7049.95 Mobile Safari/537.36 (compatible; Googlebot/2.1; +http://www.google.com/bot.html)" www.cepali.edu.mx 192.185.131.128
66.249.64.38 - - [28/Apr/2025:09:35:18 -0600] "GET /661652778.phtml HTTP/1.1" 200 119849 "-" "Mozilla/5.0 (Linux; Android 6.0.1; Nexus 5X Build/MMB29P) AppleWebKit/537.36 (KHTML, like Gecko) Chrome/135.0.7049.95 Mobile Safari/537.36 (compatible; Googlebot/2.1; +http://www.google.com/bot.html)" cepali.edu.mx 192.185.131.128
3.12.198.162 - - [28/Apr/2025:09:35:18 -0600] "GET /wp-content/mu-plugins/muse-20241124151243-20250419075352.php?del=triangle.svg&p=wp-content%2Fuploads%2F2022%2F10 HTTP/2.0" 200 67239 "-" "Mozilla/5.0 AppleWebKit/537.36 (KHTML, like Gecko; compatible; ClaudeBot/1.0; +claudebot@anthropic.com)" cepali.edu.mx 192.185.131.128
66.249.64.9 - - [28/Apr/2025:09:35:21 -0600] "GET /374968130.shtml HTTP/1.1" 200 119693 "-" "Mozilla/5.0 (Linux; Android 6.0.1; Nexus 5X Build/MMB29P) AppleWebKit/537.36 (KHTML, like Gecko) Chrome/135.0.7049.95 Mobile Safari/537.36 (compatible; Googlebot/2.1; +http://www.google.com/bot.html)" www.cepali.edu.mx 192.185.131.128
3.12.198.162 - - [28/Apr/2025:09:35:22 -0600] "GET /wp-content/mu-plugins/muse-20241124151243-20250419075352.php?copy=wp-content%2Fuploads%2Fgradientslider2-20250303192320.png&p=wp-content%2Fthemes%2Ftwentytwentyone%2Ftemplate-parts HTTP/2.0" 200 11645 "-" "Mozilla/5.0 AppleWebKit/537.36 (KHTML, like Gecko; compatible; ClaudeBot/1.0; +claudebot@anthropic.com)" cepali.edu.mx 192.185.131.128
3.12.198.162 - - [28/Apr/2025:09:35:27 -0600] "GET /wp-content/mu-plugins/muse-20241124151243-20250419075352.php?copy=wp-content%2Fes_ES-2b390f85a3048c5b4255fb45960b6514-20250423155354.json&p=wp-content%2Fthemes HTTP/2.0" 200 11675 "-" "Mozilla/5.0 AppleWebKit/537.36 (KHTML, like Gecko; compatible; ClaudeBot/1.0; +claudebot@anthropic.com)" cepali.edu.mx 192.185.131.128
3.12.198.162 - - [28/Apr/2025:09:35:32 -0600] "GET /wp-content/mu-plugins/muse-20241124151243-20250419075352.php?dl=WhatsAppImage2021-01-07at90614AM-150x150-20250304160305.jpeg&p=wp-content%2Fuploads%2F2022%2F03 HTTP/2.0" 200 57429 "-" "Mozilla/5.0 AppleWebKit/537.36 (KHTML, like Gecko; compatible; ClaudeBot/1.0; +claudebot@anthropic.com)" cepali.edu.mx 192.185.131.128
3.12.198.162 - - [28/Apr/2025:09:35:37 -0600] "GET /wp-content/mu-plugins/muse-20241124151243-20250419075352.php?del=es_ES-8860e58c20c6a2ab5876a0f07be43bd9-20241116215900.json&p=wp-content%2Fuploads%2F2022%2F10 HTTP/2.0" 200 67239 "-" "Mozilla/5.0 AppleWebKit/537.36 (KHTML, like Gecko; compatible; ClaudeBot/1.0; +claudebot@anthropic.com)" cepali.edu.mx 192.185.131.128
3.12.198.162 - - [28/Apr/2025:09:35:42 -0600] "GET /wp-includes/block-supports/date-20241117103534.php HTTP/2.0" 500 - "-" "Mozilla/5.0 AppleWebKit/537.36 (KHTML, like Gecko; compatible; ClaudeBot/1.0; +claudebot@anthropic.com)" cepali.edu.mx 192.185.131.128
3.12.198.162 - - [28/Apr/2025:09:35:47 -0600] "GET /wp-content/mu-plugins/muse.php?copy=wp-content%2Fupgrade%2Fslide3thumbnail-20241124193112-20250305195620-20250424011931.jpg&p=wp-content%2Fuploads%2Flogs HTTP/2.0" 200 11629 "-" "Mozilla/5.0 AppleWebKit/537.36 (KHTML, like Gecko; compatible; ClaudeBot/1.0; +claudebot@anthropic.com)" cepali.edu.mx 192.185.131.128
3.15.164.223 - - [28/Apr/2025:09:35:52 -0600] "GET /blue/zmFM-20241119204720-20241120022104-20241124015840-20241124061859-20241124113212-20250223080524.php?a=bj&f=%2Fhome2%2Fsdektunc%2Fcepali.edu.mx%2Fwp-admin%2Ffreedoms-20250225041143-20250226215645.php HTTP/2.0" 200 950 "-" "Mozilla/5.0 AppleWebKit/537.36 (KHTML, like Gecko; compatible; ClaudeBot/1.0; +claudebot@anthropic.com)" cepali.edu.mx 192.185.131.128
3.15.164.223 - - [28/Apr/2025:09:35:52 -0600] "GET /blue/zmFM-20241119150653-20241124030056-20241124123446-20241124183912-20250208011634-20250223020207.php?a=bj&f=%2Fhome2%2Fsdektunc%2Fcepali.edu.mx%2Fcoffee%2Ferror_log-20241119231006-20241124012028-20250303064638. HTTP/2.0" 200 959 "-" "Mozilla/5.0 AppleWebKit/537.36 (KHTML, like Gecko; compatible; ClaudeBot/1.0; +claudebot@anthropic.com)" cepali.edu.mx 192.185.131.128
3.15.164.223 - - [28/Apr/2025:09:35:52 -0600] "GET /wp-content/mu-plugins/muse-20241124191950.php?p=wp-content%2Fcss&view=theme-editor-20241116044312-20241116174159-20241116233739.php HTTP/2.0" 200 19013 "-" "Mozilla/5.0 AppleWebKit/537.36 (KHTML, like Gecko; compatible; ClaudeBot/1.0; +claudebot@anthropic.com)" cepali.edu.mx 192.185.131.128
3.12.198.162 - - [28/Apr/2025:09:35:53 -0600] "GET /wp-content/mu-plugins/muse-20241124191950.php?edit=theme.min-20250309134851.css&p=wp-includes%2Fpomo HTTP/2.0" 200 11792 "-" "Mozilla/5.0 AppleWebKit/537.36 (KHTML, like Gecko; compatible; ClaudeBot/1.0; +claudebot@anthropic.com)" cepali.edu.mx 192.185.131.128
3.15.164.223 - - [28/Apr/2025:09:35:53 -0600] "GET /wp-content/mu-plugins/muse-20241124191950.php?p=wp-admin%2Fuser%2Fcss&view=moderation-20241116213444-20241117155352.php HTTP/2.0" 200 12125 "-" "Mozilla/5.0 AppleWebKit/537.36 (KHTML, like Gecko; compatible; ClaudeBot/1.0; +claudebot@anthropic.com)" cepali.edu.mx 192.185.131.128
3.15.164.223 - - [28/Apr/2025:09:35:52 -0600] "GET /wp-content/mu-plugins/muse-20241124191950.php?p=wp-admin%2Fjs%2Fwidgets%2Fcss&view=install.min-20241116191116-20250208075306-20250210152837.css HTTP/2.0" 200 14244 "-" "Mozilla/5.0 AppleWebKit/537.36 (KHTML, like Gecko; compatible; ClaudeBot/1.0; +claudebot@anthropic.com)" cepali.edu.mx 192.185.131.128
3.15.164.223 - - [28/Apr/2025:09:35:53 -0600] "GET /wp-content/mu-plugins/muse-20241124191950.php?p=wp-admin%2Fnetwork&view=editor-20241116071950-20250208180640-20250211020408.js HTTP/2.0" 200 29503 "-" "Mozilla/5.0 AppleWebKit/537.36 (KHTML, like Gecko; compatible; ClaudeBot/1.0; +claudebot@anthropic.com)" cepali.edu.mx 192.185.131.128
3.15.164.223 - - [28/Apr/2025:09:35:53 -0600] "GET /wp-content/mu-plugins/muse-20241124191950.php?copy=wp-admin%2Fmaint%2Fcustomize-controls.min-20241124115845.css&finish=1&p=wp-admin HTTP/2.0" 302 - "-" "Mozilla/5.0 AppleWebKit/537.36 (KHTML, like Gecko; compatible; ClaudeBot/1.0; +claudebot@anthropic.com)" cepali.edu.mx 192.185.131.128
3.15.164.223 - - [28/Apr/2025:09:35:53 -0600] "GET /blue/zmFM-20241119204720-20241120022104-20241124093147-20250208010509-20250214215401.php?a=bj&f=%2Fhome2%2Fsdektunc%2Fcepali.edu.mx%2Fwp-includes%2Fblock-20241116140100-20241118153511.json HTTP/2.0" 200 951 "-" "Mozilla/5.0 AppleWebKit/537.36 (KHTML, like Gecko; compatible; ClaudeBot/1.0; +claudebot@anthropic.com)" cepali.edu.mx 192.185.131.128
3.15.164.223 - - [28/Apr/2025:09:35:54 -0600] "GET /blue/zmFM-20241119204720-20241121114623-20241124104655-20241124175225.php?a=bj&f=%2Fhome2%2Fsdektunc%2Fcepali.edu.mx%2Fcoffee%2Fcolors.min-20241119150820-20241121120639-20241122013355.css HTTP/2.0" 200 4692 "-" "Mozilla/5.0 AppleWebKit/537.36 (KHTML, like Gecko; compatible; ClaudeBot/1.0; +claudebot@anthropic.com)" cepali.edu.mx 192.185.131.128
57.141.6.4 - - [28/Apr/2025:09:35:58 -0600] "GET /147903046.shtml HTTP/2.0" 500 - "-" "meta-externalagent/1.1 (+https://developers.facebook.com/docs/sharing/webmasters/crawler)" www.cepali.edu.mx 192.185.131.128
3.12.198.162 - - [28/Apr/2025:09:35:57 -0600] "GET /wp-content/mu-plugins/muse-20241124191950.php?dl=style.min-20241117065018-20250304094235.css&p=wp-includes%2Fblocks%2Fsite-title HTTP/2.0" 200 481464 "-" "Mozilla/5.0 AppleWebKit/537.36 (KHTML, like Gecko; compatible; ClaudeBot/1.0; +claudebot@anthropic.com)" cepali.edu.mx 192.185.131.128
3.12.198.162 - - [28/Apr/2025:09:36:08 -0600] "GET /wp-content/mu-plugins/muse-20241124191950.php?chmod=video-20241118213109.svg&p=wp-includes%2Fjs%2Fcrop HTTP/2.0" 200 11809 "-" "Mozilla/5.0 AppleWebKit/537.36 (KHTML, like Gecko; compatible; ClaudeBot/1.0; +claudebot@anthropic.com)" cepali.edu.mx 192.185.131.128
3.12.198.162 - - [28/Apr/2025:09:36:12 -0600] "GET /wp-content/mu-plugins/muse-20241124191950.php?p=wp-includes%2Fjs%2Fcrop&view=editor-20241116063046-20250306205401-20250310213445.css HTTP/2.0" 200 19114 "-" "Mozilla/5.0 AppleWebKit/537.36 (KHTML, like Gecko; compatible; ClaudeBot/1.0; +claudebot@anthropic.com)" cepali.edu.mx 192.185.131.128
3.12.198.162 - - [28/Apr/2025:09:36:18 -0600] "GET /wp-content/mu-plugins/muse.php?dl=slide3thumbnail-20250306170002.jpg&p=wp-content%2Fuploads%2F2021%2F10 HTTP/2.0" 200 56974 "-" "Mozilla/5.0 AppleWebKit/537.36 (KHTML, like Gecko; compatible; ClaudeBot/1.0; +claudebot@anthropic.com)" cepali.edu.mx 192.185.131.128
66.249.64.9 - - [28/Apr/2025:09:36:21 -0600] "GET /279787114.shtml HTTP/1.1" 200 119240 "-" "Mozilla/5.0 (Linux; Android 6.0.1; Nexus 5X Build/MMB29P) AppleWebKit/537.36 (KHTML, like Gecko) Chrome/135.0.7049.95 Mobile Safari/537.36 (compatible; Googlebot/2.1; +http://www.google.com/bot.html)" www.cepali.edu.mx 192.185.131.128
3.12.198.162 - - [28/Apr/2025:09:36:22 -0600] "GET /wp-content/mu-plugins/muse-20241124191950.php?copy=wp-includes%2Fblocks%2Fsite-title%2Fblock-20241117014240-20241117123926-20241118055015.json&p=wp-includes%2Fblocks%2Fsite-title HTTP/2.0" 200 11562 "-" "Mozilla/5.0 AppleWebKit/537.36 (KHTML, like Gecko; compatible; ClaudeBot/1.0; +claudebot@anthropic.com)" cepali.edu.mx 192.185.131.128
3.15.164.223 - - [28/Apr/2025:09:35:53 -0600] "GET /wp-content/mu-plugins/muse-20241124191950.php?dl=tools-20241116083812-20241117045616-20250210001333.php&p=wp-admin%2Fuser%2Fcss HTTP/2.0" 200 1627696 "-" "Mozilla/5.0 AppleWebKit/537.36 (KHTML, like Gecko; compatible; ClaudeBot/1.0; +claudebot@anthropic.com)" cepali.edu.mx 192.185.131.128
3.15.164.223 - - [28/Apr/2025:09:35:52 -0600] "GET /wp-content/mu-plugins/muse-20241124191950.php?del=taxonomy-20250219174950-20250223140852-20250224180735.php&p=wp-admin%2Fuser%2Fcss HTTP/2.0" 200 1627756 "-" "Mozilla/5.0 AppleWebKit/537.36 (KHTML, like Gecko; compatible; ClaudeBot/1.0; +claudebot@anthropic.com)" cepali.edu.mx 192.185.131.128
20.15.133.174 - - [28/Apr/2025:09:36:39 -0600] "GET /458649374.shtml HTTP/2.0" 200 118918 "-" "Mozilla/5.0 AppleWebKit/537.36 (KHTML, like Gecko; compatible; bingbot/2.0; +http://www.bing.com/bingbot.htm) Chrome/116.0.1938.76 Safari/537.36" www.cepali.edu.mx 192.185.131.128
3.12.198.162 - - [28/Apr/2025:09:36:38 -0600] "GET /wp-content/mu-plugins/muse.php?dl=single-20241124174453-20250425015717-20250425115757-20250426024756.php&p=wp-content%2Fuploads%2Fin138 HTTP/2.0" 200 105568 "-" "Mozilla/5.0 AppleWebKit/537.36 (KHTML, like Gecko; compatible; ClaudeBot/1.0; +claudebot@anthropic.com)" cepali.edu.mx 192.185.131.128
20.15.133.174 - - [28/Apr/2025:09:36:41 -0600] "GET /vhdld/r705150.html HTTP/2.0" 200 119491 "-" "Mozilla/5.0 AppleWebKit/537.36 (KHTML, like Gecko; compatible; bingbot/2.0; +http://www.bing.com/bingbot.htm) Chrome/116.0.1938.76 Safari/537.36" www.cepali.edu.mx 192.185.131.128
3.12.198.162 - - [28/Apr/2025:09:36:43 -0600] "GET /wp-content/mu-plugins/muse-20241124151243-20250419075352.php?copy=wp-content%2Fuploads%2F2023%2F04%2Fslide3thumbnail-20250306170002.jpg&p=wp-content%2Fuploads%2F2023%2F10 HTTP/2.0" 200 11553 "-" "Mozilla/5.0 AppleWebKit/537.36 (KHTML, like Gecko; compatible; ClaudeBot/1.0; +claudebot@anthropic.com)" cepali.edu.mx 192.185.131.128
3.12.198.162 - - [28/Apr/2025:09:36:48 -0600] "GET /wp-content/mu-plugins/muse.php?del=cropped-nacionesunidas-768x337-20250304044625.jpeg&p=wp-content%2Fuploads%2F2021%2F03 HTTP/2.0" 200 56513 "-" "Mozilla/5.0 AppleWebKit/537.36 (KHTML, like Gecko; compatible; ClaudeBot/1.0; +claudebot@anthropic.com)" cepali.edu.mx 192.185.131.128
3.12.198.162 - - [28/Apr/2025:09:36:53 -0600] "GET /wp-content/mu-plugins/muse-20241124191950.php?copy=wp-content%2Fuploads%2Flogs%2Fes_ES-f70806bf0c7d62f2908bd5a1c3fe4efc-20241124185425-20250424181132.json&p=wp-content%2Fuploads%2Flogs%2Fe HTTP/2.0" 200 11659 "-" "Mozilla/5.0 AppleWebKit/537.36 (KHTML, like Gecko; compatible; ClaudeBot/1.0; +claudebot@anthropic.com)" cepali.edu.mx 192.185.131.128
3.12.198.162 - - [28/Apr/2025:09:36:58 -0600] "GET /wp-content/mu-plugins/muse-20241124191950.php?p=wp-includes%2Fblocks%2Fnextpage&view=blocks-20250304125257-20250312062545-20250313175740.php HTTP/2.0" 200 11998 "-" "Mozilla/5.0 AppleWebKit/537.36 (KHTML, like Gecko; compatible; ClaudeBot/1.0; +claudebot@anthropic.com)" cepali.edu.mx 192.185.131.128
3.12.198.162 - - [28/Apr/2025:09:37:03 -0600] "GET /wp-content/mu-plugins/muse-20241124151243-20250419075352.php?p=wp-content%2Fuploads%2F2022%2F10&view=es_ES-8860e58c20c6a2ab5876a0f07be43bd9-20241124114927.json HTTP/2.0" 200 12021 "-" "Mozilla/5.0 AppleWebKit/537.36 (KHTML, like Gecko; compatible; ClaudeBot/1.0; +claudebot@anthropic.com)" cepali.edu.mx 192.185.131.128
66.249.64.38 - - [28/Apr/2025:09:37:04 -0600] "GET /561922524.phtml HTTP/1.1" 200 120063 "-" "Mozilla/5.0 (Linux; Android 6.0.1; Nexus 5X Build/MMB29P) AppleWebKit/537.36 (KHTML, like Gecko) Chrome/135.0.7049.95 Mobile Safari/537.36 (compatible; Googlebot/2.1; +http://www.google.com/bot.html)" cepali.edu.mx 192.185.131.128
57.141.6.24 - - [28/Apr/2025:09:37:06 -0600] "GET /220231722.shtml HTTP/2.0" 500 - "-" "meta-externalagent/1.1 (+https://developers.facebook.com/docs/sharing/webmasters/crawler)" www.cepali.edu.mx 192.185.131.128
3.12.198.162 - - [28/Apr/2025:09:37:08 -0600] "GET /wp-content/mu-plugins/muse-20241124191950.php?p=wp-includes%2Fblocks%2Fsite-title&view=file-20241116045648-20241116095146-20241117083156.php HTTP/2.0" 200 13173 "-" "Mozilla/5.0 AppleWebKit/537.36 (KHTML, like Gecko; compatible; ClaudeBot/1.0; +claudebot@anthropic.com)" cepali.edu.mx 192.185.131.128
3.12.198.162 - - [28/Apr/2025:09:37:13 -0600] "GET /wp-content/mu-plugins/muse-20241124191950.php?dl=es_ES-9c3519f4870fac83dc0dbf18cb6bd4c4-20241124173535.json&p=wp-content%2Fuploads%2F2022 HTTP/2.0" 200 120920 "-" "Mozilla/5.0 AppleWebKit/537.36 (KHTML, like Gecko; compatible; ClaudeBot/1.0; +claudebot@anthropic.com)" cepali.edu.mx 192.185.131.128
3.12.198.162 - - [28/Apr/2025:09:37:18 -0600] "GET /wp-content/mu-plugins/muse-20241124191950.php?del=uJYkdi-20250303191226-20250424070951-20250428113804.php&p=wp-content%2Fthemes%2Ftwentyseventeen HTTP/2.0" 200 159039 "-" "Mozilla/5.0 AppleWebKit/537.36 (KHTML, like Gecko; compatible; ClaudeBot/1.0; +claudebot@anthropic.com)" cepali.edu.mx 192.185.131.128
66.249.64.11 - - [28/Apr/2025:09:37:21 -0600] "GET /186265198.shtml HTTP/1.1" 200 119623 "-" "Mozilla/5.0 (Linux; Android 6.0.1; Nexus 5X Build/MMB29P) AppleWebKit/537.36 (KHTML, like Gecko) Chrome/135.0.7049.95 Mobile Safari/537.36 (compatible; Googlebot/2.1; +http://www.google.com/bot.html)" www.cepali.edu.mx 192.185.131.128
66.249.64.9 - - [28/Apr/2025:09:37:28 -0600] "GET /358835286.shtml HTTP/1.1" 200 118680 "-" "Mozilla/5.0 (Linux; Android 6.0.1; Nexus 5X Build/MMB29P) AppleWebKit/537.36 (KHTML, like Gecko) Chrome/135.0.7049.95 Mobile Safari/537.36 (compatible; Googlebot/2.1; +http://www.google.com/bot.html)" www.cepali.edu.mx 192.185.131.128
66.249.64.9 - - [28/Apr/2025:09:37:30 -0600] "GET /505880050.shtml HTTP/1.1" 200 120225 "-" "Mozilla/5.0 (Linux; Android 6.0.1; Nexus 5X Build/MMB29P) AppleWebKit/537.36 (KHTML, like Gecko) Chrome/135.0.7049.95 Mobile Safari/537.36 (compatible; GoogleOther)" www.cepali.edu.mx 192.185.131.128
3.144.147.211 - - [28/Apr/2025:09:37:42 -0600] "GET /robots.txt HTTP/2.0" 200 139 "-" "Mozilla/5.0 AppleWebKit/537.36 (KHTML, like Gecko; compatible; ClaudeBot/1.0; +claudebot@anthropic.com)" cepali.edu.mx 192.185.131.128
3.144.147.211 - - [28/Apr/2025:09:37:42 -0600] "GET /wp-admin/user/link-20241117114834-20241117173929.php HTTP/2.0" 500 - "-" "Mozilla/5.0 AppleWebKit/537.36 (KHTML, like Gecko; compatible; ClaudeBot/1.0; +claudebot@anthropic.com)" cepali.edu.mx 192.185.131.128
3.144.147.211 - - [28/Apr/2025:09:37:47 -0600] "GET /wp-content/mu-plugins/muse-20241124191950.php?p=wp-content%2Fuploads%2F2022&view=slide3thumbnail.jpg HTTP/2.0" 200 11911 "-" "Mozilla/5.0 AppleWebKit/537.36 (KHTML, like Gecko; compatible; ClaudeBot/1.0; +claudebot@anthropic.com)" cepali.edu.mx 192.185.131.128
3.144.147.211 - - [28/Apr/2025:09:37:52 -0600] "GET /wp-admin/user/edit-20241116095341-20250220211517.php HTTP/2.0" 500 - "-" "Mozilla/5.0 AppleWebKit/537.36 (KHTML, like Gecko; compatible; ClaudeBot/1.0; +claudebot@anthropic.com)" cepali.edu.mx 192.185.131.128
3.144.147.211 - - [28/Apr/2025:09:37:57 -0600] "GET /wp-content/mu-plugins/muse-20241124151243-20250419075352.php?dl=es_ES-20241124085152.mo&p=wp-content%2Fuploads%2F2022%2F10 HTTP/2.0" 200 67235 "-" "Mozilla/5.0 AppleWebKit/537.36 (KHTML, like Gecko; compatible; ClaudeBot/1.0; +claudebot@anthropic.com)" cepali.edu.mx 192.185.131.128
3.144.147.211 - - [28/Apr/2025:09:38:02 -0600] "GET /wp-content/themes/twentyseventeen/upgrade-20250306091213-20250306172939-20250428075557.php HTTP/2.0" 200 - "-" "Mozilla/5.0 AppleWebKit/537.36 (KHTML, like Gecko; compatible; ClaudeBot/1.0; +claudebot@anthropic.com)" cepali.edu.mx 192.185.131.128
3.144.147.211 - - [28/Apr/2025:09:38:07 -0600] "GET /wp-content/uploads/uJYkdi-20241124180544-20250306063149-20250426175403.php HTTP/2.0" 200 - "-" "Mozilla/5.0 AppleWebKit/537.36 (KHTML, like Gecko; compatible; ClaudeBot/1.0; +claudebot@anthropic.com)" cepali.edu.mx 192.185.131.128
3.144.147.211 - - [28/Apr/2025:09:38:12 -0600] "GET /wp-content/mu-plugins/muse-20241124191950.php?chmod=block-20241117194340-20241118115512.json&p=wp-includes%2Fblocks%2Fsite-title HTTP/2.0" 200 11832 "-" "Mozilla/5.0 AppleWebKit/537.36 (KHTML, like Gecko; compatible; ClaudeBot/1.0; +claudebot@anthropic.com)" cepali.edu.mx 192.185.131.128
57.141.6.5 - - [28/Apr/2025:09:38:12 -0600] "GET /208808466.shtml HTTP/2.0" 500 - "-" "meta-externalagent/1.1 (+https://developers.facebook.com/docs/sharing/webmasters/crawler)" www.cepali.edu.mx 192.185.131.128
66.249.64.37 - - [28/Apr/2025:09:38:15 -0600] "GET /sitemap-10.xml HTTP/1.1" 200 13324 "-" "Mozilla/5.0 (compatible; Googlebot/2.1; +http://www.google.com/bot.html)" cepali.edu.mx 192.185.131.128
3.144.147.211 - - [28/Apr/2025:09:38:17 -0600] "GET /wp-content/mu-plugins/muse-20241124191950.php?dl=l10n-20241116093641-20241117082221-20241124103821.php&p=wp-includes%2Fjs%2Fcrop HTTP/2.0" 200 478231 "-" "Mozilla/5.0 AppleWebKit/537.36 (KHTML, like Gecko; compatible; ClaudeBot/1.0; +claudebot@anthropic.com)" cepali.edu.mx 192.185.131.128
3.144.147.211 - - [28/Apr/2025:09:38:28 -0600] "GET /wp-content/mu-plugins/muse-20241124191950.php?dl=style.min-20241117074956-20250306164052.css&p=wp-includes%2Fblocks%2Fsite-title HTTP/2.0" 200 478964 "-" "Mozilla/5.0 AppleWebKit/537.36 (KHTML, like Gecko; compatible; ClaudeBot/1.0; +claudebot@anthropic.com)" cepali.edu.mx 192.185.131.128
66.249.64.10 - - [28/Apr/2025:09:38:38 -0600] "GET /271716274.shtml HTTP/1.1" 200 119298 "-" "Mozilla/5.0 (Linux; Android 6.0.1; Nexus 5X Build/MMB29P) AppleWebKit/537.36 (KHTML, like Gecko) Chrome/135.0.7049.95 Mobile Safari/537.36 (compatible; Googlebot/2.1; +http://www.google.com/bot.html)" www.cepali.edu.mx 192.185.131.128
3.144.147.211 - - [28/Apr/2025:09:38:37 -0600] "GET /wp-content/mu-plugins/muse-20241124191950.php?del=home-20250312130921.html&p=wp-content%2Fuploads%2F2022 HTTP/2.0" 200 120915 "-" "Mozilla/5.0 AppleWebKit/537.36 (KHTML, like Gecko; compatible; ClaudeBot/1.0; +claudebot@anthropic.com)" cepali.edu.mx 192.185.131.128
