芝麻web文件管理V1.00
编辑当前文件:/home2/sdektunc/access-logs/cepali.sdektun.com
40.77.167.71 - - [15/Mar/2025:06:10:52 -0600] "GET /6525354.shtml HTTP/1.1" 200 119953 "-" "Mozilla/5.0 AppleWebKit/537.36 (KHTML, like Gecko; compatible; bingbot/2.0; +http://www.bing.com/bingbot.htm) Chrome/116.0.1938.76 Safari/537.36" www.cepali.edu.mx 192.185.131.128
57.141.6.1 - - [15/Mar/2025:06:11:02 -0600] "GET /813926601.phtml HTTP/1.1" 500 - "-" "meta-externalagent/1.1 (+https://developers.facebook.com/docs/sharing/webmasters/crawler)" cepali.edu.mx 192.185.131.128
57.141.6.21 - - [15/Mar/2025:06:14:22 -0600] "GET /bawak/x552718.html HTTP/1.1" 500 - "-" "meta-externalagent/1.1 (+https://developers.facebook.com/docs/sharing/webmasters/crawler)" cepali.edu.mx 192.185.131.128
57.141.6.29 - - [15/Mar/2025:06:19:30 -0600] "GET /480118516.phtml HTTP/1.1" 500 - "-" "meta-externalagent/1.1 (+https://developers.facebook.com/docs/sharing/webmasters/crawler)" cepali.edu.mx 192.185.131.128
57.141.6.4 - - [15/Mar/2025:06:19:55 -0600] "GET /215255944.phtml HTTP/1.1" 500 - "-" "meta-externalagent/1.1 (+https://developers.facebook.com/docs/sharing/webmasters/crawler)" cepali.edu.mx 192.185.131.128
57.141.6.30 - - [15/Mar/2025:06:20:05 -0600] "GET /793517459.phtml HTTP/1.1" 500 - "-" "meta-externalagent/1.1 (+https://developers.facebook.com/docs/sharing/webmasters/crawler)" cepali.edu.mx 192.185.131.128
57.141.6.10 - - [15/Mar/2025:06:22:18 -0600] "GET /bawak/x552718.html HTTP/1.1" 500 - "-" "meta-externalagent/1.1 (+https://developers.facebook.com/docs/sharing/webmasters/crawler)" cepali.edu.mx 192.185.131.128
57.141.6.29 - - [15/Mar/2025:06:23:51 -0600] "GET /215255944.phtml HTTP/1.1" 500 - "-" "meta-externalagent/1.1 (+https://developers.facebook.com/docs/sharing/webmasters/crawler)" cepali.edu.mx 192.185.131.128
57.141.6.26 - - [15/Mar/2025:06:28:22 -0600] "GET /isgfo/p2425542.html HTTP/1.1" 500 - "-" "meta-externalagent/1.1 (+https://developers.facebook.com/docs/sharing/webmasters/crawler)" cepali.edu.mx 192.185.131.128
52.167.144.179 - - [15/Mar/2025:06:31:05 -0600] "GET /268282642.shtml HTTP/1.1" 200 119981 "-" "Mozilla/5.0 AppleWebKit/537.36 (KHTML, like Gecko; compatible; bingbot/2.0; +http://www.bing.com/bingbot.htm) Chrome/116.0.1938.76 Safari/537.36" www.cepali.edu.mx 192.185.131.128
52.167.144.159 - - [15/Mar/2025:06:31:13 -0600] "GET /659230280.phtml HTTP/1.1" 200 119588 "-" "Mozilla/5.0 AppleWebKit/537.36 (KHTML, like Gecko; compatible; bingbot/2.0; +http://www.bing.com/bingbot.htm) Chrome/116.0.1938.76 Safari/537.36" cepali.edu.mx 192.185.131.128
57.141.6.8 - - [15/Mar/2025:06:31:38 -0600] "GET /813926601.phtml HTTP/1.1" 500 - "-" "meta-externalagent/1.1 (+https://developers.facebook.com/docs/sharing/webmasters/crawler)" cepali.edu.mx 192.185.131.128
57.141.6.8 - - [15/Mar/2025:06:33:07 -0600] "GET /309428087.phtml HTTP/1.1" 500 - "-" "meta-externalagent/1.1 (+https://developers.facebook.com/docs/sharing/webmasters/crawler)" cepali.edu.mx 192.185.131.128
57.141.6.9 - - [15/Mar/2025:06:33:19 -0600] "GET /480118516.phtml HTTP/1.1" 500 - "-" "meta-externalagent/1.1 (+https://developers.facebook.com/docs/sharing/webmasters/crawler)" cepali.edu.mx 192.185.131.128
57.141.6.8 - - [15/Mar/2025:06:34:51 -0600] "GET /285039255.phtml HTTP/1.1" 500 - "-" "meta-externalagent/1.1 (+https://developers.facebook.com/docs/sharing/webmasters/crawler)" cepali.edu.mx 192.185.131.128
57.141.6.25 - - [15/Mar/2025:06:39:17 -0600] "GET /414300543.phtml HTTP/1.1" 500 - "-" "meta-externalagent/1.1 (+https://developers.facebook.com/docs/sharing/webmasters/crawler)" cepali.edu.mx 192.185.131.128
40.77.167.65 - - [15/Mar/2025:06:39:35 -0600] "GET /159178722.shtml HTTP/1.1" 200 119342 "-" "Mozilla/5.0 AppleWebKit/537.36 (KHTML, like Gecko; compatible; bingbot/2.0; +http://www.bing.com/bingbot.htm) Chrome/116.0.1938.76 Safari/537.36" www.cepali.edu.mx 192.185.131.128
57.141.6.23 - - [15/Mar/2025:06:40:24 -0600] "GET /873559161.phtml HTTP/1.1" 500 - "-" "meta-externalagent/1.1 (+https://developers.facebook.com/docs/sharing/webmasters/crawler)" cepali.edu.mx 192.185.131.128
52.167.144.233 - - [15/Mar/2025:06:40:26 -0600] "GET /456677442.shtml HTTP/1.1" 200 119756 "-" "Mozilla/5.0 AppleWebKit/537.36 (KHTML, like Gecko; compatible; bingbot/2.0; +http://www.bing.com/bingbot.htm) Chrome/116.0.1938.76 Safari/537.36" www.cepali.edu.mx 192.185.131.128
57.141.6.16 - - [15/Mar/2025:06:41:31 -0600] "GET /501560105.phtml HTTP/1.1" 500 - "-" "meta-externalagent/1.1 (+https://developers.facebook.com/docs/sharing/webmasters/crawler)" cepali.edu.mx 192.185.131.128
40.77.167.65 - - [15/Mar/2025:06:42:15 -0600] "GET /198785434.shtml HTTP/1.1" 200 119246 "-" "Mozilla/5.0 AppleWebKit/537.36 (KHTML, like Gecko; compatible; bingbot/2.0; +http://www.bing.com/bingbot.htm) Chrome/116.0.1938.76 Safari/537.36" www.cepali.edu.mx 192.185.131.128
57.141.6.27 - - [15/Mar/2025:06:42:37 -0600] "GET /139672332.phtml HTTP/1.1" 500 - "-" "meta-externalagent/1.1 (+https://developers.facebook.com/docs/sharing/webmasters/crawler)" cepali.edu.mx 192.185.131.128
40.77.167.62 - - [15/Mar/2025:06:46:56 -0600] "GET /120664666.shtml HTTP/1.1" 200 119650 "-" "Mozilla/5.0 AppleWebKit/537.36 (KHTML, like Gecko; compatible; bingbot/2.0; +http://www.bing.com/bingbot.htm) Chrome/116.0.1938.76 Safari/537.36" www.cepali.edu.mx 192.185.131.128
52.167.144.238 - - [15/Mar/2025:06:47:57 -0600] "GET /429229442.shtml HTTP/1.1" 200 119154 "-" "Mozilla/5.0 AppleWebKit/537.36 (KHTML, like Gecko; compatible; bingbot/2.0; +http://www.bing.com/bingbot.htm) Chrome/116.0.1938.76 Safari/537.36" www.cepali.edu.mx 192.185.131.128
57.141.6.25 - - [15/Mar/2025:06:54:50 -0600] "GET /518853368.phtml HTTP/1.1" 500 - "-" "meta-externalagent/1.1 (+https://developers.facebook.com/docs/sharing/webmasters/crawler)" cepali.edu.mx 192.185.131.128
57.141.6.13 - - [15/Mar/2025:06:59:18 -0600] "GET /vfwbo/z1452216.html HTTP/1.1" 500 - "-" "meta-externalagent/1.1 (+https://developers.facebook.com/docs/sharing/webmasters/crawler)" cepali.edu.mx 192.185.131.128
57.141.6.2 - - [15/Mar/2025:07:00:24 -0600] "GET /ppetx/m1591407.html HTTP/1.1" 500 - "-" "meta-externalagent/1.1 (+https://developers.facebook.com/docs/sharing/webmasters/crawler)" cepali.edu.mx 192.185.131.128
57.141.6.16 - - [15/Mar/2025:07:01:32 -0600] "GET /765416542.phtml HTTP/1.1" 500 - "-" "meta-externalagent/1.1 (+https://developers.facebook.com/docs/sharing/webmasters/crawler)" cepali.edu.mx 192.185.131.128
57.141.6.14 - - [15/Mar/2025:07:03:44 -0600] "GET /461137996.phtml HTTP/1.1" 500 - "-" "meta-externalagent/1.1 (+https://developers.facebook.com/docs/sharing/webmasters/crawler)" cepali.edu.mx 192.185.131.128
52.167.144.211 - - [15/Mar/2025:07:09:58 -0600] "GET /558741326.shtml HTTP/1.1" 200 119425 "-" "Mozilla/5.0 AppleWebKit/537.36 (KHTML, like Gecko; compatible; bingbot/2.0; +http://www.bing.com/bingbot.htm) Chrome/116.0.1938.76 Safari/537.36" www.cepali.edu.mx 192.185.131.128
57.141.6.26 - - [15/Mar/2025:07:10:24 -0600] "GET /770882860.phtml HTTP/1.1" 500 - "-" "meta-externalagent/1.1 (+https://developers.facebook.com/docs/sharing/webmasters/crawler)" cepali.edu.mx 192.185.131.128
52.167.144.187 - - [15/Mar/2025:07:11:17 -0600] "GET /290950554.shtml HTTP/1.1" 200 119427 "-" "Mozilla/5.0 AppleWebKit/537.36 (KHTML, like Gecko; compatible; bingbot/2.0; +http://www.bing.com/bingbot.htm) Chrome/116.0.1938.76 Safari/537.36" www.cepali.edu.mx 192.185.131.128
57.141.6.7 - - [15/Mar/2025:07:17:04 -0600] "GET /266351755.phtml HTTP/1.1" 500 - "-" "meta-externalagent/1.1 (+https://developers.facebook.com/docs/sharing/webmasters/crawler)" cepali.edu.mx 192.185.131.128
57.141.6.25 - - [15/Mar/2025:07:20:24 -0600] "GET /528732328.phtml HTTP/1.1" 500 - "-" "meta-externalagent/1.1 (+https://developers.facebook.com/docs/sharing/webmasters/crawler)" cepali.edu.mx 192.185.131.128
57.141.6.5 - - [15/Mar/2025:07:22:37 -0600] "GET /363583565.phtml HTTP/1.1" 500 - "-" "meta-externalagent/1.1 (+https://developers.facebook.com/docs/sharing/webmasters/crawler)" cepali.edu.mx 192.185.131.128
57.141.6.3 - - [15/Mar/2025:07:24:51 -0600] "GET /594838537.phtml HTTP/1.1" 500 - "-" "meta-externalagent/1.1 (+https://developers.facebook.com/docs/sharing/webmasters/crawler)" cepali.edu.mx 192.185.131.128
57.141.6.19 - - [15/Mar/2025:07:29:18 -0600] "GET /300600112.phtml HTTP/1.1" 500 - "-" "meta-externalagent/1.1 (+https://developers.facebook.com/docs/sharing/webmasters/crawler)" cepali.edu.mx 192.185.131.128
57.141.6.9 - - [15/Mar/2025:07:30:24 -0600] "GET /408054732.phtml HTTP/1.1" 500 - "-" "meta-externalagent/1.1 (+https://developers.facebook.com/docs/sharing/webmasters/crawler)" cepali.edu.mx 192.185.131.128
57.141.6.25 - - [15/Mar/2025:07:32:38 -0600] "GET /172187386.phtml HTTP/1.1" 500 - "-" "meta-externalagent/1.1 (+https://developers.facebook.com/docs/sharing/webmasters/crawler)" cepali.edu.mx 192.185.131.128
52.167.144.203 - - [15/Mar/2025:07:34:00 -0600] "GET /434828082.shtml HTTP/1.1" 200 119480 "-" "Mozilla/5.0 AppleWebKit/537.36 (KHTML, like Gecko; compatible; bingbot/2.0; +http://www.bing.com/bingbot.htm) Chrome/116.0.1938.76 Safari/537.36" www.cepali.edu.mx 192.185.131.128
57.141.6.27 - - [15/Mar/2025:07:37:04 -0600] "GET /86296945.phtml HTTP/1.1" 500 - "-" "meta-externalagent/1.1 (+https://developers.facebook.com/docs/sharing/webmasters/crawler)" cepali.edu.mx 192.185.131.128
57.141.6.19 - - [15/Mar/2025:07:41:31 -0600] "GET /dalfi/k1248907.html HTTP/1.1" 500 - "-" "meta-externalagent/1.1 (+https://developers.facebook.com/docs/sharing/webmasters/crawler)" cepali.edu.mx 192.185.131.128
52.167.144.216 - - [15/Mar/2025:07:42:41 -0600] "GET /355088070.shtml HTTP/1.1" 200 118758 "-" "Mozilla/5.0 AppleWebKit/537.36 (KHTML, like Gecko; compatible; bingbot/2.0; +http://www.bing.com/bingbot.htm) Chrome/116.0.1938.76 Safari/537.36" www.cepali.edu.mx 192.185.131.128
57.141.6.9 - - [15/Mar/2025:07:47:05 -0600] "GET /701798611.phtml HTTP/1.1" 500 - "-" "meta-externalagent/1.1 (+https://developers.facebook.com/docs/sharing/webmasters/crawler)" cepali.edu.mx 192.185.131.128
52.167.144.216 - - [15/Mar/2025:07:48:02 -0600] "GET /457105706.shtml HTTP/1.1" 200 120163 "-" "Mozilla/5.0 AppleWebKit/537.36 (KHTML, like Gecko; compatible; bingbot/2.0; +http://www.bing.com/bingbot.htm) Chrome/116.0.1938.76 Safari/537.36" www.cepali.edu.mx 192.185.131.128
57.141.6.11 - - [15/Mar/2025:07:53:45 -0600] "GET /97138984.phtml HTTP/1.1" 500 - "-" "meta-externalagent/1.1 (+https://developers.facebook.com/docs/sharing/webmasters/crawler)" cepali.edu.mx 192.185.131.128
57.141.6.17 - - [15/Mar/2025:07:54:51 -0600] "GET /71451595.phtml HTTP/1.1" 500 - "-" "meta-externalagent/1.1 (+https://developers.facebook.com/docs/sharing/webmasters/crawler)" cepali.edu.mx 192.185.131.128
57.141.6.20 - - [15/Mar/2025:08:02:37 -0600] "GET /197853247.phtml HTTP/1.1" 500 - "-" "meta-externalagent/1.1 (+https://developers.facebook.com/docs/sharing/webmasters/crawler)" cepali.edu.mx 192.185.131.128
57.141.6.21 - - [15/Mar/2025:08:07:04 -0600] "GET /544549129.phtml HTTP/1.1" 500 - "-" "meta-externalagent/1.1 (+https://developers.facebook.com/docs/sharing/webmasters/crawler)" cepali.edu.mx 192.185.131.128
40.77.167.23 - - [15/Mar/2025:08:08:54 -0600] "GET /308160826.shtml HTTP/1.1" 200 118960 "-" "Mozilla/5.0 AppleWebKit/537.36 (KHTML, like Gecko; compatible; bingbot/2.0; +http://www.bing.com/bingbot.htm) Chrome/116.0.1938.76 Safari/537.36" www.cepali.edu.mx 192.185.131.128
57.141.6.25 - - [15/Mar/2025:08:10:24 -0600] "GET /671675557.phtml HTTP/1.1" 500 - "-" "meta-externalagent/1.1 (+https://developers.facebook.com/docs/sharing/webmasters/crawler)" cepali.edu.mx 192.185.131.128
57.141.6.13 - - [15/Mar/2025:08:19:17 -0600] "GET /230915172.phtml HTTP/1.1" 500 - "-" "meta-externalagent/1.1 (+https://developers.facebook.com/docs/sharing/webmasters/crawler)" cepali.edu.mx 192.185.131.128
40.77.167.14 - - [15/Mar/2025:08:19:35 -0600] "GET /339500990.shtml HTTP/1.1" 200 118931 "-" "Mozilla/5.0 AppleWebKit/537.36 (KHTML, like Gecko; compatible; bingbot/2.0; +http://www.bing.com/bingbot.htm) Chrome/116.0.1938.76 Safari/537.36" www.cepali.edu.mx 192.185.131.128
52.167.144.139 - - [15/Mar/2025:08:20:05 -0600] "GET /539813674.shtml HTTP/1.1" 200 118634 "-" "Mozilla/5.0 AppleWebKit/537.36 (KHTML, like Gecko; compatible; bingbot/2.0; +http://www.bing.com/bingbot.htm) Chrome/116.0.1938.76 Safari/537.36" www.cepali.edu.mx 192.185.131.128
57.141.6.17 - - [15/Mar/2025:08:21:31 -0600] "GET /369159018.phtml HTTP/1.1" 500 - "-" "meta-externalagent/1.1 (+https://developers.facebook.com/docs/sharing/webmasters/crawler)" cepali.edu.mx 192.185.131.128
193.41.226.155 - - [15/Mar/2025:08:22:13 -0600] "GET /wp-includes/css/about.php HTTP/1.1" 200 - "-" "Mozilla/5.0 (Windows NT 10.0; Win64; x64) AppleWebKit/537.36 (KHTML, like Gecko) Chrome/120.0.0.0 Safari/537.36" cepali.edu.mx 192.185.131.128
193.41.226.155 - - [15/Mar/2025:08:22:13 -0600] "GET /wp-includes/css/about.php HTTP/1.1" 200 - "-" "Mozilla/5.0 (Windows NT 10.0; Win64; x64) AppleWebKit/537.36 (KHTML, like Gecko) Chrome/120.0.0.0 Safari/537.36" cepali.sdektun.com 192.185.131.128
57.141.6.2 - - [15/Mar/2025:08:24:51 -0600] "GET /648825080.phtml HTTP/1.1" 500 - "-" "meta-externalagent/1.1 (+https://developers.facebook.com/docs/sharing/webmasters/crawler)" cepali.edu.mx 192.185.131.128
40.77.167.65 - - [15/Mar/2025:08:32:36 -0600] "GET /381490414.shtml HTTP/1.1" 200 119858 "-" "Mozilla/5.0 AppleWebKit/537.36 (KHTML, like Gecko; compatible; bingbot/2.0; +http://www.bing.com/bingbot.htm) Chrome/116.0.1938.76 Safari/537.36" www.cepali.edu.mx 192.185.131.128
57.141.6.11 - - [15/Mar/2025:08:35:58 -0600] "GET /808902504.phtml HTTP/1.1" 500 - "-" "meta-externalagent/1.1 (+https://developers.facebook.com/docs/sharing/webmasters/crawler)" cepali.edu.mx 192.185.131.128
52.167.144.21 - - [15/Mar/2025:08:36:17 -0600] "GET /467487630.shtml HTTP/1.1" 200 119722 "-" "Mozilla/5.0 AppleWebKit/537.36 (KHTML, like Gecko; compatible; bingbot/2.0; +http://www.bing.com/bingbot.htm) Chrome/116.0.1938.76 Safari/537.36" www.cepali.edu.mx 192.185.131.128
57.141.6.24 - - [15/Mar/2025:08:39:18 -0600] "GET /872956078.phtml HTTP/1.1" 500 - "-" "meta-externalagent/1.1 (+https://developers.facebook.com/docs/sharing/webmasters/crawler)" cepali.edu.mx 192.185.131.128
52.167.144.171 - - [15/Mar/2025:08:39:47 -0600] "GET /381697778.shtml HTTP/1.1" 200 119137 "-" "Mozilla/5.0 AppleWebKit/537.36 (KHTML, like Gecko; compatible; bingbot/2.0; +http://www.bing.com/bingbot.htm) Chrome/116.0.1938.76 Safari/537.36" www.cepali.edu.mx 192.185.131.128
57.141.6.3 - - [15/Mar/2025:08:41:32 -0600] "GET /172315358.phtml HTTP/1.1" 500 - "-" "meta-externalagent/1.1 (+https://developers.facebook.com/docs/sharing/webmasters/crawler)" cepali.edu.mx 192.185.131.128
57.141.6.17 - - [15/Mar/2025:08:44:51 -0600] "GET /ggbfp/d1358256.html HTTP/1.1" 500 - "-" "meta-externalagent/1.1 (+https://developers.facebook.com/docs/sharing/webmasters/crawler)" cepali.edu.mx 192.185.131.128
57.141.6.15 - - [15/Mar/2025:08:45:58 -0600] "GET /733652875.phtml HTTP/1.1" 500 - "-" "meta-externalagent/1.1 (+https://developers.facebook.com/docs/sharing/webmasters/crawler)" cepali.edu.mx 192.185.131.128
40.77.167.18 - - [15/Mar/2025:08:48:58 -0600] "GET /532686406.shtml HTTP/1.1" 200 119852 "-" "Mozilla/5.0 AppleWebKit/537.36 (KHTML, like Gecko; compatible; bingbot/2.0; +http://www.bing.com/bingbot.htm) Chrome/116.0.1938.76 Safari/537.36" www.cepali.edu.mx 192.185.131.128
193.41.226.155 - - [15/Mar/2025:08:50:50 -0600] "GET /wp-includes/css/about.php HTTP/1.1" 200 - "-" "Mozilla/5.0 (Windows NT 10.0; Win64; x64) AppleWebKit/537.36 (KHTML, like Gecko) Chrome/120.0.0.0 Safari/537.36" www.cepali.sdektun.com 192.185.131.128
57.141.6.18 - - [15/Mar/2025:08:54:51 -0600] "GET /55618648.phtml HTTP/1.1" 500 - "-" "meta-externalagent/1.1 (+https://developers.facebook.com/docs/sharing/webmasters/crawler)" cepali.edu.mx 192.185.131.128
23.137.105.192 - - [15/Mar/2025:08:56:38 -0600] "GET /wp.php HTTP/1.1" 500 - "-" "Mozilla/5.0 (Windows; U; Windows NT 6.1; en-US; rv:1.9.1.5) Gecko/20091102 Firefox/3.5.5 (.NET CLR 3.5.30729)" cepali.edu.mx 192.185.131.128
57.141.6.9 - - [15/Mar/2025:08:57:05 -0600] "GET /677733596.phtml HTTP/1.1" 500 - "-" "meta-externalagent/1.1 (+https://developers.facebook.com/docs/sharing/webmasters/crawler)" cepali.edu.mx 192.185.131.128
57.141.6.19 - - [15/Mar/2025:08:58:12 -0600] "GET /460368669.phtml HTTP/1.1" 500 - "-" "meta-externalagent/1.1 (+https://developers.facebook.com/docs/sharing/webmasters/crawler)" cepali.edu.mx 192.185.131.128
57.141.6.11 - - [15/Mar/2025:08:59:18 -0600] "GET /mcfgs/i790447.html HTTP/1.1" 500 - "-" "meta-externalagent/1.1 (+https://developers.facebook.com/docs/sharing/webmasters/crawler)" cepali.edu.mx 192.185.131.128
57.141.6.13 - - [15/Mar/2025:09:00:25 -0600] "GET /889440546.phtml HTTP/1.1" 500 - "-" "meta-externalagent/1.1 (+https://developers.facebook.com/docs/sharing/webmasters/crawler)" cepali.edu.mx 192.185.131.128
57.141.6.15 - - [15/Mar/2025:09:02:38 -0600] "GET /157813260.phtml HTTP/1.1" 500 - "-" "meta-externalagent/1.1 (+https://developers.facebook.com/docs/sharing/webmasters/crawler)" cepali.edu.mx 192.185.131.128
57.141.6.21 - - [15/Mar/2025:09:08:12 -0600] "GET /644321243.phtml HTTP/1.1" 500 - "-" "meta-externalagent/1.1 (+https://developers.facebook.com/docs/sharing/webmasters/crawler)" cepali.edu.mx 192.185.131.128
52.167.144.189 - - [15/Mar/2025:09:09:00 -0600] "GET /361450178.shtml HTTP/1.1" 200 120937 "-" "Mozilla/5.0 AppleWebKit/537.36 (KHTML, like Gecko; compatible; bingbot/2.0; +http://www.bing.com/bingbot.htm) Chrome/116.0.1938.76 Safari/537.36" www.cepali.edu.mx 192.185.131.128
57.141.6.6 - - [15/Mar/2025:09:10:25 -0600] "GET /55052641.phtml HTTP/1.1" 500 - "-" "meta-externalagent/1.1 (+https://developers.facebook.com/docs/sharing/webmasters/crawler)" cepali.edu.mx 192.185.131.128
57.141.6.14 - - [15/Mar/2025:09:15:58 -0600] "GET /768922018.phtml HTTP/1.1" 500 - "-" "meta-externalagent/1.1 (+https://developers.facebook.com/docs/sharing/webmasters/crawler)" cepali.edu.mx 192.185.131.128
57.141.6.2 - - [15/Mar/2025:09:18:12 -0600] "GET /904718848.phtml HTTP/1.1" 500 - "-" "meta-externalagent/1.1 (+https://developers.facebook.com/docs/sharing/webmasters/crawler)" cepali.edu.mx 192.185.131.128
57.141.6.24 - - [15/Mar/2025:09:20:25 -0600] "GET /582000673.phtml HTTP/1.1" 500 - "-" "meta-externalagent/1.1 (+https://developers.facebook.com/docs/sharing/webmasters/crawler)" cepali.edu.mx 192.185.131.128
57.141.6.17 - - [15/Mar/2025:09:22:38 -0600] "GET /300069387.phtml HTTP/1.1" 500 - "-" "meta-externalagent/1.1 (+https://developers.facebook.com/docs/sharing/webmasters/crawler)" cepali.edu.mx 192.185.131.128
57.141.6.4 - - [15/Mar/2025:09:23:45 -0600] "GET /itnrm/f435206.html HTTP/1.1" 500 - "-" "meta-externalagent/1.1 (+https://developers.facebook.com/docs/sharing/webmasters/crawler)" cepali.edu.mx 192.185.131.128
57.141.6.3 - - [15/Mar/2025:09:29:19 -0600] "GET /11274556.phtml HTTP/1.1" 500 - "-" "meta-externalagent/1.1 (+https://developers.facebook.com/docs/sharing/webmasters/crawler)" cepali.edu.mx 192.185.131.128
57.141.6.22 - - [15/Mar/2025:09:30:25 -0600] "GET /196389941.phtml HTTP/1.1" 500 - "-" "meta-externalagent/1.1 (+https://developers.facebook.com/docs/sharing/webmasters/crawler)" cepali.edu.mx 192.185.131.128
40.77.167.57 - - [15/Mar/2025:09:30:34 -0600] "GET /542101446.shtml HTTP/1.1" 200 118919 "-" "Mozilla/5.0 AppleWebKit/537.36 (KHTML, like Gecko; compatible; bingbot/2.0; +http://www.bing.com/bingbot.htm) Chrome/116.0.1938.76 Safari/537.36" www.cepali.edu.mx 192.185.131.128
57.141.6.18 - - [15/Mar/2025:09:32:38 -0600] "GET /192617757.phtml HTTP/1.1" 500 - "-" "meta-externalagent/1.1 (+https://developers.facebook.com/docs/sharing/webmasters/crawler)" cepali.edu.mx 192.185.131.128
57.141.6.29 - - [15/Mar/2025:09:39:18 -0600] "GET /469070466.phtml HTTP/1.1" 500 - "-" "meta-externalagent/1.1 (+https://developers.facebook.com/docs/sharing/webmasters/crawler)" cepali.edu.mx 192.185.131.128
57.141.6.14 - - [15/Mar/2025:09:40:24 -0600] "GET /223682960.phtml HTTP/1.1" 500 - "-" "meta-externalagent/1.1 (+https://developers.facebook.com/docs/sharing/webmasters/crawler)" cepali.edu.mx 192.185.131.128
57.141.6.28 - - [15/Mar/2025:09:41:31 -0600] "GET /641542935.phtml HTTP/1.1" 500 - "-" "meta-externalagent/1.1 (+https://developers.facebook.com/docs/sharing/webmasters/crawler)" cepali.edu.mx 192.185.131.128
52.167.144.163 - - [15/Mar/2025:09:42:00 -0600] "GET /382700006.shtml HTTP/1.1" 200 119161 "-" "Mozilla/5.0 AppleWebKit/537.36 (KHTML, like Gecko; compatible; bingbot/2.0; +http://www.bing.com/bingbot.htm) Chrome/116.0.1938.76 Safari/537.36" www.cepali.edu.mx 192.185.131.128
52.167.144.163 - - [15/Mar/2025:09:46:01 -0600] "GET /179602854.shtml HTTP/1.1" 200 118633 "-" "Mozilla/5.0 AppleWebKit/537.36 (KHTML, like Gecko; compatible; bingbot/2.0; +http://www.bing.com/bingbot.htm) Chrome/116.0.1938.76 Safari/537.36" www.cepali.edu.mx 192.185.131.128
20.15.133.161 - - [15/Mar/2025:09:53:44 -0600] "GET /robots.txt HTTP/1.1" 200 153 "-" "Mozilla/5.0 AppleWebKit/537.36 (KHTML, like Gecko; compatible; bingbot/2.0; +http://www.bing.com/bingbot.htm) Chrome/116.0.1938.76 Safari/537.36" www.cepali.edu.mx 192.185.131.128
57.141.6.2 - - [15/Mar/2025:09:53:45 -0600] "GET /546534190.phtml HTTP/1.1" 500 - "-" "meta-externalagent/1.1 (+https://developers.facebook.com/docs/sharing/webmasters/crawler)" cepali.edu.mx 192.185.131.128
20.15.133.175 - - [15/Mar/2025:09:54:07 -0600] "GET /513637494.shtml HTTP/1.1" 200 119196 "-" "Mozilla/5.0 AppleWebKit/537.36 (KHTML, like Gecko; compatible; bingbot/2.0; +http://www.bing.com/bingbot.htm) Chrome/116.0.1938.76 Safari/537.36" www.cepali.edu.mx 192.185.131.128
40.77.167.123 - - [15/Mar/2025:09:54:12 -0600] "GET /198728282.shtml HTTP/1.1" 200 119266 "-" "Mozilla/5.0 AppleWebKit/537.36 (KHTML, like Gecko; compatible; bingbot/2.0; +http://www.bing.com/bingbot.htm) Chrome/116.0.1938.76 Safari/537.36" www.cepali.edu.mx 192.185.131.128
57.141.6.18 - - [15/Mar/2025:09:55:58 -0600] "GET /94590009.phtml HTTP/1.1" 500 - "-" "meta-externalagent/1.1 (+https://developers.facebook.com/docs/sharing/webmasters/crawler)" cepali.edu.mx 192.185.131.128
57.141.6.25 - - [15/Mar/2025:09:59:18 -0600] "GET /463471093.phtml HTTP/1.1" 500 - "-" "meta-externalagent/1.1 (+https://developers.facebook.com/docs/sharing/webmasters/crawler)" cepali.edu.mx 192.185.131.128
66.249.66.161 - - [15/Mar/2025:10:03:05 -0600] "GET /710903460.phtml HTTP/1.1" 200 118995 "-" "Mozilla/5.0 (Linux; Android 6.0.1; Nexus 5X Build/MMB29P) AppleWebKit/537.36 (KHTML, like Gecko) Chrome/133.0.6943.141 Mobile Safari/537.36 (compatible; Googlebot/2.1; +http://www.google.com/bot.html)" cepali.edu.mx 192.185.131.128
57.141.6.3 - - [15/Mar/2025:10:07:05 -0600] "GET /337827107.phtml HTTP/1.1" 500 - "-" "meta-externalagent/1.1 (+https://developers.facebook.com/docs/sharing/webmasters/crawler)" cepali.edu.mx 192.185.131.128
57.141.6.15 - - [15/Mar/2025:10:12:38 -0600] "GET /ruqjg/w1037981.html HTTP/1.1" 500 - "-" "meta-externalagent/1.1 (+https://developers.facebook.com/docs/sharing/webmasters/crawler)" cepali.edu.mx 192.185.131.128
66.249.66.163 - - [15/Mar/2025:10:13:17 -0600] "GET /312857617.phtml HTTP/1.1" 200 119479 "-" "Mozilla/5.0 (Linux; Android 6.0.1; Nexus 5X Build/MMB29P) AppleWebKit/537.36 (KHTML, like Gecko) Chrome/133.0.6943.141 Mobile Safari/537.36 (compatible; Googlebot/2.1; +http://www.google.com/bot.html)" cepali.edu.mx 192.185.131.128
57.141.6.17 - - [15/Mar/2025:10:13:45 -0600] "GET /94314331.phtml HTTP/1.1" 500 - "-" "meta-externalagent/1.1 (+https://developers.facebook.com/docs/sharing/webmasters/crawler)" cepali.edu.mx 192.185.131.128
66.249.66.163 - - [15/Mar/2025:10:14:21 -0600] "GET /43133903.phtml HTTP/1.1" 200 119087 "-" "Mozilla/5.0 (Linux; Android 6.0.1; Nexus 5X Build/MMB29P) AppleWebKit/537.36 (KHTML, like Gecko) Chrome/133.0.6943.141 Mobile Safari/537.36 (compatible; Googlebot/2.1; +http://www.google.com/bot.html)" cepali.edu.mx 192.185.131.128
57.141.6.5 - - [15/Mar/2025:10:15:58 -0600] "GET /270305731.phtml HTTP/1.1" 500 - "-" "meta-externalagent/1.1 (+https://developers.facebook.com/docs/sharing/webmasters/crawler)" cepali.edu.mx 192.185.131.128
57.141.6.2 - - [15/Mar/2025:10:21:32 -0600] "GET /519516251.phtml HTTP/1.1" 500 - "-" "meta-externalagent/1.1 (+https://developers.facebook.com/docs/sharing/webmasters/crawler)" cepali.edu.mx 192.185.131.128
57.141.6.19 - - [15/Mar/2025:10:24:52 -0600] "GET /272466903.phtml HTTP/1.1" 500 - "-" "meta-externalagent/1.1 (+https://developers.facebook.com/docs/sharing/webmasters/crawler)" cepali.edu.mx 192.185.131.128
52.167.144.172 - - [15/Mar/2025:10:30:47 -0600] "GET /268282642.shtml HTTP/1.1" 200 119981 "-" "Mozilla/5.0 AppleWebKit/537.36 (KHTML, like Gecko; compatible; bingbot/2.0; +http://www.bing.com/bingbot.htm) Chrome/116.0.1938.76 Safari/537.36" www.cepali.edu.mx 192.185.131.128
57.141.6.8 - - [15/Mar/2025:10:32:38 -0600] "GET /61271243.phtml HTTP/1.1" 500 - "-" "meta-externalagent/1.1 (+https://developers.facebook.com/docs/sharing/webmasters/crawler)" cepali.edu.mx 192.185.131.128
3.110.130.225 - - [15/Mar/2025:10:34:50 -0600] "GET / HTTP/1.1" 500 - "-" "Mozilla/5.0 (Windows NT 10.0; Win64; x64) AppleWebKit/537.36 (KHTML, like Gecko) Chrome/80.0.3987.149 Safari/537.36" cepali.edu.mx 192.185.131.128
3.110.130.225 - - [15/Mar/2025:10:34:50 -0600] "GET / HTTP/1.1" 500 - "-" "Mozilla/5.0 (Windows NT 10.0; Win64; x64) AppleWebKit/537.36 (KHTML, like Gecko) Chrome/80.0.3987.149 Safari/537.36" cepali.edu.mx 192.185.131.128
3.110.130.225 - - [15/Mar/2025:10:34:51 -0600] "GET /wp-includes/wlwmanifest.xml HTTP/1.1" 406 226 "-" "Mozilla/5.0 (Windows NT 10.0; Win64; x64) AppleWebKit/537.36 (KHTML, like Gecko) Chrome/80.0.3987.149 Safari/537.36" cepali.edu.mx 192.185.131.128
3.110.130.225 - - [15/Mar/2025:10:34:52 -0600] "GET /xmlrpc.php?rsd HTTP/1.1" 409 83 "-" "Mozilla/5.0 (Windows NT 10.0; Win64; x64) AppleWebKit/537.36 (KHTML, like Gecko) Chrome/80.0.3987.149 Safari/537.36" cepali.edu.mx 192.185.131.128
57.141.6.12 - - [15/Mar/2025:10:34:52 -0600] "GET /410165074.phtml HTTP/1.1" 500 - "-" "meta-externalagent/1.1 (+https://developers.facebook.com/docs/sharing/webmasters/crawler)" cepali.edu.mx 192.185.131.128
3.110.130.225 - - [15/Mar/2025:10:34:52 -0600] "GET / HTTP/1.1" 500 - "-" "Mozilla/5.0 (Windows NT 10.0; Win64; x64) AppleWebKit/537.36 (KHTML, like Gecko) Chrome/80.0.3987.149 Safari/537.36" cepali.edu.mx 192.185.131.128
3.110.130.225 - - [15/Mar/2025:10:34:53 -0600] "GET /blog/wp-includes/wlwmanifest.xml HTTP/1.1" 406 226 "-" "Mozilla/5.0 (Windows NT 10.0; Win64; x64) AppleWebKit/537.36 (KHTML, like Gecko) Chrome/80.0.3987.149 Safari/537.36" cepali.edu.mx 192.185.131.128
3.110.130.225 - - [15/Mar/2025:10:34:53 -0600] "GET /wordpress/wp-includes/wlwmanifest.xml HTTP/1.1" 406 226 "-" "Mozilla/5.0 (Windows NT 10.0; Win64; x64) AppleWebKit/537.36 (KHTML, like Gecko) Chrome/80.0.3987.149 Safari/537.36" cepali.edu.mx 192.185.131.128
3.110.130.225 - - [15/Mar/2025:10:34:54 -0600] "GET /wp/wp-includes/wlwmanifest.xml HTTP/1.1" 406 226 "-" "Mozilla/5.0 (Windows NT 10.0; Win64; x64) AppleWebKit/537.36 (KHTML, like Gecko) Chrome/80.0.3987.149 Safari/537.36" cepali.edu.mx 192.185.131.128
3.110.130.225 - - [15/Mar/2025:10:34:54 -0600] "GET /news/wp-includes/wlwmanifest.xml HTTP/1.1" 406 226 "-" "Mozilla/5.0 (Windows NT 10.0; Win64; x64) AppleWebKit/537.36 (KHTML, like Gecko) Chrome/80.0.3987.149 Safari/537.36" cepali.edu.mx 192.185.131.128
3.110.130.225 - - [15/Mar/2025:10:34:55 -0600] "GET /2019/wp-includes/wlwmanifest.xml HTTP/1.1" 406 226 "-" "Mozilla/5.0 (Windows NT 10.0; Win64; x64) AppleWebKit/537.36 (KHTML, like Gecko) Chrome/80.0.3987.149 Safari/537.36" cepali.edu.mx 192.185.131.128
3.110.130.225 - - [15/Mar/2025:10:34:55 -0600] "GET /wp1/wp-includes/wlwmanifest.xml HTTP/1.1" 406 226 "-" "Mozilla/5.0 (Windows NT 10.0; Win64; x64) AppleWebKit/537.36 (KHTML, like Gecko) Chrome/80.0.3987.149 Safari/537.36" cepali.edu.mx 192.185.131.128
3.110.130.225 - - [15/Mar/2025:10:34:55 -0600] "GET /media/wp-includes/wlwmanifest.xml HTTP/1.1" 406 226 "-" "Mozilla/5.0 (Windows NT 10.0; Win64; x64) AppleWebKit/537.36 (KHTML, like Gecko) Chrome/80.0.3987.149 Safari/537.36" cepali.edu.mx 192.185.131.128
3.110.130.225 - - [15/Mar/2025:10:34:56 -0600] "GET /wp2/wp-includes/wlwmanifest.xml HTTP/1.1" 406 226 "-" "Mozilla/5.0 (Windows NT 10.0; Win64; x64) AppleWebKit/537.36 (KHTML, like Gecko) Chrome/80.0.3987.149 Safari/537.36" cepali.edu.mx 192.185.131.128
3.110.130.225 - - [15/Mar/2025:10:34:56 -0600] "GET /cms/wp-includes/wlwmanifest.xml HTTP/1.1" 406 226 "-" "Mozilla/5.0 (Windows NT 10.0; Win64; x64) AppleWebKit/537.36 (KHTML, like Gecko) Chrome/80.0.3987.149 Safari/537.36" cepali.edu.mx 192.185.131.128
57.141.6.6 - - [15/Mar/2025:10:35:59 -0600] "GET /529771652.phtml HTTP/1.1" 500 - "-" "meta-externalagent/1.1 (+https://developers.facebook.com/docs/sharing/webmasters/crawler)" cepali.edu.mx 192.185.131.128
57.141.6.20 - - [15/Mar/2025:10:37:05 -0600] "GET /15757463.phtml HTTP/1.1" 500 - "-" "meta-externalagent/1.1 (+https://developers.facebook.com/docs/sharing/webmasters/crawler)" cepali.edu.mx 192.185.131.128
57.141.6.28 - - [15/Mar/2025:10:39:18 -0600] "GET /853566825.phtml HTTP/1.1" 500 - "-" "meta-externalagent/1.1 (+https://developers.facebook.com/docs/sharing/webmasters/crawler)" cepali.edu.mx 192.185.131.128
57.141.6.10 - - [15/Mar/2025:10:40:25 -0600] "GET /817116034.phtml HTTP/1.1" 500 - "-" "meta-externalagent/1.1 (+https://developers.facebook.com/docs/sharing/webmasters/crawler)" cepali.edu.mx 192.185.131.128
57.141.6.14 - - [15/Mar/2025:10:41:32 -0600] "GET /219203940.phtml HTTP/1.1" 500 - "-" "meta-externalagent/1.1 (+https://developers.facebook.com/docs/sharing/webmasters/crawler)" cepali.edu.mx 192.185.131.128
40.77.167.44 - - [15/Mar/2025:10:50:20 -0600] "GET /120664666.shtml HTTP/1.1" 200 119650 "-" "Mozilla/5.0 AppleWebKit/537.36 (KHTML, like Gecko; compatible; bingbot/2.0; +http://www.bing.com/bingbot.htm) Chrome/116.0.1938.76 Safari/537.36" www.cepali.edu.mx 192.185.131.128
57.141.6.25 - - [15/Mar/2025:10:50:25 -0600] "GET /799631710.phtml HTTP/1.1" 500 - "-" "meta-externalagent/1.1 (+https://developers.facebook.com/docs/sharing/webmasters/crawler)" cepali.edu.mx 192.185.131.128
57.141.6.9 - - [15/Mar/2025:10:54:52 -0600] "GET /625669922.phtml HTTP/1.1" 500 - "-" "meta-externalagent/1.1 (+https://developers.facebook.com/docs/sharing/webmasters/crawler)" cepali.edu.mx 192.185.131.128
40.77.167.32 - - [15/Mar/2025:10:59:53 -0600] "GET /290950554.shtml HTTP/1.1" 200 119427 "-" "Mozilla/5.0 AppleWebKit/537.36 (KHTML, like Gecko; compatible; bingbot/2.0; +http://www.bing.com/bingbot.htm) Chrome/116.0.1938.76 Safari/537.36" www.cepali.edu.mx 192.185.131.128
52.167.144.137 - - [15/Mar/2025:11:02:10 -0600] "GET /558741326.shtml HTTP/1.1" 200 119425 "-" "Mozilla/5.0 AppleWebKit/537.36 (KHTML, like Gecko; compatible; bingbot/2.0; +http://www.bing.com/bingbot.htm) Chrome/116.0.1938.76 Safari/537.36" www.cepali.edu.mx 192.185.131.128
57.141.6.25 - - [15/Mar/2025:11:02:38 -0600] "GET /aycao/i2609355.html HTTP/1.1" 500 - "-" "meta-externalagent/1.1 (+https://developers.facebook.com/docs/sharing/webmasters/crawler)" cepali.edu.mx 192.185.131.128
69.171.249.1 - - [15/Mar/2025:11:03:45 -0600] "GET /robots.txt HTTP/1.1" 200 888 "-" "facebookexternalhit/1.1 (+http://www.facebook.com/externalhit_uatext.php)" cepali.edu.mx 192.185.131.128
57.141.6.13 - - [15/Mar/2025:11:03:45 -0600] "GET /784299887.phtml HTTP/1.1" 500 - "-" "meta-externalagent/1.1 (+https://developers.facebook.com/docs/sharing/webmasters/crawler)" cepali.edu.mx 192.185.131.128
216.244.66.237 - - [15/Mar/2025:11:07:29 -0600] "GET /robots.txt HTTP/1.1" 406 226 "-" "Mozilla/5.0 (compatible; DotBot/1.2; +https://opensiteexplorer.org/dotbot; help@moz.com)" cepali.edu.mx 192.185.131.128
216.244.66.237 - - [15/Mar/2025:11:10:09 -0600] "GET /?_gl=1*1ix4f11*_gcl_au*MTYxMTI1OTI3MS4xNzIxODg2NjU0*_ga*ODYyMzk4MzA3LjE2OTk0NTM1Nzg.*_ga_7H42SVMQ0V*MTcyMTg4NjY1NS4xMjEuMS4xNzIxODg2NjY5LjQ2LjAuMA..&_ga=2.198040047.1958808748.1721886654-862398307.1699453578&_bdsid=2ulvIJ.n%7EZXCIW.1721886656070.1721886848&_bd_prev_page=https://cepali.edu.mx/detail.php?fzzxo/u2393827.html HTTP/1.1" 406 226 "-" "Mozilla/5.0 (compatible; DotBot/1.2; +https://opensiteexplorer.org/dotbot; help@moz.com)" cepali.edu.mx 192.185.131.128
173.252.87.116 - - [15/Mar/2025:11:10:25 -0600] "GET /robots.txt HTTP/1.1" 200 888 "-" "facebookexternalhit/1.1 (+http://www.facebook.com/externalhit_uatext.php)" cepali.edu.mx 192.185.131.128
57.141.6.23 - - [15/Mar/2025:11:10:25 -0600] "GET /411145794.phtml HTTP/1.1" 500 - "-" "meta-externalagent/1.1 (+https://developers.facebook.com/docs/sharing/webmasters/crawler)" cepali.edu.mx 192.185.131.128
57.141.6.4 - - [15/Mar/2025:11:12:38 -0600] "GET /765827966.phtml HTTP/1.1" 500 - "-" "meta-externalagent/1.1 (+https://developers.facebook.com/docs/sharing/webmasters/crawler)" cepali.edu.mx 192.185.131.128
40.77.167.29 - - [15/Mar/2025:11:14:41 -0600] "GET /355088070.shtml HTTP/1.1" 200 118757 "-" "Mozilla/5.0 AppleWebKit/537.36 (KHTML, like Gecko; compatible; bingbot/2.0; +http://www.bing.com/bingbot.htm) Chrome/116.0.1938.76 Safari/537.36" www.cepali.edu.mx 192.185.131.128
40.77.167.29 - - [15/Mar/2025:11:16:32 -0600] "GET /457105706.shtml HTTP/1.1" 200 120163 "-" "Mozilla/5.0 AppleWebKit/537.36 (KHTML, like Gecko; compatible; bingbot/2.0; +http://www.bing.com/bingbot.htm) Chrome/116.0.1938.76 Safari/537.36" www.cepali.edu.mx 192.185.131.128
57.141.6.6 - - [15/Mar/2025:11:24:52 -0600] "GET /540059943.phtml HTTP/1.1" 500 - "-" "meta-externalagent/1.1 (+https://developers.facebook.com/docs/sharing/webmasters/crawler)" cepali.edu.mx 192.185.131.128
57.141.6.5 - - [15/Mar/2025:11:28:12 -0600] "GET /354176726.phtml HTTP/1.1" 500 - "-" "meta-externalagent/1.1 (+https://developers.facebook.com/docs/sharing/webmasters/crawler)" cepali.edu.mx 192.185.131.128
57.141.6.18 - - [15/Mar/2025:11:30:25 -0600] "GET /800314028.phtml HTTP/1.1" 500 - "-" "meta-externalagent/1.1 (+https://developers.facebook.com/docs/sharing/webmasters/crawler)" cepali.edu.mx 192.185.131.128
57.141.6.16 - - [15/Mar/2025:11:37:05 -0600] "GET /842548675.phtml HTTP/1.1" 500 - "-" "meta-externalagent/1.1 (+https://developers.facebook.com/docs/sharing/webmasters/crawler)" cepali.edu.mx 192.185.131.128
57.141.6.6 - - [15/Mar/2025:11:44:52 -0600] "GET /274402330.phtml HTTP/1.1" 500 - "-" "meta-externalagent/1.1 (+https://developers.facebook.com/docs/sharing/webmasters/crawler)" cepali.edu.mx 192.185.131.128
57.141.6.17 - - [15/Mar/2025:11:47:05 -0600] "GET /491705663.phtml HTTP/1.1" 500 - "-" "meta-externalagent/1.1 (+https://developers.facebook.com/docs/sharing/webmasters/crawler)" cepali.edu.mx 192.185.131.128
13.82.28.255 - - [15/Mar/2025:11:51:43 -0600] "GET /wp-content/plugins/hellopress/wp_filemanager.php HTTP/1.1" 500 - "-" "-" www.cepali.sdektun.com 192.185.131.128
13.82.28.255 - - [15/Mar/2025:11:51:48 -0600] "GET /wp-includes/Text/network.php HTTP/1.1" 500 - "-" "-" www.cepali.sdektun.com 192.185.131.128
13.82.28.255 - - [15/Mar/2025:11:51:53 -0600] "GET /wp-content/upgrade-temp-backup/wp-login.php HTTP/1.1" 403 17108 "-" "-" www.cepali.sdektun.com 192.185.131.128
57.141.6.26 - - [15/Mar/2025:11:53:45 -0600] "GET /793517459.phtml HTTP/1.1" 500 - "-" "meta-externalagent/1.1 (+https://developers.facebook.com/docs/sharing/webmasters/crawler)" cepali.edu.mx 192.185.131.128
57.141.6.5 - - [15/Mar/2025:11:59:19 -0600] "GET /285039255.phtml HTTP/1.1" 500 - "-" "meta-externalagent/1.1 (+https://developers.facebook.com/docs/sharing/webmasters/crawler)" cepali.edu.mx 192.185.131.128
57.141.6.4 - - [15/Mar/2025:12:00:26 -0600] "GET /487313353.phtml HTTP/1.1" 500 - "-" "meta-externalagent/1.1 (+https://developers.facebook.com/docs/sharing/webmasters/crawler)" cepali.edu.mx 192.185.131.128
18.223.252.32 - - [15/Mar/2025:12:02:37 -0600] "HEAD /xmlrpc.php HTTP/1.1" 409 - "-" "Mozilla/5.0 (Windows NT 10.0; Win64; x64) AppleWebKit/537.36 (KHTML, like Gecko) Chrome/79.0.3945.88 Safari/537.36" cepali.edu.mx 192.185.131.128
57.141.6.16 - - [15/Mar/2025:12:02:39 -0600] "GET /309428087.phtml HTTP/1.1" 500 - "-" "meta-externalagent/1.1 (+https://developers.facebook.com/docs/sharing/webmasters/crawler)" cepali.edu.mx 192.185.131.128
18.223.252.32 - - [15/Mar/2025:12:02:39 -0600] "GET /wp-json/wp/v2/users HTTP/1.1" 500 - "-" "Mozilla/5.0 (Macintosh; Intel Mac OS X 10_15_6) AppleWebKit/537.36 (KHTML, like Gecko) Chrome/84.0.4147.125 Safari/537.36" cepali.edu.mx 192.185.131.128
18.223.252.32 - - [15/Mar/2025:12:02:41 -0600] "POST /xmlrpc.php HTTP/1.1" 406 226 "-" "Mozilla/5.0 (Macintosh; Intel Mac OS X 10.15; rv:79.0) Gecko/20100101 Firefox/79.0" cepali.edu.mx 192.185.131.128
18.223.252.32 - - [15/Mar/2025:12:02:44 -0600] "HEAD /wp/xmlrpc.php HTTP/1.1" 409 - "-" "Mozilla/5.0 (Windows NT 10.0; Win64; x64) AppleWebKit/537.36 (KHTML, like Gecko) Chrome/83.0.4103.97 Safari/537.36" cepali.edu.mx 192.185.131.128
18.223.252.32 - - [15/Mar/2025:12:02:46 -0600] "GET /wp/wp-json/wp/v2/users HTTP/1.1" 500 - "-" "Mozilla/5.0 (Windows NT 10.0; Win64; x64) AppleWebKit/537.36 (KHTML, like Gecko) Chrome/83.0.4103.61 Safari/537.36" cepali.edu.mx 192.185.131.128
18.223.252.32 - - [15/Mar/2025:12:02:49 -0600] "POST /wp/xmlrpc.php HTTP/1.1" 406 226 "-" "Mozilla/5.0 (Windows NT 10.0; Win64; x64) AppleWebKit/537.36 (KHTML, like Gecko) Chrome/74.0.3729.157 Safari/537.36" cepali.edu.mx 192.185.131.128
18.223.252.32 - - [15/Mar/2025:12:02:51 -0600] "HEAD /wordpress/xmlrpc.php HTTP/1.1" 409 - "-" "Mozilla/5.0 (Windows NT 10.0; WOW64; Trident/7.0; .NET4.0C; .NET4.0E; .NET CLR 2.0.50727; .NET CLR 3.0.30729; .NET CLR 3.5.30729; rv:11.0) like Gecko" cepali.edu.mx 192.185.131.128
18.223.252.32 - - [15/Mar/2025:12:02:54 -0600] "GET /wordpress/wp-json/wp/v2/users HTTP/1.1" 500 - "-" "Mozilla/5.0 (Windows NT 10.0; Win64; x64; rv:79.0) Gecko/20100101 Firefox/79.0" cepali.edu.mx 192.185.131.128
18.223.252.32 - - [15/Mar/2025:12:02:56 -0600] "POST /wordpress/xmlrpc.php HTTP/1.1" 406 226 "-" "Mozilla/5.0 (Windows NT 10.0; Win64; x64; rv:71.0) Gecko/20100101 Firefox/71.0" cepali.edu.mx 192.185.131.128
18.223.252.32 - - [15/Mar/2025:12:02:58 -0600] "HEAD /old/xmlrpc.php HTTP/1.1" 409 - "-" "Mozilla/5.0 (Windows NT 10.0; Win64; x64) AppleWebKit/537.36 (KHTML, like Gecko) Chrome/80.0.3987.149 Safari/537.36" cepali.edu.mx 192.185.131.128
18.223.252.32 - - [15/Mar/2025:12:02:59 -0600] "GET /old/wp-json/wp/v2/users HTTP/1.1" 500 - "-" "Mozilla/5.0 (Windows NT 10.0; Win64; x64; rv:72.0) Gecko/20100101 Firefox/72.0" cepali.edu.mx 192.185.131.128
18.223.252.32 - - [15/Mar/2025:12:03:02 -0600] "POST /old/xmlrpc.php HTTP/1.1" 406 226 "-" "Mozilla/5.0 (X11; Ubuntu; Linux x86_64; rv:79.0) Gecko/20100101 Firefox/79.0" cepali.edu.mx 192.185.131.128
18.223.252.32 - - [15/Mar/2025:12:03:03 -0600] "HEAD /new/xmlrpc.php HTTP/1.1" 409 - "-" "Mozilla/5.0 (X11; Linux i686; rv:79.0) Gecko/20100101 Firefox/79.0" cepali.edu.mx 192.185.131.128
18.223.252.32 - - [15/Mar/2025:12:03:08 -0600] "GET /new/wp-json/wp/v2/users HTTP/1.1" 500 - "-" "Mozilla/5.0 (Windows NT 6.1; Win64; x64) AppleWebKit/537.36 (KHTML, like Gecko) Chrome/74.0.3729.169 Safari/537.36" cepali.edu.mx 192.185.131.128
18.223.252.32 - - [15/Mar/2025:12:03:12 -0600] "POST /new/xmlrpc.php HTTP/1.1" 406 226 "-" "Mozilla/5.0 (Windows NT 10.0; Win64; x64) AppleWebKit/537.36 (KHTML, like Gecko) Chrome/80.0.3987.149 Safari/537.36" cepali.edu.mx 192.185.131.128
18.223.252.32 - - [15/Mar/2025:12:03:16 -0600] "HEAD /blog/xmlrpc.php HTTP/1.1" 409 - "-" "Mozilla/5.0 (Windows NT 10.0) AppleWebKit/537.36 (KHTML, like Gecko) Chrome/84.0.4147.105 Safari/537.36" cepali.edu.mx 192.185.131.128
18.223.252.32 - - [15/Mar/2025:12:03:18 -0600] "GET /blog/wp-json/wp/v2/users HTTP/1.1" 500 - "-" "Mozilla/5.0 (X11; Fedora; Linux x86_64; rv:79.0) Gecko/20100101 Firefox/79.0" cepali.edu.mx 192.185.131.128
18.223.252.32 - - [15/Mar/2025:12:03:20 -0600] "POST /blog/xmlrpc.php HTTP/1.1" 406 226 "-" "Mozilla/5.0 (Windows NT 10.0; Win64; x64) AppleWebKit/537.36 (KHTML, like Gecko) Chrome/79.0.3945.79 Safari/537.36" cepali.edu.mx 192.185.131.128
57.141.6.9 - - [15/Mar/2025:12:09:19 -0600] "GET /414300543.phtml HTTP/1.1" 500 - "-" "meta-externalagent/1.1 (+https://developers.facebook.com/docs/sharing/webmasters/crawler)" cepali.edu.mx 192.185.131.128
52.167.144.168 - - [15/Mar/2025:12:10:28 -0600] "GET /109028970.shtml HTTP/1.1" 200 118760 "-" "Mozilla/5.0 AppleWebKit/537.36 (KHTML, like Gecko; compatible; bingbot/2.0; +http://www.bing.com/bingbot.htm) Chrome/116.0.1938.76 Safari/537.36" www.cepali.edu.mx 192.185.131.128
57.141.6.10 - - [15/Mar/2025:12:11:32 -0600] "GET /139672332.phtml HTTP/1.1" 500 - "-" "meta-externalagent/1.1 (+https://developers.facebook.com/docs/sharing/webmasters/crawler)" cepali.edu.mx 192.185.131.128
54.236.1.11 - - [15/Mar/2025:12:13:30 -0600] "GET / HTTP/1.1" 500 - "-" "Mozilla/5.0 (compatible; Pinterestbot/1.0; +http://www.pinterest.com/bot.html)" cepali.edu.mx 192.185.131.128
57.141.6.8 - - [15/Mar/2025:12:13:46 -0600] "GET /873559161.phtml HTTP/1.1" 500 - "-" "meta-externalagent/1.1 (+https://developers.facebook.com/docs/sharing/webmasters/crawler)" cepali.edu.mx 192.185.131.128
57.141.6.6 - - [15/Mar/2025:12:17:05 -0600] "GET /501560105.phtml HTTP/1.1" 500 - "-" "meta-externalagent/1.1 (+https://developers.facebook.com/docs/sharing/webmasters/crawler)" cepali.edu.mx 192.185.131.128
57.141.6.20 - - [15/Mar/2025:12:21:32 -0600] "GET /518853368.phtml HTTP/1.1" 500 - "-" "meta-externalagent/1.1 (+https://developers.facebook.com/docs/sharing/webmasters/crawler)" cepali.edu.mx 192.185.131.128
57.141.6.15 - - [15/Mar/2025:12:24:53 -0600] "GET /822399663.phtml HTTP/1.1" 500 - "-" "meta-externalagent/1.1 (+https://developers.facebook.com/docs/sharing/webmasters/crawler)" cepali.edu.mx 192.185.131.128
57.141.6.23 - - [15/Mar/2025:12:30:26 -0600] "GET /537231702.phtml HTTP/1.1" 500 - "-" "meta-externalagent/1.1 (+https://developers.facebook.com/docs/sharing/webmasters/crawler)" cepali.edu.mx 192.185.131.128
57.141.6.12 - - [15/Mar/2025:12:35:59 -0600] "GET /ppetx/m1591407.html HTTP/1.1" 500 - "-" "meta-externalagent/1.1 (+https://developers.facebook.com/docs/sharing/webmasters/crawler)" cepali.edu.mx 192.185.131.128
57.141.6.11 - - [15/Mar/2025:12:37:06 -0600] "GET /770882860.phtml HTTP/1.1" 500 - "-" "meta-externalagent/1.1 (+https://developers.facebook.com/docs/sharing/webmasters/crawler)" cepali.edu.mx 192.185.131.128
57.141.6.1 - - [15/Mar/2025:12:40:26 -0600] "GET /vfwbo/z1452216.html HTTP/1.1" 500 - "-" "meta-externalagent/1.1 (+https://developers.facebook.com/docs/sharing/webmasters/crawler)" cepali.edu.mx 192.185.131.128
57.141.6.25 - - [15/Mar/2025:12:41:33 -0600] "GET /765416542.phtml HTTP/1.1" 500 - "-" "meta-externalagent/1.1 (+https://developers.facebook.com/docs/sharing/webmasters/crawler)" cepali.edu.mx 192.185.131.128
57.141.6.11 - - [15/Mar/2025:12:42:39 -0600] "GET /266351755.phtml HTTP/1.1" 500 - "-" "meta-externalagent/1.1 (+https://developers.facebook.com/docs/sharing/webmasters/crawler)" cepali.edu.mx 192.185.131.128
57.141.6.26 - - [15/Mar/2025:12:44:53 -0600] "GET /461137996.phtml HTTP/1.1" 500 - "-" "meta-externalagent/1.1 (+https://developers.facebook.com/docs/sharing/webmasters/crawler)" cepali.edu.mx 192.185.131.128
57.141.6.6 - - [15/Mar/2025:12:53:46 -0600] "GET /528732328.phtml HTTP/1.1" 500 - "-" "meta-externalagent/1.1 (+https://developers.facebook.com/docs/sharing/webmasters/crawler)" cepali.edu.mx 192.185.131.128
57.141.6.10 - - [15/Mar/2025:13:01:33 -0600] "GET /300600112.phtml HTTP/1.1" 500 - "-" "meta-externalagent/1.1 (+https://developers.facebook.com/docs/sharing/webmasters/crawler)" cepali.edu.mx 192.185.131.128
57.141.6.17 - - [15/Mar/2025:13:05:59 -0600] "GET /363583565.phtml HTTP/1.1" 500 - "-" "meta-externalagent/1.1 (+https://developers.facebook.com/docs/sharing/webmasters/crawler)" cepali.edu.mx 192.185.131.128
57.141.6.11 - - [15/Mar/2025:13:07:06 -0600] "GET /594838537.phtml HTTP/1.1" 500 - "-" "meta-externalagent/1.1 (+https://developers.facebook.com/docs/sharing/webmasters/crawler)" cepali.edu.mx 192.185.131.128
57.141.6.5 - - [15/Mar/2025:13:08:13 -0600] "GET /408054732.phtml HTTP/1.1" 500 - "-" "meta-externalagent/1.1 (+https://developers.facebook.com/docs/sharing/webmasters/crawler)" cepali.edu.mx 192.185.131.128
57.141.6.18 - - [15/Mar/2025:13:11:32 -0600] "GET /172187386.phtml HTTP/1.1" 500 - "-" "meta-externalagent/1.1 (+https://developers.facebook.com/docs/sharing/webmasters/crawler)" cepali.edu.mx 192.185.131.128
57.141.6.19 - - [15/Mar/2025:13:18:12 -0600] "GET /522551400.phtml HTTP/1.1" 500 - "-" "meta-externalagent/1.1 (+https://developers.facebook.com/docs/sharing/webmasters/crawler)" cepali.edu.mx 192.185.131.128
57.141.6.7 - - [15/Mar/2025:13:22:39 -0600] "GET /86296945.phtml HTTP/1.1" 500 - "-" "meta-externalagent/1.1 (+https://developers.facebook.com/docs/sharing/webmasters/crawler)" cepali.edu.mx 192.185.131.128
57.141.6.11 - - [15/Mar/2025:13:23:46 -0600] "GET /731307818.phtml HTTP/1.1" 500 - "-" "meta-externalagent/1.1 (+https://developers.facebook.com/docs/sharing/webmasters/crawler)" cepali.edu.mx 192.185.131.128
13.94.123.226 - - [15/Mar/2025:13:23:52 -0600] "GET /inputs.php HTTP/1.1" 500 - "-" "-" www.cepali.sdektun.com 192.185.131.128
13.94.123.226 - - [15/Mar/2025:13:23:52 -0600] "GET /classsmtps.php HTTP/1.1" 500 - "-" "-" www.cepali.sdektun.com 192.185.131.128
13.94.123.226 - - [15/Mar/2025:13:23:53 -0600] "GET /wp-blog-header.php HTTP/1.1" 500 - "-" "-" www.cepali.sdektun.com 192.185.131.128
13.94.123.226 - - [15/Mar/2025:13:23:53 -0600] "GET /wp-trackback.php HTTP/1.1" 500 - "-" "-" www.cepali.sdektun.com 192.185.131.128
13.94.123.226 - - [15/Mar/2025:13:23:53 -0600] "GET /wp-signup.php HTTP/1.1" 500 - "-" "-" www.cepali.sdektun.com 192.185.131.128
13.94.123.226 - - [15/Mar/2025:13:23:54 -0600] "GET /wp-comments-post.php HTTP/1.1" 405 - "-" "-" www.cepali.sdektun.com 192.185.131.128
13.94.123.226 - - [15/Mar/2025:13:23:54 -0600] "GET /wp-cron.php HTTP/1.1" 200 - "-" "-" www.cepali.sdektun.com 192.185.131.128
13.94.123.226 - - [15/Mar/2025:13:23:54 -0600] "GET /wp-load.php HTTP/1.1" 500 - "-" "-" www.cepali.sdektun.com 192.185.131.128
13.94.123.226 - - [15/Mar/2025:13:23:54 -0600] "GET /wp-mail.php HTTP/1.1" 500 - "-" "-" www.cepali.sdektun.com 192.185.131.128
13.94.123.226 - - [15/Mar/2025:13:23:54 -0600] "GET /edit.php HTTP/1.1" 500 - "-" "-" www.cepali.sdektun.com 192.185.131.128
13.94.123.226 - - [15/Mar/2025:13:23:55 -0600] "GET /wp-activate.php HTTP/1.1" 500 - "-" "-" www.cepali.sdektun.com 192.185.131.128
13.94.123.226 - - [15/Mar/2025:13:23:55 -0600] "GET /plugins.php HTTP/1.1" 500 - "-" "-" www.cepali.sdektun.com 192.185.131.128
13.94.123.226 - - [15/Mar/2025:13:23:56 -0600] "GET /post.php HTTP/1.1" 500 - "-" "-" www.cepali.sdektun.com 192.185.131.128
13.94.123.226 - - [15/Mar/2025:13:23:56 -0600] "GET /admin.php HTTP/1.1" 500 - "-" "-" www.cepali.sdektun.com 192.185.131.128
13.94.123.226 - - [15/Mar/2025:13:23:57 -0600] "GET /about.php HTTP/1.1" 500 - "-" "-" www.cepali.sdektun.com 192.185.131.128
13.94.123.226 - - [15/Mar/2025:13:23:58 -0600] "GET /wp-2019.php HTTP/1.1" 500 - "-" "-" www.cepali.sdektun.com 192.185.131.128
13.94.123.226 - - [15/Mar/2025:13:23:58 -0600] "GET /atomlib.php HTTP/1.1" 500 - "-" "-" www.cepali.sdektun.com 192.185.131.128
13.94.123.226 - - [15/Mar/2025:13:23:59 -0600] "GET /css.php HTTP/1.1" 500 - "-" "-" www.cepali.sdektun.com 192.185.131.128
13.94.123.226 - - [15/Mar/2025:13:23:59 -0600] "GET /simple.php HTTP/1.1" 500 - "-" "-" www.cepali.sdektun.com 192.185.131.128
13.94.123.226 - - [15/Mar/2025:13:24:00 -0600] "GET /log.php HTTP/1.1" 500 - "-" "-" www.cepali.sdektun.com 192.185.131.128
13.94.123.226 - - [15/Mar/2025:13:24:01 -0600] "GET /index.php HTTP/1.1" 500 - "-" "-" www.cepali.sdektun.com 192.185.131.128
13.94.123.226 - - [15/Mar/2025:13:24:01 -0600] "GET /mail.php HTTP/1.1" 409 83 "-" "-" www.cepali.sdektun.com 192.185.131.128
13.94.123.226 - - [15/Mar/2025:13:24:01 -0600] "GET /lufix.php HTTP/1.1" 500 - "-" "-" www.cepali.sdektun.com 192.185.131.128
13.94.123.226 - - [15/Mar/2025:13:24:02 -0600] "GET /doc.php HTTP/1.1" 500 - "-" "-" www.cepali.sdektun.com 192.185.131.128
13.94.123.226 - - [15/Mar/2025:13:24:02 -0600] "GET /bak.php HTTP/1.1" 500 - "-" "-" www.cepali.sdektun.com 192.185.131.128
13.94.123.226 - - [15/Mar/2025:13:24:03 -0600] "GET /content.php HTTP/1.1" 500 - "-" "-" www.cepali.sdektun.com 192.185.131.128
13.94.123.226 - - [15/Mar/2025:13:24:04 -0600] "GET /upfile.php HTTP/1.1" 500 - "-" "-" www.cepali.sdektun.com 192.185.131.128
13.94.123.226 - - [15/Mar/2025:13:24:04 -0600] "GET /wp.php HTTP/1.1" 500 - "-" "-" www.cepali.sdektun.com 192.185.131.128
13.94.123.226 - - [15/Mar/2025:13:24:05 -0600] "GET /wp-conflg.php HTTP/1.1" 500 - "-" "-" www.cepali.sdektun.com 192.185.131.128
13.94.123.226 - - [15/Mar/2025:13:24:05 -0600] "GET /bypass.php HTTP/1.1" 500 - "-" "-" www.cepali.sdektun.com 192.185.131.128
13.94.123.226 - - [15/Mar/2025:13:24:06 -0600] "GET /404.php HTTP/1.1" 500 - "-" "-" www.cepali.sdektun.com 192.185.131.128
13.94.123.226 - - [15/Mar/2025:13:24:06 -0600] "GET /updates.php HTTP/1.1" 500 - "-" "-" www.cepali.sdektun.com 192.185.131.128
13.94.123.226 - - [15/Mar/2025:13:24:07 -0600] "GET /radio.php HTTP/1.1" 500 - "-" "-" www.cepali.sdektun.com 192.185.131.128
13.94.123.226 - - [15/Mar/2025:13:24:08 -0600] "GET /xmrlpc.php HTTP/1.1" 500 - "-" "-" www.cepali.sdektun.com 192.185.131.128
13.94.123.226 - - [15/Mar/2025:13:24:08 -0600] "GET /ae.php HTTP/1.1" 500 - "-" "-" www.cepali.sdektun.com 192.185.131.128
13.94.123.226 - - [15/Mar/2025:13:24:09 -0600] "GET /moon.php HTTP/1.1" 500 - "-" "-" www.cepali.sdektun.com 192.185.131.128
