66.249.66.165 - - [30/Nov/2024:08:31:52 -0600] "GET /archivos/2023/SESI%C3%93N_LISTADO_PROVEEDORES.pdf HTTP/1.1" 200 11202624 "-" "Mozilla/5.0 (Linux; Android 6.0.1; Nexus 5X Build/MMB29P) AppleWebKit/537.36 (KHTML, like Gecko) Chrome/131.0.6778.69 Mobile Safari/537.36 (compatible; Googlebot/2.1; +http://www.google.com/bot.html)" www.chapabyucatan.gob.mx 192.185.131.128
66.249.66.166 - - [30/Nov/2024:08:31:53 -0600] "GET /kejuv/f1788446.html HTTP/1.1" 404 4677 "-" "Mozilla/5.0 (Linux; Android 6.0.1; Nexus 5X Build/MMB29P) AppleWebKit/537.36 (KHTML, like Gecko) Chrome/131.0.6778.69 Mobile Safari/537.36 (compatible; Googlebot/2.1; +http://www.google.com/bot.html)" chapabyucatan.gob.mx 192.185.131.128
66.249.66.166 - - [30/Nov/2024:08:31:59 -0600] "GET /qhiuq/x2198874.html HTTP/1.1" 404 4677 "-" "Mozilla/5.0 (Linux; Android 6.0.1; Nexus 5X Build/MMB29P) AppleWebKit/537.36 (KHTML, like Gecko) Chrome/131.0.6778.69 Mobile Safari/537.36 (compatible; Googlebot/2.1; +http://www.google.com/bot.html)" chapabyucatan.gob.mx 192.185.131.128
66.249.66.168 - - [30/Nov/2024:08:32:06 -0600] "GET /xgxhb/r2319794.html HTTP/1.1" 404 4677 "-" "Mozilla/5.0 (Linux; Android 6.0.1; Nexus 5X Build/MMB29P) AppleWebKit/537.36 (KHTML, like Gecko) Chrome/131.0.6778.69 Mobile Safari/537.36 (compatible; Googlebot/2.1; +http://www.google.com/bot.html)" chapabyucatan.gob.mx 192.185.131.128
66.249.66.167 - - [30/Nov/2024:08:32:13 -0600] "GET /lpuyg/f2272956.html HTTP/1.1" 404 4677 "-" "Mozilla/5.0 (Linux; Android 6.0.1; Nexus 5X Build/MMB29P) AppleWebKit/537.36 (KHTML, like Gecko) Chrome/131.0.6778.69 Mobile Safari/537.36 (compatible; Googlebot/2.1; +http://www.google.com/bot.html)" chapabyucatan.gob.mx 192.185.131.128
66.249.66.166 - - [30/Nov/2024:08:32:18 -0600] "GET /vnrpj/n114054.html HTTP/1.1" 404 4677 "-" "Mozilla/5.0 (Linux; Android 6.0.1; Nexus 5X Build/MMB29P) AppleWebKit/537.36 (KHTML, like Gecko) Chrome/131.0.6778.69 Mobile Safari/537.36 (compatible; Googlebot/2.1; +http://www.google.com/bot.html)" chapabyucatan.gob.mx 192.185.131.128
66.249.66.166 - - [30/Nov/2024:08:32:25 -0600] "GET /qbdis/l914280.html HTTP/1.1" 404 4677 "-" "Mozilla/5.0 (Linux; Android 6.0.1; Nexus 5X Build/MMB29P) AppleWebKit/537.36 (KHTML, like Gecko) Chrome/131.0.6778.69 Mobile Safari/537.36 (compatible; Googlebot/2.1; +http://www.google.com/bot.html)" chapabyucatan.gob.mx 192.185.131.128
66.249.66.166 - - [30/Nov/2024:08:32:32 -0600] "GET /paiiw/j748632.html HTTP/1.1" 404 4677 "-" "Mozilla/5.0 (Linux; Android 6.0.1; Nexus 5X Build/MMB29P) AppleWebKit/537.36 (KHTML, like Gecko) Chrome/131.0.6778.69 Mobile Safari/537.36 (compatible; Googlebot/2.1; +http://www.google.com/bot.html)" chapabyucatan.gob.mx 192.185.131.128
66.249.66.166 - - [30/Nov/2024:08:32:38 -0600] "GET /wxhyj/l2510862.html HTTP/1.1" 404 4677 "-" "Mozilla/5.0 (Linux; Android 6.0.1; Nexus 5X Build/MMB29P) AppleWebKit/537.36 (KHTML, like Gecko) Chrome/131.0.6778.69 Mobile Safari/537.36 (compatible; Googlebot/2.1; +http://www.google.com/bot.html)" chapabyucatan.gob.mx 192.185.131.128
66.249.66.166 - - [30/Nov/2024:08:32:45 -0600] "GET /tqwjc/c1019779.html HTTP/1.1" 404 4677 "-" "Mozilla/5.0 (Linux; Android 6.0.1; Nexus 5X Build/MMB29P) AppleWebKit/537.36 (KHTML, like Gecko) Chrome/131.0.6778.69 Mobile Safari/537.36 (compatible; Googlebot/2.1; +http://www.google.com/bot.html)" chapabyucatan.gob.mx 192.185.131.128
66.249.66.166 - - [30/Nov/2024:08:32:51 -0600] "GET /nciab/n1413820.html HTTP/1.1" 404 4677 "-" "Mozilla/5.0 (Linux; Android 6.0.1; Nexus 5X Build/MMB29P) AppleWebKit/537.36 (KHTML, like Gecko) Chrome/131.0.6778.69 Mobile Safari/537.36 (compatible; Googlebot/2.1; +http://www.google.com/bot.html)" chapabyucatan.gob.mx 192.185.131.128
66.249.66.166 - - [30/Nov/2024:08:32:58 -0600] "GET /mvrvg/b2641736.html HTTP/1.1" 404 4677 "-" "Mozilla/5.0 (Linux; Android 6.0.1; Nexus 5X Build/MMB29P) AppleWebKit/537.36 (KHTML, like Gecko) Chrome/131.0.6778.69 Mobile Safari/537.36 (compatible; Googlebot/2.1; +http://www.google.com/bot.html)" chapabyucatan.gob.mx 192.185.131.128
66.249.66.166 - - [30/Nov/2024:08:33:06 -0600] "GET /kpltr/c748495.html HTTP/1.1" 404 4677 "-" "Mozilla/5.0 (Linux; Android 6.0.1; Nexus 5X Build/MMB29P) AppleWebKit/537.36 (KHTML, like Gecko) Chrome/131.0.6778.69 Mobile Safari/537.36 (compatible; Googlebot/2.1; +http://www.google.com/bot.html)" chapabyucatan.gob.mx 192.185.131.128
66.249.66.166 - - [30/Nov/2024:08:33:12 -0600] "GET /aolza/a2906571.html HTTP/1.1" 404 4677 "-" "Mozilla/5.0 (Linux; Android 6.0.1; Nexus 5X Build/MMB29P) AppleWebKit/537.36 (KHTML, like Gecko) Chrome/131.0.6778.69 Mobile Safari/537.36 (compatible; Googlebot/2.1; +http://www.google.com/bot.html)" chapabyucatan.gob.mx 192.185.131.128
66.249.66.166 - - [30/Nov/2024:08:33:18 -0600] "GET /xxitd/j850942.html HTTP/1.1" 404 4677 "-" "Mozilla/5.0 (Linux; Android 6.0.1; Nexus 5X Build/MMB29P) AppleWebKit/537.36 (KHTML, like Gecko) Chrome/131.0.6778.69 Mobile Safari/537.36 (compatible; Googlebot/2.1; +http://www.google.com/bot.html)" chapabyucatan.gob.mx 192.185.131.128
66.249.66.166 - - [30/Nov/2024:08:33:24 -0600] "GET /nzkia/k2421369.html HTTP/1.1" 404 4677 "-" "Mozilla/5.0 (Linux; Android 6.0.1; Nexus 5X Build/MMB29P) AppleWebKit/537.36 (KHTML, like Gecko) Chrome/131.0.6778.69 Mobile Safari/537.36 (compatible; Googlebot/2.1; +http://www.google.com/bot.html)" chapabyucatan.gob.mx 192.185.131.128
66.249.66.166 - - [30/Nov/2024:08:33:32 -0600] "GET /yzovj/i2408679.html HTTP/1.1" 404 4677 "-" "Mozilla/5.0 (Linux; Android 6.0.1; Nexus 5X Build/MMB29P) AppleWebKit/537.36 (KHTML, like Gecko) Chrome/131.0.6778.69 Mobile Safari/537.36 (compatible; Googlebot/2.1; +http://www.google.com/bot.html)" chapabyucatan.gob.mx 192.185.131.128
66.249.66.166 - - [30/Nov/2024:08:33:38 -0600] "GET /imfxw/q1756893.html HTTP/1.1" 404 4677 "-" "Mozilla/5.0 (Linux; Android 6.0.1; Nexus 5X Build/MMB29P) AppleWebKit/537.36 (KHTML, like Gecko) Chrome/131.0.6778.69 Mobile Safari/537.36 (compatible; Googlebot/2.1; +http://www.google.com/bot.html)" chapabyucatan.gob.mx 192.185.131.128
66.249.66.166 - - [30/Nov/2024:08:33:44 -0600] "GET /wfzqo/w2229033.html HTTP/1.1" 404 4677 "-" "Mozilla/5.0 (Linux; Android 6.0.1; Nexus 5X Build/MMB29P) AppleWebKit/537.36 (KHTML, like Gecko) Chrome/131.0.6778.69 Mobile Safari/537.36 (compatible; Googlebot/2.1; +http://www.google.com/bot.html)" chapabyucatan.gob.mx 192.185.131.128
66.249.66.166 - - [30/Nov/2024:08:33:50 -0600] "GET /ezfej/y2654759.html HTTP/1.1" 404 4677 "-" "Mozilla/5.0 (Linux; Android 6.0.1; Nexus 5X Build/MMB29P) AppleWebKit/537.36 (KHTML, like Gecko) Chrome/131.0.6778.69 Mobile Safari/537.36 (compatible; Googlebot/2.1; +http://www.google.com/bot.html)" chapabyucatan.gob.mx 192.185.131.128
66.249.66.166 - - [30/Nov/2024:08:33:52 -0600] "GET /plcle/y2602005.html HTTP/1.1" 404 4677 "-" "Mozilla/5.0 (Linux; Android 6.0.1; Nexus 5X Build/MMB29P) AppleWebKit/537.36 (KHTML, like Gecko) Chrome/131.0.6778.69 Mobile Safari/537.36 (compatible; Googlebot/2.1; +http://www.google.com/bot.html)" chapabyucatan.gob.mx 192.185.131.128
66.249.66.166 - - [30/Nov/2024:08:33:57 -0600] "GET /mvtum/n2168028.html HTTP/1.1" 404 4677 "-" "Mozilla/5.0 (Linux; Android 6.0.1; Nexus 5X Build/MMB29P) AppleWebKit/537.36 (KHTML, like Gecko) Chrome/131.0.6778.69 Mobile Safari/537.36 (compatible; Googlebot/2.1; +http://www.google.com/bot.html)" chapabyucatan.gob.mx 192.185.131.128
66.249.66.166 - - [30/Nov/2024:08:34:04 -0600] "GET /wpcfh/r2481150.html HTTP/1.1" 404 4677 "-" "Mozilla/5.0 (Linux; Android 6.0.1; Nexus 5X Build/MMB29P) AppleWebKit/537.36 (KHTML, like Gecko) Chrome/131.0.6778.69 Mobile Safari/537.36 (compatible; Googlebot/2.1; +http://www.google.com/bot.html)" chapabyucatan.gob.mx 192.185.131.128
66.249.66.167 - - [30/Nov/2024:08:34:11 -0600] "GET /kpfug/l504364.html HTTP/1.1" 404 4677 "-" "Mozilla/5.0 (Linux; Android 6.0.1; Nexus 5X Build/MMB29P) AppleWebKit/537.36 (KHTML, like Gecko) Chrome/131.0.6778.69 Mobile Safari/537.36 (compatible; Googlebot/2.1; +http://www.google.com/bot.html)" chapabyucatan.gob.mx 192.185.131.128
66.249.66.166 - - [30/Nov/2024:08:34:17 -0600] "GET /jsglb/x486904.html HTTP/1.1" 404 4677 "-" "Mozilla/5.0 (Linux; Android 6.0.1; Nexus 5X Build/MMB29P) AppleWebKit/537.36 (KHTML, like Gecko) Chrome/131.0.6778.69 Mobile Safari/537.36 (compatible; Googlebot/2.1; +http://www.google.com/bot.html)" chapabyucatan.gob.mx 192.185.131.128
66.249.66.166 - - [30/Nov/2024:08:34:25 -0600] "GET /oeecf/i1768533.html HTTP/1.1" 404 4677 "-" "Mozilla/5.0 (Linux; Android 6.0.1; Nexus 5X Build/MMB29P) AppleWebKit/537.36 (KHTML, like Gecko) Chrome/131.0.6778.69 Mobile Safari/537.36 (compatible; Googlebot/2.1; +http://www.google.com/bot.html)" chapabyucatan.gob.mx 192.185.131.128
66.249.66.166 - - [30/Nov/2024:08:34:30 -0600] "GET /frdpm/q2107321.html HTTP/1.1" 404 4677 "-" "Mozilla/5.0 (Linux; Android 6.0.1; Nexus 5X Build/MMB29P) AppleWebKit/537.36 (KHTML, like Gecko) Chrome/131.0.6778.69 Mobile Safari/537.36 (compatible; Googlebot/2.1; +http://www.google.com/bot.html)" chapabyucatan.gob.mx 192.185.131.128
66.249.66.166 - - [30/Nov/2024:08:34:36 -0600] "GET /kmrei/o434999.html HTTP/1.1" 404 4677 "-" "Mozilla/5.0 (Linux; Android 6.0.1; Nexus 5X Build/MMB29P) AppleWebKit/537.36 (KHTML, like Gecko) Chrome/131.0.6778.69 Mobile Safari/537.36 (compatible; Googlebot/2.1; +http://www.google.com/bot.html)" chapabyucatan.gob.mx 192.185.131.128
66.249.66.167 - - [30/Nov/2024:08:36:30 -0600] "GET /hrcxq/r1223816.html HTTP/1.1" 404 4677 "-" "Mozilla/5.0 (Linux; Android 6.0.1; Nexus 5X Build/MMB29P) AppleWebKit/537.36 (KHTML, like Gecko) Chrome/131.0.6778.69 Mobile Safari/537.36 (compatible; Googlebot/2.1; +http://www.google.com/bot.html)" chapabyucatan.gob.mx 192.185.131.128
66.249.66.168 - - [30/Nov/2024:08:37:29 -0600] "GET /dlzsa/n2492612.html HTTP/1.1" 404 4677 "-" "Mozilla/5.0 (Linux; Android 6.0.1; Nexus 5X Build/MMB29P) AppleWebKit/537.36 (KHTML, like Gecko) Chrome/131.0.6778.69 Mobile Safari/537.36 (compatible; Googlebot/2.1; +http://www.google.com/bot.html)" chapabyucatan.gob.mx 192.185.131.128
66.249.66.166 - - [30/Nov/2024:08:39:23 -0600] "GET /irylu/i1909921.html HTTP/1.1" 404 4677 "-" "Mozilla/5.0 (Linux; Android 6.0.1; Nexus 5X Build/MMB29P) AppleWebKit/537.36 (KHTML, like Gecko) Chrome/131.0.6778.69 Mobile Safari/537.36 (compatible; Googlebot/2.1; +http://www.google.com/bot.html)" chapabyucatan.gob.mx 192.185.131.128
156.59.198.135 - - [30/Nov/2024:08:48:06 -0600] "GET /archivos/2022/1/D.2.5%20Estado%20de%20Flujos%20de%20Efectivo.pdf HTTP/2.0" 406 226 "-" "Mozilla/5.0 (Linux; Android 5.0) AppleWebKit/537.36 (KHTML, like Gecko) Mobile Safari/537.36 (compatible; Bytespider; spider-feedback@bytedance.com)" chapabyucatan.gob.mx 192.185.131.128
5.255.231.88 - - [30/Nov/2024:08:50:01 -0600] "GET /robots.txt HTTP/1.1" 404 11816 "-" "Mozilla/5.0 (compatible; YandexBot/3.0; +http://yandex.com/bots)" chapabyucatan.gob.mx 192.185.131.128
5.255.231.2 - - [30/Nov/2024:08:50:02 -0600] "GET /product/traverse1414726 HTTP/1.1" 404 4677 "-" "Mozilla/5.0 (compatible; YandexBot/3.0; +http://yandex.com/bots)" chapabyucatan.gob.mx 192.185.131.128
66.249.66.168 - - [30/Nov/2024:08:50:10 -0600] "GET /jovkf/s1879537.html HTTP/1.1" 404 4677 "-" "Mozilla/5.0 (Linux; Android 6.0.1; Nexus 5X Build/MMB29P) AppleWebKit/537.36 (KHTML, like Gecko) Chrome/131.0.6778.69 Mobile Safari/537.36 (compatible; Googlebot/2.1; +http://www.google.com/bot.html)" chapabyucatan.gob.mx 192.185.131.128
156.59.198.135 - - [30/Nov/2024:08:52:06 -0600] "GET /archivos/2022/1/D.3.7%20Intereses%20de%20la%20Deuda.pdf HTTP/2.0" 406 226 "-" "Mozilla/5.0 (Linux; Android 5.0) AppleWebKit/537.36 (KHTML, like Gecko) Mobile Safari/537.36 (compatible; Bytespider; spider-feedback@bytedance.com)" chapabyucatan.gob.mx 192.185.131.128
66.249.66.168 - - [30/Nov/2024:08:53:11 -0600] "GET /vysgv/r2121622.html HTTP/1.1" 404 4677 "-" "Mozilla/5.0 (Linux; Android 6.0.1; Nexus 5X Build/MMB29P) AppleWebKit/537.36 (KHTML, like Gecko) Chrome/131.0.6778.69 Mobile Safari/537.36 (compatible; Googlebot/2.1; +http://www.google.com/bot.html)" chapabyucatan.gob.mx 192.185.131.128
66.249.66.166 - - [30/Nov/2024:08:56:14 -0600] "GET /ijdqr/p540144.html HTTP/1.1" 404 4677 "-" "Mozilla/5.0 (Linux; Android 6.0.1; Nexus 5X Build/MMB29P) AppleWebKit/537.36 (KHTML, like Gecko) Chrome/131.0.6778.69 Mobile Safari/537.36 (compatible; Googlebot/2.1; +http://www.google.com/bot.html)" chapabyucatan.gob.mx 192.185.131.128
45.148.10.206 - - [30/Nov/2024:08:57:41 -0600] "GET /.git/config HTTP/1.1" 404 4677 "-" "Mozilla/5.0 (Linux; Android 8.1.0; Infinix X624B) AppleWebKit/537.36 (KHTML, like Gecko) Chrome/70.0.3538.110 Mobile Safari/537.36" chapabyucatan.gob.mx 192.185.131.128
66.249.66.167 - - [30/Nov/2024:08:59:27 -0600] "GET /rekld/r2070688.html HTTP/1.1" 404 4677 "-" "Mozilla/5.0 (Linux; Android 6.0.1; Nexus 5X Build/MMB29P) AppleWebKit/537.36 (KHTML, like Gecko) Chrome/131.0.6778.69 Mobile Safari/537.36 (compatible; Googlebot/2.1; +http://www.google.com/bot.html)" chapabyucatan.gob.mx 192.185.131.128
66.249.66.166 - - [30/Nov/2024:09:00:23 -0600] "GET /afwvh/s1291495.html HTTP/1.1" 404 4677 "-" "Mozilla/5.0 (Linux; Android 6.0.1; Nexus 5X Build/MMB29P) AppleWebKit/537.36 (KHTML, like Gecko) Chrome/131.0.6778.69 Mobile Safari/537.36 (compatible; Googlebot/2.1; +http://www.google.com/bot.html)" chapabyucatan.gob.mx 192.185.131.128
135.148.100.196 - - [30/Nov/2024:09:02:02 -0600] "GET / HTTP/1.1" 200 12816 "-" "-" www.chapabyucatan.gob.mx 192.185.131.128
66.249.66.166 - - [30/Nov/2024:09:05:36 -0600] "GET /ghoot/f1458064.html HTTP/1.1" 404 4677 "-" "Mozilla/5.0 (Linux; Android 6.0.1; Nexus 5X Build/MMB29P) AppleWebKit/537.36 (KHTML, like Gecko) Chrome/131.0.6778.69 Mobile Safari/537.36 (compatible; Googlebot/2.1; +http://www.google.com/bot.html)" chapabyucatan.gob.mx 192.185.131.128
66.249.66.167 - - [30/Nov/2024:09:32:23 -0600] "GET /evhzs/l1125530.html HTTP/1.1" 404 4677 "-" "Mozilla/5.0 (Linux; Android 6.0.1; Nexus 5X Build/MMB29P) AppleWebKit/537.36 (KHTML, like Gecko) Chrome/131.0.6778.69 Mobile Safari/537.36 (compatible; Googlebot/2.1; +http://www.google.com/bot.html)" chapabyucatan.gob.mx 192.185.131.128
66.249.66.167 - - [30/Nov/2024:09:38:56 -0600] "GET /jotrd/m2516531.html HTTP/1.1" 404 4677 "-" "Mozilla/5.0 (Linux; Android 6.0.1; Nexus 5X Build/MMB29P) AppleWebKit/537.36 (KHTML, like Gecko) Chrome/131.0.6778.69 Mobile Safari/537.36 (compatible; Googlebot/2.1; +http://www.google.com/bot.html)" chapabyucatan.gob.mx 192.185.131.128
5.255.231.58 - - [30/Nov/2024:10:03:55 -0600] "GET /robots.txt HTTP/1.1" 404 11816 "-" "Mozilla/5.0 (compatible; YandexBot/3.0; +http://yandex.com/bots)" chapabyucatan.gob.mx 192.185.131.128
213.180.203.152 - - [30/Nov/2024:10:03:56 -0600] "GET /product/shuttle1026925 HTTP/1.1" 404 4677 "-" "Mozilla/5.0 (compatible; YandexBot/3.0; +http://yandex.com/bots)" chapabyucatan.gob.mx 192.185.131.128
45.148.10.206 - - [30/Nov/2024:10:08:05 -0600] "GET /.git/config HTTP/1.1" 404 4677 "-" "Midori/0.1.10 (X11; Linux i686; U; en-us) WebKit/(531).(2)" www.chapabyucatan.sdektun.com 192.185.131.128
66.249.66.166 - - [30/Nov/2024:10:14:06 -0600] "GET /ubnhc/v879866.html HTTP/1.1" 404 4677 "-" "Mozilla/5.0 (Linux; Android 6.0.1; Nexus 5X Build/MMB29P) AppleWebKit/537.36 (KHTML, like Gecko) Chrome/131.0.6778.69 Mobile Safari/537.36 (compatible; Googlebot/2.1; +http://www.google.com/bot.html)" chapabyucatan.gob.mx 192.185.131.128
66.249.66.168 - - [30/Nov/2024:10:17:51 -0600] "GET /chmzj/k2933023.html HTTP/1.1" 404 4677 "-" "Mozilla/5.0 (Linux; Android 6.0.1; Nexus 5X Build/MMB29P) AppleWebKit/537.36 (KHTML, like Gecko) Chrome/131.0.6778.69 Mobile Safari/537.36 (compatible; Googlebot/2.1; +http://www.google.com/bot.html)" chapabyucatan.gob.mx 192.185.131.128
66.249.66.168 - - [30/Nov/2024:10:17:54 -0600] "GET /kzkwg/z748336.html HTTP/1.1" 404 4677 "-" "Mozilla/5.0 (Linux; Android 6.0.1; Nexus 5X Build/MMB29P) AppleWebKit/537.36 (KHTML, like Gecko) Chrome/131.0.6778.69 Mobile Safari/537.36 (compatible; Googlebot/2.1; +http://www.google.com/bot.html)" chapabyucatan.gob.mx 192.185.131.128
66.249.66.167 - - [30/Nov/2024:10:18:28 -0600] "GET /tkyjg/s904017.html HTTP/1.1" 404 4677 "-" "Mozilla/5.0 (Linux; Android 6.0.1; Nexus 5X Build/MMB29P) AppleWebKit/537.36 (KHTML, like Gecko) Chrome/131.0.6778.69 Mobile Safari/537.36 (compatible; Googlebot/2.1; +http://www.google.com/bot.html)" chapabyucatan.gob.mx 192.185.131.128
66.249.66.166 - - [30/Nov/2024:10:18:48 -0600] "GET /nhiti/g1463941.html HTTP/1.1" 404 4677 "-" "Mozilla/5.0 (Linux; Android 6.0.1; Nexus 5X Build/MMB29P) AppleWebKit/537.36 (KHTML, like Gecko) Chrome/131.0.6778.69 Mobile Safari/537.36 (compatible; Googlebot/2.1; +http://www.google.com/bot.html)" chapabyucatan.gob.mx 192.185.131.128
66.249.66.168 - - [30/Nov/2024:10:19:19 -0600] "GET /uksgd/o2085609.html HTTP/1.1" 404 4677 "-" "Mozilla/5.0 (Linux; Android 6.0.1; Nexus 5X Build/MMB29P) AppleWebKit/537.36 (KHTML, like Gecko) Chrome/131.0.6778.69 Mobile Safari/537.36 (compatible; Googlebot/2.1; +http://www.google.com/bot.html)" chapabyucatan.gob.mx 192.185.131.128
66.249.66.166 - - [30/Nov/2024:10:19:37 -0600] "GET /nzjvs/p2252270.html HTTP/1.1" 404 4677 "-" "Mozilla/5.0 (Linux; Android 6.0.1; Nexus 5X Build/MMB29P) AppleWebKit/537.36 (KHTML, like Gecko) Chrome/131.0.6778.69 Mobile Safari/537.36 (compatible; Googlebot/2.1; +http://www.google.com/bot.html)" chapabyucatan.gob.mx 192.185.131.128
66.249.66.168 - - [30/Nov/2024:10:21:35 -0600] "GET /fgssd/s1734067.html HTTP/1.1" 404 4677 "-" "Mozilla/5.0 (Linux; Android 6.0.1; Nexus 5X Build/MMB29P) AppleWebKit/537.36 (KHTML, like Gecko) Chrome/131.0.6778.69 Mobile Safari/537.36 (compatible; Googlebot/2.1; +http://www.google.com/bot.html)" chapabyucatan.gob.mx 192.185.131.128
66.249.66.166 - - [30/Nov/2024:10:21:56 -0600] "GET /vzppt/v2341326.html HTTP/1.1" 404 4677 "-" "Mozilla/5.0 (Linux; Android 6.0.1; Nexus 5X Build/MMB29P) AppleWebKit/537.36 (KHTML, like Gecko) Chrome/131.0.6778.69 Mobile Safari/537.36 (compatible; Googlebot/2.1; +http://www.google.com/bot.html)" chapabyucatan.gob.mx 192.185.131.128
66.249.66.168 - - [30/Nov/2024:10:23:21 -0600] "GET /rckeq/w1754455.html HTTP/1.1" 404 4677 "-" "Mozilla/5.0 (Linux; Android 6.0.1; Nexus 5X Build/MMB29P) AppleWebKit/537.36 (KHTML, like Gecko) Chrome/131.0.6778.69 Mobile Safari/537.36 (compatible; Googlebot/2.1; +http://www.google.com/bot.html)" chapabyucatan.gob.mx 192.185.131.128
66.249.66.167 - - [30/Nov/2024:10:23:22 -0600] "GET /ijynd/q3036301.html HTTP/1.1" 404 4677 "-" "Mozilla/5.0 (Linux; Android 6.0.1; Nexus 5X Build/MMB29P) AppleWebKit/537.36 (KHTML, like Gecko) Chrome/131.0.6778.69 Mobile Safari/537.36 (compatible; Googlebot/2.1; +http://www.google.com/bot.html)" chapabyucatan.gob.mx 192.185.131.128
66.249.66.167 - - [30/Nov/2024:10:24:04 -0600] "GET /tlpig/x2335296.html HTTP/1.1" 404 4677 "-" "Mozilla/5.0 (Linux; Android 6.0.1; Nexus 5X Build/MMB29P) AppleWebKit/537.36 (KHTML, like Gecko) Chrome/131.0.6778.69 Mobile Safari/537.36 (compatible; Googlebot/2.1; +http://www.google.com/bot.html)" chapabyucatan.gob.mx 192.185.131.128
66.249.66.166 - - [30/Nov/2024:10:25:35 -0600] "GET /vdvvx/x2368186.html HTTP/1.1" 404 4677 "-" "Mozilla/5.0 (Linux; Android 6.0.1; Nexus 5X Build/MMB29P) AppleWebKit/537.36 (KHTML, like Gecko) Chrome/131.0.6778.69 Mobile Safari/537.36 (compatible; Googlebot/2.1; +http://www.google.com/bot.html)" chapabyucatan.gob.mx 192.185.131.128
156.59.198.135 - - [30/Nov/2024:10:25:38 -0600] "GET /archivos/2021/cuenta/anual/E.8.1.9.pdf HTTP/2.0" 406 226 "-" "Mozilla/5.0 (Linux; Android 5.0) AppleWebKit/537.36 (KHTML, like Gecko) Mobile Safari/537.36 (compatible; Bytespider; spider-feedback@bytedance.com)" chapabyucatan.gob.mx 192.185.131.128
66.249.66.168 - - [30/Nov/2024:10:27:28 -0600] "GET /glvps/i2333071.html HTTP/1.1" 404 4677 "-" "Mozilla/5.0 (Linux; Android 6.0.1; Nexus 5X Build/MMB29P) AppleWebKit/537.36 (KHTML, like Gecko) Chrome/131.0.6778.69 Mobile Safari/537.36 (compatible; Googlebot/2.1; +http://www.google.com/bot.html)" chapabyucatan.gob.mx 192.185.131.128
66.249.66.167 - - [30/Nov/2024:10:28:44 -0600] "GET /apbry/t2526392.html HTTP/1.1" 404 4677 "-" "Mozilla/5.0 (Linux; Android 6.0.1; Nexus 5X Build/MMB29P) AppleWebKit/537.36 (KHTML, like Gecko) Chrome/131.0.6778.69 Mobile Safari/537.36 (compatible; Googlebot/2.1; +http://www.google.com/bot.html)" chapabyucatan.gob.mx 192.185.131.128
47.128.22.142 - - [30/Nov/2024:10:29:42 -0600] "GET /robots.txt HTTP/1.1" 406 226 "-" "Mozilla/5.0 (Linux; Android 5.0) AppleWebKit/537.36 (KHTML, like Gecko) Mobile Safari/537.36 (compatible; Bytespider; spider-feedback@bytedance.com)" chapabyucatan.gob.mx 192.185.131.128
66.249.66.168 - - [30/Nov/2024:10:32:01 -0600] "GET /imxay/q728957.html HTTP/1.1" 404 4677 "-" "Mozilla/5.0 (Linux; Android 6.0.1; Nexus 5X Build/MMB29P) AppleWebKit/537.36 (KHTML, like Gecko) Chrome/131.0.6778.69 Mobile Safari/537.36 (compatible; Googlebot/2.1; +http://www.google.com/bot.html)" chapabyucatan.gob.mx 192.185.131.128
66.249.66.166 - - [30/Nov/2024:10:32:26 -0600] "GET /rotsh/d1421038.html HTTP/1.1" 404 4677 "-" "Mozilla/5.0 (Linux; Android 6.0.1; Nexus 5X Build/MMB29P) AppleWebKit/537.36 (KHTML, like Gecko) Chrome/131.0.6778.69 Mobile Safari/537.36 (compatible; Googlebot/2.1; +http://www.google.com/bot.html)" chapabyucatan.gob.mx 192.185.131.128
66.249.66.167 - - [30/Nov/2024:10:33:39 -0600] "GET /babbd/o2545731.html HTTP/1.1" 404 4677 "-" "Mozilla/5.0 (Linux; Android 6.0.1; Nexus 5X Build/MMB29P) AppleWebKit/537.36 (KHTML, like Gecko) Chrome/131.0.6778.69 Mobile Safari/537.36 (compatible; Googlebot/2.1; +http://www.google.com/bot.html)" chapabyucatan.gob.mx 192.185.131.128
47.128.27.16 - - [30/Nov/2024:10:33:41 -0600] "GET /robots.txt HTTP/1.1" 406 226 "-" "Mozilla/5.0 (Linux; Android 5.0) AppleWebKit/537.36 (KHTML, like Gecko) Mobile Safari/537.36 (compatible; Bytespider; spider-feedback@bytedance.com)" chapabyucatan.gob.mx 192.185.131.128
66.249.66.166 - - [30/Nov/2024:10:40:36 -0600] "GET /bxalb/e1764291.html HTTP/1.1" 404 4677 "-" "Mozilla/5.0 (Linux; Android 6.0.1; Nexus 5X Build/MMB29P) AppleWebKit/537.36 (KHTML, like Gecko) Chrome/131.0.6778.69 Mobile Safari/537.36 (compatible; Googlebot/2.1; +http://www.google.com/bot.html)" chapabyucatan.gob.mx 192.185.131.128
66.249.66.167 - - [30/Nov/2024:10:46:53 -0600] "GET /vwtts/m2494223.html HTTP/1.1" 404 4677 "-" "Mozilla/5.0 (Linux; Android 6.0.1; Nexus 5X Build/MMB29P) AppleWebKit/537.36 (KHTML, like Gecko) Chrome/131.0.6778.69 Mobile Safari/537.36 (compatible; Googlebot/2.1; +http://www.google.com/bot.html)" chapabyucatan.gob.mx 192.185.131.128
66.249.66.168 - - [30/Nov/2024:10:48:11 -0600] "GET /cwbvv/p1897370.html HTTP/1.1" 404 4677 "-" "Mozilla/5.0 (Linux; Android 6.0.1; Nexus 5X Build/MMB29P) AppleWebKit/537.36 (KHTML, like Gecko) Chrome/131.0.6778.69 Mobile Safari/537.36 (compatible; Googlebot/2.1; +http://www.google.com/bot.html)" chapabyucatan.gob.mx 192.185.131.128
66.249.66.166 - - [30/Nov/2024:10:50:35 -0600] "GET /bypmf/a1025965.html HTTP/1.1" 404 4677 "-" "Mozilla/5.0 (Linux; Android 6.0.1; Nexus 5X Build/MMB29P) AppleWebKit/537.36 (KHTML, like Gecko) Chrome/131.0.6778.69 Mobile Safari/537.36 (compatible; Googlebot/2.1; +http://www.google.com/bot.html)" chapabyucatan.gob.mx 192.185.131.128
66.249.66.166 - - [30/Nov/2024:10:52:02 -0600] "GET /ctzyg/g1840889.html HTTP/1.1" 404 4677 "-" "Mozilla/5.0 (Linux; Android 6.0.1; Nexus 5X Build/MMB29P) AppleWebKit/537.36 (KHTML, like Gecko) Chrome/131.0.6778.69 Mobile Safari/537.36 (compatible; Googlebot/2.1; +http://www.google.com/bot.html)" chapabyucatan.gob.mx 192.185.131.128
66.249.66.167 - - [30/Nov/2024:10:53:05 -0600] "GET /yxyrq/h2418272.html HTTP/1.1" 404 4677 "-" "Mozilla/5.0 (Linux; Android 6.0.1; Nexus 5X Build/MMB29P) AppleWebKit/537.36 (KHTML, like Gecko) Chrome/131.0.6778.69 Mobile Safari/537.36 (compatible; Googlebot/2.1; +http://www.google.com/bot.html)" chapabyucatan.gob.mx 192.185.131.128
156.59.198.136 - - [30/Nov/2024:10:54:07 -0600] "GET /archivos/2022/1/D.4.2%20Indicadores%20de%20Resultados.pdf HTTP/2.0" 406 226 "-" "Mozilla/5.0 (Linux; Android 5.0) AppleWebKit/537.36 (KHTML, like Gecko) Mobile Safari/537.36 (compatible; Bytespider; spider-feedback@bytedance.com)" chapabyucatan.gob.mx 192.185.131.128
66.249.66.168 - - [30/Nov/2024:10:55:23 -0600] "GET /rougi/s2090397.html HTTP/1.1" 404 4677 "-" "Mozilla/5.0 (Linux; Android 6.0.1; Nexus 5X Build/MMB29P) AppleWebKit/537.36 (KHTML, like Gecko) Chrome/131.0.6778.69 Mobile Safari/537.36 (compatible; Googlebot/2.1; +http://www.google.com/bot.html)" chapabyucatan.gob.mx 192.185.131.128
66.249.66.167 - - [30/Nov/2024:10:57:14 -0600] "GET /cqipx/a584017.html HTTP/1.1" 404 4677 "-" "Mozilla/5.0 (Linux; Android 6.0.1; Nexus 5X Build/MMB29P) AppleWebKit/537.36 (KHTML, like Gecko) Chrome/131.0.6778.69 Mobile Safari/537.36 (compatible; Googlebot/2.1; +http://www.google.com/bot.html)" chapabyucatan.gob.mx 192.185.131.128
189.239.73.23 - - [30/Nov/2024:10:57:24 -0600] "GET / HTTP/2.0" 200 2921 "-" "Mozilla/5.0 (Linux; Android 10; K) AppleWebKit/537.36 (KHTML, like Gecko) Chrome/131.0.0.0 Mobile Safari/537.36" chapabyucatan.gob.mx 192.185.131.128
189.239.73.23 - - [30/Nov/2024:10:57:24 -0600] "GET /assets/css/bootstrap.min.css HTTP/2.0" 200 36695 "-" "Mozilla/5.0 (Linux; Android 10; K) AppleWebKit/537.36 (KHTML, like Gecko) Chrome/131.0.0.0 Mobile Safari/537.36" chapabyucatan.gob.mx 192.185.131.128
189.239.73.23 - - [30/Nov/2024:10:57:24 -0600] "GET /assets/images/logo.png HTTP/2.0" 200 13567 "https://chapabyucatan.gob.mx/" "Mozilla/5.0 (Linux; Android 10; K) AppleWebKit/537.36 (KHTML, like Gecko) Chrome/131.0.0.0 Mobile Safari/537.36" chapabyucatan.gob.mx 192.185.131.128
189.239.73.23 - - [30/Nov/2024:10:57:24 -0600] "GET /assets/css/lightbox.css HTTP/2.0" 200 1273 "https://chapabyucatan.gob.mx/" "Mozilla/5.0 (Linux; Android 10; K) AppleWebKit/537.36 (KHTML, like Gecko) Chrome/131.0.0.0 Mobile Safari/537.36" chapabyucatan.gob.mx 192.185.131.128
189.239.73.23 - - [30/Nov/2024:10:57:24 -0600] "GET /assets/images/logo-escudo.png HTTP/2.0" 200 251066 "https://chapabyucatan.gob.mx/" "Mozilla/5.0 (Linux; Android 10; K) AppleWebKit/537.36 (KHTML, like Gecko) Chrome/131.0.0.0 Mobile Safari/537.36" chapabyucatan.gob.mx 192.185.131.128
189.239.73.23 - - [30/Nov/2024:10:57:24 -0600] "GET /assets/css/font-awesome.css HTTP/2.0" 200 7557 "https://chapabyucatan.gob.mx/" "Mozilla/5.0 (Linux; Android 10; K) AppleWebKit/537.36 (KHTML, like Gecko) Chrome/131.0.0.0 Mobile Safari/537.36" chapabyucatan.gob.mx 192.185.131.128
189.239.73.23 - - [30/Nov/2024:10:57:24 -0600] "GET /assets/css/templatemo-klassy-cafe.css HTTP/2.0" 200 8883 "https://chapabyucatan.gob.mx/" "Mozilla/5.0 (Linux; Android 10; K) AppleWebKit/537.36 (KHTML, like Gecko) Chrome/131.0.0.0 Mobile Safari/537.36" chapabyucatan.gob.mx 192.185.131.128
189.239.73.23 - - [30/Nov/2024:10:57:24 -0600] "GET /assets/css/owl-carousel.css HTTP/2.0" 200 1551 "https://chapabyucatan.gob.mx/" "Mozilla/5.0 (Linux; Android 10; K) AppleWebKit/537.36 (KHTML, like Gecko) Chrome/131.0.0.0 Mobile Safari/537.36" chapabyucatan.gob.mx 192.185.131.128
189.239.73.23 - - [30/Nov/2024:10:57:24 -0600] "GET /assets/images/slide-01.jpg HTTP/2.0" 200 414006 "https://chapabyucatan.gob.mx/" "Mozilla/5.0 (Linux; Android 10; K) AppleWebKit/537.36 (KHTML, like Gecko) Chrome/131.0.0.0 Mobile Safari/537.36" chapabyucatan.gob.mx 192.185.131.128
189.239.73.23 - - [30/Nov/2024:10:57:24 -0600] "GET /assets/images/slide-02.jpg HTTP/2.0" 200 394678 "https://chapabyucatan.gob.mx/" "Mozilla/5.0 (Linux; Android 10; K) AppleWebKit/537.36 (KHTML, like Gecko) Chrome/131.0.0.0 Mobile Safari/537.36" chapabyucatan.gob.mx 192.185.131.128
189.239.73.23 - - [30/Nov/2024:10:57:24 -0600] "GET /assets/js/jquery-2.1.0.min.js HTTP/2.0" 200 36874 "https://chapabyucatan.gob.mx/" "Mozilla/5.0 (Linux; Android 10; K) AppleWebKit/537.36 (KHTML, like Gecko) Chrome/131.0.0.0 Mobile Safari/537.36" chapabyucatan.gob.mx 192.185.131.128
189.239.73.23 - - [30/Nov/2024:10:57:24 -0600] "GET /assets/images/slide-03.jpg HTTP/2.0" 200 472233 "https://chapabyucatan.gob.mx/" "Mozilla/5.0 (Linux; Android 10; K) AppleWebKit/537.36 (KHTML, like Gecko) Chrome/131.0.0.0 Mobile Safari/537.36" chapabyucatan.gob.mx 192.185.131.128
189.239.73.23 - - [30/Nov/2024:10:57:24 -0600] "GET /assets/js/popper.js HTTP/2.0" 200 30078 "https://chapabyucatan.gob.mx/" "Mozilla/5.0 (Linux; Android 10; K) AppleWebKit/537.36 (KHTML, like Gecko) Chrome/131.0.0.0 Mobile Safari/537.36" chapabyucatan.gob.mx 192.185.131.128
189.239.73.23 - - [30/Nov/2024:10:57:24 -0600] "GET /assets/js/bootstrap.min.js HTTP/2.0" 200 23041 "https://chapabyucatan.gob.mx/" "Mozilla/5.0 (Linux; Android 10; K) AppleWebKit/537.36 (KHTML, like Gecko) Chrome/131.0.0.0 Mobile Safari/537.36" chapabyucatan.gob.mx 192.185.131.128
189.239.73.23 - - [30/Nov/2024:10:57:24 -0600] "GET /assets/js/owl-carousel.js HTTP/2.0" 200 30892 "https://chapabyucatan.gob.mx/" "Mozilla/5.0 (Linux; Android 10; K) AppleWebKit/537.36 (KHTML, like Gecko) Chrome/131.0.0.0 Mobile Safari/537.36" chapabyucatan.gob.mx 192.185.131.128
189.239.73.23 - - [30/Nov/2024:10:57:24 -0600] "GET /assets/js/datepicker.js HTTP/2.0" 200 15306 "https://chapabyucatan.gob.mx/" "Mozilla/5.0 (Linux; Android 10; K) AppleWebKit/537.36 (KHTML, like Gecko) Chrome/131.0.0.0 Mobile Safari/537.36" chapabyucatan.gob.mx 192.185.131.128
189.239.73.23 - - [30/Nov/2024:10:57:24 -0600] "GET /assets/js/scrollreveal.min.js HTTP/2.0" 200 1692 "https://chapabyucatan.gob.mx/" "Mozilla/5.0 (Linux; Android 10; K) AppleWebKit/537.36 (KHTML, like Gecko) Chrome/131.0.0.0 Mobile Safari/537.36" chapabyucatan.gob.mx 192.185.131.128
189.239.73.23 - - [30/Nov/2024:10:57:24 -0600] "GET /assets/js/waypoints.min.js HTTP/2.0" 200 3137 "https://chapabyucatan.gob.mx/" "Mozilla/5.0 (Linux; Android 10; K) AppleWebKit/537.36 (KHTML, like Gecko) Chrome/131.0.0.0 Mobile Safari/537.36" chapabyucatan.gob.mx 192.185.131.128
189.239.73.23 - - [30/Nov/2024:10:57:24 -0600] "GET /assets/js/jquery.counterup.min.js HTTP/2.0" 200 577 "https://chapabyucatan.gob.mx/" "Mozilla/5.0 (Linux; Android 10; K) AppleWebKit/537.36 (KHTML, like Gecko) Chrome/131.0.0.0 Mobile Safari/537.36" chapabyucatan.gob.mx 192.185.131.128
189.239.73.23 - - [30/Nov/2024:10:57:24 -0600] "GET /assets/js/imgfix.min.js HTTP/2.0" 200 4882 "https://chapabyucatan.gob.mx/" "Mozilla/5.0 (Linux; Android 10; K) AppleWebKit/537.36 (KHTML, like Gecko) Chrome/131.0.0.0 Mobile Safari/537.36" chapabyucatan.gob.mx 192.185.131.128
189.239.73.23 - - [30/Nov/2024:10:57:24 -0600] "GET /assets/js/slick.js HTTP/2.0" 200 20920 "https://chapabyucatan.gob.mx/" "Mozilla/5.0 (Linux; Android 10; K) AppleWebKit/537.36 (KHTML, like Gecko) Chrome/131.0.0.0 Mobile Safari/537.36" chapabyucatan.gob.mx 192.185.131.128
189.239.73.23 - - [30/Nov/2024:10:57:24 -0600] "GET /assets/js/lightbox.js HTTP/2.0" 200 6237 "https://chapabyucatan.gob.mx/" "Mozilla/5.0 (Linux; Android 10; K) AppleWebKit/537.36 (KHTML, like Gecko) Chrome/131.0.0.0 Mobile Safari/537.36" chapabyucatan.gob.mx 192.185.131.128
189.239.73.23 - - [30/Nov/2024:10:57:24 -0600] "GET /assets/js/isotope.js HTTP/2.0" 200 13044 "https://chapabyucatan.gob.mx/" "Mozilla/5.0 (Linux; Android 10; K) AppleWebKit/537.36 (KHTML, like Gecko) Chrome/131.0.0.0 Mobile Safari/537.36" chapabyucatan.gob.mx 192.185.131.128
189.239.73.23 - - [30/Nov/2024:10:57:24 -0600] "GET /assets/js/custom.js HTTP/2.0" 200 1918 "https://chapabyucatan.gob.mx/" "Mozilla/5.0 (Linux; Android 10; K) AppleWebKit/537.36 (KHTML, like Gecko) Chrome/131.0.0.0 Mobile Safari/537.36" chapabyucatan.gob.mx 192.185.131.128
189.239.73.23 - - [30/Nov/2024:10:57:24 -0600] "GET /assets/images/about-thumb-01.jpg HTTP/2.0" 200 53331 "https://chapabyucatan.gob.mx/" "Mozilla/5.0 (Linux; Android 10; K) AppleWebKit/537.36 (KHTML, like Gecko) Chrome/131.0.0.0 Mobile Safari/537.36" chapabyucatan.gob.mx 192.185.131.128
189.239.73.23 - - [30/Nov/2024:10:57:24 -0600] "GET /assets/images/about-thumb-02.jpg HTTP/2.0" 200 48607 "https://chapabyucatan.gob.mx/" "Mozilla/5.0 (Linux; Android 10; K) AppleWebKit/537.36 (KHTML, like Gecko) Chrome/131.0.0.0 Mobile Safari/537.36" chapabyucatan.gob.mx 192.185.131.128
189.239.73.23 - - [30/Nov/2024:10:57:24 -0600] "GET /assets/images/about-thumb-03.jpg HTTP/2.0" 200 52631 "https://chapabyucatan.gob.mx/" "Mozilla/5.0 (Linux; Android 10; K) AppleWebKit/537.36 (KHTML, like Gecko) Chrome/131.0.0.0 Mobile Safari/537.36" chapabyucatan.gob.mx 192.185.131.128
189.239.73.23 - - [30/Nov/2024:10:57:24 -0600] "GET /assets/images/about-video-bg.jpg HTTP/2.0" 200 175105 "https://chapabyucatan.gob.mx/" "Mozilla/5.0 (Linux; Android 10; K) AppleWebKit/537.36 (KHTML, like Gecko) Chrome/131.0.0.0 Mobile Safari/537.36" chapabyucatan.gob.mx 192.185.131.128
189.239.73.23 - - [30/Nov/2024:10:57:24 -0600] "GET /assets/js/accordions.js HTTP/2.0" 200 162311 "https://chapabyucatan.gob.mx/" "Mozilla/5.0 (Linux; Android 10; K) AppleWebKit/537.36 (KHTML, like Gecko) Chrome/131.0.0.0 Mobile Safari/537.36" chapabyucatan.gob.mx 192.185.131.128
189.239.73.23 - - [30/Nov/2024:10:57:36 -0600] "GET /assets/fonts/fontawesome-webfont.woff2?v=4.7.0 HTTP/2.0" 200 56780 "https://chapabyucatan.gob.mx/assets/css/font-awesome.css" "Mozilla/5.0 (Linux; Android 10; K) AppleWebKit/537.36 (KHTML, like Gecko) Chrome/131.0.0.0 Mobile Safari/537.36" chapabyucatan.gob.mx 192.185.131.128
189.239.73.23 - - [30/Nov/2024:10:57:39 -0600] "GET /assets/images/loading.gif HTTP/2.0" 200 8476 "https://chapabyucatan.gob.mx/assets/css/lightbox.css" "Mozilla/5.0 (Linux; Android 10; K) AppleWebKit/537.36 (KHTML, like Gecko) Chrome/131.0.0.0 Mobile Safari/537.36" chapabyucatan.gob.mx 192.185.131.128
189.239.73.23 - - [30/Nov/2024:10:57:39 -0600] "GET /assets/images/close.png HTTP/2.0" 200 280 "https://chapabyucatan.gob.mx/assets/css/lightbox.css" "Mozilla/5.0 (Linux; Android 10; K) AppleWebKit/537.36 (KHTML, like Gecko) Chrome/131.0.0.0 Mobile Safari/537.36" chapabyucatan.gob.mx 192.185.131.128
189.239.73.23 - - [30/Nov/2024:10:57:39 -0600] "GET /assets/images/prev.png HTTP/2.0" 200 1360 "https://chapabyucatan.gob.mx/assets/css/lightbox.css" "Mozilla/5.0 (Linux; Android 10; K) AppleWebKit/537.36 (KHTML, like Gecko) Chrome/131.0.0.0 Mobile Safari/537.36" chapabyucatan.gob.mx 192.185.131.128
189.239.73.23 - - [30/Nov/2024:10:57:39 -0600] "GET /assets/images/next.png HTTP/2.0" 200 1350 "https://chapabyucatan.gob.mx/assets/css/lightbox.css" "Mozilla/5.0 (Linux; Android 10; K) AppleWebKit/537.36 (KHTML, like Gecko) Chrome/131.0.0.0 Mobile Safari/537.36" chapabyucatan.gob.mx 192.185.131.128
189.239.73.23 - - [30/Nov/2024:10:57:39 -0600] "GET /favicon.ico HTTP/2.0" 404 4677 "https://chapabyucatan.gob.mx/" "Mozilla/5.0 (Linux; Android 10; K) AppleWebKit/537.36 (KHTML, like Gecko) Chrome/131.0.0.0 Mobile Safari/537.36" chapabyucatan.gob.mx 192.185.131.128
66.249.66.167 - - [30/Nov/2024:10:57:59 -0600] "GET /sxcfu/r1227872.html HTTP/1.1" 404 4677 "-" "Mozilla/5.0 (Linux; Android 6.0.1; Nexus 5X Build/MMB29P) AppleWebKit/537.36 (KHTML, like Gecko) Chrome/131.0.6778.69 Mobile Safari/537.36 (compatible; Googlebot/2.1; +http://www.google.com/bot.html)" chapabyucatan.gob.mx 192.185.131.128
66.249.66.167 - - [30/Nov/2024:10:58:06 -0600] "GET /sowwf/c2523775.html HTTP/1.1" 404 4677 "-" "Mozilla/5.0 (Linux; Android 6.0.1; Nexus 5X Build/MMB29P) AppleWebKit/537.36 (KHTML, like Gecko) Chrome/131.0.6778.69 Mobile Safari/537.36 (compatible; Googlebot/2.1; +http://www.google.com/bot.html)" chapabyucatan.gob.mx 192.185.131.128
66.249.66.167 - - [30/Nov/2024:10:59:03 -0600] "GET /rwexl/k1432121.html HTTP/1.1" 404 4677 "-" "Mozilla/5.0 (Linux; Android 6.0.1; Nexus 5X Build/MMB29P) AppleWebKit/537.36 (KHTML, like Gecko) Chrome/131.0.6778.69 Mobile Safari/537.36 (compatible; Googlebot/2.1; +http://www.google.com/bot.html)" chapabyucatan.gob.mx 192.185.131.128
66.249.66.167 - - [30/Nov/2024:10:59:23 -0600] "GET /jmiqu/f516760.html HTTP/1.1" 404 4677 "-" "Mozilla/5.0 (Linux; Android 6.0.1; Nexus 5X Build/MMB29P) AppleWebKit/537.36 (KHTML, like Gecko) Chrome/131.0.6778.69 Mobile Safari/537.36 (compatible; Googlebot/2.1; +http://www.google.com/bot.html)" chapabyucatan.gob.mx 192.185.131.128
66.249.66.168 - - [30/Nov/2024:11:01:53 -0600] "GET /jlhin/z713574.html HTTP/1.1" 404 4677 "-" "Mozilla/5.0 (Linux; Android 6.0.1; Nexus 5X Build/MMB29P) AppleWebKit/537.36 (KHTML, like Gecko) Chrome/131.0.6778.69 Mobile Safari/537.36 (compatible; Googlebot/2.1; +http://www.google.com/bot.html)" chapabyucatan.gob.mx 192.185.131.128
66.249.66.166 - - [30/Nov/2024:11:02:03 -0600] "GET /atqri/h2371680.html HTTP/1.1" 404 4677 "-" "Mozilla/5.0 (Linux; Android 6.0.1; Nexus 5X Build/MMB29P) AppleWebKit/537.36 (KHTML, like Gecko) Chrome/131.0.6778.69 Mobile Safari/537.36 (compatible; Googlebot/2.1; +http://www.google.com/bot.html)" chapabyucatan.gob.mx 192.185.131.128
66.249.66.167 - - [30/Nov/2024:11:03:41 -0600] "GET /qqbio/a2059491.html HTTP/1.1" 404 4677 "-" "Mozilla/5.0 (Linux; Android 6.0.1; Nexus 5X Build/MMB29P) AppleWebKit/537.36 (KHTML, like Gecko) Chrome/131.0.6778.69 Mobile Safari/537.36 (compatible; Googlebot/2.1; +http://www.google.com/bot.html)" chapabyucatan.gob.mx 192.185.131.128
66.249.66.167 - - [30/Nov/2024:11:04:26 -0600] "GET /kildd/s1604405.html HTTP/1.1" 404 4677 "-" "Mozilla/5.0 (Linux; Android 6.0.1; Nexus 5X Build/MMB29P) AppleWebKit/537.36 (KHTML, like Gecko) Chrome/131.0.6778.69 Mobile Safari/537.36 (compatible; Googlebot/2.1; +http://www.google.com/bot.html)" chapabyucatan.gob.mx 192.185.131.128
66.249.66.166 - - [30/Nov/2024:11:07:16 -0600] "GET /rbkrx/o2862125.html HTTP/1.1" 404 4677 "-" "Mozilla/5.0 (Linux; Android 6.0.1; Nexus 5X Build/MMB29P) AppleWebKit/537.36 (KHTML, like Gecko) Chrome/131.0.6778.69 Mobile Safari/537.36 (compatible; Googlebot/2.1; +http://www.google.com/bot.html)" chapabyucatan.gob.mx 192.185.131.128
66.249.66.167 - - [30/Nov/2024:11:08:22 -0600] "GET /zzrba/o3037495.html HTTP/1.1" 404 4677 "-" "Mozilla/5.0 (Linux; Android 6.0.1; Nexus 5X Build/MMB29P) AppleWebKit/537.36 (KHTML, like Gecko) Chrome/131.0.6778.69 Mobile Safari/537.36 (compatible; Googlebot/2.1; +http://www.google.com/bot.html)" chapabyucatan.gob.mx 192.185.131.128
156.59.198.136 - - [30/Nov/2024:11:09:29 -0600] "GET /archivos/2023/Titulov/Trim/2/D.1.12.pdf HTTP/2.0" 406 226 "-" "Mozilla/5.0 (Linux; Android 5.0) AppleWebKit/537.36 (KHTML, like Gecko) Mobile Safari/537.36 (compatible; Bytespider; spider-feedback@bytedance.com)" chapabyucatan.gob.mx 192.185.131.128
66.249.66.167 - - [30/Nov/2024:11:10:35 -0600] "GET /ldqhm/l1867544.html HTTP/1.1" 404 4677 "-" "Mozilla/5.0 (Linux; Android 6.0.1; Nexus 5X Build/MMB29P) AppleWebKit/537.36 (KHTML, like Gecko) Chrome/131.0.6778.69 Mobile Safari/537.36 (compatible; Googlebot/2.1; +http://www.google.com/bot.html)" chapabyucatan.gob.mx 192.185.131.128
66.249.66.167 - - [30/Nov/2024:11:11:18 -0600] "GET /pqxab/b2861618.html HTTP/1.1" 404 4677 "-" "Mozilla/5.0 (Linux; Android 6.0.1; Nexus 5X Build/MMB29P) AppleWebKit/537.36 (KHTML, like Gecko) Chrome/131.0.6778.69 Mobile Safari/537.36 (compatible; Googlebot/2.1; +http://www.google.com/bot.html)" chapabyucatan.gob.mx 192.185.131.128
66.249.66.166 - - [30/Nov/2024:11:12:28 -0600] "GET /xvsoa/u1560519.html HTTP/1.1" 404 4677 "-" "Mozilla/5.0 (Linux; Android 6.0.1; Nexus 5X Build/MMB29P) AppleWebKit/537.36 (KHTML, like Gecko) Chrome/131.0.6778.69 Mobile Safari/537.36 (compatible; GoogleOther)" chapabyucatan.gob.mx 192.185.131.128
66.249.66.166 - - [30/Nov/2024:11:13:33 -0600] "GET /aczyt/j2552642.html HTTP/1.1" 404 4677 "-" "Mozilla/5.0 (Linux; Android 6.0.1; Nexus 5X Build/MMB29P) AppleWebKit/537.36 (KHTML, like Gecko) Chrome/131.0.6778.69 Mobile Safari/537.36 (compatible; Googlebot/2.1; +http://www.google.com/bot.html)" chapabyucatan.gob.mx 192.185.131.128
156.59.198.135 - - [30/Nov/2024:11:18:30 -0600] "GET /archivos/2023/Titulov/Anual/D.1.16.pdf HTTP/2.0" 406 226 "-" "Mozilla/5.0 (Linux; Android 5.0) AppleWebKit/537.36 (KHTML, like Gecko) Mobile Safari/537.36 (compatible; Bytespider; spider-feedback@bytedance.com)" chapabyucatan.gob.mx 192.185.131.128
66.249.66.167 - - [30/Nov/2024:11:20:33 -0600] "GET /ysmsz/y1535485.html HTTP/1.1" 404 4677 "-" "Mozilla/5.0 (Linux; Android 6.0.1; Nexus 5X Build/MMB29P) AppleWebKit/537.36 (KHTML, like Gecko) Chrome/131.0.6778.69 Mobile Safari/537.36 (compatible; Googlebot/2.1; +http://www.google.com/bot.html)" chapabyucatan.gob.mx 192.185.131.128
156.59.198.136 - - [30/Nov/2024:11:23:06 -0600] "GET /archivos/2022/1/D.4.1%20Gasto%20por%20Categoria%20Programatica.pdf HTTP/2.0" 406 226 "-" "Mozilla/5.0 (Linux; Android 5.0) AppleWebKit/537.36 (KHTML, like Gecko) Mobile Safari/537.36 (compatible; Bytespider; spider-feedback@bytedance.com)" chapabyucatan.gob.mx 192.185.131.128
66.249.66.168 - - [30/Nov/2024:11:23:12 -0600] "GET /hwapm/q2863323.html HTTP/1.1" 404 4677 "-" "Mozilla/5.0 (Linux; Android 6.0.1; Nexus 5X Build/MMB29P) AppleWebKit/537.36 (KHTML, like Gecko) Chrome/131.0.6778.69 Mobile Safari/537.36 (compatible; Googlebot/2.1; +http://www.google.com/bot.html)" chapabyucatan.gob.mx 192.185.131.128
52.167.144.184 - - [30/Nov/2024:11:24:01 -0600] "GET /products/mobilehome368143 HTTP/2.0" 404 4677 "-" "Mozilla/5.0 AppleWebKit/537.36 (KHTML, like Gecko; compatible; bingbot/2.0; +http://www.bing.com/bingbot.htm) Chrome/116.0.1938.76 Safari/537.36" chapabyucatan.gob.mx 192.185.131.128
66.249.66.168 - - [30/Nov/2024:11:28:36 -0600] "GET /pktvt/y2285689.html HTTP/1.1" 404 4677 "-" "Mozilla/5.0 (Linux; Android 6.0.1; Nexus 5X Build/MMB29P) AppleWebKit/537.36 (KHTML, like Gecko) Chrome/131.0.6778.69 Mobile Safari/537.36 (compatible; Googlebot/2.1; +http://www.google.com/bot.html)" chapabyucatan.gob.mx 192.185.131.128
66.249.66.167 - - [30/Nov/2024:11:29:31 -0600] "GET /yeqgd/m2173279.html HTTP/1.1" 404 4677 "-" "Mozilla/5.0 (Linux; Android 6.0.1; Nexus 5X Build/MMB29P) AppleWebKit/537.36 (KHTML, like Gecko) Chrome/131.0.6778.69 Mobile Safari/537.36 (compatible; Googlebot/2.1; +http://www.google.com/bot.html)" chapabyucatan.gob.mx 192.185.131.128
157.55.39.50 - - [30/Nov/2024:11:30:18 -0600] "GET /product/assessor1371903 HTTP/2.0" 404 4677 "-" "Mozilla/5.0 AppleWebKit/537.36 (KHTML, like Gecko; compatible; bingbot/2.0; +http://www.bing.com/bingbot.htm) Chrome/116.0.1938.76 Safari/537.36" chapabyucatan.gob.mx 192.185.131.128
66.249.66.166 - - [30/Nov/2024:11:31:16 -0600] "GET /yuusw/t1257254.html HTTP/1.1" 404 4677 "-" "Mozilla/5.0 (Linux; Android 6.0.1; Nexus 5X Build/MMB29P) AppleWebKit/537.36 (KHTML, like Gecko) Chrome/131.0.6778.69 Mobile Safari/537.36 (compatible; GoogleOther)" chapabyucatan.gob.mx 192.185.131.128
66.249.66.166 - - [30/Nov/2024:11:33:34 -0600] "GET /lrkwm/j2076920.html HTTP/1.1" 404 4677 "-" "Mozilla/5.0 (Linux; Android 6.0.1; Nexus 5X Build/MMB29P) AppleWebKit/537.36 (KHTML, like Gecko) Chrome/131.0.6778.69 Mobile Safari/537.36 (compatible; Googlebot/2.1; +http://www.google.com/bot.html)" chapabyucatan.gob.mx 192.185.131.128
66.249.66.168 - - [30/Nov/2024:11:34:30 -0600] "GET /dvneh/z1391524.html HTTP/1.1" 404 4677 "-" "Mozilla/5.0 (Linux; Android 6.0.1; Nexus 5X Build/MMB29P) AppleWebKit/537.36 (KHTML, like Gecko) Chrome/131.0.6778.69 Mobile Safari/537.36 (compatible; Googlebot/2.1; +http://www.google.com/bot.html)" chapabyucatan.gob.mx 192.185.131.128
66.249.66.168 - - [30/Nov/2024:11:38:50 -0600] "GET /omggu/c1574879.html HTTP/1.1" 404 4677 "-" "Mozilla/5.0 (Linux; Android 6.0.1; Nexus 5X Build/MMB29P) AppleWebKit/537.36 (KHTML, like Gecko) Chrome/131.0.6778.69 Mobile Safari/537.36 (compatible; Googlebot/2.1; +http://www.google.com/bot.html)" chapabyucatan.gob.mx 192.185.131.128
52.167.144.166 - - [30/Nov/2024:11:39:06 -0600] "GET /product/message1573727 HTTP/2.0" 404 4677 "-" "Mozilla/5.0 AppleWebKit/537.36 (KHTML, like Gecko; compatible; bingbot/2.0; +http://www.bing.com/bingbot.htm) Chrome/116.0.1938.76 Safari/537.36" chapabyucatan.gob.mx 192.185.131.128
156.59.198.136 - - [30/Nov/2024:11:45:47 -0600] "GET /archivos/2022/sevac/3/D.3.7.pdf HTTP/2.0" 406 226 "-" "Mozilla/5.0 (Linux; Android 5.0) AppleWebKit/537.36 (KHTML, like Gecko) Mobile Safari/537.36 (compatible; Bytespider; spider-feedback@bytedance.com)" chapabyucatan.gob.mx 192.185.131.128
52.167.144.184 - - [30/Nov/2024:11:47:28 -0600] "GET /product/stealth1807476 HTTP/2.0" 404 4677 "-" "Mozilla/5.0 AppleWebKit/537.36 (KHTML, like Gecko; compatible; bingbot/2.0; +http://www.bing.com/bingbot.htm) Chrome/116.0.1938.76 Safari/537.36" chapabyucatan.gob.mx 192.185.131.128
52.167.144.145 - - [30/Nov/2024:11:58:26 -0600] "GET /product/cuenta.php HTTP/2.0" 404 4677 "-" "Mozilla/5.0 AppleWebKit/537.36 (KHTML, like Gecko; compatible; bingbot/2.0; +http://www.bing.com/bingbot.htm) Chrome/116.0.1938.76 Safari/537.36" chapabyucatan.gob.mx 192.185.131.128
52.167.144.146 - - [30/Nov/2024:11:59:11 -0600] "GET /product/parenthesis1489944 HTTP/2.0" 404 4677 "-" "Mozilla/5.0 AppleWebKit/537.36 (KHTML, like Gecko; compatible; bingbot/2.0; +http://www.bing.com/bingbot.htm) Chrome/116.0.1938.76 Safari/537.36" chapabyucatan.gob.mx 192.185.131.128
207.46.13.126 - - [30/Nov/2024:12:03:39 -0600] "GET /product/mobilehome400543 HTTP/2.0" 404 4677 "-" "Mozilla/5.0 AppleWebKit/537.36 (KHTML, like Gecko; compatible; bingbot/2.0; +http://www.bing.com/bingbot.htm) Chrome/116.0.1938.76 Safari/537.36" chapabyucatan.gob.mx 192.185.131.128
157.55.39.59 - - [30/Nov/2024:12:06:40 -0600] "GET /product/manufacture1337441 HTTP/2.0" 404 4677 "-" "Mozilla/5.0 AppleWebKit/537.36 (KHTML, like Gecko; compatible; bingbot/2.0; +http://www.bing.com/bingbot.htm) Chrome/116.0.1938.76 Safari/537.36" chapabyucatan.gob.mx 192.185.131.128
40.77.167.55 - - [30/Nov/2024:12:09:37 -0600] "GET /product/secretarial1049316 HTTP/2.0" 404 4677 "-" "Mozilla/5.0 AppleWebKit/537.36 (KHTML, like Gecko; compatible; bingbot/2.0; +http://www.bing.com/bingbot.htm) Chrome/116.0.1938.76 Safari/537.36" chapabyucatan.gob.mx 192.185.131.128
207.46.13.157 - - [30/Nov/2024:12:17:11 -0600] "GET /product/insignificant803882 HTTP/2.0" 404 4677 "-" "Mozilla/5.0 AppleWebKit/537.36 (KHTML, like Gecko; compatible; bingbot/2.0; +http://www.bing.com/bingbot.htm) Chrome/116.0.1938.76 Safari/537.36" chapabyucatan.gob.mx 192.185.131.128
40.77.167.48 - - [30/Nov/2024:12:23:59 -0600] "GET /products/organization697462 HTTP/2.0" 404 4677 "-" "Mozilla/5.0 AppleWebKit/537.36 (KHTML, like Gecko; compatible; bingbot/2.0; +http://www.bing.com/bingbot.htm) Chrome/116.0.1938.76 Safari/537.36" chapabyucatan.gob.mx 192.185.131.128
40.77.167.65 - - [30/Nov/2024:12:23:59 -0600] "GET /products/Taipei1051571 HTTP/2.0" 404 4677 "-" "Mozilla/5.0 AppleWebKit/537.36 (KHTML, like Gecko; compatible; bingbot/2.0; +http://www.bing.com/bingbot.htm) Chrome/116.0.1938.76 Safari/537.36" chapabyucatan.gob.mx 192.185.131.128
156.59.198.135 - - [30/Nov/2024:12:25:14 -0600] "GET /archivos/2023/Titulov/Anual/D.1.5.pdf HTTP/2.0" 406 226 "-" "Mozilla/5.0 (Linux; Android 5.0) AppleWebKit/537.36 (KHTML, like Gecko) Mobile Safari/537.36 (compatible; Bytespider; spider-feedback@bytedance.com)" chapabyucatan.gob.mx 192.185.131.128
156.59.198.136 - - [30/Nov/2024:12:29:14 -0600] "GET /archivos/2023/Titulov/Trim/3/D.1.17.pdf HTTP/2.0" 406 226 "-" "Mozilla/5.0 (Linux; Android 5.0) AppleWebKit/537.36 (KHTML, like Gecko) Mobile Safari/537.36 (compatible; Bytespider; spider-feedback@bytedance.com)" chapabyucatan.gob.mx 192.185.131.128
156.59.198.135 - - [30/Nov/2024:12:33:14 -0600] "GET /archivos/2021/titulov/tri/D.1.11%20Montos%20Pagados%20por%20Cuestiones%20de%20Ayudas%20Sociales.pdf HTTP/2.0" 406 226 "-" "Mozilla/5.0 (Linux; Android 5.0) AppleWebKit/537.36 (KHTML, like Gecko) Mobile Safari/537.36 (compatible; Bytespider; spider-feedback@bytedance.com)" chapabyucatan.gob.mx 192.185.131.128
207.46.13.157 - - [30/Nov/2024:12:33:25 -0600] "GET /product/waveform1533317 HTTP/2.0" 404 4677 "-" "Mozilla/5.0 AppleWebKit/537.36 (KHTML, like Gecko; compatible; bingbot/2.0; +http://www.bing.com/bingbot.htm) Chrome/116.0.1938.76 Safari/537.36" chapabyucatan.gob.mx 192.185.131.128
207.46.13.124 - - [30/Nov/2024:12:33:53 -0600] "GET /product/marshal1117880 HTTP/2.0" 404 4677 "-" "Mozilla/5.0 AppleWebKit/537.36 (KHTML, like Gecko; compatible; bingbot/2.0; +http://www.bing.com/bingbot.htm) Chrome/116.0.1938.76 Safari/537.36" chapabyucatan.gob.mx 192.185.131.128
156.59.198.136 - - [30/Nov/2024:12:37:14 -0600] "GET /archivos/2023/Titulov/Anual/D.1.8v.pdf HTTP/2.0" 406 226 "-" "Mozilla/5.0 (Linux; Android 5.0) AppleWebKit/537.36 (KHTML, like Gecko) Mobile Safari/537.36 (compatible; Bytespider; spider-feedback@bytedance.com)" chapabyucatan.gob.mx 192.185.131.128
40.77.167.4 - - [30/Nov/2024:12:47:04 -0600] "GET /product/smear1383404 HTTP/2.0" 404 4677 "-" "Mozilla/5.0 AppleWebKit/537.36 (KHTML, like Gecko; compatible; bingbot/2.0; +http://www.bing.com/bingbot.htm) Chrome/116.0.1938.76 Safari/537.36" chapabyucatan.gob.mx 192.185.131.128
156.59.198.136 - - [30/Nov/2024:12:47:50 -0600] "GET /archivos/2021/titulov/anual/D.1.5%20Calendario%20de%20Egresos%202021.pdf HTTP/2.0" 406 226 "-" "Mozilla/5.0 (Linux; Android 5.0) AppleWebKit/537.36 (KHTML, like Gecko) Mobile Safari/537.36 (compatible; Bytespider; spider-feedback@bytedance.com)" chapabyucatan.gob.mx 192.185.131.128
156.59.198.136 - - [30/Nov/2024:12:51:45 -0600] "GET /archivos/2022/Titulov/Trim/3/D.1.12.pdf HTTP/2.0" 406 226 "-" "Mozilla/5.0 (Linux; Android 5.0) AppleWebKit/537.36 (KHTML, like Gecko) Mobile Safari/537.36 (compatible; Bytespider; spider-feedback@bytedance.com)" chapabyucatan.gob.mx 192.185.131.128
156.59.198.136 - - [30/Nov/2024:12:55:46 -0600] "GET /archivos/2022/Titulov/Trim/3/D.1.15.pdf HTTP/2.0" 406 226 "-" "Mozilla/5.0 (Linux; Android 5.0) AppleWebKit/537.36 (KHTML, like Gecko) Mobile Safari/537.36 (compatible; Bytespider; spider-feedback@bytedance.com)" chapabyucatan.gob.mx 192.185.131.128
