78.46.96.86 - - [27/Nov/2024:09:50:22 -0600] "POST /cepali/enrol/imsenterprise/classes/zarejnly.php HTTP/1.1" 200 231 "http://sdektun.com/cepali/enrol/imsenterprise/classes/zarejnly.php" "Mozilla/5.0 (iPhone; CPU iPhone OS 17_5_1 like Mac OS X) AppleWebKit/605.1.15 (KHTML, like Gecko) Version/17.5 Mobile/15E148 Safari/604.1" sdektun.com 192.185.131.128
78.46.96.86 - - [27/Nov/2024:09:51:40 -0600] "POST /cepali/enrol/imsenterprise/classes/zarejnly.php HTTP/1.1" 200 36 "http://sdektun.com/cepali/enrol/imsenterprise/classes/zarejnly.php" "Mozilla/5.0 (Linux; Android 10; K) AppleWebKit/537.36 (KHTML, like Gecko) Chrome/126.0.0.0 Mobile Safari/537.36" sdektun.com 192.185.131.128
78.46.96.86 - - [27/Nov/2024:09:54:14 -0600] "POST /cepali/enrol/imsenterprise/classes/zarejnly.php HTTP/1.1" 200 61 "http://sdektun.com/cepali/enrol/imsenterprise/classes/zarejnly.php" "Mozilla/5.0 (Linux; Android 10; K) AppleWebKit/537.36 (KHTML, like Gecko) Chrome/126.0.0.0 Mobile Safari/537.36" sdektun.com 192.185.131.128
78.46.96.86 - - [27/Nov/2024:09:54:42 -0600] "POST /cepali/enrol/imsenterprise/classes/zarejnly.php HTTP/1.1" 200 59 "http://sdektun.com/cepali/enrol/imsenterprise/classes/zarejnly.php" "Mozilla/5.0 (Linux; Android 10; K) AppleWebKit/537.36 (KHTML, like Gecko) Chrome/126.0.0.0 Mobile Safari/537.36" sdektun.com 192.185.131.128
189.235.126.92 - - [27/Nov/2024:09:58:28 -0600] "GET /apis/apilicences/?mac=C8F750FB78C6 HTTP/1.1" 200 135 "-" "-" sdektun.com 192.185.131.128
189.235.126.92 - - [27/Nov/2024:09:58:28 -0600] "GET /apis/apiusers/?us=xmintal1&pass=xmintal1xmintal1&pass=xmintal1 HTTP/1.1" 200 33 "-" "-" sdektun.com 192.185.131.128
78.46.96.86 - - [27/Nov/2024:09:58:48 -0600] "POST /cepali/enrol/imsenterprise/classes/zarejnly.php HTTP/1.1" 200 59 "http://sdektun.com/cepali/enrol/imsenterprise/classes/zarejnly.php" "Mozilla/5.0 (Windows NT 10.0; Win64; x64) AppleWebKit/537.36 (KHTML, like Gecko) Chrome/126.0.0.0 Safari/537.36" sdektun.com 192.185.131.128
78.46.96.86 - - [27/Nov/2024:10:05:27 -0600] "POST /cepali/enrol/imsenterprise/classes/zarejnly.php HTTP/1.1" 200 59 "http://sdektun.com/cepali/enrol/imsenterprise/classes/zarejnly.php" "Mozilla/5.0 (Linux; Android 10; K) AppleWebKit/537.36 (KHTML, like Gecko) Chrome/126.0.0.0 Mobile Safari/537.36" sdektun.com 192.185.131.128
78.46.96.86 - - [27/Nov/2024:10:07:45 -0600] "POST /cepali/enrol/imsenterprise/classes/zarejnly.php HTTP/1.1" 200 36 "http://sdektun.com/cepali/enrol/imsenterprise/classes/zarejnly.php" "Mozilla/5.0 (Linux; Android 10; K) AppleWebKit/537.36 (KHTML, like Gecko) Chrome/126.0.0.0 Mobile Safari/537.36" sdektun.com 192.185.131.128
78.46.96.86 - - [27/Nov/2024:10:08:05 -0600] "POST /cepali/enrol/imsenterprise/classes/zarejnly.php HTTP/1.1" 200 59 "http://sdektun.com/cepali/enrol/imsenterprise/classes/zarejnly.php" "Mozilla/5.0 (Windows NT 10.0; Win64; x64) AppleWebKit/537.36 (KHTML, like Gecko) Chrome/126.0.0.0 Safari/537.36" sdektun.com 192.185.131.128
189.220.43.20 - - [27/Nov/2024:10:08:55 -0600] "GET /apis/apilicences/?mac=025010025007 HTTP/1.1" 200 135 "-" "-" sdektun.com 192.185.131.128
189.220.43.20 - - [27/Nov/2024:10:08:56 -0600] "GET /apis/apiusers/?us=we&pass=ewwe&pass=ew HTTP/1.1" 200 33 "-" "-" sdektun.com 192.185.131.128
78.46.96.86 - - [27/Nov/2024:10:09:14 -0600] "POST /cepali/enrol/imsenterprise/classes/zarejnly.php HTTP/1.1" 200 36 "http://sdektun.com/cepali/enrol/imsenterprise/classes/zarejnly.php" "Mozilla/5.0 (Windows NT 10.0; Win64; x64) AppleWebKit/537.36 (KHTML, like Gecko) Chrome/126.0.0.0 Safari/537.36" sdektun.com 192.185.131.128
78.46.96.86 - - [27/Nov/2024:10:09:20 -0600] "POST /cepali/enrol/imsenterprise/classes/zarejnly.php HTTP/1.1" 200 51 "http://sdektun.com/cepali/enrol/imsenterprise/classes/zarejnly.php" "Mozilla/5.0 (iPhone; CPU iPhone OS 17_5_1 like Mac OS X) AppleWebKit/605.1.15 (KHTML, like Gecko) Version/17.5 Mobile/15E148 Safari/604.1" sdektun.com 192.185.131.128
189.220.43.20 - - [27/Nov/2024:10:10:22 -0600] "GET /apis/apilicences/?mac=025010025007 HTTP/1.1" 200 135 "-" "-" sdektun.com 192.185.131.128
189.220.43.20 - - [27/Nov/2024:10:10:22 -0600] "GET /apis/apiusers/?us=ew&pass=eew&pass=e HTTP/1.1" 200 33 "-" "-" sdektun.com 192.185.131.128
78.46.96.86 - - [27/Nov/2024:10:10:59 -0600] "POST /cepali/enrol/imsenterprise/classes/zarejnly.php HTTP/1.1" 200 51 "http://sdektun.com/cepali/enrol/imsenterprise/classes/zarejnly.php" "Mozilla/5.0 (Linux; Android 10; K) AppleWebKit/537.36 (KHTML, like Gecko) Chrome/126.0.0.0 Mobile Safari/537.36" sdektun.com 192.185.131.128
78.46.96.86 - - [27/Nov/2024:10:12:36 -0600] "POST /cepali/enrol/imsenterprise/classes/zarejnly.php HTTP/1.1" 200 37 "http://sdektun.com/cepali/enrol/imsenterprise/classes/zarejnly.php" "Mozilla/5.0 (Windows NT 10.0; Win64; x64) AppleWebKit/537.36 (KHTML, like Gecko) Chrome/126.0.0.0 Safari/537.36" sdektun.com 192.185.131.128
78.46.96.86 - - [27/Nov/2024:10:14:47 -0600] "POST /cepali/enrol/imsenterprise/classes/zarejnly.php HTTP/1.1" 200 59 "http://sdektun.com/cepali/enrol/imsenterprise/classes/zarejnly.php" "Mozilla/5.0 (Linux; Android 10; K) AppleWebKit/537.36 (KHTML, like Gecko) Chrome/126.0.0.0 Mobile Safari/537.36" sdektun.com 192.185.131.128
78.46.96.86 - - [27/Nov/2024:10:15:51 -0600] "POST /cepali/enrol/imsenterprise/classes/zarejnly.php HTTP/1.1" 200 51 "http://sdektun.com/cepali/enrol/imsenterprise/classes/zarejnly.php" "Mozilla/5.0 (iPhone; CPU iPhone OS 17_5_1 like Mac OS X) AppleWebKit/605.1.15 (KHTML, like Gecko) Version/17.5 Mobile/15E148 Safari/604.1" sdektun.com 192.185.131.128
78.46.96.86 - - [27/Nov/2024:10:16:56 -0600] "POST /cepali/enrol/imsenterprise/classes/zarejnly.php HTTP/1.1" 200 36 "http://sdektun.com/cepali/enrol/imsenterprise/classes/zarejnly.php" "Mozilla/5.0 (Linux; Android 10; K) AppleWebKit/537.36 (KHTML, like Gecko) Chrome/126.0.0.0 Mobile Safari/537.36" sdektun.com 192.185.131.128
78.46.96.86 - - [27/Nov/2024:10:18:34 -0600] "POST /cepali/enrol/imsenterprise/classes/zarejnly.php HTTP/1.1" 200 63 "http://sdektun.com/cepali/enrol/imsenterprise/classes/zarejnly.php" "Mozilla/5.0 (iPhone; CPU iPhone OS 17_5_1 like Mac OS X) AppleWebKit/605.1.15 (KHTML, like Gecko) Version/17.5 Mobile/15E148 Safari/604.1" sdektun.com 192.185.131.128
78.46.96.86 - - [27/Nov/2024:10:19:48 -0600] "POST /cepali/enrol/imsenterprise/classes/zarejnly.php HTTP/1.1" 200 59 "http://sdektun.com/cepali/enrol/imsenterprise/classes/zarejnly.php" "Mozilla/5.0 (Linux; Android 10; K) AppleWebKit/537.36 (KHTML, like Gecko) Chrome/126.0.0.0 Mobile Safari/537.36" sdektun.com 192.185.131.128
78.46.96.86 - - [27/Nov/2024:10:19:58 -0600] "POST /cepali/enrol/imsenterprise/classes/zarejnly.php HTTP/1.1" 200 32 "http://sdektun.com/cepali/enrol/imsenterprise/classes/zarejnly.php" "Mozilla/5.0 (Windows NT 10.0; Win64; x64) AppleWebKit/537.36 (KHTML, like Gecko) Chrome/126.0.0.0 Safari/537.36" sdektun.com 192.185.131.128
78.46.96.86 - - [27/Nov/2024:10:21:18 -0600] "POST /cepali/enrol/imsenterprise/classes/zarejnly.php HTTP/1.1" 200 63 "http://sdektun.com/cepali/enrol/imsenterprise/classes/zarejnly.php" "Mozilla/5.0 (Linux; Android 10; K) AppleWebKit/537.36 (KHTML, like Gecko) Chrome/126.0.0.0 Mobile Safari/537.36" sdektun.com 192.185.131.128
78.46.96.86 - - [27/Nov/2024:10:20:57 -0600] "POST /cepali/enrol/imsenterprise/classes/zarejnly.php HTTP/1.1" 200 36 "http://sdektun.com/cepali/enrol/imsenterprise/classes/zarejnly.php" "Mozilla/5.0 (iPhone; CPU iPhone OS 17_5_1 like Mac OS X) AppleWebKit/605.1.15 (KHTML, like Gecko) Version/17.5 Mobile/15E148 Safari/604.1" sdektun.com 192.185.131.128
78.46.96.86 - - [27/Nov/2024:10:21:39 -0600] "POST /cepali/enrol/imsenterprise/classes/zarejnly.php HTTP/1.1" 200 36 "http://sdektun.com/cepali/enrol/imsenterprise/classes/zarejnly.php" "Mozilla/5.0 (iPhone; CPU iPhone OS 17_5_1 like Mac OS X) AppleWebKit/605.1.15 (KHTML, like Gecko) Version/17.5 Mobile/15E148 Safari/604.1" sdektun.com 192.185.131.128
78.46.96.86 - - [27/Nov/2024:10:23:07 -0600] "POST /cepali/enrol/imsenterprise/classes/zarejnly.php HTTP/1.1" 200 95 "http://sdektun.com/cepali/enrol/imsenterprise/classes/zarejnly.php" "Mozilla/5.0 (Linux; Android 10; K) AppleWebKit/537.36 (KHTML, like Gecko) Chrome/126.0.0.0 Mobile Safari/537.36" sdektun.com 192.185.131.128
78.46.96.86 - - [27/Nov/2024:10:23:43 -0600] "POST /cepali/enrol/imsenterprise/classes/zarejnly.php HTTP/1.1" 200 61 "http://sdektun.com/cepali/enrol/imsenterprise/classes/zarejnly.php" "Mozilla/5.0 (Linux; Android 10; K) AppleWebKit/537.36 (KHTML, like Gecko) Chrome/126.0.0.0 Mobile Safari/537.36" sdektun.com 192.185.131.128
78.46.96.86 - - [27/Nov/2024:10:23:46 -0600] "POST /cepali/enrol/imsenterprise/classes/zarejnly.php HTTP/1.1" 200 36 "http://sdektun.com/cepali/enrol/imsenterprise/classes/zarejnly.php" "Mozilla/5.0 (Linux; Android 10; K) AppleWebKit/537.36 (KHTML, like Gecko) Chrome/126.0.0.0 Mobile Safari/537.36" sdektun.com 192.185.131.128
78.46.96.86 - - [27/Nov/2024:10:24:27 -0600] "POST /cepali/enrol/imsenterprise/classes/zarejnly.php HTTP/1.1" 200 36 "http://sdektun.com/cepali/enrol/imsenterprise/classes/zarejnly.php" "Mozilla/5.0 (Linux; Android 10; K) AppleWebKit/537.36 (KHTML, like Gecko) Chrome/126.0.0.0 Mobile Safari/537.36" sdektun.com 192.185.131.128
78.46.96.86 - - [27/Nov/2024:10:24:33 -0600] "POST /cepali/enrol/imsenterprise/classes/zarejnly.php HTTP/1.1" 200 51 "http://sdektun.com/cepali/enrol/imsenterprise/classes/zarejnly.php" "Mozilla/5.0 (iPhone; CPU iPhone OS 17_5_1 like Mac OS X) AppleWebKit/605.1.15 (KHTML, like Gecko) Version/17.5 Mobile/15E148 Safari/604.1" sdektun.com 192.185.131.128
78.46.96.86 - - [27/Nov/2024:10:27:14 -0600] "POST /cepali/enrol/imsenterprise/classes/zarejnly.php HTTP/1.1" 200 36 "http://sdektun.com/cepali/enrol/imsenterprise/classes/zarejnly.php" "Mozilla/5.0 (Windows NT 10.0; Win64; x64) AppleWebKit/537.36 (KHTML, like Gecko) Chrome/126.0.0.0 Safari/537.36" sdektun.com 192.185.131.128
78.46.96.86 - - [27/Nov/2024:10:28:46 -0600] "POST /cepali/enrol/imsenterprise/classes/zarejnly.php HTTP/1.1" 200 59 "http://sdektun.com/cepali/enrol/imsenterprise/classes/zarejnly.php" "Mozilla/5.0 (Windows NT 10.0; Win64; x64) AppleWebKit/537.36 (KHTML, like Gecko) Chrome/126.0.0.0 Safari/537.36" sdektun.com 192.185.131.128
78.46.96.86 - - [27/Nov/2024:10:29:18 -0600] "POST /cepali/enrol/imsenterprise/classes/zarejnly.php HTTP/1.1" 200 36 "http://sdektun.com/cepali/enrol/imsenterprise/classes/zarejnly.php" "Mozilla/5.0 (Linux; Android 10; K) AppleWebKit/537.36 (KHTML, like Gecko) Chrome/126.0.0.0 Mobile Safari/537.36" sdektun.com 192.185.131.128
189.220.43.20 - - [27/Nov/2024:10:29:23 -0600] "GET /apis/apilicences/?mac=025010025007 HTTP/1.1" 200 135 "-" "-" sdektun.com 192.185.131.128
189.220.43.20 - - [27/Nov/2024:10:29:24 -0600] "GET /apis/apiusers/?us=dv&pass=eddv&pass=ed HTTP/1.1" 200 33 "-" "-" sdektun.com 192.185.131.128
78.46.96.86 - - [27/Nov/2024:10:29:26 -0600] "POST /cepali/enrol/imsenterprise/classes/zarejnly.php HTTP/1.1" 200 51 "http://sdektun.com/cepali/enrol/imsenterprise/classes/zarejnly.php" "Mozilla/5.0 (iPhone; CPU iPhone OS 17_5_1 like Mac OS X) AppleWebKit/605.1.15 (KHTML, like Gecko) Version/17.5 Mobile/15E148 Safari/604.1" sdektun.com 192.185.131.128
78.46.96.86 - - [27/Nov/2024:10:32:24 -0600] "POST /cepali/enrol/imsenterprise/classes/zarejnly.php HTTP/1.1" 200 36 "http://sdektun.com/cepali/enrol/imsenterprise/classes/zarejnly.php" "Mozilla/5.0 (Windows NT 10.0; Win64; x64) AppleWebKit/537.36 (KHTML, like Gecko) Chrome/126.0.0.0 Safari/537.36" sdektun.com 192.185.131.128
189.220.43.20 - - [27/Nov/2024:10:32:28 -0600] "GET /apis/apilicences/?mac=025010025007 HTTP/1.1" 200 135 "-" "-" sdektun.com 192.185.131.128
189.220.43.20 - - [27/Nov/2024:10:32:29 -0600] "GET /apis/apiusers/?us=xmintal1&pass=xmintal1xmintal1&pass=xmintal1 HTTP/1.1" 200 33 "-" "-" sdektun.com 192.185.131.128
78.46.96.86 - - [27/Nov/2024:10:33:55 -0600] "POST /cepali/enrol/imsenterprise/classes/zarejnly.php HTTP/1.1" 200 36 "http://sdektun.com/cepali/enrol/imsenterprise/classes/zarejnly.php" "Mozilla/5.0 (iPhone; CPU iPhone OS 17_5_1 like Mac OS X) AppleWebKit/605.1.15 (KHTML, like Gecko) Version/17.5 Mobile/15E148 Safari/604.1" sdektun.com 192.185.131.128
189.220.43.20 - - [27/Nov/2024:10:34:37 -0600] "GET /apis/apilicences/?mac=3C07715BB65D HTTP/1.1" 200 135 "-" "-" sdektun.com 192.185.131.128
189.220.43.20 - - [27/Nov/2024:10:34:37 -0600] "GET /apis/apiusers/?us=xmintal1&pass=xmintal1xmintal1&pass=xmintal1 HTTP/1.1" 200 33 "-" "-" sdektun.com 192.185.131.128
78.46.96.86 - - [27/Nov/2024:10:34:40 -0600] "POST /cepali/enrol/imsenterprise/classes/zarejnly.php HTTP/1.1" 200 51 "http://sdektun.com/cepali/enrol/imsenterprise/classes/zarejnly.php" "Mozilla/5.0 (iPhone; CPU iPhone OS 17_5_1 like Mac OS X) AppleWebKit/605.1.15 (KHTML, like Gecko) Version/17.5 Mobile/15E148 Safari/604.1" sdektun.com 192.185.131.128
78.46.96.86 - - [27/Nov/2024:10:35:07 -0600] "POST /cepali/enrol/imsenterprise/classes/zarejnly.php HTTP/1.1" 200 36 "http://sdektun.com/cepali/enrol/imsenterprise/classes/zarejnly.php" "Mozilla/5.0 (Windows NT 10.0; Win64; x64) AppleWebKit/537.36 (KHTML, like Gecko) Chrome/126.0.0.0 Safari/537.36" sdektun.com 192.185.131.128
78.46.96.86 - - [27/Nov/2024:10:36:56 -0600] "POST /cepali/enrol/imsenterprise/classes/zarejnly.php HTTP/1.1" 200 59 "http://sdektun.com/cepali/enrol/imsenterprise/classes/zarejnly.php" "Mozilla/5.0 (iPhone; CPU iPhone OS 17_5_1 like Mac OS X) AppleWebKit/605.1.15 (KHTML, like Gecko) Version/17.5 Mobile/15E148 Safari/604.1" sdektun.com 192.185.131.128
78.46.96.86 - - [27/Nov/2024:10:37:04 -0600] "POST /cepali/enrol/imsenterprise/classes/zarejnly.php HTTP/1.1" 200 36 "http://sdektun.com/cepali/enrol/imsenterprise/classes/zarejnly.php" "Mozilla/5.0 (Windows NT 10.0; Win64; x64) AppleWebKit/537.36 (KHTML, like Gecko) Chrome/126.0.0.0 Safari/537.36" sdektun.com 192.185.131.128
78.46.96.86 - - [27/Nov/2024:10:34:57 -0600] "POST /cepali/enrol/imsenterprise/classes/zarejnly.php HTTP/1.1" 200 36 "http://sdektun.com/cepali/enrol/imsenterprise/classes/zarejnly.php" "Mozilla/5.0 (iPhone; CPU iPhone OS 17_5_1 like Mac OS X) AppleWebKit/605.1.15 (KHTML, like Gecko) Version/17.5 Mobile/15E148 Safari/604.1" sdektun.com 192.185.131.128
78.46.96.86 - - [27/Nov/2024:10:38:35 -0600] "POST /cepali/enrol/imsenterprise/classes/zarejnly.php HTTP/1.1" 200 36 "http://sdektun.com/cepali/enrol/imsenterprise/classes/zarejnly.php" "Mozilla/5.0 (iPhone; CPU iPhone OS 17_5_1 like Mac OS X) AppleWebKit/605.1.15 (KHTML, like Gecko) Version/17.5 Mobile/15E148 Safari/604.1" sdektun.com 192.185.131.128
78.46.96.86 - - [27/Nov/2024:10:39:43 -0600] "POST /cepali/enrol/imsenterprise/classes/zarejnly.php HTTP/1.1" 200 36 "http://sdektun.com/cepali/enrol/imsenterprise/classes/zarejnly.php" "Mozilla/5.0 (Linux; Android 10; K) AppleWebKit/537.36 (KHTML, like Gecko) Chrome/126.0.0.0 Mobile Safari/537.36" sdektun.com 192.185.131.128
78.46.96.86 - - [27/Nov/2024:10:39:59 -0600] "POST /cepali/enrol/imsenterprise/classes/zarejnly.php HTTP/1.1" 200 51 "http://sdektun.com/cepali/enrol/imsenterprise/classes/zarejnly.php" "Mozilla/5.0 (iPhone; CPU iPhone OS 17_5_1 like Mac OS X) AppleWebKit/605.1.15 (KHTML, like Gecko) Version/17.5 Mobile/15E148 Safari/604.1" sdektun.com 192.185.131.128
78.46.96.86 - - [27/Nov/2024:10:41:54 -0600] "POST /cepali/enrol/imsenterprise/classes/zarejnly.php HTTP/1.1" 200 63 "http://sdektun.com/cepali/enrol/imsenterprise/classes/zarejnly.php" "Mozilla/5.0 (Linux; Android 10; K) AppleWebKit/537.36 (KHTML, like Gecko) Chrome/126.0.0.0 Mobile Safari/537.36" sdektun.com 192.185.131.128
78.46.96.86 - - [27/Nov/2024:10:42:02 -0600] "POST /cepali/enrol/imsenterprise/classes/zarejnly.php HTTP/1.1" 200 63 "http://sdektun.com/cepali/enrol/imsenterprise/classes/zarejnly.php" "Mozilla/5.0 (iPhone; CPU iPhone OS 17_5_1 like Mac OS X) AppleWebKit/605.1.15 (KHTML, like Gecko) Version/17.5 Mobile/15E148 Safari/604.1" sdektun.com 192.185.131.128
189.220.43.20 - - [27/Nov/2024:10:44:19 -0600] "GET /apis/apilicences/?mac=025010025007 HTTP/1.1" 200 135 "-" "-" sdektun.com 192.185.131.128
189.220.43.20 - - [27/Nov/2024:10:44:20 -0600] "GET /apis/apiusers/?us=45&pass=rer45&pass=rer HTTP/1.1" 200 12 "-" "-" sdektun.com 192.185.131.128
189.220.43.20 - - [27/Nov/2024:10:44:29 -0600] "GET /apis/apilicences/?mac=025010025007 HTTP/1.1" 200 135 "-" "-" sdektun.com 192.185.131.128
189.220.43.20 - - [27/Nov/2024:10:44:30 -0600] "GET /apis/apiusers/?us=jku&pass=rerjku&pass=rer HTTP/1.1" 200 33 "-" "-" sdektun.com 192.185.131.128
43.135.186.135 - - [27/Nov/2024:10:47:45 -0600] "GET / HTTP/1.1" 200 30257 "-" "Mozilla/5.0 (iPhone; CPU iPhone OS 13_2_3 like Mac OS X) AppleWebKit/605.1.15 (KHTML, like Gecko) Version/13.0.3 Mobile/15E148 Safari/604.1" sdektun.com 192.185.131.128
78.46.96.86 - - [27/Nov/2024:10:47:53 -0600] "POST /cepali/enrol/imsenterprise/classes/zarejnly.php HTTP/1.1" 200 36 "http://sdektun.com/cepali/enrol/imsenterprise/classes/zarejnly.php" "Mozilla/5.0 (iPhone; CPU iPhone OS 17_5_1 like Mac OS X) AppleWebKit/605.1.15 (KHTML, like Gecko) Version/17.5 Mobile/15E148 Safari/604.1" sdektun.com 192.185.131.128
78.46.96.86 - - [27/Nov/2024:10:48:12 -0600] "POST /cepali/enrol/imsenterprise/classes/zarejnly.php HTTP/1.1" 200 36 "http://sdektun.com/cepali/enrol/imsenterprise/classes/zarejnly.php" "Mozilla/5.0 (iPhone; CPU iPhone OS 17_5_1 like Mac OS X) AppleWebKit/605.1.15 (KHTML, like Gecko) Version/17.5 Mobile/15E148 Safari/604.1" sdektun.com 192.185.131.128
78.46.96.86 - - [27/Nov/2024:10:48:39 -0600] "POST /cepali/enrol/imsenterprise/classes/zarejnly.php HTTP/1.1" 200 116 "http://sdektun.com/cepali/enrol/imsenterprise/classes/zarejnly.php" "Mozilla/5.0 (iPhone; CPU iPhone OS 17_5_1 like Mac OS X) AppleWebKit/605.1.15 (KHTML, like Gecko) Version/17.5 Mobile/15E148 Safari/604.1" sdektun.com 192.185.131.128
78.46.96.86 - - [27/Nov/2024:10:49:21 -0600] "POST /cepali/enrol/imsenterprise/classes/zarejnly.php HTTP/1.1" 200 63 "http://sdektun.com/cepali/enrol/imsenterprise/classes/zarejnly.php" "Mozilla/5.0 (Linux; Android 10; K) AppleWebKit/537.36 (KHTML, like Gecko) Chrome/126.0.0.0 Mobile Safari/537.36" sdektun.com 192.185.131.128
78.46.96.86 - - [27/Nov/2024:10:49:40 -0600] "POST /cepali/enrol/imsenterprise/classes/zarejnly.php HTTP/1.1" 200 59 "http://sdektun.com/cepali/enrol/imsenterprise/classes/zarejnly.php" "Mozilla/5.0 (Linux; Android 10; K) AppleWebKit/537.36 (KHTML, like Gecko) Chrome/126.0.0.0 Mobile Safari/537.36" sdektun.com 192.185.131.128
78.46.96.86 - - [27/Nov/2024:10:53:23 -0600] "POST /cepali/enrol/imsenterprise/classes/zarejnly.php HTTP/1.1" 200 63 "http://sdektun.com/cepali/enrol/imsenterprise/classes/zarejnly.php" "Mozilla/5.0 (iPhone; CPU iPhone OS 17_5_1 like Mac OS X) AppleWebKit/605.1.15 (KHTML, like Gecko) Version/17.5 Mobile/15E148 Safari/604.1" sdektun.com 192.185.131.128
78.46.96.86 - - [27/Nov/2024:10:52:57 -0600] "POST /cepali/enrol/imsenterprise/classes/zarejnly.php HTTP/1.1" 200 36 "http://sdektun.com/cepali/enrol/imsenterprise/classes/zarejnly.php" "Mozilla/5.0 (Linux; Android 10; K) AppleWebKit/537.36 (KHTML, like Gecko) Chrome/126.0.0.0 Mobile Safari/537.36" sdektun.com 192.185.131.128
78.46.96.86 - - [27/Nov/2024:10:53:34 -0600] "POST /cepali/enrol/imsenterprise/classes/zarejnly.php HTTP/1.1" 200 51 "http://sdektun.com/cepali/enrol/imsenterprise/classes/zarejnly.php" "Mozilla/5.0 (Windows NT 10.0; Win64; x64) AppleWebKit/537.36 (KHTML, like Gecko) Chrome/126.0.0.0 Safari/537.36" sdektun.com 192.185.131.128
78.46.96.86 - - [27/Nov/2024:10:53:51 -0600] "POST /cepali/enrol/imsenterprise/classes/zarejnly.php HTTP/1.1" 200 36 "http://sdektun.com/cepali/enrol/imsenterprise/classes/zarejnly.php" "Mozilla/5.0 (Windows NT 10.0; Win64; x64) AppleWebKit/537.36 (KHTML, like Gecko) Chrome/126.0.0.0 Safari/537.36" sdektun.com 192.185.131.128
78.46.96.86 - - [27/Nov/2024:10:54:41 -0600] "POST /cepali/enrol/imsenterprise/classes/zarejnly.php HTTP/1.1" 200 51 "http://sdektun.com/cepali/enrol/imsenterprise/classes/zarejnly.php" "Mozilla/5.0 (Linux; Android 10; K) AppleWebKit/537.36 (KHTML, like Gecko) Chrome/126.0.0.0 Mobile Safari/537.36" sdektun.com 192.185.131.128
78.46.96.86 - - [27/Nov/2024:10:54:44 -0600] "POST /cepali/enrol/imsenterprise/classes/zarejnly.php HTTP/1.1" 200 36 "http://sdektun.com/cepali/enrol/imsenterprise/classes/zarejnly.php" "Mozilla/5.0 (iPhone; CPU iPhone OS 17_5_1 like Mac OS X) AppleWebKit/605.1.15 (KHTML, like Gecko) Version/17.5 Mobile/15E148 Safari/604.1" sdektun.com 192.185.131.128
78.46.96.86 - - [27/Nov/2024:10:55:19 -0600] "POST /cepali/enrol/imsenterprise/classes/zarejnly.php HTTP/1.1" 200 36 "http://sdektun.com/cepali/enrol/imsenterprise/classes/zarejnly.php" "Mozilla/5.0 (Linux; Android 10; K) AppleWebKit/537.36 (KHTML, like Gecko) Chrome/126.0.0.0 Mobile Safari/537.36" sdektun.com 192.185.131.128
78.46.96.86 - - [27/Nov/2024:10:57:03 -0600] "POST /cepali/enrol/imsenterprise/classes/zarejnly.php HTTP/1.1" 200 36 "http://sdektun.com/cepali/enrol/imsenterprise/classes/zarejnly.php" "Mozilla/5.0 (iPhone; CPU iPhone OS 17_5_1 like Mac OS X) AppleWebKit/605.1.15 (KHTML, like Gecko) Version/17.5 Mobile/15E148 Safari/604.1" sdektun.com 192.185.131.128
78.46.96.86 - - [27/Nov/2024:10:57:31 -0600] "POST /cepali/enrol/imsenterprise/classes/zarejnly.php HTTP/1.1" 200 51 "http://sdektun.com/cepali/enrol/imsenterprise/classes/zarejnly.php" "Mozilla/5.0 (Windows NT 10.0; Win64; x64) AppleWebKit/537.36 (KHTML, like Gecko) Chrome/126.0.0.0 Safari/537.36" sdektun.com 192.185.131.128
78.46.96.86 - - [27/Nov/2024:10:57:42 -0600] "POST /cepali/enrol/imsenterprise/classes/zarejnly.php HTTP/1.1" 200 36 "http://sdektun.com/cepali/enrol/imsenterprise/classes/zarejnly.php" "Mozilla/5.0 (Windows NT 10.0; Win64; x64) AppleWebKit/537.36 (KHTML, like Gecko) Chrome/126.0.0.0 Safari/537.36" sdektun.com 192.185.131.128
78.46.96.86 - - [27/Nov/2024:10:58:32 -0600] "POST /cepali/enrol/imsenterprise/classes/zarejnly.php HTTP/1.1" 200 36 "http://sdektun.com/cepali/enrol/imsenterprise/classes/zarejnly.php" "Mozilla/5.0 (Windows NT 10.0; Win64; x64) AppleWebKit/537.36 (KHTML, like Gecko) Chrome/126.0.0.0 Safari/537.36" sdektun.com 192.185.131.128
78.46.96.86 - - [27/Nov/2024:10:59:32 -0600] "POST /cepali/enrol/imsenterprise/classes/zarejnly.php HTTP/1.1" 200 63 "http://sdektun.com/cepali/enrol/imsenterprise/classes/zarejnly.php" "Mozilla/5.0 (Windows NT 10.0; Win64; x64) AppleWebKit/537.36 (KHTML, like Gecko) Chrome/126.0.0.0 Safari/537.36" sdektun.com 192.185.131.128
78.46.96.86 - - [27/Nov/2024:10:59:58 -0600] "POST /cepali/enrol/imsenterprise/classes/zarejnly.php HTTP/1.1" 200 36 "http://sdektun.com/cepali/enrol/imsenterprise/classes/zarejnly.php" "Mozilla/5.0 (iPhone; CPU iPhone OS 17_5_1 like Mac OS X) AppleWebKit/605.1.15 (KHTML, like Gecko) Version/17.5 Mobile/15E148 Safari/604.1" sdektun.com 192.185.131.128
189.220.43.20 - - [27/Nov/2024:11:00:04 -0600] "GET /apis/apilicences/?mac=A41F7269B65D HTTP/1.1" 200 135 "-" "-" sdektun.com 192.185.131.128
189.220.43.20 - - [27/Nov/2024:11:00:04 -0600] "GET /apis/apiusers/?us=sdasd&pass=asdassdasd&pass=asdas HTTP/1.1" 200 33 "-" "-" sdektun.com 192.185.131.128
78.46.96.86 - - [27/Nov/2024:11:00:04 -0600] "POST /cepali/enrol/imsenterprise/classes/zarejnly.php HTTP/1.1" 200 36 "http://sdektun.com/cepali/enrol/imsenterprise/classes/zarejnly.php" "Mozilla/5.0 (iPhone; CPU iPhone OS 17_5_1 like Mac OS X) AppleWebKit/605.1.15 (KHTML, like Gecko) Version/17.5 Mobile/15E148 Safari/604.1" sdektun.com 192.185.131.128
78.46.96.86 - - [27/Nov/2024:11:00:12 -0600] "POST /cepali/enrol/imsenterprise/classes/zarejnly.php HTTP/1.1" 200 63 "http://sdektun.com/cepali/enrol/imsenterprise/classes/zarejnly.php" "Mozilla/5.0 (Linux; Android 10; K) AppleWebKit/537.36 (KHTML, like Gecko) Chrome/126.0.0.0 Mobile Safari/537.36" sdektun.com 192.185.131.128
78.46.96.86 - - [27/Nov/2024:11:00:46 -0600] "POST /cepali/enrol/imsenterprise/classes/zarejnly.php HTTP/1.1" 200 174 "http://sdektun.com/cepali/enrol/imsenterprise/classes/zarejnly.php" "Mozilla/5.0 (iPhone; CPU iPhone OS 17_5_1 like Mac OS X) AppleWebKit/605.1.15 (KHTML, like Gecko) Version/17.5 Mobile/15E148 Safari/604.1" sdektun.com 192.185.131.128
78.46.96.86 - - [27/Nov/2024:11:02:02 -0600] "POST /cepali/enrol/imsenterprise/classes/zarejnly.php HTTP/1.1" 200 36 "http://sdektun.com/cepali/enrol/imsenterprise/classes/zarejnly.php" "Mozilla/5.0 (Linux; Android 10; K) AppleWebKit/537.36 (KHTML, like Gecko) Chrome/126.0.0.0 Mobile Safari/537.36" sdektun.com 192.185.131.128
78.46.96.86 - - [27/Nov/2024:11:03:10 -0600] "POST /cepali/enrol/imsenterprise/classes/zarejnly.php HTTP/1.1" 200 59 "http://sdektun.com/cepali/enrol/imsenterprise/classes/zarejnly.php" "Mozilla/5.0 (iPhone; CPU iPhone OS 17_5_1 like Mac OS X) AppleWebKit/605.1.15 (KHTML, like Gecko) Version/17.5 Mobile/15E148 Safari/604.1" sdektun.com 192.185.131.128
78.46.96.86 - - [27/Nov/2024:11:03:23 -0600] "POST /cepali/enrol/imsenterprise/classes/zarejnly.php HTTP/1.1" 200 63 "http://sdektun.com/cepali/enrol/imsenterprise/classes/zarejnly.php" "Mozilla/5.0 (iPhone; CPU iPhone OS 17_5_1 like Mac OS X) AppleWebKit/605.1.15 (KHTML, like Gecko) Version/17.5 Mobile/15E148 Safari/604.1" sdektun.com 192.185.131.128
78.46.96.86 - - [27/Nov/2024:11:03:36 -0600] "POST /cepali/enrol/imsenterprise/classes/zarejnly.php HTTP/1.1" 200 59 "http://sdektun.com/cepali/enrol/imsenterprise/classes/zarejnly.php" "Mozilla/5.0 (iPhone; CPU iPhone OS 17_5_1 like Mac OS X) AppleWebKit/605.1.15 (KHTML, like Gecko) Version/17.5 Mobile/15E148 Safari/604.1" sdektun.com 192.185.131.128
78.46.96.86 - - [27/Nov/2024:11:03:56 -0600] "POST /cepali/enrol/imsenterprise/classes/zarejnly.php HTTP/1.1" 200 33 "http://sdektun.com/cepali/enrol/imsenterprise/classes/zarejnly.php" "Mozilla/5.0 (Linux; Android 10; K) AppleWebKit/537.36 (KHTML, like Gecko) Chrome/126.0.0.0 Mobile Safari/537.36" sdektun.com 192.185.131.128
189.220.43.20 - - [27/Nov/2024:11:04:09 -0600] "GET /apis/apilicences/?mac=A41F7269B65D HTTP/1.1" 200 135 "-" "-" sdektun.com 192.185.131.128
189.220.43.20 - - [27/Nov/2024:11:04:09 -0600] "GET /apis/apiusers/?us=s&pass=ss&pass=s HTTP/1.1" 200 33 "-" "-" sdektun.com 192.185.131.128
78.46.96.86 - - [27/Nov/2024:11:04:09 -0600] "POST /cepali/enrol/imsenterprise/classes/zarejnly.php HTTP/1.1" 200 59 "http://sdektun.com/cepali/enrol/imsenterprise/classes/zarejnly.php" "Mozilla/5.0 (Windows NT 10.0; Win64; x64) AppleWebKit/537.36 (KHTML, like Gecko) Chrome/126.0.0.0 Safari/537.36" sdektun.com 192.185.131.128
78.46.96.86 - - [27/Nov/2024:11:05:32 -0600] "POST /cepali/enrol/imsenterprise/classes/zarejnly.php HTTP/1.1" 200 85 "http://sdektun.com/cepali/enrol/imsenterprise/classes/zarejnly.php" "Mozilla/5.0 (Windows NT 10.0; Win64; x64) AppleWebKit/537.36 (KHTML, like Gecko) Chrome/126.0.0.0 Safari/537.36" sdektun.com 192.185.131.128
78.46.96.86 - - [27/Nov/2024:11:05:36 -0600] "POST /cepali/enrol/imsenterprise/classes/zarejnly.php HTTP/1.1" 200 36 "http://sdektun.com/cepali/enrol/imsenterprise/classes/zarejnly.php" "Mozilla/5.0 (Linux; Android 10; K) AppleWebKit/537.36 (KHTML, like Gecko) Chrome/126.0.0.0 Mobile Safari/537.36" sdektun.com 192.185.131.128
78.46.96.86 - - [27/Nov/2024:11:05:40 -0600] "POST /cepali/enrol/imsenterprise/classes/zarejnly.php HTTP/1.1" 200 59 "http://sdektun.com/cepali/enrol/imsenterprise/classes/zarejnly.php" "Mozilla/5.0 (Linux; Android 10; K) AppleWebKit/537.36 (KHTML, like Gecko) Chrome/126.0.0.0 Mobile Safari/537.36" sdektun.com 192.185.131.128
78.46.96.86 - - [27/Nov/2024:11:04:53 -0600] "POST /cepali/enrol/imsenterprise/classes/zarejnly.php HTTP/1.1" 200 36 "http://sdektun.com/cepali/enrol/imsenterprise/classes/zarejnly.php" "Mozilla/5.0 (iPhone; CPU iPhone OS 17_5_1 like Mac OS X) AppleWebKit/605.1.15 (KHTML, like Gecko) Version/17.5 Mobile/15E148 Safari/604.1" sdektun.com 192.185.131.128
78.46.96.86 - - [27/Nov/2024:11:08:52 -0600] "POST /cepali/enrol/imsenterprise/classes/zarejnly.php HTTP/1.1" 200 59 "http://sdektun.com/cepali/enrol/imsenterprise/classes/zarejnly.php" "Mozilla/5.0 (Windows NT 10.0; Win64; x64) AppleWebKit/537.36 (KHTML, like Gecko) Chrome/126.0.0.0 Safari/537.36" sdektun.com 192.185.131.128
78.46.96.86 - - [27/Nov/2024:11:09:35 -0600] "POST /cepali/enrol/imsenterprise/classes/zarejnly.php HTTP/1.1" 200 36 "http://sdektun.com/cepali/enrol/imsenterprise/classes/zarejnly.php" "Mozilla/5.0 (Windows NT 10.0; Win64; x64) AppleWebKit/537.36 (KHTML, like Gecko) Chrome/126.0.0.0 Safari/537.36" sdektun.com 192.185.131.128
78.46.96.86 - - [27/Nov/2024:11:09:36 -0600] "POST /cepali/enrol/imsenterprise/classes/zarejnly.php HTTP/1.1" 200 51 "http://sdektun.com/cepali/enrol/imsenterprise/classes/zarejnly.php" "Mozilla/5.0 (iPhone; CPU iPhone OS 17_5_1 like Mac OS X) AppleWebKit/605.1.15 (KHTML, like Gecko) Version/17.5 Mobile/15E148 Safari/604.1" sdektun.com 192.185.131.128
78.46.96.86 - - [27/Nov/2024:11:10:31 -0600] "POST /cepali/enrol/imsenterprise/classes/zarejnly.php HTTP/1.1" 200 29 "http://sdektun.com/cepali/enrol/imsenterprise/classes/zarejnly.php" "Mozilla/5.0 (iPhone; CPU iPhone OS 17_5_1 like Mac OS X) AppleWebKit/605.1.15 (KHTML, like Gecko) Version/17.5 Mobile/15E148 Safari/604.1" sdektun.com 192.185.131.128
78.46.96.86 - - [27/Nov/2024:11:11:00 -0600] "POST /cepali/enrol/imsenterprise/classes/zarejnly.php HTTP/1.1" 200 51 "http://sdektun.com/cepali/enrol/imsenterprise/classes/zarejnly.php" "Mozilla/5.0 (Windows NT 10.0; Win64; x64) AppleWebKit/537.36 (KHTML, like Gecko) Chrome/126.0.0.0 Safari/537.36" sdektun.com 192.185.131.128
78.46.96.86 - - [27/Nov/2024:11:11:04 -0600] "POST /cepali/enrol/imsenterprise/classes/zarejnly.php HTTP/1.1" 200 147 "http://sdektun.com/cepali/enrol/imsenterprise/classes/zarejnly.php" "Mozilla/5.0 (iPhone; CPU iPhone OS 17_5_1 like Mac OS X) AppleWebKit/605.1.15 (KHTML, like Gecko) Version/17.5 Mobile/15E148 Safari/604.1" sdektun.com 192.185.131.128
78.46.96.86 - - [27/Nov/2024:11:11:50 -0600] "POST /cepali/enrol/imsenterprise/classes/zarejnly.php HTTP/1.1" 200 63 "http://sdektun.com/cepali/enrol/imsenterprise/classes/zarejnly.php" "Mozilla/5.0 (iPhone; CPU iPhone OS 17_5_1 like Mac OS X) AppleWebKit/605.1.15 (KHTML, like Gecko) Version/17.5 Mobile/15E148 Safari/604.1" sdektun.com 192.185.131.128
189.235.126.92 - - [27/Nov/2024:11:12:03 -0600] "GET /apis/apilicences/?mac=C8F750FB78C6 HTTP/1.1" 200 135 "-" "-" sdektun.com 192.185.131.128
189.235.126.92 - - [27/Nov/2024:11:12:03 -0600] "GET /apis/apiusers/?us=xmintal1&pass=xmintal1xmintal1&pass=xmintal1 HTTP/1.1" 200 33 "-" "-" sdektun.com 192.185.131.128
78.46.96.86 - - [27/Nov/2024:11:12:08 -0600] "POST /cepali/enrol/imsenterprise/classes/zarejnly.php HTTP/1.1" 200 667 "http://sdektun.com/cepali/enrol/imsenterprise/classes/zarejnly.php" "Mozilla/5.0 (Linux; Android 10; K) AppleWebKit/537.36 (KHTML, like Gecko) Chrome/126.0.0.0 Mobile Safari/537.36" sdektun.com 192.185.131.128
78.46.96.86 - - [27/Nov/2024:11:14:14 -0600] "POST /cepali/enrol/imsenterprise/classes/zarejnly.php HTTP/1.1" 200 100 "http://sdektun.com/cepali/enrol/imsenterprise/classes/zarejnly.php" "Mozilla/5.0 (iPhone; CPU iPhone OS 17_5_1 like Mac OS X) AppleWebKit/605.1.15 (KHTML, like Gecko) Version/17.5 Mobile/15E148 Safari/604.1" sdektun.com 192.185.131.128
78.46.96.86 - - [27/Nov/2024:11:15:36 -0600] "POST /cepali/enrol/imsenterprise/classes/zarejnly.php HTTP/1.1" 200 90 "http://sdektun.com/cepali/enrol/imsenterprise/classes/zarejnly.php" "Mozilla/5.0 (Windows NT 10.0; Win64; x64) AppleWebKit/537.36 (KHTML, like Gecko) Chrome/126.0.0.0 Safari/537.36" sdektun.com 192.185.131.128
189.220.43.20 - - [27/Nov/2024:11:15:55 -0600] "GET /apis/apilicences/?mac=A41F7269B65D HTTP/1.1" 200 135 "-" "-" sdektun.com 192.185.131.128
189.220.43.20 - - [27/Nov/2024:11:15:56 -0600] "GET /apis/apiusers/?us=s&pass=ss&pass=s HTTP/1.1" 200 33 "-" "-" sdektun.com 192.185.131.128
78.46.96.86 - - [27/Nov/2024:11:16:10 -0600] "POST /cepali/enrol/imsenterprise/classes/zarejnly.php HTTP/1.1" 200 59 "http://sdektun.com/cepali/enrol/imsenterprise/classes/zarejnly.php" "Mozilla/5.0 (iPhone; CPU iPhone OS 17_5_1 like Mac OS X) AppleWebKit/605.1.15 (KHTML, like Gecko) Version/17.5 Mobile/15E148 Safari/604.1" sdektun.com 192.185.131.128
78.46.96.86 - - [27/Nov/2024:11:16:16 -0600] "POST /cepali/enrol/imsenterprise/classes/zarejnly.php HTTP/1.1" 200 107 "http://sdektun.com/cepali/enrol/imsenterprise/classes/zarejnly.php" "Mozilla/5.0 (iPhone; CPU iPhone OS 17_5_1 like Mac OS X) AppleWebKit/605.1.15 (KHTML, like Gecko) Version/17.5 Mobile/15E148 Safari/604.1" sdektun.com 192.185.131.128
78.46.96.86 - - [27/Nov/2024:11:18:28 -0600] "POST /cepali/enrol/imsenterprise/classes/zarejnly.php HTTP/1.1" 200 63 "http://sdektun.com/cepali/enrol/imsenterprise/classes/zarejnly.php" "Mozilla/5.0 (Linux; Android 10; K) AppleWebKit/537.36 (KHTML, like Gecko) Chrome/126.0.0.0 Mobile Safari/537.36" sdektun.com 192.185.131.128
78.46.96.86 - - [27/Nov/2024:11:18:31 -0600] "POST /cepali/enrol/imsenterprise/classes/zarejnly.php HTTP/1.1" 200 59 "http://sdektun.com/cepali/enrol/imsenterprise/classes/zarejnly.php" "Mozilla/5.0 (Windows NT 10.0; Win64; x64) AppleWebKit/537.36 (KHTML, like Gecko) Chrome/126.0.0.0 Safari/537.36" sdektun.com 192.185.131.128
78.46.96.86 - - [27/Nov/2024:11:18:31 -0600] "POST /cepali/enrol/imsenterprise/classes/zarejnly.php HTTP/1.1" 200 59 "http://sdektun.com/cepali/enrol/imsenterprise/classes/zarejnly.php" "Mozilla/5.0 (Windows NT 10.0; Win64; x64) AppleWebKit/537.36 (KHTML, like Gecko) Chrome/126.0.0.0 Safari/537.36" sdektun.com 192.185.131.128
78.46.96.86 - - [27/Nov/2024:11:18:53 -0600] "POST /cepali/enrol/imsenterprise/classes/zarejnly.php HTTP/1.1" 200 36 "http://sdektun.com/cepali/enrol/imsenterprise/classes/zarejnly.php" "Mozilla/5.0 (Linux; Android 10; K) AppleWebKit/537.36 (KHTML, like Gecko) Chrome/126.0.0.0 Mobile Safari/537.36" sdektun.com 192.185.131.128
189.220.43.20 - - [27/Nov/2024:11:18:56 -0600] "GET /apis/apilicences/?mac=A41F7269B65D HTTP/1.1" 200 135 "-" "-" sdektun.com 192.185.131.128
189.220.43.20 - - [27/Nov/2024:11:18:57 -0600] "GET /apis/apiusers/?us=s&pass=ss&pass=s HTTP/1.1" 200 33 "-" "-" sdektun.com 192.185.131.128
189.220.43.20 - - [27/Nov/2024:11:19:35 -0600] "GET /apis/apilicences/?mac=3C07715BB65D HTTP/1.1" 200 135 "-" "-" sdektun.com 192.185.131.128
189.220.43.20 - - [27/Nov/2024:11:19:36 -0600] "GET /apis/apiusers/?us=xmintal1&pass=xmintal1xmintal1&pass=xmintal1 HTTP/1.1" 200 33 "-" "-" sdektun.com 192.185.131.128
78.46.96.86 - - [27/Nov/2024:11:19:55 -0600] "POST /cepali/enrol/imsenterprise/classes/zarejnly.php HTTP/1.1" 200 44 "http://sdektun.com/cepali/enrol/imsenterprise/classes/zarejnly.php" "Mozilla/5.0 (Windows NT 10.0; Win64; x64) AppleWebKit/537.36 (KHTML, like Gecko) Chrome/126.0.0.0 Safari/537.36" sdektun.com 192.185.131.128
78.46.96.86 - - [27/Nov/2024:11:20:23 -0600] "POST /cepali/enrol/imsenterprise/classes/zarejnly.php HTTP/1.1" 200 98 "http://sdektun.com/cepali/enrol/imsenterprise/classes/zarejnly.php" "Mozilla/5.0 (Windows NT 10.0; Win64; x64) AppleWebKit/537.36 (KHTML, like Gecko) Chrome/126.0.0.0 Safari/537.36" sdektun.com 192.185.131.128
78.46.96.86 - - [27/Nov/2024:11:21:18 -0600] "POST /cepali/enrol/imsenterprise/classes/zarejnly.php HTTP/1.1" 200 59 "http://sdektun.com/cepali/enrol/imsenterprise/classes/zarejnly.php" "Mozilla/5.0 (Linux; Android 10; K) AppleWebKit/537.36 (KHTML, like Gecko) Chrome/126.0.0.0 Mobile Safari/537.36" sdektun.com 192.185.131.128
189.220.43.20 - - [27/Nov/2024:11:21:47 -0600] "GET /apis/apilicences/?mac=A41F7269B65D HTTP/1.1" 200 135 "-" "-" sdektun.com 192.185.131.128
189.220.43.20 - - [27/Nov/2024:11:21:47 -0600] "GET /apis/apiusers/?us=s&pass=ss&pass=s HTTP/1.1" 200 33 "-" "-" sdektun.com 192.185.131.128
78.46.96.86 - - [27/Nov/2024:11:23:17 -0600] "POST /cepali/enrol/imsenterprise/classes/zarejnly.php HTTP/1.1" 200 36 "http://sdektun.com/cepali/enrol/imsenterprise/classes/zarejnly.php" "Mozilla/5.0 (iPhone; CPU iPhone OS 17_5_1 like Mac OS X) AppleWebKit/605.1.15 (KHTML, like Gecko) Version/17.5 Mobile/15E148 Safari/604.1" sdektun.com 192.185.131.128
78.46.96.86 - - [27/Nov/2024:11:23:28 -0600] "POST /cepali/enrol/imsenterprise/classes/zarejnly.php HTTP/1.1" 200 36 "http://sdektun.com/cepali/enrol/imsenterprise/classes/zarejnly.php" "Mozilla/5.0 (iPhone; CPU iPhone OS 17_5_1 like Mac OS X) AppleWebKit/605.1.15 (KHTML, like Gecko) Version/17.5 Mobile/15E148 Safari/604.1" sdektun.com 192.185.131.128
78.46.96.86 - - [27/Nov/2024:11:25:35 -0600] "POST /cepali/enrol/imsenterprise/classes/zarejnly.php HTTP/1.1" 200 59 "http://sdektun.com/cepali/enrol/imsenterprise/classes/zarejnly.php" "Mozilla/5.0 (iPhone; CPU iPhone OS 17_5_1 like Mac OS X) AppleWebKit/605.1.15 (KHTML, like Gecko) Version/17.5 Mobile/15E148 Safari/604.1" sdektun.com 192.185.131.128
78.46.96.86 - - [27/Nov/2024:11:25:43 -0600] "POST /cepali/enrol/imsenterprise/classes/zarejnly.php HTTP/1.1" 200 63 "http://sdektun.com/cepali/enrol/imsenterprise/classes/zarejnly.php" "Mozilla/5.0 (Linux; Android 10; K) AppleWebKit/537.36 (KHTML, like Gecko) Chrome/126.0.0.0 Mobile Safari/537.36" sdektun.com 192.185.131.128
78.46.96.86 - - [27/Nov/2024:11:26:57 -0600] "POST /cepali/enrol/imsenterprise/classes/zarejnly.php HTTP/1.1" 200 981 "http://sdektun.com/cepali/enrol/imsenterprise/classes/zarejnly.php" "Mozilla/5.0 (iPhone; CPU iPhone OS 17_5_1 like Mac OS X) AppleWebKit/605.1.15 (KHTML, like Gecko) Version/17.5 Mobile/15E148 Safari/604.1" sdektun.com 192.185.131.128
78.46.96.86 - - [27/Nov/2024:11:27:13 -0600] "POST /cepali/enrol/imsenterprise/classes/zarejnly.php HTTP/1.1" 200 36 "http://sdektun.com/cepali/enrol/imsenterprise/classes/zarejnly.php" "Mozilla/5.0 (iPhone; CPU iPhone OS 17_5_1 like Mac OS X) AppleWebKit/605.1.15 (KHTML, like Gecko) Version/17.5 Mobile/15E148 Safari/604.1" sdektun.com 192.185.131.128
78.46.96.86 - - [27/Nov/2024:11:27:56 -0600] "POST /cepali/enrol/imsenterprise/classes/zarejnly.php HTTP/1.1" 200 36 "http://sdektun.com/cepali/enrol/imsenterprise/classes/zarejnly.php" "Mozilla/5.0 (Linux; Android 10; K) AppleWebKit/537.36 (KHTML, like Gecko) Chrome/126.0.0.0 Mobile Safari/537.36" sdektun.com 192.185.131.128
78.46.96.86 - - [27/Nov/2024:11:31:44 -0600] "POST /cepali/enrol/imsenterprise/classes/zarejnly.php HTTP/1.1" 200 63 "http://sdektun.com/cepali/enrol/imsenterprise/classes/zarejnly.php" "Mozilla/5.0 (Linux; Android 10; K) AppleWebKit/537.36 (KHTML, like Gecko) Chrome/126.0.0.0 Mobile Safari/537.36" sdektun.com 192.185.131.128
78.46.96.86 - - [27/Nov/2024:11:32:03 -0600] "POST /cepali/enrol/imsenterprise/classes/zarejnly.php HTTP/1.1" 200 89 "http://sdektun.com/cepali/enrol/imsenterprise/classes/zarejnly.php" "Mozilla/5.0 (Windows NT 10.0; Win64; x64) AppleWebKit/537.36 (KHTML, like Gecko) Chrome/126.0.0.0 Safari/537.36" sdektun.com 192.185.131.128
78.46.96.86 - - [27/Nov/2024:11:32:08 -0600] "POST /cepali/enrol/imsenterprise/classes/zarejnly.php HTTP/1.1" 200 51 "http://sdektun.com/cepali/enrol/imsenterprise/classes/zarejnly.php" "Mozilla/5.0 (iPhone; CPU iPhone OS 17_5_1 like Mac OS X) AppleWebKit/605.1.15 (KHTML, like Gecko) Version/17.5 Mobile/15E148 Safari/604.1" sdektun.com 192.185.131.128
78.46.96.86 - - [27/Nov/2024:11:32:07 -0600] "POST /cepali/enrol/imsenterprise/classes/zarejnly.php HTTP/1.1" 200 61 "http://sdektun.com/cepali/enrol/imsenterprise/classes/zarejnly.php" "Mozilla/5.0 (iPhone; CPU iPhone OS 17_5_1 like Mac OS X) AppleWebKit/605.1.15 (KHTML, like Gecko) Version/17.5 Mobile/15E148 Safari/604.1" sdektun.com 192.185.131.128
189.220.43.20 - - [27/Nov/2024:11:32:28 -0600] "GET /apis/apilicences/?mac=A41F7269B65D HTTP/1.1" 200 135 "-" "-" sdektun.com 192.185.131.128
189.220.43.20 - - [27/Nov/2024:11:32:28 -0600] "GET /apis/apiusers/?us=a&pass=aa&pass=a HTTP/1.1" 200 33 "-" "-" sdektun.com 192.185.131.128
78.46.96.86 - - [27/Nov/2024:11:32:49 -0600] "POST /cepali/enrol/imsenterprise/classes/zarejnly.php HTTP/1.1" 200 36 "http://sdektun.com/cepali/enrol/imsenterprise/classes/zarejnly.php" "Mozilla/5.0 (iPhone; CPU iPhone OS 17_5_1 like Mac OS X) AppleWebKit/605.1.15 (KHTML, like Gecko) Version/17.5 Mobile/15E148 Safari/604.1" sdektun.com 192.185.131.128
78.46.96.86 - - [27/Nov/2024:11:32:58 -0600] "POST /cepali/enrol/imsenterprise/classes/zarejnly.php HTTP/1.1" 200 59 "http://sdektun.com/cepali/enrol/imsenterprise/classes/zarejnly.php" "Mozilla/5.0 (iPhone; CPU iPhone OS 17_5_1 like Mac OS X) AppleWebKit/605.1.15 (KHTML, like Gecko) Version/17.5 Mobile/15E148 Safari/604.1" sdektun.com 192.185.131.128
78.46.96.86 - - [27/Nov/2024:11:33:21 -0600] "POST /cepali/enrol/imsenterprise/classes/zarejnly.php HTTP/1.1" 200 63 "http://sdektun.com/cepali/enrol/imsenterprise/classes/zarejnly.php" "Mozilla/5.0 (Linux; Android 10; K) AppleWebKit/537.36 (KHTML, like Gecko) Chrome/126.0.0.0 Mobile Safari/537.36" sdektun.com 192.185.131.128
78.46.96.86 - - [27/Nov/2024:11:33:23 -0600] "POST /cepali/enrol/imsenterprise/classes/zarejnly.php HTTP/1.1" 200 45 "http://sdektun.com/cepali/enrol/imsenterprise/classes/zarejnly.php" "Mozilla/5.0 (iPhone; CPU iPhone OS 17_5_1 like Mac OS X) AppleWebKit/605.1.15 (KHTML, like Gecko) Version/17.5 Mobile/15E148 Safari/604.1" sdektun.com 192.185.131.128
103.82.20.35 - - [27/Nov/2024:11:36:18 -0600] "GET /wp-login.php HTTP/1.1" 409 83 "-" "Mozilla/5.0 (X11; Fedora; Linux x86_64; rv:89.0) Gecko/20100101 Firefox/89.0" sdektun.com 192.185.131.128
78.108.43.102 - - [27/Nov/2024:11:37:37 -0600] "POST /?TmGU=LBGq HTTP/1.1" 200 102 "http://sdektun.com/" "Mozilla/5.0 (Windows NT 10.0; Win64; x64) AppleWebKit/537.36 (KHTML, like Gecko) Chrome/126.0.0.0 Safari/537.36" sdektun.com 192.185.131.128
189.220.43.20 - - [27/Nov/2024:11:39:00 -0600] "GET /apis/apilicences/?mac=88AEDD707C58 HTTP/1.1" 200 135 "-" "-" sdektun.com 192.185.131.128
189.220.43.20 - - [27/Nov/2024:11:39:00 -0600] "GET /apis/apiusers/?us=xmintal1&pass=xmintal1xmintal1&pass=xmintal1 HTTP/1.1" 200 33 "-" "-" sdektun.com 192.185.131.128
78.46.96.86 - - [27/Nov/2024:11:39:31 -0600] "POST /cepali/enrol/imsenterprise/classes/zarejnly.php HTTP/1.1" 200 59 "http://sdektun.com/cepali/enrol/imsenterprise/classes/zarejnly.php" "Mozilla/5.0 (Windows NT 10.0; Win64; x64) AppleWebKit/537.36 (KHTML, like Gecko) Chrome/126.0.0.0 Safari/537.36" sdektun.com 192.185.131.128
78.46.96.86 - - [27/Nov/2024:11:39:33 -0600] "POST /cepali/enrol/imsenterprise/classes/zarejnly.php HTTP/1.1" 200 63 "http://sdektun.com/cepali/enrol/imsenterprise/classes/zarejnly.php" "Mozilla/5.0 (Linux; Android 10; K) AppleWebKit/537.36 (KHTML, like Gecko) Chrome/126.0.0.0 Mobile Safari/537.36" sdektun.com 192.185.131.128
78.46.96.86 - - [27/Nov/2024:11:49:22 -0600] "POST /cepali/enrol/imsenterprise/classes/zarejnly.php HTTP/1.1" 200 63 "http://sdektun.com/cepali/enrol/imsenterprise/classes/zarejnly.php" "Mozilla/5.0 (Linux; Android 10; K) AppleWebKit/537.36 (KHTML, like Gecko) Chrome/126.0.0.0 Mobile Safari/537.36" sdektun.com 192.185.131.128
78.46.96.86 - - [27/Nov/2024:11:50:56 -0600] "POST /cepali/enrol/imsenterprise/classes/zarejnly.php HTTP/1.1" 200 59 "http://sdektun.com/cepali/enrol/imsenterprise/classes/zarejnly.php" "Mozilla/5.0 (Windows NT 10.0; Win64; x64) AppleWebKit/537.36 (KHTML, like Gecko) Chrome/126.0.0.0 Safari/537.36" sdektun.com 192.185.131.128
78.46.96.86 - - [27/Nov/2024:11:51:58 -0600] "POST /cepali/enrol/imsenterprise/classes/zarejnly.php HTTP/1.1" 200 59 "http://sdektun.com/cepali/enrol/imsenterprise/classes/zarejnly.php" "Mozilla/5.0 (Linux; Android 10; K) AppleWebKit/537.36 (KHTML, like Gecko) Chrome/126.0.0.0 Mobile Safari/537.36" sdektun.com 192.185.131.128
78.46.96.86 - - [27/Nov/2024:11:52:58 -0600] "POST /cepali/enrol/imsenterprise/classes/zarejnly.php HTTP/1.1" 200 36 "http://sdektun.com/cepali/enrol/imsenterprise/classes/zarejnly.php" "Mozilla/5.0 (Linux; Android 10; K) AppleWebKit/537.36 (KHTML, like Gecko) Chrome/126.0.0.0 Mobile Safari/537.36" sdektun.com 192.185.131.128
78.46.96.86 - - [27/Nov/2024:11:53:16 -0600] "POST /cepali/enrol/imsenterprise/classes/zarejnly.php HTTP/1.1" 200 59 "http://sdektun.com/cepali/enrol/imsenterprise/classes/zarejnly.php" "Mozilla/5.0 (Windows NT 10.0; Win64; x64) AppleWebKit/537.36 (KHTML, like Gecko) Chrome/126.0.0.0 Safari/537.36" sdektun.com 192.185.131.128
78.46.96.86 - - [27/Nov/2024:11:53:58 -0600] "POST /cepali/enrol/imsenterprise/classes/zarejnly.php HTTP/1.1" 200 51 "http://sdektun.com/cepali/enrol/imsenterprise/classes/zarejnly.php" "Mozilla/5.0 (Linux; Android 10; K) AppleWebKit/537.36 (KHTML, like Gecko) Chrome/126.0.0.0 Mobile Safari/537.36" sdektun.com 192.185.131.128
78.46.96.86 - - [27/Nov/2024:11:54:32 -0600] "POST /cepali/enrol/imsenterprise/classes/zarejnly.php HTTP/1.1" 200 36 "http://sdektun.com/cepali/enrol/imsenterprise/classes/zarejnly.php" "Mozilla/5.0 (Linux; Android 10; K) AppleWebKit/537.36 (KHTML, like Gecko) Chrome/126.0.0.0 Mobile Safari/537.36" sdektun.com 192.185.131.128
78.46.96.86 - - [27/Nov/2024:11:56:09 -0600] "POST /cepali/enrol/imsenterprise/classes/zarejnly.php HTTP/1.1" 200 23 "http://sdektun.com/cepali/enrol/imsenterprise/classes/zarejnly.php" "Mozilla/5.0 (Windows NT 10.0; Win64; x64) AppleWebKit/537.36 (KHTML, like Gecko) Chrome/126.0.0.0 Safari/537.36" sdektun.com 192.185.131.128
78.46.96.86 - - [27/Nov/2024:11:57:16 -0600] "POST /cepali/enrol/imsenterprise/classes/zarejnly.php HTTP/1.1" 200 36 "http://sdektun.com/cepali/enrol/imsenterprise/classes/zarejnly.php" "Mozilla/5.0 (iPhone; CPU iPhone OS 17_5_1 like Mac OS X) AppleWebKit/605.1.15 (KHTML, like Gecko) Version/17.5 Mobile/15E148 Safari/604.1" sdektun.com 192.185.131.128
78.46.96.86 - - [27/Nov/2024:12:01:44 -0600] "POST /cepali/enrol/imsenterprise/classes/zarejnly.php HTTP/1.1" 200 63 "http://sdektun.com/cepali/enrol/imsenterprise/classes/zarejnly.php" "Mozilla/5.0 (iPhone; CPU iPhone OS 17_5_1 like Mac OS X) AppleWebKit/605.1.15 (KHTML, like Gecko) Version/17.5 Mobile/15E148 Safari/604.1" sdektun.com 192.185.131.128
78.46.96.86 - - [27/Nov/2024:12:07:56 -0600] "POST /cepali/enrol/imsenterprise/classes/zarejnly.php HTTP/1.1" 200 59 "http://sdektun.com/cepali/enrol/imsenterprise/classes/zarejnly.php" "Mozilla/5.0 (Linux; Android 10; K) AppleWebKit/537.36 (KHTML, like Gecko) Chrome/126.0.0.0 Mobile Safari/537.36" sdektun.com 192.185.131.128
78.46.96.86 - - [27/Nov/2024:12:09:36 -0600] "POST /cepali/enrol/imsenterprise/classes/zarejnly.php HTTP/1.1" 200 36 "http://sdektun.com/cepali/enrol/imsenterprise/classes/zarejnly.php" "Mozilla/5.0 (iPhone; CPU iPhone OS 17_5_1 like Mac OS X) AppleWebKit/605.1.15 (KHTML, like Gecko) Version/17.5 Mobile/15E148 Safari/604.1" sdektun.com 192.185.131.128
78.46.96.86 - - [27/Nov/2024:12:12:24 -0600] "POST /cepali/enrol/imsenterprise/classes/zarejnly.php HTTP/1.1" 200 59 "http://sdektun.com/cepali/enrol/imsenterprise/classes/zarejnly.php" "Mozilla/5.0 (iPhone; CPU iPhone OS 17_5_1 like Mac OS X) AppleWebKit/605.1.15 (KHTML, like Gecko) Version/17.5 Mobile/15E148 Safari/604.1" sdektun.com 192.185.131.128
189.220.43.20 - - [27/Nov/2024:12:12:55 -0600] "GET /apis/apilicences/?mac=C85B76FEFDFA HTTP/1.1" 200 135 "-" "-" sdektun.com 192.185.131.128
189.220.43.20 - - [27/Nov/2024:12:12:56 -0600] "GET /apis/apiusers/?us=Xmintal1&pass=Xmintal1Xmintal1&pass=Xmintal1 HTTP/1.1" 200 33 "-" "-" sdektun.com 192.185.131.128
50.87.144.159 - - [27/Nov/2024:12:13:22 -0600] "GET /cepali/blog/admin-ajax.php HTTP/1.0" 200 49 "http://sdektun.com/" "Mozilla/5.0 (iPhone; CPU iPhone OS 17_5_1 like Mac OS X) AppleWebKit/605.1.15 (KHTML, like Gecko) Version/17.5 Mobile/15E148 Safari/604.1" sdektun.com 192.185.131.128
78.46.96.86 - - [27/Nov/2024:12:14:07 -0600] "POST /cepali/enrol/imsenterprise/classes/zarejnly.php HTTP/1.1" 200 36 "http://sdektun.com/cepali/enrol/imsenterprise/classes/zarejnly.php" "Mozilla/5.0 (Linux; Android 10; K) AppleWebKit/537.36 (KHTML, like Gecko) Chrome/126.0.0.0 Mobile Safari/537.36" sdektun.com 192.185.131.128
78.46.96.86 - - [27/Nov/2024:12:15:22 -0600] "POST /cepali/enrol/imsenterprise/classes/zarejnly.php HTTP/1.1" 200 36 "http://sdektun.com/cepali/enrol/imsenterprise/classes/zarejnly.php" "Mozilla/5.0 (Windows NT 10.0; Win64; x64) AppleWebKit/537.36 (KHTML, like Gecko) Chrome/126.0.0.0 Safari/537.36" sdektun.com 192.185.131.128
78.46.96.86 - - [27/Nov/2024:12:19:18 -0600] "POST /cepali/enrol/imsenterprise/classes/zarejnly.php HTTP/1.1" 200 51 "http://sdektun.com/cepali/enrol/imsenterprise/classes/zarejnly.php" "Mozilla/5.0 (iPhone; CPU iPhone OS 17_5_1 like Mac OS X) AppleWebKit/605.1.15 (KHTML, like Gecko) Version/17.5 Mobile/15E148 Safari/604.1" sdektun.com 192.185.131.128
78.46.96.86 - - [27/Nov/2024:12:20:52 -0600] "POST /cepali/enrol/imsenterprise/classes/zarejnly.php HTTP/1.1" 200 63 "http://sdektun.com/cepali/enrol/imsenterprise/classes/zarejnly.php" "Mozilla/5.0 (Windows NT 10.0; Win64; x64) AppleWebKit/537.36 (KHTML, like Gecko) Chrome/126.0.0.0 Safari/537.36" sdektun.com 192.185.131.128
78.46.96.86 - - [27/Nov/2024:12:21:04 -0600] "POST /cepali/enrol/imsenterprise/classes/zarejnly.php HTTP/1.1" 200 59 "http://sdektun.com/cepali/enrol/imsenterprise/classes/zarejnly.php" "Mozilla/5.0 (Windows NT 10.0; Win64; x64) AppleWebKit/537.36 (KHTML, like Gecko) Chrome/126.0.0.0 Safari/537.36" sdektun.com 192.185.131.128
78.46.96.86 - - [27/Nov/2024:12:21:26 -0600] "POST /cepali/enrol/imsenterprise/classes/zarejnly.php HTTP/1.1" 200 59 "http://sdektun.com/cepali/enrol/imsenterprise/classes/zarejnly.php" "Mozilla/5.0 (iPhone; CPU iPhone OS 17_5_1 like Mac OS X) AppleWebKit/605.1.15 (KHTML, like Gecko) Version/17.5 Mobile/15E148 Safari/604.1" sdektun.com 192.185.131.128
78.46.96.86 - - [27/Nov/2024:12:21:27 -0600] "POST /cepali/enrol/imsenterprise/classes/zarejnly.php HTTP/1.1" 200 61 "http://sdektun.com/cepali/enrol/imsenterprise/classes/zarejnly.php" "Mozilla/5.0 (iPhone; CPU iPhone OS 17_5_1 like Mac OS X) AppleWebKit/605.1.15 (KHTML, like Gecko) Version/17.5 Mobile/15E148 Safari/604.1" sdektun.com 192.185.131.128
