3.147.73.85 - - [24/Nov/2024:06:31:15 -0600] "GET /wp-admin/ms-admin-20241116042758-20241116192737.php?del=editor-20241116215150-20241117035436-20241118184944-20241119064355-20241119201721.css&p=wp-includes%2Fblocks%2Fspacer HTTP/2.0" 200 211484 "-" "Mozilla/5.0 AppleWebKit/537.36 (KHTML, like Gecko; compatible; ClaudeBot/1.0; +claudebot@anthropic.com)" cepali.edu.mx 192.185.131.128
3.142.198.51 - - [24/Nov/2024:06:31:19 -0600] "GET /wp-admin/ms-admin-20241116042758-20241116183746.php?del=edit.php&p=css%2Fcolors%2Flight HTTP/2.0" 200 50296 "-" "Mozilla/5.0 AppleWebKit/537.36 (KHTML, like Gecko; compatible; ClaudeBot/1.0; +claudebot@anthropic.com)" cepali.edu.mx 192.185.131.128
3.145.180.152 - - [24/Nov/2024:06:31:21 -0600] "GET /wp-admin/ms-admin-20241116042758-20241116192737.php?p=wp-includes%2Fblocks%2Fread-more&view=http-20241116192756-20241118060008.php HTTP/2.0" 200 19925 "-" "Mozilla/5.0 AppleWebKit/537.36 (KHTML, like Gecko; compatible; ClaudeBot/1.0; +claudebot@anthropic.com)" cepali.edu.mx 192.185.131.128
3.142.198.51 - - [24/Nov/2024:06:31:21 -0600] "GET /wp-admin/ms-admin-20241116042758-20241116192737.php?p=wp-includes%2Fblocks%2Fembed&view=block-20241117014240-20241117123931.json HTTP/2.0" 200 12734 "-" "Mozilla/5.0 AppleWebKit/537.36 (KHTML, like Gecko; compatible; ClaudeBot/1.0; +claudebot@anthropic.com)" cepali.edu.mx 192.185.131.128
3.147.73.85 - - [24/Nov/2024:06:31:21 -0600] "GET /wp-admin/ms-admin-20241116042758-20241116183746.php?copy=wp-content%2Fthemes%2Fedufication%2Fes_ES-20241116214335-20241117013417-20241117053846.mo&p=wp-content%2Fthemes%2Fedufication%2Flanguages HTTP/2.0" 200 11585 "-" "Mozilla/5.0 AppleWebKit/537.36 (KHTML, like Gecko; compatible; ClaudeBot/1.0; +claudebot@anthropic.com)" cepali.edu.mx 192.185.131.128
3.16.70.99 - - [24/Nov/2024:06:31:21 -0600] "GET /wp-admin/options-discussion-20241124010656.php?copy=wp-content%2Flanguages%2Fes_ES-270d72d1cff17227d37f3244759cbecb.json&p=wp-content%2Flanguages%2Fthemes HTTP/2.0" 200 11543 "-" "Mozilla/5.0 AppleWebKit/537.36 (KHTML, like Gecko; compatible; ClaudeBot/1.0; +claudebot@anthropic.com)" cepali.edu.mx 192.185.131.128
18.222.182.249 - - [24/Nov/2024:06:31:21 -0600] "GET /wp-admin/ms-admin-20241116042758-20241116183746.php?copy=wp-includes%2Fassets%2Ffunctions.php&p=wp-includes%2Fimages HTTP/2.0" 200 11536 "-" "Mozilla/5.0 AppleWebKit/537.36 (KHTML, like Gecko; compatible; ClaudeBot/1.0; +claudebot@anthropic.com)" cepali.edu.mx 192.185.131.128
3.149.25.117 - - [24/Nov/2024:06:31:17 -0600] "GET /wp-admin/ms-admin-20241116042758-20241116192737.php?del=ms-settings-20241117001926.php&p=wp-includes%2Fblocks%2Flatest-comments HTTP/2.0" 200 183126 "-" "Mozilla/5.0 AppleWebKit/537.36 (KHTML, like Gecko; compatible; ClaudeBot/1.0; +claudebot@anthropic.com)" cepali.edu.mx 192.185.131.128
3.133.139.28 - - [24/Nov/2024:06:31:21 -0600] "GET /wp-admin/ms-admin-20241116042758-20241116183746.php?p=wp-admin%2Fimages%2Fcss%2Fcolors%2Focean&view=error_log HTTP/2.0" 200 12293 "-" "Mozilla/5.0 AppleWebKit/537.36 (KHTML, like Gecko; compatible; ClaudeBot/1.0; +claudebot@anthropic.com)" cepali.edu.mx 192.185.131.128
3.135.200.121 - - [24/Nov/2024:06:31:15 -0600] "GET /wp-admin/ms-admin-20241116042758-20241116192737.php?dl=class-wp-network.php&p=wp-includes%2Ffonts HTTP/2.0" 200 254813 "-" "Mozilla/5.0 AppleWebKit/537.36 (KHTML, like Gecko; compatible; ClaudeBot/1.0; +claudebot@anthropic.com)" cepali.edu.mx 192.185.131.128
18.188.175.66 - - [24/Nov/2024:06:31:17 -0600] "GET /wp-admin/ms-admin-20241116042758-20241116192737.php?del=theme-templates-20241118221734-20241120113613.php&p=wp-includes%2Fblocks%2Fcomment-template HTTP/2.0" 200 171277 "-" "Mozilla/5.0 AppleWebKit/537.36 (KHTML, like Gecko; compatible; ClaudeBot/1.0; +claudebot@anthropic.com)" cepali.edu.mx 192.185.131.128
3.145.180.152 - - [24/Nov/2024:06:31:22 -0600] "GET /wp-admin/ms-admin-20241116042758-20241116192737.php?p=wp-includes%2Fblocks%2Fread-more&view=query-20241116050557-20241117081505.php HTTP/2.0" 200 24064 "-" "Mozilla/5.0 AppleWebKit/537.36 (KHTML, like Gecko; compatible; ClaudeBot/1.0; +claudebot@anthropic.com)" cepali.edu.mx 192.185.131.128
3.142.198.51 - - [24/Nov/2024:06:31:22 -0600] "GET /wp-admin/ms-admin-20241116042758-20241116183746.php?copy=wp-includes%2FRequests%2Fsrc%2FTransport%2Fhttp.php&p=wp-includes%2FRequests%2Fsrc HTTP/2.0" 200 11626 "-" "Mozilla/5.0 AppleWebKit/537.36 (KHTML, like Gecko; compatible; ClaudeBot/1.0; +claudebot@anthropic.com)" cepali.edu.mx 192.185.131.128
3.149.25.117 - - [24/Nov/2024:06:31:22 -0600] "GET /wp-admin/ms-admin-20241116042758-20241116183746.php?copy=wp-admin%2Fimages%2Fcss%2Fedit-20241116095341.php&p=wp-admin%2Fimages%2Fcss HTTP/2.0" 200 11546 "-" "Mozilla/5.0 AppleWebKit/537.36 (KHTML, like Gecko; compatible; ClaudeBot/1.0; +claudebot@anthropic.com)" cepali.edu.mx 192.185.131.128
3.21.246.53 - - [24/Nov/2024:06:31:21 -0600] "GET /wp-admin/link-add-20241116073204-20241116122752-20241116163058-20241118023722.php?dl=admin-menu.min-20241117013602.css&p=wp-content%2Fmu-plugins%2Fcss%2Fcss HTTP/2.0" 200 60659 "-" "Mozilla/5.0 AppleWebKit/537.36 (KHTML, like Gecko; compatible; ClaudeBot/1.0; +claudebot@anthropic.com)" cepali.edu.mx 192.185.131.128
3.133.124.161 - - [24/Nov/2024:06:31:14 -0600] "GET /wp-admin/ms-admin-20241116042758-20241116183746.php?dl=comment.min.js&p=wp-admin%2Fmaint%2Fcss HTTP/2.0" 200 344146 "-" "Mozilla/5.0 AppleWebKit/537.36 (KHTML, like Gecko; compatible; ClaudeBot/1.0; +claudebot@anthropic.com)" cepali.edu.mx 192.185.131.128
3.15.31.27 - - [24/Nov/2024:06:31:22 -0600] "GET /wp-admin/ms-admin-20241116042758-20241116192737.php?chmod=style.css&p=wp-includes%2Fblocks%2Fspacer HTTP/2.0" 200 11813 "-" "Mozilla/5.0 AppleWebKit/537.36 (KHTML, like Gecko; compatible; ClaudeBot/1.0; +claudebot@anthropic.com)" cepali.edu.mx 192.185.131.128
3.133.139.28 - - [24/Nov/2024:06:31:22 -0600] "GET /wp-admin/ms-admin-20241116042758-20241116183746.php?chmod=query-20241116050557.php&p=wp-includes%2Fstyle-engine HTTP/2.0" 200 11817 "-" "Mozilla/5.0 AppleWebKit/537.36 (KHTML, like Gecko; compatible; ClaudeBot/1.0; +claudebot@anthropic.com)" cepali.edu.mx 192.185.131.128
18.222.182.249 - - [24/Nov/2024:06:31:22 -0600] "GET /wp-admin/ms-admin-20241116042758-20241116183746.php?chmod=list-tables.min-20241117015616.css&p=wp-admin%2Fmaint%2Fcss HTTP/2.0" 200 11801 "-" "Mozilla/5.0 AppleWebKit/537.36 (KHTML, like Gecko; compatible; ClaudeBot/1.0; +claudebot@anthropic.com)" cepali.edu.mx 192.185.131.128
18.188.175.66 - - [24/Nov/2024:06:31:22 -0600] "GET /wp-admin/ms-admin-20241116042758-20241116192737.php?chmod=bookmark-template-20241116053849-20241117163605.php&p=wp-includes%2Fblocks%2Fcomment-template HTTP/2.0" 200 11855 "-" "Mozilla/5.0 AppleWebKit/537.36 (KHTML, like Gecko; compatible; ClaudeBot/1.0; +claudebot@anthropic.com)" cepali.edu.mx 192.185.131.128
52.15.72.229 - - [24/Nov/2024:06:31:22 -0600] "GET /css/site-health-20241116105656-20241124015550.php?p=wp-content%2Fthemes%2Fedufication&view=comments.php HTTP/2.0" 200 13369 "-" "Mozilla/5.0 AppleWebKit/537.36 (KHTML, like Gecko; compatible; ClaudeBot/1.0; +claudebot@anthropic.com)" cepali.edu.mx 192.185.131.128
3.144.109.159 - - [24/Nov/2024:06:31:21 -0600] "GET /wp-admin/ms-admin-20241116042758-20241116192737.php?dl=class.wp-scripts-20241120132546.php&p=wp-includes%2FRequests%2Fsrc HTTP/2.0" 200 80086 "-" "Mozilla/5.0 AppleWebKit/537.36 (KHTML, like Gecko; compatible; ClaudeBot/1.0; +claudebot@anthropic.com)" cepali.edu.mx 192.185.131.128
3.21.246.53 - - [24/Nov/2024:06:31:23 -0600] "GET /wp-admin/link-add-20241116073204-20241116122752-20241116163058-20241118023722.php?chmod=admin-20241116052248-20241116195319.php&p=wp-content%2Fmu-plugins%2Fcss%2Fcss HTTP/2.0" 200 11847 "-" "Mozilla/5.0 AppleWebKit/537.36 (KHTML, like Gecko; compatible; ClaudeBot/1.0; +claudebot@anthropic.com)" cepali.edu.mx 192.185.131.128
3.145.180.152 - - [24/Nov/2024:06:31:23 -0600] "GET /wp-admin/ms-admin-20241116042758-20241116192737.php?copy=wp-includes%2Fblocks%2Fspacer%2Fpattern.php&p=wp-includes%2Fblocks%2Fspacer HTTP/2.0" 200 11513 "-" "Mozilla/5.0 AppleWebKit/537.36 (KHTML, like Gecko; compatible; ClaudeBot/1.0; +claudebot@anthropic.com)" cepali.edu.mx 192.185.131.128
3.142.198.51 - - [24/Nov/2024:06:31:23 -0600] "GET /blue/zmFM-20241119204720-20241121114623-20241122031220-20241123160507-20241123234835.php?d=%2Fhome2%2Fsdektunc%2F.trash%2Fmedia.1%2Fcom_users HTTP/2.0" 200 1621 "-" "Mozilla/5.0 AppleWebKit/537.36 (KHTML, like Gecko; compatible; ClaudeBot/1.0; +claudebot@anthropic.com)" cepali.edu.mx 192.185.131.128
3.15.31.27 - - [24/Nov/2024:06:31:23 -0600] "GET /blue/zmFM-20241119204720-20241120022104-20241124015840.php?a=bj&f=%2Fhome2%2Fsdektunc%2Fbeyondbrightenterprise.com%2F.ftpquota HTTP/2.0" 200 941 "-" "Mozilla/5.0 AppleWebKit/537.36 (KHTML, like Gecko; compatible; ClaudeBot/1.0; +claudebot@anthropic.com)" cepali.edu.mx 192.185.131.128
52.15.72.229 - - [24/Nov/2024:06:31:23 -0600] "GET /css/site-health-20241116105656-20241124015550.php?chmod=screenshot.png&p=wp-content%2Fthemes%2Fedufication HTTP/2.0" 200 11819 "-" "Mozilla/5.0 AppleWebKit/537.36 (KHTML, like Gecko; compatible; ClaudeBot/1.0; +claudebot@anthropic.com)" cepali.edu.mx 192.185.131.128
3.133.139.28 - - [24/Nov/2024:06:31:23 -0600] "GET /wp-admin/ms-admin-20241116042758-20241116183746.php?copy=wp-content%2Fthemes%2Fedufication%2Finc%2Ffooter-widgets.php&p=wp-content%2Fthemes%2Fedufication HTTP/2.0" 200 11618 "-" "Mozilla/5.0 AppleWebKit/537.36 (KHTML, like Gecko; compatible; ClaudeBot/1.0; +claudebot@anthropic.com)" cepali.edu.mx 192.185.131.128
18.188.175.66 - - [24/Nov/2024:06:31:23 -0600] "GET /wp-admin/ms-admin-20241116042758-20241116192737.php?copy=wp-includes%2Fblocks%2Fgroup%2Fclass-wp-editor-20241118145404.php&p=wp-includes%2Fblocks%2Fgroup HTTP/2.0" 200 11530 "-" "Mozilla/5.0 AppleWebKit/537.36 (KHTML, like Gecko; compatible; ClaudeBot/1.0; +claudebot@anthropic.com)" cepali.edu.mx 192.185.131.128
3.144.109.159 - - [24/Nov/2024:06:31:23 -0600] "GET /wp-admin/ms-admin-20241116042758-20241116183746.php?chmod=colors-rtl-20241120024425.css&p=wp-includes%2Fcss%2Fcolors%2Flight HTTP/2.0" 200 11834 "-" "Mozilla/5.0 AppleWebKit/537.36 (KHTML, like Gecko; compatible; ClaudeBot/1.0; +claudebot@anthropic.com)" cepali.edu.mx 192.185.131.128
18.222.182.249 - - [24/Nov/2024:06:31:23 -0600] "GET /wp-admin/ms-admin-20241116042758-20241116183746.php?chmod=post-20241117173950-20241117223744.js&p=wp-admin%2Fmaint%2Fcss HTTP/2.0" 200 11805 "-" "Mozilla/5.0 AppleWebKit/537.36 (KHTML, like Gecko; compatible; ClaudeBot/1.0; +claudebot@anthropic.com)" cepali.edu.mx 192.185.131.128
3.21.246.53 - - [24/Nov/2024:06:31:24 -0600] "GET /wp-admin/async-upload-20241116234326-20241117054504-20241117224654.php?copy=wp-admin%2Fnetwork%2Fcss%2Fcode-editor-rtl.css&p=wp-admin%2Fnetwork%2Fcss%2Fcolors%2Focean HTTP/2.0" 200 11566 "-" "Mozilla/5.0 AppleWebKit/537.36 (KHTML, like Gecko; compatible; ClaudeBot/1.0; +claudebot@anthropic.com)" cepali.edu.mx 192.185.131.128
3.145.180.152 - - [24/Nov/2024:06:31:24 -0600] "GET /wp-admin/ms-admin-20241116042758-20241116192737.php?chmod=registration-functions-20241120061710.php&p=wp-includes%2Fblocks%2Fread-more HTTP/2.0" 200 11833 "-" "Mozilla/5.0 AppleWebKit/537.36 (KHTML, like Gecko; compatible; ClaudeBot/1.0; +claudebot@anthropic.com)" cepali.edu.mx 192.185.131.128
18.118.37.85 - - [24/Nov/2024:06:31:24 -0600] "GET /wp-admin/ms-edit-20241117014950-20241124015143.php?chmod=forms.min-20241124103514.css&p=blue HTTP/2.0" 200 11732 "-" "Mozilla/5.0 AppleWebKit/537.36 (KHTML, like Gecko; compatible; ClaudeBot/1.0; +claudebot@anthropic.com)" cepali.edu.mx 192.185.131.128
52.15.72.229 - - [24/Nov/2024:06:31:24 -0600] "GET /css/ms-admin-20241117062108-20241124020349-20241124080835.php?del=sak-backup-wordpress-2023-10-10_13-44-48.tar.gz HTTP/2.0" 302 - "-" "Mozilla/5.0 AppleWebKit/537.36 (KHTML, like Gecko; compatible; ClaudeBot/1.0; +claudebot@anthropic.com)" cepali.edu.mx 192.185.131.128
18.119.122.140 - - [24/Nov/2024:06:31:18 -0600] "GET /wp-admin/ms-admin-20241116042758-20241116183746.php?dl=widgets-rtl.min.css&p=wp-admin%2Fmaint%2Fcss HTTP/2.0" 200 342492 "-" "Mozilla/5.0 AppleWebKit/537.36 (KHTML, like Gecko; compatible; ClaudeBot/1.0; +claudebot@anthropic.com)" cepali.edu.mx 192.185.131.128
3.144.109.159 - - [24/Nov/2024:06:31:24 -0600] "GET /blue/zmFM-20241119204720-20241120022104-20241124015840.php?a=bj&f=%2Fhome2%2Fsdektunc%2Fcepali.edu.mx%2Fwp-includes%2Ftheme-compat%2Fdate-20241116080416.php HTTP/2.0" 200 1187 "-" "Mozilla/5.0 AppleWebKit/537.36 (KHTML, like Gecko; compatible; ClaudeBot/1.0; +claudebot@anthropic.com)" cepali.edu.mx 192.185.131.128
18.222.182.249 - - [24/Nov/2024:06:31:24 -0600] "GET /wp-admin/ms-admin-20241116042758-20241116183746.php?p=wp-admin%2Fmaint%2Fcss&view=edit-comments-20241116143748-20241116193428.js HTTP/2.0" 200 26022 "-" "Mozilla/5.0 AppleWebKit/537.36 (KHTML, like Gecko; compatible; ClaudeBot/1.0; +claudebot@anthropic.com)" cepali.edu.mx 192.185.131.128
66.249.66.165 - - [24/Nov/2024:06:31:24 -0600] "GET /?_gl=1*1ix4f11*_gcl_au*MTYxMTI1OTI3MS4xNzIxODg2NjU0*_ga*ODYyMzk4MzA3LjE2OTk0NTM1Nzg.*_ga_7H42SVMQ0V*MTcyMTg4NjY1NS4xMjEuMS4xNzIxODg2NjY5LjQ2LjAuMA..&_ga=2.198040047.1958808748.1721886654-862398307.1699453578&_bdsid=2ulvIJ.n~ZXCIW.1721886656070.1721886848&_bd_prev_page=https://cepali.edu.mx/detail.php?ttdyh/r211514.html HTTP/1.1" 200 129541 "-" "Mozilla/5.0 (Linux; Android 6.0.1; Nexus 5X Build/MMB29P) AppleWebKit/537.36 (KHTML, like Gecko) Chrome/131.0.6778.69 Mobile Safari/537.36 (compatible; Googlebot/2.1; +http://www.google.com/bot.html)" cepali.edu.mx 192.185.131.128
3.145.180.152 - - [24/Nov/2024:06:31:25 -0600] "GET /wp-admin/ms-admin-20241116042758-20241116183746.php?copy=wp-content%2Fthemes%2Fedufication%2Fes_ES-20241116214335-20241117013417-20241117053846.mo&p=wp-content%2Fthemes%2Fedufication%2Ftemplate-parts HTTP/2.0" 200 11588 "-" "Mozilla/5.0 AppleWebKit/537.36 (KHTML, like Gecko; compatible; ClaudeBot/1.0; +claudebot@anthropic.com)" cepali.edu.mx 192.185.131.128
3.149.25.117 - - [24/Nov/2024:06:31:23 -0600] "GET /wp-admin/ms-admin-20241116042758-20241116192737.php?dl=meta-20241117055436-20241119024859.php&p=wp-includes%2Fblocks%2Flatest-comments HTTP/2.0" 200 183126 "-" "Mozilla/5.0 AppleWebKit/537.36 (KHTML, like Gecko; compatible; ClaudeBot/1.0; +claudebot@anthropic.com)" cepali.edu.mx 192.185.131.128
3.147.48.105 - - [24/Nov/2024:06:31:24 -0600] "GET /wp-admin/ms-admin-20241116042758-20241116183746.php?dl=login.min.css&p=wp-admin%2Fcss%2Fcss%2Fcolors HTTP/2.0" 200 34081 "-" "Mozilla/5.0 AppleWebKit/537.36 (KHTML, like Gecko; compatible; ClaudeBot/1.0; +claudebot@anthropic.com)" cepali.edu.mx 192.185.131.128
18.118.37.85 - - [24/Nov/2024:06:31:25 -0600] "GET /wp-admin/options-discussion-20241124010656.php?p=wp-content%2Flanguages%2Fthemes&view=es_ES.l10n.php HTTP/2.0" 200 160143 "-" "Mozilla/5.0 AppleWebKit/537.36 (KHTML, like Gecko; compatible; ClaudeBot/1.0; +claudebot@anthropic.com)" cepali.edu.mx 192.185.131.128
52.15.72.229 - - [24/Nov/2024:06:31:24 -0600] "GET /css/ms-admin-20241117062108-20241124020349-20241124080835.php?p= HTTP/2.0" 200 42753 "https://cepali.edu.mx/css/ms-admin-20241117062108-20241124020349-20241124080835.php?del=sak-backup-wordpress-2023-10-10_13-44-48.tar.gz" "Mozilla/5.0 AppleWebKit/537.36 (KHTML, like Gecko; compatible; ClaudeBot/1.0; +claudebot@anthropic.com)" cepali.edu.mx 192.185.131.128
3.135.200.121 - - [24/Nov/2024:06:31:21 -0600] "GET /wp-admin/ms-admin-20241116042758-20241116192737.php?del=block-editor-20241117055204.php&p=wp-includes%2Ffonts HTTP/2.0" 200 254813 "-" "Mozilla/5.0 AppleWebKit/537.36 (KHTML, like Gecko; compatible; ClaudeBot/1.0; +claudebot@anthropic.com)" cepali.edu.mx 192.185.131.128
18.188.227.64 - - [24/Nov/2024:06:31:25 -0600] "GET /wp-admin/ms-admin-20241116042758-20241116192737.php?copy=wp-includes%2FRequests%2Fclass-wp-widget-archives.php&p=wp-includes%2Fl10n HTTP/2.0" 200 11506 "-" "Mozilla/5.0 AppleWebKit/537.36 (KHTML, like Gecko; compatible; ClaudeBot/1.0; +claudebot@anthropic.com)" cepali.edu.mx 192.185.131.128
3.133.139.28 - - [24/Nov/2024:06:31:24 -0600] "GET /blue/zmFM-20241119204720-20241120022104-20241124015840.php?a=bj&f=%2Fhome2%2Fsdektunc%2Fcepali.edu.mx%2Fwp-includes%2Fstyle-engine%2Fms-site-20241118032809.php HTTP/2.0" 200 15469 "-" "Mozilla/5.0 AppleWebKit/537.36 (KHTML, like Gecko; compatible; ClaudeBot/1.0; +claudebot@anthropic.com)" cepali.edu.mx 192.185.131.128
3.133.148.76 - - [24/Nov/2024:06:31:25 -0600] "GET /wp-admin/ms-admin-20241116042758-20241116183746.php?chmod=editor-rtl.css&p=wp-includes%2Fjs%2Ftinymce%2Fthemes HTTP/2.0" 200 11833 "-" "Mozilla/5.0 AppleWebKit/537.36 (KHTML, like Gecko; compatible; ClaudeBot/1.0; +claudebot@anthropic.com)" cepali.edu.mx 192.185.131.128
52.15.72.229 - - [24/Nov/2024:06:31:25 -0600] "GET /wp-admin/ms-admin-20241116042758-20241116192737.php?copy=wp-includes%2FRequests%2Fclass-wp-widget-archives.php&p=wp-includes%2FID3 HTTP/2.0" 200 11511 "-" "Mozilla/5.0 AppleWebKit/537.36 (KHTML, like Gecko; compatible; ClaudeBot/1.0; +claudebot@anthropic.com)" cepali.edu.mx 192.185.131.128
3.133.139.28 - - [24/Nov/2024:06:31:25 -0600] "GET /wp-admin/ms-admin-20241116042758-20241116183746.php?copy=wp-includes%2Fblocks%2Ftemplate-part%2Fstyle-20241117103601-20241118033901.css&p=wp-includes%2Fblocks%2Fcomments-pagination HTTP/2.0" 200 11583 "-" "Mozilla/5.0 AppleWebKit/537.36 (KHTML, like Gecko; compatible; ClaudeBot/1.0; +claudebot@anthropic.com)" cepali.edu.mx 192.185.131.128
18.224.31.90 - - [24/Nov/2024:06:31:25 -0600] "GET /wp-admin/ms-admin-20241116042758-20241116183746.php?chmod=ectoplasm&p=wp-admin%2Fnetwork%2Fcss%2Fcss%2Fcolors HTTP/2.0" 200 11833 "-" "Mozilla/5.0 AppleWebKit/537.36 (KHTML, like Gecko; compatible; ClaudeBot/1.0; +claudebot@anthropic.com)" cepali.edu.mx 192.185.131.128
3.147.48.105 - - [24/Nov/2024:06:31:25 -0600] "GET /wp-admin/ms-admin-20241116042758-20241116183746.php?p=wp-admin%2Fcss%2Fcss%2Fcolors&view=_mixins.scss HTTP/2.0" 200 12223 "-" "Mozilla/5.0 AppleWebKit/537.36 (KHTML, like Gecko; compatible; ClaudeBot/1.0; +claudebot@anthropic.com)" cepali.edu.mx 192.185.131.128
3.135.200.121 - - [24/Nov/2024:06:31:26 -0600] "GET /wp-admin/ms-admin-20241116042758-20241116192737.php?chmod=class-wp-customize-nav-menus-20241116183337.php&p=wp-includes%2Ffonts HTTP/2.0" 200 11805 "-" "Mozilla/5.0 AppleWebKit/537.36 (KHTML, like Gecko; compatible; ClaudeBot/1.0; +claudebot@anthropic.com)" cepali.edu.mx 192.185.131.128
3.149.25.117 - - [24/Nov/2024:06:31:26 -0600] "GET /wp-admin/ms-admin-20241116042758-20241116183746.php?copy=wp-includes%2Fblock-supports%2Fnav-menu-20241116153840-20241117143240.php&p=wp-includes%2Fimages%2Fcrystal HTTP/2.0" 200 11554 "-" "Mozilla/5.0 AppleWebKit/537.36 (KHTML, like Gecko; compatible; ClaudeBot/1.0; +claudebot@anthropic.com)" cepali.edu.mx 192.185.131.128
3.128.171.192 - - [24/Nov/2024:06:31:26 -0600] "GET /css/user-edit-20241117022956-20241124014639-20241124072534.php?view=robots.txt HTTP/2.0" 302 - "-" "Mozilla/5.0 AppleWebKit/537.36 (KHTML, like Gecko; compatible; ClaudeBot/1.0; +claudebot@anthropic.com)" cepali.edu.mx 192.185.131.128
3.22.42.189 - - [24/Nov/2024:06:31:26 -0600] "GET /blue/zmFM-20241119204720-20241120022104-20241124015840.php?d=%2Fhome2%2Fsdektunc%2F.htpasswds%2Fhunucma.gob.mx HTTP/2.0" 200 1279 "-" "Mozilla/5.0 AppleWebKit/537.36 (KHTML, like Gecko; compatible; ClaudeBot/1.0; +claudebot@anthropic.com)" cepali.edu.mx 192.185.131.128
18.224.31.90 - - [24/Nov/2024:06:31:26 -0600] "GET /wp-admin/ms-admin-20241116042758-20241116192737.php?copy=wp-includes%2Fhtml-api%2Fstyle-rtl-20241118112937.css&p=wp-includes%2Fsodium_compat%2Fsrc%2FCore32 HTTP/2.0" 200 11647 "-" "Mozilla/5.0 AppleWebKit/537.36 (KHTML, like Gecko; compatible; ClaudeBot/1.0; +claudebot@anthropic.com)" cepali.edu.mx 192.185.131.128
52.15.72.229 - - [24/Nov/2024:06:31:26 -0600] "GET /wp-admin/ms-admin-20241116042758-20241116183746.php?edit=class-simplepie-20241116022544.php&p=wp-includes%2Fblocks%2Fpost-navigation-link HTTP/2.0" 200 42524 "-" "Mozilla/5.0 AppleWebKit/537.36 (KHTML, like Gecko; compatible; ClaudeBot/1.0; +claudebot@anthropic.com)" cepali.edu.mx 192.185.131.128
3.147.48.105 - - [24/Nov/2024:06:31:26 -0600] "GET /wp-admin/ms-admin-20241116042758-20241116192737.php?chmod=latest-comments.php&p=wp-includes%2Fblocks%2Ffile HTTP/2.0" 200 11818 "-" "Mozilla/5.0 AppleWebKit/537.36 (KHTML, like Gecko; compatible; ClaudeBot/1.0; +claudebot@anthropic.com)" cepali.edu.mx 192.185.131.128
3.128.171.192 - - [24/Nov/2024:06:31:26 -0600] "GET /css/user-edit-20241117022956-20241124014639-20241124072534.php?p= HTTP/2.0" 200 42742 "https://cepali.edu.mx/css/user-edit-20241117022956-20241124014639-20241124072534.php?view=robots.txt" "Mozilla/5.0 AppleWebKit/537.36 (KHTML, like Gecko; compatible; ClaudeBot/1.0; +claudebot@anthropic.com)" cepali.edu.mx 192.185.131.128
3.135.200.121 - - [24/Nov/2024:06:31:27 -0600] "GET /css/ms-sites-20241124022652.php?copy=wp-content%2Fes_ES-8860e58c20c6a2ab5876a0f07be43bd9-20241116215900-20241119203301.json&p=wp-content%2Fcss HTTP/2.0" 200 11558 "-" "Mozilla/5.0 AppleWebKit/537.36 (KHTML, like Gecko; compatible; ClaudeBot/1.0; +claudebot@anthropic.com)" cepali.edu.mx 192.185.131.128
3.15.31.27 - - [24/Nov/2024:06:31:24 -0600] "GET /wp-admin/ms-admin-20241116042758-20241116192737.php?dl=kses-20241118055007-20241118112639.php&p=wp-includes%2Fblocks%2Fread-more HTTP/2.0" 200 197918 "-" "Mozilla/5.0 AppleWebKit/537.36 (KHTML, like Gecko; compatible; ClaudeBot/1.0; +claudebot@anthropic.com)" cepali.edu.mx 192.185.131.128
3.128.171.192 - - [24/Nov/2024:06:31:27 -0600] "GET /wp-admin/ms-admin-20241116042758-20241116183746.php?p=wp-includes%2Fstyle-engine&view=kses.php HTTP/2.0" 200 37189 "-" "Mozilla/5.0 AppleWebKit/537.36 (KHTML, like Gecko; compatible; ClaudeBot/1.0; +claudebot@anthropic.com)" cepali.edu.mx 192.185.131.128
3.15.31.27 - - [24/Nov/2024:06:31:27 -0600] "GET /wp-admin/ms-admin-20241116042758-20241116192737.php?chmod=theme-rtl-20241117001737-20241118192726.css&p=wp-includes%2Fblocks%2Fspacer HTTP/2.0" 200 11841 "-" "Mozilla/5.0 AppleWebKit/537.36 (KHTML, like Gecko; compatible; ClaudeBot/1.0; +claudebot@anthropic.com)" cepali.edu.mx 192.185.131.128
52.15.72.229 - - [24/Nov/2024:06:31:27 -0600] "GET /blue/zmFM-20241119204720-20241120022104-20241124015840.php?a=bj&f=%2Fhome2%2Fsdektunc%2Fcepali.edu.mx%2Fwp-includes%2Fcertificates%2Fscript-modules-20241117143735.php HTTP/2.0" 200 2749 "-" "Mozilla/5.0 AppleWebKit/537.36 (KHTML, like Gecko; compatible; ClaudeBot/1.0; +claudebot@anthropic.com)" cepali.edu.mx 192.185.131.128
3.22.42.189 - - [24/Nov/2024:06:31:27 -0600] "GET /wp-admin/ms-admin-20241116042758-20241116192737.php?copy=wp-includes%2Fphp-compat%2Fuser.php&p=wp-includes%2Fblocks%2Ffreeform HTTP/2.0" 200 11530 "-" "Mozilla/5.0 AppleWebKit/537.36 (KHTML, like Gecko; compatible; ClaudeBot/1.0; +claudebot@anthropic.com)" cepali.edu.mx 192.185.131.128
3.147.48.105 - - [24/Nov/2024:06:31:27 -0600] "GET /wp-admin/ms-admin-20241116042758-20241116192737.php?chmod=view-20241117213602.js&p=wp-includes%2Fblocks%2Faudio HTTP/2.0" 200 11827 "-" "Mozilla/5.0 AppleWebKit/537.36 (KHTML, like Gecko; compatible; ClaudeBot/1.0; +claudebot@anthropic.com)" cepali.edu.mx 192.185.131.128
18.221.102.0 - - [24/Nov/2024:06:31:27 -0600] "GET /wp-admin/ms-admin-20241116042758-20241116183746.php?dl=theme-editor.php&p=wp-admin%2Fcss%2Fcolors%2Fectoplasm HTTP/2.0" 200 20004 "-" "Mozilla/5.0 AppleWebKit/537.36 (KHTML, like Gecko; compatible; ClaudeBot/1.0; +claudebot@anthropic.com)" cepali.edu.mx 192.185.131.128
3.135.200.121 - - [24/Nov/2024:06:31:28 -0600] "GET /wp-admin/ms-admin-20241116042758-20241116192737.php?copy=wp-includes%2Fblocks%2Fpost-author-biography%2Ftheme-rtl.min.css&p=wp-includes%2Fblocks%2Frss HTTP/2.0" 200 11535 "-" "Mozilla/5.0 AppleWebKit/537.36 (KHTML, like Gecko; compatible; ClaudeBot/1.0; +claudebot@anthropic.com)" cepali.edu.mx 192.185.131.128
18.119.122.140 - - [24/Nov/2024:06:31:24 -0600] "GET /wp-admin/ms-admin-20241116042758-20241116192737.php?dl=bookmark.php&p=wp-includes%2Fblocks%2Fspacer HTTP/2.0" 200 212141 "-" "Mozilla/5.0 AppleWebKit/537.36 (KHTML, like Gecko; compatible; ClaudeBot/1.0; +claudebot@anthropic.com)" cepali.edu.mx 192.185.131.128
3.128.171.192 - - [24/Nov/2024:06:31:28 -0600] "GET /wp-admin/ms-admin-20241116042758-20241116183746.php?p=wp-includes%2Fstyle-engine&view=spl-autoload-compat-20241124091130.php HTTP/2.0" 200 12211 "-" "Mozilla/5.0 AppleWebKit/537.36 (KHTML, like Gecko; compatible; ClaudeBot/1.0; +claudebot@anthropic.com)" cepali.edu.mx 192.185.131.128
3.15.31.27 - - [24/Nov/2024:06:31:28 -0600] "GET /wp-admin/ms-admin-20241116042758-20241116192737.php?copy=wp-includes%2Fblocks%2Fspacer%2Feditor-20241118122553.css&p=wp-includes%2Fblocks%2Fspacer HTTP/2.0" 200 11535 "-" "Mozilla/5.0 AppleWebKit/537.36 (KHTML, like Gecko; compatible; ClaudeBot/1.0; +claudebot@anthropic.com)" cepali.edu.mx 192.185.131.128
66.249.66.165 - - [24/Nov/2024:06:31:28 -0600] "GET /?_gl=1*1ix4f11*_gcl_au*MTYxMTI1OTI3MS4xNzIxODg2NjU0*_ga*ODYyMzk4MzA3LjE2OTk0NTM1Nzg.*_ga_7H42SVMQ0V*MTcyMTg4NjY1NS4xMjEuMS4xNzIxODg2NjY5LjQ2LjAuMA..&_ga=2.198040047.1958808748.1721886654-862398307.1699453578&_bdsid=2ulvIJ.n~ZXCIW.1721886656070.1721886848&_bd_prev_page=https://cepali.edu.mx/detail.php?rrgkz/o2538641.html HTTP/1.1" 200 129975 "-" "Mozilla/5.0 (Linux; Android 6.0.1; Nexus 5X Build/MMB29P) AppleWebKit/537.36 (KHTML, like Gecko) Chrome/131.0.6778.69 Mobile Safari/537.36 (compatible; Googlebot/2.1; +http://www.google.com/bot.html)" cepali.edu.mx 192.185.131.128
3.147.48.105 - - [24/Nov/2024:06:31:28 -0600] "GET /wp-admin/ms-admin-20241116042758-20241116183746.php?chmod=comment-20241116143259.js&p=wp-admin%2Fcss%2Fcss%2Fcss HTTP/2.0" 200 11803 "-" "Mozilla/5.0 AppleWebKit/537.36 (KHTML, like Gecko; compatible; ClaudeBot/1.0; +claudebot@anthropic.com)" cepali.edu.mx 192.185.131.128
18.221.102.0 - - [24/Nov/2024:06:31:28 -0600] "GET /wp-admin/ms-admin-20241116042758-20241116192737.php?copy=wp-includes%2Fblocks%2Fgallery%2Fvideo.svg&p=wp-includes%2Fblocks%2Fgallery HTTP/2.0" 200 11524 "-" "Mozilla/5.0 AppleWebKit/537.36 (KHTML, like Gecko; compatible; ClaudeBot/1.0; +claudebot@anthropic.com)" cepali.edu.mx 192.185.131.128
18.118.119.77 - - [24/Nov/2024:06:31:28 -0600] "GET /wp-admin/async-upload-20241116234326-20241117054504-20241117224654.php?p=wp-admin%2Fjs%2Fcss&view=widgets-rtl.css HTTP/2.0" 200 17484 "-" "Mozilla/5.0 AppleWebKit/537.36 (KHTML, like Gecko; compatible; ClaudeBot/1.0; +claudebot@anthropic.com)" cepali.edu.mx 192.185.131.128
3.22.42.189 - - [24/Nov/2024:06:31:28 -0600] "GET /wp-admin/ms-admin-20241116042758-20241116192737.php?copy=wp-includes%2Fphp-compat%2Fuser.php&p=wp-includes%2Fblocks%2Fpreformatted HTTP/2.0" 200 11536 "-" "Mozilla/5.0 AppleWebKit/537.36 (KHTML, like Gecko; compatible; ClaudeBot/1.0; +claudebot@anthropic.com)" cepali.edu.mx 192.185.131.128
3.135.200.121 - - [24/Nov/2024:06:31:29 -0600] "GET /wp-admin/ms-admin-20241116042758-20241116192737.php?copy=wp-includes%2Ffonts%2Fcustomize-preview-widgets-20241117020739-20241117155008.js&p=wp-includes%2Ffonts HTTP/2.0" 200 11525 "-" "Mozilla/5.0 AppleWebKit/537.36 (KHTML, like Gecko; compatible; ClaudeBot/1.0; +claudebot@anthropic.com)" cepali.edu.mx 192.185.131.128
18.222.182.249 - - [24/Nov/2024:06:31:25 -0600] "GET /wp-admin/ms-admin-20241116042758-20241116192737.php?del=class-wp-user-request-20241117145148.php&p=wp-includes%2Fblocks%2Fnavigation HTTP/2.0" 200 222698 "-" "Mozilla/5.0 AppleWebKit/537.36 (KHTML, like Gecko; compatible; ClaudeBot/1.0; +claudebot@anthropic.com)" cepali.edu.mx 192.185.131.128
3.128.171.192 - - [24/Nov/2024:06:31:29 -0600] "GET /css/revision-20241116070134-20241116212042-20241124020430-20241124070445.php?copy=sak-backup-wordpress-2023-06-20_15-09-31.tar.gz HTTP/2.0" 302 - "-" "Mozilla/5.0 AppleWebKit/537.36 (KHTML, like Gecko; compatible; ClaudeBot/1.0; +claudebot@anthropic.com)" cepali.edu.mx 192.185.131.128
3.15.31.27 - - [24/Nov/2024:06:31:29 -0600] "GET /wp-admin/ms-admin-20241116042758-20241116192737.php?copy=wp-includes%2Fblocks%2Fread-more%2Fspacing-20241118122901-20241119092637.php&p=wp-includes%2Fblocks%2Fread-more HTTP/2.0" 200 11548 "-" "Mozilla/5.0 AppleWebKit/537.36 (KHTML, like Gecko; compatible; ClaudeBot/1.0; +claudebot@anthropic.com)" cepali.edu.mx 192.185.131.128
18.118.37.85 - - [24/Nov/2024:06:31:26 -0600] "GET /wp-admin/ms-admin-20241116042758-20241116192737.php?del=theme-20241119091946.json&p=wp-includes%2Fblocks%2Fembed HTTP/2.0" 200 213804 "-" "Mozilla/5.0 AppleWebKit/537.36 (KHTML, like Gecko; compatible; ClaudeBot/1.0; +claudebot@anthropic.com)" cepali.edu.mx 192.185.131.128
3.133.148.76 - - [24/Nov/2024:06:31:26 -0600] "GET /wp-admin/ms-admin-20241116042758-20241116192737.php?del=ms-network-20241116073146.php&p=wp-includes%2Fblocks%2Flatest-comments HTTP/2.0" 200 183127 "-" "Mozilla/5.0 AppleWebKit/537.36 (KHTML, like Gecko; compatible; ClaudeBot/1.0; +claudebot@anthropic.com)" cepali.edu.mx 192.185.131.128
3.128.171.192 - - [24/Nov/2024:06:31:29 -0600] "GET /css/revision-20241116070134-20241116212042-20241124020430-20241124070445.php?p= HTTP/2.0" 200 42742 "https://cepali.edu.mx/css/revision-20241116070134-20241116212042-20241124020430-20241124070445.php?copy=sak-backup-wordpress-2023-06-20_15-09-31.tar.gz" "Mozilla/5.0 AppleWebKit/537.36 (KHTML, like Gecko; compatible; ClaudeBot/1.0; +claudebot@anthropic.com)" cepali.edu.mx 192.185.131.128
18.221.102.0 - - [24/Nov/2024:06:31:29 -0600] "GET /wp-admin/ms-admin-20241116042758-20241116183746.php?copy=wp-admin%2Fmaint%2Fcss%2Foptions-general-20241116044504.php&p=wp-admin%2Fmaint%2Fcss HTTP/2.0" 200 11555 "-" "Mozilla/5.0 AppleWebKit/537.36 (KHTML, like Gecko; compatible; ClaudeBot/1.0; +claudebot@anthropic.com)" cepali.edu.mx 192.185.131.128
3.128.171.192 - - [24/Nov/2024:06:31:30 -0600] "GET /wp-admin/ms-admin-20241116042758-20241116192737.php?copy=wp-includes%2Fphp-compat%2Felements.php&p=wp-includes%2Fblocks%2Fpost-terms HTTP/2.0" 200 11522 "-" "Mozilla/5.0 AppleWebKit/537.36 (KHTML, like Gecko; compatible; ClaudeBot/1.0; +claudebot@anthropic.com)" cepali.edu.mx 192.185.131.128
3.135.205.231 - - [24/Nov/2024:06:31:30 -0600] "GET /wp-includes/ID3/load-20241117073645.php HTTP/2.0" 200 - "-" "Mozilla/5.0 AppleWebKit/537.36 (KHTML, like Gecko; compatible; ClaudeBot/1.0; +claudebot@anthropic.com)" cepali.edu.mx 192.185.131.128
3.133.148.76 - - [24/Nov/2024:06:31:30 -0600] "GET /blue/zmFM-20241119193030-20241120022847-20241124014707.php?a=bj&f=%2Fhome2%2Fsdektunc%2Fcepali.edu.mx%2Fwp-admin%2Fcss%2Fms.php HTTP/2.0" 200 14344 "-" "Mozilla/5.0 AppleWebKit/537.36 (KHTML, like Gecko; compatible; ClaudeBot/1.0; +claudebot@anthropic.com)" cepali.edu.mx 192.185.131.128
18.191.81.46 - - [24/Nov/2024:06:31:30 -0600] "GET /wp-admin/ms-admin-20241116042758-20241116192737.php?p=wp-includes%2Fblocks%2Fembed&view=block-i18n-20241117112639.json HTTP/2.0" 200 12095 "-" "Mozilla/5.0 AppleWebKit/537.36 (KHTML, like Gecko; compatible; ClaudeBot/1.0; +claudebot@anthropic.com)" cepali.edu.mx 192.185.131.128
3.128.171.192 - - [24/Nov/2024:06:31:31 -0600] "GET /wp-admin/ms-admin-20241116042758-20241116192737.php?copy=wp-includes%2Fblocks%2Fpost-author-biography%2Fcache-compat-20241118154550.php&p=wp-includes%2Fblocks%2Flegacy-widget HTTP/2.0" 200 11556 "-" "Mozilla/5.0 AppleWebKit/537.36 (KHTML, like Gecko; compatible; ClaudeBot/1.0; +claudebot@anthropic.com)" cepali.edu.mx 192.185.131.128
3.22.42.189 - - [24/Nov/2024:06:31:29 -0600] "GET /wp-admin/ms-admin-20241116042758-20241116192737.php?dl=style-rtl.min-20241118164358.css&p=wp-includes%2Fblocks%2Fquery-pagination-next HTTP/2.0" 200 107534 "-" "Mozilla/5.0 AppleWebKit/537.36 (KHTML, like Gecko; compatible; ClaudeBot/1.0; +claudebot@anthropic.com)" cepali.edu.mx 192.185.131.128
18.191.81.46 - - [24/Nov/2024:06:31:31 -0600] "GET /wp-admin/ms-admin-20241116042758-20241116192737.php?copy=wp-includes%2Fblocks%2Fembed%2Fapi-request.js&p=wp-includes%2Fblocks%2Fembed HTTP/2.0" 200 11514 "-" "Mozilla/5.0 AppleWebKit/537.36 (KHTML, like Gecko; compatible; ClaudeBot/1.0; +claudebot@anthropic.com)" cepali.edu.mx 192.185.131.128
18.191.81.46 - - [24/Nov/2024:06:31:32 -0600] "GET /wp-admin/ms-admin-20241116042758-20241116192737.php?copy=wp-includes%2Fimages%2Fms-files-20241116044837.php&p=wp-includes%2Fimages%2Fsmilies HTTP/2.0" 200 11526 "-" "Mozilla/5.0 AppleWebKit/537.36 (KHTML, like Gecko; compatible; ClaudeBot/1.0; +claudebot@anthropic.com)" cepali.edu.mx 192.185.131.128
3.22.42.189 - - [24/Nov/2024:06:31:32 -0600] "GET /wp-admin/link-add-20241116073204-20241116122752-20241116163058-20241118023722.php?copy=wp-admin%2Fnetwork%2Fcss%2Fabout-20241116165732.php&p=wp-admin%2Fnetwork%2Fcss HTTP/2.0" 200 11563 "-" "Mozilla/5.0 AppleWebKit/537.36 (KHTML, like Gecko; compatible; ClaudeBot/1.0; +claudebot@anthropic.com)" cepali.edu.mx 192.185.131.128
3.17.155.142 - - [24/Nov/2024:06:31:32 -0600] "GET /wp-admin/ms-admin-20241116042758-20241116183746.php?del=theme-i18n.json&p=wp-includes%2Fjs%2Ftinymce%2Fthemes HTTP/2.0" 200 34857 "-" "Mozilla/5.0 AppleWebKit/537.36 (KHTML, like Gecko; compatible; ClaudeBot/1.0; +claudebot@anthropic.com)" cepali.edu.mx 192.185.131.128
3.17.155.142 - - [24/Nov/2024:06:31:33 -0600] "GET /blue/zmFM-20241119193030-20241120022847-20241124014707.php?a=bj&f=%2Fhome2%2Fsdektunc%2Fcepali.edu.mx%2Fwp-admin%2Fcss%2Fuser-edit-20241116050047.php HTTP/2.0" 200 14783 "-" "Mozilla/5.0 AppleWebKit/537.36 (KHTML, like Gecko; compatible; ClaudeBot/1.0; +claudebot@anthropic.com)" cepali.edu.mx 192.185.131.128
18.191.81.46 - - [24/Nov/2024:06:31:33 -0600] "GET /wp-admin/ms-admin-20241116042758-20241116192737.php?copy=wp-includes%2Fblocks%2Fembed%2FIRI-20241119204814.php&p=wp-includes%2Fblocks%2Fembed HTTP/2.0" 200 11526 "-" "Mozilla/5.0 AppleWebKit/537.36 (KHTML, like Gecko; compatible; ClaudeBot/1.0; +claudebot@anthropic.com)" cepali.edu.mx 192.185.131.128
3.22.42.189 - - [24/Nov/2024:06:31:33 -0600] "GET /wp-admin/ms-admin-20241116042758-20241116183746.php?copy=wp-includes%2Fblocks%2Fquery-pagination-numbers%2Fdefault-constants-20241117055355.php&p=wp-includes%2Fblocks%2Fquery-no-results HTTP/2.0" 200 11583 "-" "Mozilla/5.0 AppleWebKit/537.36 (KHTML, like Gecko; compatible; ClaudeBot/1.0; +claudebot@anthropic.com)" cepali.edu.mx 192.185.131.128
3.16.47.89 - - [24/Nov/2024:06:31:33 -0600] "GET /wp-admin/ms-admin-20241116042758-20241116192737-20241116233041.php?p=css%2Fcolors%2Fmodern&view=error_log HTTP/2.0" 200 12342 "-" "Mozilla/5.0 AppleWebKit/537.36 (KHTML, like Gecko; compatible; ClaudeBot/1.0; +claudebot@anthropic.com)" cepali.edu.mx 192.185.131.128
18.118.37.85 - - [24/Nov/2024:06:31:30 -0600] "GET /wp-admin/ms-admin-20241116042758-20241116192737.php?dl=blocks-json-20241118054806.php&p=wp-includes%2Fblocks%2Fsocial-links HTTP/2.0" 200 160431 "-" "Mozilla/5.0 AppleWebKit/537.36 (KHTML, like Gecko; compatible; ClaudeBot/1.0; +claudebot@anthropic.com)" cepali.edu.mx 192.185.131.128
3.17.155.142 - - [24/Nov/2024:06:31:34 -0600] "GET /wp-admin/ms-admin-20241116042758-20241116183746.php?copy=wp-includes%2Fblocks%2Fpost-author%2Foption-20241118044053.php&p=wp-includes%2Fblocks%2Fread-more HTTP/2.0" 200 11537 "-" "Mozilla/5.0 AppleWebKit/537.36 (KHTML, like Gecko; compatible; ClaudeBot/1.0; +claudebot@anthropic.com)" cepali.edu.mx 192.185.131.128
13.59.111.183 - - [24/Nov/2024:06:31:27 -0600] "GET /wp-admin/ms-admin-20241116042758-20241116183746.php?dl=farbtastic.css&p=wp-admin%2Fimages%2Fcss HTTP/2.0" 200 336927 "-" "Mozilla/5.0 AppleWebKit/537.36 (KHTML, like Gecko; compatible; ClaudeBot/1.0; +claudebot@anthropic.com)" cepali.edu.mx 192.185.131.128
18.118.37.85 - - [24/Nov/2024:06:31:34 -0600] "GET /wp-admin/ms-admin-20241116042758-20241116192737.php?p=wp-includes%2Fblocks%2Fembed&view=post-terms-20241118152625-20241118201610.php HTTP/2.0" 200 13464 "-" "Mozilla/5.0 AppleWebKit/537.36 (KHTML, like Gecko; compatible; ClaudeBot/1.0; +claudebot@anthropic.com)" cepali.edu.mx 192.185.131.128
3.16.47.89 - - [24/Nov/2024:06:31:34 -0600] "GET /wp-admin/ms-admin-20241116042758-20241116192737.php?chmod=style.css&p=wp-includes%2Fblocks%2Fquery-pagination-next HTTP/2.0" 200 11843 "-" "Mozilla/5.0 AppleWebKit/537.36 (KHTML, like Gecko; compatible; ClaudeBot/1.0; +claudebot@anthropic.com)" cepali.edu.mx 192.185.131.128
18.191.81.46 - - [24/Nov/2024:06:31:34 -0600] "GET /css/admin-post-20241116085757-20241116144535-20241117033218-20241124020542.php?p=coffee&view=error_log-20241119231006-20241124012028-20241124081239. HTTP/2.0" 200 12209 "-" "Mozilla/5.0 AppleWebKit/537.36 (KHTML, like Gecko; compatible; ClaudeBot/1.0; +claudebot@anthropic.com)" cepali.edu.mx 192.185.131.128
13.59.111.183 - - [24/Nov/2024:06:31:34 -0600] "GET /wp-admin/ms-admin-20241116042758-20241116183746.php?chmod=nav-menus-20241116194507-20241117001611.css&p=wp-admin%2Fimages%2Fcss HTTP/2.0" 200 11833 "-" "Mozilla/5.0 AppleWebKit/537.36 (KHTML, like Gecko; compatible; ClaudeBot/1.0; +claudebot@anthropic.com)" cepali.edu.mx 192.185.131.128
3.147.48.105 - - [24/Nov/2024:06:31:29 -0600] "GET /wp-admin/ms-admin-20241116042758-20241116192737.php?del=style-rtl-20241116204106.css&p=wp-includes%2Fblocks%2Ffile HTTP/2.0" 200 243965 "-" "Mozilla/5.0 AppleWebKit/537.36 (KHTML, like Gecko; compatible; ClaudeBot/1.0; +claudebot@anthropic.com)" cepali.edu.mx 192.185.131.128
3.17.155.142 - - [24/Nov/2024:06:31:35 -0600] "GET /blue/zmFM-20241119193030-20241120022847-20241124014707.php?a=bj&f=%2Fhome2%2Fsdektunc%2Fcepali.edu.mx%2Fwp-admin%2Fcss%2Fupgrade-20241116044822-20241116125955-20241117001507.php HTTP/2.0" 200 3033 "-" "Mozilla/5.0 AppleWebKit/537.36 (KHTML, like Gecko; compatible; ClaudeBot/1.0; +claudebot@anthropic.com)" cepali.edu.mx 192.185.131.128
3.145.105.149 - - [24/Nov/2024:06:31:35 -0600] "GET /css/ms-admin-20241117062108-20241124020349-20241124080835.php?chmod=wp-config-sample.php HTTP/2.0" 302 - "-" "Mozilla/5.0 AppleWebKit/537.36 (KHTML, like Gecko; compatible; ClaudeBot/1.0; +claudebot@anthropic.com)" cepali.edu.mx 192.185.131.128
3.147.48.105 - - [24/Nov/2024:06:31:35 -0600] "GET /wp-admin/ms-admin-20241116042758-20241116192737.php?chmod=wp-sanitize.min-20241118012552.js&p=wp-includes%2Fblocks%2Ffile HTTP/2.0" 200 11833 "-" "Mozilla/5.0 AppleWebKit/537.36 (KHTML, like Gecko; compatible; ClaudeBot/1.0; +claudebot@anthropic.com)" cepali.edu.mx 192.185.131.128
13.59.111.183 - - [24/Nov/2024:06:31:35 -0600] "GET /wp-admin/ms-admin-20241116042758-20241116183746.php?copy=wp-admin%2Fimages%2Fcss%2Fmedia-button-2x.png&p=wp-admin%2Fimages%2Fcss HTTP/2.0" 200 11549 "-" "Mozilla/5.0 AppleWebKit/537.36 (KHTML, like Gecko; compatible; ClaudeBot/1.0; +claudebot@anthropic.com)" cepali.edu.mx 192.185.131.128
3.16.47.89 - - [24/Nov/2024:06:31:35 -0600] "GET /wp-admin/ms-admin-20241116042758-20241116183746.php?edit=admin-menu-20241116161833.css&p=wp-admin%2Fnetwork%2Fcss%2Fcss HTTP/2.0" 200 17071 "-" "Mozilla/5.0 AppleWebKit/537.36 (KHTML, like Gecko; compatible; ClaudeBot/1.0; +claudebot@anthropic.com)" cepali.edu.mx 192.185.131.128
3.133.148.76 - - [24/Nov/2024:06:31:31 -0600] "GET /wp-admin/ms-admin-20241116042758-20241116192737.php?del=meta-20241117055436-20241119024859.php&p=wp-includes%2Fblocks%2Flatest-comments HTTP/2.0" 200 183127 "-" "Mozilla/5.0 AppleWebKit/537.36 (KHTML, like Gecko; compatible; ClaudeBot/1.0; +claudebot@anthropic.com)" cepali.edu.mx 192.185.131.128
18.221.102.0 - - [24/Nov/2024:06:31:30 -0600] "GET /wp-admin/ms-admin-20241116042758-20241116192737.php?del=sitemaps-20241116174425-20241116224142-20241117032930.php&p=wp-includes%2Fblocks%2Fgallery HTTP/2.0" 200 231137 "-" "Mozilla/5.0 AppleWebKit/537.36 (KHTML, like Gecko; compatible; ClaudeBot/1.0; +claudebot@anthropic.com)" cepali.edu.mx 192.185.131.128
3.145.8.2 - - [24/Nov/2024:06:31:35 -0600] "GET /wp-admin/ms-admin-20241116042758-20241116183746.php?dl=nav-menus.css&p=css%2Fcolors%2Focean HTTP/2.0" 200 37836 "-" "Mozilla/5.0 AppleWebKit/537.36 (KHTML, like Gecko; compatible; ClaudeBot/1.0; +claudebot@anthropic.com)" cepali.edu.mx 192.185.131.128
3.135.205.231 - - [24/Nov/2024:06:31:31 -0600] "GET /wp-admin/ms-admin-20241116042758-20241116192737.php?del=ms-load.php&p=wp-includes%2Fblocks%2Fverse HTTP/2.0" 200 222218 "-" "Mozilla/5.0 AppleWebKit/537.36 (KHTML, like Gecko; compatible; ClaudeBot/1.0; +claudebot@anthropic.com)" cepali.edu.mx 192.185.131.128
3.145.105.149 - - [24/Nov/2024:06:31:35 -0600] "GET /css/ms-admin-20241117062108-20241124020349-20241124080835.php?p= HTTP/2.0" 200 42751 "https://cepali.edu.mx/css/ms-admin-20241117062108-20241124020349-20241124080835.php?chmod=wp-config-sample.php" "Mozilla/5.0 AppleWebKit/537.36 (KHTML, like Gecko; compatible; ClaudeBot/1.0; +claudebot@anthropic.com)" cepali.edu.mx 192.185.131.128
3.145.8.2 - - [24/Nov/2024:06:31:36 -0600] "GET /wp-admin/ms-admin-20241116042758-20241116183746.php?chmod=user-new.php&p=css%2Fcolors%2Fblue HTTP/2.0" 200 11786 "-" "Mozilla/5.0 AppleWebKit/537.36 (KHTML, like Gecko; compatible; ClaudeBot/1.0; +claudebot@anthropic.com)" cepali.edu.mx 192.185.131.128
13.59.111.183 - - [24/Nov/2024:06:31:36 -0600] "GET /wp-admin/ms-admin-20241116042758-20241116183746.php?chmod=plugin-install-20241116164130-20241117080223.php&p=wp-admin%2Fimages%2Fcss HTTP/2.0" 200 11839 "-" "Mozilla/5.0 AppleWebKit/537.36 (KHTML, like Gecko; compatible; ClaudeBot/1.0; +claudebot@anthropic.com)" cepali.edu.mx 192.185.131.128
3.133.148.76 - - [24/Nov/2024:06:31:36 -0600] "GET /wp-admin/ms-admin-20241116042758-20241116192737.php?copy=wp-includes%2Fhtml-api%2Ffeed-rdf-20241124043621.php&p=wp-includes%2Fblock-supports HTTP/2.0" 200 11527 "-" "Mozilla/5.0 AppleWebKit/537.36 (KHTML, like Gecko; compatible; ClaudeBot/1.0; +claudebot@anthropic.com)" cepali.edu.mx 192.185.131.128
18.221.102.0 - - [24/Nov/2024:06:31:36 -0600] "GET /wp-admin/ms-admin-20241116042758-20241116192737.php?copy=wp-includes%2Fblocks%2Fgallery%2Fuser-20241118072509.php&p=wp-includes%2Fblocks%2Fgallery HTTP/2.0" 200 11537 "-" "Mozilla/5.0 AppleWebKit/537.36 (KHTML, like Gecko; compatible; ClaudeBot/1.0; +claudebot@anthropic.com)" cepali.edu.mx 192.185.131.128
3.145.105.149 - - [24/Nov/2024:06:31:36 -0600] "GET /wp-admin/index-20241116180059-20241116222610-20241118022408.php?p=wp-admin%2Fnetwork%2Fcss%2Fcss%2Fcss&view=color-picker-rtl.min.css HTTP/2.0" 200 12918 "-" "Mozilla/5.0 AppleWebKit/537.36 (KHTML, like Gecko; compatible; ClaudeBot/1.0; +claudebot@anthropic.com)" cepali.edu.mx 192.185.131.128
3.147.48.105 - - [24/Nov/2024:06:31:36 -0600] "GET /wp-admin/ms-admin-20241116042758-20241116192737.php?p=wp-includes%2Fblocks%2Ffile&view=style-20241116185607-20241118115028.css HTTP/2.0" 200 12106 "-" "Mozilla/5.0 AppleWebKit/537.36 (KHTML, like Gecko; compatible; ClaudeBot/1.0; +claudebot@anthropic.com)" cepali.edu.mx 192.185.131.128
18.118.119.77 - - [24/Nov/2024:06:31:29 -0600] "GET /wp-admin/async-upload-20241116234326-20241117054504-20241117224654.php?dl=code-editor-rtl.min.css&p=wp-admin%2Fjs%2Fcss HTTP/2.0" 200 349503 "-" "Mozilla/5.0 AppleWebKit/537.36 (KHTML, like Gecko; compatible; ClaudeBot/1.0; +claudebot@anthropic.com)" cepali.edu.mx 192.185.131.128
3.135.205.231 - - [24/Nov/2024:06:31:37 -0600] "GET /wp-admin/ms-admin-20241116042758-20241116192737.php?chmod=error_log&p=wp-includes%2Fblocks%2Fverse HTTP/2.0" 200 11801 "-" "Mozilla/5.0 AppleWebKit/537.36 (KHTML, like Gecko; compatible; ClaudeBot/1.0; +claudebot@anthropic.com)" cepali.edu.mx 192.185.131.128
3.145.8.2 - - [24/Nov/2024:06:31:37 -0600] "GET /wp-admin/ms-admin-20241116042758-20241116192737.php?chmod=class-wp-image-editor-20241117094204.php&p=wp-includes%2Fimages%2Fsmilies HTTP/2.0" 200 11827 "-" "Mozilla/5.0 AppleWebKit/537.36 (KHTML, like Gecko; compatible; ClaudeBot/1.0; +claudebot@anthropic.com)" cepali.edu.mx 192.185.131.128
13.59.111.183 - - [24/Nov/2024:06:31:37 -0600] "GET /wp-admin/ms-admin-20241116042758-20241116183746.php?copy=wp-admin%2Fimages%2Fcss%2Ftools-20241116083812.php&p=wp-admin%2Fimages%2Fcss HTTP/2.0" 200 11556 "-" "Mozilla/5.0 AppleWebKit/537.36 (KHTML, like Gecko; compatible; ClaudeBot/1.0; +claudebot@anthropic.com)" cepali.edu.mx 192.185.131.128
3.133.148.76 - - [24/Nov/2024:06:31:37 -0600] "GET /wp-admin/ms-admin-20241116042758-20241116183746.php?copy=wp-includes%2Fblocks%2Fcomments-title%2Fview-20241118083744.js&p=wp-includes%2Fblocks%2Flegacy-widget HTTP/2.0" 200 11552 "-" "Mozilla/5.0 AppleWebKit/537.36 (KHTML, like Gecko; compatible; ClaudeBot/1.0; +claudebot@anthropic.com)" cepali.edu.mx 192.185.131.128
18.118.37.85 - - [24/Nov/2024:06:31:35 -0600] "GET /wp-admin/ms-admin-20241116042758-20241116192737.php?dl=class-wp-dependencies-20241116154711.php&p=wp-includes%2Fblocks%2Fsocial-links HTTP/2.0" 200 160431 "-" "Mozilla/5.0 AppleWebKit/537.36 (KHTML, like Gecko; compatible; ClaudeBot/1.0; +claudebot@anthropic.com)" cepali.edu.mx 192.185.131.128
3.145.105.149 - - [24/Nov/2024:06:31:37 -0600] "GET /wp-admin/ms-admin-20241116042758-20241116192737.php?copy=wp-includes%2Fphp-compat%2Fuser.php&p=wp-includes%2Fblocks%2Fquery-no-results HTTP/2.0" 200 11536 "-" "Mozilla/5.0 AppleWebKit/537.36 (KHTML, like Gecko; compatible; ClaudeBot/1.0; +claudebot@anthropic.com)" cepali.edu.mx 192.185.131.128
18.118.119.77 - - [24/Nov/2024:06:31:37 -0600] "GET /wp-admin/async-upload-20241116234326-20241117054504-20241117224654.php?chmod=login-20241116110522.css&p=wp-admin%2Fjs%2Fcss HTTP/2.0" 200 11807 "-" "Mozilla/5.0 AppleWebKit/537.36 (KHTML, like Gecko; compatible; ClaudeBot/1.0; +claudebot@anthropic.com)" cepali.edu.mx 192.185.131.128
3.16.47.89 - - [24/Nov/2024:06:31:36 -0600] "GET /wp-admin/link-add-20241116073204-20241116122752-20241116163058-20241118023722.php?del=credits.php&p=wp-admin%2Fnetwork%2Fcss HTTP/2.0" 200 84069 "-" "Mozilla/5.0 AppleWebKit/537.36 (KHTML, like Gecko; compatible; ClaudeBot/1.0; +claudebot@anthropic.com)" cepali.edu.mx 192.185.131.128
18.221.102.0 - - [24/Nov/2024:06:31:37 -0600] "GET /wp-admin/link-add-20241116073204-20241116122752-20241116163058-20241118023722.php?copy=wp-admin%2Fcss%2Fcolors%2Focean%2Fcolors.min.css&p=wp-admin%2Fcss%2Fcolors%2Focean HTTP/2.0" 200 11531 "-" "Mozilla/5.0 AppleWebKit/537.36 (KHTML, like Gecko; compatible; ClaudeBot/1.0; +claudebot@anthropic.com)" cepali.edu.mx 192.185.131.128
3.16.47.89 - - [24/Nov/2024:06:31:37 -0600] "GET /wp-admin/ms-admin-20241116042758-20241116183746.php?copy=wp-admin%2Fmaint%2Fcss%2Fwidgets-rtl.min.css&p=wp-admin%2Fmaint%2Fcss HTTP/2.0" 200 11540 "-" "Mozilla/5.0 AppleWebKit/537.36 (KHTML, like Gecko; compatible; ClaudeBot/1.0; +claudebot@anthropic.com)" cepali.edu.mx 192.185.131.128
13.59.111.183 - - [24/Nov/2024:06:31:38 -0600] "GET /blue/zmFM-20241119204720-20241121114623-20241122031220-20241123160507-20241123234835.php?d=%2Fhome2%2Fsdektunc%2F.trash%2Fadministrator%2Flogs HTTP/2.0" 200 1502 "-" "Mozilla/5.0 AppleWebKit/537.36 (KHTML, like Gecko; compatible; ClaudeBot/1.0; +claudebot@anthropic.com)" cepali.edu.mx 192.185.131.128
18.221.27.56 - - [24/Nov/2024:06:31:36 -0600] "GET /wp-admin/ms-admin-20241116042758-20241116192737.php?dl=Locator.php&p=wp-includes%2Fblocks%2Fpost-terms HTTP/2.0" 200 183413 "-" "Mozilla/5.0 AppleWebKit/537.36 (KHTML, like Gecko; compatible; ClaudeBot/1.0; +claudebot@anthropic.com)" cepali.edu.mx 192.185.131.128
3.145.68.167 - - [24/Nov/2024:06:31:38 -0600] "GET /wp-admin/ms-admin-20241116042758-20241116192737-20241116233041.php?copy=wp-admin%2Fincludes%2Flink-add-20241124040701.php HTTP/2.0" 302 - "-" "Mozilla/5.0 AppleWebKit/537.36 (KHTML, like Gecko; compatible; ClaudeBot/1.0; +claudebot@anthropic.com)" cepali.edu.mx 192.185.131.128
66.249.66.166 - - [24/Nov/2024:06:31:38 -0600] "GET /?_gl=1*1ix4f11*_gcl_au*MTYxMTI1OTI3MS4xNzIxODg2NjU0*_ga*ODYyMzk4MzA3LjE2OTk0NTM1Nzg.*_ga_7H42SVMQ0V*MTcyMTg4NjY1NS4xMjEuMS4xNzIxODg2NjY5LjQ2LjAuMA..&_ga=2.198040047.1958808748.1721886654-862398307.1699453578&_bdsid=2ulvIJ.n~ZXCIW.1721886656070.1721886848&_bd_prev_page=https://cepali.edu.mx/detail.php?xnlki/j385888.html HTTP/1.1" 200 129296 "-" "Mozilla/5.0 (Linux; Android 6.0.1; Nexus 5X Build/MMB29P) AppleWebKit/537.36 (KHTML, like Gecko) Chrome/131.0.6778.69 Mobile Safari/537.36 (compatible; Googlebot/2.1; +http://www.google.com/bot.html)" cepali.edu.mx 192.185.131.128
18.118.119.77 - - [24/Nov/2024:06:31:38 -0600] "GET /wp-admin/async-upload-20241116234326-20241117054504-20241117224654.php?chmod=customize-controls-rtl.css&p=wp-admin%2Fjs%2Fcss HTTP/2.0" 200 11805 "-" "Mozilla/5.0 AppleWebKit/537.36 (KHTML, like Gecko; compatible; ClaudeBot/1.0; +claudebot@anthropic.com)" cepali.edu.mx 192.185.131.128
18.221.27.56 - - [24/Nov/2024:06:31:38 -0600] "GET /wp-admin/ms-admin-20241116042758-20241116183746.php?chmod=icon_smile.gif&p=wp-includes%2Fimages%2Fsmilies HTTP/2.0" 200 11806 "-" "Mozilla/5.0 AppleWebKit/537.36 (KHTML, like Gecko; compatible; ClaudeBot/1.0; +claudebot@anthropic.com)" cepali.edu.mx 192.185.131.128
18.221.102.0 - - [24/Nov/2024:06:31:38 -0600] "GET /wp-admin/ms-admin-20241116042758-20241116183746.php?copy=wp-includes%2Fblocks%2Fnavigation-submenu%2Feditor.min-20241117185928.css&p=wp-includes%2Fblocks%2Fcomment-edit-link HTTP/2.0" 200 11564 "-" "Mozilla/5.0 AppleWebKit/537.36 (KHTML, like Gecko; compatible; ClaudeBot/1.0; +claudebot@anthropic.com)" cepali.edu.mx 192.185.131.128
3.137.219.68 - - [24/Nov/2024:06:31:38 -0600] "GET /wp-admin/ms-admin-20241116042758-20241116183746.php?p=wp-admin%2Fnetwork%2Fcss&view=about-20241116165732.php HTTP/2.0" 200 22696 "-" "Mozilla/5.0 AppleWebKit/537.36 (KHTML, like Gecko; compatible; ClaudeBot/1.0; +claudebot@anthropic.com)" cepali.edu.mx 192.185.131.128
