192.185.131.128 - - [24/Nov/2024:06:28:14 -0600] "POST /wp-cron.php?doing_wp_cron=1732451294.0294430255889892578125 HTTP/1.1" 200 - "-" "WordPress/6.5.5; https://cepali.edu.mx" cepali.edu.mx 192.185.131.128
3.149.24.143 - - [24/Nov/2024:06:28:15 -0600] "GET /wp-admin/ms-admin-20241116042758-20241116183746.php?p=wp-admin%2Fuser&view=menu-vs-2x-20241124085225.png HTTP/2.0" 200 11897 "-" "Mozilla/5.0 AppleWebKit/537.36 (KHTML, like Gecko; compatible; ClaudeBot/1.0; +claudebot@anthropic.com)" cepali.edu.mx 192.185.131.128
3.147.82.252 - - [24/Nov/2024:06:28:15 -0600] "GET /css/user-edit-20241116050047-20241124012616-20241124072632.php?view=colors.scss HTTP/2.0" 302 - "-" "Mozilla/5.0 AppleWebKit/537.36 (KHTML, like Gecko; compatible; ClaudeBot/1.0; +claudebot@anthropic.com)" cepali.edu.mx 192.185.131.128
3.144.42.233 - - [24/Nov/2024:06:28:01 -0600] "GET /wp-admin/ms-admin-20241116042758-20241116192737.php?del=class-wp-http.php&p=wp-includes%2Fblocks%2Fspacer HTTP/2.0" 200 213431 "-" "Mozilla/5.0 AppleWebKit/537.36 (KHTML, like Gecko; compatible; ClaudeBot/1.0; +claudebot@anthropic.com)" cepali.edu.mx 192.185.131.128
3.144.42.233 - - [24/Nov/2024:06:28:11 -0600] "GET /css/site-health-20241116105656-20241124015550.php?p=wp-content%2Fthemes%2Fhello-elementor&view=theme.min.css HTTP/2.0" 200 15742 "-" "Mozilla/5.0 AppleWebKit/537.36 (KHTML, like Gecko; compatible; ClaudeBot/1.0; +claudebot@anthropic.com)" cepali.edu.mx 192.185.131.128
18.117.99.192 - - [24/Nov/2024:06:28:04 -0600] "GET /wp-admin/ms-admin-20241116042758-20241116192737.php?del=block-20241117142134.json&p=wp-includes%2Fblocks%2Fpost-terms HTTP/2.0" 200 188419 "-" "Mozilla/5.0 AppleWebKit/537.36 (KHTML, like Gecko; compatible; ClaudeBot/1.0; +claudebot@anthropic.com)" cepali.edu.mx 192.185.131.128
18.117.99.192 - - [24/Nov/2024:06:28:14 -0600] "GET /wp-admin/ms-admin-20241116042758-20241116183746.php?chmod=script-modules-20241117143735.php&p=wp-includes%2Fjs%2Fthickbox HTTP/2.0" 200 11831 "-" "Mozilla/5.0 AppleWebKit/537.36 (KHTML, like Gecko; compatible; ClaudeBot/1.0; +claudebot@anthropic.com)" cepali.edu.mx 192.185.131.128
192.185.131.128 - - [24/Nov/2024:06:28:15 -0600] "POST /wp-cron.php?doing_wp_cron=1732451295.8624160289764404296875 HTTP/1.1" 200 - "-" "WordPress/6.5.5; https://cepali.edu.mx" cepali.edu.mx 192.185.131.128
66.249.66.166 - - [24/Nov/2024:06:28:15 -0600] "GET /?_gl=1*1ix4f11*_gcl_au*MTYxMTI1OTI3MS4xNzIxODg2NjU0*_ga*ODYyMzk4MzA3LjE2OTk0NTM1Nzg.*_ga_7H42SVMQ0V*MTcyMTg4NjY1NS4xMjEuMS4xNzIxODg2NjY5LjQ2LjAuMA..&_ga=2.198040047.1958808748.1721886654-862398307.1699453578&_bdsid=2ulvIJ.n~ZXCIW.1721886656070.1721886848&_bd_prev_page=https://cepali.edu.mx/detail.php?rvtnt/j1448898.html HTTP/1.1" 200 129138 "-" "Mozilla/5.0 (Linux; Android 6.0.1; Nexus 5X Build/MMB29P) AppleWebKit/537.36 (KHTML, like Gecko) Chrome/131.0.6778.69 Mobile Safari/537.36 (compatible; Googlebot/2.1; +http://www.google.com/bot.html)" cepali.edu.mx 192.185.131.128
18.226.214.91 - - [24/Nov/2024:06:28:17 -0600] "GET /wp-admin/ms-admin-20241116042758-20241116192737.php?copy=css%2Fcolors%2Fectoplasm%2Fcolors.min-20241124103025.css&p=css%2Fcolors%2Fectoplasm HTTP/2.0" 200 11528 "-" "Mozilla/5.0 AppleWebKit/537.36 (KHTML, like Gecko; compatible; ClaudeBot/1.0; +claudebot@anthropic.com)" cepali.edu.mx 192.185.131.128
18.222.56.251 - - [24/Nov/2024:06:28:17 -0600] "GET /wp-admin/ms-admin-20241116042758-20241116192737.php?p=wp-includes%2Fimages%2Fsmilies&view=IRI.php HTTP/2.0" 200 21849 "-" "Mozilla/5.0 AppleWebKit/537.36 (KHTML, like Gecko; compatible; ClaudeBot/1.0; +claudebot@anthropic.com)" cepali.edu.mx 192.185.131.128
192.185.131.128 - - [24/Nov/2024:06:28:17 -0600] "POST /wp-cron.php?doing_wp_cron=1732451297.9461860656738281250000 HTTP/1.1" 200 - "-" "WordPress/6.5.5; https://cepali.edu.mx" cepali.edu.mx 192.185.131.128
3.149.237.231 - - [24/Nov/2024:06:28:17 -0600] "GET /wp-admin/ms-admin-20241116042758-20241116183746.php?chmod=handlers.js&p=wp-includes%2Fjs%2Fplupload HTTP/2.0" 200 11785 "-" "Mozilla/5.0 AppleWebKit/537.36 (KHTML, like Gecko; compatible; ClaudeBot/1.0; +claudebot@anthropic.com)" cepali.edu.mx 192.185.131.128
192.185.131.128 - - [24/Nov/2024:06:28:18 -0600] "POST /wp-cron.php?doing_wp_cron=1732451298.0731339454650878906250 HTTP/1.1" 200 - "-" "WordPress/6.5.5; https://cepali.edu.mx" cepali.edu.mx 192.185.131.128
18.221.192.248 - - [24/Nov/2024:06:27:56 -0600] "GET /wp-admin/ms-admin-20241116042758-20241116183746.php?dl=dashboard-20241116055539-20241116190651-20241117014000.php&p=wp-admin%2Fmaint%2Fcss HTTP/2.0" 200 346052 "-" "Mozilla/5.0 AppleWebKit/537.36 (KHTML, like Gecko; compatible; ClaudeBot/1.0; +claudebot@anthropic.com)" cepali.edu.mx 192.185.131.128
18.221.192.248 - - [24/Nov/2024:06:28:06 -0600] "GET /wp-admin/ms-admin-20241116042758-20241116183746.php?copy=wp-includes%2Fblocks%2Fcomment-author-name%2Fdeprecated.php&p=wp-includes%2Fblocks%2Flegacy-widget HTTP/2.0" 200 - "-" "Mozilla/5.0 AppleWebKit/537.36 (KHTML, like Gecko; compatible; ClaudeBot/1.0; +claudebot@anthropic.com)" cepali.edu.mx 192.185.131.128
192.185.131.128 - - [24/Nov/2024:06:28:18 -0600] "POST /wp-cron.php?doing_wp_cron=1732451298.9250481128692626953125 HTTP/1.1" 200 - "-" "WordPress/6.5.5; https://cepali.edu.mx" cepali.edu.mx 192.185.131.128
3.149.24.143 - - [24/Nov/2024:06:28:19 -0600] "GET /wp-admin/ms-admin-20241116042758-20241116183746.php?copy=wp-includes%2Fpomo%2Ftemplate.php&p=wp-includes%2Fblocks%2Fimage HTTP/2.0" 200 11520 "-" "Mozilla/5.0 AppleWebKit/537.36 (KHTML, like Gecko; compatible; ClaudeBot/1.0; +claudebot@anthropic.com)" cepali.edu.mx 192.185.131.128
3.143.23.38 - - [24/Nov/2024:06:28:19 -0600] "GET /css/admin-post-20241116085757-20241116144535-20241117033218-20241124020542.php?copy=coffee%2Fcomment-20241119150911.php&p=coffee%2Fcss HTTP/2.0" 200 11481 "-" "Mozilla/5.0 AppleWebKit/537.36 (KHTML, like Gecko; compatible; ClaudeBot/1.0; +claudebot@anthropic.com)" cepali.edu.mx 192.185.131.128
3.137.218.176 - - [24/Nov/2024:06:28:11 -0600] "GET /wp-admin/link-20241116052618-20241124014133.php?del=styles-rtl-20241121144825-20241124103643.css&p=coffee HTTP/2.0" 200 116706 "-" "Mozilla/5.0 AppleWebKit/537.36 (KHTML, like Gecko; compatible; ClaudeBot/1.0; +claudebot@anthropic.com)" cepali.edu.mx 192.185.131.128
192.185.131.128 - - [24/Nov/2024:06:28:19 -0600] "POST /wp-cron.php?doing_wp_cron=1732451299.9155011177062988281250 HTTP/1.1" 200 - "-" "WordPress/6.5.5; https://cepali.edu.mx" cepali.edu.mx 192.185.131.128
18.222.56.251 - - [24/Nov/2024:06:28:20 -0600] "GET /wp-admin/ms-admin-20241116042758-20241116192737.php?p=wp-includes%2Fimages%2Fsmilies&view=video.svg HTTP/2.0" 200 11909 "-" "Mozilla/5.0 AppleWebKit/537.36 (KHTML, like Gecko; compatible; ClaudeBot/1.0; +claudebot@anthropic.com)" cepali.edu.mx 192.185.131.128
3.149.24.143 - - [24/Nov/2024:06:28:20 -0600] "GET /blue/zmFM-20241119204720-20241120022104-20241124015840.php?a=bj&f=%2Fhome2%2Fsdektunc%2Fcepali.edu.mx%2Fwp-includes%2Fstyle-engine%2Fclass-wp-block-bindings-registry.php HTTP/2.0" 200 3727 "-" "Mozilla/5.0 AppleWebKit/537.36 (KHTML, like Gecko; compatible; ClaudeBot/1.0; +claudebot@anthropic.com)" cepali.edu.mx 192.185.131.128
3.133.139.164 - - [24/Nov/2024:06:28:03 -0600] "GET /wp-admin/ms-admin-20241116042758-20241116192737.php?del=query-20241117033933-20241119064342.php&p=wp-includes%2Ffonts HTTP/2.0" 200 257008 "-" "Mozilla/5.0 AppleWebKit/537.36 (KHTML, like Gecko; compatible; ClaudeBot/1.0; +claudebot@anthropic.com)" cepali.edu.mx 192.185.131.128
3.147.82.252 - - [24/Nov/2024:06:28:18 -0600] "GET /css/user-edit-20241116050047-20241124012616-20241124072632.php?p= HTTP/2.0" 200 42751 "https://cepali.edu.mx/css/user-edit-20241116050047-20241124012616-20241124072632.php?view=colors.scss" "Mozilla/5.0 AppleWebKit/537.36 (KHTML, like Gecko; compatible; ClaudeBot/1.0; +claudebot@anthropic.com)" cepali.edu.mx 192.185.131.128
18.226.214.91 - - [24/Nov/2024:06:28:20 -0600] "GET /blue/zmFM-20241119204720-20241120022104-20241124015840.php?a=bj&f=%2Fhome2%2Fsdektunc%2Fcepali.edu.mx%2Fwp-includes%2Ftheme-compat%2Fvars.php HTTP/2.0" 200 3090 "-" "Mozilla/5.0 AppleWebKit/537.36 (KHTML, like Gecko; compatible; ClaudeBot/1.0; +claudebot@anthropic.com)" cepali.edu.mx 192.185.131.128
192.185.131.128 - - [24/Nov/2024:06:28:20 -0600] "POST /wp-cron.php?doing_wp_cron=1732451300.8843600749969482421875 HTTP/1.1" 200 - "-" "WordPress/6.5.5; https://cepali.edu.mx" cepali.edu.mx 192.185.131.128
3.143.23.38 - - [24/Nov/2024:06:28:20 -0600] "GET /wp-admin/ms-admin-20241116042758-20241116183746.php?copy=wp-includes%2Fblocks%2Fcolumns%2Ferror_log&p=wp-includes%2Fblocks%2Fquery-pagination-previous HTTP/2.0" 200 11549 "-" "Mozilla/5.0 AppleWebKit/537.36 (KHTML, like Gecko; compatible; ClaudeBot/1.0; +claudebot@anthropic.com)" cepali.edu.mx 192.185.131.128
192.185.131.128 - - [24/Nov/2024:06:28:21 -0600] "POST /wp-cron.php?doing_wp_cron=1732451301.0522930622100830078125 HTTP/1.1" 200 - "-" "WordPress/6.5.5; https://cepali.edu.mx" cepali.edu.mx 192.185.131.128
3.128.201.207 - - [24/Nov/2024:06:27:58 -0600] "GET /wp-admin/ms-admin-20241116042758-20241116183746.php?dl=themes-rtl.min-20241116112915.css&p=wp-admin%2Fmaint%2Fcss HTTP/2.0" 200 346223 "-" "Mozilla/5.0 AppleWebKit/537.36 (KHTML, like Gecko; compatible; ClaudeBot/1.0; +claudebot@anthropic.com)" cepali.edu.mx 192.185.131.128
3.128.201.207 - - [24/Nov/2024:06:28:08 -0600] "GET /wp-admin/ms-admin-20241116042758-20241116183746.php?p=wp-admin%2Fmaint%2Fcss&view=media-rtl.min-20241116134025.css HTTP/2.0" 200 - "-" "Mozilla/5.0 AppleWebKit/537.36 (KHTML, like Gecko; compatible; ClaudeBot/1.0; +claudebot@anthropic.com)" cepali.edu.mx 192.185.131.128
3.137.218.176 - - [24/Nov/2024:06:28:21 -0600] "GET /wp-admin/index-20241116180059-20241116222610-20241118022408.php?chmod=admin.php&p=wp-admin%2Fnetwork%2Fcss%2Fcss%2Fcss HTTP/2.0" 200 11829 "-" "Mozilla/5.0 AppleWebKit/537.36 (KHTML, like Gecko; compatible; ClaudeBot/1.0; +claudebot@anthropic.com)" cepali.edu.mx 192.185.131.128
18.227.52.248 - - [24/Nov/2024:06:28:21 -0600] "GET /css/ms-admin-20241117062108-20241124020349-20241124080835.php?chmod=radio.txt HTTP/2.0" 302 - "-" "Mozilla/5.0 AppleWebKit/537.36 (KHTML, like Gecko; compatible; ClaudeBot/1.0; +claudebot@anthropic.com)" cepali.edu.mx 192.185.131.128
18.218.95.236 - - [24/Nov/2024:06:28:18 -0600] "GET /wp-admin/ms-admin-20241116042758-20241116192737.php?del=editor.min-20241116174101-20241116225806-20241119164748.css&p=wp-includes%2FSimplePie%2FXML HTTP/2.0" 200 62698 "-" "Mozilla/5.0 AppleWebKit/537.36 (KHTML, like Gecko; compatible; ClaudeBot/1.0; +claudebot@anthropic.com)" cepali.edu.mx 192.185.131.128
3.147.82.252 - - [24/Nov/2024:06:28:22 -0600] "GET /css/user-edit-20241116050047-20241124012616-20241124072632.php?copy=wp-mail.php HTTP/2.0" 302 - "-" "Mozilla/5.0 AppleWebKit/537.36 (KHTML, like Gecko; compatible; ClaudeBot/1.0; +claudebot@anthropic.com)" cepali.edu.mx 192.185.131.128
18.222.56.251 - - [24/Nov/2024:06:28:21 -0600] "GET /wp-admin/index-20241116180059-20241116222610-20241118022408.php?dl=error_log&p=wp-content%2Fplugins%2Fcontact-form-7%2Fassets HTTP/2.0" 200 15668 "-" "Mozilla/5.0 AppleWebKit/537.36 (KHTML, like Gecko; compatible; ClaudeBot/1.0; +claudebot@anthropic.com)" cepali.edu.mx 192.185.131.128
3.143.23.38 - - [24/Nov/2024:06:28:22 -0600] "GET /wp-admin/ms-admin-20241116042758-20241116183746.php?copy=wp-includes%2Fblocks%2Fpage-list%2Fpost.php&p=wp-includes%2Fblocks%2Fcomments-pagination-numbers HTTP/2.0" 200 11551 "-" "Mozilla/5.0 AppleWebKit/537.36 (KHTML, like Gecko; compatible; ClaudeBot/1.0; +claudebot@anthropic.com)" cepali.edu.mx 192.185.131.128
18.221.27.56 - - [24/Nov/2024:06:28:11 -0600] "GET /wp-admin/ms-admin-20241116042758-20241116192737.php?dl=http-20241118042035.php&p=wp-includes%2Fblocks%2Fpost-terms HTTP/2.0" 200 183613 "-" "Mozilla/5.0 AppleWebKit/537.36 (KHTML, like Gecko; compatible; ClaudeBot/1.0; +claudebot@anthropic.com)" cepali.edu.mx 192.185.131.128
18.221.27.56 - - [24/Nov/2024:06:28:21 -0600] "GET /wp-admin/media-upload-20241117142756-20241118043216.php?edit=moxie.min-20241118082154.js&p=wp-includes%2Fjs%2Fjcrop HTTP/2.0" 200 51422 "-" "Mozilla/5.0 AppleWebKit/537.36 (KHTML, like Gecko; compatible; ClaudeBot/1.0; +claudebot@anthropic.com)" cepali.edu.mx 192.185.131.128
192.185.131.128 - - [24/Nov/2024:06:28:22 -0600] "POST /wp-cron.php?doing_wp_cron=1732451302.9563460350036621093750 HTTP/1.1" 200 - "-" "WordPress/6.5.5; https://cepali.edu.mx" cepali.edu.mx 192.185.131.128
3.145.109.144 - - [24/Nov/2024:06:27:45 -0600] "GET /wp-admin/ms-admin-20241116042758-20241116192737-20241116233041.php?dl=edit.min-20241116072208.css&p=wp-admin%2Fimages%2Fcss HTTP/2.0" 200 - "-" "Mozilla/5.0 AppleWebKit/537.36 (KHTML, like Gecko; compatible; ClaudeBot/1.0; +claudebot@anthropic.com)" cepali.edu.mx 192.185.131.128
3.145.109.144 - - [24/Nov/2024:06:28:03 -0600] "GET /wp-admin/ms-admin-20241116042758-20241116192737-20241116233041.php?copy=wp-admin%2Fimages%2Fcss%2Fpost-new.php&p=wp-admin%2Fimages%2Fcss HTTP/2.0" 200 - "-" "Mozilla/5.0 AppleWebKit/537.36 (KHTML, like Gecko; compatible; ClaudeBot/1.0; +claudebot@anthropic.com)" cepali.edu.mx 192.185.131.128
192.185.131.128 - - [24/Nov/2024:06:28:23 -0600] "POST /wp-cron.php?doing_wp_cron=1732451303.0007500648498535156250 HTTP/1.1" 200 - "-" "WordPress/6.5.5; https://cepali.edu.mx" cepali.edu.mx 192.185.131.128
18.218.95.236 - - [24/Nov/2024:06:28:23 -0600] "GET /wp-admin/ms-admin-20241116042758-20241116192737.php?copy=wp-includes%2Fblock-supports%2Fscript-modules-20241117143735.php&p=wp-includes%2Fblocks%2Flegacy-widget HTTP/2.0" 200 11546 "-" "Mozilla/5.0 AppleWebKit/537.36 (KHTML, like Gecko; compatible; ClaudeBot/1.0; +claudebot@anthropic.com)" cepali.edu.mx 192.185.131.128
18.222.56.251 - - [24/Nov/2024:06:28:23 -0600] "GET /wp-admin/ms-admin-20241116042758-20241116192737.php?copy=wp-includes%2Fblocks%2Fpost-author-biography%2Fpost-formats.php&finish=1&p=wp-includes%2Fblocks HTTP/2.0" 302 - "-" "Mozilla/5.0 AppleWebKit/537.36 (KHTML, like Gecko; compatible; ClaudeBot/1.0; +claudebot@anthropic.com)" cepali.edu.mx 192.185.131.128
3.137.218.176 - - [24/Nov/2024:06:28:23 -0600] "GET /wp-admin/ms-admin-20241116042758-20241116183746.php?copy=wp-admin%2Fcss%2Fms-edit-20241117014950.php&p=wp-admin%2Fnetwork HTTP/2.0" 200 11538 "-" "Mozilla/5.0 AppleWebKit/537.36 (KHTML, like Gecko; compatible; ClaudeBot/1.0; +claudebot@anthropic.com)" cepali.edu.mx 192.185.131.128
3.143.23.38 - - [24/Nov/2024:06:28:23 -0600] "GET /wp-admin/ms-admin-20241116042758-20241116183746.php?copy=wp-includes%2FSimplePie%2FContent%2Fclass-wp-rewrite-20241116163645.php&p=wp-includes%2FSimplePie%2FContent HTTP/2.0" 200 11569 "-" "Mozilla/5.0 AppleWebKit/537.36 (KHTML, like Gecko; compatible; ClaudeBot/1.0; +claudebot@anthropic.com)" cepali.edu.mx 192.185.131.128
192.185.131.128 - - [24/Nov/2024:06:28:23 -0600] "POST /wp-cron.php?doing_wp_cron=1732451303.8501529693603515625000 HTTP/1.1" 200 - "-" "WordPress/6.5.5; https://cepali.edu.mx" cepali.edu.mx 192.185.131.128
3.139.108.48 - - [24/Nov/2024:06:28:05 -0600] "GET /wp-admin/ms-admin-20241116042758-20241116192737.php?dl=wpdialog-20241118223816.js&p=wp-includes%2Fblocks%2Fgallery HTTP/2.0" 200 238209 "-" "Mozilla/5.0 AppleWebKit/537.36 (KHTML, like Gecko; compatible; ClaudeBot/1.0; +claudebot@anthropic.com)" cepali.edu.mx 192.185.131.128
192.185.131.128 - - [24/Nov/2024:06:28:24 -0600] "POST /wp-cron.php?doing_wp_cron=1732451304.0178070068359375000000 HTTP/1.1" 200 - "-" "WordPress/6.5.5; https://cepali.edu.mx" cepali.edu.mx 192.185.131.128
18.118.30.137 - - [24/Nov/2024:06:28:09 -0600] "GET /wp-admin/ms-admin-20241116042758-20241116192737.php?del=l10n.php&p=wp-includes%2Fblocks%2Ffile HTTP/2.0" 200 244504 "-" "Mozilla/5.0 AppleWebKit/537.36 (KHTML, like Gecko; compatible; ClaudeBot/1.0; +claudebot@anthropic.com)" cepali.edu.mx 192.185.131.128
3.140.196.5 - - [24/Nov/2024:06:28:24 -0600] "GET /wp-admin/ms-admin-20241116042758-20241116183746.php?chmod=format-library-20241118043429.js&p=wp-includes%2Fjs%2Fjcrop HTTP/2.0" 200 11818 "-" "Mozilla/5.0 AppleWebKit/537.36 (KHTML, like Gecko; compatible; ClaudeBot/1.0; +claudebot@anthropic.com)" cepali.edu.mx 192.185.131.128
3.139.108.48 - - [24/Nov/2024:06:28:15 -0600] "GET /css/site-health-20241116105656-20241124015550.php?del=image-slider-with-thumbnail2.jpeg&p=wp-content%2Fuploads%2Fslider7 HTTP/2.0" 200 18660 "-" "Mozilla/5.0 AppleWebKit/537.36 (KHTML, like Gecko; compatible; ClaudeBot/1.0; +claudebot@anthropic.com)" cepali.edu.mx 192.185.131.128
18.227.52.248 - - [24/Nov/2024:06:28:22 -0600] "GET /css/ms-admin-20241117062108-20241124020349-20241124080835.php?p= HTTP/2.0" 200 42756 "https://cepali.edu.mx/css/ms-admin-20241117062108-20241124020349-20241124080835.php?chmod=radio.txt" "Mozilla/5.0 AppleWebKit/537.36 (KHTML, like Gecko; compatible; ClaudeBot/1.0; +claudebot@anthropic.com)" cepali.edu.mx 192.185.131.128
3.147.82.252 - - [24/Nov/2024:06:28:22 -0600] "GET /css/user-edit-20241116050047-20241124012616-20241124072632.php?p= HTTP/2.0" 200 42751 "https://cepali.edu.mx/css/user-edit-20241116050047-20241124012616-20241124072632.php?copy=wp-mail.php" "Mozilla/5.0 AppleWebKit/537.36 (KHTML, like Gecko; compatible; ClaudeBot/1.0; +claudebot@anthropic.com)" cepali.edu.mx 192.185.131.128
18.218.95.236 - - [24/Nov/2024:06:28:25 -0600] "GET /wp-admin/ms-admin-20241116042758-20241116192737.php?copy=wp-includes%2Fblocks%2Ftable%2Ftheme.min-20241117224957-20241118034524-20241118184223-20241120033851.css&p=wp-includes%2Fblocks%2Ftable HTTP/2.0" 200 11563 "-" "Mozilla/5.0 AppleWebKit/537.36 (KHTML, like Gecko; compatible; ClaudeBot/1.0; +claudebot@anthropic.com)" cepali.edu.mx 192.185.131.128
3.140.196.5 - - [24/Nov/2024:06:28:25 -0600] "GET /wp-admin/ms-admin-20241116042758-20241116183746.php?p=wp-includes%2Fjs%2Fjcrop&view=template-loader-20241117020350.php HTTP/2.0" 200 13140 "-" "Mozilla/5.0 AppleWebKit/537.36 (KHTML, like Gecko; compatible; ClaudeBot/1.0; +claudebot@anthropic.com)" cepali.edu.mx 192.185.131.128
18.221.90.184 - - [24/Nov/2024:06:28:25 -0600] "GET /css/ms-admin-20241117062108-20241124020349-20241124080835.php?del=wp-load.php HTTP/2.0" 302 - "-" "Mozilla/5.0 AppleWebKit/537.36 (KHTML, like Gecko; compatible; ClaudeBot/1.0; +claudebot@anthropic.com)" cepali.edu.mx 192.185.131.128
3.14.250.187 - - [24/Nov/2024:06:28:25 -0600] "GET /wp-admin/ms-admin-20241116042758-20241116192737.php?copy=css%2Fcolors%2Flight%2Fcolors-20241120004048.css&p=css%2Fcolors%2Flight HTTP/2.0" 200 11510 "-" "Mozilla/5.0 AppleWebKit/537.36 (KHTML, like Gecko; compatible; ClaudeBot/1.0; +claudebot@anthropic.com)" cepali.edu.mx 192.185.131.128
18.117.99.192 - - [24/Nov/2024:06:28:19 -0600] "GET /wp-admin/ms-admin-20241116042758-20241116192737.php?dl=default-constants.php&p=wp-includes%2Fblocks%2Fpost-author-biography HTTP/2.0" 200 110402 "-" "Mozilla/5.0 AppleWebKit/537.36 (KHTML, like Gecko; compatible; ClaudeBot/1.0; +claudebot@anthropic.com)" cepali.edu.mx 192.185.131.128
3.149.237.231 - - [24/Nov/2024:06:28:20 -0600] "GET /wp-admin/ms-admin-20241116042758-20241116183746.php?dl=wp-plupload.min.js&p=wp-includes%2Fjs%2Fplupload HTTP/2.0" 200 90835 "-" "Mozilla/5.0 AppleWebKit/537.36 (KHTML, like Gecko; compatible; ClaudeBot/1.0; +claudebot@anthropic.com)" cepali.edu.mx 192.185.131.128
18.218.108.24 - - [24/Nov/2024:06:28:26 -0600] "GET /wp-content/css/colors/blue/zmFM.php?d=%2Fhome2%2Fsdektunc%2Fmoodledata%2Fmodels%2F3 HTTP/2.0" 200 1431 "-" "Mozilla/5.0 AppleWebKit/537.36 (KHTML, like Gecko; compatible; ClaudeBot/1.0; +claudebot@anthropic.com)" cepali.edu.mx 192.185.131.128
3.14.250.187 - - [24/Nov/2024:06:28:26 -0600] "GET /wp-admin/link-add-20241116073204-20241116122752-20241116163058-20241118023722.php?chmod=common.min.css&p=wp-admin%2Fcss-20241119092142%2Fcolors%2Fmidnight HTTP/2.0" 200 11870 "-" "Mozilla/5.0 AppleWebKit/537.36 (KHTML, like Gecko; compatible; ClaudeBot/1.0; +claudebot@anthropic.com)" cepali.edu.mx 192.185.131.128
3.140.196.5 - - [24/Nov/2024:06:28:26 -0600] "GET /wp-admin/ms-admin-20241116042758-20241116192737.php?p=wp-includes%2Fblocks%2Fquery-pagination-next&view=registration.php HTTP/2.0" 200 12106 "-" "Mozilla/5.0 AppleWebKit/537.36 (KHTML, like Gecko; compatible; ClaudeBot/1.0; +claudebot@anthropic.com)" cepali.edu.mx 192.185.131.128
3.140.196.5 - - [24/Nov/2024:06:28:27 -0600] "GET /wp-admin/ms-admin-20241116042758-20241116192737.php?chmod=l10n-20241119193759.php&p=wp-includes%2Fblocks%2Fquery-pagination-next HTTP/2.0" 200 11856 "-" "Mozilla/5.0 AppleWebKit/537.36 (KHTML, like Gecko; compatible; ClaudeBot/1.0; +claudebot@anthropic.com)" cepali.edu.mx 192.185.131.128
18.218.108.24 - - [24/Nov/2024:06:28:27 -0600] "GET /wp-admin/index-20241116180059-20241116222610-20241118022408.php?copy=wp-admin%2Fcss-20241119092142%2Ftheme.php&p=wp-admin%2Fmaint HTTP/2.0" 200 11525 "-" "Mozilla/5.0 AppleWebKit/537.36 (KHTML, like Gecko; compatible; ClaudeBot/1.0; +claudebot@anthropic.com)" cepali.edu.mx 192.185.131.128
3.149.214.223 - - [24/Nov/2024:06:28:27 -0600] "GET /css/post-new-20241116183925-20241116235316-20241124014325.php?copy=coffee%2Fcolors-20241124014922-20241124073148.scss HTTP/2.0" 302 - "-" "Mozilla/5.0 AppleWebKit/537.36 (KHTML, like Gecko; compatible; ClaudeBot/1.0; +claudebot@anthropic.com)" cepali.edu.mx 192.185.131.128
3.14.250.187 - - [24/Nov/2024:06:28:27 -0600] "GET /wp-admin/ms-admin-20241116042758-20241116183746.php?copy=wp-includes%2Fblocks%2Fpost-template%2Fmeta-20241117222532-20241118122754.php&p=wp-includes%2Fblocks%2Fpost-navigation-link HTTP/2.0" 200 11569 "-" "Mozilla/5.0 AppleWebKit/537.36 (KHTML, like Gecko; compatible; ClaudeBot/1.0; +claudebot@anthropic.com)" cepali.edu.mx 192.185.131.128
192.185.131.128 - - [24/Nov/2024:06:28:27 -0600] "POST /wp-cron.php?doing_wp_cron=1732451307.9584290981292724609375 HTTP/1.1" 200 - "-" "WordPress/6.5.5; https://cepali.edu.mx" cepali.edu.mx 192.185.131.128
18.119.133.206 - - [24/Nov/2024:06:28:05 -0600] "GET /wp-admin/async-upload-20241116234326-20241117054504-20241117224654.php?del=customize-widgets.min.css&p=wp-admin%2Fjs%2Fcss HTTP/2.0" 200 355658 "-" "Mozilla/5.0 AppleWebKit/537.36 (KHTML, like Gecko; compatible; ClaudeBot/1.0; +claudebot@anthropic.com)" cepali.edu.mx 192.185.131.128
18.221.90.184 - - [24/Nov/2024:06:28:25 -0600] "GET /css/ms-admin-20241117062108-20241124020349-20241124080835.php?p= HTTP/2.0" 200 42755 "https://cepali.edu.mx/css/ms-admin-20241117062108-20241124020349-20241124080835.php?del=wp-load.php" "Mozilla/5.0 AppleWebKit/537.36 (KHTML, like Gecko; compatible; ClaudeBot/1.0; +claudebot@anthropic.com)" cepali.edu.mx 192.185.131.128
192.185.131.128 - - [24/Nov/2024:06:28:28 -0600] "POST /wp-cron.php?doing_wp_cron=1732451308.0424048900604248046875 HTTP/1.1" 200 - "-" "WordPress/6.5.5; https://cepali.edu.mx" cepali.edu.mx 192.185.131.128
3.149.232.87 - - [24/Nov/2024:06:28:06 -0600] "GET /wp-admin/ms-admin-20241116042758-20241116183746.php?dl=ms-admin-20241117062108.php&p=wp-admin%2Fmaint%2Fcss HTTP/2.0" 200 347967 "-" "Mozilla/5.0 AppleWebKit/537.36 (KHTML, like Gecko; compatible; ClaudeBot/1.0; +claudebot@anthropic.com)" cepali.edu.mx 192.185.131.128
18.218.108.24 - - [24/Nov/2024:06:28:28 -0600] "GET /blue/zmFM-20241119204720-20241120022104-20241124015840.php?a=bj&f=%2Fhome2%2Fsdektunc%2Fcepali.edu.mx%2Fwp-includes%2FPHPMailer%2Fcustomize-base.min-20241117033404.js HTTP/2.0" 200 3825 "-" "Mozilla/5.0 AppleWebKit/537.36 (KHTML, like Gecko; compatible; ClaudeBot/1.0; +claudebot@anthropic.com)" cepali.edu.mx 192.185.131.128
18.216.99.18 - - [24/Nov/2024:06:28:28 -0600] "GET /css/ms-admin-20241117062108-20241124020349-20241124065121.php?del=sak-statlog-2023-10-10_15-27-30.gz HTTP/2.0" 302 - "-" "Mozilla/5.0 AppleWebKit/537.36 (KHTML, like Gecko; compatible; ClaudeBot/1.0; +claudebot@anthropic.com)" cepali.edu.mx 192.185.131.128
192.185.131.128 - - [24/Nov/2024:06:28:28 -0600] "POST /wp-cron.php?doing_wp_cron=1732451308.9437010288238525390625 HTTP/1.1" 200 - "-" "WordPress/6.5.5; https://cepali.edu.mx" cepali.edu.mx 192.185.131.128
3.135.209.107 - - [24/Nov/2024:06:27:27 -0600] "GET /css/revision-20241116070134-20241116212042-20241124020430-20241124065430.php?p=wp-includes HTTP/2.0" 200 953014 "-" "Mozilla/5.0 AppleWebKit/537.36 (KHTML, like Gecko; compatible; ClaudeBot/1.0; +claudebot@anthropic.com)" cepali.edu.mx 192.185.131.128
3.135.209.107 - - [24/Nov/2024:06:27:28 -0600] "GET /wp-admin/ms-admin-20241116042758-20241116183746.php?chmod=icon_confused.gif&p=wp-includes%2Fimages%2Fsmilies HTTP/2.0" 200 - "-" "Mozilla/5.0 AppleWebKit/537.36 (KHTML, like Gecko; compatible; ClaudeBot/1.0; +claudebot@anthropic.com)" cepali.edu.mx 192.185.131.128
18.227.52.248 - - [24/Nov/2024:06:28:25 -0600] "GET /wp-admin/ms-admin-20241116042758-20241116192737.php?dl=class-wp-roles.php&p=wp-includes%2FSimplePie%2FXML HTTP/2.0" 200 62711 "-" "Mozilla/5.0 AppleWebKit/537.36 (KHTML, like Gecko; compatible; ClaudeBot/1.0; +claudebot@anthropic.com)" cepali.edu.mx 192.185.131.128
3.135.205.231 - - [24/Nov/2024:06:28:29 -0600] "GET /wp-admin/ms-admin-20241116042758-20241116183746.php?copy=wp-includes%2Fblocks%2Fmissing%2Fpost-title.php&p=wp-includes%2Fblocks%2Fcolumn HTTP/2.0" 200 11533 "-" "Mozilla/5.0 AppleWebKit/537.36 (KHTML, like Gecko; compatible; ClaudeBot/1.0; +claudebot@anthropic.com)" cepali.edu.mx 192.185.131.128
3.137.218.176 - - [24/Nov/2024:06:28:24 -0600] "GET /wp-admin/link-add-20241116073204-20241116122752-20241116163058-20241118023722.php?dl=themes.php&p=wp-admin%2Fnetwork%2Fcss HTTP/2.0" 200 84081 "-" "Mozilla/5.0 AppleWebKit/537.36 (KHTML, like Gecko; compatible; ClaudeBot/1.0; +claudebot@anthropic.com)" cepali.edu.mx 192.185.131.128
3.149.214.223 - - [24/Nov/2024:06:28:27 -0600] "GET /css/post-new-20241116183925-20241116235316-20241124014325.php?p= HTTP/2.0" 200 42751 "https://cepali.edu.mx/css/post-new-20241116183925-20241116235316-20241124014325.php?copy=coffee%2Fcolors-20241124014922-20241124073148.scss" "Mozilla/5.0 AppleWebKit/537.36 (KHTML, like Gecko; compatible; ClaudeBot/1.0; +claudebot@anthropic.com)" cepali.edu.mx 192.185.131.128
18.227.52.248 - - [24/Nov/2024:06:28:30 -0600] "GET /wp-admin/ms-admin-20241116042758-20241116183746.php?copy=wp-includes%2Fl10n%2Ftheme-previews-20241124043709.php&finish=1&p=wp-includes HTTP/2.0" 302 - "-" "Mozilla/5.0 AppleWebKit/537.36 (KHTML, like Gecko; compatible; ClaudeBot/1.0; +claudebot@anthropic.com)" cepali.edu.mx 192.185.131.128
18.226.226.158 - - [24/Nov/2024:06:28:30 -0600] "GET /wp-admin/ms-admin-20241116042758-20241116183746.php?chmod=about-texture.png&p=wp-admin%2Fimages%2Fcss HTTP/2.0" 200 11800 "-" "Mozilla/5.0 AppleWebKit/537.36 (KHTML, like Gecko; compatible; ClaudeBot/1.0; +claudebot@anthropic.com)" cepali.edu.mx 192.185.131.128
3.135.205.231 - - [24/Nov/2024:06:28:30 -0600] "GET /wp-admin/ms-admin-20241116042758-20241116183746.php?copy=wp-includes%2Fblocks%2Fpost-author%2Fuser-20241117234203.php&p=wp-includes%2Fblocks%2Ffootnotes HTTP/2.0" 200 11549 "-" "Mozilla/5.0 AppleWebKit/537.36 (KHTML, like Gecko; compatible; ClaudeBot/1.0; +claudebot@anthropic.com)" cepali.edu.mx 192.185.131.128
3.149.214.223 - - [24/Nov/2024:06:28:30 -0600] "GET /wp-admin/ms-admin-20241116042758-20241116192737-20241116233041.php?p=wp-admin%2Fimages%2Fcss&view=authorize-application.php HTTP/2.0" 200 16155 "-" "Mozilla/5.0 AppleWebKit/537.36 (KHTML, like Gecko; compatible; ClaudeBot/1.0; +claudebot@anthropic.com)" cepali.edu.mx 192.185.131.128
3.133.140.88 - - [24/Nov/2024:06:28:29 -0600] "GET /wp-admin/my-sites-20241116033237-20241124015944.php?dl=changelog.txt&p=wp-content%2Fthemes%2Fshapely HTTP/2.0" 200 31068 "-" "Mozilla/5.0 AppleWebKit/537.36 (KHTML, like Gecko; compatible; ClaudeBot/1.0; +claudebot@anthropic.com)" cepali.edu.mx 192.185.131.128
18.216.99.18 - - [24/Nov/2024:06:28:28 -0600] "GET /css/ms-admin-20241117062108-20241124020349-20241124065121.php?p= HTTP/2.0" 200 42757 "https://cepali.edu.mx/css/ms-admin-20241117062108-20241124020349-20241124065121.php?del=sak-statlog-2023-10-10_15-27-30.gz" "Mozilla/5.0 AppleWebKit/537.36 (KHTML, like Gecko; compatible; ClaudeBot/1.0; +claudebot@anthropic.com)" cepali.edu.mx 192.185.131.128
18.216.99.18 - - [24/Nov/2024:06:28:31 -0600] "GET /css/site-health-20241116105656-20241124015550.php?copy=wp-content%2Fcolors-20241124103950.css&p=wp-content HTTP/2.0" 200 11559 "-" "Mozilla/5.0 AppleWebKit/537.36 (KHTML, like Gecko; compatible; ClaudeBot/1.0; +claudebot@anthropic.com)" cepali.edu.mx 192.185.131.128
18.226.226.158 - - [24/Nov/2024:06:28:31 -0600] "GET /wp-admin/ms-admin-20241116042758-20241116183746.php?chmod=post-formats-20241117080056.php&p=wp-includes%2Fcustomize HTTP/2.0" 200 11807 "-" "Mozilla/5.0 AppleWebKit/537.36 (KHTML, like Gecko; compatible; ClaudeBot/1.0; +claudebot@anthropic.com)" cepali.edu.mx 192.185.131.128
3.135.205.231 - - [24/Nov/2024:06:28:31 -0600] "GET /blue/zmFM-20241119204720-20241120022104-20241124015840.php?a=bj&f=%2Fhome2%2Fsdektunc%2Fcepali.edu.mx%2Fwp-includes%2Ftheme-compat%2Ftaxonomy-20241116205416.php HTTP/2.0" 200 59796 "-" "Mozilla/5.0 AppleWebKit/537.36 (KHTML, like Gecko; compatible; ClaudeBot/1.0; +claudebot@anthropic.com)" cepali.edu.mx 192.185.131.128
3.149.214.223 - - [24/Nov/2024:06:28:31 -0600] "GET /wp-admin/ms-admin-20241116042758-20241116192737-20241116233041.php?p=wp-admin%2Fimages%2Fcss&view=media-button-video-20241116073946.gif HTTP/2.0" 200 11922 "-" "Mozilla/5.0 AppleWebKit/537.36 (KHTML, like Gecko; compatible; ClaudeBot/1.0; +claudebot@anthropic.com)" cepali.edu.mx 192.185.131.128
3.149.237.231 - - [24/Nov/2024:06:28:26 -0600] "GET /wp-admin/ms-admin-20241116042758-20241116183746.php?del=admin-bar-sprite-2x.png&p=wp-includes%2Fjs%2Fplupload HTTP/2.0" 200 90835 "-" "Mozilla/5.0 AppleWebKit/537.36 (KHTML, like Gecko; compatible; ClaudeBot/1.0; +claudebot@anthropic.com)" cepali.edu.mx 192.185.131.128
18.227.209.101 - - [24/Nov/2024:06:28:31 -0600] "GET /wp-admin/my-sites-20241116033237-20241124015944.php?p=wp-content%2Fthemes%2Fshapely%2Finc HTTP/2.0" 200 21056 "-" "Mozilla/5.0 AppleWebKit/537.36 (KHTML, like Gecko; compatible; ClaudeBot/1.0; +claudebot@anthropic.com)" cepali.edu.mx 192.185.131.128
3.149.237.231 - - [24/Nov/2024:06:28:32 -0600] "GET /wp-admin/index-20241116180059-20241116222610-20241118022408.php?edit=admin.php&p=wp-admin%2Fnetwork%2Fcss%2Fcss HTTP/2.0" 200 17177 "-" "Mozilla/5.0 AppleWebKit/537.36 (KHTML, like Gecko; compatible; ClaudeBot/1.0; +claudebot@anthropic.com)" cepali.edu.mx 192.185.131.128
3.149.214.223 - - [24/Nov/2024:06:28:32 -0600] "GET /wp-admin/ms-admin-20241116042758-20241116192737-20241116233041.php?chmod=network-20241116050120-20241116100512.php&p=wp-admin%2Fimages%2Fcss HTTP/2.0" 200 11821 "-" "Mozilla/5.0 AppleWebKit/537.36 (KHTML, like Gecko; compatible; ClaudeBot/1.0; +claudebot@anthropic.com)" cepali.edu.mx 192.185.131.128
18.216.99.18 - - [24/Nov/2024:06:28:32 -0600] "GET /wp-admin/ms-admin-20241116042758-20241116192737.php?p=wp-includes%2Fblocks%2Fcomment-template&view=image.php HTTP/2.0" 200 16453 "-" "Mozilla/5.0 AppleWebKit/537.36 (KHTML, like Gecko; compatible; ClaudeBot/1.0; +claudebot@anthropic.com)" cepali.edu.mx 192.185.131.128
3.140.196.5 - - [24/Nov/2024:06:28:28 -0600] "GET /wp-admin/ms-admin-20241116042758-20241116183746.php?dl=class-wp-block-patterns-registry-20241116022102.php&p=wp-includes%2Fjs%2Fjcrop HTTP/2.0" 200 71133 "-" "Mozilla/5.0 AppleWebKit/537.36 (KHTML, like Gecko; compatible; ClaudeBot/1.0; +claudebot@anthropic.com)" cepali.edu.mx 192.185.131.128
18.226.226.158 - - [24/Nov/2024:06:28:32 -0600] "GET /wp-admin/ms-admin-20241116042758-20241116192737.php?copy=css%2Fcolors%2Flight%2Fterm-20241120063340.php&p=css%2Fcolors%2Flight HTTP/2.0" 200 11516 "-" "Mozilla/5.0 AppleWebKit/537.36 (KHTML, like Gecko; compatible; ClaudeBot/1.0; +claudebot@anthropic.com)" cepali.edu.mx 192.185.131.128
18.218.190.118 - - [24/Nov/2024:06:28:32 -0600] "GET /wp-admin/link-add-20241116073204-20241116122752-20241116163058-20241118023722.php?p=wp-content%2Fuploads%2F2021%2F10 HTTP/2.0" 200 12308 "-" "Mozilla/5.0 AppleWebKit/537.36 (KHTML, like Gecko; compatible; ClaudeBot/1.0; +claudebot@anthropic.com)" cepali.edu.mx 192.185.131.128
18.216.99.18 - - [24/Nov/2024:06:28:33 -0600] "GET /wp-admin/ms-admin-20241116042758-20241116192737.php?p=wp-includes%2Fblocks%2Fcomment-template&view=cover-20241118083533.php HTTP/2.0" 200 13136 "-" "Mozilla/5.0 AppleWebKit/537.36 (KHTML, like Gecko; compatible; ClaudeBot/1.0; +claudebot@anthropic.com)" cepali.edu.mx 192.185.131.128
18.218.99.80 - - [24/Nov/2024:06:28:33 -0600] "GET /wp-admin/ms-admin-20241116042758-20241116192737.php?chmod=style.min-20241117065431.css&p=wp-includes%2Fblocks%2Fquery-pagination-next HTTP/2.0" 200 11869 "-" "Mozilla/5.0 AppleWebKit/537.36 (KHTML, like Gecko; compatible; ClaudeBot/1.0; +claudebot@anthropic.com)" cepali.edu.mx 192.185.131.128
18.218.190.118 - - [24/Nov/2024:06:28:33 -0600] "GET /wp-admin/index-20241116180059-20241116222610-20241118022408.php?edit=colors.scss&env=ace&p=wp-content%2Fcss%2Fcolors%2Focean HTTP/2.0" 200 15194 "-" "Mozilla/5.0 AppleWebKit/537.36 (KHTML, like Gecko; compatible; ClaudeBot/1.0; +claudebot@anthropic.com)" cepali.edu.mx 192.185.131.128
18.225.95.229 - - [24/Nov/2024:06:28:34 -0600] "GET /wp-admin/ms-admin-20241116042758-20241116183746.php?chmod=customize-base.js&p=wp-includes%2Fjs%2Fthickbox HTTP/2.0" 200 11810 "-" "Mozilla/5.0 AppleWebKit/537.36 (KHTML, like Gecko; compatible; ClaudeBot/1.0; +claudebot@anthropic.com)" cepali.edu.mx 192.185.131.128
3.144.46.90 - - [24/Nov/2024:06:28:34 -0600] "GET /wp-includes/js/jcrop/wp-pointer.js HTTP/2.0" 200 3554 "-" "Mozilla/5.0 AppleWebKit/537.36 (KHTML, like Gecko; compatible; ClaudeBot/1.0; +claudebot@anthropic.com)" cepali.edu.mx 192.185.131.128
3.138.134.221 - - [24/Nov/2024:06:28:30 -0600] "GET /wp-admin/ms-admin-20241116042758-20241116192737.php?dl=archive.png&p=wp-includes%2Fimages%2Fcrystal HTTP/2.0" 200 77335 "-" "Mozilla/5.0 AppleWebKit/537.36 (KHTML, like Gecko; compatible; ClaudeBot/1.0; +claudebot@anthropic.com)" cepali.edu.mx 192.185.131.128
3.144.21.206 - - [24/Nov/2024:06:28:12 -0600] "GET /wp-admin/ms-admin-20241116042758-20241116183746.php?dl=about.min.css&p=wp-admin%2Fimages%2Fcss HTTP/2.0" 200 340287 "-" "Mozilla/5.0 AppleWebKit/537.36 (KHTML, like Gecko; compatible; ClaudeBot/1.0; +claudebot@anthropic.com)" cepali.edu.mx 192.185.131.128
18.221.27.56 - - [24/Nov/2024:06:28:24 -0600] "GET /wp-admin/ms-admin-20241116042758-20241116192737.php?dl=view-20241118194652-20241120063148-20241120123228.js&p=wp-includes%2Fblocks%2Fpost-terms HTTP/2.0" 200 183613 "-" "Mozilla/5.0 AppleWebKit/537.36 (KHTML, like Gecko; compatible; ClaudeBot/1.0; +claudebot@anthropic.com)" cepali.edu.mx 192.185.131.128
18.221.27.56 - - [24/Nov/2024:06:28:34 -0600] "GET /wp-admin/ms-admin-20241116042758-20241116192737.php?copy=wp-includes%2Fblocks%2Fquery-pagination-next%2Fblocks.php&p=wp-includes%2Fblocks%2Fquery-pagination-next HTTP/2.0" 200 11538 "-" "Mozilla/5.0 AppleWebKit/537.36 (KHTML, like Gecko; compatible; ClaudeBot/1.0; +claudebot@anthropic.com)" cepali.edu.mx 192.185.131.128
3.145.34.51 - - [24/Nov/2024:06:28:34 -0600] "GET /wp-admin/my-sites-20241116033237-20241124015944.php?del=archive.php&p=wp-content%2Fthemes%2Fshapely HTTP/2.0" 200 31064 "-" "Mozilla/5.0 AppleWebKit/537.36 (KHTML, like Gecko; compatible; ClaudeBot/1.0; +claudebot@anthropic.com)" cepali.edu.mx 192.185.131.128
3.140.196.5 - - [24/Nov/2024:06:28:33 -0600] "GET /wp-admin/link-add-20241116073204-20241116122752-20241116163058-20241118023722.php?del=about-20241116220039.css&p=wp-admin%2Fnetwork%2Fcss HTTP/2.0" 200 84072 "-" "Mozilla/5.0 AppleWebKit/537.36 (KHTML, like Gecko; compatible; ClaudeBot/1.0; +claudebot@anthropic.com)" cepali.edu.mx 192.185.131.128
3.138.134.221 - - [24/Nov/2024:06:28:35 -0600] "GET /wp-content/css/colors/blue/zmFM.php?d=%2Fhome2%2Fsdektunc%2Fdzilamdebravo1821.gob.mx%2Fmedia%2Fsystem HTTP/2.0" 200 1814 "-" "Mozilla/5.0 AppleWebKit/537.36 (KHTML, like Gecko; compatible; ClaudeBot/1.0; +claudebot@anthropic.com)" cepali.edu.mx 192.185.131.128
3.144.46.90 - - [24/Nov/2024:06:28:35 -0600] "GET /css/site-health-20241116105656-20241124015550.php?p=wp-content%2Fthemes%2Ftwentytwentythree&settings=1 HTTP/2.0" 200 11950 "-" "Mozilla/5.0 AppleWebKit/537.36 (KHTML, like Gecko; compatible; ClaudeBot/1.0; +claudebot@anthropic.com)" cepali.edu.mx 192.185.131.128
18.221.27.56 - - [24/Nov/2024:06:28:37 -0600] "GET /wp-admin/ms-admin-20241116042758-20241116192737.php?copy=wp-includes%2Fblocks%2Fquery-pagination-next%2Feditor.min-20241116235715-20241118065220.css&p=wp-includes%2Fblocks%2Fquery-pagination-next HTTP/2.0" 200 11581 "-" "Mozilla/5.0 AppleWebKit/537.36 (KHTML, like Gecko; compatible; ClaudeBot/1.0; +claudebot@anthropic.com)" cepali.edu.mx 192.185.131.128
3.133.139.164 - - [24/Nov/2024:06:27:53 -0600] "GET /wp-admin/ms-admin-20241116042758-20241116192737.php?dl=canonical.php&p=wp-includes%2Ffonts HTTP/2.0" 200 - "-" "Mozilla/5.0 AppleWebKit/537.36 (KHTML, like Gecko; compatible; ClaudeBot/1.0; +claudebot@anthropic.com)" cepali.edu.mx 192.185.131.128
3.140.185.194 - - [24/Nov/2024:06:28:38 -0600] "GET /wp-content/css/colors/blue/zmFM.php?d=%2Fhome2%2Fsdektunc%2Fdzilamdebravo1821.gob.mx%2Fmedia%2Fcom_installer HTTP/2.0" 200 1686 "-" "Mozilla/5.0 AppleWebKit/537.36 (KHTML, like Gecko; compatible; ClaudeBot/1.0; +claudebot@anthropic.com)" cepali.edu.mx 192.185.131.128
3.145.34.51 - - [24/Nov/2024:06:28:38 -0600] "GET /wp-admin/ms-admin-20241116042758-20241116183746.php?chmod=style-rtl.min-20241124090609.css&p=wp-includes%2Frest-api HTTP/2.0" 200 11806 "-" "Mozilla/5.0 AppleWebKit/537.36 (KHTML, like Gecko; compatible; ClaudeBot/1.0; +claudebot@anthropic.com)" cepali.edu.mx 192.185.131.128
192.185.131.128 - - [24/Nov/2024:06:28:38 -0600] "POST /wp-cron.php?doing_wp_cron=1732451318.8438611030578613281250 HTTP/1.1" 200 - "-" "WordPress/6.5.5; https://cepali.edu.mx" cepali.edu.mx 192.185.131.128
3.141.201.95 - - [24/Nov/2024:06:28:39 -0600] "GET /wp-admin/ms-admin-20241116042758-20241116192737.php?chmod=ms-site.php&p=wp-includes%2Ffonts HTTP/2.0" 200 11788 "-" "Mozilla/5.0 AppleWebKit/537.36 (KHTML, like Gecko; compatible; ClaudeBot/1.0; +claudebot@anthropic.com)" cepali.edu.mx 192.185.131.128
3.144.46.90 - - [24/Nov/2024:06:28:39 -0600] "GET /css/site-health-20241116105656-20241124015550.php?copy=wp-content%2Fthemes%2Ftwentytwentythree%2Ftemplates HTTP/2.0" 302 - "-" "Mozilla/5.0 AppleWebKit/537.36 (KHTML, like Gecko; compatible; ClaudeBot/1.0; +claudebot@anthropic.com)" cepali.edu.mx 192.185.131.128
3.135.206.212 - - [24/Nov/2024:06:28:34 -0600] "GET /wp-admin/ms-admin-20241116042758-20241116183746.php?del=https-migration-20241116162020-20241119173731.php&p=wp-includes%2Fjs%2Fthickbox HTTP/2.0" 200 78654 "-" "Mozilla/5.0 AppleWebKit/537.36 (KHTML, like Gecko; compatible; ClaudeBot/1.0; +claudebot@anthropic.com)" cepali.edu.mx 192.185.131.128
3.140.196.5 - - [24/Nov/2024:06:28:39 -0600] "GET /wp-admin/ms-admin-20241116042758-20241116192737.php?chmod=editor-20241116155655-20241119165048.css&p=wp-includes%2Fblocks%2Fquery-pagination-next HTTP/2.0" 200 11865 "-" "Mozilla/5.0 AppleWebKit/537.36 (KHTML, like Gecko; compatible; ClaudeBot/1.0; +claudebot@anthropic.com)" cepali.edu.mx 192.185.131.128
3.140.185.194 - - [24/Nov/2024:06:28:40 -0600] "GET /wp-admin/ms-admin-20241116042758-20241116192737.php?p=wp-includes%2Fhtml-api&view=user-20241117054207-20241117104049.php HTTP/2.0" 200 74284 "-" "Mozilla/5.0 AppleWebKit/537.36 (KHTML, like Gecko; compatible; ClaudeBot/1.0; +claudebot@anthropic.com)" cepali.edu.mx 192.185.131.128
3.141.29.162 - - [24/Nov/2024:06:28:24 -0600] "GET /wp-admin/ms-admin-20241116042758-20241116192737.php?del=Locator.php&p=wp-includes%2Fblocks%2Ffile HTTP/2.0" 200 244508 "-" "Mozilla/5.0 AppleWebKit/537.36 (KHTML, like Gecko; compatible; ClaudeBot/1.0; +claudebot@anthropic.com)" cepali.edu.mx 192.185.131.128
3.141.29.162 - - [24/Nov/2024:06:28:34 -0600] "GET /wp-admin/ms-admin-20241116042758-20241116192737-20241116233041.php?edit=tools.php&p=wp-admin%2Fjs%2Fcss HTTP/2.0" 200 13414 "-" "Mozilla/5.0 AppleWebKit/537.36 (KHTML, like Gecko; compatible; ClaudeBot/1.0; +claudebot@anthropic.com)" cepali.edu.mx 192.185.131.128
18.118.30.137 - - [24/Nov/2024:06:28:19 -0600] "GET /wp-admin/ms-admin-20241116042758-20241116192737.php?dl=class-phpass.php&p=wp-includes%2Fblocks%2Ffile HTTP/2.0" 200 248112 "-" "Mozilla/5.0 AppleWebKit/537.36 (KHTML, like Gecko; compatible; ClaudeBot/1.0; +claudebot@anthropic.com)" cepali.edu.mx 192.185.131.128
3.141.201.95 - - [24/Nov/2024:06:28:40 -0600] "GET /wp-admin/ms-admin-20241116042758-20241116192737.php?chmod=wp-auth-check.min.js&p=wp-includes%2Ffonts HTTP/2.0" 200 11792 "-" "Mozilla/5.0 AppleWebKit/537.36 (KHTML, like Gecko; compatible; ClaudeBot/1.0; +claudebot@anthropic.com)" cepali.edu.mx 192.185.131.128
3.135.206.212 - - [24/Nov/2024:06:28:40 -0600] "GET /wp-admin/ms-admin-20241116042758-20241116192737.php?copy=wp-includes%2Fblocks%2Fpost-terms%2Fpost.php&p=wp-includes%2Fblocks%2Fpost-terms HTTP/2.0" 200 11514 "-" "Mozilla/5.0 AppleWebKit/537.36 (KHTML, like Gecko; compatible; ClaudeBot/1.0; +claudebot@anthropic.com)" cepali.edu.mx 192.185.131.128
3.144.21.206 - - [24/Nov/2024:06:28:32 -0600] "GET /wp-admin/ms-admin-20241116042758-20241116192737.php?del=admin-bar-sprite-2x.png&p=wp-includes%2Fjs%2Fplupload HTTP/2.0" 200 90849 "-" "Mozilla/5.0 AppleWebKit/537.36 (KHTML, like Gecko; compatible; ClaudeBot/1.0; +claudebot@anthropic.com)" cepali.edu.mx 192.185.131.128
3.140.185.194 - - [24/Nov/2024:06:28:41 -0600] "GET /wp-admin/link-add-20241116073204-20241116122752-20241116163058-20241118023722.php?copy=wp-admin%2Fcss%2Fcss%2Fwidgets.js&p=wp-admin%2Fcss%2Fcss%2Fcolors HTTP/2.0" 200 11614 "-" "Mozilla/5.0 AppleWebKit/537.36 (KHTML, like Gecko; compatible; ClaudeBot/1.0; +claudebot@anthropic.com)" cepali.edu.mx 192.185.131.128
3.145.34.51 - - [24/Nov/2024:06:28:40 -0600] "GET /wp-admin/my-sites-20241116033237-20241124015944.php?del=functions-20241124080244.php&p=wp-content%2Fthemes%2Fshapely HTTP/2.0" 200 31064 "-" "Mozilla/5.0 AppleWebKit/537.36 (KHTML, like Gecko; compatible; ClaudeBot/1.0; +claudebot@anthropic.com)" cepali.edu.mx 192.185.131.128
3.135.206.212 - - [24/Nov/2024:06:28:41 -0600] "GET /wp-admin/async-upload-20241116234326-20241117054504-20241117224654.php?p=wp-admin%2Fcss%2Fcss%2Fcss&view=admin-20241116052248-20241116100255.php HTTP/2.0" 200 17347 "-" "Mozilla/5.0 AppleWebKit/537.36 (KHTML, like Gecko; compatible; ClaudeBot/1.0; +claudebot@anthropic.com)" cepali.edu.mx 192.185.131.128
18.188.113.185 - - [24/Nov/2024:06:28:27 -0600] "GET /wp-admin/ms-admin-20241116042758-20241116192737.php?del=class-wp-http-encoding.php&p=wp-includes%2Fblocks%2Fverse HTTP/2.0" 200 223955 "-" "Mozilla/5.0 AppleWebKit/537.36 (KHTML, like Gecko; compatible; ClaudeBot/1.0; +claudebot@anthropic.com)" cepali.edu.mx 192.185.131.128
18.227.209.101 - - [24/Nov/2024:06:28:32 -0600] "GET /wp-admin/ms-admin-20241116042758-20241116192737.php?del=ms-load-20241118054855.php&p=wp-includes%2Fblocks%2Fquery-pagination HTTP/2.0" 200 165897 "-" "Mozilla/5.0 AppleWebKit/537.36 (KHTML, like Gecko; compatible; ClaudeBot/1.0; +claudebot@anthropic.com)" cepali.edu.mx 192.185.131.128
3.144.89.152 - - [24/Nov/2024:06:28:20 -0600] "GET /wp-admin/ms-admin-20241116042758-20241116183746.php?dl=privacy.php&p=wp-admin%2Fimages%2Fcss HTTP/2.0" 200 340283 "-" "Mozilla/5.0 AppleWebKit/537.36 (KHTML, like Gecko; compatible; ClaudeBot/1.0; +claudebot@anthropic.com)" cepali.edu.mx 192.185.131.128
3.23.92.64 - - [24/Nov/2024:06:28:42 -0600] "GET /wp-admin/ms-admin-20241116042758-20241116183746.php?copy=wp-includes%2Fl10n%2Ftheme-previews-20241124043709.php&p=wp-includes%2Fjs HTTP/2.0" 200 11659 "-" "Mozilla/5.0 AppleWebKit/537.36 (KHTML, like Gecko; compatible; ClaudeBot/1.0; +claudebot@anthropic.com)" cepali.edu.mx 192.185.131.128
3.144.89.152 - - [24/Nov/2024:06:28:30 -0600] "GET /wp-admin/ms-admin-20241116042758-20241116183746.php?p=wp-admin%2Fimages%2Fcss&view=site-health.css HTTP/2.0" 200 - "-" "Mozilla/5.0 AppleWebKit/537.36 (KHTML, like Gecko; compatible; ClaudeBot/1.0; +claudebot@anthropic.com)" cepali.edu.mx 192.185.131.128
18.227.209.101 - - [24/Nov/2024:06:28:42 -0600] "GET /blue/zmFM-20241119204720-20241120022104-20241124015840.php?a=bj&f=%2Fhome2%2Fsdektunc%2Ftixcacalcupulyucatan.gob.mx%2Ferror_log HTTP/2.0" 200 1111 "-" "Mozilla/5.0 AppleWebKit/537.36 (KHTML, like Gecko; compatible; ClaudeBot/1.0; +claudebot@anthropic.com)" cepali.edu.mx 192.185.131.128
3.144.46.90 - - [24/Nov/2024:06:28:40 -0600] "GET /css/site-health-20241116105656-20241124015550.php?p= HTTP/2.0" 200 42766 "https://cepali.edu.mx/css/site-health-20241116105656-20241124015550.php?copy=wp-content%2Fthemes%2Ftwentytwentythree%2Ftemplates" "Mozilla/5.0 AppleWebKit/537.36 (KHTML, like Gecko; compatible; ClaudeBot/1.0; +claudebot@anthropic.com)" cepali.edu.mx 192.185.131.128
18.222.56.251 - - [24/Nov/2024:06:28:43 -0600] "GET /blue/zmFM-20241119204720-20241120022104-20241124015840.php?a=bj&f=%2Fhome2%2Fsdektunc%2Fcepali.edu.mx%2Fwp-includes%2Ffonts%2Fpost-author-name-20241116193839.php HTTP/2.0" 200 1693 "-" "Mozilla/5.0 AppleWebKit/537.36 (KHTML, like Gecko; compatible; ClaudeBot/1.0; +claudebot@anthropic.com)" cepali.edu.mx 192.185.131.128
3.144.89.152 - - [24/Nov/2024:06:28:41 -0600] "GET /wp-admin/ms-admin-20241116042758-20241116183746.php?p=wp-admin%2Fimages%2Fcss&view=tools-20241116063829.php HTTP/2.0" 200 13582 "-" "Mozilla/5.0 AppleWebKit/537.36 (KHTML, like Gecko; compatible; ClaudeBot/1.0; +claudebot@anthropic.com)" cepali.edu.mx 192.185.131.128
3.135.206.212 - - [24/Nov/2024:06:28:43 -0600] "GET /wp-admin/ms-admin-20241116042758-20241116183746.php?copy=wp-includes%2Fblocks%2Fpage-list%2Fcache-20241117143329.php&p=wp-includes%2Fblocks%2Fcode HTTP/2.0" 200 11531 "-" "Mozilla/5.0 AppleWebKit/537.36 (KHTML, like Gecko; compatible; ClaudeBot/1.0; +claudebot@anthropic.com)" cepali.edu.mx 192.185.131.128
3.138.134.221 - - [24/Nov/2024:06:28:39 -0600] "GET /wp-admin/ms-admin-20241116042758-20241116192737.php?dl=shortcodes.php&p=wp-includes%2Fimages%2Fcrystal HTTP/2.0" 200 77335 "-" "Mozilla/5.0 AppleWebKit/537.36 (KHTML, like Gecko; compatible; ClaudeBot/1.0; +claudebot@anthropic.com)" cepali.edu.mx 192.185.131.128
3.149.231.122 - - [24/Nov/2024:06:28:43 -0600] "GET /wp-admin/ms-admin-20241116042758-20241116183746.php?p=wp-includes%2Fimages%2Fsmilies&view=icon_razz.gif HTTP/2.0" 200 11914 "-" "Mozilla/5.0 AppleWebKit/537.36 (KHTML, like Gecko; compatible; ClaudeBot/1.0; +claudebot@anthropic.com)" cepali.edu.mx 192.185.131.128
3.144.21.206 - - [24/Nov/2024:06:28:22 -0600] "GET /wp-admin/ms-admin-20241116042758-20241116183746.php?dl=admin-menu-rtl.css&p=wp-admin%2Fcss%2Fcss%2Fcss HTTP/2.0" 200 - "-" "Mozilla/5.0 AppleWebKit/537.36 (KHTML, like Gecko; compatible; ClaudeBot/1.0; +claudebot@anthropic.com)" cepali.edu.mx 192.185.131.128
3.23.92.64 - - [24/Nov/2024:06:28:44 -0600] "GET /wp-admin/ms-admin-20241116042758-20241116183746.php?copy=wp-includes%2Fblocks%2Ftemplate-part%2Fblock.json&p=wp-includes%2Fblocks%2Fcover HTTP/2.0" 200 11521 "-" "Mozilla/5.0 AppleWebKit/537.36 (KHTML, like Gecko; compatible; ClaudeBot/1.0; +claudebot@anthropic.com)" cepali.edu.mx 192.185.131.128
18.227.209.101 - - [24/Nov/2024:06:28:44 -0600] "GET /wp-admin/ms-admin-20241116042758-20241116183746.php?p=wp-includes%2Fblocks%2Fcomments-title&view=ms-files-20241116044837-20241124093642.php HTTP/2.0" 200 13218 "-" "Mozilla/5.0 AppleWebKit/537.36 (KHTML, like Gecko; compatible; ClaudeBot/1.0; +claudebot@anthropic.com)" cepali.edu.mx 192.185.131.128
3.144.46.90 - - [24/Nov/2024:06:28:44 -0600] "GET /wp-admin/ms-admin-20241116042758-20241116183746.php?copy=wp-includes%2Fjs%2Fjcrop%2Fblocks.php&p=wp-includes%2Fjs%2Fjcrop HTTP/2.0" 200 11517 "-" "Mozilla/5.0 AppleWebKit/537.36 (KHTML, like Gecko; compatible; ClaudeBot/1.0; +claudebot@anthropic.com)" cepali.edu.mx 192.185.131.128
3.144.89.152 - - [24/Nov/2024:06:28:44 -0600] "GET /wp-admin/ms-admin-20241116042758-20241116183746.php?p=wp-admin%2Fimages%2Fcss&view=password-toggle-20241116165433.js HTTP/2.0" 200 12471 "-" "Mozilla/5.0 AppleWebKit/537.36 (KHTML, like Gecko; compatible; ClaudeBot/1.0; +claudebot@anthropic.com)" cepali.edu.mx 192.185.131.128
3.128.201.207 - - [24/Nov/2024:06:28:18 -0600] "GET /wp-admin/ms-admin-20241116042758-20241116183746.php?dl=themes-20241116215721-20241117045221.css&p=wp-admin%2Fmaint%2Fcss HTTP/2.0" 200 346223 "-" "Mozilla/5.0 AppleWebKit/537.36 (KHTML, like Gecko; compatible; ClaudeBot/1.0; +claudebot@anthropic.com)" cepali.edu.mx 192.185.131.128
3.138.134.221 - - [24/Nov/2024:06:28:45 -0600] "GET /wp-admin/ms-admin-20241116042758-20241116192737.php?chmod=spreadsheet-20241116085318.png&p=wp-includes%2Fimages%2Fcrystal HTTP/2.0" 200 11824 "-" "Mozilla/5.0 AppleWebKit/537.36 (KHTML, like Gecko; compatible; ClaudeBot/1.0; +claudebot@anthropic.com)" cepali.edu.mx 192.185.131.128
3.23.92.64 - - [24/Nov/2024:06:28:45 -0600] "GET /wp-admin/ms-admin-20241116042758-20241116183746.php?copy=wp-includes%2Fblocks%2Ftemplate-part%2Fstyle-20241117103601-20241118033901.css&p=wp-includes%2Fblocks%2Flist-item HTTP/2.0" 200 11548 "-" "Mozilla/5.0 AppleWebKit/537.36 (KHTML, like Gecko; compatible; ClaudeBot/1.0; +claudebot@anthropic.com)" cepali.edu.mx 192.185.131.128
3.140.196.5 - - [24/Nov/2024:06:28:40 -0600] "GET /wp-admin/link-add-20241116073204-20241116122752-20241116163058-20241118023722.php?del=admin-menu-rtl-20241116173629.css&p=wp-admin%2Fnetwork%2Fcss HTTP/2.0" 200 84072 "-" "Mozilla/5.0 AppleWebKit/537.36 (KHTML, like Gecko; compatible; ClaudeBot/1.0; +claudebot@anthropic.com)" cepali.edu.mx 192.185.131.128
