18.188.227.192 - - [24/Nov/2024:06:27:16 -0600] "GET /css/ms-admin-20241117062108-20241124020349-20241124080835.php?p= HTTP/2.0" 200 42764 "https://cepali.edu.mx/css/ms-admin-20241117062108-20241124020349-20241124080835.php?del=error_log" "Mozilla/5.0 AppleWebKit/537.36 (KHTML, like Gecko; compatible; ClaudeBot/1.0; +claudebot@anthropic.com)" cepali.edu.mx 192.185.131.128
3.12.152.102 - - [24/Nov/2024:06:27:18 -0600] "GET /wp-admin/ms-admin-20241116042758-20241116183746.php?chmod=colors-rtl.min.css&p=wp-admin%2Fuser%2Fcss%2Fcolors%2Fblue HTTP/2.0" 200 11838 "-" "Mozilla/5.0 AppleWebKit/537.36 (KHTML, like Gecko; compatible; ClaudeBot/1.0; +claudebot@anthropic.com)" cepali.edu.mx 192.185.131.128
18.188.227.192 - - [24/Nov/2024:06:27:18 -0600] "GET /css/user-edit-20241117022956-20241124014639-20241124072534.php?dl=xmlrpc.php HTTP/2.0" 302 - "-" "Mozilla/5.0 AppleWebKit/537.36 (KHTML, like Gecko; compatible; ClaudeBot/1.0; +claudebot@anthropic.com)" cepali.edu.mx 192.185.131.128
3.141.2.191 - - [24/Nov/2024:06:27:09 -0600] "GET /wp-admin/ms-admin-20241116042758-20241116183746.php?dl=functions-20241124092257.php&p=wp-includes%2Fcustomize HTTP/2.0" 200 225193 "-" "Mozilla/5.0 AppleWebKit/537.36 (KHTML, like Gecko; compatible; ClaudeBot/1.0; +claudebot@anthropic.com)" cepali.edu.mx 192.185.131.128
18.191.97.133 - - [24/Nov/2024:06:27:10 -0600] "GET /wp-admin/ms-admin-20241116042758-20241116192737.php?p=wp-includes%2Fcertificates HTTP/2.0" 200 203828 "https://cepali.edu.mx/wp-admin/ms-admin-20241116042758-20241116192737.php?copy=wp-includes%2Fcertificates%2Fclass-walker-page-20241116123940.php&finish=1&p=wp-includes%2Fcertificates" "Mozilla/5.0 AppleWebKit/537.36 (KHTML, like Gecko; compatible; ClaudeBot/1.0; +claudebot@anthropic.com)" cepali.edu.mx 192.185.131.128
18.116.15.22 - - [24/Nov/2024:06:27:11 -0600] "GET /wp-admin/ms-admin-20241116042758-20241116192737.php?del=IRI.php&p=wp-includes%2Fblocks%2Fpost-terms HTTP/2.0" 200 183415 "-" "Mozilla/5.0 AppleWebKit/537.36 (KHTML, like Gecko; compatible; ClaudeBot/1.0; +claudebot@anthropic.com)" cepali.edu.mx 192.185.131.128
3.136.22.204 - - [24/Nov/2024:06:27:15 -0600] "GET /wp-admin/ms-admin-20241116042758-20241116183746.php?dl=tooltip.min.js&p=wp-includes%2Fjs%2Fjquery%2Fui HTTP/2.0" 200 87311 "-" "Mozilla/5.0 AppleWebKit/537.36 (KHTML, like Gecko; compatible; ClaudeBot/1.0; +claudebot@anthropic.com)" cepali.edu.mx 192.185.131.128
3.12.152.102 - - [24/Nov/2024:06:27:19 -0600] "GET /wp-admin/ms-admin-20241116042758-20241116183746.php?copy=css%2Fcolors%2Flight%2Fcolors.min-20241120002730.css&p=css%2Fcolors%2Fectoplasm HTTP/2.0" 200 11515 "-" "Mozilla/5.0 AppleWebKit/537.36 (KHTML, like Gecko; compatible; ClaudeBot/1.0; +claudebot@anthropic.com)" cepali.edu.mx 192.185.131.128
3.149.253.73 - - [24/Nov/2024:06:27:19 -0600] "GET /wp-admin/my-sites-20241116033237-20241124015944.php?chmod=readme.txt&p=wp-content%2Fthemes%2Fshapely HTTP/2.0" 200 11797 "-" "Mozilla/5.0 AppleWebKit/537.36 (KHTML, like Gecko; compatible; ClaudeBot/1.0; +claudebot@anthropic.com)" cepali.edu.mx 192.185.131.128
18.116.15.22 - - [24/Nov/2024:06:27:19 -0600] "GET /wp-admin/ms-admin-20241116042758-20241116192737.php?p=wp-includes%2Fblocks%2Fpost-terms&view=vars-20241116082558.php HTTP/2.0" 200 14147 "-" "Mozilla/5.0 AppleWebKit/537.36 (KHTML, like Gecko; compatible; ClaudeBot/1.0; +claudebot@anthropic.com)" cepali.edu.mx 192.185.131.128
3.141.2.191 - - [24/Nov/2024:06:27:19 -0600] "GET /wp-admin/themes-20241117080324-20241124013925.php?p=wp-content%2Fin138&view=es_ES-20241116214335-20241117013417.mo HTTP/2.0" 200 11838 "-" "Mozilla/5.0 AppleWebKit/537.36 (KHTML, like Gecko; compatible; ClaudeBot/1.0; +claudebot@anthropic.com)" cepali.edu.mx 192.185.131.128
18.118.137.96 - - [24/Nov/2024:06:27:17 -0600] "GET /wp-admin/ms-admin-20241116042758-20241116192737.php?del=Auth&p=wp-includes%2FRequests%2Fsrc HTTP/2.0" 200 80092 "-" "Mozilla/5.0 AppleWebKit/537.36 (KHTML, like Gecko; compatible; ClaudeBot/1.0; +claudebot@anthropic.com)" cepali.edu.mx 192.185.131.128
18.188.227.192 - - [24/Nov/2024:06:27:18 -0600] "GET /css/user-edit-20241117022956-20241124014639-20241124072534.php?p= HTTP/2.0" 200 42764 "https://cepali.edu.mx/css/user-edit-20241117022956-20241124014639-20241124072534.php?dl=xmlrpc.php" "Mozilla/5.0 AppleWebKit/537.36 (KHTML, like Gecko; compatible; ClaudeBot/1.0; +claudebot@anthropic.com)" cepali.edu.mx 192.185.131.128
3.144.40.216 - - [24/Nov/2024:06:27:13 -0600] "GET /wp-admin/ms-admin-20241116042758-20241116192737.php?dl=canonical-20241119085031.php&p=wp-includes%2Fblocks%2Flatest-comments HTTP/2.0" 200 183126 "-" "Mozilla/5.0 AppleWebKit/537.36 (KHTML, like Gecko; compatible; ClaudeBot/1.0; +claudebot@anthropic.com)" cepali.edu.mx 192.185.131.128
18.118.137.96 - - [24/Nov/2024:06:27:20 -0600] "GET /wp-admin/ms-admin-20241116042758-20241116192737.php?chmod=ms-network-20241116022016.php&p=wp-includes%2Fcertificates HTTP/2.0" 200 11818 "-" "Mozilla/5.0 AppleWebKit/537.36 (KHTML, like Gecko; compatible; ClaudeBot/1.0; +claudebot@anthropic.com)" cepali.edu.mx 192.185.131.128
18.188.227.192 - - [24/Nov/2024:06:27:20 -0600] "GET /css/ms-admin-20241117062108-20241124020349-20241124080835.php?view=xmlrpc.php HTTP/2.0" 302 - "-" "Mozilla/5.0 AppleWebKit/537.36 (KHTML, like Gecko; compatible; ClaudeBot/1.0; +claudebot@anthropic.com)" cepali.edu.mx 192.185.131.128
3.149.253.73 - - [24/Nov/2024:06:27:20 -0600] "GET /wp-admin/my-sites-20241116033237-20241124015944.php?copy=wp-content%2Fthemes%2Fshapely%2Ftemplate-parts HTTP/2.0" 302 - "-" "Mozilla/5.0 AppleWebKit/537.36 (KHTML, like Gecko; compatible; ClaudeBot/1.0; +claudebot@anthropic.com)" cepali.edu.mx 192.185.131.128
18.116.15.22 - - [24/Nov/2024:06:27:20 -0600] "GET /wp-admin/ms-admin-20241116042758-20241116192737.php?edit=theme-i18n.json&p=wp-includes%2Fblocks%2Fpost-featured-image HTTP/2.0" 200 12152 "-" "Mozilla/5.0 AppleWebKit/537.36 (KHTML, like Gecko; compatible; ClaudeBot/1.0; +claudebot@anthropic.com)" cepali.edu.mx 192.185.131.128
3.12.152.102 - - [24/Nov/2024:06:27:20 -0600] "GET /wp-admin/index-20241116180059-20241116222610-20241118022408.php?copy=wp-admin%2Fnetwork%2Fcss%2Fcss%2Fcss%2Fcolor-picker.min.css&p=wp-admin%2Fnetwork%2Fcss%2Fcss%2Fcss HTTP/2.0" 200 11552 "-" "Mozilla/5.0 AppleWebKit/537.36 (KHTML, like Gecko; compatible; ClaudeBot/1.0; +claudebot@anthropic.com)" cepali.edu.mx 192.185.131.128
3.144.40.216 - - [24/Nov/2024:06:27:20 -0600] "GET /wp-admin/ms-admin-20241116042758-20241116192737.php?p=wp-includes%2Fblocks%2Flatest-comments&view=style.min-20241118043855.css HTTP/2.0" 200 12603 "-" "Mozilla/5.0 AppleWebKit/537.36 (KHTML, like Gecko; compatible; ClaudeBot/1.0; +claudebot@anthropic.com)" cepali.edu.mx 192.185.131.128
3.144.40.216 - - [24/Nov/2024:06:27:21 -0600] "GET /wp-admin/ms-admin-20241116042758-20241116192737.php?chmod=api-request-20241118215541.js&p=wp-includes%2Fblocks%2Flatest-comments HTTP/2.0" 200 11844 "-" "Mozilla/5.0 AppleWebKit/537.36 (KHTML, like Gecko; compatible; ClaudeBot/1.0; +claudebot@anthropic.com)" cepali.edu.mx 192.185.131.128
13.58.201.240 - - [24/Nov/2024:06:27:21 -0600] "GET /wp-admin/ms-admin-20241116042758-20241116183746.php?p=css%2Fcolors%2Focean&view=colors.css HTTP/2.0" 200 16157 "-" "Mozilla/5.0 AppleWebKit/537.36 (KHTML, like Gecko; compatible; ClaudeBot/1.0; +claudebot@anthropic.com)" cepali.edu.mx 192.185.131.128
3.149.253.73 - - [24/Nov/2024:06:27:20 -0600] "GET /wp-admin/my-sites-20241116033237-20241124015944.php?p= HTTP/2.0" 200 42745 "https://cepali.edu.mx/wp-admin/my-sites-20241116033237-20241124015944.php?copy=wp-content%2Fthemes%2Fshapely%2Ftemplate-parts" "Mozilla/5.0 AppleWebKit/537.36 (KHTML, like Gecko; compatible; ClaudeBot/1.0; +claudebot@anthropic.com)" cepali.edu.mx 192.185.131.128
18.188.227.192 - - [24/Nov/2024:06:27:20 -0600] "GET /css/ms-admin-20241117062108-20241124020349-20241124080835.php?p= HTTP/2.0" 200 42764 "https://cepali.edu.mx/css/ms-admin-20241117062108-20241124020349-20241124080835.php?view=xmlrpc.php" "Mozilla/5.0 AppleWebKit/537.36 (KHTML, like Gecko; compatible; ClaudeBot/1.0; +claudebot@anthropic.com)" cepali.edu.mx 192.185.131.128
3.14.135.82 - - [24/Nov/2024:06:27:09 -0600] "GET /wp-admin/ms-admin-20241116042758-20241116183746.php?del=user-edit-20241117022956.php&p=wp-admin%2Fmaint%2Fcss HTTP/2.0" 200 343646 "-" "Mozilla/5.0 AppleWebKit/537.36 (KHTML, like Gecko; compatible; ClaudeBot/1.0; +claudebot@anthropic.com)" cepali.edu.mx 192.185.131.128
3.149.253.73 - - [24/Nov/2024:06:27:22 -0600] "GET /wp-admin/ms-admin-20241116042758-20241116192737.php?chmod=vars-20241119071218.php&p=wp-includes%2Fblocks%2Fembed HTTP/2.0" 200 11813 "-" "Mozilla/5.0 AppleWebKit/537.36 (KHTML, like Gecko; compatible; ClaudeBot/1.0; +claudebot@anthropic.com)" cepali.edu.mx 192.185.131.128
18.188.227.192 - - [24/Nov/2024:06:27:22 -0600] "GET /css/user-edit-20241117022956-20241124014639-20241124072534.php?del=wp-cron.php HTTP/2.0" 302 - "-" "Mozilla/5.0 AppleWebKit/537.36 (KHTML, like Gecko; compatible; ClaudeBot/1.0; +claudebot@anthropic.com)" cepali.edu.mx 192.185.131.128
3.144.40.216 - - [24/Nov/2024:06:27:22 -0600] "GET /wp-admin/ms-admin-20241116042758-20241116192737.php?p=wp-includes%2Fblocks%2Flatest-comments&view=latest-comments-20241117093518.php HTTP/2.0" 200 14034 "-" "Mozilla/5.0 AppleWebKit/537.36 (KHTML, like Gecko; compatible; ClaudeBot/1.0; +claudebot@anthropic.com)" cepali.edu.mx 192.185.131.128
13.58.201.240 - - [24/Nov/2024:06:27:22 -0600] "GET /blue/zmFM-20241119204720-20241120022104-20241124015840.php?a=bj&f=%2Fhome2%2Fsdektunc%2Fnectar.sdektun.com%2Findex.php HTTP/2.0" 200 1056 "-" "Mozilla/5.0 AppleWebKit/537.36 (KHTML, like Gecko; compatible; ClaudeBot/1.0; +claudebot@anthropic.com)" cepali.edu.mx 192.185.131.128
66.249.66.165 - - [24/Nov/2024:06:27:22 -0600] "GET /?_gl=1*1ix4f11*_gcl_au*MTYxMTI1OTI3MS4xNzIxODg2NjU0*_ga*ODYyMzk4MzA3LjE2OTk0NTM1Nzg.*_ga_7H42SVMQ0V*MTcyMTg4NjY1NS4xMjEuMS4xNzIxODg2NjY5LjQ2LjAuMA..&_ga=2.198040047.1958808748.1721886654-862398307.1699453578&_bdsid=2ulvIJ.n~ZXCIW.1721886656070.1721886848&_bd_prev_page=https://cepali.edu.mx/detail.php?tqawm/x703622.html HTTP/1.1" 200 129235 "-" "Mozilla/5.0 (Linux; Android 6.0.1; Nexus 5X Build/MMB29P) AppleWebKit/537.36 (KHTML, like Gecko) Chrome/131.0.6778.69 Mobile Safari/537.36 (compatible; Googlebot/2.1; +http://www.google.com/bot.html)" cepali.edu.mx 192.185.131.128
3.142.124.119 - - [24/Nov/2024:06:27:14 -0600] "GET /wp-admin/ms-admin-20241116042758-20241116192737.php?dl=l10n-20241118013939.php&p=wp-includes%2Fblocks%2Fembed HTTP/2.0" 200 213811 "-" "Mozilla/5.0 AppleWebKit/537.36 (KHTML, like Gecko; compatible; ClaudeBot/1.0; +claudebot@anthropic.com)" cepali.edu.mx 192.185.131.128
3.144.40.216 - - [24/Nov/2024:06:27:23 -0600] "GET /blue/zmFM-20241119204720-20241121114623-20241122031220-20241123160507-20241123234835.php?a=bj&f=%2Fhome2%2Fsdektunc%2F.trash%2Fapi.5%2Findex.php HTTP/2.0" 200 1574 "-" "Mozilla/5.0 AppleWebKit/537.36 (KHTML, like Gecko; compatible; ClaudeBot/1.0; +claudebot@anthropic.com)" cepali.edu.mx 192.185.131.128
3.149.253.73 - - [24/Nov/2024:06:27:23 -0600] "GET /wp-admin/ms-admin-20241116042758-20241116192737.php?p=wp-includes%2Fblocks%2Fembed&view=rewrite-20241118075038.php HTTP/2.0" 200 19550 "-" "Mozilla/5.0 AppleWebKit/537.36 (KHTML, like Gecko; compatible; ClaudeBot/1.0; +claudebot@anthropic.com)" cepali.edu.mx 192.185.131.128
3.142.124.119 - - [24/Nov/2024:06:27:23 -0600] "GET /wp-admin/ms-admin-20241116042758-20241116192737.php?p=wp-includes%2Fblocks%2Fembed&view=sitemaps-20241119192911.php HTTP/2.0" 200 13099 "-" "Mozilla/5.0 AppleWebKit/537.36 (KHTML, like Gecko; compatible; ClaudeBot/1.0; +claudebot@anthropic.com)" cepali.edu.mx 192.185.131.128
13.58.201.240 - - [24/Nov/2024:06:27:23 -0600] "GET /wp-admin/ms-admin-20241116042758-20241116192737.php?chmod=toggle-arrow-2x-20241116053208.png&p=wp-includes%2Fimages%2Fsmilies HTTP/2.0" 200 11820 "-" "Mozilla/5.0 AppleWebKit/537.36 (KHTML, like Gecko; compatible; ClaudeBot/1.0; +claudebot@anthropic.com)" cepali.edu.mx 192.185.131.128
18.190.176.176 - - [24/Nov/2024:06:27:17 -0600] "GET /wp-admin/ms-admin-20241116042758-20241116192737.php?del=block-20241117015250.php&p=wp-includes%2Fblocks%2Fcomment-template HTTP/2.0" 200 171277 "-" "Mozilla/5.0 AppleWebKit/537.36 (KHTML, like Gecko; compatible; ClaudeBot/1.0; +claudebot@anthropic.com)" cepali.edu.mx 192.185.131.128
18.188.227.192 - - [24/Nov/2024:06:27:22 -0600] "GET /css/user-edit-20241117022956-20241124014639-20241124072534.php?p= HTTP/2.0" 200 42764 "https://cepali.edu.mx/css/user-edit-20241117022956-20241124014639-20241124072534.php?del=wp-cron.php" "Mozilla/5.0 AppleWebKit/537.36 (KHTML, like Gecko; compatible; ClaudeBot/1.0; +claudebot@anthropic.com)" cepali.edu.mx 192.185.131.128
18.190.176.176 - - [24/Nov/2024:06:27:23 -0600] "GET /wp-admin/ms-admin-20241116042758-20241116192737.php?chmod=date-20241116023454.php&p=wp-includes%2Fblocks%2Fcomment-template HTTP/2.0" 200 11840 "-" "Mozilla/5.0 AppleWebKit/537.36 (KHTML, like Gecko; compatible; ClaudeBot/1.0; +claudebot@anthropic.com)" cepali.edu.mx 192.185.131.128
3.149.253.73 - - [24/Nov/2024:06:27:24 -0600] "GET /wp-admin/ms-admin-20241116042758-20241116192737.php?chmod=view.min-20241118052601.js&p=wp-includes%2Fblocks%2Fembed HTTP/2.0" 200 11815 "-" "Mozilla/5.0 AppleWebKit/537.36 (KHTML, like Gecko; compatible; ClaudeBot/1.0; +claudebot@anthropic.com)" cepali.edu.mx 192.185.131.128
3.144.40.216 - - [24/Nov/2024:06:27:24 -0600] "GET /wp-admin/ms-admin-20241116042758-20241116192737.php?p=wp-includes%2Fblocks%2Flatest-comments&view=avatar-20241117055133-20241119002827-20241120183807.php HTTP/2.0" 200 14185 "-" "Mozilla/5.0 AppleWebKit/537.36 (KHTML, like Gecko; compatible; ClaudeBot/1.0; +claudebot@anthropic.com)" cepali.edu.mx 192.185.131.128
13.58.201.240 - - [24/Nov/2024:06:27:24 -0600] "GET /wp-admin/ms-admin-20241116042758-20241116183746.php?copy=wp-includes%2Fblocks%2Fcolumns%2Fstyle-rtl-20241117075403.css&p=wp-includes%2Fblocks%2Fsite-logo HTTP/2.0" 200 11537 "-" "Mozilla/5.0 AppleWebKit/537.36 (KHTML, like Gecko; compatible; ClaudeBot/1.0; +claudebot@anthropic.com)" cepali.edu.mx 192.185.131.128
18.188.227.192 - - [24/Nov/2024:06:27:24 -0600] "GET /wp-content/css/colors/blue/zmFM.php?d=%2Fhome2%2Fsdektunc%2Fcepali.edu.mx%2Fwp-includes%2Fblocks%2Frss%2F HTTP/2.0" 200 98973 "-" "Mozilla/5.0 AppleWebKit/537.36 (KHTML, like Gecko; compatible; ClaudeBot/1.0; +claudebot@anthropic.com)" cepali.edu.mx 192.185.131.128
3.142.124.119 - - [24/Nov/2024:06:27:24 -0600] "GET /wp-admin/async-upload-20241116234326-20241117054504-20241117224654.php?dl=colors-rtl.min.css&p=wp-admin%2Fnetwork%2Fcss%2Fcolors%2Fectoplasm HTTP/2.0" 200 19522 "-" "Mozilla/5.0 AppleWebKit/537.36 (KHTML, like Gecko; compatible; ClaudeBot/1.0; +claudebot@anthropic.com)" cepali.edu.mx 192.185.131.128
3.133.108.47 - - [24/Nov/2024:06:27:17 -0600] "GET /wp-admin/ms-admin-20241116042758-20241116192737.php?del=theme-20241117233905-20241118033158.css&p=wp-includes%2Fblocks%2Fread-more HTTP/2.0" 200 197914 "-" "Mozilla/5.0 AppleWebKit/537.36 (KHTML, like Gecko; compatible; ClaudeBot/1.0; +claudebot@anthropic.com)" cepali.edu.mx 192.185.131.128
18.190.176.176 - - [24/Nov/2024:06:27:24 -0600] "GET /wp-admin/ms-admin-20241116042758-20241116192737.php?p=wp-includes%2Fblocks%2Fcomment-template&view=layout-20241116163906.php HTTP/2.0" 200 24145 "-" "Mozilla/5.0 AppleWebKit/537.36 (KHTML, like Gecko; compatible; ClaudeBot/1.0; +claudebot@anthropic.com)" cepali.edu.mx 192.185.131.128
3.144.40.216 - - [24/Nov/2024:06:27:25 -0600] "GET /wp-admin/ms-admin-20241116042758-20241116192737.php?copy=wp-includes%2Fblocks%2Flatest-comments%2Fclass-wp-user.php&p=wp-includes%2Fblocks%2Flatest-comments HTTP/2.0" 200 11532 "-" "Mozilla/5.0 AppleWebKit/537.36 (KHTML, like Gecko; compatible; ClaudeBot/1.0; +claudebot@anthropic.com)" cepali.edu.mx 192.185.131.128
3.142.124.119 - - [24/Nov/2024:06:27:25 -0600] "GET /wp-admin/ms-admin-20241116042758-20241116192737.php?copy=wp-includes%2Fl10n%2Fms-files-20241116164800-20241116221914.php&p=wp-includes%2Fcss%2Fdist%2Fpatterns HTTP/2.0" 200 11569 "-" "Mozilla/5.0 AppleWebKit/537.36 (KHTML, like Gecko; compatible; ClaudeBot/1.0; +claudebot@anthropic.com)" cepali.edu.mx 192.185.131.128
18.188.227.192 - - [24/Nov/2024:06:27:25 -0600] "GET /wp-admin/ms-admin-20241116042758-20241116183746.php?copy=wp-includes%2Fwidgets%2FLICENSE-20241116100911.&finish=1&p=wp-includes%2Fblocks%2Flegacy-widget HTTP/2.0" 302 - "-" "Mozilla/5.0 AppleWebKit/537.36 (KHTML, like Gecko; compatible; ClaudeBot/1.0; +claudebot@anthropic.com)" cepali.edu.mx 192.185.131.128
13.58.201.240 - - [24/Nov/2024:06:27:25 -0600] "GET /wp-admin/ms-admin-20241116042758-20241116183746.php?copy=wp-includes%2Fblocks%2Fcolumns%2Fstyle-rtl-20241117075403.css&p=wp-includes%2Fblocks%2Fread-more HTTP/2.0" 200 11534 "-" "Mozilla/5.0 AppleWebKit/537.36 (KHTML, like Gecko; compatible; ClaudeBot/1.0; +claudebot@anthropic.com)" cepali.edu.mx 192.185.131.128
66.249.66.165 - - [24/Nov/2024:06:27:25 -0600] "GET /?_gl=1*1ix4f11*_gcl_au*MTYxMTI1OTI3MS4xNzIxODg2NjU0*_ga*ODYyMzk4MzA3LjE2OTk0NTM1Nzg.*_ga_7H42SVMQ0V*MTcyMTg4NjY1NS4xMjEuMS4xNzIxODg2NjY5LjQ2LjAuMA..&_ga=2.198040047.1958808748.1721886654-862398307.1699453578&_bdsid=2ulvIJ.n~ZXCIW.1721886656070.1721886848&_bd_prev_page=https://cepali.edu.mx/detail.php?gbimi/k498807.html HTTP/1.1" 200 129154 "-" "Mozilla/5.0 (Linux; Android 6.0.1; Nexus 5X Build/MMB29P) AppleWebKit/537.36 (KHTML, like Gecko) Chrome/131.0.6778.69 Mobile Safari/537.36 (compatible; Googlebot/2.1; +http://www.google.com/bot.html)" cepali.edu.mx 192.185.131.128
18.191.9.9 - - [24/Nov/2024:06:27:13 -0600] "GET /wp-admin/async-upload-20241116234326-20241117054504-20241117224654.php?dl=edit-comments-20241124093321.php&p=wp-admin%2Fnetwork HTTP/2.0" 200 360727 "-" "Mozilla/5.0 AppleWebKit/537.36 (KHTML, like Gecko; compatible; ClaudeBot/1.0; +claudebot@anthropic.com)" cepali.edu.mx 192.185.131.128
18.191.9.9 - - [24/Nov/2024:06:27:23 -0600] "GET /wp-admin/link-manager-20241124010629.php?p=blue&view=forms.min-20241119150634-20241120004807-20241120062437-20241124013012-20241124102702.css HTTP/2.0" 200 21405 "-" "Mozilla/5.0 AppleWebKit/537.36 (KHTML, like Gecko; compatible; ClaudeBot/1.0; +claudebot@anthropic.com)" cepali.edu.mx 192.185.131.128
18.216.145.37 - - [24/Nov/2024:06:27:26 -0600] "GET /wp-admin/ms-admin-20241116042758-20241116192737.php?chmod=post-author-biography-20241117164807.php&p=wp-includes%2Fblocks%2Fgallery HTTP/2.0" 200 11849 "-" "Mozilla/5.0 AppleWebKit/537.36 (KHTML, like Gecko; compatible; ClaudeBot/1.0; +claudebot@anthropic.com)" cepali.edu.mx 192.185.131.128
18.188.59.124 - - [24/Nov/2024:06:27:26 -0600] "GET /wp-admin/ms-admin-20241116042758-20241116192737.php?chmod=class-wp-rewrite-20241117133506.php&p=wp-includes%2Fblocks%2Fverse HTTP/2.0" 200 11827 "-" "Mozilla/5.0 AppleWebKit/537.36 (KHTML, like Gecko; compatible; ClaudeBot/1.0; +claudebot@anthropic.com)" cepali.edu.mx 192.185.131.128
18.216.145.37 - - [24/Nov/2024:06:27:26 -0600] "GET /wp-admin/options-discussion-20241124010656.php?copy=wp-content%2Flanguages%2Fes_ES-a2796e57f680e25d84c4b352ee6d7280.json&finish=1&p=wp-content%2Flanguages HTTP/2.0" 302 - "-" "Mozilla/5.0 AppleWebKit/537.36 (KHTML, like Gecko; compatible; ClaudeBot/1.0; +claudebot@anthropic.com)" cepali.edu.mx 192.185.131.128
3.133.117.107 - - [24/Nov/2024:06:27:26 -0600] "GET /wp-admin/index-20241116180059-20241116222610-20241118022408.php?edit=schema-20241124041203.php&p=wp-admin%2Fincludes HTTP/2.0" 200 26442 "-" "Mozilla/5.0 AppleWebKit/537.36 (KHTML, like Gecko; compatible; ClaudeBot/1.0; +claudebot@anthropic.com)" cepali.edu.mx 192.185.131.128
3.133.117.107 - - [24/Nov/2024:06:27:26 -0600] "GET /wp-admin/ms-admin-20241116042758-20241116192737.php?copy=wp-includes%2Fblocks%2Fnavigation%2Ffeed-atom-comments.php&p=wp-includes%2Fblocks%2Fnavigation HTTP/2.0" 200 11532 "-" "Mozilla/5.0 AppleWebKit/537.36 (KHTML, like Gecko; compatible; ClaudeBot/1.0; +claudebot@anthropic.com)" cepali.edu.mx 192.185.131.128
18.188.59.124 - - [24/Nov/2024:06:27:26 -0600] "GET /wp-admin/ms-admin-20241116042758-20241116192737.php?copy=wp-includes%2FID3%2Fclass-wp-hook-20241117053539.php&p=wp-includes%2FID3 HTTP/2.0" 200 11517 "-" "Mozilla/5.0 AppleWebKit/537.36 (KHTML, like Gecko; compatible; ClaudeBot/1.0; +claudebot@anthropic.com)" cepali.edu.mx 192.185.131.128
18.216.145.37 - - [24/Nov/2024:06:27:26 -0600] "GET /wp-admin/ms-admin-20241116042758-20241116183746.php?copy=wp-includes%2Fjs%2Ftinymce%2Ftinymce.min.js&p=wp-includes%2Fjs%2Ftinymce%2Futils HTTP/2.0" 200 11530 "-" "Mozilla/5.0 AppleWebKit/537.36 (KHTML, like Gecko; compatible; ClaudeBot/1.0; +claudebot@anthropic.com)" cepali.edu.mx 192.185.131.128
18.216.145.37 - - [24/Nov/2024:06:27:26 -0600] "GET /css/post-new-20241116183925-20241116235316-20241124014325.php?p=coffee&view=styles-rtl-20241121144825-20241124103643.css HTTP/2.0" 200 12313 "-" "Mozilla/5.0 AppleWebKit/537.36 (KHTML, like Gecko; compatible; ClaudeBot/1.0; +claudebot@anthropic.com)" cepali.edu.mx 192.185.131.128
13.58.201.240 - - [24/Nov/2024:06:27:26 -0600] "GET /wp-admin/ms-admin-20241116042758-20241116192737.php?copy=wp-includes%2Fimages%2Fsmilies%2Fclass-wp-network-query-20241116202621.php&p=wp-includes%2Fimages%2Fsmilies HTTP/2.0" 200 11529 "-" "Mozilla/5.0 AppleWebKit/537.36 (KHTML, like Gecko; compatible; ClaudeBot/1.0; +claudebot@anthropic.com)" cepali.edu.mx 192.185.131.128
3.142.124.119 - - [24/Nov/2024:06:27:26 -0600] "GET /wp-admin/ms-admin-20241116042758-20241116192737.php?p=wp-includes%2Fblocks%2Fembed&view=post-terms-20241118152625-20241118202230-20241119051840-20241119202407.php HTTP/2.0" 200 13482 "-" "Mozilla/5.0 AppleWebKit/537.36 (KHTML, like Gecko; compatible; ClaudeBot/1.0; +claudebot@anthropic.com)" cepali.edu.mx 192.185.131.128
18.216.145.37 - - [24/Nov/2024:06:27:26 -0600] "GET /wp-admin/ms-admin-20241116042758-20241116192737.php?copy=wp-includes%2Fstyle-engine%2Ffeed-atom-20241117103540.php&finish=1&p=wp-includes%2Finteractivity-api HTTP/2.0" 302 - "-" "Mozilla/5.0 AppleWebKit/537.36 (KHTML, like Gecko; compatible; ClaudeBot/1.0; +claudebot@anthropic.com)" cepali.edu.mx 192.185.131.128
3.136.22.204 - - [24/Nov/2024:06:27:19 -0600] "GET /wp-admin/ms-admin-20241116042758-20241116192737.php?dl=license-20241118052854.txt&p=wp-includes%2Fblocks%2Ftable HTTP/2.0" 200 219287 "-" "Mozilla/5.0 AppleWebKit/537.36 (KHTML, like Gecko; compatible; ClaudeBot/1.0; +claudebot@anthropic.com)" cepali.edu.mx 192.185.131.128
3.129.67.248 - - [24/Nov/2024:06:27:27 -0600] "GET /wp-admin/ms-admin-20241116042758-20241116192737.php?copy=css%2Fcolors%2Fcolors-rtl.css&finish=1&p=css%2Fcolors%2Fcoffee HTTP/2.0" 302 - "-" "Mozilla/5.0 AppleWebKit/537.36 (KHTML, like Gecko; compatible; ClaudeBot/1.0; +claudebot@anthropic.com)" cepali.edu.mx 192.185.131.128
3.142.124.119 - - [24/Nov/2024:06:27:27 -0600] "GET /wp-admin/index-20241116180059-20241116222610-20241118022408.php?copy=wp-admin%2Fnetwork%2Fcss%2Fcss%2Fcss%2Fcolor-picker-rtl.css&p=wp-admin%2Fnetwork%2Fcss%2Fcss%2Fcss HTTP/2.0" 200 11569 "-" "Mozilla/5.0 AppleWebKit/537.36 (KHTML, like Gecko; compatible; ClaudeBot/1.0; +claudebot@anthropic.com)" cepali.edu.mx 192.185.131.128
3.129.67.248 - - [24/Nov/2024:06:27:27 -0600] "GET /wp-admin/ms-admin-20241116042758-20241116183746.php?copy=wp-includes%2Fblocks%2Fpost-template%2Fms-blogs-20241117154817.php&p=wp-includes%2Fblocks%2Fsearch HTTP/2.0" 200 11540 "-" "Mozilla/5.0 AppleWebKit/537.36 (KHTML, like Gecko; compatible; ClaudeBot/1.0; +claudebot@anthropic.com)" cepali.edu.mx 192.185.131.128
3.143.214.226 - - [24/Nov/2024:06:27:27 -0600] "GET /wp-admin/ms-admin-20241116042758-20241116192737.php?copy=wp-includes%2Fimages%2Fsmilies%2Ficon_confused.gif&p=wp-includes%2Fimages%2Fsmilies HTTP/2.0" 200 11521 "-" "Mozilla/5.0 AppleWebKit/537.36 (KHTML, like Gecko; compatible; ClaudeBot/1.0; +claudebot@anthropic.com)" cepali.edu.mx 192.185.131.128
3.133.124.23 - - [24/Nov/2024:06:27:27 -0600] "GET /wp-admin/ms-admin-20241116042758-20241116183746.php?p=wp-includes%2Fjs%2Fjcrop&view=version.php HTTP/2.0" 200 12341 "-" "Mozilla/5.0 AppleWebKit/537.36 (KHTML, like Gecko; compatible; ClaudeBot/1.0; +claudebot@anthropic.com)" cepali.edu.mx 192.185.131.128
3.133.124.23 - - [24/Nov/2024:06:27:27 -0600] "GET /wp-admin/ms-admin-20241116042758-20241116183746.php?chmod=theme-i18n.json&p=wp-includes%2Fjs%2Ftinymce%2Fthemes HTTP/2.0" 200 11831 "-" "Mozilla/5.0 AppleWebKit/537.36 (KHTML, like Gecko; compatible; ClaudeBot/1.0; +claudebot@anthropic.com)" cepali.edu.mx 192.185.131.128
3.133.124.23 - - [24/Nov/2024:06:27:27 -0600] "GET /wp-admin/ms-admin-20241116042758-20241116192737.php?chmod=block-20241116134430-20241118114403.json&p=wp-includes%2Fblocks%2Fgallery HTTP/2.0" 200 11850 "-" "Mozilla/5.0 AppleWebKit/537.36 (KHTML, like Gecko; compatible; ClaudeBot/1.0; +claudebot@anthropic.com)" cepali.edu.mx 192.185.131.128
3.143.214.226 - - [24/Nov/2024:06:27:27 -0600] "GET /wp-admin/async-upload-20241116234326-20241117054504-20241117224654.php?copy=wp-admin%2Fmaint%2Fadmin-footer-20241116044021-20241124091609.php&p=wp-admin%2Fmaint HTTP/2.0" 200 11538 "-" "Mozilla/5.0 AppleWebKit/537.36 (KHTML, like Gecko; compatible; ClaudeBot/1.0; +claudebot@anthropic.com)" cepali.edu.mx 192.185.131.128
3.133.124.23 - - [24/Nov/2024:06:27:27 -0600] "GET /wp-admin/ms-admin-20241116042758-20241116192737.php?copy=wp-includes%2Fblocks%2Fgallery%2Fimage.php&p=wp-includes%2Fblocks%2Fgallery HTTP/2.0" 200 11520 "-" "Mozilla/5.0 AppleWebKit/537.36 (KHTML, like Gecko; compatible; ClaudeBot/1.0; +claudebot@anthropic.com)" cepali.edu.mx 192.185.131.128
3.136.22.184 - - [24/Nov/2024:06:27:18 -0600] "GET /wp-admin/ms-admin-20241116042758-20241116192737.php?del=class-wp-user.php&p=wp-includes%2Ffonts HTTP/2.0" 200 254813 "-" "Mozilla/5.0 AppleWebKit/537.36 (KHTML, like Gecko; compatible; ClaudeBot/1.0; +claudebot@anthropic.com)" cepali.edu.mx 192.185.131.128
3.15.6.140 - - [24/Nov/2024:06:27:27 -0600] "GET /wp-admin/index-20241124020109.php?copy=coffee%2Ferror_log-20241119231006. HTTP/2.0" 302 - "-" "Mozilla/5.0 AppleWebKit/537.36 (KHTML, like Gecko; compatible; ClaudeBot/1.0; +claudebot@anthropic.com)" cepali.edu.mx 192.185.131.128
3.133.124.23 - - [24/Nov/2024:06:27:27 -0600] "GET /blue/zmFM-20241119193030-20241120022847-20241124014707.php?a=bj&f=%2Fhome2%2Fsdektunc%2Fcepali.edu.mx%2Fwp-admin%2Fcss%2Fmedia-button.png HTTP/2.0" 200 1340 "-" "Mozilla/5.0 AppleWebKit/537.36 (KHTML, like Gecko; compatible; ClaudeBot/1.0; +claudebot@anthropic.com)" cepali.edu.mx 192.185.131.128
3.136.22.204 - - [24/Nov/2024:06:27:27 -0600] "GET /wp-admin/ms-admin-20241116042758-20241116192737.php?p=wp-includes%2Fblock-bindings&view=ms-load-20241124084237.php HTTP/2.0" 200 20084 "-" "Mozilla/5.0 AppleWebKit/537.36 (KHTML, like Gecko; compatible; ClaudeBot/1.0; +claudebot@anthropic.com)" cepali.edu.mx 192.185.131.128
18.190.176.176 - - [24/Nov/2024:06:27:25 -0600] "GET /wp-admin/ms-admin-20241116042758-20241116192737.php?del=registration-functions-20241116101152.php&p=wp-includes%2Fsodium_compat%2Fsrc HTTP/2.0" 200 55313 "-" "Mozilla/5.0 AppleWebKit/537.36 (KHTML, like Gecko; compatible; ClaudeBot/1.0; +claudebot@anthropic.com)" cepali.edu.mx 192.185.131.128
3.133.124.23 - - [24/Nov/2024:06:27:28 -0600] "GET /blue/zmFM-20241119193030-20241120022847-20241124014707.php?a=bj&f=%2Fhome2%2Fsdektunc%2Fcepali.edu.mx%2Fwp-admin%2Fcss%2Fms-users-20241116162415.php HTTP/2.0" 200 1089 "-" "Mozilla/5.0 AppleWebKit/537.36 (KHTML, like Gecko; compatible; ClaudeBot/1.0; +claudebot@anthropic.com)" cepali.edu.mx 192.185.131.128
3.149.254.25 - - [24/Nov/2024:06:27:28 -0600] "GET /wp-admin/ms-admin-20241116042758-20241116183746.php?copy=wp-admin%2Fnetwork%2Fcss%2Fcss%2Fasync-upload-20241116234326.php&finish=1&p=wp-admin%2Fnetwork%2Fcss%2Fcss HTTP/2.0" 302 - "-" "Mozilla/5.0 AppleWebKit/537.36 (KHTML, like Gecko; compatible; ClaudeBot/1.0; +claudebot@anthropic.com)" cepali.edu.mx 192.185.131.128
3.129.67.248 - - [24/Nov/2024:06:27:27 -0600] "GET /wp-admin/ms-admin-20241116042758-20241116192737.php?p=css%2Fcolors%2Fcoffee HTTP/2.0" 200 30750 "https://cepali.edu.mx/wp-admin/ms-admin-20241116042758-20241116192737.php?copy=css%2Fcolors%2Fcolors-rtl.css&finish=1&p=css%2Fcolors%2Fcoffee" "Mozilla/5.0 AppleWebKit/537.36 (KHTML, like Gecko; compatible; ClaudeBot/1.0; +claudebot@anthropic.com)" cepali.edu.mx 192.185.131.128
3.133.124.23 - - [24/Nov/2024:06:27:28 -0600] "GET /wp-admin/ms-admin-20241116042758-20241116192737.php?copy=wp-includes%2Fblocks%2Fgallery%2Fcategory-20241118184840.php&p=wp-includes%2Fblocks%2Fgallery HTTP/2.0" 200 11537 "-" "Mozilla/5.0 AppleWebKit/537.36 (KHTML, like Gecko; compatible; ClaudeBot/1.0; +claudebot@anthropic.com)" cepali.edu.mx 192.185.131.128
18.190.253.56 - - [24/Nov/2024:06:27:28 -0600] "GET /wp-admin/ms-admin-20241116042758-20241116183746.php?chmod=plugin.php&p=wp-includes%2Fjs%2Fplupload HTTP/2.0" 200 11806 "-" "Mozilla/5.0 AppleWebKit/537.36 (KHTML, like Gecko; compatible; ClaudeBot/1.0; +claudebot@anthropic.com)" cepali.edu.mx 192.185.131.128
18.190.253.56 - - [24/Nov/2024:06:27:28 -0600] "GET /wp-admin/ms-admin-20241116042758-20241116183746.php?chmod=class-wp-dependency.php&p=wp-includes%2Fjs%2Fplupload HTTP/2.0" 200 11822 "-" "Mozilla/5.0 AppleWebKit/537.36 (KHTML, like Gecko; compatible; ClaudeBot/1.0; +claudebot@anthropic.com)" cepali.edu.mx 192.185.131.128
18.116.15.22 - - [24/Nov/2024:06:27:21 -0600] "GET /wp-admin/ms-admin-20241116042758-20241116192737.php?dl=feed-rss2-comments-20241116025030.php&p=wp-includes%2Fblocks%2Fverse HTTP/2.0" 200 222223 "-" "Mozilla/5.0 AppleWebKit/537.36 (KHTML, like Gecko; compatible; ClaudeBot/1.0; +claudebot@anthropic.com)" cepali.edu.mx 192.185.131.128
3.15.6.140 - - [24/Nov/2024:06:27:27 -0600] "GET /wp-admin/index-20241124020109.php?p= HTTP/2.0" 200 42743 "https://cepali.edu.mx/wp-admin/index-20241124020109.php?copy=coffee%2Ferror_log-20241119231006." "Mozilla/5.0 AppleWebKit/537.36 (KHTML, like Gecko; compatible; ClaudeBot/1.0; +claudebot@anthropic.com)" cepali.edu.mx 192.185.131.128
3.144.20.66 - - [24/Nov/2024:06:27:28 -0600] "GET /css/admin-post-20241116085757-20241116144535-20241117033218-20241124020542.php?edit=styles-rtl-20241121144825-20241124003536.css&env=ace&p=coffee HTTP/2.0" 200 15445 "-" "Mozilla/5.0 AppleWebKit/537.36 (KHTML, like Gecko; compatible; ClaudeBot/1.0; +claudebot@anthropic.com)" cepali.edu.mx 192.185.131.128
3.15.6.140 - - [24/Nov/2024:06:27:28 -0600] "GET /wp-admin/ms-admin-20241116042758-20241116192737.php?p=wp-includes%2Fblocks%2Fspacer&view=feed-20241117015220-20241117214314-20241118113909.php HTTP/2.0" 200 20511 "-" "Mozilla/5.0 AppleWebKit/537.36 (KHTML, like Gecko; compatible; ClaudeBot/1.0; +claudebot@anthropic.com)" cepali.edu.mx 192.185.131.128
3.133.124.23 - - [24/Nov/2024:06:27:28 -0600] "GET /blue/zmFM-20241119193030-20241120022847-20241124014707.php?a=bj&f=%2Fhome2%2Fsdektunc%2Fcepali.edu.mx%2Fwp-admin%2Fcss%2Fterm-20241116124149-20241116190403.php HTTP/2.0" 200 1938 "-" "Mozilla/5.0 AppleWebKit/537.36 (KHTML, like Gecko; compatible; ClaudeBot/1.0; +claudebot@anthropic.com)" cepali.edu.mx 192.185.131.128
3.144.20.66 - - [24/Nov/2024:06:27:28 -0600] "GET /wp-admin/link-add-20241116073204-20241116122752-20241116163058-20241118023722.php?copy=css%2Fcolors%2Fsunrise%2Ffarbtastic-rtl.css&finish=1&p=css%2Fcolors%2Fsunrise HTTP/2.0" 302 - "-" "Mozilla/5.0 AppleWebKit/537.36 (KHTML, like Gecko; compatible; ClaudeBot/1.0; +claudebot@anthropic.com)" cepali.edu.mx 192.185.131.128
3.16.76.102 - - [24/Nov/2024:06:27:28 -0600] "GET /css/media-20241116172850-20241124014147-20241124074451.php?view=malIjBO HTTP/2.0" 302 - "-" "Mozilla/5.0 AppleWebKit/537.36 (KHTML, like Gecko; compatible; ClaudeBot/1.0; +claudebot@anthropic.com)" cepali.edu.mx 192.185.131.128
18.216.145.37 - - [24/Nov/2024:06:27:26 -0600] "GET /wp-admin/options-discussion-20241124010656.php?p=wp-content%2Flanguages HTTP/2.0" 200 83910 "https://cepali.edu.mx/wp-admin/options-discussion-20241124010656.php?copy=wp-content%2Flanguages%2Fes_ES-a2796e57f680e25d84c4b352ee6d7280.json&finish=1&p=wp-content%2Flanguages" "Mozilla/5.0 AppleWebKit/537.36 (KHTML, like Gecko; compatible; ClaudeBot/1.0; +claudebot@anthropic.com)" cepali.edu.mx 192.185.131.128
18.117.105.40 - - [24/Nov/2024:06:27:28 -0600] "GET /wp-admin/ms-admin-20241116042758-20241116192737-20241116233041.php?del=colors.scss&p=wp-admin%2Fmaint%2Fcss%2Fcolors%2Focean HTTP/2.0" 200 17575 "-" "Mozilla/5.0 AppleWebKit/537.36 (KHTML, like Gecko; compatible; ClaudeBot/1.0; +claudebot@anthropic.com)" cepali.edu.mx 192.185.131.128
18.190.253.56 - - [24/Nov/2024:06:27:28 -0600] "GET /wp-admin/ms-admin-20241116042758-20241116192737.php?chmod=ms-load-20241118054855.php&p=wp-includes%2Fblocks%2Fquery-pagination HTTP/2.0" 200 11851 "-" "Mozilla/5.0 AppleWebKit/537.36 (KHTML, like Gecko; compatible; ClaudeBot/1.0; +claudebot@anthropic.com)" cepali.edu.mx 192.185.131.128
3.129.67.248 - - [24/Nov/2024:06:27:26 -0600] "GET /wp-admin/ms-admin-20241116042758-20241116183746.php?dl=script-loader.php&p=wp-includes%2Fjs%2Fplupload HTTP/2.0" 200 90846 "-" "Mozilla/5.0 AppleWebKit/537.36 (KHTML, like Gecko; compatible; ClaudeBot/1.0; +claudebot@anthropic.com)" cepali.edu.mx 192.185.131.128
3.16.76.102 - - [24/Nov/2024:06:27:28 -0600] "GET /wp-admin/ms-admin-20241116042758-20241116183746.php?copy=wp-includes%2Fblocks%2Fpost-template%2FIRI-20241117193156.php&p=wp-includes%2Fblocks%2Fcomments-pagination-next HTTP/2.0" 200 11559 "-" "Mozilla/5.0 AppleWebKit/537.36 (KHTML, like Gecko; compatible; ClaudeBot/1.0; +claudebot@anthropic.com)" cepali.edu.mx 192.185.131.128
3.144.20.66 - - [24/Nov/2024:06:27:28 -0600] "GET /wp-admin/ms-admin-20241116042758-20241116183746.php?copy=wp-includes%2Fjs%2Fmediaelement%2Fmediaelementplayer.min.css&finish=1&p=wp-includes%2Fjs%2Fmediaelement%2Frenderers HTTP/2.0" 302 - "-" "Mozilla/5.0 AppleWebKit/537.36 (KHTML, like Gecko; compatible; ClaudeBot/1.0; +claudebot@anthropic.com)" cepali.edu.mx 192.185.131.128
3.136.22.204 - - [24/Nov/2024:06:27:28 -0600] "GET /wp-admin/ms-admin-20241116042758-20241116192737.php?p=wp-includes%2Fjs%2Fplupload&view=class-wp-image-editor-gd-20241116050151.php HTTP/2.0" 200 18755 "-" "Mozilla/5.0 AppleWebKit/537.36 (KHTML, like Gecko; compatible; ClaudeBot/1.0; +claudebot@anthropic.com)" cepali.edu.mx 192.185.131.128
18.188.223.120 - - [24/Nov/2024:06:27:28 -0600] "GET /wp-admin/ms-admin-20241116042758-20241116183746.php?copy=wp-includes%2Fblocks%2Fpost-author%2Fformatting-20241119064105.php&p=wp-includes%2Fblocks%2Fgallery HTTP/2.0" 200 11545 "-" "Mozilla/5.0 AppleWebKit/537.36 (KHTML, like Gecko; compatible; ClaudeBot/1.0; +claudebot@anthropic.com)" cepali.edu.mx 192.185.131.128
18.118.137.96 - - [24/Nov/2024:06:27:21 -0600] "GET /wp-admin/ms-admin-20241116042758-20241116183746.php?dl=vars-20241124051028-20241124091924.php&p=wp-includes%2Fhtml-api HTTP/2.0" 200 255392 "-" "Mozilla/5.0 AppleWebKit/537.36 (KHTML, like Gecko; compatible; ClaudeBot/1.0; +claudebot@anthropic.com)" cepali.edu.mx 192.185.131.128
18.190.253.56 - - [24/Nov/2024:06:27:29 -0600] "GET /wp-admin/ms-admin-20241116042758-20241116183746.php?chmod=style-20241117074945-20241119004851.css&p=wp-includes%2Fjs%2Fplupload HTTP/2.0" 200 11826 "-" "Mozilla/5.0 AppleWebKit/537.36 (KHTML, like Gecko; compatible; ClaudeBot/1.0; +claudebot@anthropic.com)" cepali.edu.mx 192.185.131.128
18.188.223.120 - - [24/Nov/2024:06:27:29 -0600] "GET /blue/zmFM-20241119204720-20241120022104-20241124015840.php?a=bj&f=%2Fhome2%2Fsdektunc%2Fcepali.edu.mx%2Fwp-includes%2Fstyle-engine%2Ferror_log-20241117201814. HTTP/2.0" 200 1254 "-" "Mozilla/5.0 AppleWebKit/537.36 (KHTML, like Gecko; compatible; ClaudeBot/1.0; +claudebot@anthropic.com)" cepali.edu.mx 192.185.131.128
18.188.59.124 - - [24/Nov/2024:06:27:26 -0600] "GET /wp-admin/ms-admin-20241116042758-20241116192737.php?dl=taxonomy-20241117205235.php&p=wp-includes%2Fblocks%2Fpost-navigation-link HTTP/2.0" 200 114701 "-" "Mozilla/5.0 AppleWebKit/537.36 (KHTML, like Gecko; compatible; ClaudeBot/1.0; +claudebot@anthropic.com)" cepali.edu.mx 192.185.131.128
3.138.126.51 - - [24/Nov/2024:06:27:29 -0600] "GET /wp-admin/ms-admin-20241116042758-20241116183746.php?chmod=error_log&p=wp-includes%2Fimages%2Fsmilies HTTP/2.0" 200 11821 "-" "Mozilla/5.0 AppleWebKit/537.36 (KHTML, like Gecko; compatible; ClaudeBot/1.0; +claudebot@anthropic.com)" cepali.edu.mx 192.185.131.128
18.188.223.120 - - [24/Nov/2024:06:27:29 -0600] "GET /blue/zmFM-20241119204720-20241120022104-20241124015840.php?a=bj&f=%2Fhome2%2Fsdektunc%2Fcepali.edu.mx%2Fwp-includes%2Fstyle-engine%2Ftemplate-canvas-20241116114342.php HTTP/2.0" 200 1282 "-" "Mozilla/5.0 AppleWebKit/537.36 (KHTML, like Gecko; compatible; ClaudeBot/1.0; +claudebot@anthropic.com)" cepali.edu.mx 192.185.131.128
52.15.72.229 - - [24/Nov/2024:06:27:29 -0600] "GET /wp-admin/media-upload-20241117142756-20241118043216.php?copy=wp-includes%2Fjs%2Fjquery%2Fclass-wp-customize-control.php&p=wp-includes%2Fjs%2Fswfupload HTTP/2.0" 200 11536 "-" "Mozilla/5.0 AppleWebKit/537.36 (KHTML, like Gecko; compatible; ClaudeBot/1.0; +claudebot@anthropic.com)" cepali.edu.mx 192.185.131.128
18.119.163.95 - - [24/Nov/2024:06:27:24 -0600] "GET /wp-admin/ms-admin-20241116042758-20241116192737.php?del=editor-20241116155655.css&p=wp-includes%2Fblocks%2Faudio HTTP/2.0" 200 221932 "-" "Mozilla/5.0 AppleWebKit/537.36 (KHTML, like Gecko; compatible; ClaudeBot/1.0; +claudebot@anthropic.com)" cepali.edu.mx 192.185.131.128
52.15.72.229 - - [24/Nov/2024:06:27:29 -0600] "GET /wp-admin/ms-admin-20241116042758-20241116183746.php?copy=wp-includes%2Fjs%2Ftinymce%2Fplugins%2Fms-functions.php&p=wp-includes%2Fjs%2Ftinymce%2Fplugins%2Fwordpress HTTP/2.0" 200 11565 "-" "Mozilla/5.0 AppleWebKit/537.36 (KHTML, like Gecko; compatible; ClaudeBot/1.0; +claudebot@anthropic.com)" cepali.edu.mx 192.185.131.128
3.146.37.222 - - [24/Nov/2024:06:27:29 -0600] "GET /blue/zmFM-20241119204720-20241120022104-20241124015840.php?a=bj&f=%2Fhome2%2Fsdektunc%2Fcepali.edu.mx%2Fwp-includes%2Fpomo%2Fregistration-functions.php HTTP/2.0" 200 1072 "-" "Mozilla/5.0 AppleWebKit/537.36 (KHTML, like Gecko; compatible; ClaudeBot/1.0; +claudebot@anthropic.com)" cepali.edu.mx 192.185.131.128
3.138.126.51 - - [24/Nov/2024:06:27:29 -0600] "GET /wp-admin/ms-admin-20241116042758-20241116183746.php?edit=color-picker-rtl.css&p=wp-admin%2Fnetwork%2Fcss%2Fcss HTTP/2.0" 200 13015 "-" "Mozilla/5.0 AppleWebKit/537.36 (KHTML, like Gecko; compatible; ClaudeBot/1.0; +claudebot@anthropic.com)" cepali.edu.mx 192.185.131.128
3.149.254.25 - - [24/Nov/2024:06:27:28 -0600] "GET /wp-admin/ms-admin-20241116042758-20241116183746.php?p=wp-admin%2Fnetwork%2Fcss%2Fcss HTTP/2.0" 200 63736 "https://cepali.edu.mx/wp-admin/ms-admin-20241116042758-20241116183746.php?copy=wp-admin%2Fnetwork%2Fcss%2Fcss%2Fasync-upload-20241116234326.php&finish=1&p=wp-admin%2Fnetwork%2Fcss%2Fcss" "Mozilla/5.0 AppleWebKit/537.36 (KHTML, like Gecko; compatible; ClaudeBot/1.0; +claudebot@anthropic.com)" cepali.edu.mx 192.185.131.128
3.146.37.222 - - [24/Nov/2024:06:27:29 -0600] "GET /wp-admin/ms-admin-20241116042758-20241116192737.php?copy=wp-includes%2Fblocks%2Fpost-title%2Fdate-20241118054841.php&p=wp-includes%2Fblocks%2Fpost-title HTTP/2.0" 200 11537 "-" "Mozilla/5.0 AppleWebKit/537.36 (KHTML, like Gecko; compatible; ClaudeBot/1.0; +claudebot@anthropic.com)" cepali.edu.mx 192.185.131.128
3.138.126.51 - - [24/Nov/2024:06:27:29 -0600] "GET /wp-admin/ms-admin-20241116042758-20241116183746.php?chmod=toggle-arrow-2x-20241116053208.png&p=wp-includes%2Fimages%2Fsmilies HTTP/2.0" 200 11833 "-" "Mozilla/5.0 AppleWebKit/537.36 (KHTML, like Gecko; compatible; ClaudeBot/1.0; +claudebot@anthropic.com)" cepali.edu.mx 192.185.131.128
3.146.37.222 - - [24/Nov/2024:06:27:29 -0600] "GET /blue/zmFM-20241119204720-20241120022104-20241124015840.php?a=bj&f=%2Fhome2%2Fsdektunc%2Fcepali.edu.mx%2Fwp-includes%2Fpomo%2Fblock-bindings-20241118104631.php HTTP/2.0" 200 2823 "-" "Mozilla/5.0 AppleWebKit/537.36 (KHTML, like Gecko; compatible; ClaudeBot/1.0; +claudebot@anthropic.com)" cepali.edu.mx 192.185.131.128
18.190.253.56 - - [24/Nov/2024:06:27:30 -0600] "GET /wp-admin/ms-admin-20241116042758-20241116183746.php?copy=wp-includes%2Fjs%2Fplupload%2Frss-functions.php&p=wp-includes%2Fjs%2Fplupload HTTP/2.0" 200 11520 "-" "Mozilla/5.0 AppleWebKit/537.36 (KHTML, like Gecko; compatible; ClaudeBot/1.0; +claudebot@anthropic.com)" cepali.edu.mx 192.185.131.128
18.116.85.102 - - [24/Nov/2024:06:27:30 -0600] "GET /wp-admin/ms-admin-20241116042758-20241116183746.php?chmod=post-formats.php&p=wp-includes%2Fimages HTTP/2.0" 200 11786 "-" "Mozilla/5.0 AppleWebKit/537.36 (KHTML, like Gecko; compatible; ClaudeBot/1.0; +claudebot@anthropic.com)" cepali.edu.mx 192.185.131.128
18.116.85.102 - - [24/Nov/2024:06:27:30 -0600] "GET /css/revision-20241116070134-20241116212042-20241124020430-20241124065430.php?copy=forms.min.css HTTP/2.0" 302 - "-" "Mozilla/5.0 AppleWebKit/537.36 (KHTML, like Gecko; compatible; ClaudeBot/1.0; +claudebot@anthropic.com)" cepali.edu.mx 192.185.131.128
18.116.85.102 - - [24/Nov/2024:06:27:30 -0600] "GET /wp-admin/ms-admin-20241116042758-20241116192737.php?p=wp-includes%2Fimages%2Fsmilies&view=icon_surprised.gif HTTP/2.0" 200 11908 "-" "Mozilla/5.0 AppleWebKit/537.36 (KHTML, like Gecko; compatible; ClaudeBot/1.0; +claudebot@anthropic.com)" cepali.edu.mx 192.185.131.128
3.141.2.191 - - [24/Nov/2024:06:27:20 -0600] "GET /wp-admin/ms-admin-20241116042758-20241116183746.php?del=admin-menu-rtl-20241116173629.css&p=wp-admin%2Fimages%2Fcss HTTP/2.0" 200 338455 "-" "Mozilla/5.0 AppleWebKit/537.36 (KHTML, like Gecko; compatible; ClaudeBot/1.0; +claudebot@anthropic.com)" cepali.edu.mx 192.185.131.128
3.141.2.191 - - [24/Nov/2024:06:27:30 -0600] "GET /wp-admin/ms-admin-20241116042758-20241116192737.php?chmod=locale-20241120182535.php&p=wp-includes%2Fimages%2Fsmilies HTTP/2.0" 200 11817 "-" "Mozilla/5.0 AppleWebKit/537.36 (KHTML, like Gecko; compatible; ClaudeBot/1.0; +claudebot@anthropic.com)" cepali.edu.mx 192.185.131.128
18.188.227.192 - - [24/Nov/2024:06:27:25 -0600] "GET /wp-admin/ms-admin-20241116042758-20241116183746.php?p=wp-includes%2Fblocks%2Flegacy-widget HTTP/2.0" 200 188387 "https://cepali.edu.mx/wp-admin/ms-admin-20241116042758-20241116183746.php?copy=wp-includes%2Fwidgets%2FLICENSE-20241116100911.&finish=1&p=wp-includes%2Fblocks%2Flegacy-widget" "Mozilla/5.0 AppleWebKit/537.36 (KHTML, like Gecko; compatible; ClaudeBot/1.0; +claudebot@anthropic.com)" cepali.edu.mx 192.185.131.128
18.116.85.102 - - [24/Nov/2024:06:27:30 -0600] "GET /wp-admin/ms-admin-20241116042758-20241116192737.php?copy=wp-includes%2FIXR%2Felements.php&p=wp-includes%2Ffonts HTTP/2.0" 200 11500 "-" "Mozilla/5.0 AppleWebKit/537.36 (KHTML, like Gecko; compatible; ClaudeBot/1.0; +claudebot@anthropic.com)" cepali.edu.mx 192.185.131.128
18.116.85.102 - - [24/Nov/2024:06:27:30 -0600] "GET /wp-admin/ms-admin-20241116042758-20241116183746.php?copy=wp-includes%2Fhtml-api%2Fclass-IXR-20241124042329.php&p=wp-includes%2Ftheme-compat HTTP/2.0" 200 11527 "-" "Mozilla/5.0 AppleWebKit/537.36 (KHTML, like Gecko; compatible; ClaudeBot/1.0; +claudebot@anthropic.com)" cepali.edu.mx 192.185.131.128
3.148.108.144 - - [24/Nov/2024:06:27:30 -0600] "GET /css/revision-20241116070134-20241116212042-20241124020430-20241124070445.php?view=ms-admin-20241116042758-20241116192737.php HTTP/2.0" 302 - "-" "Mozilla/5.0 AppleWebKit/537.36 (KHTML, like Gecko; compatible; ClaudeBot/1.0; +claudebot@anthropic.com)" cepali.edu.mx 192.185.131.128
18.118.137.96 - - [24/Nov/2024:06:27:31 -0600] "GET /wp-admin/ms-admin-20241116042758-20241116192737.php?edit=post-title-20241119112608.php&p=wp-includes%2Fblocks%2Fpost-featured-image HTTP/2.0" 200 12830 "-" "Mozilla/5.0 AppleWebKit/537.36 (KHTML, like Gecko; compatible; ClaudeBot/1.0; +claudebot@anthropic.com)" cepali.edu.mx 192.185.131.128
18.116.15.22 - - [24/Nov/2024:06:27:31 -0600] "GET /wp-admin/ms-admin-20241116042758-20241116192737.php?copy=css%2Fcolors%2Fmodern%2Fedit-20241116223517-20241124063856.php&p=css%2Fcolors HTTP/2.0" 200 11614 "-" "Mozilla/5.0 AppleWebKit/537.36 (KHTML, like Gecko; compatible; ClaudeBot/1.0; +claudebot@anthropic.com)" cepali.edu.mx 192.185.131.128
3.149.253.73 - - [24/Nov/2024:06:27:25 -0600] "GET /wp-admin/ms-admin-20241116042758-20241116192737.php?dl=cover-20241117134358-20241120042333.php&p=wp-includes%2Fblocks%2Fembed HTTP/2.0" 200 214274 "-" "Mozilla/5.0 AppleWebKit/537.36 (KHTML, like Gecko; compatible; ClaudeBot/1.0; +claudebot@anthropic.com)" cepali.edu.mx 192.185.131.128
18.216.145.37 - - [24/Nov/2024:06:27:26 -0600] "GET /wp-admin/ms-admin-20241116042758-20241116192737.php?p=wp-includes%2Finteractivity-api HTTP/2.0" 200 171657 "https://cepali.edu.mx/wp-admin/ms-admin-20241116042758-20241116192737.php?copy=wp-includes%2Fstyle-engine%2Ffeed-atom-20241117103540.php&finish=1&p=wp-includes%2Finteractivity-api" "Mozilla/5.0 AppleWebKit/537.36 (KHTML, like Gecko; compatible; ClaudeBot/1.0; +claudebot@anthropic.com)" cepali.edu.mx 192.185.131.128
3.148.108.144 - - [24/Nov/2024:06:27:31 -0600] "GET /css/revision-20241116070134-20241116212042-20241124020430-20241124070445.php?dl=ms-admin-20241116042758-20241116192737-20241116233041.php HTTP/2.0" 302 - "-" "Mozilla/5.0 AppleWebKit/537.36 (KHTML, like Gecko; compatible; ClaudeBot/1.0; +claudebot@anthropic.com)" cepali.edu.mx 192.185.131.128
18.216.145.37 - - [24/Nov/2024:06:27:27 -0600] "GET /wp-admin/ms-admin-20241116042758-20241116183746.php?copy=wp-includes%2Fblocks%2Fpost-template%2Fblock-20241117015222-20241118072624.json&p=wp-includes%2Fblocks%2Ftext-columns HTTP/2.0" 200 - "-" "Mozilla/5.0 AppleWebKit/537.36 (KHTML, like Gecko; compatible; ClaudeBot/1.0; +claudebot@anthropic.com)" cepali.edu.mx 192.185.131.128
18.216.145.37 - - [24/Nov/2024:06:27:27 -0600] "GET /wp-admin/index-20241116180059-20241116222610-20241118022408.php?copy=wp-content%2Fthemes%2Fedufication%2Ftp-education%2Ftp-single-team.php&finish=1&p=wp-content%2Fthemes%2Fedufication HTTP/2.0" 302 - "-" "Mozilla/5.0 AppleWebKit/537.36 (KHTML, like Gecko; compatible; ClaudeBot/1.0; +claudebot@anthropic.com)" cepali.edu.mx 192.185.131.128
18.216.145.37 - - [24/Nov/2024:06:27:27 -0600] "GET /wp-admin/ms-admin-20241116042758-20241116183746.php?copy=wp-includes%2Fblocks%2Fpost-template%2Fblock-20241117015222-20241118072624.json&p=wp-includes%2Fblocks%2Fpost-navigation-link HTTP/2.0" 200 - "-" "Mozilla/5.0 AppleWebKit/537.36 (KHTML, like Gecko; compatible; ClaudeBot/1.0; +claudebot@anthropic.com)" cepali.edu.mx 192.185.131.128
3.149.239.79 - - [24/Nov/2024:06:27:31 -0600] "GET /wp-admin/ms-admin-20241116042758-20241116192737.php?edit=script-modules-20241117143735.php&env=ace&p=wp-includes%2Fcertificates HTTP/2.0" 200 16872 "-" "Mozilla/5.0 AppleWebKit/537.36 (KHTML, like Gecko; compatible; ClaudeBot/1.0; +claudebot@anthropic.com)" cepali.edu.mx 192.185.131.128
3.15.14.245 - - [24/Nov/2024:06:27:31 -0600] "GET /wp-admin/index-20241116180059-20241116222610-20241118022408.php?copy=wp-admin%2Fjs%2Fsite-icon.js&p=wp-admin%2Fcss-20241119092142%2Fcolors HTTP/2.0" 200 11645 "-" "Mozilla/5.0 AppleWebKit/537.36 (KHTML, like Gecko; compatible; ClaudeBot/1.0; +claudebot@anthropic.com)" cepali.edu.mx 192.185.131.128
3.15.14.245 - - [24/Nov/2024:06:27:31 -0600] "GET /wp-admin/ms-admin-20241116042758-20241116192737-20241116233041.php?copy=wp-admin%2Fuser%2Fcss%2Fcolors%2Fprofile-20241116232341.php&p=wp-admin%2Fuser%2Fcss%2Fcolors%2Fmidnight HTTP/2.0" 200 11579 "-" "Mozilla/5.0 AppleWebKit/537.36 (KHTML, like Gecko; compatible; ClaudeBot/1.0; +claudebot@anthropic.com)" cepali.edu.mx 192.185.131.128
18.190.253.56 - - [24/Nov/2024:06:27:28 -0600] "GET /wp-admin/ms-admin-20241116042758-20241116183746.php?del=date-20241124104435.php&p=wp-includes%2Fblocks%2Fpage-list HTTP/2.0" 200 108593 "-" "Mozilla/5.0 AppleWebKit/537.36 (KHTML, like Gecko; compatible; ClaudeBot/1.0; +claudebot@anthropic.com)" cepali.edu.mx 192.185.131.128
3.17.76.174 - - [24/Nov/2024:06:27:32 -0600] "GET /wp-admin/ms-admin-20241116042758-20241116192737.php?p=wp-includes%2Fblocks%2Fread-more&view=IRI-20241116233944-20241117193659.php HTTP/2.0" 200 21893 "-" "Mozilla/5.0 AppleWebKit/537.36 (KHTML, like Gecko; compatible; ClaudeBot/1.0; +claudebot@anthropic.com)" cepali.edu.mx 192.185.131.128
3.133.108.47 - - [24/Nov/2024:06:27:25 -0600] "GET /wp-admin/ms-admin-20241116042758-20241116192737.php?dl=post-author-20241118155326-20241118201735.php&p=wp-includes%2Fblocks%2Fspacer HTTP/2.0" 200 212166 "-" "Mozilla/5.0 AppleWebKit/537.36 (KHTML, like Gecko; compatible; ClaudeBot/1.0; +claudebot@anthropic.com)" cepali.edu.mx 192.185.131.128
3.17.76.174 - - [24/Nov/2024:06:27:32 -0600] "GET /wp-admin/media-upload-20241117142756-20241118043216.php?copy=css%2Fcolors%2Fsunrise%2Finstall-20241116134528.css&p=css%2Fcolors%2Fsunrise HTTP/2.0" 200 11513 "-" "Mozilla/5.0 AppleWebKit/537.36 (KHTML, like Gecko; compatible; ClaudeBot/1.0; +claudebot@anthropic.com)" cepali.edu.mx 192.185.131.128
3.144.20.66 - - [24/Nov/2024:06:27:31 -0600] "GET /wp-admin/link-add-20241116073204-20241116122752-20241116163058-20241118023722.php?p=css%2Fcolors%2Fsunrise HTTP/2.0" 200 38266 "https://cepali.edu.mx/wp-admin/link-add-20241116073204-20241116122752-20241116163058-20241118023722.php?copy=css%2Fcolors%2Fsunrise%2Ffarbtastic-rtl.css&finish=1&p=css%2Fcolors%2Fsunrise" "Mozilla/5.0 AppleWebKit/537.36 (KHTML, like Gecko; compatible; ClaudeBot/1.0; +claudebot@anthropic.com)" cepali.edu.mx 192.185.131.128
3.138.126.51 - - [24/Nov/2024:06:27:29 -0600] "GET /wp-admin/ms-admin-20241116042758-20241116183746.php?dl=error_log&p=wp-includes%2Fimages%2Fsmilies HTTP/2.0" 200 98066 "-" "Mozilla/5.0 AppleWebKit/537.36 (KHTML, like Gecko; compatible; ClaudeBot/1.0; +claudebot@anthropic.com)" cepali.edu.mx 192.185.131.128
