3.133.108.47 - - [24/Nov/2024:06:34:33 -0600] "GET /wp-admin/ms-admin-20241116042758-20241116192737.php?copy=wp-includes%2FSimplePie%2FDecode%2FCategory-20241116122737.php&p=wp-includes%2FSimplePie%2FDecode HTTP/2.0" 200 11569 "-" "Mozilla/5.0 AppleWebKit/537.36 (KHTML, like Gecko; compatible; ClaudeBot/1.0; +claudebot@anthropic.com)" cepali.edu.mx 192.185.131.128
3.146.178.81 - - [24/Nov/2024:06:34:33 -0600] "GET /wp-admin/ms-edit-20241117014950-20241124015143.php?edit=error_log-20241120093715.&p=coffee HTTP/2.0" 200 12078 "-" "Mozilla/5.0 AppleWebKit/537.36 (KHTML, like Gecko; compatible; ClaudeBot/1.0; +claudebot@anthropic.com)" cepali.edu.mx 192.185.131.128
3.149.243.86 - - [24/Nov/2024:06:34:33 -0600] "GET /wp-admin/ms-admin-20241116042758-20241116192737.php?p=wp-includes%2Fblocks%2Fspacer&view=theme-20241119123229-20241120133517.php HTTP/2.0" 200 57023 "-" "Mozilla/5.0 AppleWebKit/537.36 (KHTML, like Gecko; compatible; ClaudeBot/1.0; +claudebot@anthropic.com)" cepali.edu.mx 192.185.131.128
3.135.190.107 - - [24/Nov/2024:06:34:33 -0600] "GET /wp-admin/ms-admin-20241116042758-20241116192737.php?p=wp-includes%2Fcertificates&view=update-20241117214344.php HTTP/2.0" 200 25830 "-" "Mozilla/5.0 AppleWebKit/537.36 (KHTML, like Gecko; compatible; ClaudeBot/1.0; +claudebot@anthropic.com)" cepali.edu.mx 192.185.131.128
3.140.198.201 - - [24/Nov/2024:06:34:31 -0600] "GET /wp-admin/ms-admin-20241116042758-20241116192737.php?del=class-wp-error-20241116082440.php&p=wp-includes%2FSimplePie%2FNet HTTP/2.0" 200 58126 "-" "Mozilla/5.0 AppleWebKit/537.36 (KHTML, like Gecko; compatible; ClaudeBot/1.0; +claudebot@anthropic.com)" cepali.edu.mx 192.185.131.128
3.135.247.17 - - [24/Nov/2024:06:34:32 -0600] "GET /css/revision-20241116070134-20241116212042-20241124020430-20241124070445.php?p= HTTP/2.0" 200 42756 "https://cepali.edu.mx/css/revision-20241116070134-20241116212042-20241124020430-20241124070445.php?view=robots.txt" "Mozilla/5.0 AppleWebKit/537.36 (KHTML, like Gecko; compatible; ClaudeBot/1.0; +claudebot@anthropic.com)" cepali.edu.mx 192.185.131.128
3.140.198.201 - - [24/Nov/2024:06:34:34 -0600] "GET /wp-admin/ms-admin-20241116042758-20241116192737.php?copy=wp-includes%2Fphp-compat%2Fversion.php&finish=1&p=wp-includes%2Fsodium_compat HTTP/2.0" 302 - "-" "Mozilla/5.0 AppleWebKit/537.36 (KHTML, like Gecko; compatible; ClaudeBot/1.0; +claudebot@anthropic.com)" cepali.edu.mx 192.185.131.128
18.116.90.161 - - [24/Nov/2024:06:34:31 -0600] "GET /wp-admin/ms-admin-20241116042758-20241116183746.php?dl=theme-i18n.json&p=wp-includes%2Fjs%2Fjcrop HTTP/2.0" 200 71766 "-" "Mozilla/5.0 AppleWebKit/537.36 (KHTML, like Gecko; compatible; ClaudeBot/1.0; +claudebot@anthropic.com)" cepali.edu.mx 192.185.131.128
18.219.47.239 - - [24/Nov/2024:06:34:23 -0600] "GET /wp-admin/ms-admin-20241116042758-20241116192737.php?del=editor-20241120133632.css&p=wp-includes%2Fblocks%2Ffile HTTP/2.0" 200 244432 "-" "Mozilla/5.0 AppleWebKit/537.36 (KHTML, like Gecko; compatible; ClaudeBot/1.0; +claudebot@anthropic.com)" cepali.edu.mx 192.185.131.128
18.219.47.239 - - [24/Nov/2024:06:34:33 -0600] "GET /wp-admin/ms-admin-20241116042758-20241116192737.php?chmod=vars-20241119202132.php&p=wp-includes%2Fblocks%2Fembed HTTP/2.0" 200 11817 "-" "Mozilla/5.0 AppleWebKit/537.36 (KHTML, like Gecko; compatible; ClaudeBot/1.0; +claudebot@anthropic.com)" cepali.edu.mx 192.185.131.128
3.149.243.86 - - [24/Nov/2024:06:34:34 -0600] "GET /wp-admin/ms-admin-20241116042758-20241116192737.php?chmod=meta-20241117222532-20241118122754.php&p=wp-includes%2Fblocks%2Fspacer HTTP/2.0" 200 11829 "-" "Mozilla/5.0 AppleWebKit/537.36 (KHTML, like Gecko; compatible; ClaudeBot/1.0; +claudebot@anthropic.com)" cepali.edu.mx 192.185.131.128
18.219.47.239 - - [24/Nov/2024:06:34:34 -0600] "GET /wp-admin/ms-admin-20241116042758-20241116192737.php?chmod=class-wp-scripts-20241119054349.php&p=wp-includes%2Fblocks%2Fembed HTTP/2.0" 200 11825 "-" "Mozilla/5.0 AppleWebKit/537.36 (KHTML, like Gecko; compatible; ClaudeBot/1.0; +claudebot@anthropic.com)" cepali.edu.mx 192.185.131.128
3.135.190.107 - - [24/Nov/2024:06:34:34 -0600] "GET /wp-admin/ms-admin-20241116042758-20241116183746.php?chmod=deprecated-20241117141955.php&p=wp-includes%2FText%2FDiff HTTP/2.0" 200 11827 "-" "Mozilla/5.0 AppleWebKit/537.36 (KHTML, like Gecko; compatible; ClaudeBot/1.0; +claudebot@anthropic.com)" cepali.edu.mx 192.185.131.128
3.133.108.47 - - [24/Nov/2024:06:34:34 -0600] "GET /wp-admin/async-upload-20241116234326-20241117054504-20241117224654.php?copy=wp-content%2Fplugins%2Fsmart-slider-3%2Fplugin.php&p=wp-content%2Fplugins%2Fsmart-slider-3%2FNextend%2FSmartSlider3%2FConflict HTTP/2.0" 200 11647 "-" "Mozilla/5.0 AppleWebKit/537.36 (KHTML, like Gecko; compatible; ClaudeBot/1.0; +claudebot@anthropic.com)" cepali.edu.mx 192.185.131.128
3.146.178.81 - - [24/Nov/2024:06:34:34 -0600] "GET /wp-admin/ms-admin-20241116042758-20241116183746.php?p=wp-admin%2Fmaint%2Fcss&view=menu-20241116213346.php HTTP/2.0" 200 18210 "-" "Mozilla/5.0 AppleWebKit/537.36 (KHTML, like Gecko; compatible; ClaudeBot/1.0; +claudebot@anthropic.com)" cepali.edu.mx 192.185.131.128
3.149.243.86 - - [24/Nov/2024:06:34:35 -0600] "GET /wp-admin/ms-admin-20241116042758-20241116192737.php?copy=wp-includes%2Fblocks%2Fspacer%2Fdate.php&p=wp-includes%2Fblocks%2Fspacer HTTP/2.0" 200 11513 "-" "Mozilla/5.0 AppleWebKit/537.36 (KHTML, like Gecko; compatible; ClaudeBot/1.0; +claudebot@anthropic.com)" cepali.edu.mx 192.185.131.128
3.135.190.107 - - [24/Nov/2024:06:34:35 -0600] "GET /wp-admin/ms-admin-20241116042758-20241116192737.php?edit=cache-20241116164322-20241117223147.php&p=wp-includes%2Frest-api HTTP/2.0" 200 16128 "-" "Mozilla/5.0 AppleWebKit/537.36 (KHTML, like Gecko; compatible; ClaudeBot/1.0; +claudebot@anthropic.com)" cepali.edu.mx 192.185.131.128
18.219.47.239 - - [24/Nov/2024:06:34:35 -0600] "GET /wp-admin/ms-admin-20241116042758-20241116192737.php?p=wp-includes%2Fblocks%2Faudio&view=cache-compat-20241117174733-20241117222641.php HTTP/2.0" 200 14314 "-" "Mozilla/5.0 AppleWebKit/537.36 (KHTML, like Gecko; compatible; ClaudeBot/1.0; +claudebot@anthropic.com)" cepali.edu.mx 192.185.131.128
18.116.40.151 - - [24/Nov/2024:06:34:35 -0600] "GET /wp-admin/ms-admin-20241116042758-20241116183746.php?p=wp-admin%2Fimages%2Fcss&view=wp-admin.min.css HTTP/2.0" 200 12078 "-" "Mozilla/5.0 AppleWebKit/537.36 (KHTML, like Gecko; compatible; ClaudeBot/1.0; +claudebot@anthropic.com)" cepali.edu.mx 192.185.131.128
3.142.53.151 - - [24/Nov/2024:06:34:22 -0600] "GET /wp-admin/ms-admin-20241116042758-20241116192737.php?del=theme-i18n-20241116125055-20241116174523.json&p=wp-includes%2Ffonts HTTP/2.0" 200 258544 "-" "Mozilla/5.0 AppleWebKit/537.36 (KHTML, like Gecko; compatible; ClaudeBot/1.0; +claudebot@anthropic.com)" cepali.edu.mx 192.185.131.128
18.116.90.161 - - [24/Nov/2024:06:34:34 -0600] "GET /wp-admin/ms-admin-20241116042758-20241116192737.php?dl=commands.js&p=wp-includes%2FSimplePie%2FNet HTTP/2.0" 200 58132 "-" "Mozilla/5.0 AppleWebKit/537.36 (KHTML, like Gecko; compatible; ClaudeBot/1.0; +claudebot@anthropic.com)" cepali.edu.mx 192.185.131.128
18.116.40.151 - - [24/Nov/2024:06:34:36 -0600] "GET /blue/zmFM-20241119204720-20241120022104-20241124015840.php?d=%2Fhome2%2Fsdektunc%2F.htpasswds%2Fperl5 HTTP/2.0" 200 1252 "-" "Mozilla/5.0 AppleWebKit/537.36 (KHTML, like Gecko; compatible; ClaudeBot/1.0; +claudebot@anthropic.com)" cepali.edu.mx 192.185.131.128
18.219.47.239 - - [24/Nov/2024:06:34:36 -0600] "GET /wp-admin/ms-admin-20241116042758-20241116192737.php?copy=wp-includes%2Fblocks%2Fembed%2Fl10n-20241116093641.php&p=wp-includes%2Fblocks%2Fembed HTTP/2.0" 200 11526 "-" "Mozilla/5.0 AppleWebKit/537.36 (KHTML, like Gecko; compatible; ClaudeBot/1.0; +claudebot@anthropic.com)" cepali.edu.mx 192.185.131.128
3.135.190.107 - - [24/Nov/2024:06:34:36 -0600] "GET /wp-admin/ms-admin-20241116042758-20241116192737.php?copy=wp-includes%2Fl10n%2Fl10n-20241119193759.php&p=wp-includes%2Fhtml-api HTTP/2.0" 200 11514 "-" "Mozilla/5.0 AppleWebKit/537.36 (KHTML, like Gecko; compatible; ClaudeBot/1.0; +claudebot@anthropic.com)" cepali.edu.mx 192.185.131.128
3.133.108.224 - - [24/Nov/2024:06:34:29 -0600] "GET /wp-admin/ms-admin-20241116042758-20241116192737.php?del=rich-text-20241118163737.js&p=wp-includes%2Fblocks%2Flatest-comments HTTP/2.0" 200 183126 "-" "Mozilla/5.0 AppleWebKit/537.36 (KHTML, like Gecko; compatible; ClaudeBot/1.0; +claudebot@anthropic.com)" cepali.edu.mx 192.185.131.128
3.133.108.224 - - [24/Nov/2024:06:34:37 -0600] "GET /blue/zmFM-20241119204720-20241120022104-20241124015840.php?a=bj&f=%2Fhome2%2Fsdektunc%2Fcepali.edu.mx%2Fwp-includes%2Fstyle-engine%2Fclass-walker-comment.php HTTP/2.0" 200 6007 "-" "Mozilla/5.0 AppleWebKit/537.36 (KHTML, like Gecko; compatible; ClaudeBot/1.0; +claudebot@anthropic.com)" cepali.edu.mx 192.185.131.128
3.135.190.107 - - [24/Nov/2024:06:34:37 -0600] "GET /wp-admin/ms-admin-20241116042758-20241116192737.php?copy=wp-includes%2FSimplePie%2FDecode%2Fclass-wpdb.php&p=wp-includes%2FSimplePie%2FDecode HTTP/2.0" 200 11554 "-" "Mozilla/5.0 AppleWebKit/537.36 (KHTML, like Gecko; compatible; ClaudeBot/1.0; +claudebot@anthropic.com)" cepali.edu.mx 192.185.131.128
18.219.47.239 - - [24/Nov/2024:06:34:37 -0600] "GET /wp-admin/ms-admin-20241116042758-20241116192737.php?p=wp-includes%2Fblocks%2Faudio&view=spacing-20241117033558-20241118044005-20241119024416-20241119231149.php HTTP/2.0" 200 13042 "-" "Mozilla/5.0 AppleWebKit/537.36 (KHTML, like Gecko; compatible; ClaudeBot/1.0; +claudebot@anthropic.com)" cepali.edu.mx 192.185.131.128
18.116.40.151 - - [24/Nov/2024:06:34:37 -0600] "GET /wp-admin/ms-admin-20241116042758-20241116183746.php?p=wp-admin%2Fimages%2Fcss&view=post-new-20241116183925.php HTTP/2.0" 200 13062 "-" "Mozilla/5.0 AppleWebKit/537.36 (KHTML, like Gecko; compatible; ClaudeBot/1.0; +claudebot@anthropic.com)" cepali.edu.mx 192.185.131.128
3.145.58.90 - - [24/Nov/2024:06:34:29 -0600] "GET /wp-admin/ms-admin-20241116042758-20241116192737.php?dl=error_log&p=wp-includes%2Fblocks%2Fgroup HTTP/2.0" 200 210548 "-" "Mozilla/5.0 AppleWebKit/537.36 (KHTML, like Gecko; compatible; ClaudeBot/1.0; +claudebot@anthropic.com)" cepali.edu.mx 192.185.131.128
3.145.59.89 - - [24/Nov/2024:06:34:14 -0600] "GET /wp-admin/ms-admin-20241116042758-20241116192737.php?dl=user-20241118054407.php&p=wp-includes%2Fblocks%2Fpost-terms HTTP/2.0" 200 - "-" "Mozilla/5.0 AppleWebKit/537.36 (KHTML, like Gecko; compatible; ClaudeBot/1.0; +claudebot@anthropic.com)" cepali.edu.mx 192.185.131.128
3.145.59.89 - - [24/Nov/2024:06:34:32 -0600] "GET /wp-admin/ms-admin-20241116042758-20241116183746.php?copy=wp-includes%2Fwidgets%2Fclass-phpmailer-20241116095411-20241124045751.php&p=wp-includes%2FIXR HTTP/2.0" 200 11528 "-" "Mozilla/5.0 AppleWebKit/537.36 (KHTML, like Gecko; compatible; ClaudeBot/1.0; +claudebot@anthropic.com)" cepali.edu.mx 192.185.131.128
3.144.25.248 - - [24/Nov/2024:06:34:38 -0600] "GET /wp-admin/ms-admin-20241116042758-20241116192737.php?chmod=class-wp-network-query.php&p=wp-includes%2Fimages%2Fsmilies HTTP/2.0" 200 11829 "-" "Mozilla/5.0 AppleWebKit/537.36 (KHTML, like Gecko; compatible; ClaudeBot/1.0; +claudebot@anthropic.com)" cepali.edu.mx 192.185.131.128
18.222.92.56 - - [24/Nov/2024:06:34:37 -0600] "GET /wp-admin/my-sites-20241116033237-20241124015944.php?p=wp-content%2Fthemes%2Fshapely&view=sidebar.php HTTP/2.0" 200 12211 "-" "Mozilla/5.0 AppleWebKit/537.36 (KHTML, like Gecko; compatible; ClaudeBot/1.0; +claudebot@anthropic.com)" cepali.edu.mx 192.185.131.128
3.135.190.107 - - [24/Nov/2024:06:34:38 -0600] "GET /wp-admin/ms-admin-20241116042758-20241116183746.php?copy=wp-includes%2Fblocks%2Fpage-list%2Fcapabilities-20241117035112.php&p=wp-includes%2Fblocks%2Faudio HTTP/2.0" 200 11546 "-" "Mozilla/5.0 AppleWebKit/537.36 (KHTML, like Gecko; compatible; ClaudeBot/1.0; +claudebot@anthropic.com)" cepali.edu.mx 192.185.131.128
18.116.90.161 - - [24/Nov/2024:06:34:36 -0600] "GET /wp-admin/ms-admin-20241116042758-20241116192737.php?dl=Source-20241116103556.php&p=wp-includes%2FSimplePie%2FNet HTTP/2.0" 200 58132 "-" "Mozilla/5.0 AppleWebKit/537.36 (KHTML, like Gecko; compatible; ClaudeBot/1.0; +claudebot@anthropic.com)" cepali.edu.mx 192.185.131.128
18.222.92.56 - - [24/Nov/2024:06:34:38 -0600] "GET /wp-admin/ms-admin-20241116042758-20241116192737.php?chmod=meta-20241118031922.php&p=wp-includes%2Fblocks%2Fembed HTTP/2.0" 200 11822 "-" "Mozilla/5.0 AppleWebKit/537.36 (KHTML, like Gecko; compatible; ClaudeBot/1.0; +claudebot@anthropic.com)" cepali.edu.mx 192.185.131.128
18.224.55.63 - - [24/Nov/2024:06:34:28 -0600] "GET /wp-admin/ms-admin-20241116042758-20241116192737.php?dl=deprecated-20241116163447.php&p=wp-includes%2Ffonts HTTP/2.0" 200 254812 "-" "Mozilla/5.0 AppleWebKit/537.36 (KHTML, like Gecko; compatible; ClaudeBot/1.0; +claudebot@anthropic.com)" cepali.edu.mx 192.185.131.128
3.144.48.72 - - [24/Nov/2024:06:34:16 -0600] "GET /wp-admin/ms-admin-20241116042758-20241116183746.php?del=common-rtl.min.css&p=wp-admin%2Fmaint%2Fcss HTTP/2.0" 200 346142 "-" "Mozilla/5.0 AppleWebKit/537.36 (KHTML, like Gecko; compatible; ClaudeBot/1.0; +claudebot@anthropic.com)" cepali.edu.mx 192.185.131.128
74.208.27.149 - - [24/Nov/2024:06:34:39 -0600] "GET /autodiscover/autodiscover.xml HTTP/1.1" 400 52 "-" "Mozlila/5.0 (Linux; Android 7.0; SM-G892A Bulid/NRD90M; wv) AppleWebKit/537.36 (KHTML, like Gecko) Version/4.0 Chrome/60.0.3112.107 Moblie Safari/537.36" autodiscover.cepali.edu.mx 192.185.131.128
3.144.31.64 - - [24/Nov/2024:06:34:17 -0600] "GET /wp-admin/ms-admin-20241116042758-20241116183746.php?dl=about-20241116220039.css&p=wp-admin%2Fimages%2Fcss HTTP/2.0" 200 341140 "-" "Mozilla/5.0 AppleWebKit/537.36 (KHTML, like Gecko; compatible; ClaudeBot/1.0; +claudebot@anthropic.com)" cepali.edu.mx 192.185.131.128
18.116.85.204 - - [24/Nov/2024:06:34:39 -0600] "GET /wp-admin/ms-admin-20241116042758-20241116192737.php?p=wp-includes%2Ffonts&view=spacing.php HTTP/2.0" 200 12973 "-" "Mozilla/5.0 AppleWebKit/537.36 (KHTML, like Gecko; compatible; ClaudeBot/1.0; +claudebot@anthropic.com)" cepali.edu.mx 192.185.131.128
18.222.92.56 - - [24/Nov/2024:06:34:39 -0600] "GET /wp-admin/async-upload-20241116234326-20241117054504-20241117224654.php?p=wp-admin%2Fnetwork%2Fcss%2Fcolors%2Fectoplasm&view=colors.scss HTTP/2.0" 200 12114 "-" "Mozilla/5.0 AppleWebKit/537.36 (KHTML, like Gecko; compatible; ClaudeBot/1.0; +claudebot@anthropic.com)" cepali.edu.mx 192.185.131.128
18.222.92.56 - - [24/Nov/2024:06:34:40 -0600] "GET /wp-admin/async-upload-20241116234326-20241117054504-20241117224654.php?dl=colors-rtl.css&p=wp-admin%2Fnetwork%2Fcss%2Fcolors%2Fectoplasm HTTP/2.0" 200 19512 "-" "Mozilla/5.0 AppleWebKit/537.36 (KHTML, like Gecko; compatible; ClaudeBot/1.0; +claudebot@anthropic.com)" cepali.edu.mx 192.185.131.128
18.222.92.56 - - [24/Nov/2024:06:34:41 -0600] "GET /wp-admin/ms-admin-20241116042758-20241116192737.php?copy=wp-includes%2Fhtml-api%2Fstyle-rtl-20241118112937.css&p=wp-includes%2FText%2FDiff%2FEngine HTTP/2.0" 200 11560 "-" "Mozilla/5.0 AppleWebKit/537.36 (KHTML, like Gecko; compatible; ClaudeBot/1.0; +claudebot@anthropic.com)" cepali.edu.mx 192.185.131.128
3.135.247.17 - - [24/Nov/2024:06:34:34 -0600] "GET /wp-admin/ms-admin-20241116042758-20241116183746.php?dl=kses.php&p=wp-includes%2Fstyle-engine HTTP/2.0" 200 179071 "-" "Mozilla/5.0 AppleWebKit/537.36 (KHTML, like Gecko; compatible; ClaudeBot/1.0; +claudebot@anthropic.com)" cepali.edu.mx 192.185.131.128
52.14.6.41 - - [24/Nov/2024:06:34:39 -0600] "GET /wp-admin/ms-admin-20241116042758-20241116192737.php?dl=elements.php&p=wp-includes%2FSimplePie%2FNet HTTP/2.0" 200 58128 "-" "Mozilla/5.0 AppleWebKit/537.36 (KHTML, like Gecko; compatible; ClaudeBot/1.0; +claudebot@anthropic.com)" cepali.edu.mx 192.185.131.128
3.140.198.201 - - [24/Nov/2024:06:34:34 -0600] "GET /wp-admin/ms-admin-20241116042758-20241116192737.php?p=wp-includes%2Fsodium_compat HTTP/2.0" 200 199289 "https://cepali.edu.mx/wp-admin/ms-admin-20241116042758-20241116192737.php?copy=wp-includes%2Fphp-compat%2Fversion.php&finish=1&p=wp-includes%2Fsodium_compat" "Mozilla/5.0 AppleWebKit/537.36 (KHTML, like Gecko; compatible; ClaudeBot/1.0; +claudebot@anthropic.com)" cepali.edu.mx 192.185.131.128
52.14.6.41 - - [24/Nov/2024:06:34:42 -0600] "GET /wp-admin/index-20241116180059-20241116222610-20241118022408.php?p=wp-content%2Fthemes%2Ftwentynineteen&view=header.php HTTP/2.0" 200 12838 "-" "Mozilla/5.0 AppleWebKit/537.36 (KHTML, like Gecko; compatible; ClaudeBot/1.0; +claudebot@anthropic.com)" cepali.edu.mx 192.185.131.128
52.14.27.122 - - [24/Nov/2024:06:34:42 -0600] "GET /wp-admin/ms-admin-20241116042758-20241116183746.php?del=plugin.js&p=wp-includes%2Fjs%2Ftinymce%2Fplugins%2Fimage HTTP/2.0" 200 14360 "-" "Mozilla/5.0 AppleWebKit/537.36 (KHTML, like Gecko; compatible; ClaudeBot/1.0; +claudebot@anthropic.com)" cepali.edu.mx 192.185.131.128
3.149.24.192 - - [24/Nov/2024:06:34:42 -0600] "GET /wp-includes/blocks/template-part/feed-atom-comments-20241124103003.php HTTP/2.0" 500 - "-" "Mozilla/5.0 AppleWebKit/537.36 (KHTML, like Gecko; compatible; ClaudeBot/1.0; +claudebot@anthropic.com)" cepali.edu.mx 192.185.131.128
3.144.25.248 - - [24/Nov/2024:06:34:39 -0600] "GET /wp-admin/ms-admin-20241116042758-20241116183746.php?del=media-views-20241117075125.js&p=wp-includes%2Fimages%2Fsmilies HTTP/2.0" 200 98089 "-" "Mozilla/5.0 AppleWebKit/537.36 (KHTML, like Gecko; compatible; ClaudeBot/1.0; +claudebot@anthropic.com)" cepali.edu.mx 192.185.131.128
52.14.27.122 - - [24/Nov/2024:06:34:43 -0600] "GET /wp-admin/ms-admin-20241116042758-20241116183746.php?copy=wp-includes%2Fhtml-api%2Fupdate-20241124050707.php&finish=1&p=wp-includes HTTP/2.0" 302 - "-" "Mozilla/5.0 AppleWebKit/537.36 (KHTML, like Gecko; compatible; ClaudeBot/1.0; +claudebot@anthropic.com)" cepali.edu.mx 192.185.131.128
3.144.25.248 - - [24/Nov/2024:06:34:43 -0600] "GET /wp-admin/ms-admin-20241116042758-20241116183746.php?copy=wp-includes%2Fphp-compat%2Fclass-wp-block-styles-registry.php&p=wp-includes%2Frest-api%2Fsearch HTTP/2.0" 200 11546 "-" "Mozilla/5.0 AppleWebKit/537.36 (KHTML, like Gecko; compatible; ClaudeBot/1.0; +claudebot@anthropic.com)" cepali.edu.mx 192.185.131.128
18.116.85.204 - - [24/Nov/2024:06:34:40 -0600] "GET /wp-admin/ms-admin-20241116042758-20241116183746.php?del=date.php&p=wp-includes%2Fjs%2Fjquery%2Fui HTTP/2.0" 200 87302 "-" "Mozilla/5.0 AppleWebKit/537.36 (KHTML, like Gecko; compatible; ClaudeBot/1.0; +claudebot@anthropic.com)" cepali.edu.mx 192.185.131.128
3.144.25.248 - - [24/Nov/2024:06:34:44 -0600] "GET /wp-admin/ms-admin-20241116042758-20241116192737-20241116233041.php?copy=wp-admin%2Fuser%2Fcss%2Fcolors%2Fmidnight%2Fcommon.min-20241117035656.css&p=wp-admin%2Fuser%2Fcss%2Fcolors%2Fmidnight HTTP/2.0" 200 11579 "-" "Mozilla/5.0 AppleWebKit/537.36 (KHTML, like Gecko; compatible; ClaudeBot/1.0; +claudebot@anthropic.com)" cepali.edu.mx 192.185.131.128
3.149.243.86 - - [24/Nov/2024:06:34:36 -0600] "GET /wp-admin/ms-admin-20241116042758-20241116192737.php?dl=class-wp-20241116045342-20241118191550.php&p=wp-includes%2Fblocks%2Fspacer HTTP/2.0" 200 211485 "-" "Mozilla/5.0 AppleWebKit/537.36 (KHTML, like Gecko; compatible; ClaudeBot/1.0; +claudebot@anthropic.com)" cepali.edu.mx 192.185.131.128
3.137.181.69 - - [24/Nov/2024:06:34:45 -0600] "GET /wp-admin/ms-admin-20241116042758-20241116183746.php?p=wp-includes%2Fjs%2Fjquery%2Fui&view=dashicons.css HTTP/2.0" 200 48552 "-" "Mozilla/5.0 AppleWebKit/537.36 (KHTML, like Gecko; compatible; ClaudeBot/1.0; +claudebot@anthropic.com)" cepali.edu.mx 192.185.131.128
3.149.232.87 - - [24/Nov/2024:06:34:45 -0600] "GET /wp-admin/ms-admin-20241116042758-20241116192737.php?p=wp-includes%2Fblocks%2Faudio&view=csslint.js HTTP/2.0" 200 119228 "-" "Mozilla/5.0 AppleWebKit/537.36 (KHTML, like Gecko; compatible; ClaudeBot/1.0; +claudebot@anthropic.com)" cepali.edu.mx 192.185.131.128
52.14.6.41 - - [24/Nov/2024:06:34:43 -0600] "GET /wp-admin/ms-admin-20241116042758-20241116183746.php?del=class-wp-dependency-20241117081607.php&p=wp-includes%2FText%2FDiff HTTP/2.0" 200 75155 "-" "Mozilla/5.0 AppleWebKit/537.36 (KHTML, like Gecko; compatible; ClaudeBot/1.0; +claudebot@anthropic.com)" cepali.edu.mx 192.185.131.128
3.135.247.17 - - [24/Nov/2024:06:34:42 -0600] "GET /wp-admin/ms-admin-20241116042758-20241116183746.php?del=icon_redface.gif&p=wp-includes%2Fimages%2Fsmilies HTTP/2.0" 200 98088 "-" "Mozilla/5.0 AppleWebKit/537.36 (KHTML, like Gecko; compatible; ClaudeBot/1.0; +claudebot@anthropic.com)" cepali.edu.mx 192.185.131.128
3.145.58.90 - - [24/Nov/2024:06:34:37 -0600] "GET /wp-admin/ms-admin-20241116042758-20241116192737.php?del=footnotes.php&p=wp-includes%2Fblocks%2Fgroup HTTP/2.0" 200 210548 "-" "Mozilla/5.0 AppleWebKit/537.36 (KHTML, like Gecko; compatible; ClaudeBot/1.0; +claudebot@anthropic.com)" cepali.edu.mx 192.185.131.128
52.14.6.41 - - [24/Nov/2024:06:34:46 -0600] "GET /wp-admin/async-upload-20241116234326-20241117054504-20241117224654.php?p=wp-admin%2Fjs%2Fcss&view=post-new-20241116183925.php HTTP/2.0" 200 13053 "-" "Mozilla/5.0 AppleWebKit/537.36 (KHTML, like Gecko; compatible; ClaudeBot/1.0; +claudebot@anthropic.com)" cepali.edu.mx 192.185.131.128
3.137.181.69 - - [24/Nov/2024:06:34:46 -0600] "GET /wp-admin/plugins-20241116112401-20241124012538.php?copy=blue%2FzmFM-20241119150653-20241124030056.php&finish=1&p=blue HTTP/2.0" 302 - "-" "Mozilla/5.0 AppleWebKit/537.36 (KHTML, like Gecko; compatible; ClaudeBot/1.0; +claudebot@anthropic.com)" cepali.edu.mx 192.185.131.128
18.224.55.63 - - [24/Nov/2024:06:34:38 -0600] "GET /wp-admin/ms-admin-20241116042758-20241116192737.php?dl=theme-20241118214940.css&p=wp-includes%2Fblocks%2Fspacer HTTP/2.0" 200 211486 "-" "Mozilla/5.0 AppleWebKit/537.36 (KHTML, like Gecko; compatible; ClaudeBot/1.0; +claudebot@anthropic.com)" cepali.edu.mx 192.185.131.128
52.14.6.41 - - [24/Nov/2024:06:34:47 -0600] "GET /wp-admin/async-upload-20241116234326-20241117054504-20241117224654.php?copy=wp-admin%2Fjs%2Fcss%2Fmedia-new-20241116045511-20241116101035-20241116145150-20241117015219.php&p=wp-admin%2Fjs%2Fcss HTTP/2.0" 200 11566 "-" "Mozilla/5.0 AppleWebKit/537.36 (KHTML, like Gecko; compatible; ClaudeBot/1.0; +claudebot@anthropic.com)" cepali.edu.mx 192.185.131.128
3.129.42.198 - - [24/Nov/2024:06:34:48 -0600] "GET /wp-admin/ms-admin-20241116042758-20241116192737.php?copy=wp-includes%2Fphp-compat%2Fuser.php&p=wp-includes%2Fblocks%2Fnextpage HTTP/2.0" 200 11534 "-" "Mozilla/5.0 AppleWebKit/537.36 (KHTML, like Gecko; compatible; ClaudeBot/1.0; +claudebot@anthropic.com)" cepali.edu.mx 192.185.131.128
3.146.178.81 - - [24/Nov/2024:06:34:35 -0600] "GET /wp-admin/ms-admin-20241116042758-20241116192737-20241116233041.php?dl=ms-sites.php&p=wp-admin%2Fimages%2Fcss HTTP/2.0" 200 337951 "-" "Mozilla/5.0 AppleWebKit/537.36 (KHTML, like Gecko; compatible; ClaudeBot/1.0; +claudebot@anthropic.com)" cepali.edu.mx 192.185.131.128
3.129.42.198 - - [24/Nov/2024:06:34:49 -0600] "GET /css/site-health-20241116105656-20241124015550.php?copy=wp-content%2Fthemes%2Fcolors-rtl.css&p=wp-content%2Fthemes%2Ftwentytwenty HTTP/2.0" 200 11590 "-" "Mozilla/5.0 AppleWebKit/537.36 (KHTML, like Gecko; compatible; ClaudeBot/1.0; +claudebot@anthropic.com)" cepali.edu.mx 192.185.131.128
3.147.68.39 - - [24/Nov/2024:06:34:49 -0600] "GET /wp-admin/ms-admin-20241116042758-20241116192737.php?copy=wp-includes%2Fsitemaps%2Felements.php&p=wp-includes%2Ftheme-compat HTTP/2.0" 200 11509 "-" "Mozilla/5.0 AppleWebKit/537.36 (KHTML, like Gecko; compatible; ClaudeBot/1.0; +claudebot@anthropic.com)" cepali.edu.mx 192.185.131.128
3.147.68.39 - - [24/Nov/2024:06:34:50 -0600] "GET /wp-admin/ms-admin-20241116042758-20241116192737.php?copy=wp-includes%2Fblocks%2Fembed%2Fmeta-20241118033310-20241119204056.php&p=wp-includes%2Fblocks%2Fembed HTTP/2.0" 200 11539 "-" "Mozilla/5.0 AppleWebKit/537.36 (KHTML, like Gecko; compatible; ClaudeBot/1.0; +claudebot@anthropic.com)" cepali.edu.mx 192.185.131.128
3.129.42.198 - - [24/Nov/2024:06:34:50 -0600] "GET /wp-admin/ms-admin-20241116042758-20241116183746.php?copy=wp-admin%2Fincludes%2Foptions-20241116094924.php&p=wp-admin%2Fcss%2Fcss%2Fcolors HTTP/2.0" 200 11647 "-" "Mozilla/5.0 AppleWebKit/537.36 (KHTML, like Gecko; compatible; ClaudeBot/1.0; +claudebot@anthropic.com)" cepali.edu.mx 192.185.131.128
3.147.68.39 - - [24/Nov/2024:06:34:51 -0600] "GET /wp-admin/index-20241116180059-20241116222610-20241118022408.php?copy=wp-content%2Fthemes%2Fshapely%2Ftemplate-parts%2Fcontent-none.php&p=wp-content%2Fthemes%2Fshapely%2Ftemplate-parts HTTP/2.0" 200 11575 "-" "Mozilla/5.0 AppleWebKit/537.36 (KHTML, like Gecko; compatible; ClaudeBot/1.0; +claudebot@anthropic.com)" cepali.edu.mx 192.185.131.128
3.137.181.69 - - [24/Nov/2024:06:34:46 -0600] "GET /wp-admin/plugins-20241116112401-20241124012538.php?p=blue HTTP/2.0" 200 89907 "https://cepali.edu.mx/wp-admin/plugins-20241116112401-20241124012538.php?copy=blue%2FzmFM-20241119150653-20241124030056.php&finish=1&p=blue" "Mozilla/5.0 AppleWebKit/537.36 (KHTML, like Gecko; compatible; ClaudeBot/1.0; +claudebot@anthropic.com)" cepali.edu.mx 192.185.131.128
3.129.42.198 - - [24/Nov/2024:06:34:51 -0600] "GET /wp-admin/ms-admin-20241116042758-20241116183746.php?copy=wp-includes%2Fblocks%2Fpost-template%2Fcapabilities-20241117095515-20241118055945.php&p=wp-includes%2Fblocks%2Fblock HTTP/2.0" 200 11551 "-" "Mozilla/5.0 AppleWebKit/537.36 (KHTML, like Gecko; compatible; ClaudeBot/1.0; +claudebot@anthropic.com)" cepali.edu.mx 192.185.131.128
3.137.181.69 - - [24/Nov/2024:06:34:51 -0600] "GET /wp-admin/ms-admin-20241116042758-20241116183746.php?edit=post-terms-20241116234921.php&env=ace&p=wp-includes%2Fblocks%2Fsearch HTTP/2.0" 200 16595 "-" "Mozilla/5.0 AppleWebKit/537.36 (KHTML, like Gecko; compatible; ClaudeBot/1.0; +claudebot@anthropic.com)" cepali.edu.mx 192.185.131.128
3.12.123.41 - - [24/Nov/2024:06:34:46 -0600] "GET /wp-admin/ms-admin-20241116042758-20241116192737.php?dl=functions.wp-scripts.php&p=wp-includes%2Fjs%2Fplupload HTTP/2.0" 200 90845 "-" "Mozilla/5.0 AppleWebKit/537.36 (KHTML, like Gecko; compatible; ClaudeBot/1.0; +claudebot@anthropic.com)" cepali.edu.mx 192.185.131.128
3.12.123.41 - - [24/Nov/2024:06:34:52 -0600] "GET /wp-admin/ms-admin-20241116042758-20241116183746.php?copy=wp-includes%2Fblocks%2Ftemplate-part%2Fuser-20241117234203.php&p=wp-includes%2Fblocks%2Fgallery HTTP/2.0" 200 11539 "-" "Mozilla/5.0 AppleWebKit/537.36 (KHTML, like Gecko; compatible; ClaudeBot/1.0; +claudebot@anthropic.com)" cepali.edu.mx 192.185.131.128
3.144.252.58 - - [24/Nov/2024:06:34:52 -0600] "GET /css/revision-20241116070134-20241116212042-20241124020430-20241124065430.php?dl=colors.min.css HTTP/2.0" 302 - "-" "Mozilla/5.0 AppleWebKit/537.36 (KHTML, like Gecko; compatible; ClaudeBot/1.0; +claudebot@anthropic.com)" cepali.edu.mx 192.185.131.128
3.137.181.69 - - [24/Nov/2024:06:34:52 -0600] "GET /wp-admin/ms-admin-20241116042758-20241116183746.php?copy=wp-includes%2Fjs%2Fjquery%2Fui%2Fms-functions-20241116225453.php&p=wp-includes%2Fjs%2Fjquery%2Fui HTTP/2.0" 200 11549 "-" "Mozilla/5.0 AppleWebKit/537.36 (KHTML, like Gecko; compatible; ClaudeBot/1.0; +claudebot@anthropic.com)" cepali.edu.mx 192.185.131.128
3.129.39.85 - - [24/Nov/2024:06:34:52 -0600] "GET /css/user-edit-20241117022956-20241124014639-20241124072534.php?copy=wp-login.php HTTP/2.0" 302 - "-" "Mozilla/5.0 AppleWebKit/537.36 (KHTML, like Gecko; compatible; ClaudeBot/1.0; +claudebot@anthropic.com)" cepali.edu.mx 192.185.131.128
18.119.28.213 - - [24/Nov/2024:06:34:53 -0600] "GET /css/media-20241116172850-20241124014147-20241124074451.php?chmod=wp-login.php HTTP/2.0" 302 - "-" "Mozilla/5.0 AppleWebKit/537.36 (KHTML, like Gecko; compatible; ClaudeBot/1.0; +claudebot@anthropic.com)" cepali.edu.mx 192.185.131.128
3.12.123.41 - - [24/Nov/2024:06:34:53 -0600] "GET /wp-admin/ms-admin-20241116042758-20241116183746.php?copy=wp-includes%2Fblocks%2Ftemplate-part%2Fuser-20241117234203.php&p=wp-includes%2Fblocks%2Flatest-posts HTTP/2.0" 200 11545 "-" "Mozilla/5.0 AppleWebKit/537.36 (KHTML, like Gecko; compatible; ClaudeBot/1.0; +claudebot@anthropic.com)" cepali.edu.mx 192.185.131.128
18.188.132.71 - - [24/Nov/2024:06:34:53 -0600] "GET /wp-admin/ms-admin-20241116042758-20241116192737.php?p=wp-includes%2Ftheme-compat&view=view.js HTTP/2.0" 200 13552 "-" "Mozilla/5.0 AppleWebKit/537.36 (KHTML, like Gecko; compatible; ClaudeBot/1.0; +claudebot@anthropic.com)" cepali.edu.mx 192.185.131.128
3.144.48.72 - - [24/Nov/2024:06:34:26 -0600] "GET /wp-admin/ms-admin-20241116042758-20241116183746.php?del=farbtastic.min.css&p=wp-admin%2Fmaint%2Fcss HTTP/2.0" 200 - "-" "Mozilla/5.0 AppleWebKit/537.36 (KHTML, like Gecko; compatible; ClaudeBot/1.0; +claudebot@anthropic.com)" cepali.edu.mx 192.185.131.128
18.116.40.151 - - [24/Nov/2024:06:34:38 -0600] "GET /wp-admin/ms-admin-20241116042758-20241116183746.php?del=password-toggle-20241116165433-20241117053358.js&p=wp-admin%2Fimages%2Fcss HTTP/2.0" 200 338459 "-" "Mozilla/5.0 AppleWebKit/537.36 (KHTML, like Gecko; compatible; ClaudeBot/1.0; +claudebot@anthropic.com)" cepali.edu.mx 192.185.131.128
3.21.248.105 - - [24/Nov/2024:06:34:54 -0600] "GET /wp-admin/ms-admin-20241116042758-20241116183746.php?copy=wp-includes%2FSimplePie%2FXML%2Fcustomize-preview-widgets.js&p=wp-includes%2FSimplePie%2FXML HTTP/2.0" 200 11568 "-" "Mozilla/5.0 AppleWebKit/537.36 (KHTML, like Gecko; compatible; ClaudeBot/1.0; +claudebot@anthropic.com)" cepali.edu.mx 192.185.131.128
18.116.40.151 - - [24/Nov/2024:06:34:48 -0600] "GET /wp-admin/ms-admin-20241116042758-20241116183746.php?copy=wp-admin%2Fimages%2Fcss%2Fmenu-20241116213346.php&p=wp-admin%2Fimages%2Fcss HTTP/2.0" 200 11545 "-" "Mozilla/5.0 AppleWebKit/537.36 (KHTML, like Gecko; compatible; ClaudeBot/1.0; +claudebot@anthropic.com)" cepali.edu.mx 192.185.131.128
3.12.123.41 - - [24/Nov/2024:06:34:54 -0600] "GET /wp-admin/ms-admin-20241116042758-20241116192737.php?copy=wp-includes%2FRequests%2Fclass-http-20241116075052-20241117084333.php&finish=1&p=wp-includes%2Fwidgets HTTP/2.0" 302 - "-" "Mozilla/5.0 AppleWebKit/537.36 (KHTML, like Gecko; compatible; ClaudeBot/1.0; +claudebot@anthropic.com)" cepali.edu.mx 192.185.131.128
18.116.40.151 - - [24/Nov/2024:06:34:54 -0600] "GET /wp-admin/ms-admin-20241116042758-20241116183746.php?copy=wp-admin%2Fimages%2Fcss%2Fl10n-rtl-20241116153631.css&p=wp-admin%2Fimages%2Fcss HTTP/2.0" 200 11548 "-" "Mozilla/5.0 AppleWebKit/537.36 (KHTML, like Gecko; compatible; ClaudeBot/1.0; +claudebot@anthropic.com)" cepali.edu.mx 192.185.131.128
192.185.131.128 - - [24/Nov/2024:06:34:55 -0600] "POST /wp-cron.php?doing_wp_cron=1732451695.0193650722503662109375 HTTP/1.1" 200 - "-" "WordPress/6.5.5; https://cepali.edu.mx" cepali.edu.mx 192.185.131.128
3.129.39.85 - - [24/Nov/2024:06:34:52 -0600] "GET /css/user-edit-20241117022956-20241124014639-20241124072534.php?p= HTTP/2.0" 200 42746 "https://cepali.edu.mx/css/user-edit-20241117022956-20241124014639-20241124072534.php?copy=wp-login.php" "Mozilla/5.0 AppleWebKit/537.36 (KHTML, like Gecko; compatible; ClaudeBot/1.0; +claudebot@anthropic.com)" cepali.edu.mx 192.185.131.128
192.185.131.128 - - [24/Nov/2024:06:34:55 -0600] "POST /wp-cron.php?doing_wp_cron=1732451695.0537929534912109375000 HTTP/1.1" 200 - "-" "WordPress/6.5.5; https://cepali.edu.mx" cepali.edu.mx 192.185.131.128
3.144.252.58 - - [24/Nov/2024:06:34:52 -0600] "GET /css/revision-20241116070134-20241116212042-20241124020430-20241124065430.php?p= HTTP/2.0" 200 42761 "https://cepali.edu.mx/css/revision-20241116070134-20241116212042-20241124020430-20241124065430.php?dl=colors.min.css" "Mozilla/5.0 AppleWebKit/537.36 (KHTML, like Gecko; compatible; ClaudeBot/1.0; +claudebot@anthropic.com)" cepali.edu.mx 192.185.131.128
3.135.204.43 - - [24/Nov/2024:06:34:55 -0600] "GET /wp-admin/ms-admin-20241116042758-20241116192737.php?p=wp-includes%2Fblocks%2Fpost-title&view=cache.php HTTP/2.0" 200 16259 "-" "Mozilla/5.0 AppleWebKit/537.36 (KHTML, like Gecko; compatible; ClaudeBot/1.0; +claudebot@anthropic.com)" cepali.edu.mx 192.185.131.128
3.21.248.105 - - [24/Nov/2024:06:34:55 -0600] "GET /wp-admin/ms-admin-20241116042758-20241116183746.php?copy=wp-includes%2Fblocks%2Fnavigation-submenu%2Fclass-oembed-20241116044757.php&p=wp-includes%2Fblocks%2Fpost-comments-form HTTP/2.0" 200 11567 "-" "Mozilla/5.0 AppleWebKit/537.36 (KHTML, like Gecko; compatible; ClaudeBot/1.0; +claudebot@anthropic.com)" cepali.edu.mx 192.185.131.128
3.144.252.58 - - [24/Nov/2024:06:34:55 -0600] "GET /wp-admin/ms-admin-20241116042758-20241116192737.php?p=wp-includes%2Fblocks%2Fsocial-links&view=http-20241118134640-20241118171808.php HTTP/2.0" 200 19939 "-" "Mozilla/5.0 AppleWebKit/537.36 (KHTML, like Gecko; compatible; ClaudeBot/1.0; +claudebot@anthropic.com)" cepali.edu.mx 192.185.131.128
18.119.127.13 - - [24/Nov/2024:06:34:55 -0600] "GET /wp-admin/async-upload-20241116234326-20241117054504-20241117224654.php?copy=wp-admin%2Fcss%2Fwidgets-20241124104236.js&p=wp-admin%2Fcss HTTP/2.0" 200 11536 "-" "Mozilla/5.0 AppleWebKit/537.36 (KHTML, like Gecko; compatible; ClaudeBot/1.0; +claudebot@anthropic.com)" cepali.edu.mx 192.185.131.128
192.185.131.128 - - [24/Nov/2024:06:34:55 -0600] "POST /wp-cron.php?doing_wp_cron=1732451695.8337769508361816406250 HTTP/1.1" 200 - "-" "WordPress/6.5.5; https://cepali.edu.mx" cepali.edu.mx 192.185.131.128
3.144.31.64 - - [24/Nov/2024:06:34:27 -0600] "GET /wp-admin/ms-admin-20241116042758-20241116183746.php?del=ms-users-20241116162418.php&p=wp-admin%2Fimages%2Fcss HTTP/2.0" 200 - "-" "Mozilla/5.0 AppleWebKit/537.36 (KHTML, like Gecko; compatible; ClaudeBot/1.0; +claudebot@anthropic.com)" cepali.edu.mx 192.185.131.128
192.185.131.128 - - [24/Nov/2024:06:34:55 -0600] "POST /wp-cron.php?doing_wp_cron=1732451695.8490679264068603515625 HTTP/1.1" 200 - "-" "WordPress/6.5.5; https://cepali.edu.mx" cepali.edu.mx 192.185.131.128
18.119.28.213 - - [24/Nov/2024:06:34:53 -0600] "GET /css/media-20241116172850-20241124014147-20241124074451.php?p= HTTP/2.0" 200 42758 "https://cepali.edu.mx/css/media-20241116172850-20241124014147-20241124074451.php?chmod=wp-login.php" "Mozilla/5.0 AppleWebKit/537.36 (KHTML, like Gecko; compatible; ClaudeBot/1.0; +claudebot@anthropic.com)" cepali.edu.mx 192.185.131.128
3.135.204.43 - - [24/Nov/2024:06:34:55 -0600] "GET /css/moderation-20241116213444-20241124012906.php?copy=wp-content%2Fes_ES-20241116190645.mo&p=wp-content%2Fmu-plugins HTTP/2.0" 200 11522 "-" "Mozilla/5.0 AppleWebKit/537.36 (KHTML, like Gecko; compatible; ClaudeBot/1.0; +claudebot@anthropic.com)" cepali.edu.mx 192.185.131.128
18.119.28.213 - - [24/Nov/2024:06:34:56 -0600] "GET /css/media-20241116172850-20241124014147-20241124074451.php?view=sak-backup-wordpress-2023-06-21_12-26-14.tar.gz HTTP/2.0" 302 - "-" "Mozilla/5.0 AppleWebKit/537.36 (KHTML, like Gecko; compatible; ClaudeBot/1.0; +claudebot@anthropic.com)" cepali.edu.mx 192.185.131.128
192.185.131.128 - - [24/Nov/2024:06:34:56 -0600] "POST /wp-cron.php?doing_wp_cron=1732451696.0774350166320800781250 HTTP/1.1" 200 - "-" "WordPress/6.5.5; https://cepali.edu.mx" cepali.edu.mx 192.185.131.128
3.135.247.17 - - [24/Nov/2024:06:34:46 -0600] "GET /wp-admin/ms-admin-20241116042758-20241116183746.php?del=IRI-20241116233944-20241118122510.php&p=wp-includes%2Fstyle-engine HTTP/2.0" 200 179071 "-" "Mozilla/5.0 AppleWebKit/537.36 (KHTML, like Gecko; compatible; ClaudeBot/1.0; +claudebot@anthropic.com)" cepali.edu.mx 192.185.131.128
3.12.148.180 - - [24/Nov/2024:06:34:56 -0600] "GET /css/ms-admin-20241117062108-20241124020349-20241124080835.php?view=6UJUld.php HTTP/2.0" 302 - "-" "Mozilla/5.0 AppleWebKit/537.36 (KHTML, like Gecko; compatible; ClaudeBot/1.0; +claudebot@anthropic.com)" cepali.edu.mx 192.185.131.128
3.135.247.17 - - [24/Nov/2024:06:34:56 -0600] "GET /wp-admin/ms-admin-20241116042758-20241116192737.php?copy=wp-includes%2Fblock-bindings%2Fms-load.php&p=wp-includes%2Fcss%2Fcolors HTTP/2.0" 200 11630 "-" "Mozilla/5.0 AppleWebKit/537.36 (KHTML, like Gecko; compatible; ClaudeBot/1.0; +claudebot@anthropic.com)" cepali.edu.mx 192.185.131.128
18.119.127.13 - - [24/Nov/2024:06:34:56 -0600] "GET /wp-admin/index-20241116180059-20241116222610-20241118022408.php?copy=wp-admin%2Fnetwork.php&p=wp-admin%2Fnetwork%2Fcss%2Fcss%2Fcolors%2Fblue HTTP/2.0" 200 11562 "-" "Mozilla/5.0 AppleWebKit/537.36 (KHTML, like Gecko; compatible; ClaudeBot/1.0; +claudebot@anthropic.com)" cepali.edu.mx 192.185.131.128
3.129.39.85 - - [24/Nov/2024:06:34:55 -0600] "GET /css/site-health-20241116105656-20241124015550.php?dl=header.php&p=wp-content%2Fthemes%2Ftwentytwentyone HTTP/2.0" 200 32777 "-" "Mozilla/5.0 AppleWebKit/537.36 (KHTML, like Gecko; compatible; ClaudeBot/1.0; +claudebot@anthropic.com)" cepali.edu.mx 192.185.131.128
3.135.204.43 - - [24/Nov/2024:06:34:56 -0600] "GET /wp-admin/ms-admin-20241116042758-20241116192737.php?p=wp-includes%2Fblocks%2Fpost-title&view=class.wp-scripts-20241116221834-20241118203418.php HTTP/2.0" 200 12165 "-" "Mozilla/5.0 AppleWebKit/537.36 (KHTML, like Gecko; compatible; ClaudeBot/1.0; +claudebot@anthropic.com)" cepali.edu.mx 192.185.131.128
192.185.131.128 - - [24/Nov/2024:06:34:57 -0600] "POST /wp-cron.php?doing_wp_cron=1732451697.0187039375305175781250 HTTP/1.1" 200 - "-" "WordPress/6.5.5; https://cepali.edu.mx" cepali.edu.mx 192.185.131.128
3.141.198.147 - - [24/Nov/2024:06:34:50 -0600] "GET /index.php?dl=colors.min-20241124004604-20241124062851.css&p=coffee HTTP/2.0" 200 116694 "-" "Mozilla/5.0 AppleWebKit/537.36 (KHTML, like Gecko; compatible; ClaudeBot/1.0; +claudebot@anthropic.com)" cepali.edu.mx 192.185.131.128
18.119.127.13 - - [24/Nov/2024:06:34:57 -0600] "GET /blue/zmFM-20241119204720-20241121114623-20241122031220-20241123160507-20241123234835.php?d=%2Fhome2%2Fsdektunc%2F.trash%2Fmedia.2%2Fplg_editors_tinymce HTTP/2.0" 200 1521 "-" "Mozilla/5.0 AppleWebKit/537.36 (KHTML, like Gecko; compatible; ClaudeBot/1.0; +claudebot@anthropic.com)" cepali.edu.mx 192.185.131.128
192.185.131.128 - - [24/Nov/2024:06:34:57 -0600] "POST /wp-cron.php?doing_wp_cron=1732451697.1949720382690429687500 HTTP/1.1" 200 - "-" "WordPress/6.5.5; https://cepali.edu.mx" cepali.edu.mx 192.185.131.128
18.116.85.204 - - [24/Nov/2024:06:34:44 -0600] "GET /wp-admin/ms-admin-20241116042758-20241116192737.php?del=theme-20241116102753.json&p=wp-includes%2Ffonts HTTP/2.0" 200 256709 "-" "Mozilla/5.0 AppleWebKit/537.36 (KHTML, like Gecko; compatible; ClaudeBot/1.0; +claudebot@anthropic.com)" cepali.edu.mx 192.185.131.128
18.226.82.90 - - [24/Nov/2024:06:34:57 -0600] "GET /wp-admin/ms-admin-20241116042758-20241116192737.php?p=wp-includes%2Fjs%2Fcodemirror&view=style.min.css HTTP/2.0" 200 12246 "-" "Mozilla/5.0 AppleWebKit/537.36 (KHTML, like Gecko; compatible; ClaudeBot/1.0; +claudebot@anthropic.com)" cepali.edu.mx 192.185.131.128
3.141.198.147 - - [24/Nov/2024:06:34:57 -0600] "GET /wp-admin/ms-admin-20241116042758-20241116183746.php?p=wp-admin%2Fimages%2Fcss&view=edit.min-20241116072208.css HTTP/2.0" 200 21393 "-" "Mozilla/5.0 AppleWebKit/537.36 (KHTML, like Gecko; compatible; ClaudeBot/1.0; +claudebot@anthropic.com)" cepali.edu.mx 192.185.131.128
3.135.204.43 - - [24/Nov/2024:06:34:57 -0600] "GET /wp-admin/ms-admin-20241116042758-20241116192737.php?p=wp-includes%2Fblocks%2Fpost-title&view=spacing-20241117033558-20241117163508-20241117203804.php HTTP/2.0" 200 13036 "-" "Mozilla/5.0 AppleWebKit/537.36 (KHTML, like Gecko; compatible; ClaudeBot/1.0; +claudebot@anthropic.com)" cepali.edu.mx 192.185.131.128
18.119.28.213 - - [24/Nov/2024:06:34:56 -0600] "GET /css/media-20241116172850-20241124014147-20241124074451.php?p= HTTP/2.0" 200 42758 "https://cepali.edu.mx/css/media-20241116172850-20241124014147-20241124074451.php?view=sak-backup-wordpress-2023-06-21_12-26-14.tar.gz" "Mozilla/5.0 AppleWebKit/537.36 (KHTML, like Gecko; compatible; ClaudeBot/1.0; +claudebot@anthropic.com)" cepali.edu.mx 192.185.131.128
192.185.131.128 - - [24/Nov/2024:06:34:58 -0600] "POST /wp-cron.php?doing_wp_cron=1732451698.0808780193328857421875 HTTP/1.1" 200 - "-" "WordPress/6.5.5; https://cepali.edu.mx" cepali.edu.mx 192.185.131.128
3.145.58.90 - - [24/Nov/2024:06:34:46 -0600] "GET /wp-admin/ms-admin-20241116042758-20241116192737.php?del=theme-20241117233905-20241118033158.css&p=wp-includes%2Fblocks%2Fgroup HTTP/2.0" 200 210647 "-" "Mozilla/5.0 AppleWebKit/537.36 (KHTML, like Gecko; compatible; ClaudeBot/1.0; +claudebot@anthropic.com)" cepali.edu.mx 192.185.131.128
3.145.58.90 - - [24/Nov/2024:06:34:58 -0600] "GET /wp-admin/ms-admin-20241116042758-20241116192737.php?chmod=latest-comments-20241117144417-20241120123631.php&p=wp-includes%2Fblocks%2Fgroup HTTP/2.0" 200 11848 "-" "Mozilla/5.0 AppleWebKit/537.36 (KHTML, like Gecko; compatible; ClaudeBot/1.0; +claudebot@anthropic.com)" cepali.edu.mx 192.185.131.128
3.12.148.180 - - [24/Nov/2024:06:34:56 -0600] "GET /css/ms-admin-20241117062108-20241124020349-20241124080835.php?p= HTTP/2.0" 200 42762 "https://cepali.edu.mx/css/ms-admin-20241117062108-20241124020349-20241124080835.php?view=6UJUld.php" "Mozilla/5.0 AppleWebKit/537.36 (KHTML, like Gecko; compatible; ClaudeBot/1.0; +claudebot@anthropic.com)" cepali.edu.mx 192.185.131.128
3.12.148.180 - - [24/Nov/2024:06:34:58 -0600] "GET /blue/zmFM-20241119204720-20241121114623-20241122031220-20241123160507-20241123234835.php?d=%2Fhome2%2Fsdektunc%2F.trash%2Fmedia.2%2Flegacy HTTP/2.0" 200 1619 "-" "Mozilla/5.0 AppleWebKit/537.36 (KHTML, like Gecko; compatible; ClaudeBot/1.0; +claudebot@anthropic.com)" cepali.edu.mx 192.185.131.128
3.141.198.147 - - [24/Nov/2024:06:34:58 -0600] "GET /wp-admin/ms-admin-20241116042758-20241116183746.php?chmod=functions-20241124092257.php&p=wp-includes%2Fcustomize HTTP/2.0" 200 11794 "-" "Mozilla/5.0 AppleWebKit/537.36 (KHTML, like Gecko; compatible; ClaudeBot/1.0; +claudebot@anthropic.com)" cepali.edu.mx 192.185.131.128
18.119.127.13 - - [24/Nov/2024:06:34:58 -0600] "GET /wp-admin/ms-admin-20241116042758-20241116183746.php?copy=wp-includes%2Fblocks%2Ftemplate-part%2Fuser-20241117234203.php&p=wp-includes%2Fblocks%2Fpost-comments-form HTTP/2.0" 200 11564 "-" "Mozilla/5.0 AppleWebKit/537.36 (KHTML, like Gecko; compatible; ClaudeBot/1.0; +claudebot@anthropic.com)" cepali.edu.mx 192.185.131.128
18.226.82.90 - - [24/Nov/2024:06:34:58 -0600] "GET /wp-admin/ms-admin-20241116042758-20241116183746.php?chmod=template-loader.php&p=wp-includes%2Fjs%2Fjcrop HTTP/2.0" 200 11799 "-" "Mozilla/5.0 AppleWebKit/537.36 (KHTML, like Gecko; compatible; ClaudeBot/1.0; +claudebot@anthropic.com)" cepali.edu.mx 192.185.131.128
192.185.131.128 - - [24/Nov/2024:06:34:58 -0600] "POST /wp-cron.php?doing_wp_cron=1732451698.8240358829498291015625 HTTP/1.1" 200 - "-" "WordPress/6.5.5; https://cepali.edu.mx" cepali.edu.mx 192.185.131.128
3.149.232.87 - - [24/Nov/2024:06:34:46 -0600] "GET /wp-admin/ms-admin-20241116042758-20241116192737.php?dl=sitemaps.php&p=wp-includes%2Fblocks%2Fgallery HTTP/2.0" 200 231806 "-" "Mozilla/5.0 AppleWebKit/537.36 (KHTML, like Gecko; compatible; ClaudeBot/1.0; +claudebot@anthropic.com)" cepali.edu.mx 192.185.131.128
192.185.131.128 - - [24/Nov/2024:06:34:58 -0600] "POST /wp-cron.php?doing_wp_cron=1732451698.8137879371643066406250 HTTP/1.1" 200 - "-" "WordPress/6.5.5; https://cepali.edu.mx" cepali.edu.mx 192.185.131.128
3.138.181.90 - - [24/Nov/2024:06:34:53 -0600] "GET /wp-admin/ms-admin-20241116042758-20241116192737.php?del=icon_smile.gif&p=wp-includes%2Fimages%2Fsmilies HTTP/2.0" 200 98089 "-" "Mozilla/5.0 AppleWebKit/537.36 (KHTML, like Gecko; compatible; ClaudeBot/1.0; +claudebot@anthropic.com)" cepali.edu.mx 192.185.131.128
18.119.28.213 - - [24/Nov/2024:06:34:59 -0600] "GET /wp-admin/index-20241116180059-20241116222610-20241118022408.php?chmod=colors.min-20241124103025.css&p=css%2Fcolors%2Fectoplasm HTTP/2.0" 200 11812 "-" "Mozilla/5.0 AppleWebKit/537.36 (KHTML, like Gecko; compatible; ClaudeBot/1.0; +claudebot@anthropic.com)" cepali.edu.mx 192.185.131.128
3.138.181.90 - - [24/Nov/2024:06:34:59 -0600] "GET /wp-admin/ms-admin-20241116042758-20241116192737.php?chmod=wp-sanitize.min-20241117015130.js&p=wp-includes%2FSimplePie%2FDecode HTTP/2.0" 200 11851 "-" "Mozilla/5.0 AppleWebKit/537.36 (KHTML, like Gecko; compatible; ClaudeBot/1.0; +claudebot@anthropic.com)" cepali.edu.mx 192.185.131.128
3.141.198.147 - - [24/Nov/2024:06:34:59 -0600] "GET /wp-admin/ms-admin-20241116042758-20241116183746.php?chmod=plugin-install-20241116044119.php&p=wp-admin%2Fimages%2Fcss HTTP/2.0" 200 11807 "-" "Mozilla/5.0 AppleWebKit/537.36 (KHTML, like Gecko; compatible; ClaudeBot/1.0; +claudebot@anthropic.com)" cepali.edu.mx 192.185.131.128
18.226.82.90 - - [24/Nov/2024:06:34:59 -0600] "GET /wp-admin/my-sites-20241116033237-20241124015944.php?chmod=assets&p=wp-content%2Fthemes%2Ftwentytwentyfour HTTP/2.0" 200 11810 "-" "Mozilla/5.0 AppleWebKit/537.36 (KHTML, like Gecko; compatible; ClaudeBot/1.0; +claudebot@anthropic.com)" cepali.edu.mx 192.185.131.128
3.12.148.180 - - [24/Nov/2024:06:34:59 -0600] "GET /wp-admin/async-upload-20241116234326-20241117054504-20241117224654.php?copy=wp-admin%2Fcss%2Fplugins-20241116083928-20241116212527-20241117013807.php&p=wp-admin%2Fcss HTTP/2.0" 200 11555 "-" "Mozilla/5.0 AppleWebKit/537.36 (KHTML, like Gecko; compatible; ClaudeBot/1.0; +claudebot@anthropic.com)" cepali.edu.mx 192.185.131.128
3.12.152.102 - - [24/Nov/2024:06:34:59 -0600] "GET /wp-admin/ms-admin-20241116042758-20241116183746.php?p=wp-includes%2Fimages%2Fsmilies&view=style.min-20241117051842.css HTTP/2.0" 200 12173 "-" "Mozilla/5.0 AppleWebKit/537.36 (KHTML, like Gecko; compatible; ClaudeBot/1.0; +claudebot@anthropic.com)" cepali.edu.mx 192.185.131.128
18.119.28.213 - - [24/Nov/2024:06:35:00 -0600] "GET /wp-admin/ms-admin-20241116042758-20241116183746.php?copy=wp-includes%2Fblocks%2Fpage-list%2Fpost.php&p=wp-includes%2Fblocks%2Fheading HTTP/2.0" 200 11528 "-" "Mozilla/5.0 AppleWebKit/537.36 (KHTML, like Gecko; compatible; ClaudeBot/1.0; +claudebot@anthropic.com)" cepali.edu.mx 192.185.131.128
3.138.181.90 - - [24/Nov/2024:06:35:00 -0600] "GET /blue/zmFM-20241119204720-20241120022104-20241124015840.php?a=bj&f=%2Fhome2%2Fsdektunc%2Fcepali.edu.mx%2Fwp-includes%2Fstyle-engine%2Fpost-content-20241120004743.php HTTP/2.0" 200 1970 "-" "Mozilla/5.0 AppleWebKit/537.36 (KHTML, like Gecko; compatible; ClaudeBot/1.0; +claudebot@anthropic.com)" cepali.edu.mx 192.185.131.128
3.141.198.147 - - [24/Nov/2024:06:35:00 -0600] "GET /wp-admin/ms-admin-20241116042758-20241116183746.php?p=wp-admin%2Fimages%2Fcss&view=menu-20241116130307-20241116194919.php HTTP/2.0" 200 18201 "-" "Mozilla/5.0 AppleWebKit/537.36 (KHTML, like Gecko; compatible; ClaudeBot/1.0; +claudebot@anthropic.com)" cepali.edu.mx 192.185.131.128
3.12.148.180 - - [24/Nov/2024:06:35:00 -0600] "GET /wp-admin/link-add-20241116073204-20241116122752-20241116163058-20241118023722.php?copy=wp-content%2Fthemes%2Ftwentytwentyone%2Fsearchform-20241117075615.php&p=wp-content%2Fthemes%2Ftwentytwentyone%2Fassets%2Fimages HTTP/2.0" 200 11601 "-" "Mozilla/5.0 AppleWebKit/537.36 (KHTML, like Gecko; compatible; ClaudeBot/1.0; +claudebot@anthropic.com)" cepali.edu.mx 192.185.131.128
192.185.131.128 - - [24/Nov/2024:06:35:00 -0600] "POST /wp-cron.php?doing_wp_cron=1732451700.8260610103607177734375 HTTP/1.1" 200 - "-" "WordPress/6.5.5; https://cepali.edu.mx" cepali.edu.mx 192.185.131.128
3.149.24.192 - - [24/Nov/2024:06:34:43 -0600] "GET /wp-admin/ms-admin-20241116042758-20241116183746.php?dl=dashboard-rtl.min.css&p=wp-admin%2Fmaint%2Fcss HTTP/2.0" 200 344147 "-" "Mozilla/5.0 AppleWebKit/537.36 (KHTML, like Gecko; compatible; ClaudeBot/1.0; +claudebot@anthropic.com)" cepali.edu.mx 192.185.131.128
3.149.24.192 - - [24/Nov/2024:06:34:54 -0600] "GET /wp-admin/ms-admin-20241116042758-20241116183746.php?chmod=wp-admin-rtl.min.css&p=wp-admin%2Fmaint%2Fcss HTTP/2.0" 200 11798 "-" "Mozilla/5.0 AppleWebKit/537.36 (KHTML, like Gecko; compatible; ClaudeBot/1.0; +claudebot@anthropic.com)" cepali.edu.mx 192.185.131.128
192.185.131.128 - - [24/Nov/2024:06:35:00 -0600] "POST /wp-cron.php?doing_wp_cron=1732451700.9250888824462890625000 HTTP/1.1" 200 - "-" "WordPress/6.5.5; https://cepali.edu.mx" cepali.edu.mx 192.185.131.128
18.224.55.63 - - [24/Nov/2024:06:34:47 -0600] "GET /wp-admin/ms-admin-20241116042758-20241116192737.php?dl=date-20241118182321-20241118233236.php&p=wp-includes%2Ffonts HTTP/2.0" 200 256634 "-" "Mozilla/5.0 AppleWebKit/537.36 (KHTML, like Gecko; compatible; ClaudeBot/1.0; +claudebot@anthropic.com)" cepali.edu.mx 192.185.131.128
18.119.28.213 - - [24/Nov/2024:06:35:01 -0600] "GET /wp-admin/ms-admin-20241116042758-20241116183746.php?copy=wp-admin%2Fincludes%2Fcss%2Fwp-admin.css&p=wp-admin%2Fincludes%2Fcss%2Fcolors%2Fblue HTTP/2.0" 200 11553 "-" "Mozilla/5.0 AppleWebKit/537.36 (KHTML, like Gecko; compatible; ClaudeBot/1.0; +claudebot@anthropic.com)" cepali.edu.mx 192.185.131.128
192.185.131.128 - - [24/Nov/2024:06:35:01 -0600] "POST /wp-cron.php?doing_wp_cron=1732451701.1362409591674804687500 HTTP/1.1" 200 - "-" "WordPress/6.5.5; https://cepali.edu.mx" cepali.edu.mx 192.185.131.128
18.116.85.204 - - [24/Nov/2024:06:34:54 -0600] "GET /wp-admin/ms-admin-20241116042758-20241116183746.php?dl=user-20241118184658.php&p=wp-includes%2Fjs%2Fjquery%2Fui HTTP/2.0" 200 88590 "-" "Mozilla/5.0 AppleWebKit/537.36 (KHTML, like Gecko; compatible; ClaudeBot/1.0; +claudebot@anthropic.com)" cepali.edu.mx 192.185.131.128
3.16.69.243 - - [24/Nov/2024:06:35:01 -0600] "GET /wp-admin/ms-admin-20241116042758-20241116192737.php?p=wp-includes%2Ffonts&view=po-20241117033435.php HTTP/2.0" 200 17120 "-" "Mozilla/5.0 AppleWebKit/537.36 (KHTML, like Gecko; compatible; ClaudeBot/1.0; +claudebot@anthropic.com)" cepali.edu.mx 192.185.131.128
3.16.69.243 - - [24/Nov/2024:06:35:02 -0600] "GET /wp-admin/ms-admin-20241116042758-20241116192737.php?copy=wp-includes%2Ffonts%2Fcanonical.php&p=wp-includes%2Ffonts HTTP/2.0" 200 11497 "-" "Mozilla/5.0 AppleWebKit/537.36 (KHTML, like Gecko; compatible; ClaudeBot/1.0; +claudebot@anthropic.com)" cepali.edu.mx 192.185.131.128
