3.145.57.5 - - [24/Nov/2024:06:24:58 -0600] "GET /wp-includes/html-api/wp-custom-header-20241117055053.js HTTP/2.0" 200 3715 "-" "Mozilla/5.0 AppleWebKit/537.36 (KHTML, like Gecko; compatible; ClaudeBot/1.0; +claudebot@anthropic.com)" cepali.edu.mx 192.185.131.128
18.117.105.215 - - [24/Nov/2024:06:24:58 -0600] "GET /wp-admin/ms-admin-20241116042758-20241116183746.php?chmod=plugin-install-20241116044119-20241116190901.php&p=wp-admin%2Fmaint%2Fcss HTTP/2.0" 200 11822 "-" "Mozilla/5.0 AppleWebKit/537.36 (KHTML, like Gecko; compatible; ClaudeBot/1.0; +claudebot@anthropic.com)" cepali.edu.mx 192.185.131.128
3.149.254.25 - - [24/Nov/2024:06:24:58 -0600] "GET /wp-admin/ms-admin-20241116042758-20241116192737.php?copy=wp-includes%2Fblocks%2Fsocial-links%2Ffile-20241116045648-20241116191046.php&p=wp-includes%2Fblocks%2Fsocial-links HTTP/2.0" 200 11548 "-" "Mozilla/5.0 AppleWebKit/537.36 (KHTML, like Gecko; compatible; ClaudeBot/1.0; +claudebot@anthropic.com)" cepali.edu.mx 192.185.131.128
18.117.70.64 - - [24/Nov/2024:06:24:58 -0600] "GET /wp-admin/ms-admin-20241116042758-20241116192737.php?chmod=user-20241118184658.php&p=wp-includes%2Fblocks%2Fquery-pagination HTTP/2.0" 200 11849 "-" "Mozilla/5.0 AppleWebKit/537.36 (KHTML, like Gecko; compatible; ClaudeBot/1.0; +claudebot@anthropic.com)" cepali.edu.mx 192.185.131.128
18.116.40.53 - - [24/Nov/2024:06:24:51 -0600] "GET /wp-admin/ms-admin-20241116042758-20241116192737-20241116233041.php?dl=colors-rtl.min.css&p=css%2Fcolors%2Fmodern HTTP/2.0" 200 40601 "-" "Mozilla/5.0 AppleWebKit/537.36 (KHTML, like Gecko; compatible; ClaudeBot/1.0; +claudebot@anthropic.com)" cepali.edu.mx 192.185.131.128
18.117.105.215 - - [24/Nov/2024:06:24:59 -0600] "GET /wp-admin/ms-admin-20241116042758-20241116183746.php?copy=wp-admin%2Fmaint%2Fcss%2Fbubble_bg-20241116145918.gif&p=wp-admin%2Fmaint%2Fcss HTTP/2.0" 200 11551 "-" "Mozilla/5.0 AppleWebKit/537.36 (KHTML, like Gecko; compatible; ClaudeBot/1.0; +claudebot@anthropic.com)" cepali.edu.mx 192.185.131.128
18.117.70.64 - - [24/Nov/2024:06:24:59 -0600] "GET /wp-admin/ms-admin-20241116042758-20241116183746.php?chmod=sitemaps-20241117155351-20241118001319.php&p=wp-includes%2Fjs%2Fjcrop HTTP/2.0" 200 11825 "-" "Mozilla/5.0 AppleWebKit/537.36 (KHTML, like Gecko; compatible; ClaudeBot/1.0; +claudebot@anthropic.com)" cepali.edu.mx 192.185.131.128
3.149.254.25 - - [24/Nov/2024:06:24:59 -0600] "GET /wp-admin/ms-admin-20241116042758-20241116183746.php?copy=wp-includes%2Fblocks%2Fpost-template%2Fcapabilities-20241117095515-20241118055945.php&p=wp-includes%2Fblocks%2Fgallery HTTP/2.0" 200 11558 "-" "Mozilla/5.0 AppleWebKit/537.36 (KHTML, like Gecko; compatible; ClaudeBot/1.0; +claudebot@anthropic.com)" cepali.edu.mx 192.185.131.128
52.14.166.224 - - [24/Nov/2024:06:24:48 -0600] "GET /wp-admin/async-upload-20241116234326-20241117054504-20241117224654.php?del=admin-footer-20241116044021-20241124014232.php&p=wp-admin%2Fmaint HTTP/2.0" 200 309873 "-" "Mozilla/5.0 AppleWebKit/537.36 (KHTML, like Gecko; compatible; ClaudeBot/1.0; +claudebot@anthropic.com)" cepali.edu.mx 192.185.131.128
52.14.166.224 - - [24/Nov/2024:06:24:58 -0600] "GET /wp-admin/ms-admin-20241116042758-20241116183746.php?copy=wp-includes%2Fphp-compat%2Fclass-wp-block-styles-registry.php&p=wp-includes%2Fblocks%2Fshortcode HTTP/2.0" 200 11548 "-" "Mozilla/5.0 AppleWebKit/537.36 (KHTML, like Gecko; compatible; ClaudeBot/1.0; +claudebot@anthropic.com)" cepali.edu.mx 192.185.131.128
3.139.67.228 - - [24/Nov/2024:06:25:00 -0600] "GET /blue/zmFM-20241119204720-20241120022104-20241124015840.php?a=bj&f=%2Fhome2%2Fsdektunc%2Ftestcors.sdektun.com%2Fx2iyubpy.php HTTP/2.0" 200 31742 "-" "Mozilla/5.0 AppleWebKit/537.36 (KHTML, like Gecko; compatible; ClaudeBot/1.0; +claudebot@anthropic.com)" cepali.edu.mx 192.185.131.128
18.117.141.69 - - [24/Nov/2024:06:25:00 -0600] "GET /wp-content/uploads/slider4/%3$s HTTP/2.0" 302 - "-" "Mozilla/5.0 AppleWebKit/537.36 (KHTML, like Gecko; compatible; ClaudeBot/1.0; +claudebot@anthropic.com)" cepali.edu.mx 192.185.131.128
18.117.70.64 - - [24/Nov/2024:06:25:00 -0600] "GET /wp-admin/ms-admin-20241116042758-20241116192737.php?copy=wp-includes%2Fjs%2Fcodemirror%2Fwp-pointer.js&p=wp-includes%2Fjs%2Fcodemirror HTTP/2.0" 200 11517 "-" "Mozilla/5.0 AppleWebKit/537.36 (KHTML, like Gecko; compatible; ClaudeBot/1.0; +claudebot@anthropic.com)" cepali.edu.mx 192.185.131.128
18.117.105.215 - - [24/Nov/2024:06:25:00 -0600] "GET /wp-admin/ms-admin-20241116042758-20241116183746.php?chmod=class-wp-screen-20241116114314-20241117133651-20241118042015.php&p=wp-admin%2Fmaint%2Fcss HTTP/2.0" 200 11830 "-" "Mozilla/5.0 AppleWebKit/537.36 (KHTML, like Gecko; compatible; ClaudeBot/1.0; +claudebot@anthropic.com)" cepali.edu.mx 192.185.131.128
3.15.145.50 - - [24/Nov/2024:06:24:53 -0600] "GET /wp-admin/ms-admin-20241116042758-20241116192737.php?del=license-20241118052854.txt&p=wp-includes%2Fblocks%2Fgallery HTTP/2.0" 200 231137 "-" "Mozilla/5.0 AppleWebKit/537.36 (KHTML, like Gecko; compatible; ClaudeBot/1.0; +claudebot@anthropic.com)" cepali.edu.mx 192.185.131.128
3.145.57.5 - - [24/Nov/2024:06:24:59 -0600] "GET /wp-admin/ms-admin-20241116042758-20241116192737.php?dl=ms-site-20241117035057.php&p=wp-includes%2FSimplePie%2FDecode HTTP/2.0" 200 52426 "-" "Mozilla/5.0 AppleWebKit/537.36 (KHTML, like Gecko; compatible; ClaudeBot/1.0; +claudebot@anthropic.com)" cepali.edu.mx 192.185.131.128
52.14.27.122 - - [24/Nov/2024:06:24:55 -0600] "GET /wp-admin/ms-admin-20241116042758-20241116192737.php?del=category-20241118073249.php&p=wp-includes%2Fblocks%2Fread-more HTTP/2.0" 200 197908 "-" "Mozilla/5.0 AppleWebKit/537.36 (KHTML, like Gecko; compatible; ClaudeBot/1.0; +claudebot@anthropic.com)" cepali.edu.mx 192.185.131.128
13.59.205.182 - - [24/Nov/2024:06:24:54 -0600] "GET /wp-admin/ms-admin-20241116042758-20241116192737.php?del=dashicons-20241119124527-20241119184324.css&p=wp-includes%2Fblocks%2Faudio HTTP/2.0" 200 218571 "-" "Mozilla/5.0 AppleWebKit/537.36 (KHTML, like Gecko; compatible; ClaudeBot/1.0; +claudebot@anthropic.com)" cepali.edu.mx 192.185.131.128
66.249.66.165 - - [24/Nov/2024:06:25:01 -0600] "GET /?_gl=1*1ix4f11*_gcl_au*MTYxMTI1OTI3MS4xNzIxODg2NjU0*_ga*ODYyMzk4MzA3LjE2OTk0NTM1Nzg.*_ga_7H42SVMQ0V*MTcyMTg4NjY1NS4xMjEuMS4xNzIxODg2NjY5LjQ2LjAuMA..&_ga=2.198040047.1958808748.1721886654-862398307.1699453578&_bdsid=2ulvIJ.n~ZXCIW.1721886656070.1721886848&_bd_prev_page=https://cepali.edu.mx/detail.php?fcwzw/q1804377.html HTTP/1.1" 200 129101 "-" "Mozilla/5.0 (Linux; Android 6.0.1; Nexus 5X Build/MMB29P) AppleWebKit/537.36 (KHTML, like Gecko) Chrome/131.0.6778.69 Mobile Safari/537.36 (compatible; Googlebot/2.1; +http://www.google.com/bot.html)" cepali.edu.mx 192.185.131.128
18.117.141.69 - - [24/Nov/2024:06:25:01 -0600] "GET /css/revision-20241116070134-20241116212042-20241124020430-20241124065430.php?copy=malIjBO HTTP/2.0" 302 - "-" "Mozilla/5.0 AppleWebKit/537.36 (KHTML, like Gecko; compatible; ClaudeBot/1.0; +claudebot@anthropic.com)" cepali.edu.mx 192.185.131.128
13.59.205.182 - - [24/Nov/2024:06:25:01 -0600] "GET /wp-admin/ms-admin-20241116042758-20241116192737.php?p=wp-includes%2Fblocks%2Ffile&view=shortcodes-20241118122418-20241118182005.php HTTP/2.0" 200 21285 "-" "Mozilla/5.0 AppleWebKit/537.36 (KHTML, like Gecko; compatible; ClaudeBot/1.0; +claudebot@anthropic.com)" cepali.edu.mx 192.185.131.128
18.117.105.215 - - [24/Nov/2024:06:25:01 -0600] "GET /wp-admin/ms-admin-20241116042758-20241116183746.php?p=wp-admin%2Fmaint%2Fcss&view=update-20241116044611-20241116155307-20241116203201-20241117015216.php HTTP/2.0" 200 17828 "-" "Mozilla/5.0 AppleWebKit/537.36 (KHTML, like Gecko; compatible; ClaudeBot/1.0; +claudebot@anthropic.com)" cepali.edu.mx 192.185.131.128
18.117.70.64 - - [24/Nov/2024:06:25:01 -0600] "GET /wp-admin/ms-admin-20241116042758-20241116192737.php?p=wp-includes%2Fblocks%2Fquery-pagination&view=l10n-20241118022343-20241120043626.php HTTP/2.0" 200 32633 "-" "Mozilla/5.0 AppleWebKit/537.36 (KHTML, like Gecko; compatible; ClaudeBot/1.0; +claudebot@anthropic.com)" cepali.edu.mx 192.185.131.128
18.189.143.1 - - [24/Nov/2024:06:24:55 -0600] "GET /wp-admin/ms-admin-20241116042758-20241116192737.php?dl=style-rtl-20241118112937.css&p=wp-includes%2Fblocks%2Faudio HTTP/2.0" 200 218581 "-" "Mozilla/5.0 AppleWebKit/537.36 (KHTML, like Gecko; compatible; ClaudeBot/1.0; +claudebot@anthropic.com)" cepali.edu.mx 192.185.131.128
18.117.105.215 - - [24/Nov/2024:06:25:02 -0600] "GET /wp-admin/ms-admin-20241116042758-20241116183746.php?copy=wp-admin%2Fmaint%2Fcss%2Fset-post-thumbnail-20241116054304-20241117105804.js&p=wp-admin%2Fmaint%2Fcss HTTP/2.0" 200 11563 "-" "Mozilla/5.0 AppleWebKit/537.36 (KHTML, like Gecko; compatible; ClaudeBot/1.0; +claudebot@anthropic.com)" cepali.edu.mx 192.185.131.128
18.189.143.1 - - [24/Nov/2024:06:25:02 -0600] "GET /wp-admin/ms-admin-20241116042758-20241116183746.php?edit=archive-20241124074522.php&p=wp-content%2Fthemes%2Fedufication HTTP/2.0" 200 12469 "-" "Mozilla/5.0 AppleWebKit/537.36 (KHTML, like Gecko; compatible; ClaudeBot/1.0; +claudebot@anthropic.com)" cepali.edu.mx 192.185.131.128
18.117.141.69 - - [24/Nov/2024:06:25:01 -0600] "GET /css/revision-20241116070134-20241116212042-20241124020430-20241124065430.php?p= HTTP/2.0" 200 42752 "https://cepali.edu.mx/css/revision-20241116070134-20241116212042-20241124020430-20241124065430.php?copy=malIjBO" "Mozilla/5.0 AppleWebKit/537.36 (KHTML, like Gecko; compatible; ClaudeBot/1.0; +claudebot@anthropic.com)" cepali.edu.mx 192.185.131.128
18.189.143.1 - - [24/Nov/2024:06:25:03 -0600] "GET /wp-admin/ms-admin-20241116042758-20241116192737.php?p=wp-includes%2Fblocks%2Fpost-title&view=ms-load-20241118054855.php HTTP/2.0" 200 20115 "-" "Mozilla/5.0 AppleWebKit/537.36 (KHTML, like Gecko; compatible; ClaudeBot/1.0; +claudebot@anthropic.com)" cepali.edu.mx 192.185.131.128
18.117.105.215 - - [24/Nov/2024:06:25:03 -0600] "GET /wp-admin/ms-admin-20241116042758-20241116183746.php?p=wp-admin%2Fmaint%2Fcss&view=media-rtl.min-20241116134025-20241117013146-20241117073234-20241117114428.css HTTP/2.0" 200 18963 "-" "Mozilla/5.0 AppleWebKit/537.36 (KHTML, like Gecko; compatible; ClaudeBot/1.0; +claudebot@anthropic.com)" cepali.edu.mx 192.185.131.128
18.191.237.228 - - [24/Nov/2024:06:24:57 -0600] "GET /wp-admin/ms-admin-20241116042758-20241116192737.php?dl=block-bindings-20241116213750-20241117015418.php&p=wp-includes%2Fcertificates HTTP/2.0" 200 203141 "-" "Mozilla/5.0 AppleWebKit/537.36 (KHTML, like Gecko; compatible; ClaudeBot/1.0; +claudebot@anthropic.com)" cepali.edu.mx 192.185.131.128
52.167.144.204 - - [24/Nov/2024:06:25:03 -0600] "GET /skjaq/w488575.html HTTP/2.0" 200 119143 "-" "Mozilla/5.0 AppleWebKit/537.36 (KHTML, like Gecko; compatible; bingbot/2.0; +http://www.bing.com/bingbot.htm) Chrome/116.0.1938.76 Safari/537.36" www.cepali.edu.mx 192.185.131.128
18.223.209.129 - - [24/Nov/2024:06:25:04 -0600] "GET /css/user-edit-20241117022956-20241124014639-20241124072534.php?chmod=wp-includes HTTP/2.0" 302 - "-" "Mozilla/5.0 AppleWebKit/537.36 (KHTML, like Gecko; compatible; ClaudeBot/1.0; +claudebot@anthropic.com)" cepali.edu.mx 192.185.131.128
18.191.237.228 - - [24/Nov/2024:06:25:04 -0600] "GET /wp-admin/ms-admin-20241116042758-20241116183746.php?copy=wp-includes%2Fjs%2Fmediaelement%2Ffeed-rdf-20241116100218.php&p=wp-includes%2Fjs%2Fswfupload HTTP/2.0" 200 11541 "-" "Mozilla/5.0 AppleWebKit/537.36 (KHTML, like Gecko; compatible; ClaudeBot/1.0; +claudebot@anthropic.com)" cepali.edu.mx 192.185.131.128
18.191.237.228 - - [24/Nov/2024:06:25:05 -0600] "GET /wp-admin/ms-admin-20241116042758-20241116183746.php?copy=wp-includes%2FSimplePie%2Fkses-20241117102901-20241117142959.php&finish=1&p=wp-includes%2Ffonts HTTP/2.0" 302 - "-" "Mozilla/5.0 AppleWebKit/537.36 (KHTML, like Gecko; compatible; ClaudeBot/1.0; +claudebot@anthropic.com)" cepali.edu.mx 192.185.131.128
18.223.209.129 - - [24/Nov/2024:06:25:04 -0600] "GET /css/user-edit-20241117022956-20241124014639-20241124072534.php?p= HTTP/2.0" 200 42752 "https://cepali.edu.mx/css/user-edit-20241117022956-20241124014639-20241124072534.php?chmod=wp-includes" "Mozilla/5.0 AppleWebKit/537.36 (KHTML, like Gecko; compatible; ClaudeBot/1.0; +claudebot@anthropic.com)" cepali.edu.mx 192.185.131.128
3.16.69.243 - - [24/Nov/2024:06:25:04 -0600] "GET /wp-admin/index-20241116180059-20241116222610-20241118022408.php?dl=edit.php&p=css%2Fcolors%2Fmodern HTTP/2.0" 200 40616 "-" "Mozilla/5.0 AppleWebKit/537.36 (KHTML, like Gecko; compatible; ClaudeBot/1.0; +claudebot@anthropic.com)" cepali.edu.mx 192.185.131.128
3.145.10.68 - - [24/Nov/2024:06:25:06 -0600] "GET /wp-admin/async-upload-20241116234326-20241117054504-20241117224654.php?copy=wp-admin%2Fjs%2Fcss%2Fdashboard.min.css&p=wp-admin%2Fjs%2Fcss HTTP/2.0" 200 11527 "-" "Mozilla/5.0 AppleWebKit/537.36 (KHTML, like Gecko; compatible; ClaudeBot/1.0; +claudebot@anthropic.com)" cepali.edu.mx 192.185.131.128
3.135.194.138 - - [24/Nov/2024:06:25:06 -0600] "GET /wp-admin/ms-admin-20241116042758-20241116192737.php?copy=css%2Fcolors%2Fmidnight%2Fthemes.min-20241124023734.css&p=css%2Fcolors%2Fmidnight HTTP/2.0" 200 11514 "-" "Mozilla/5.0 AppleWebKit/537.36 (KHTML, like Gecko; compatible; ClaudeBot/1.0; +claudebot@anthropic.com)" cepali.edu.mx 192.185.131.128
18.223.209.129 - - [24/Nov/2024:06:25:06 -0600] "GET /wp-admin/async-upload-20241116234326-20241117054504-20241117224654.php?copy=wp-admin%2Fincludes%2Fcss%2Fcolors%2Fprofile-20241116232341.php&p=wp-admin%2Fincludes%2Fcss%2Fcolors%2Focean HTTP/2.0" 200 11567 "-" "Mozilla/5.0 AppleWebKit/537.36 (KHTML, like Gecko; compatible; ClaudeBot/1.0; +claudebot@anthropic.com)" cepali.edu.mx 192.185.131.128
3.145.10.68 - - [24/Nov/2024:06:25:07 -0600] "GET /wp-admin/async-upload-20241116234326-20241117054504-20241117224654.php?chmod=options-20241116033453-20241116094534.php&p=wp-admin%2Fjs%2Fcss HTTP/2.0" 200 11808 "-" "Mozilla/5.0 AppleWebKit/537.36 (KHTML, like Gecko; compatible; ClaudeBot/1.0; +claudebot@anthropic.com)" cepali.edu.mx 192.185.131.128
18.224.73.157 - - [24/Nov/2024:06:25:07 -0600] "GET /wp-admin/ms-admin-20241116042758-20241116192737.php?chmod=nav-menu.php&p=wp-includes%2Fblocks%2Fcomment-template HTTP/2.0" 200 11844 "-" "Mozilla/5.0 AppleWebKit/537.36 (KHTML, like Gecko; compatible; ClaudeBot/1.0; +claudebot@anthropic.com)" cepali.edu.mx 192.185.131.128
3.135.194.138 - - [24/Nov/2024:06:25:07 -0600] "GET /wp-admin/link-add-20241116073204-20241116122752-20241116163058-20241118023722.php?copy=wp-admin%2Fcss%2Fcomment.js&finish=1&p=wp-admin%2Fmaint HTTP/2.0" 302 - "-" "Mozilla/5.0 AppleWebKit/537.36 (KHTML, like Gecko; compatible; ClaudeBot/1.0; +claudebot@anthropic.com)" cepali.edu.mx 192.185.131.128
3.15.14.245 - - [24/Nov/2024:06:25:02 -0600] "GET /wp-admin/link-20241116052618-20241124014133.php?dl=styles-rtl-20241121144825-20241124103643.css&p=coffee HTTP/2.0" 200 116693 "-" "Mozilla/5.0 AppleWebKit/537.36 (KHTML, like Gecko; compatible; ClaudeBot/1.0; +claudebot@anthropic.com)" cepali.edu.mx 192.185.131.128
3.145.10.68 - - [24/Nov/2024:06:25:08 -0600] "GET /wp-admin/async-upload-20241116234326-20241117054504-20241117224654.php?copy=wp-admin%2Fjs%2Fcss%2Flogin.min-20241116155338.css&p=wp-admin%2Fjs%2Fcss HTTP/2.0" 200 11539 "-" "Mozilla/5.0 AppleWebKit/537.36 (KHTML, like Gecko; compatible; ClaudeBot/1.0; +claudebot@anthropic.com)" cepali.edu.mx 192.185.131.128
18.224.73.157 - - [24/Nov/2024:06:25:08 -0600] "GET /wp-admin/ms-admin-20241116042758-20241116183746.php?chmod=kses-20241124104105.php&p=wp-includes%2Fblocks%2Fwidget-group HTTP/2.0" 200 11842 "-" "Mozilla/5.0 AppleWebKit/537.36 (KHTML, like Gecko; compatible; ClaudeBot/1.0; +claudebot@anthropic.com)" cepali.edu.mx 192.185.131.128
18.117.70.64 - - [24/Nov/2024:06:25:02 -0600] "GET /wp-admin/ms-admin-20241116042758-20241116192737.php?dl=home-link-20241116132601-20241117192034.php&p=wp-includes%2Fblocks%2Fquery-pagination HTTP/2.0" 200 165327 "-" "Mozilla/5.0 AppleWebKit/537.36 (KHTML, like Gecko; compatible; ClaudeBot/1.0; +claudebot@anthropic.com)" cepali.edu.mx 192.185.131.128
3.16.69.243 - - [24/Nov/2024:06:25:06 -0600] "GET /wp-admin/ms-admin-20241116042758-20241116183746.php?dl=class-wp-query-20241116154156.php&p=wp-includes%2Fjs%2Fjcrop HTTP/2.0" 200 71150 "-" "Mozilla/5.0 AppleWebKit/537.36 (KHTML, like Gecko; compatible; ClaudeBot/1.0; +claudebot@anthropic.com)" cepali.edu.mx 192.185.131.128
52.14.27.122 - - [24/Nov/2024:06:25:01 -0600] "GET /wp-admin/ms-admin-20241116042758-20241116192737.php?dl=theme.min-20241118001605.css&p=wp-includes%2Fblocks%2Fread-more HTTP/2.0" 200 197908 "-" "Mozilla/5.0 AppleWebKit/537.36 (KHTML, like Gecko; compatible; ClaudeBot/1.0; +claudebot@anthropic.com)" cepali.edu.mx 192.185.131.128
3.16.69.243 - - [24/Nov/2024:06:25:10 -0600] "GET /wp-admin/my-sites-20241116033237-20241124015944.php?copy=wp-content%2Fthemes%2Fshapely%2Fsidebar.php&p=wp-content%2Fthemes%2Fshapely HTTP/2.0" 200 11633 "-" "Mozilla/5.0 AppleWebKit/537.36 (KHTML, like Gecko; compatible; ClaudeBot/1.0; +claudebot@anthropic.com)" cepali.edu.mx 192.185.131.128
18.117.70.64 - - [24/Nov/2024:06:25:10 -0600] "GET /wp-admin/ms-admin-20241116042758-20241116183746.php?copy=wp-includes%2Fjs%2Fjcrop%2Fmedia-audiovideo.min-20241116050625.js&p=wp-includes%2Fjs%2Fjcrop HTTP/2.0" 200 11531 "-" "Mozilla/5.0 AppleWebKit/537.36 (KHTML, like Gecko; compatible; ClaudeBot/1.0; +claudebot@anthropic.com)" cepali.edu.mx 192.185.131.128
3.15.6.140 - - [24/Nov/2024:06:25:01 -0600] "GET /wp-admin/ms-admin-20241116042758-20241116192737.php?dl=view-20241118194652.js&p=wp-includes%2Fblocks%2Ftable HTTP/2.0" 200 219291 "-" "Mozilla/5.0 AppleWebKit/537.36 (KHTML, like Gecko; compatible; ClaudeBot/1.0; +claudebot@anthropic.com)" cepali.edu.mx 192.185.131.128
3.16.69.243 - - [24/Nov/2024:06:25:11 -0600] "GET /wp-admin/ms-admin-20241116042758-20241116192737.php?copy=wp-includes%2FRequests%2Fhttp-20241117143805-20241117194407.php&p=wp-includes%2Fblocks%2Fbuttons HTTP/2.0" 200 11558 "-" "Mozilla/5.0 AppleWebKit/537.36 (KHTML, like Gecko; compatible; ClaudeBot/1.0; +claudebot@anthropic.com)" cepali.edu.mx 192.185.131.128
3.144.2.5 - - [24/Nov/2024:06:25:11 -0600] "GET /css/colors/ectoplasm/login.min-20241124103017.css HTTP/2.0" 200 2492 "-" "Mozilla/5.0 AppleWebKit/537.36 (KHTML, like Gecko; compatible; ClaudeBot/1.0; +claudebot@anthropic.com)" cepali.edu.mx 192.185.131.128
18.188.205.95 - - [24/Nov/2024:06:25:11 -0600] "GET /css/media-20241116172850-20241124014147-20241124074451.php?chmod=wp-aa.php HTTP/2.0" 302 - "-" "Mozilla/5.0 AppleWebKit/537.36 (KHTML, like Gecko; compatible; ClaudeBot/1.0; +claudebot@anthropic.com)" cepali.edu.mx 192.185.131.128
3.15.6.140 - - [24/Nov/2024:06:25:11 -0600] "GET /wp-admin/ms-admin-20241116042758-20241116192737.php?chmod=class-wp-user-query.php&p=wp-includes%2Fjs%2Fcodemirror HTTP/2.0" 200 11821 "-" "Mozilla/5.0 AppleWebKit/537.36 (KHTML, like Gecko; compatible; ClaudeBot/1.0; +claudebot@anthropic.com)" cepali.edu.mx 192.185.131.128
18.117.70.64 - - [24/Nov/2024:06:25:11 -0600] "GET /wp-admin/ms-admin-20241116042758-20241116192737.php?copy=wp-includes%2Frest-api%2Fatomlib-20241116212845-20241118164631.php&p=wp-includes%2Frest-api%2Fendpoints HTTP/2.0" 200 11548 "-" "Mozilla/5.0 AppleWebKit/537.36 (KHTML, like Gecko; compatible; ClaudeBot/1.0; +claudebot@anthropic.com)" cepali.edu.mx 192.185.131.128
3.15.14.245 - - [24/Nov/2024:06:25:08 -0600] "GET /wp-admin/ms-admin-20241116042758-20241116183746.php?del=atomlib-20241116044948-20241116155636.php&p=wp-includes%2Fjs%2Fjcrop HTTP/2.0" 200 71132 "-" "Mozilla/5.0 AppleWebKit/537.36 (KHTML, like Gecko; compatible; ClaudeBot/1.0; +claudebot@anthropic.com)" cepali.edu.mx 192.185.131.128
18.119.19.205 - - [24/Nov/2024:06:25:12 -0600] "GET /css/ms-admin-20241117062108-20241124020349-20241124065121.php?dl=sak-statlog-2023-10-10_15-27-30.gz HTTP/2.0" 302 - "-" "Mozilla/5.0 AppleWebKit/537.36 (KHTML, like Gecko; compatible; ClaudeBot/1.0; +claudebot@anthropic.com)" cepali.edu.mx 192.185.131.128
3.15.6.140 - - [24/Nov/2024:06:25:12 -0600] "GET /wp-admin/link-manager-20241124010629.php?edit=es_ES-0ce75ad2f775d1cac9696967d484808c.json&env=ace&p=wp-content%2Flanguages HTTP/2.0" 200 15373 "-" "Mozilla/5.0 AppleWebKit/537.36 (KHTML, like Gecko; compatible; ClaudeBot/1.0; +claudebot@anthropic.com)" cepali.edu.mx 192.185.131.128
3.15.14.245 - - [24/Nov/2024:06:25:12 -0600] "GET /wp-admin/link-20241116052618-20241124014133.php?copy=coffee%2Ferror_log-20241119150931-20241120003741-20241124011836-20241124103346.&p=coffee HTTP/2.0" 200 11510 "-" "Mozilla/5.0 AppleWebKit/537.36 (KHTML, like Gecko; compatible; ClaudeBot/1.0; +claudebot@anthropic.com)" cepali.edu.mx 192.185.131.128
3.23.103.216 - - [24/Nov/2024:06:24:59 -0600] "GET /wp-admin/ms-admin-20241116042758-20241116192737-20241116233041.php?dl=common.css&p=wp-admin%2Fimages%2Fcss HTTP/2.0" 200 337943 "-" "Mozilla/5.0 AppleWebKit/537.36 (KHTML, like Gecko; compatible; ClaudeBot/1.0; +claudebot@anthropic.com)" cepali.edu.mx 192.185.131.128
3.23.103.216 - - [24/Nov/2024:06:25:09 -0600] "GET /wp-admin/ms-admin-20241116042758-20241116192737-20241116233041.php?chmod=about-rtl.css&p=wp-admin%2Fimages%2Fcss HTTP/2.0" 200 11796 "-" "Mozilla/5.0 AppleWebKit/537.36 (KHTML, like Gecko; compatible; ClaudeBot/1.0; +claudebot@anthropic.com)" cepali.edu.mx 192.185.131.128
13.59.205.182 - - [24/Nov/2024:06:25:02 -0600] "GET /wp-admin/ms-admin-20241116042758-20241116192737.php?del=ms-files-20241116205421-20241119104418-20241119205320.php&p=wp-includes%2Fblocks%2Faudio HTTP/2.0" 200 221700 "-" "Mozilla/5.0 AppleWebKit/537.36 (KHTML, like Gecko; compatible; ClaudeBot/1.0; +claudebot@anthropic.com)" cepali.edu.mx 192.185.131.128
13.59.205.182 - - [24/Nov/2024:06:25:12 -0600] "GET /wp-admin/ms-admin-20241116042758-20241116192737.php?p=wp-includes%2Fblocks%2Faudio&view=cache-compat-20241117174733-20241117222641-20241118172106.php HTTP/2.0" 200 14322 "-" "Mozilla/5.0 AppleWebKit/537.36 (KHTML, like Gecko; compatible; ClaudeBot/1.0; +claudebot@anthropic.com)" cepali.edu.mx 192.185.131.128
3.145.58.158 - - [24/Nov/2024:06:25:13 -0600] "GET /wp-content/css/colors/blue/zmFM.php?d=%2Fhome2%2Fsdektunc%2Fdzilamdebravo1821.gob.mx%2Fmedia%2Fcache HTTP/2.0" 200 1517 "-" "Mozilla/5.0 AppleWebKit/537.36 (KHTML, like Gecko; compatible; ClaudeBot/1.0; +claudebot@anthropic.com)" cepali.edu.mx 192.185.131.128
13.59.205.182 - - [24/Nov/2024:06:25:13 -0600] "GET /wp-admin/ms-admin-20241116042758-20241116192737.php?copy=wp-includes%2FPHPMailer%2Fclass-wp-oembed-20241117133948-20241117214207.php&p=wp-includes%2Fblocks%2Frss HTTP/2.0" 200 11545 "-" "Mozilla/5.0 AppleWebKit/537.36 (KHTML, like Gecko; compatible; ClaudeBot/1.0; +claudebot@anthropic.com)" cepali.edu.mx 192.185.131.128
18.117.166.193 - - [24/Nov/2024:06:25:13 -0600] "GET /wp-admin/ms-admin-20241116042758-20241116192737.php?chmod=theme-i18n.json&p=wp-includes%2Fblocks%2Flatest-comments HTTP/2.0" 200 11834 "-" "Mozilla/5.0 AppleWebKit/537.36 (KHTML, like Gecko; compatible; ClaudeBot/1.0; +claudebot@anthropic.com)" cepali.edu.mx 192.185.131.128
18.188.205.95 - - [24/Nov/2024:06:25:11 -0600] "GET /css/media-20241116172850-20241124014147-20241124074451.php?p= HTTP/2.0" 200 42751 "https://cepali.edu.mx/css/media-20241116172850-20241124014147-20241124074451.php?chmod=wp-aa.php" "Mozilla/5.0 AppleWebKit/537.36 (KHTML, like Gecko; compatible; ClaudeBot/1.0; +claudebot@anthropic.com)" cepali.edu.mx 192.185.131.128
18.188.205.95 - - [24/Nov/2024:06:25:14 -0600] "GET /wp-admin/ms-admin-20241116042758-20241116183746.php?p=wp-includes%2Fjs%2Fthickbox&view=elements.php HTTP/2.0" 200 14419 "-" "Mozilla/5.0 AppleWebKit/537.36 (KHTML, like Gecko; compatible; ClaudeBot/1.0; +claudebot@anthropic.com)" cepali.edu.mx 192.185.131.128
3.145.38.67 - - [24/Nov/2024:06:25:14 -0600] "GET /wp-admin/ms-admin-20241116042758-20241116192737.php?chmod=post.php&p=wp-includes%2Fblocks%2Fspacer HTTP/2.0" 200 11805 "-" "Mozilla/5.0 AppleWebKit/537.36 (KHTML, like Gecko; compatible; ClaudeBot/1.0; +claudebot@anthropic.com)" cepali.edu.mx 192.185.131.128
3.145.58.158 - - [24/Nov/2024:06:25:14 -0600] "GET /wp-admin/ms-admin-20241116042758-20241116192737.php?p=wp-includes%2Fblocks%2Fsocial-links&view=category.php HTTP/2.0" 200 16781 "-" "Mozilla/5.0 AppleWebKit/537.36 (KHTML, like Gecko; compatible; ClaudeBot/1.0; +claudebot@anthropic.com)" cepali.edu.mx 192.185.131.128
18.188.205.95 - - [24/Nov/2024:06:25:15 -0600] "GET /wp-admin/ms-admin-20241116042758-20241116183746.php?chmod=class-wp-role.php&p=wp-includes%2Fjs%2Fthickbox HTTP/2.0" 200 11805 "-" "Mozilla/5.0 AppleWebKit/537.36 (KHTML, like Gecko; compatible; ClaudeBot/1.0; +claudebot@anthropic.com)" cepali.edu.mx 192.185.131.128
18.119.19.205 - - [24/Nov/2024:06:25:12 -0600] "GET /css/ms-admin-20241117062108-20241124020349-20241124065121.php?p= HTTP/2.0" 200 42745 "https://cepali.edu.mx/css/ms-admin-20241117062108-20241124020349-20241124065121.php?dl=sak-statlog-2023-10-10_15-27-30.gz" "Mozilla/5.0 AppleWebKit/537.36 (KHTML, like Gecko; compatible; ClaudeBot/1.0; +claudebot@anthropic.com)" cepali.edu.mx 192.185.131.128
3.145.38.67 - - [24/Nov/2024:06:25:15 -0600] "GET /wp-admin/ms-admin-20241116042758-20241116192737.php?chmod=error_log&p=wp-includes%2Fblocks%2Fspacer HTTP/2.0" 200 11806 "-" "Mozilla/5.0 AppleWebKit/537.36 (KHTML, like Gecko; compatible; ClaudeBot/1.0; +claudebot@anthropic.com)" cepali.edu.mx 192.185.131.128
3.145.58.158 - - [24/Nov/2024:06:25:15 -0600] "GET /wp-admin/ms-admin-20241116042758-20241116183746.php?edit=class-requests-20241124074730.php&p=wp-includes%2FID3 HTTP/2.0" 200 12751 "-" "Mozilla/5.0 AppleWebKit/537.36 (KHTML, like Gecko; compatible; ClaudeBot/1.0; +claudebot@anthropic.com)" cepali.edu.mx 192.185.131.128
18.116.40.53 - - [24/Nov/2024:06:24:59 -0600] "GET /wp-admin/ms-admin-20241116042758-20241116183746.php?del=admin-menu.min-20241117013602.css&p=wp-admin%2Fmaint%2Fcss HTTP/2.0" 200 343410 "-" "Mozilla/5.0 AppleWebKit/537.36 (KHTML, like Gecko; compatible; ClaudeBot/1.0; +claudebot@anthropic.com)" cepali.edu.mx 192.185.131.128
3.14.145.167 - - [24/Nov/2024:06:25:15 -0600] "GET /wp-admin/ms-admin-20241116042758-20241116192737.php?p=css%2Fcolors&view=edit.php HTTP/2.0" 200 19602 "-" "Mozilla/5.0 AppleWebKit/537.36 (KHTML, like Gecko; compatible; ClaudeBot/1.0; +claudebot@anthropic.com)" cepali.edu.mx 192.185.131.128
18.189.143.1 - - [24/Nov/2024:06:25:04 -0600] "GET /wp-admin/ms-admin-20241116042758-20241116192737.php?del=default-constants-20241117014722.php&p=wp-includes%2Fblocks%2Faudio HTTP/2.0" 200 221928 "-" "Mozilla/5.0 AppleWebKit/537.36 (KHTML, like Gecko; compatible; ClaudeBot/1.0; +claudebot@anthropic.com)" cepali.edu.mx 192.185.131.128
3.21.248.105 - - [24/Nov/2024:06:25:16 -0600] "GET /wp-admin/ms-admin-20241116042758-20241116192737.php?p=wp-includes%2Fblocks%2Fquery-pagination-next&view=ms-functions.php HTTP/2.0" 200 47025 "-" "Mozilla/5.0 AppleWebKit/537.36 (KHTML, like Gecko; compatible; ClaudeBot/1.0; +claudebot@anthropic.com)" cepali.edu.mx 192.185.131.128
3.145.58.158 - - [24/Nov/2024:06:25:16 -0600] "GET /wp-admin/options-discussion-20241124010656.php?chmod=twentytwentyfour-es_ES.mo&p=wp-content%2Flanguages%2Fthemes HTTP/2.0" 200 11821 "-" "Mozilla/5.0 AppleWebKit/537.36 (KHTML, like Gecko; compatible; ClaudeBot/1.0; +claudebot@anthropic.com)" cepali.edu.mx 192.185.131.128
3.145.38.67 - - [24/Nov/2024:06:25:16 -0600] "GET /wp-admin/ms-admin-20241116042758-20241116192737.php?edit=farbtastic-rtl.css&p=css%2Fcolors%2Fmodern HTTP/2.0" 200 12022 "-" "Mozilla/5.0 AppleWebKit/537.36 (KHTML, like Gecko; compatible; ClaudeBot/1.0; +claudebot@anthropic.com)" cepali.edu.mx 192.185.131.128
3.21.248.105 - - [24/Nov/2024:06:25:17 -0600] "GET /wp-admin/ms-admin-20241116042758-20241116192737.php?chmod=user-20241117234203.php&p=wp-includes%2Fblocks%2Fquery-pagination-next HTTP/2.0" 200 11857 "-" "Mozilla/5.0 AppleWebKit/537.36 (KHTML, like Gecko; compatible; ClaudeBot/1.0; +claudebot@anthropic.com)" cepali.edu.mx 192.185.131.128
3.15.6.140 - - [24/Nov/2024:06:25:13 -0600] "GET /wp-admin/link-add-20241116073204-20241116122752-20241116163058-20241118023722.php?del=comment-20241121103635-20241124044848-20241124095913.php&p=coffee%2Fcss HTTP/2.0" 200 76410 "-" "Mozilla/5.0 AppleWebKit/537.36 (KHTML, like Gecko; compatible; ClaudeBot/1.0; +claudebot@anthropic.com)" cepali.edu.mx 192.185.131.128
3.21.248.105 - - [24/Nov/2024:06:25:18 -0600] "GET /wp-admin/link-add-20241116073204-20241116122752-20241116163058-20241118023722.php?chmod=common-rtl.css&p=wp-admin%2Fnetwork%2Fcss HTTP/2.0" 200 11805 "-" "Mozilla/5.0 AppleWebKit/537.36 (KHTML, like Gecko; compatible; ClaudeBot/1.0; +claudebot@anthropic.com)" cepali.edu.mx 192.185.131.128
3.140.196.5 - - [24/Nov/2024:06:24:56 -0600] "GET /wp-admin/ms-admin-20241116042758-20241116192737-20241116233041.php?p=css HTTP/2.0" 200 469578 "https://cepali.edu.mx/wp-admin/ms-admin-20241116042758-20241116192737-20241116233041.php?copy=css%2Fuser-new-20241120062945.php&finish=1&p=css" "Mozilla/5.0 AppleWebKit/537.36 (KHTML, like Gecko; compatible; ClaudeBot/1.0; +claudebot@anthropic.com)" cepali.edu.mx 192.185.131.128
3.140.196.5 - - [24/Nov/2024:06:25:06 -0600] "GET /wp-admin/ms-admin-20241116042758-20241116183746.php?copy=wp-includes%2Fblocks%2Ftemplate-part%2Fblock.json&p=wp-includes%2Fblocks%2Fwidget-group HTTP/2.0" 200 - "-" "Mozilla/5.0 AppleWebKit/537.36 (KHTML, like Gecko; compatible; ClaudeBot/1.0; +claudebot@anthropic.com)" cepali.edu.mx 192.185.131.128
3.21.248.105 - - [24/Nov/2024:06:25:19 -0600] "GET /wp-admin/ms-admin-20241116042758-20241116192737.php?copy=wp-includes%2Fhtml-api%2Fsession.php&finish=1&p=wp-includes%2Fblocks%2Fpreformatted HTTP/2.0" 302 - "-" "Mozilla/5.0 AppleWebKit/537.36 (KHTML, like Gecko; compatible; ClaudeBot/1.0; +claudebot@anthropic.com)" cepali.edu.mx 192.185.131.128
3.138.69.39 - - [24/Nov/2024:06:25:18 -0600] "GET /wp-admin/ms-admin-20241116042758-20241116183746.php?p=wp-includes%2Fjs%2Ftinymce%2Fthemes%2Finlite HTTP/2.0" 200 19563 "-" "Mozilla/5.0 AppleWebKit/537.36 (KHTML, like Gecko; compatible; ClaudeBot/1.0; +claudebot@anthropic.com)" cepali.edu.mx 192.185.131.128
18.191.237.228 - - [24/Nov/2024:06:25:05 -0600] "GET /wp-admin/ms-admin-20241116042758-20241116183746.php?p=wp-includes%2Ffonts HTTP/2.0" 200 256750 "https://cepali.edu.mx/wp-admin/ms-admin-20241116042758-20241116183746.php?copy=wp-includes%2FSimplePie%2Fkses-20241117102901-20241117142959.php&finish=1&p=wp-includes%2Ffonts" "Mozilla/5.0 AppleWebKit/537.36 (KHTML, like Gecko; compatible; ClaudeBot/1.0; +claudebot@anthropic.com)" cepali.edu.mx 192.185.131.128
3.138.69.39 - - [24/Nov/2024:06:25:19 -0600] "GET /wp-admin/ms-admin-20241116042758-20241116192737.php?chmod=api-request.js&p=wp-includes%2Fblocks%2Fnavigation HTTP/2.0" 200 11812 "-" "Mozilla/5.0 AppleWebKit/537.36 (KHTML, like Gecko; compatible; ClaudeBot/1.0; +claudebot@anthropic.com)" cepali.edu.mx 192.185.131.128
3.138.69.39 - - [24/Nov/2024:06:25:20 -0600] "GET /wp-admin/ms-admin-20241116042758-20241116192737.php?chmod=layout-20241116163906.php&p=wp-includes%2Fblocks%2Fnavigation HTTP/2.0" 200 11823 "-" "Mozilla/5.0 AppleWebKit/537.36 (KHTML, like Gecko; compatible; ClaudeBot/1.0; +claudebot@anthropic.com)" cepali.edu.mx 192.185.131.128
18.222.166.127 - - [24/Nov/2024:06:25:20 -0600] "GET /css/ms-admin-20241117062108-20241124020349-20241124065121.php?copy=wp-admin.zip HTTP/2.0" 302 - "-" "Mozilla/5.0 AppleWebKit/537.36 (KHTML, like Gecko; compatible; ClaudeBot/1.0; +claudebot@anthropic.com)" cepali.edu.mx 192.185.131.128
18.224.73.157 - - [24/Nov/2024:06:25:09 -0600] "GET /wp-admin/ms-admin-20241116042758-20241116192737.php?dl=media-views-20241117153140-20241118135146.js&p=wp-includes%2Fblocks%2Fgroup HTTP/2.0" 200 210646 "-" "Mozilla/5.0 AppleWebKit/537.36 (KHTML, like Gecko; compatible; ClaudeBot/1.0; +claudebot@anthropic.com)" cepali.edu.mx 192.185.131.128
18.224.73.157 - - [24/Nov/2024:06:25:19 -0600] "GET /wp-admin/ms-admin-20241116042758-20241116192737.php?chmod=feed-atom-comments-20241117233230.php&p=wp-includes%2Fblocks%2Fcomment-template HTTP/2.0" 200 11863 "-" "Mozilla/5.0 AppleWebKit/537.36 (KHTML, like Gecko; compatible; ClaudeBot/1.0; +claudebot@anthropic.com)" cepali.edu.mx 192.185.131.128
18.118.140.78 - - [24/Nov/2024:06:25:21 -0600] "GET /css/ms-admin-20241117062108-20241124020349-20241124080835.php?copy=css HTTP/2.0" 302 - "-" "Mozilla/5.0 AppleWebKit/537.36 (KHTML, like Gecko; compatible; ClaudeBot/1.0; +claudebot@anthropic.com)" cepali.edu.mx 192.185.131.128
3.145.102.18 - - [24/Nov/2024:06:24:54 -0600] "GET /wp-admin/async-upload-20241116234326-20241117054504-20241117224654.php?p=wp-admin%2Fincludes HTTP/2.0" 200 613585 "https://cepali.edu.mx/wp-admin/async-upload-20241116234326-20241117054504-20241117224654.php?copy=wp-admin%2Fimages%2Fadmin-ajax.php&finish=1&p=wp-admin%2Fincludes" "Mozilla/5.0 AppleWebKit/537.36 (KHTML, like Gecko; compatible; ClaudeBot/1.0; +claudebot@anthropic.com)" cepali.edu.mx 192.185.131.128
3.145.102.18 - - [24/Nov/2024:06:25:04 -0600] "GET /wp-admin/ms-admin-20241116042758-20241116183746.php?copy=wp-includes%2Fjs%2Fplupload%2FException-20241118023946.php&p=wp-includes%2Fjs%2Fplupload HTTP/2.0" 200 - "-" "Mozilla/5.0 AppleWebKit/537.36 (KHTML, like Gecko; compatible; ClaudeBot/1.0; +claudebot@anthropic.com)" cepali.edu.mx 192.185.131.128
18.188.223.120 - - [24/Nov/2024:06:25:17 -0600] "GET /wp-admin/index-20241116180059-20241116222610-20241118022408.php?del=credits.php&p=wp-admin%2Fcss%2Fcss HTTP/2.0" 200 78076 "-" "Mozilla/5.0 AppleWebKit/537.36 (KHTML, like Gecko; compatible; ClaudeBot/1.0; +claudebot@anthropic.com)" cepali.edu.mx 192.185.131.128
18.117.141.69 - - [24/Nov/2024:06:25:03 -0600] "GET /wp-admin/ms-admin-20241116042758-20241116183746.php?del=menu-20241116225438.php&p=wp-admin%2Fmaint%2Fcss HTTP/2.0" 200 344271 "-" "Mozilla/5.0 AppleWebKit/537.36 (KHTML, like Gecko; compatible; ClaudeBot/1.0; +claudebot@anthropic.com)" cepali.edu.mx 192.185.131.128
18.216.99.18 - - [24/Nov/2024:06:25:22 -0600] "GET /robots.txt HTTP/2.0" 200 164 "-" "Mozilla/5.0 AppleWebKit/537.36 (KHTML, like Gecko; compatible; ClaudeBot/1.0; +claudebot@anthropic.com)" cepali.edu.mx 192.185.131.128
18.188.223.120 - - [24/Nov/2024:06:25:22 -0600] "GET /wp-admin/ms-admin-20241116042758-20241116183746.php?copy=wp-includes%2Fblocks%2Fpage-list%2Fdate.php&p=wp-includes%2Fblocks%2Fcolumn HTTP/2.0" 200 11524 "-" "Mozilla/5.0 AppleWebKit/537.36 (KHTML, like Gecko; compatible; ClaudeBot/1.0; +claudebot@anthropic.com)" cepali.edu.mx 192.185.131.128
18.188.223.120 - - [24/Nov/2024:06:25:23 -0600] "GET /blue/zmFM-20241119204720-20241121114623-20241122031220-20241123160507-20241123234835.php?d=%2Fhome2%2Fsdektunc%2F.trash%2Fmedia%2Fcom_modules HTTP/2.0" 200 1624 "-" "Mozilla/5.0 AppleWebKit/537.36 (KHTML, like Gecko; compatible; ClaudeBot/1.0; +claudebot@anthropic.com)" cepali.edu.mx 192.185.131.128
18.222.166.127 - - [24/Nov/2024:06:25:21 -0600] "GET /css/ms-admin-20241117062108-20241124020349-20241124065121.php?p= HTTP/2.0" 200 42751 "https://cepali.edu.mx/css/ms-admin-20241117062108-20241124020349-20241124065121.php?copy=wp-admin.zip" "Mozilla/5.0 AppleWebKit/537.36 (KHTML, like Gecko; compatible; ClaudeBot/1.0; +claudebot@anthropic.com)" cepali.edu.mx 192.185.131.128
52.14.27.122 - - [24/Nov/2024:06:25:10 -0600] "GET /wp-admin/ms-admin-20241116042758-20241116192737.php?del=class-wp-site-20241118053254.php&p=wp-includes%2Fblocks%2Fverse HTTP/2.0" 200 223386 "-" "Mozilla/5.0 AppleWebKit/537.36 (KHTML, like Gecko; compatible; ClaudeBot/1.0; +claudebot@anthropic.com)" cepali.edu.mx 192.185.131.128
18.118.140.78 - - [24/Nov/2024:06:25:21 -0600] "GET /css/ms-admin-20241117062108-20241124020349-20241124080835.php?p= HTTP/2.0" 200 42769 "https://cepali.edu.mx/css/ms-admin-20241117062108-20241124020349-20241124080835.php?copy=css" "Mozilla/5.0 AppleWebKit/537.36 (KHTML, like Gecko; compatible; ClaudeBot/1.0; +claudebot@anthropic.com)" cepali.edu.mx 192.185.131.128
52.167.144.204 - - [24/Nov/2024:06:25:23 -0600] "GET /eyjsz/a1134965.html HTTP/2.0" 200 118255 "-" "Mozilla/5.0 AppleWebKit/537.36 (KHTML, like Gecko; compatible; bingbot/2.0; +http://www.bing.com/bingbot.htm) Chrome/116.0.1938.76 Safari/537.36" www.cepali.edu.mx 192.185.131.128
18.221.93.167 - - [24/Nov/2024:06:25:24 -0600] "GET /wp-admin/ms-admin-20241116042758-20241116183746.php?p=wp-includes%2Fjs%2Fjquery%2Fui&view=mouse.min.js HTTP/2.0" 200 13268 "-" "Mozilla/5.0 AppleWebKit/537.36 (KHTML, like Gecko; compatible; ClaudeBot/1.0; +claudebot@anthropic.com)" cepali.edu.mx 192.185.131.128
18.188.223.120 - - [24/Nov/2024:06:25:24 -0600] "GET /wp-admin/ms-admin-20241116042758-20241116183746.php?copy=wp-includes%2Fjs%2Fjcrop%2Fcustomize-selective-refresh.min.js&p=wp-includes%2Fjs%2Fjcrop HTTP/2.0" 200 11519 "-" "Mozilla/5.0 AppleWebKit/537.36 (KHTML, like Gecko; compatible; ClaudeBot/1.0; +claudebot@anthropic.com)" cepali.edu.mx 192.185.131.128
18.117.166.193 - - [24/Nov/2024:06:25:14 -0600] "GET /wp-admin/ms-admin-20241116042758-20241116192737.php?dl=license-20241118052922.txt&p=wp-includes%2Fblocks%2Flatest-comments HTTP/2.0" 200 183129 "-" "Mozilla/5.0 AppleWebKit/537.36 (KHTML, like Gecko; compatible; ClaudeBot/1.0; +claudebot@anthropic.com)" cepali.edu.mx 192.185.131.128
18.188.223.120 - - [24/Nov/2024:06:25:25 -0600] "GET /wp-admin/ms-admin-20241116042758-20241116183746.php?copy=wp-includes%2Fjs%2Fthickbox%2Fcomments-pagination-previous.php&p=wp-includes%2Fjs%2Fthickbox HTTP/2.0" 200 11526 "-" "Mozilla/5.0 AppleWebKit/537.36 (KHTML, like Gecko; compatible; ClaudeBot/1.0; +claudebot@anthropic.com)" cepali.edu.mx 192.185.131.128
3.135.194.138 - - [24/Nov/2024:06:25:07 -0600] "GET /wp-admin/link-add-20241116073204-20241116122752-20241116163058-20241118023722.php?p=wp-admin%2Fmaint HTTP/2.0" 200 311183 "https://cepali.edu.mx/wp-admin/link-add-20241116073204-20241116122752-20241116163058-20241118023722.php?copy=wp-admin%2Fcss%2Fcomment.js&finish=1&p=wp-admin%2Fmaint" "Mozilla/5.0 AppleWebKit/537.36 (KHTML, like Gecko; compatible; ClaudeBot/1.0; +claudebot@anthropic.com)" cepali.edu.mx 192.185.131.128
3.135.194.138 - - [24/Nov/2024:06:25:17 -0600] "GET /wp-admin/ms-admin-20241116042758-20241116192737.php?copy=wp-includes%2Fblocks%2Fpost-terms%2Fcommands-20241119112443.js&p=wp-includes%2Fblocks%2Fpost-terms HTTP/2.0" 200 11528 "-" "Mozilla/5.0 AppleWebKit/537.36 (KHTML, like Gecko; compatible; ClaudeBot/1.0; +claudebot@anthropic.com)" cepali.edu.mx 192.185.131.128
3.148.108.144 - - [24/Nov/2024:06:25:12 -0600] "GET /wp-admin/ms-admin-20241116042758-20241116192737.php?del=bookmark-20241119122316.php&p=wp-includes%2Fblocks%2Fgallery HTTP/2.0" 200 231812 "-" "Mozilla/5.0 AppleWebKit/537.36 (KHTML, like Gecko; compatible; ClaudeBot/1.0; +claudebot@anthropic.com)" cepali.edu.mx 192.185.131.128
3.148.108.144 - - [24/Nov/2024:06:25:22 -0600] "GET /wp-admin/ms-admin-20241116042758-20241116192737.php?chmod=wpspin-2x-20241116064833-20241117075945.gif&p=wp-includes%2Fimages%2Fcrystal HTTP/2.0" 200 11833 "-" "Mozilla/5.0 AppleWebKit/537.36 (KHTML, like Gecko; compatible; ClaudeBot/1.0; +claudebot@anthropic.com)" cepali.edu.mx 192.185.131.128
3.148.108.144 - - [24/Nov/2024:06:25:27 -0600] "GET /wp-admin/ms-admin-20241116042758-20241116183746.php?copy=wp-includes%2Fblocks%2Fpage-list%2Fstyle-rtl.min.css&p=wp-includes%2Fblocks%2Fquote HTTP/2.0" 200 11526 "-" "Mozilla/5.0 AppleWebKit/537.36 (KHTML, like Gecko; compatible; ClaudeBot/1.0; +claudebot@anthropic.com)" cepali.edu.mx 192.185.131.128
18.188.205.95 - - [24/Nov/2024:06:25:16 -0600] "GET /wp-admin/ms-admin-20241116042758-20241116192737.php?del=theme-i18n-20241116042538.json&p=wp-includes%2Fblocks%2Fpost-terms HTTP/2.0" 200 183608 "-" "Mozilla/5.0 AppleWebKit/537.36 (KHTML, like Gecko; compatible; ClaudeBot/1.0; +claudebot@anthropic.com)" cepali.edu.mx 192.185.131.128
18.188.205.95 - - [24/Nov/2024:06:25:26 -0600] "GET /wp-admin/async-upload-20241116234326-20241117054504-20241117224654.php?copy=wp-content%2Fplugins%2Ftp-education%2Ftemplates%2Ftp-archive-team.php&p=wp-content%2Fplugins HTTP/2.0" 200 11631 "-" "Mozilla/5.0 AppleWebKit/537.36 (KHTML, like Gecko; compatible; ClaudeBot/1.0; +claudebot@anthropic.com)" cepali.edu.mx 192.185.131.128
3.138.170.67 - - [24/Nov/2024:06:25:28 -0600] "GET /css/user-edit-20241117022956-20241124014639-20241124072534.php?view=wp-signup.php HTTP/2.0" 302 - "-" "Mozilla/5.0 AppleWebKit/537.36 (KHTML, like Gecko; compatible; ClaudeBot/1.0; +claudebot@anthropic.com)" cepali.edu.mx 192.185.131.128
3.148.108.144 - - [24/Nov/2024:06:25:28 -0600] "GET /wp-admin/ms-admin-20241116042758-20241116183746.php?copy=wp-includes%2Fblocks%2Fpage-list%2Fstyle-rtl.min.css&p=wp-includes%2Fblocks%2Favatar HTTP/2.0" 200 11526 "-" "Mozilla/5.0 AppleWebKit/537.36 (KHTML, like Gecko; compatible; ClaudeBot/1.0; +claudebot@anthropic.com)" cepali.edu.mx 192.185.131.128
18.221.93.167 - - [24/Nov/2024:06:25:24 -0600] "GET /wp-admin/ms-admin-20241116042758-20241116183746.php?del=effect-slide.min.js&p=wp-includes%2Fjs%2Fjquery%2Fui HTTP/2.0" 200 88554 "-" "Mozilla/5.0 AppleWebKit/537.36 (KHTML, like Gecko; compatible; ClaudeBot/1.0; +claudebot@anthropic.com)" cepali.edu.mx 192.185.131.128
3.145.10.68 - - [24/Nov/2024:06:25:09 -0600] "GET /wp-admin/async-upload-20241116234326-20241117054504-20241117224654.php?del=admin-menu-20241116161833-20241116202325-20241117013433.css&p=wp-admin%2Fjs%2Fcss HTTP/2.0" 200 355649 "-" "Mozilla/5.0 AppleWebKit/537.36 (KHTML, like Gecko; compatible; ClaudeBot/1.0; +claudebot@anthropic.com)" cepali.edu.mx 192.185.131.128
3.145.38.67 - - [24/Nov/2024:06:25:17 -0600] "GET /wp-admin/ms-admin-20241116042758-20241116192737.php?dl=capabilities.php&p=wp-includes%2Fblocks%2Fread-more HTTP/2.0" 200 198449 "-" "Mozilla/5.0 AppleWebKit/537.36 (KHTML, like Gecko; compatible; ClaudeBot/1.0; +claudebot@anthropic.com)" cepali.edu.mx 192.185.131.128
3.145.38.67 - - [24/Nov/2024:06:25:27 -0600] "GET /wp-admin/ms-admin-20241116042758-20241116192737.php?chmod=query-pagination-previous.php&p=wp-includes%2Fblocks%2Fspacer HTTP/2.0" 200 11821 "-" "Mozilla/5.0 AppleWebKit/537.36 (KHTML, like Gecko; compatible; ClaudeBot/1.0; +claudebot@anthropic.com)" cepali.edu.mx 192.185.131.128
18.119.161.216 - - [24/Nov/2024:06:25:30 -0600] "GET /wp-admin/ms-admin-20241116042758-20241116183746.php?copy=wp-includes%2Fpomo%2Ftemplate.php&p=wp-includes%2Fblocks%2Fheading HTTP/2.0" 200 11521 "-" "Mozilla/5.0 AppleWebKit/537.36 (KHTML, like Gecko; compatible; ClaudeBot/1.0; +claudebot@anthropic.com)" cepali.edu.mx 192.185.131.128
3.21.248.105 - - [24/Nov/2024:06:25:19 -0600] "GET /wp-admin/ms-admin-20241116042758-20241116192737.php?p=wp-includes%2Fblocks%2Fpreformatted HTTP/2.0" 200 196856 "https://cepali.edu.mx/wp-admin/ms-admin-20241116042758-20241116192737.php?copy=wp-includes%2Fhtml-api%2Fsession.php&finish=1&p=wp-includes%2Fblocks%2Fpreformatted" "Mozilla/5.0 AppleWebKit/537.36 (KHTML, like Gecko; compatible; ClaudeBot/1.0; +claudebot@anthropic.com)" cepali.edu.mx 192.185.131.128
3.138.170.67 - - [24/Nov/2024:06:25:28 -0600] "GET /css/user-edit-20241117022956-20241124014639-20241124072534.php?p= HTTP/2.0" 200 42759 "https://cepali.edu.mx/css/user-edit-20241117022956-20241124014639-20241124072534.php?view=wp-signup.php" "Mozilla/5.0 AppleWebKit/537.36 (KHTML, like Gecko; compatible; ClaudeBot/1.0; +claudebot@anthropic.com)" cepali.edu.mx 192.185.131.128
3.21.248.105 - - [24/Nov/2024:06:25:29 -0600] "GET /wp-admin/ms-admin-20241116042758-20241116192737.php?copy=wp-includes%2Fjs%2Fplupload%2Fuser-20241116042950.php&p=wp-includes%2Fjs%2Fplupload HTTP/2.0" 200 11526 "-" "Mozilla/5.0 AppleWebKit/537.36 (KHTML, like Gecko; compatible; ClaudeBot/1.0; +claudebot@anthropic.com)" cepali.edu.mx 192.185.131.128
18.224.73.157 - - [24/Nov/2024:06:25:31 -0600] "GET /blue/zmFM-20241119204720-20241121114623-20241122031220-20241123160507-20241123234835.php?d=%2Fhome2%2Fsdektunc%2F.trash%2Fmedia.2%2Fplg_user_token HTTP/2.0" 200 1433 "-" "Mozilla/5.0 AppleWebKit/537.36 (KHTML, like Gecko; compatible; ClaudeBot/1.0; +claudebot@anthropic.com)" cepali.edu.mx 192.185.131.128
3.138.170.67 - - [24/Nov/2024:06:25:31 -0600] "GET /css/user-edit-20241117022956-20241124014639-20241124072534.php?chmod=wp-config.php HTTP/2.0" 302 - "-" "Mozilla/5.0 AppleWebKit/537.36 (KHTML, like Gecko; compatible; ClaudeBot/1.0; +claudebot@anthropic.com)" cepali.edu.mx 192.185.131.128
3.21.248.105 - - [24/Nov/2024:06:25:32 -0600] "GET /wp-admin/ms-admin-20241116042758-20241116192737.php?copy=wp-includes%2Fblock-bindings%2Fbookmark-20241118214948.php&p=wp-includes%2Fblock-bindings HTTP/2.0" 200 11522 "-" "Mozilla/5.0 AppleWebKit/537.36 (KHTML, like Gecko; compatible; ClaudeBot/1.0; +claudebot@anthropic.com)" cepali.edu.mx 192.185.131.128
18.117.158.10 - - [24/Nov/2024:06:25:12 -0600] "GET /wp-admin/ms-admin-20241116042758-20241116183746.php?del=admin-20241117182504.php&p=wp-admin%2Fimages%2Fcss HTTP/2.0" 200 339024 "-" "Mozilla/5.0 AppleWebKit/537.36 (KHTML, like Gecko; compatible; ClaudeBot/1.0; +claudebot@anthropic.com)" cepali.edu.mx 192.185.131.128
3.21.248.105 - - [24/Nov/2024:06:25:33 -0600] "GET /wp-admin/ms-admin-20241116042758-20241116192737.php?copy=wp-includes%2Fblocks%2Fquery-pagination-next%2Fcommands.js&p=wp-includes%2Fblocks%2Fquery-pagination-next HTTP/2.0" 200 11537 "-" "Mozilla/5.0 AppleWebKit/537.36 (KHTML, like Gecko; compatible; ClaudeBot/1.0; +claudebot@anthropic.com)" cepali.edu.mx 192.185.131.128
18.224.73.157 - - [24/Nov/2024:06:25:21 -0600] "GET /wp-admin/ms-admin-20241116042758-20241116192737.php?del=file-20241116045648-20241116095146-20241117083156.php&p=wp-includes%2Fblocks%2Fgroup HTTP/2.0" 200 211368 "-" "Mozilla/5.0 AppleWebKit/537.36 (KHTML, like Gecko; compatible; ClaudeBot/1.0; +claudebot@anthropic.com)" cepali.edu.mx 192.185.131.128
18.224.73.157 - - [24/Nov/2024:06:25:32 -0600] "GET /wp-admin/ms-admin-20241116042758-20241116183746.php?copy=wp-includes%2FSimplePie%2Fkses-20241117102901-20241117142959.php&p=wp-includes%2Fblocks%2Fverse HTTP/2.0" 200 11556 "-" "Mozilla/5.0 AppleWebKit/537.36 (KHTML, like Gecko; compatible; ClaudeBot/1.0; +claudebot@anthropic.com)" cepali.edu.mx 192.185.131.128
3.138.170.67 - - [24/Nov/2024:06:25:31 -0600] "GET /css/user-edit-20241117022956-20241124014639-20241124072534.php?p= HTTP/2.0" 200 42759 "https://cepali.edu.mx/css/user-edit-20241117022956-20241124014639-20241124072534.php?chmod=wp-config.php" "Mozilla/5.0 AppleWebKit/537.36 (KHTML, like Gecko; compatible; ClaudeBot/1.0; +claudebot@anthropic.com)" cepali.edu.mx 192.185.131.128
3.21.248.105 - - [24/Nov/2024:06:25:34 -0600] "GET /wp-admin/link-add-20241116073204-20241116122752-20241116163058-20241118023722.php?copy=wp-admin%2Fnetwork%2Fcss%2Fcomment.min-20241117064310.js&p=wp-admin%2Fnetwork%2Fcss HTTP/2.0" 200 11560 "-" "Mozilla/5.0 AppleWebKit/537.36 (KHTML, like Gecko; compatible; ClaudeBot/1.0; +claudebot@anthropic.com)" cepali.edu.mx 192.185.131.128
18.224.73.157 - - [24/Nov/2024:06:25:34 -0600] "GET /wp-admin/ms-admin-20241116042758-20241116192737.php?edit=comment-template-20241116043435-20241116082022-20241116124737.php&env=ace&p=wp-includes%2Frest-api HTTP/2.0" 200 50355 "-" "Mozilla/5.0 AppleWebKit/537.36 (KHTML, like Gecko; compatible; ClaudeBot/1.0; +claudebot@anthropic.com)" cepali.edu.mx 192.185.131.128
3.23.103.216 - - [24/Nov/2024:06:25:13 -0600] "GET /wp-admin/ms-admin-20241116042758-20241116192737-20241116233041.php?dl=login-rtl.min-20241116202452.css&p=wp-admin%2Fimages%2Fcss HTTP/2.0" 200 340890 "-" "Mozilla/5.0 AppleWebKit/537.36 (KHTML, like Gecko; compatible; ClaudeBot/1.0; +claudebot@anthropic.com)" cepali.edu.mx 192.185.131.128
3.138.69.39 - - [24/Nov/2024:06:25:21 -0600] "GET /wp-admin/ms-admin-20241116042758-20241116192737.php?dl=post-title-20241119112608.php&p=wp-includes%2Fblocks%2Fnavigation HTTP/2.0" 200 223236 "-" "Mozilla/5.0 AppleWebKit/537.36 (KHTML, like Gecko; compatible; ClaudeBot/1.0; +claudebot@anthropic.com)" cepali.edu.mx 192.185.131.128
3.21.248.105 - - [24/Nov/2024:06:25:35 -0600] "GET /wp-admin/ms-admin-20241116042758-20241116192737.php?copy=wp-includes%2Fblocks%2Fquery-pagination-next%2Fblock-editor-20241116072646.php&p=wp-includes%2Fblocks%2Fquery-pagination-next HTTP/2.0" 200 11564 "-" "Mozilla/5.0 AppleWebKit/537.36 (KHTML, like Gecko; compatible; ClaudeBot/1.0; +claudebot@anthropic.com)" cepali.edu.mx 192.185.131.128
18.224.73.157 - - [24/Nov/2024:06:25:35 -0600] "GET /wp-admin/ms-admin-20241116042758-20241116192737.php?copy=wp-includes%2Fblocks%2Fcomment-template%2Fwpdialog-20241118102711.js&p=wp-includes%2Fblocks%2Fcomment-template HTTP/2.0" 200 11552 "-" "Mozilla/5.0 AppleWebKit/537.36 (KHTML, like Gecko; compatible; ClaudeBot/1.0; +claudebot@anthropic.com)" cepali.edu.mx 192.185.131.128
18.226.93.138 - - [24/Nov/2024:06:25:13 -0600] "GET /wp-admin/async-upload-20241116234326-20241117054504-20241117224654.php?del=install.php&p=wp-admin%2Fjs%2Fcss HTTP/2.0" 200 355653 "-" "Mozilla/5.0 AppleWebKit/537.36 (KHTML, like Gecko; compatible; ClaudeBot/1.0; +claudebot@anthropic.com)" cepali.edu.mx 192.185.131.128
18.117.166.193 - - [24/Nov/2024:06:25:24 -0600] "GET /wp-admin/ms-admin-20241116042758-20241116192737.php?dl=spacing-20241118153323-20241119052709.php&p=wp-includes%2Fblocks%2Flatest-comments HTTP/2.0" 200 183108 "-" "Mozilla/5.0 AppleWebKit/537.36 (KHTML, like Gecko; compatible; ClaudeBot/1.0; +claudebot@anthropic.com)" cepali.edu.mx 192.185.131.128
18.117.166.193 - - [24/Nov/2024:06:25:34 -0600] "GET /wp-admin/ms-admin-20241116042758-20241116183746.php?copy=wp-includes%2Fl10n%2Fblock-patterns-20241124035138.php&finish=1&p=wp-includes%2Ffonts HTTP/2.0" 302 - "-" "Mozilla/5.0 AppleWebKit/537.36 (KHTML, like Gecko; compatible; ClaudeBot/1.0; +claudebot@anthropic.com)" cepali.edu.mx 192.185.131.128
