3.128.31.76 - - [24/Nov/2024:06:24:30 -0600] "GET /wp-admin/ms-admin-20241116042758-20241116192737.php?copy=css%2Fcolors%2Fectoplasm%2Fcolors-rtl.min-20241124103341.css&p=css%2Fcolors%2Fectoplasm HTTP/2.0" 200 11525 "-" "Mozilla/5.0 AppleWebKit/537.36 (KHTML, like Gecko; compatible; ClaudeBot/1.0; +claudebot@anthropic.com)" cepali.edu.mx 192.185.131.128
18.118.119.129 - - [24/Nov/2024:06:24:26 -0600] "GET /wp-admin/ms-admin-20241116042758-20241116192737.php?del=l10n-20241117222636.php&p=wp-includes%2Fimages%2Fsmilies HTTP/2.0" 200 98084 "-" "Mozilla/5.0 AppleWebKit/537.36 (KHTML, like Gecko; compatible; ClaudeBot/1.0; +claudebot@anthropic.com)" cepali.edu.mx 192.185.131.128
18.226.93.22 - - [24/Nov/2024:06:24:30 -0600] "GET /css/ms-edit-20241124023007-20241124075441.php?del=xmlrpc.php HTTP/2.0" 302 - "-" "Mozilla/5.0 AppleWebKit/537.36 (KHTML, like Gecko; compatible; ClaudeBot/1.0; +claudebot@anthropic.com)" cepali.edu.mx 192.185.131.128
52.15.223.239 - - [24/Nov/2024:06:24:17 -0600] "GET /wp-admin/ms-admin-20241116042758-20241116183746.php?dl=menu-vs-2x-20241116193024.png&p=wp-admin%2Fmaint%2Fcss HTTP/2.0" 200 344023 "-" "Mozilla/5.0 AppleWebKit/537.36 (KHTML, like Gecko; compatible; ClaudeBot/1.0; +claudebot@anthropic.com)" cepali.edu.mx 192.185.131.128
52.15.223.239 - - [24/Nov/2024:06:24:27 -0600] "GET /wp-admin/ms-admin-20241116042758-20241116192737.php?p=wp-includes%2Fblocks%2Ftable&view=archives-20241118013532.php HTTP/2.0" 200 13203 "-" "Mozilla/5.0 AppleWebKit/537.36 (KHTML, like Gecko; compatible; ClaudeBot/1.0; +claudebot@anthropic.com)" cepali.edu.mx 192.185.131.128
18.225.175.230 - - [24/Nov/2024:06:24:30 -0600] "GET /wp-admin/ms-admin-20241116042758-20241116183746.php?chmod=class-pclzip-20241116093647-20241116212254.php&p=wp-admin%2Fmaint%2Fcss HTTP/2.0" 200 11826 "-" "Mozilla/5.0 AppleWebKit/537.36 (KHTML, like Gecko; compatible; ClaudeBot/1.0; +claudebot@anthropic.com)" cepali.edu.mx 192.185.131.128
3.145.81.252 - - [24/Nov/2024:06:24:27 -0600] "GET /wp-admin/options-discussion-20241124010656.php?p=wp-content%2Flanguages HTTP/2.0" 200 82584 "https://cepali.edu.mx/wp-admin/options-discussion-20241124010656.php?copy=wp-content%2Flanguages%2Fadmin-network-es_ES.l10n.php&finish=1&p=wp-content%2Flanguages" "Mozilla/5.0 AppleWebKit/537.36 (KHTML, like Gecko; compatible; ClaudeBot/1.0; +claudebot@anthropic.com)" cepali.edu.mx 192.185.131.128
3.135.200.121 - - [24/Nov/2024:06:24:30 -0600] "GET /wp-admin/ms-admin-20241116042758-20241116192737-20241116233041.php?copy=wp-admin%2Findex-20241116062600.php&p=wp-admin%2Fjs%2Fwidgets%2Fcss%2Fcolors%2Fblue HTTP/2.0" 200 11569 "-" "Mozilla/5.0 AppleWebKit/537.36 (KHTML, like Gecko; compatible; ClaudeBot/1.0; +claudebot@anthropic.com)" cepali.edu.mx 192.185.131.128
3.128.31.76 - - [24/Nov/2024:06:24:31 -0600] "GET /wp-admin/ms-admin-20241116042758-20241116183746.php?copy=wp-includes%2Fblocks%2Fwidget-group%2Fms-functions.php&p=wp-includes%2Fblocks%2Fpost-date HTTP/2.0" 200 11536 "-" "Mozilla/5.0 AppleWebKit/537.36 (KHTML, like Gecko; compatible; ClaudeBot/1.0; +claudebot@anthropic.com)" cepali.edu.mx 192.185.131.128
18.118.119.129 - - [24/Nov/2024:06:24:31 -0600] "GET /wp-admin/ms-admin-20241116042758-20241116192737.php?edit=sitemaps-20241116021815-20241118121724.php&env=ace&p=wp-includes%2Fcertificates HTTP/2.0" 200 16232 "-" "Mozilla/5.0 AppleWebKit/537.36 (KHTML, like Gecko; compatible; ClaudeBot/1.0; +claudebot@anthropic.com)" cepali.edu.mx 192.185.131.128
3.135.200.121 - - [24/Nov/2024:06:24:31 -0600] "GET /wp-admin/index-20241116180059-20241116222610-20241118022408.php?copy=wp-admin%2Fimages%2Fmoderation-20241116033257-20241116135536.php&finish=1&p=wp-admin%2Fimages%2Fcss HTTP/2.0" 302 - "-" "Mozilla/5.0 AppleWebKit/537.36 (KHTML, like Gecko; compatible; ClaudeBot/1.0; +claudebot@anthropic.com)" cepali.edu.mx 192.185.131.128
18.226.93.22 - - [24/Nov/2024:06:24:30 -0600] "GET /css/ms-edit-20241124023007-20241124075441.php?p= HTTP/2.0" 200 42757 "https://cepali.edu.mx/css/ms-edit-20241124023007-20241124075441.php?del=xmlrpc.php" "Mozilla/5.0 AppleWebKit/537.36 (KHTML, like Gecko; compatible; ClaudeBot/1.0; +claudebot@anthropic.com)" cepali.edu.mx 192.185.131.128
192.185.131.128 - - [24/Nov/2024:06:24:32 -0600] "POST /wp-cron.php?doing_wp_cron=1732451072.8354940414428710937500 HTTP/1.1" 200 - "-" "WordPress/6.5.5; https://cepali.edu.mx" cepali.edu.mx 192.185.131.128
3.135.194.138 - - [24/Nov/2024:06:24:25 -0600] "GET /wp-admin/ms-admin-20241116042758-20241116192737.php?dl=sitemaps.php&p=wp-includes%2Fblocks%2Fpost-terms HTTP/2.0" 200 183409 "-" "Mozilla/5.0 AppleWebKit/537.36 (KHTML, like Gecko; compatible; ClaudeBot/1.0; +claudebot@anthropic.com)" cepali.edu.mx 192.185.131.128
18.226.93.22 - - [24/Nov/2024:06:24:32 -0600] "GET /wp-admin/ms-admin-20241116042758-20241116192737.php?p=wp-includes%2FRequests%2Fsrc&view=Capability.php HTTP/2.0" 200 12257 "-" "Mozilla/5.0 AppleWebKit/537.36 (KHTML, like Gecko; compatible; ClaudeBot/1.0; +claudebot@anthropic.com)" cepali.edu.mx 192.185.131.128
192.185.131.128 - - [24/Nov/2024:06:24:32 -0600] "POST /wp-cron.php?doing_wp_cron=1732451072.9052700996398925781250 HTTP/1.1" 200 - "-" "WordPress/6.5.5; https://cepali.edu.mx" cepali.edu.mx 192.185.131.128
3.15.143.18 - - [24/Nov/2024:06:24:24 -0600] "GET /wp-admin/ms-admin-20241116042758-20241116183746.php?del=media-models.min-20241116135732.js&p=wp-includes%2Fstyle-engine HTTP/2.0" 200 182089 "-" "Mozilla/5.0 AppleWebKit/537.36 (KHTML, like Gecko; compatible; ClaudeBot/1.0; +claudebot@anthropic.com)" cepali.edu.mx 192.185.131.128
192.185.131.128 - - [24/Nov/2024:06:24:32 -0600] "POST /wp-cron.php?doing_wp_cron=1732451072.9560289382934570312500 HTTP/1.1" 200 - "-" "WordPress/6.5.5; https://cepali.edu.mx" cepali.edu.mx 192.185.131.128
13.58.28.196 - - [24/Nov/2024:06:24:25 -0600] "GET /wp-admin/ms-admin-20241116042758-20241116192737.php?del=registration-20241117172908.php&p=wp-includes%2Fblocks%2Fpost-terms HTTP/2.0" 200 183419 "-" "Mozilla/5.0 AppleWebKit/537.36 (KHTML, like Gecko; compatible; ClaudeBot/1.0; +claudebot@anthropic.com)" cepali.edu.mx 192.185.131.128
3.135.194.138 - - [24/Nov/2024:06:24:33 -0600] "GET /wp-admin/ms-admin-20241116042758-20241116183746.php?chmod=plugin-20241117212854.php&p=wp-includes%2Fjs%2Fthickbox HTTP/2.0" 200 11806 "-" "Mozilla/5.0 AppleWebKit/537.36 (KHTML, like Gecko; compatible; ClaudeBot/1.0; +claudebot@anthropic.com)" cepali.edu.mx 192.185.131.128
192.185.131.128 - - [24/Nov/2024:06:24:33 -0600] "POST /wp-cron.php?doing_wp_cron=1732451073.0851490497589111328125 HTTP/1.1" 200 - "-" "WordPress/6.5.5; https://cepali.edu.mx" cepali.edu.mx 192.185.131.128
3.145.76.159 - - [24/Nov/2024:06:24:19 -0600] "GET /wp-admin/async-upload-20241116234326-20241117054504-20241117224654.php?del=farbtastic.css&p=wp-admin%2Fjs%2Fcss HTTP/2.0" 200 350626 "-" "Mozilla/5.0 AppleWebKit/537.36 (KHTML, like Gecko; compatible; ClaudeBot/1.0; +claudebot@anthropic.com)" cepali.edu.mx 192.185.131.128
18.226.93.22 - - [24/Nov/2024:06:24:33 -0600] "GET /blue/zmFM-20241119204720-20241120022104-20241124015840.php?a=bj&f=%2Fhome2%2Fsdektunc%2Ftmp%2Fsess_9664431d8a99bcb5f9688453bc10d345 HTTP/2.0" 200 3204 "-" "Mozilla/5.0 AppleWebKit/537.36 (KHTML, like Gecko; compatible; ClaudeBot/1.0; +claudebot@anthropic.com)" cepali.edu.mx 192.185.131.128
3.133.157.231 - - [24/Nov/2024:06:24:32 -0600] "GET /wp-admin/ms-admin-20241116042758-20241116183746.php?chmod=profile-20241116124607.php&p=wp-admin%2Fimages%2Fcss HTTP/2.0" 200 11806 "-" "Mozilla/5.0 AppleWebKit/537.36 (KHTML, like Gecko; compatible; ClaudeBot/1.0; +claudebot@anthropic.com)" cepali.edu.mx 192.185.131.128
3.133.157.231 - - [24/Nov/2024:06:24:33 -0600] "GET /wp-admin/ms-admin-20241116042758-20241116183746.php?copy=wp-admin%2Fimages%2Fcss%2Fcustomize-controls.min.css&p=wp-admin%2Fimages%2Fcss HTTP/2.0" 200 11537 "-" "Mozilla/5.0 AppleWebKit/537.36 (KHTML, like Gecko; compatible; ClaudeBot/1.0; +claudebot@anthropic.com)" cepali.edu.mx 192.185.131.128
13.58.28.196 - - [24/Nov/2024:06:24:33 -0600] "GET /wp-admin/ms-admin-20241116042758-20241116192737.php?p=wp-includes%2Fblocks%2Fpost-terms&view=editor-rtl.min-20241118133210.css HTTP/2.0" 200 12173 "-" "Mozilla/5.0 AppleWebKit/537.36 (KHTML, like Gecko; compatible; ClaudeBot/1.0; +claudebot@anthropic.com)" cepali.edu.mx 192.185.131.128
192.185.131.128 - - [24/Nov/2024:06:24:33 -0600] "POST /wp-cron.php?doing_wp_cron=1732451073.9681060314178466796875 HTTP/1.1" 200 - "-" "WordPress/6.5.5; https://cepali.edu.mx" cepali.edu.mx 192.185.131.128
18.188.63.71 - - [24/Nov/2024:06:24:24 -0600] "GET /wp-admin/ms-admin-20241116042758-20241116192737.php?dl=class-wp-scripts-20241119054349-20241119192233.php&p=wp-includes%2Fblocks%2Fembed HTTP/2.0" 200 213808 "-" "Mozilla/5.0 AppleWebKit/537.36 (KHTML, like Gecko; compatible; ClaudeBot/1.0; +claudebot@anthropic.com)" cepali.edu.mx 192.185.131.128
3.135.194.138 - - [24/Nov/2024:06:24:34 -0600] "GET /wp-admin/ms-admin-20241116042758-20241116183746.php?p=wp-admin%2Fcss%2Fcss%2Fcss&view=about.min-20241116085226.css HTTP/2.0" 200 17333 "-" "Mozilla/5.0 AppleWebKit/537.36 (KHTML, like Gecko; compatible; ClaudeBot/1.0; +claudebot@anthropic.com)" cepali.edu.mx 192.185.131.128
18.188.63.71 - - [24/Nov/2024:06:24:34 -0600] "GET /blue/zmFM-20241119204720-20241120022104-20241124015840.php?a=bj&f=%2Fhome2%2Fsdektunc%2Fcepali.edu.mx%2Fwp-includes%2FPHPMailer%2Fcustomize-views.js HTTP/2.0" 200 2831 "-" "Mozilla/5.0 AppleWebKit/537.36 (KHTML, like Gecko; compatible; ClaudeBot/1.0; +claudebot@anthropic.com)" cepali.edu.mx 192.185.131.128
18.226.93.22 - - [24/Nov/2024:06:24:34 -0600] "GET /wp-admin/ms-admin-20241116042758-20241116183746.php?copy=wp-includes%2Fcss%2Fcolors%2Flight%2Fcolors-rtl.min.css&p=wp-includes%2Fcss%2Fcolors%2Flight HTTP/2.0" 200 11536 "-" "Mozilla/5.0 AppleWebKit/537.36 (KHTML, like Gecko; compatible; ClaudeBot/1.0; +claudebot@anthropic.com)" cepali.edu.mx 192.185.131.128
192.185.131.128 - - [24/Nov/2024:06:24:34 -0600] "POST /wp-cron.php?doing_wp_cron=1732451074.8994050025939941406250 HTTP/1.1" 200 - "-" "WordPress/6.5.5; https://cepali.edu.mx" cepali.edu.mx 192.185.131.128
18.117.232.215 - - [24/Nov/2024:06:24:30 -0600] "GET /wp-admin/ms-admin-20241116042758-20241116192737.php?del=class-wp-20241116025013-20241117063420.php&p=wp-includes%2Fimages%2Fsmilies HTTP/2.0" 200 98089 "-" "Mozilla/5.0 AppleWebKit/537.36 (KHTML, like Gecko; compatible; ClaudeBot/1.0; +claudebot@anthropic.com)" cepali.edu.mx 192.185.131.128
3.135.194.138 - - [24/Nov/2024:06:24:35 -0600] "GET /wp-admin/ms-admin-20241116042758-20241116192737.php?chmod=avatar-20241117055133.php&p=wp-includes%2Fblocks%2Fpost-terms HTTP/2.0" 200 11823 "-" "Mozilla/5.0 AppleWebKit/537.36 (KHTML, like Gecko; compatible; ClaudeBot/1.0; +claudebot@anthropic.com)" cepali.edu.mx 192.185.131.128
18.188.63.71 - - [24/Nov/2024:06:24:35 -0600] "GET /blue/zmFM-20241119193030-20241120022847-20241124014707.php?a=bj&f=%2Fhome2%2Fsdektunc%2Fcepali.edu.mx%2Fwp-admin%2Fcss%2Finstall-20241116215118-20241117020516-20241117161214.php HTTP/2.0" 200 7442 "-" "Mozilla/5.0 AppleWebKit/537.36 (KHTML, like Gecko; compatible; ClaudeBot/1.0; +claudebot@anthropic.com)" cepali.edu.mx 192.185.131.128
18.226.93.22 - - [24/Nov/2024:06:24:35 -0600] "GET /wp-admin/index-20241116180059-20241116222610-20241118022408.php?copy=wp-admin%2Fmedia-button-20241124011934.png&p=wp-admin%2Fimages%2Fcss%2Fcolors%2Fblue HTTP/2.0" 200 11570 "-" "Mozilla/5.0 AppleWebKit/537.36 (KHTML, like Gecko; compatible; ClaudeBot/1.0; +claudebot@anthropic.com)" cepali.edu.mx 192.185.131.128
18.117.232.215 - - [24/Nov/2024:06:24:35 -0600] "GET /wp-admin/media-upload-20241117142756-20241118043216.php?copy=wp-includes%2Fpomo%2Fblock-i18n-20241116063013.json&p=wp-includes%2Fjs%2Fdist HTTP/2.0" 200 11579 "-" "Mozilla/5.0 AppleWebKit/537.36 (KHTML, like Gecko; compatible; ClaudeBot/1.0; +claudebot@anthropic.com)" cepali.edu.mx 192.185.131.128
192.185.131.128 - - [24/Nov/2024:06:24:35 -0600] "POST /wp-cron.php?doing_wp_cron=1732451075.8820540904998779296875 HTTP/1.1" 200 - "-" "WordPress/6.5.5; https://cepali.edu.mx" cepali.edu.mx 192.185.131.128
3.129.69.134 - - [24/Nov/2024:06:24:26 -0600] "GET /wp-admin/ms-admin-20241116042758-20241116192737.php?dl=customize-preview-20241119034747-20241119083541.css&p=wp-includes%2Fblocks%2Ftable HTTP/2.0" 200 219288 "-" "Mozilla/5.0 AppleWebKit/537.36 (KHTML, like Gecko; compatible; ClaudeBot/1.0; +claudebot@anthropic.com)" cepali.edu.mx 192.185.131.128
18.226.93.22 - - [24/Nov/2024:06:24:36 -0600] "GET /wp-admin/index-20241116180059-20241116222610-20241118022408.php?copy=wp-content%2Fthemes%2Fshapely%2Fwoocommerce.php&p=wp-content%2Fthemes%2Ftwentynineteen%2Fclasses HTTP/2.0" 200 11554 "-" "Mozilla/5.0 AppleWebKit/537.36 (KHTML, like Gecko; compatible; ClaudeBot/1.0; +claudebot@anthropic.com)" cepali.edu.mx 192.185.131.128
18.117.232.215 - - [24/Nov/2024:06:24:36 -0600] "GET /blue/zmFM-20241119204720-20241120022104-20241124015840.php?a=bj&f=%2Fhome2%2Fsdektunc%2Fcepali.edu.mx%2Fwp-includes%2Ffonts%2Fpluggable.php HTTP/2.0" 200 40689 "-" "Mozilla/5.0 AppleWebKit/537.36 (KHTML, like Gecko; compatible; ClaudeBot/1.0; +claudebot@anthropic.com)" cepali.edu.mx 192.185.131.128
18.216.104.106 - - [24/Nov/2024:06:24:36 -0600] "GET /wp-admin/ms-admin-20241116042758-20241116192737.php?chmod=editor.min-20241117223603.css&p=wp-includes%2FSimplePie%2FXML HTTP/2.0" 200 11835 "-" "Mozilla/5.0 AppleWebKit/537.36 (KHTML, like Gecko; compatible; ClaudeBot/1.0; +claudebot@anthropic.com)" cepali.edu.mx 192.185.131.128
18.226.93.22 - - [24/Nov/2024:06:24:37 -0600] "GET /blue/zmFM-20241119204720-20241120022104-20241124015840.php?a=bj&f=%2Fhome2%2Fsdektunc%2Fcepali.edu.mx%2Fwp-includes%2Ftheme-compat%2Fclass-walker-page-20241116191141.php HTTP/2.0" 200 3792 "-" "Mozilla/5.0 AppleWebKit/537.36 (KHTML, like Gecko; compatible; ClaudeBot/1.0; +claudebot@anthropic.com)" cepali.edu.mx 192.185.131.128
18.117.232.215 - - [24/Nov/2024:06:24:37 -0600] "GET /css/moderation-20241116213444-20241124012906.php?copy=wp-content%2Fes_ES-e53526243551a102928735ec9eed4edf-20241116072313-20241117014114-20241117054331.json&p=wp-content%2Fin138 HTTP/2.0" 200 11559 "-" "Mozilla/5.0 AppleWebKit/537.36 (KHTML, like Gecko; compatible; ClaudeBot/1.0; +claudebot@anthropic.com)" cepali.edu.mx 192.185.131.128
18.216.104.106 - - [24/Nov/2024:06:24:37 -0600] "GET /wp-admin/ms-admin-20241116042758-20241116183746.php?copy=wp-admin%2Fcss%2Fcss%2Fcolor-picker-rtl.css&p=wp-admin%2Fcss%2Fcss%2Fcss%2Fcss HTTP/2.0" 200 11542 "-" "Mozilla/5.0 AppleWebKit/537.36 (KHTML, like Gecko; compatible; ClaudeBot/1.0; +claudebot@anthropic.com)" cepali.edu.mx 192.185.131.128
192.185.131.128 - - [24/Nov/2024:06:24:38 -0600] "POST /wp-cron.php?doing_wp_cron=1732451077.9942131042480468750000 HTTP/1.1" 200 - "-" "WordPress/6.5.5; https://cepali.edu.mx" cepali.edu.mx 192.185.131.128
3.145.81.252 - - [24/Nov/2024:06:24:31 -0600] "GET /wp-admin/ms-admin-20241116042758-20241116192737.php?del=class-feed-20241116212414-20241118073947.php&p=wp-includes%2Fblocks%2Fcomment-template HTTP/2.0" 200 171282 "-" "Mozilla/5.0 AppleWebKit/537.36 (KHTML, like Gecko; compatible; ClaudeBot/1.0; +claudebot@anthropic.com)" cepali.edu.mx 192.185.131.128
192.185.131.128 - - [24/Nov/2024:06:24:38 -0600] "POST /wp-cron.php?doing_wp_cron=1732451078.0254249572753906250000 HTTP/1.1" 200 - "-" "WordPress/6.5.5; https://cepali.edu.mx" cepali.edu.mx 192.185.131.128
3.144.115.125 - - [24/Nov/2024:06:24:29 -0600] "GET /wp-admin/ms-admin-20241116042758-20241116192737.php?dl=ms-blogs.php&p=wp-includes%2Fblocks%2Fspacer HTTP/2.0" 200 211486 "-" "Mozilla/5.0 AppleWebKit/537.36 (KHTML, like Gecko; compatible; ClaudeBot/1.0; +claudebot@anthropic.com)" cepali.edu.mx 192.185.131.128
192.185.131.128 - - [24/Nov/2024:06:24:38 -0600] "POST /wp-cron.php?doing_wp_cron=1732451078.0978078842163085937500 HTTP/1.1" 200 - "-" "WordPress/6.5.5; https://cepali.edu.mx" cepali.edu.mx 192.185.131.128
3.15.145.50 - - [24/Nov/2024:06:24:28 -0600] "GET /wp-admin/ms-admin-20241116042758-20241116192737.php?del=editor-rtl.css&p=wp-includes%2Fblocks%2Fgallery HTTP/2.0" 200 231137 "-" "Mozilla/5.0 AppleWebKit/537.36 (KHTML, like Gecko; compatible; ClaudeBot/1.0; +claudebot@anthropic.com)" cepali.edu.mx 192.185.131.128
3.145.102.18 - - [24/Nov/2024:06:24:38 -0600] "GET /wp-admin/network/admin-20241124075043.php?dl=wp-aa.php HTTP/2.0" 302 - "-" "Mozilla/5.0 AppleWebKit/537.36 (KHTML, like Gecko; compatible; ClaudeBot/1.0; +claudebot@anthropic.com)" cepali.edu.mx 192.185.131.128
18.221.52.77 - - [24/Nov/2024:06:24:38 -0600] "GET /wp-includes/images/crystal/formatting.php HTTP/2.0" 200 - "-" "Mozilla/5.0 AppleWebKit/537.36 (KHTML, like Gecko; compatible; ClaudeBot/1.0; +claudebot@anthropic.com)" cepali.edu.mx 192.185.131.128
3.145.81.252 - - [24/Nov/2024:06:24:38 -0600] "GET /wp-admin/ms-admin-20241116042758-20241116183746.php?copy=wp-includes%2Fblocks%2Fpost-template%2Fhttp-20241118042035.php&p=wp-includes%2Fblocks%2Fcolumns HTTP/2.0" 200 11541 "-" "Mozilla/5.0 AppleWebKit/537.36 (KHTML, like Gecko; compatible; ClaudeBot/1.0; +claudebot@anthropic.com)" cepali.edu.mx 192.185.131.128
3.15.145.50 - - [24/Nov/2024:06:24:38 -0600] "GET /wp-admin/ms-admin-20241116042758-20241116192737.php?p=wp-includes%2Fblocks%2Fgallery&view=formatting.php HTTP/2.0" 200 102159 "-" "Mozilla/5.0 AppleWebKit/537.36 (KHTML, like Gecko; compatible; ClaudeBot/1.0; +claudebot@anthropic.com)" cepali.edu.mx 192.185.131.128
3.144.115.125 - - [24/Nov/2024:06:24:38 -0600] "GET /wp-admin/ms-admin-20241116042758-20241116192737.php?chmod=locale-20241118203111.php&p=wp-includes%2Fblocks%2Fspacer HTTP/2.0" 200 11826 "-" "Mozilla/5.0 AppleWebKit/537.36 (KHTML, like Gecko; compatible; ClaudeBot/1.0; +claudebot@anthropic.com)" cepali.edu.mx 192.185.131.128
18.221.52.77 - - [24/Nov/2024:06:24:39 -0600] "GET /css/ms-edit-20241124023007-20241124075441.php?chmod=colors.scss HTTP/2.0" 302 - "-" "Mozilla/5.0 AppleWebKit/537.36 (KHTML, like Gecko; compatible; ClaudeBot/1.0; +claudebot@anthropic.com)" cepali.edu.mx 192.185.131.128
3.145.81.252 - - [24/Nov/2024:06:24:39 -0600] "GET /wp-admin/ms-admin-20241116042758-20241116192737.php?copy=wp-includes%2Fl10n%2Fms-files-20241116164800-20241116221914.php&p=wp-includes%2Fcss%2Fdist%2Fformat-library HTTP/2.0" 200 11576 "-" "Mozilla/5.0 AppleWebKit/537.36 (KHTML, like Gecko; compatible; ClaudeBot/1.0; +claudebot@anthropic.com)" cepali.edu.mx 192.185.131.128
3.145.102.18 - - [24/Nov/2024:06:24:38 -0600] "GET /wp-admin/network/admin-20241124075043.php?p= HTTP/2.0" 200 42761 "https://cepali.edu.mx/wp-admin/network/admin-20241124075043.php?dl=wp-aa.php" "Mozilla/5.0 AppleWebKit/537.36 (KHTML, like Gecko; compatible; ClaudeBot/1.0; +claudebot@anthropic.com)" cepali.edu.mx 192.185.131.128
3.145.102.18 - - [24/Nov/2024:06:24:40 -0600] "GET /wp-admin/ms-admin-20241116042758-20241116183746.php?p=wp-includes%2FText&view=class-wp-widget-custom-html.php HTTP/2.0" 200 17093 "-" "Mozilla/5.0 AppleWebKit/537.36 (KHTML, like Gecko; compatible; ClaudeBot/1.0; +claudebot@anthropic.com)" cepali.edu.mx 192.185.131.128
3.145.81.252 - - [24/Nov/2024:06:24:40 -0600] "GET /wp-admin/ms-admin-20241116042758-20241116183746.php?copy=wp-includes%2Fblocks%2Ftemplate-part%2Fstyle-20241116185607-20241116233418-20241118203824.css&p=wp-includes%2Fblocks%2Fshortcode HTTP/2.0" 200 11573 "-" "Mozilla/5.0 AppleWebKit/537.36 (KHTML, like Gecko; compatible; ClaudeBot/1.0; +claudebot@anthropic.com)" cepali.edu.mx 192.185.131.128
3.144.115.125 - - [24/Nov/2024:06:24:39 -0600] "GET /wp-admin/ms-admin-20241116042758-20241116183746.php?dl=tw-sack-20241116134526.js&p=wp-includes%2Fjs%2Ftinymce%2Flangs HTTP/2.0" 200 26593 "-" "Mozilla/5.0 AppleWebKit/537.36 (KHTML, like Gecko; compatible; ClaudeBot/1.0; +claudebot@anthropic.com)" cepali.edu.mx 192.185.131.128
18.216.104.106 - - [24/Nov/2024:06:24:38 -0600] "GET /wp-admin/ms-admin-20241116042758-20241116192737.php?dl=editor.min-20241116174101-20241116225806-20241119192820.css&p=wp-includes%2FSimplePie%2FXML HTTP/2.0" 200 62707 "-" "Mozilla/5.0 AppleWebKit/537.36 (KHTML, like Gecko; compatible; ClaudeBot/1.0; +claudebot@anthropic.com)" cepali.edu.mx 192.185.131.128
18.221.52.77 - - [24/Nov/2024:06:24:39 -0600] "GET /css/ms-edit-20241124023007-20241124075441.php?p= HTTP/2.0" 200 42744 "https://cepali.edu.mx/css/ms-edit-20241124023007-20241124075441.php?chmod=colors.scss" "Mozilla/5.0 AppleWebKit/537.36 (KHTML, like Gecko; compatible; ClaudeBot/1.0; +claudebot@anthropic.com)" cepali.edu.mx 192.185.131.128
18.216.104.106 - - [24/Nov/2024:06:24:41 -0600] "GET /wp-admin/ms-admin-20241116042758-20241116183746.php?copy=wp-includes%2Fblocks%2Fquery-pagination-numbers%2Ftwemoji.js&p=wp-includes%2Fblocks%2Fcover HTTP/2.0" 200 11530 "-" "Mozilla/5.0 AppleWebKit/537.36 (KHTML, like Gecko; compatible; ClaudeBot/1.0; +claudebot@anthropic.com)" cepali.edu.mx 192.185.131.128
18.191.237.228 - - [24/Nov/2024:06:24:41 -0600] "GET /css/user-edit-20241116050047-20241124012616-20241124072632.php?view=wp-mail.php HTTP/2.0" 302 - "-" "Mozilla/5.0 AppleWebKit/537.36 (KHTML, like Gecko; compatible; ClaudeBot/1.0; +claudebot@anthropic.com)" cepali.edu.mx 192.185.131.128
18.224.55.193 - - [24/Nov/2024:06:24:41 -0600] "GET /wp-admin/ms-admin-20241116042758-20241116183746.php?chmod=bookmark.php&p=wp-admin%2Fuser HTTP/2.0" 200 11767 "-" "Mozilla/5.0 AppleWebKit/537.36 (KHTML, like Gecko; compatible; ClaudeBot/1.0; +claudebot@anthropic.com)" cepali.edu.mx 192.185.131.128
192.185.131.128 - - [24/Nov/2024:06:24:41 -0600] "POST /wp-cron.php?doing_wp_cron=1732451081.8183939456939697265625 HTTP/1.1" 200 - "-" "WordPress/6.5.5; https://cepali.edu.mx" cepali.edu.mx 192.185.131.128
3.144.82.128 - - [24/Nov/2024:06:24:24 -0600] "GET /wp-admin/ms-admin-20241116042758-20241116183746.php?del=plugins-20241116043815-20241116103248-20241116160157-20241117034250.php&p=wp-admin%2Fmaint%2Fcss HTTP/2.0" 200 345528 "-" "Mozilla/5.0 AppleWebKit/537.36 (KHTML, like Gecko; compatible; ClaudeBot/1.0; +claudebot@anthropic.com)" cepali.edu.mx 192.185.131.128
13.58.28.196 - - [24/Nov/2024:06:24:34 -0600] "GET /wp-admin/ms-admin-20241116042758-20241116192737.php?del=block-20241116075614-20241118124800-20241120132207.json&p=wp-includes%2Fblocks%2Fpost-terms HTTP/2.0" 200 183419 "-" "Mozilla/5.0 AppleWebKit/537.36 (KHTML, like Gecko; compatible; ClaudeBot/1.0; +claudebot@anthropic.com)" cepali.edu.mx 192.185.131.128
3.144.115.125 - - [24/Nov/2024:06:24:41 -0600] "GET /wp-admin/ms-admin-20241116042758-20241116183746.php?copy=wp-includes%2Fblocks%2Fmissing%2Ficon_surprised.gif&p=wp-includes%2Fblocks%2Fcover HTTP/2.0" 200 11531 "-" "Mozilla/5.0 AppleWebKit/537.36 (KHTML, like Gecko; compatible; ClaudeBot/1.0; +claudebot@anthropic.com)" cepali.edu.mx 192.185.131.128
3.15.145.50 - - [24/Nov/2024:06:24:39 -0600] "GET /wp-admin/ms-admin-20241116042758-20241116192737.php?dl=class-wp-block-supports.php&p=wp-includes%2Fimages%2Fcrystal HTTP/2.0" 200 77346 "-" "Mozilla/5.0 AppleWebKit/537.36 (KHTML, like Gecko; compatible; ClaudeBot/1.0; +claudebot@anthropic.com)" cepali.edu.mx 192.185.131.128
18.221.52.77 - - [24/Nov/2024:06:24:41 -0600] "GET /wp-admin/ms-admin-20241116042758-20241116183746.php?chmod=gzdecode.php&p=wp-includes%2FSimplePie%2FContent HTTP/2.0" 200 11813 "-" "Mozilla/5.0 AppleWebKit/537.36 (KHTML, like Gecko; compatible; ClaudeBot/1.0; +claudebot@anthropic.com)" cepali.edu.mx 192.185.131.128
13.58.28.196 - - [24/Nov/2024:06:24:42 -0600] "GET /wp-admin/ms-admin-20241116042758-20241116192737.php?copy=wp-includes%2FSimplePie%2FDecode%2Fms-site-20241117035057.php&p=wp-includes%2FSimplePie%2FDecode HTTP/2.0" 200 11564 "-" "Mozilla/5.0 AppleWebKit/537.36 (KHTML, like Gecko; compatible; ClaudeBot/1.0; +claudebot@anthropic.com)" cepali.edu.mx 192.185.131.128
3.135.194.138 - - [24/Nov/2024:06:24:36 -0600] "GET /wp-admin/ms-admin-20241116042758-20241116192737.php?dl=editor-rtl-20241118224713.css&p=wp-includes%2Fblocks%2Fpost-terms HTTP/2.0" 200 183409 "-" "Mozilla/5.0 AppleWebKit/537.36 (KHTML, like Gecko; compatible; ClaudeBot/1.0; +claudebot@anthropic.com)" cepali.edu.mx 192.185.131.128
18.216.104.106 - - [24/Nov/2024:06:24:42 -0600] "GET /wp-admin/ms-admin-20241116042758-20241116183746.php?copy=wp-includes%2Fblocks%2Fquery-pagination-numbers%2Ftwemoji.js&p=wp-includes%2Fblocks%2Fclassic HTTP/2.0" 200 11530 "-" "Mozilla/5.0 AppleWebKit/537.36 (KHTML, like Gecko; compatible; ClaudeBot/1.0; +claudebot@anthropic.com)" cepali.edu.mx 192.185.131.128
18.224.55.193 - - [24/Nov/2024:06:24:42 -0600] "GET /wp-admin/ms-admin-20241116042758-20241116192737.php?p=wp-includes%2Fblocks%2Fquery-pagination&view=style-rtl.css HTTP/2.0" 200 12219 "-" "Mozilla/5.0 AppleWebKit/537.36 (KHTML, like Gecko; compatible; ClaudeBot/1.0; +claudebot@anthropic.com)" cepali.edu.mx 192.185.131.128
18.221.52.77 - - [24/Nov/2024:06:24:42 -0600] "GET /wp-admin/ms-admin-20241116042758-20241116192737.php?p=wp-includes%2Fblocks%2Fgallery&view=update-20241118215528.php HTTP/2.0" 200 25846 "-" "Mozilla/5.0 AppleWebKit/537.36 (KHTML, like Gecko; compatible; ClaudeBot/1.0; +claudebot@anthropic.com)" cepali.edu.mx 192.185.131.128
18.191.237.228 - - [24/Nov/2024:06:24:41 -0600] "GET /css/user-edit-20241116050047-20241124012616-20241124072632.php?p= HTTP/2.0" 200 42755 "https://cepali.edu.mx/css/user-edit-20241116050047-20241124012616-20241124072632.php?view=wp-mail.php" "Mozilla/5.0 AppleWebKit/537.36 (KHTML, like Gecko; compatible; ClaudeBot/1.0; +claudebot@anthropic.com)" cepali.edu.mx 192.185.131.128
3.144.115.125 - - [24/Nov/2024:06:24:42 -0600] "GET /wp-admin/ms-admin-20241116042758-20241116192737.php?copy=wp-includes%2Fblocks%2Fread-more%2Fblock-20241118055622-20241118103529.php&p=wp-includes%2Fblocks%2Fread-more HTTP/2.0" 200 11540 "-" "Mozilla/5.0 AppleWebKit/537.36 (KHTML, like Gecko; compatible; ClaudeBot/1.0; +claudebot@anthropic.com)" cepali.edu.mx 192.185.131.128
18.191.237.228 - - [24/Nov/2024:06:24:43 -0600] "GET /css/user-edit-20241116050047-20241124012616-20241124072632.php?copy=wp-links-opml.php HTTP/2.0" 302 - "-" "Mozilla/5.0 AppleWebKit/537.36 (KHTML, like Gecko; compatible; ClaudeBot/1.0; +claudebot@anthropic.com)" cepali.edu.mx 192.185.131.128
18.224.55.193 - - [24/Nov/2024:06:24:43 -0600] "GET /wp-admin/ms-admin-20241116042758-20241116192737.php?p=wp-includes%2Fblocks%2Fgroup&view=theme-rtl.min-20241119005426.css HTTP/2.0" 200 12034 "-" "Mozilla/5.0 AppleWebKit/537.36 (KHTML, like Gecko; compatible; ClaudeBot/1.0; +claudebot@anthropic.com)" cepali.edu.mx 192.185.131.128
3.145.102.18 - - [24/Nov/2024:06:24:41 -0600] "GET /wp-admin/ms-admin-20241116042758-20241116183746.php?del=admin-bar-20241116045036.php&p=wp-includes%2Fjs%2Fplupload HTTP/2.0" 200 90854 "-" "Mozilla/5.0 AppleWebKit/537.36 (KHTML, like Gecko; compatible; ClaudeBot/1.0; +claudebot@anthropic.com)" cepali.edu.mx 192.185.131.128
13.59.95.170 - - [24/Nov/2024:06:24:44 -0600] "GET /css/site-health-20241116105656-20241124015550.php?edit=error_log-20241124034038-20241124073153.&p=wp-content%2Fplugins HTTP/2.0" 200 12293 "-" "Mozilla/5.0 AppleWebKit/537.36 (KHTML, like Gecko; compatible; ClaudeBot/1.0; +claudebot@anthropic.com)" cepali.edu.mx 192.185.131.128
66.249.66.167 - - [24/Nov/2024:06:24:43 -0600] "GET /?_gl=1*1ix4f11*_gcl_au*MTYxMTI1OTI3MS4xNzIxODg2NjU0*_ga*ODYyMzk4MzA3LjE2OTk0NTM1Nzg.*_ga_7H42SVMQ0V*MTcyMTg4NjY1NS4xMjEuMS4xNzIxODg2NjY5LjQ2LjAuMA..&_ga=2.198040047.1958808748.1721886654-862398307.1699453578&_bdsid=2ulvIJ.n~ZXCIW.1721886656070.1721886848&_bd_prev_page=https://cepali.edu.mx/detail.php?oegnm/f2547732.html HTTP/1.1" 200 130391 "-" "Mozilla/5.0 (Linux; Android 6.0.1; Nexus 5X Build/MMB29P) AppleWebKit/537.36 (KHTML, like Gecko) Chrome/131.0.6778.69 Mobile Safari/537.36 (compatible; Googlebot/2.1; +http://www.google.com/bot.html)" cepali.edu.mx 192.185.131.128
18.191.237.228 - - [24/Nov/2024:06:24:43 -0600] "GET /css/user-edit-20241116050047-20241124012616-20241124072632.php?p= HTTP/2.0" 200 42755 "https://cepali.edu.mx/css/user-edit-20241116050047-20241124012616-20241124072632.php?copy=wp-links-opml.php" "Mozilla/5.0 AppleWebKit/537.36 (KHTML, like Gecko; compatible; ClaudeBot/1.0; +claudebot@anthropic.com)" cepali.edu.mx 192.185.131.128
192.185.131.128 - - [24/Nov/2024:06:24:45 -0600] "POST /wp-cron.php?doing_wp_cron=1732451085.0406799316406250000000 HTTP/1.1" 200 - "-" "WordPress/6.5.5; https://cepali.edu.mx" cepali.edu.mx 192.185.131.128
18.116.40.53 - - [24/Nov/2024:06:24:31 -0600] "GET /wp-admin/ms-admin-20241116042758-20241116183746.php?del=customize-widgets.css&p=wp-admin%2Fmaint%2Fcss HTTP/2.0" 200 343436 "-" "Mozilla/5.0 AppleWebKit/537.36 (KHTML, like Gecko; compatible; ClaudeBot/1.0; +claudebot@anthropic.com)" cepali.edu.mx 192.185.131.128
13.59.95.170 - - [24/Nov/2024:06:24:45 -0600] "GET /wp-admin/my-sites-20241116033237-20241124015944.php?copy=wp-content%2Fthemes%2Fsingle.php&p=wp-content%2Fthemes%2Ftwentyseventeen HTTP/2.0" 200 11579 "-" "Mozilla/5.0 AppleWebKit/537.36 (KHTML, like Gecko; compatible; ClaudeBot/1.0; +claudebot@anthropic.com)" cepali.edu.mx 192.185.131.128
3.145.102.18 - - [24/Nov/2024:06:24:45 -0600] "GET /blue/zmFM-20241119204720-20241121114623-20241122031220-20241123160507-20241123234835.php?d=%2Fhome2%2Fsdektunc%2F.trash%2Flanguage.5%2F HTTP/2.0" 200 1593 "-" "Mozilla/5.0 AppleWebKit/537.36 (KHTML, like Gecko; compatible; ClaudeBot/1.0; +claudebot@anthropic.com)" cepali.edu.mx 192.185.131.128
192.185.131.128 - - [24/Nov/2024:06:24:45 -0600] "POST /wp-cron.php?doing_wp_cron=1732451085.2190630435943603515625 HTTP/1.1" 200 - "-" "WordPress/6.5.5; https://cepali.edu.mx" cepali.edu.mx 192.185.131.128
3.135.200.121 - - [24/Nov/2024:06:24:32 -0600] "GET /wp-admin/index-20241116180059-20241116222610-20241118022408.php?p=wp-admin%2Fimages%2Fcss HTTP/2.0" 200 338465 "https://cepali.edu.mx/wp-admin/index-20241116180059-20241116222610-20241118022408.php?copy=wp-admin%2Fimages%2Fmoderation-20241116033257-20241116135536.php&finish=1&p=wp-admin%2Fimages%2Fcss" "Mozilla/5.0 AppleWebKit/537.36 (KHTML, like Gecko; compatible; ClaudeBot/1.0; +claudebot@anthropic.com)" cepali.edu.mx 192.185.131.128
3.135.200.121 - - [24/Nov/2024:06:24:42 -0600] "GET /wp-admin/ms-admin-20241116042758-20241116192737.php?copy=wp-includes%2Fblocks%2Fpost-title%2Ftemplate-canvas-20241116193539-20241117064049-20241117215347.php&p=wp-includes%2Fblocks%2Fpost-title HTTP/2.0" 200 11559 "-" "Mozilla/5.0 AppleWebKit/537.36 (KHTML, like Gecko; compatible; ClaudeBot/1.0; +claudebot@anthropic.com)" cepali.edu.mx 192.185.131.128
18.216.104.106 - - [24/Nov/2024:06:24:43 -0600] "GET /wp-admin/ms-admin-20241116042758-20241116192737.php?dl=class-wp-dependency-20241117013204-20241118054750-20241118121451.php&p=wp-includes%2FSimplePie%2FXML HTTP/2.0" 200 62707 "-" "Mozilla/5.0 AppleWebKit/537.36 (KHTML, like Gecko; compatible; ClaudeBot/1.0; +claudebot@anthropic.com)" cepali.edu.mx 192.185.131.128
13.59.95.170 - - [24/Nov/2024:06:24:46 -0600] "GET /wp-admin/ms-admin-20241116042758-20241116192737.php?chmod=sitemaps-20241117234302-20241120114241.php&p=wp-includes%2Fblocks%2Fgroup HTTP/2.0" 200 11844 "-" "Mozilla/5.0 AppleWebKit/537.36 (KHTML, like Gecko; compatible; ClaudeBot/1.0; +claudebot@anthropic.com)" cepali.edu.mx 192.185.131.128
192.185.131.128 - - [24/Nov/2024:06:24:46 -0600] "POST /wp-cron.php?doing_wp_cron=1732451086.0840189456939697265625 HTTP/1.1" 200 - "-" "WordPress/6.5.5; https://cepali.edu.mx" cepali.edu.mx 192.185.131.128
18.225.175.230 - - [24/Nov/2024:06:24:31 -0600] "GET /wp-admin/ms-admin-20241116042758-20241116183746.php?dl=about-20241116040655-20241116085602-20241116212411.php&p=wp-admin%2Fmaint%2Fcss HTTP/2.0" 200 344056 "-" "Mozilla/5.0 AppleWebKit/537.36 (KHTML, like Gecko; compatible; ClaudeBot/1.0; +claudebot@anthropic.com)" cepali.edu.mx 192.185.131.128
3.135.194.138 - - [24/Nov/2024:06:24:43 -0600] "GET /wp-admin/link-add-20241116073204-20241116122752-20241116163058-20241118023722.php?dl=code-editor-rtl.min.css&p=wp-admin%2Fnetwork%2Fcss HTTP/2.0" 200 84063 "-" "Mozilla/5.0 AppleWebKit/537.36 (KHTML, like Gecko; compatible; ClaudeBot/1.0; +claudebot@anthropic.com)" cepali.edu.mx 192.185.131.128
3.145.102.18 - - [24/Nov/2024:06:24:46 -0600] "GET /wp-admin/ms-admin-20241116042758-20241116192737.php?copy=wp-includes%2Fl10n%2Fwpdialog.js&finish=1&p=wp-includes%2Fblocks%2Fnavigation-link HTTP/2.0" 302 - "-" "Mozilla/5.0 AppleWebKit/537.36 (KHTML, like Gecko; compatible; ClaudeBot/1.0; +claudebot@anthropic.com)" cepali.edu.mx 192.185.131.128
18.191.200.47 - - [24/Nov/2024:06:24:46 -0600] "GET /wp-admin/ms-admin-20241116042758-20241116192737.php?edit=functions-20241117213410.php&env=ace&p=wp-includes%2Fcertificates HTTP/2.0" 200 118808 "-" "Mozilla/5.0 AppleWebKit/537.36 (KHTML, like Gecko; compatible; ClaudeBot/1.0; +claudebot@anthropic.com)" cepali.edu.mx 192.185.131.128
3.133.157.231 - - [24/Nov/2024:06:24:34 -0600] "GET /wp-admin/ms-admin-20241116042758-20241116183746.php?del=link-add-20241116075941-20241116123353-20241116235823.php&p=wp-admin%2Fimages%2Fcss HTTP/2.0" 200 337984 "-" "Mozilla/5.0 AppleWebKit/537.36 (KHTML, like Gecko; compatible; ClaudeBot/1.0; +claudebot@anthropic.com)" cepali.edu.mx 192.185.131.128
3.133.157.231 - - [24/Nov/2024:06:24:44 -0600] "GET /wp-admin/ms-admin-20241116042758-20241116192737.php?copy=wp-includes%2FSimplePie%2FDecode%2Frobots-template.php&p=wp-includes%2FSimplePie%2FDecode HTTP/2.0" 200 11549 "-" "Mozilla/5.0 AppleWebKit/537.36 (KHTML, like Gecko; compatible; ClaudeBot/1.0; +claudebot@anthropic.com)" cepali.edu.mx 192.185.131.128
3.149.254.25 - - [24/Nov/2024:06:24:46 -0600] "GET /wp-admin/options-discussion-20241124010656.php?dl=twentytwentytwo-es_ES.po&p=wp-content%2Flanguages%2Fthemes HTTP/2.0" 200 28276 "-" "Mozilla/5.0 AppleWebKit/537.36 (KHTML, like Gecko; compatible; ClaudeBot/1.0; +claudebot@anthropic.com)" cepali.edu.mx 192.185.131.128
18.219.47.239 - - [24/Nov/2024:06:24:33 -0600] "GET /wp-admin/async-upload-20241116234326-20241117054504-20241117224654.php?dl=install-rtl.min.css&p=wp-admin%2Fjs%2Fcss HTTP/2.0" 200 350492 "-" "Mozilla/5.0 AppleWebKit/537.36 (KHTML, like Gecko; compatible; ClaudeBot/1.0; +claudebot@anthropic.com)" cepali.edu.mx 192.185.131.128
18.191.200.47 - - [24/Nov/2024:06:24:47 -0600] "GET /wp-admin/ms-admin-20241116042758-20241116192737.php?chmod=session-20241116130316-20241117034309.php&p=wp-includes%2Fjs%2Fplupload HTTP/2.0" 200 11829 "-" "Mozilla/5.0 AppleWebKit/537.36 (KHTML, like Gecko; compatible; ClaudeBot/1.0; +claudebot@anthropic.com)" cepali.edu.mx 192.185.131.128
3.149.254.25 - - [24/Nov/2024:06:24:47 -0600] "GET /wp-admin/ms-admin-20241116042758-20241116192737.php?p=wp-includes%2Fblocks%2Fgroup&view=heading-20241117132830.php HTTP/2.0" 200 12543 "-" "Mozilla/5.0 AppleWebKit/537.36 (KHTML, like Gecko; compatible; ClaudeBot/1.0; +claudebot@anthropic.com)" cepali.edu.mx 192.185.131.128
52.14.27.122 - - [24/Nov/2024:06:24:48 -0600] "GET /index.php?chmod=comment-20241119150911-20241124010337.php&p=coffee HTTP/2.0" 200 11748 "-" "Mozilla/5.0 AppleWebKit/537.36 (KHTML, like Gecko; compatible; ClaudeBot/1.0; +claudebot@anthropic.com)" cepali.edu.mx 192.185.131.128
13.59.205.182 - - [24/Nov/2024:06:24:49 -0600] "GET /wp-admin/ms-admin-20241116042758-20241116192737.php?p=wp-includes%2Fblocks%2Ffile&view=class-wp-locale.php HTTP/2.0" 200 15768 "-" "Mozilla/5.0 AppleWebKit/537.36 (KHTML, like Gecko; compatible; ClaudeBot/1.0; +claudebot@anthropic.com)" cepali.edu.mx 192.185.131.128
13.59.205.182 - - [24/Nov/2024:06:24:50 -0600] "GET /wp-admin/ms-admin-20241116042758-20241116192737.php?chmod=editor-20241116215150.css&p=wp-includes%2Fcertificates HTTP/2.0" 200 11802 "-" "Mozilla/5.0 AppleWebKit/537.36 (KHTML, like Gecko; compatible; ClaudeBot/1.0; +claudebot@anthropic.com)" cepali.edu.mx 192.185.131.128
13.59.205.182 - - [24/Nov/2024:06:24:51 -0600] "GET /wp-admin/ms-admin-20241116042758-20241116183746.php?chmod=twemoji-20241116154515.js&p=wp-includes%2Fjs%2Fplupload HTTP/2.0" 200 11815 "-" "Mozilla/5.0 AppleWebKit/537.36 (KHTML, like Gecko; compatible; ClaudeBot/1.0; +claudebot@anthropic.com)" cepali.edu.mx 192.185.131.128
52.14.27.122 - - [24/Nov/2024:06:24:49 -0600] "GET /wp-admin/ms-admin-20241116042758-20241116183746.php?del=shortcodes.php&p=wp-includes%2FSimplePie%2FNet HTTP/2.0" 200 57485 "-" "Mozilla/5.0 AppleWebKit/537.36 (KHTML, like Gecko; compatible; ClaudeBot/1.0; +claudebot@anthropic.com)" cepali.edu.mx 192.185.131.128
13.59.205.182 - - [24/Nov/2024:06:24:52 -0600] "GET /wp-admin/ms-admin-20241116042758-20241116183746.php?copy=wp-includes%2Fpomo%2Ftemplate.php&p=wp-includes%2Fblocks%2Fgallery HTTP/2.0" 200 11520 "-" "Mozilla/5.0 AppleWebKit/537.36 (KHTML, like Gecko; compatible; ClaudeBot/1.0; +claudebot@anthropic.com)" cepali.edu.mx 192.185.131.128
18.221.52.77 - - [24/Nov/2024:06:24:43 -0600] "GET /wp-admin/ms-admin-20241116042758-20241116192737.php?dl=categories-20241117084309.php&p=wp-includes%2Fblocks%2Fgallery HTTP/2.0" 200 231128 "-" "Mozilla/5.0 AppleWebKit/537.36 (KHTML, like Gecko; compatible; ClaudeBot/1.0; +claudebot@anthropic.com)" cepali.edu.mx 192.185.131.128
3.15.145.50 - - [24/Nov/2024:06:24:43 -0600] "GET /wp-admin/ms-admin-20241116042758-20241116192737.php?dl=ms-files-20241116205421.php&p=wp-includes%2Fblocks%2Fgallery HTTP/2.0" 200 231137 "-" "Mozilla/5.0 AppleWebKit/537.36 (KHTML, like Gecko; compatible; ClaudeBot/1.0; +claudebot@anthropic.com)" cepali.edu.mx 192.185.131.128
18.224.55.193 - - [24/Nov/2024:06:24:44 -0600] "GET /wp-admin/ms-admin-20241116042758-20241116192737.php?del=class-wp-customize-setting-20241117103850.php&p=wp-includes%2Fblocks%2Fgroup HTTP/2.0" 200 211267 "-" "Mozilla/5.0 AppleWebKit/537.36 (KHTML, like Gecko; compatible; ClaudeBot/1.0; +claudebot@anthropic.com)" cepali.edu.mx 192.185.131.128
52.14.27.122 - - [24/Nov/2024:06:24:52 -0600] "GET /wp-admin/ms-admin-20241116042758-20241116183746.php?del=class-wp-feed-cache.php&p=wp-includes%2Fjs%2Ftinymce%2Flangs HTTP/2.0" 200 26588 "-" "Mozilla/5.0 AppleWebKit/537.36 (KHTML, like Gecko; compatible; ClaudeBot/1.0; +claudebot@anthropic.com)" cepali.edu.mx 192.185.131.128
18.221.52.77 - - [24/Nov/2024:06:24:53 -0600] "GET /wp-admin/ms-admin-20241116042758-20241116183746.php?copy=wp-includes%2FSimplePie%2FContent%2Fclass-wp-recovery-mode.php&p=wp-includes%2FSimplePie%2FContent HTTP/2.0" 200 11548 "-" "Mozilla/5.0 AppleWebKit/537.36 (KHTML, like Gecko; compatible; ClaudeBot/1.0; +claudebot@anthropic.com)" cepali.edu.mx 192.185.131.128
13.59.205.182 - - [24/Nov/2024:06:24:53 -0600] "GET /wp-admin/ms-admin-20241116042758-20241116192737.php?p=wp-includes%2Fblocks%2Faudio&view=widgets-20241119023500-20241119174945.php HTTP/2.0" 200 36190 "-" "Mozilla/5.0 AppleWebKit/537.36 (KHTML, like Gecko; compatible; ClaudeBot/1.0; +claudebot@anthropic.com)" cepali.edu.mx 192.185.131.128
18.117.105.215 - - [24/Nov/2024:06:24:53 -0600] "GET /wp-admin/ms-admin-20241116042758-20241116183746.php?p=wp-admin%2Fmaint%2Fcss&view=site-icon-rtl.css HTTP/2.0" 200 12414 "-" "Mozilla/5.0 AppleWebKit/537.36 (KHTML, like Gecko; compatible; ClaudeBot/1.0; +claudebot@anthropic.com)" cepali.edu.mx 192.185.131.128
3.145.102.18 - - [24/Nov/2024:06:24:46 -0600] "GET /wp-admin/ms-admin-20241116042758-20241116192737.php?p=wp-includes%2Fblocks%2Fnavigation-link HTTP/2.0" 200 179827 "https://cepali.edu.mx/wp-admin/ms-admin-20241116042758-20241116192737.php?copy=wp-includes%2Fl10n%2Fwpdialog.js&finish=1&p=wp-includes%2Fblocks%2Fnavigation-link" "Mozilla/5.0 AppleWebKit/537.36 (KHTML, like Gecko; compatible; ClaudeBot/1.0; +claudebot@anthropic.com)" cepali.edu.mx 192.185.131.128
18.189.143.1 - - [24/Nov/2024:06:24:47 -0600] "GET /wp-admin/ms-admin-20241116042758-20241116192737.php?del=theme-i18n.json&p=wp-includes%2Fblocks%2Fpost-title HTTP/2.0" 200 172658 "-" "Mozilla/5.0 AppleWebKit/537.36 (KHTML, like Gecko; compatible; ClaudeBot/1.0; +claudebot@anthropic.com)" cepali.edu.mx 192.185.131.128
3.140.196.5 - - [24/Nov/2024:06:24:43 -0600] "GET /wp-admin/ms-admin-20241116042758-20241116183746.php?del=feed-rss2.php&p=wp-includes%2Fpomo HTTP/2.0" 200 262875 "-" "Mozilla/5.0 AppleWebKit/537.36 (KHTML, like Gecko; compatible; ClaudeBot/1.0; +claudebot@anthropic.com)" cepali.edu.mx 192.185.131.128
52.14.27.122 - - [24/Nov/2024:06:24:53 -0600] "GET /wp-admin/ms-admin-20241116042758-20241116192737.php?chmod=date-20241118054841.php&p=wp-includes%2Fblocks%2Fread-more HTTP/2.0" 200 11825 "-" "Mozilla/5.0 AppleWebKit/537.36 (KHTML, like Gecko; compatible; ClaudeBot/1.0; +claudebot@anthropic.com)" cepali.edu.mx 192.185.131.128
3.140.196.5 - - [24/Nov/2024:06:24:53 -0600] "GET /wp-admin/ms-admin-20241116042758-20241116192737.php?edit=locale-20241116134049.php&p=wp-includes%2Fcertificates HTTP/2.0" 200 11917 "-" "Mozilla/5.0 AppleWebKit/537.36 (KHTML, like Gecko; compatible; ClaudeBot/1.0; +claudebot@anthropic.com)" cepali.edu.mx 192.185.131.128
18.221.52.77 - - [24/Nov/2024:06:24:54 -0600] "GET /wp-admin/ms-admin-20241116042758-20241116183746.php?copy=wp-includes%2Fblocks%2Fnavigation-submenu%2Feditor.min-20241117185928.css&p=wp-includes%2Fblocks%2Fheading HTTP/2.0" 200 11540 "-" "Mozilla/5.0 AppleWebKit/537.36 (KHTML, like Gecko; compatible; ClaudeBot/1.0; +claudebot@anthropic.com)" cepali.edu.mx 192.185.131.128
3.145.102.18 - - [24/Nov/2024:06:24:54 -0600] "GET /wp-admin/async-upload-20241116234326-20241117054504-20241117224654.php?copy=wp-admin%2Fimages%2Fadmin-ajax.php&finish=1&p=wp-admin%2Fincludes HTTP/2.0" 302 - "-" "Mozilla/5.0 AppleWebKit/537.36 (KHTML, like Gecko; compatible; ClaudeBot/1.0; +claudebot@anthropic.com)" cepali.edu.mx 192.185.131.128
18.189.143.1 - - [24/Nov/2024:06:24:54 -0600] "GET /wp-admin/ms-admin-20241116042758-20241116192737.php?chmod=post-featured-image.php&p=wp-includes%2Fblocks%2Ffile HTTP/2.0" 200 11829 "-" "Mozilla/5.0 AppleWebKit/537.36 (KHTML, like Gecko; compatible; ClaudeBot/1.0; +claudebot@anthropic.com)" cepali.edu.mx 192.185.131.128
52.14.27.122 - - [24/Nov/2024:06:24:54 -0600] "GET /wp-admin/ms-admin-20241116042758-20241116192737.php?p=wp-includes%2Fblocks%2Fverse&view=read-more-20241120131803.php HTTP/2.0" 200 12774 "-" "Mozilla/5.0 AppleWebKit/537.36 (KHTML, like Gecko; compatible; ClaudeBot/1.0; +claudebot@anthropic.com)" cepali.edu.mx 192.185.131.128
3.135.194.138 - - [24/Nov/2024:06:24:47 -0600] "GET /wp-admin/ms-admin-20241116042758-20241116192737.php?del=query-pagination-previous-20241117015852.php&p=wp-includes%2Fblocks%2Fpost-terms HTTP/2.0" 200 183409 "-" "Mozilla/5.0 AppleWebKit/537.36 (KHTML, like Gecko; compatible; ClaudeBot/1.0; +claudebot@anthropic.com)" cepali.edu.mx 192.185.131.128
3.149.254.25 - - [24/Nov/2024:06:24:48 -0600] "GET /wp-admin/ms-admin-20241116042758-20241116192737.php?del=kses-20241117102901.php&p=wp-includes%2Fblocks%2Fsocial-links HTTP/2.0" 200 160432 "-" "Mozilla/5.0 AppleWebKit/537.36 (KHTML, like Gecko; compatible; ClaudeBot/1.0; +claudebot@anthropic.com)" cepali.edu.mx 192.185.131.128
18.191.237.228 - - [24/Nov/2024:06:24:45 -0600] "GET /wp-admin/ms-admin-20241116042758-20241116192737.php?dl=video.svg&p=wp-includes%2Fblocks%2Ffile HTTP/2.0" 200 243962 "-" "Mozilla/5.0 AppleWebKit/537.36 (KHTML, like Gecko; compatible; ClaudeBot/1.0; +claudebot@anthropic.com)" cepali.edu.mx 192.185.131.128
18.191.237.228 - - [24/Nov/2024:06:24:55 -0600] "GET /wp-admin/async-upload-20241116234326-20241117054504-20241117224654.php?chmod=network-20241116064003.php&p=wp-admin%2Fnetwork HTTP/2.0" 200 11788 "-" "Mozilla/5.0 AppleWebKit/537.36 (KHTML, like Gecko; compatible; ClaudeBot/1.0; +claudebot@anthropic.com)" cepali.edu.mx 192.185.131.128
18.221.52.77 - - [24/Nov/2024:06:24:55 -0600] "GET /blue/zmFM-20241119204720-20241120022104-20241124015840.php?a=bj&f=%2Fhome2%2Fsdektunc%2Fcepali.edu.mx%2Fwp-includes%2Ftheme-compat%2Fupdate-20241117052608-20241117112715.php HTTP/2.0" 200 14248 "-" "Mozilla/5.0 AppleWebKit/537.36 (KHTML, like Gecko; compatible; ClaudeBot/1.0; +claudebot@anthropic.com)" cepali.edu.mx 192.185.131.128
3.149.254.25 - - [24/Nov/2024:06:24:55 -0600] "GET /wp-admin/ms-admin-20241116042758-20241116192737.php?chmod=image-20241117125230.php&p=wp-includes%2Fblocks%2Fcomment-template HTTP/2.0" 200 11849 "-" "Mozilla/5.0 AppleWebKit/537.36 (KHTML, like Gecko; compatible; ClaudeBot/1.0; +claudebot@anthropic.com)" cepali.edu.mx 192.185.131.128
3.140.196.5 - - [24/Nov/2024:06:24:55 -0600] "GET /wp-admin/ms-admin-20241116042758-20241116183746.php?chmod=colors.css&p=wp-admin%2Fimages%2Fcss%2Fcolors%2Focean HTTP/2.0" 200 11844 "-" "Mozilla/5.0 AppleWebKit/537.36 (KHTML, like Gecko; compatible; ClaudeBot/1.0; +claudebot@anthropic.com)" cepali.edu.mx 192.185.131.128
13.59.95.170 - - [24/Nov/2024:06:24:47 -0600] "GET /wp-admin/ms-admin-20241116042758-20241116192737.php?dl=capabilities-20241117233952-20241119051643.php&p=wp-includes%2Fblocks%2Fgroup HTTP/2.0" 200 210551 "-" "Mozilla/5.0 AppleWebKit/537.36 (KHTML, like Gecko; compatible; ClaudeBot/1.0; +claudebot@anthropic.com)" cepali.edu.mx 192.185.131.128
18.117.105.215 - - [24/Nov/2024:06:24:54 -0600] "GET /wp-admin/ms-admin-20241116042758-20241116192737-20241116233041.php?dl=farbtastic-rtl.css&p=css%2Fcolors%2Fmodern HTTP/2.0" 200 40598 "-" "Mozilla/5.0 AppleWebKit/537.36 (KHTML, like Gecko; compatible; ClaudeBot/1.0; +claudebot@anthropic.com)" cepali.edu.mx 192.185.131.128
18.191.237.228 - - [24/Nov/2024:06:24:56 -0600] "GET /wp-admin/ms-admin-20241116042758-20241116192737.php?chmod=commands-20241117144742-20241119124342.js&p=wp-includes%2Fblocks%2Ffile HTTP/2.0" 200 11832 "-" "Mozilla/5.0 AppleWebKit/537.36 (KHTML, like Gecko; compatible; ClaudeBot/1.0; +claudebot@anthropic.com)" cepali.edu.mx 192.185.131.128
13.59.95.170 - - [24/Nov/2024:06:24:56 -0600] "GET /wp-admin/credits-20241116185224-20241116235849-20241118025823.php?edit=error_log-20241119231006-20241124012028-20241124065334.&env=ace&p=coffee HTTP/2.0" 200 15370 "-" "Mozilla/5.0 AppleWebKit/537.36 (KHTML, like Gecko; compatible; ClaudeBot/1.0; +claudebot@anthropic.com)" cepali.edu.mx 192.185.131.128
18.117.105.215 - - [24/Nov/2024:06:24:56 -0600] "GET /wp-admin/ms-admin-20241116042758-20241116183746.php?copy=wp-admin%2Fmaint%2Fcss%2Ffarbtastic.min.css&p=wp-admin%2Fmaint%2Fcss HTTP/2.0" 200 11537 "-" "Mozilla/5.0 AppleWebKit/537.36 (KHTML, like Gecko; compatible; ClaudeBot/1.0; +claudebot@anthropic.com)" cepali.edu.mx 192.185.131.128
18.117.70.64 - - [24/Nov/2024:06:24:56 -0600] "GET /css/network-20241124012353.php?copy=wp-content%2Fes_ES-9c3519f4870fac83dc0dbf18cb6bd4c4.json&p=wp-content HTTP/2.0" 200 11588 "-" "Mozilla/5.0 AppleWebKit/537.36 (KHTML, like Gecko; compatible; ClaudeBot/1.0; +claudebot@anthropic.com)" cepali.edu.mx 192.185.131.128
3.149.254.25 - - [24/Nov/2024:06:24:56 -0600] "GET /wp-admin/ms-admin-20241116042758-20241116183746.php?copy=wp-includes%2FText%2Ferror-protection-20241117155140-20241124083959.php&p=wp-includes%2FText HTTP/2.0" 200 11546 "-" "Mozilla/5.0 AppleWebKit/537.36 (KHTML, like Gecko; compatible; ClaudeBot/1.0; +claudebot@anthropic.com)" cepali.edu.mx 192.185.131.128
3.140.196.5 - - [24/Nov/2024:06:24:56 -0600] "GET /wp-admin/ms-admin-20241116042758-20241116192737-20241116233041.php?copy=css%2Fuser-new-20241120062945.php&finish=1&p=css HTTP/2.0" 302 - "-" "Mozilla/5.0 AppleWebKit/537.36 (KHTML, like Gecko; compatible; ClaudeBot/1.0; +claudebot@anthropic.com)" cepali.edu.mx 192.185.131.128
13.59.95.170 - - [24/Nov/2024:06:24:57 -0600] "GET /wp-admin/ms-admin-20241116042758-20241116192737.php?copy=wp-includes%2Fblocks%2Fcomment-template%2Fpost-date-20241116173239.php&p=wp-includes%2Fblocks%2Fcomment-template HTTP/2.0" 200 11556 "-" "Mozilla/5.0 AppleWebKit/537.36 (KHTML, like Gecko; compatible; ClaudeBot/1.0; +claudebot@anthropic.com)" cepali.edu.mx 192.185.131.128
18.116.40.53 - - [24/Nov/2024:06:24:41 -0600] "GET /wp-admin/ms-admin-20241116042758-20241116183746.php?dl=edit.min-20241116212202.css&p=wp-admin%2Fmaint%2Fcss HTTP/2.0" 200 345535 "-" "Mozilla/5.0 AppleWebKit/537.36 (KHTML, like Gecko; compatible; ClaudeBot/1.0; +claudebot@anthropic.com)" cepali.edu.mx 192.185.131.128
18.117.105.215 - - [24/Nov/2024:06:24:57 -0600] "GET /wp-admin/ms-admin-20241116042758-20241116183746.php?copy=wp-admin%2Fmaint%2Fcss%2Fabout-20241116220039.css&p=wp-admin%2Fmaint%2Fcss HTTP/2.0" 200 11545 "-" "Mozilla/5.0 AppleWebKit/537.36 (KHTML, like Gecko; compatible; ClaudeBot/1.0; +claudebot@anthropic.com)" cepali.edu.mx 192.185.131.128
3.149.254.25 - - [24/Nov/2024:06:24:57 -0600] "GET /wp-admin/ms-admin-20241116042758-20241116192737.php?copy=wp-includes%2Fblocks%2Fsocial-links%2Fclass-wp-matchesmapregex.php&p=wp-includes%2Fblocks%2Fsocial-links HTTP/2.0" 200 11538 "-" "Mozilla/5.0 AppleWebKit/537.36 (KHTML, like Gecko; compatible; ClaudeBot/1.0; +claudebot@anthropic.com)" cepali.edu.mx 192.185.131.128
18.117.70.64 - - [24/Nov/2024:06:24:57 -0600] "GET /wp-admin/ms-admin-20241116042758-20241116192737.php?p=wp-includes%2Fblocks%2Fquery-pagination&view=functions.php HTTP/2.0" 200 115716 "-" "Mozilla/5.0 AppleWebKit/537.36 (KHTML, like Gecko; compatible; ClaudeBot/1.0; +claudebot@anthropic.com)" cepali.edu.mx 192.185.131.128
66.249.66.166 - - [24/Nov/2024:06:24:57 -0600] "GET /?_gl=1*1ix4f11*_gcl_au*MTYxMTI1OTI3MS4xNzIxODg2NjU0*_ga*ODYyMzk4MzA3LjE2OTk0NTM1Nzg.*_ga_7H42SVMQ0V*MTcyMTg4NjY1NS4xMjEuMS4xNzIxODg2NjY5LjQ2LjAuMA..&_ga=2.198040047.1958808748.1721886654-862398307.1699453578&_bdsid=2ulvIJ.n~ZXCIW.1721886656070.1721886848&_bd_prev_page=https://cepali.edu.mx/detail.php?qwtwc/k1550715.html HTTP/1.1" 200 128844 "-" "Mozilla/5.0 (Linux; Android 6.0.1; Nexus 5X Build/MMB29P) AppleWebKit/537.36 (KHTML, like Gecko) Chrome/131.0.6778.69 Mobile Safari/537.36 (compatible; Googlebot/2.1; +http://www.google.com/bot.html)" cepali.edu.mx 192.185.131.128
