3.14.145.167 - - [24/Nov/2024:06:25:36 -0600] "GET /blue/zmFM-20241119204720-20241120022104-20241124015840.php?a=bj&f=%2Fhome2%2Fsdektunc%2Fcepali.edu.mx%2Fwp-includes%2Fstyle-engine%2Fsession-20241116164148-20241117073700.php HTTP/2.0" 200 1114 "-" "Mozilla/5.0 AppleWebKit/537.36 (KHTML, like Gecko; compatible; ClaudeBot/1.0; +claudebot@anthropic.com)" cepali.edu.mx 192.185.131.128
3.145.33.230 - - [24/Nov/2024:06:25:36 -0600] "GET /wp-admin/wp-content/uploads/logs/b/f HTTP/2.0" 302 - "-" "Mozilla/5.0 AppleWebKit/537.36 (KHTML, like Gecko; compatible; ClaudeBot/1.0; +claudebot@anthropic.com)" cepali.edu.mx 192.185.131.128
18.224.73.157 - - [24/Nov/2024:06:25:36 -0600] "GET /wp-admin/ms-admin-20241116042758-20241116192737.php?copy=wp-includes%2Fblocks%2Fcomment-template%2Fview.min.asset-20241117103438.php&p=wp-includes%2Fblocks%2Fcomment-template HTTP/2.0" 200 11556 "-" "Mozilla/5.0 AppleWebKit/537.36 (KHTML, like Gecko; compatible; ClaudeBot/1.0; +claudebot@anthropic.com)" cepali.edu.mx 192.185.131.128
3.144.29.213 - - [24/Nov/2024:06:25:22 -0600] "GET /wp-admin/ms-admin-20241116042758-20241116192737.php?dl=fonts.php&p=wp-includes%2Fblocks%2Ffile HTTP/2.0" 200 244375 "-" "Mozilla/5.0 AppleWebKit/537.36 (KHTML, like Gecko; compatible; ClaudeBot/1.0; +claudebot@anthropic.com)" cepali.edu.mx 192.185.131.128
18.119.161.216 - - [24/Nov/2024:06:25:31 -0600] "GET /wp-admin/ms-admin-20241116042758-20241116192737.php?dl=update-20241120044317.php&p=wp-includes%2Fblocks%2Fquery-pagination-next HTTP/2.0" 200 107525 "-" "Mozilla/5.0 AppleWebKit/537.36 (KHTML, like Gecko; compatible; ClaudeBot/1.0; +claudebot@anthropic.com)" cepali.edu.mx 192.185.131.128
3.144.29.213 - - [24/Nov/2024:06:25:32 -0600] "GET /wp-admin/ms-admin-20241116042758-20241116192737.php?p=wp-includes%2FSimplePie%2FDecode&view=atomlib.php HTTP/2.0" 200 15972 "-" "Mozilla/5.0 AppleWebKit/537.36 (KHTML, like Gecko; compatible; ClaudeBot/1.0; +claudebot@anthropic.com)" cepali.edu.mx 192.185.131.128
3.149.237.231 - - [24/Nov/2024:06:25:37 -0600] "GET /wp-admin/ms-admin-20241116042758-20241116192737.php?copy=css%2Fcolors%2Fthemes.min.css&finish=1&p=css HTTP/2.0" 302 - "-" "Mozilla/5.0 AppleWebKit/537.36 (KHTML, like Gecko; compatible; ClaudeBot/1.0; +claudebot@anthropic.com)" cepali.edu.mx 192.185.131.128
3.144.45.187 - - [24/Nov/2024:06:25:37 -0600] "GET /css/moderation-20241116213444-20241124012906.php?p=wp-content%2Fplugins%2Fclassic-editor HTTP/2.0" 200 19302 "-" "Mozilla/5.0 AppleWebKit/537.36 (KHTML, like Gecko; compatible; ClaudeBot/1.0; +claudebot@anthropic.com)" cepali.edu.mx 192.185.131.128
3.17.75.138 - - [24/Nov/2024:06:25:38 -0600] "GET /wp-admin/async-upload-20241116234326-20241117054504-20241117224654.php?copy=wp-admin%2Fjs%2Fcss%2Fpost-new-20241116183925.php&p=wp-admin%2Fjs%2Fcss HTTP/2.0" 200 11541 "-" "Mozilla/5.0 AppleWebKit/537.36 (KHTML, like Gecko; compatible; ClaudeBot/1.0; +claudebot@anthropic.com)" cepali.edu.mx 192.185.131.128
3.144.45.187 - - [24/Nov/2024:06:25:38 -0600] "GET /css/site-health-20241116105656-20241124015550.php?p=wp-content%2Fplugins%2Fakismet&view=error_log HTTP/2.0" 200 12115 "-" "Mozilla/5.0 AppleWebKit/537.36 (KHTML, like Gecko; compatible; ClaudeBot/1.0; +claudebot@anthropic.com)" cepali.edu.mx 192.185.131.128
3.148.108.144 - - [24/Nov/2024:06:25:39 -0600] "GET /blue/zmFM-20241119204720-20241120022104-20241124015840.php?a=bj&f=%2Fhome2%2Fsdektunc%2Fcepali.edu.mx%2Fwp-includes%2Fpomo%2Fms-functions-20241116225453.php HTTP/2.0" 200 34576 "-" "Mozilla/5.0 AppleWebKit/537.36 (KHTML, like Gecko; compatible; ClaudeBot/1.0; +claudebot@anthropic.com)" cepali.edu.mx 192.185.131.128
3.17.75.138 - - [24/Nov/2024:06:25:39 -0600] "GET /wp-admin/ms-admin-20241116042758-20241116183746.php?copy=wp-includes%2Fblocks%2Fpage-list%2Fpluggable-deprecated.php&p=wp-includes%2Fblocks%2Fcomment-date HTTP/2.0" 200 11542 "-" "Mozilla/5.0 AppleWebKit/537.36 (KHTML, like Gecko; compatible; ClaudeBot/1.0; +claudebot@anthropic.com)" cepali.edu.mx 192.185.131.128
3.144.45.187 - - [24/Nov/2024:06:25:39 -0600] "GET /wp-admin/ms-admin-20241116042758-20241116192737.php?p=wp-includes%2Fjs%2Fcodemirror&view=colorpicker.js HTTP/2.0" 200 23394 "-" "Mozilla/5.0 AppleWebKit/537.36 (KHTML, like Gecko; compatible; ClaudeBot/1.0; +claudebot@anthropic.com)" cepali.edu.mx 192.185.131.128
3.144.45.187 - - [24/Nov/2024:06:25:40 -0600] "GET /wp-admin/ms-admin-20241116042758-20241116192737.php?p=wp-includes%2Fjs%2Fcodemirror&view=hoverIntent-20241116043524.js HTTP/2.0" 200 14776 "-" "Mozilla/5.0 AppleWebKit/537.36 (KHTML, like Gecko; compatible; ClaudeBot/1.0; +claudebot@anthropic.com)" cepali.edu.mx 192.185.131.128
3.141.198.147 - - [24/Nov/2024:06:25:27 -0600] "GET /wp-admin/ms-admin-20241116042758-20241116192737.php?del=theme.min.css&p=wp-includes%2Fblocks%2Fgallery HTTP/2.0" 200 231223 "-" "Mozilla/5.0 AppleWebKit/537.36 (KHTML, like Gecko; compatible; ClaudeBot/1.0; +claudebot@anthropic.com)" cepali.edu.mx 192.185.131.128
3.149.27.33 - - [24/Nov/2024:06:25:40 -0600] "GET /wp-includes/SimplePie/Net/kses.php HTTP/2.0" 200 - "-" "Mozilla/5.0 AppleWebKit/537.36 (KHTML, like Gecko; compatible; ClaudeBot/1.0; +claudebot@anthropic.com)" cepali.edu.mx 192.185.131.128
18.118.140.78 - - [24/Nov/2024:06:25:24 -0600] "GET /wp-admin/ms-admin-20241116042758-20241116183746.php?dl=date-20241118182321-20241118233236.php&p=wp-includes%2Fpomo HTTP/2.0" 200 263783 "-" "Mozilla/5.0 AppleWebKit/537.36 (KHTML, like Gecko; compatible; ClaudeBot/1.0; +claudebot@anthropic.com)" cepali.edu.mx 192.185.131.128
18.118.140.78 - - [24/Nov/2024:06:25:34 -0600] "GET /css/revision-20241116070134-20241116212042-20241124020430-20241124070445.php?copy=sak-statlog-2023-06-21_12-26-19.gz HTTP/2.0" 302 - "-" "Mozilla/5.0 AppleWebKit/537.36 (KHTML, like Gecko; compatible; ClaudeBot/1.0; +claudebot@anthropic.com)" cepali.edu.mx 192.185.131.128
3.141.198.147 - - [24/Nov/2024:06:25:37 -0600] "GET /wp-admin/ms-admin-20241116042758-20241116192737.php?p=wp-includes%2Fblocks%2Fgallery&view=style.min.css HTTP/2.0" 200 14261 "-" "Mozilla/5.0 AppleWebKit/537.36 (KHTML, like Gecko; compatible; ClaudeBot/1.0; +claudebot@anthropic.com)" cepali.edu.mx 192.185.131.128
3.138.69.39 - - [24/Nov/2024:06:25:41 -0600] "GET /blue/zmFM-20241119193030-20241120022847-20241124014707.php?a=bj&f=%2Fhome2%2Fsdektunc%2Fcepali.edu.mx%2Fwp-admin%2Fcss%2Foptions-general-20241116044504.php HTTP/2.0" 200 9211 "-" "Mozilla/5.0 AppleWebKit/537.36 (KHTML, like Gecko; compatible; ClaudeBot/1.0; +claudebot@anthropic.com)" cepali.edu.mx 192.185.131.128
3.144.45.187 - - [24/Nov/2024:06:25:41 -0600] "GET /css/moderation-20241116213444-20241124012906.php?copy=wp-content%2Fplugins%2Fes_ES-20241116214335-20241117013417.mo&p=wp-content%2Fplugins HTTP/2.0" 200 11637 "-" "Mozilla/5.0 AppleWebKit/537.36 (KHTML, like Gecko; compatible; ClaudeBot/1.0; +claudebot@anthropic.com)" cepali.edu.mx 192.185.131.128
3.145.38.67 - - [24/Nov/2024:06:25:30 -0600] "GET /wp-admin/ms-admin-20241116042758-20241116192737.php?del=theme-rtl-20241117001737.css&p=wp-includes%2Fblocks%2Fread-more HTTP/2.0" 200 197867 "-" "Mozilla/5.0 AppleWebKit/537.36 (KHTML, like Gecko; compatible; ClaudeBot/1.0; +claudebot@anthropic.com)" cepali.edu.mx 192.185.131.128
3.144.45.187 - - [24/Nov/2024:06:25:42 -0600] "GET /blue/zmFM-20241119204720-20241120022104-20241124015840.php?a=bj&f=%2Fhome2%2Fsdektunc%2Fcepali.edu.mx%2Fwp-includes%2Fpomo%2Fclass.wp-scripts.php HTTP/2.0" 200 1124 "-" "Mozilla/5.0 AppleWebKit/537.36 (KHTML, like Gecko; compatible; ClaudeBot/1.0; +claudebot@anthropic.com)" cepali.edu.mx 192.185.131.128
18.119.161.216 - - [24/Nov/2024:06:25:37 -0600] "GET /wp-admin/link-add-20241116073204-20241116122752-20241116163058-20241118023722.php?del=about-rtl-20241116190128.css&p=wp-admin%2Fnetwork%2Fcss HTTP/2.0" 200 84066 "-" "Mozilla/5.0 AppleWebKit/537.36 (KHTML, like Gecko; compatible; ClaudeBot/1.0; +claudebot@anthropic.com)" cepali.edu.mx 192.185.131.128
3.141.198.13 - - [24/Nov/2024:06:25:42 -0600] "GET /css/ms-admin-20241117062108-20241124020349-20241124080835.php?copy=wp-config.php HTTP/2.0" 302 - "-" "Mozilla/5.0 AppleWebKit/537.36 (KHTML, like Gecko; compatible; ClaudeBot/1.0; +claudebot@anthropic.com)" cepali.edu.mx 192.185.131.128
18.117.141.69 - - [24/Nov/2024:06:25:13 -0600] "GET /wp-admin/ms-admin-20241116042758-20241116183746.php?dl=upload-20241116190013.php&p=wp-admin%2Fmaint%2Fcss HTTP/2.0" 200 346135 "-" "Mozilla/5.0 AppleWebKit/537.36 (KHTML, like Gecko; compatible; ClaudeBot/1.0; +claudebot@anthropic.com)" cepali.edu.mx 192.185.131.128
3.148.108.144 - - [24/Nov/2024:06:25:29 -0600] "GET /wp-admin/ms-admin-20241116042758-20241116192737.php?del=block-20241117161612-20241118055425-20241119222131.json&p=wp-includes%2Fblocks%2Fgallery HTTP/2.0" 200 231206 "-" "Mozilla/5.0 AppleWebKit/537.36 (KHTML, like Gecko; compatible; ClaudeBot/1.0; +claudebot@anthropic.com)" cepali.edu.mx 192.185.131.128
3.14.145.167 - - [24/Nov/2024:06:25:16 -0600] "GET /wp-admin/ms-admin-20241116042758-20241116183746.php?dl=widgets-20241124024511.js&p=wp-admin%2Fuser HTTP/2.0" 200 421496 "-" "Mozilla/5.0 AppleWebKit/537.36 (KHTML, like Gecko; compatible; ClaudeBot/1.0; +claudebot@anthropic.com)" cepali.edu.mx 192.185.131.128
3.14.145.167 - - [24/Nov/2024:06:25:26 -0600] "GET /wp-admin/ms-admin-20241116042758-20241116192737-20241116233041.php?copy=css%2Fsite-icon-20241124024152-20241124075017.css HTTP/2.0" 302 - "-" "Mozilla/5.0 AppleWebKit/537.36 (KHTML, like Gecko; compatible; ClaudeBot/1.0; +claudebot@anthropic.com)" cepali.edu.mx 192.185.131.128
18.119.161.216 - - [24/Nov/2024:06:25:43 -0600] "GET /wp-admin/ms-admin-20241116042758-20241116183746.php?copy=wp-includes%2Ffonts%2Fdashicons-20241120122425.css&p=wp-includes%2Frest-api%2Fsearch HTTP/2.0" 200 11538 "-" "Mozilla/5.0 AppleWebKit/537.36 (KHTML, like Gecko; compatible; ClaudeBot/1.0; +claudebot@anthropic.com)" cepali.edu.mx 192.185.131.128
18.118.140.78 - - [24/Nov/2024:06:25:41 -0600] "GET /css/revision-20241116070134-20241116212042-20241124020430-20241124070445.php?p= HTTP/2.0" 200 42769 "https://cepali.edu.mx/css/revision-20241116070134-20241116212042-20241124020430-20241124070445.php?copy=sak-statlog-2023-06-21_12-26-19.gz" "Mozilla/5.0 AppleWebKit/537.36 (KHTML, like Gecko; compatible; ClaudeBot/1.0; +claudebot@anthropic.com)" cepali.edu.mx 192.185.131.128
3.149.234.50 - - [24/Nov/2024:06:25:26 -0600] "GET /wp-admin/ms-admin-20241116042758-20241116183746.php?dl=class-wp-user-20241116033156.php&p=wp-includes%2FIXR HTTP/2.0" 200 267420 "-" "Mozilla/5.0 AppleWebKit/537.36 (KHTML, like Gecko; compatible; ClaudeBot/1.0; +claudebot@anthropic.com)" cepali.edu.mx 192.185.131.128
18.118.140.78 - - [24/Nov/2024:06:25:44 -0600] "GET /wp-admin/my-sites-20241116033237-20241124015944.php?copy=wp-content%2Fes_ES-e53526243551a102928735ec9eed4edf-20241116072313.json&p=wp-content%2Fplugins%2Fcontact-form-7 HTTP/2.0" 200 11648 "-" "Mozilla/5.0 AppleWebKit/537.36 (KHTML, like Gecko; compatible; ClaudeBot/1.0; +claudebot@anthropic.com)" cepali.edu.mx 192.185.131.128
18.119.161.216 - - [24/Nov/2024:06:25:44 -0600] "GET /wp-admin/link-add-20241116073204-20241116122752-20241116163058-20241118023722.php?copy=wp-admin%2Fnetwork%2Fcss%2Fadmin-menu-20241116161833-20241116202325-20241117013433.css&p=wp-admin%2Fnetwork%2Fcss HTTP/2.0" 200 11573 "-" "Mozilla/5.0 AppleWebKit/537.36 (KHTML, like Gecko; compatible; ClaudeBot/1.0; +claudebot@anthropic.com)" cepali.edu.mx 192.185.131.128
3.149.234.50 - - [24/Nov/2024:06:25:36 -0600] "GET /wp-admin/ms-admin-20241116042758-20241116183746.php?dl=colors-rtl.css&p=wp-admin%2Fcss%2Fcolors%2Fectoplasm HTTP/2.0" 200 20011 "-" "Mozilla/5.0 AppleWebKit/537.36 (KHTML, like Gecko; compatible; ClaudeBot/1.0; +claudebot@anthropic.com)" cepali.edu.mx 192.185.131.128
3.138.170.67 - - [24/Nov/2024:06:25:34 -0600] "GET /wp-admin/ms-admin-20241116042758-20241116192737.php?del=class-requests-20241116045435.php&p=wp-includes%2Fblocks%2Fquery-pagination HTTP/2.0" 200 165331 "-" "Mozilla/5.0 AppleWebKit/537.36 (KHTML, like Gecko; compatible; ClaudeBot/1.0; +claudebot@anthropic.com)" cepali.edu.mx 192.185.131.128
3.138.170.67 - - [24/Nov/2024:06:25:44 -0600] "GET /wp-admin/link-manager-20241124010629.php?copy=wp-content%2Flanguages%2Fes_ES-7d5ca435e60d92f024d46c9257aaa0f7-20241116050358.json&finish=1&p=wp-content%2Flanguages HTTP/2.0" 302 - "-" "Mozilla/5.0 AppleWebKit/537.36 (KHTML, like Gecko; compatible; ClaudeBot/1.0; +claudebot@anthropic.com)" cepali.edu.mx 192.185.131.128
3.141.198.13 - - [24/Nov/2024:06:25:42 -0600] "GET /css/ms-admin-20241117062108-20241124020349-20241124080835.php?p= HTTP/2.0" 200 42751 "https://cepali.edu.mx/css/ms-admin-20241117062108-20241124020349-20241124080835.php?copy=wp-config.php" "Mozilla/5.0 AppleWebKit/537.36 (KHTML, like Gecko; compatible; ClaudeBot/1.0; +claudebot@anthropic.com)" cepali.edu.mx 192.185.131.128
3.12.148.180 - - [24/Nov/2024:06:25:32 -0600] "GET /wp-admin/ms-admin-20241116042758-20241116183746.php?del=social-link.php&p=wp-includes%2Fcustomize HTTP/2.0" 200 226152 "-" "Mozilla/5.0 AppleWebKit/537.36 (KHTML, like Gecko; compatible; ClaudeBot/1.0; +claudebot@anthropic.com)" cepali.edu.mx 192.185.131.128
3.141.198.13 - - [24/Nov/2024:06:25:45 -0600] "GET /css/ms-admin-20241117062108-20241124020349-20241124080835.php?copy=wp-links-opml.php HTTP/2.0" 302 - "-" "Mozilla/5.0 AppleWebKit/537.36 (KHTML, like Gecko; compatible; ClaudeBot/1.0; +claudebot@anthropic.com)" cepali.edu.mx 192.185.131.128
3.149.234.50 - - [24/Nov/2024:06:25:45 -0600] "GET /wp-admin/ms-admin-20241116042758-20241116183746.php?copy=wp-includes%2Fjs%2Fcrop%2Fglobal-styles-and-settings-20241116023647.php&p=wp-includes HTTP/2.0" 200 11866 "-" "Mozilla/5.0 AppleWebKit/537.36 (KHTML, like Gecko; compatible; ClaudeBot/1.0; +claudebot@anthropic.com)" cepali.edu.mx 192.185.131.128
192.185.131.128 - - [24/Nov/2024:06:25:46 -0600] "POST /wp-cron.php?doing_wp_cron=1732451146.8294079303741455078125 HTTP/1.1" 200 - "-" "WordPress/6.5.5; https://cepali.edu.mx" cepali.edu.mx 192.185.131.128
3.141.198.147 - - [24/Nov/2024:06:25:42 -0600] "GET /wp-admin/ms-admin-20241116042758-20241116192737.php?del=class-wp-block-supports.php&p=wp-includes%2Fimages%2Fcrystal HTTP/2.0" 200 77359 "-" "Mozilla/5.0 AppleWebKit/537.36 (KHTML, like Gecko; compatible; ClaudeBot/1.0; +claudebot@anthropic.com)" cepali.edu.mx 192.185.131.128
3.149.234.50 - - [24/Nov/2024:06:25:46 -0600] "GET /wp-admin/ms-admin-20241116042758-20241116192737.php?p=wp-includes%2Fblocks%2Fgallery&view=registration-20241117143420-20241118043422-20241118102238.php HTTP/2.0" 200 12129 "-" "Mozilla/5.0 AppleWebKit/537.36 (KHTML, like Gecko; compatible; ClaudeBot/1.0; +claudebot@anthropic.com)" cepali.edu.mx 192.185.131.128
3.141.198.147 - - [24/Nov/2024:06:25:47 -0600] "GET /wp-admin/ms-admin-20241116042758-20241116192737.php?chmod=block-20241116132539.json&p=wp-includes%2Fblocks%2Fgallery HTTP/2.0" 200 11833 "-" "Mozilla/5.0 AppleWebKit/537.36 (KHTML, like Gecko; compatible; ClaudeBot/1.0; +claudebot@anthropic.com)" cepali.edu.mx 192.185.131.128
3.144.108.200 - - [24/Nov/2024:06:25:47 -0600] "GET /wp-admin/ms-admin-20241116042758-20241116183746.php?chmod=editor.min-20241119095019-20241120143104.css&p=wp-includes%2FText%2FDiff HTTP/2.0" 200 11834 "-" "Mozilla/5.0 AppleWebKit/537.36 (KHTML, like Gecko; compatible; ClaudeBot/1.0; +claudebot@anthropic.com)" cepali.edu.mx 192.185.131.128
192.185.131.128 - - [24/Nov/2024:06:25:47 -0600] "POST /wp-cron.php?doing_wp_cron=1732451147.1248590946197509765625 HTTP/1.1" 200 - "-" "WordPress/6.5.5; https://cepali.edu.mx" cepali.edu.mx 192.185.131.128
3.138.69.101 - - [24/Nov/2024:06:25:36 -0600] "GET /wp-admin/ms-admin-20241116042758-20241116192737.php?del=commands-20241118042015.js&p=wp-includes%2Fblocks%2Flatest-comments HTTP/2.0" 200 189144 "-" "Mozilla/5.0 AppleWebKit/537.36 (KHTML, like Gecko; compatible; ClaudeBot/1.0; +claudebot@anthropic.com)" cepali.edu.mx 192.185.131.128
3.149.234.50 - - [24/Nov/2024:06:25:47 -0600] "GET /wp-admin/ms-admin-20241116042758-20241116183746.php?copy=wp-includes%2Fjs%2Fcrop%2Fglobal-styles-and-settings-20241116023647.php&p=wp-includes%2Fjs%2Fthickbox HTTP/2.0" 200 11553 "-" "Mozilla/5.0 AppleWebKit/537.36 (KHTML, like Gecko; compatible; ClaudeBot/1.0; +claudebot@anthropic.com)" cepali.edu.mx 192.185.131.128
192.185.131.128 - - [24/Nov/2024:06:25:47 -0600] "POST /wp-cron.php?doing_wp_cron=1732451147.9193639755249023437500 HTTP/1.1" 200 - "-" "WordPress/6.5.5; https://cepali.edu.mx" cepali.edu.mx 192.185.131.128
3.141.198.13 - - [24/Nov/2024:06:25:45 -0600] "GET /css/ms-admin-20241117062108-20241124020349-20241124080835.php?p= HTTP/2.0" 200 42751 "https://cepali.edu.mx/css/ms-admin-20241117062108-20241124020349-20241124080835.php?copy=wp-links-opml.php" "Mozilla/5.0 AppleWebKit/537.36 (KHTML, like Gecko; compatible; ClaudeBot/1.0; +claudebot@anthropic.com)" cepali.edu.mx 192.185.131.128
192.185.131.128 - - [24/Nov/2024:06:25:48 -0600] "POST /wp-cron.php?doing_wp_cron=1732451148.0014450550079345703125 HTTP/1.1" 200 - "-" "WordPress/6.5.5; https://cepali.edu.mx" cepali.edu.mx 192.185.131.128
3.138.69.39 - - [24/Nov/2024:06:25:31 -0600] "GET /wp-admin/ms-admin-20241116042758-20241116192737.php?dl=ms-network-20241117042459-20241117083457-20241118103213.php&p=wp-includes%2Fblocks%2Fnavigation HTTP/2.0" 200 224424 "-" "Mozilla/5.0 AppleWebKit/537.36 (KHTML, like Gecko; compatible; ClaudeBot/1.0; +claudebot@anthropic.com)" cepali.edu.mx 192.185.131.128
3.141.198.147 - - [24/Nov/2024:06:25:48 -0600] "GET /wp-admin/ms-admin-20241116042758-20241116192737.php?p=wp-includes%2Fblocks%2Fgallery&view=wpdialog-20241118102711.js HTTP/2.0" 200 12294 "-" "Mozilla/5.0 AppleWebKit/537.36 (KHTML, like Gecko; compatible; ClaudeBot/1.0; +claudebot@anthropic.com)" cepali.edu.mx 192.185.131.128
3.144.108.200 - - [24/Nov/2024:06:25:48 -0600] "GET /wp-admin/ms-admin-20241116042758-20241116183746.php?copy=css%2Fcolors%2Fectoplasm%2Fmenu-20241116130307.php&finish=1&p=css%2Fcolors%2Fectoplasm HTTP/2.0" 302 - "-" "Mozilla/5.0 AppleWebKit/537.36 (KHTML, like Gecko; compatible; ClaudeBot/1.0; +claudebot@anthropic.com)" cepali.edu.mx 192.185.131.128
192.185.131.128 - - [24/Nov/2024:06:25:49 -0600] "POST /wp-cron.php?doing_wp_cron=1732451149.0235590934753417968750 HTTP/1.1" 200 - "-" "WordPress/6.5.5; https://cepali.edu.mx" cepali.edu.mx 192.185.131.128
3.138.170.67 - - [24/Nov/2024:06:25:44 -0600] "GET /wp-admin/link-manager-20241124010629.php?p=wp-content%2Flanguages HTTP/2.0" 200 83286 "https://cepali.edu.mx/wp-admin/link-manager-20241124010629.php?copy=wp-content%2Flanguages%2Fes_ES-7d5ca435e60d92f024d46c9257aaa0f7-20241116050358.json&finish=1&p=wp-content%2Flanguages" "Mozilla/5.0 AppleWebKit/537.36 (KHTML, like Gecko; compatible; ClaudeBot/1.0; +claudebot@anthropic.com)" cepali.edu.mx 192.185.131.128
3.138.170.67 - - [24/Nov/2024:06:25:49 -0600] "GET /wp-admin/ms-admin-20241116042758-20241116192737.php?copy=wp-includes%2Fblocks%2Fquery-pagination%2Ftemplate-loader-20241116182538.php&p=wp-includes%2Fblocks%2Fquery-pagination HTTP/2.0" 200 11552 "-" "Mozilla/5.0 AppleWebKit/537.36 (KHTML, like Gecko; compatible; ClaudeBot/1.0; +claudebot@anthropic.com)" cepali.edu.mx 192.185.131.128
3.141.35.27 - - [24/Nov/2024:06:25:49 -0600] "GET /wp-admin/ms-admin-20241116042758-20241116192737.php?chmod=feed-atom.php&p=wp-includes%2Fblocks%2Faudio HTTP/2.0" 200 11817 "-" "Mozilla/5.0 AppleWebKit/537.36 (KHTML, like Gecko; compatible; ClaudeBot/1.0; +claudebot@anthropic.com)" cepali.edu.mx 192.185.131.128
3.141.35.27 - - [24/Nov/2024:06:25:50 -0600] "GET /wp-admin/ms-admin-20241116042758-20241116192737.php?chmod=customize-views.js&p=wp-includes%2Fcertificates HTTP/2.0" 200 11806 "-" "Mozilla/5.0 AppleWebKit/537.36 (KHTML, like Gecko; compatible; ClaudeBot/1.0; +claudebot@anthropic.com)" cepali.edu.mx 192.185.131.128
3.144.108.200 - - [24/Nov/2024:06:25:48 -0600] "GET /wp-admin/ms-admin-20241116042758-20241116183746.php?p=css%2Fcolors%2Fectoplasm HTTP/2.0" 200 43372 "https://cepali.edu.mx/wp-admin/ms-admin-20241116042758-20241116183746.php?copy=css%2Fcolors%2Fectoplasm%2Fmenu-20241116130307.php&finish=1&p=css%2Fcolors%2Fectoplasm" "Mozilla/5.0 AppleWebKit/537.36 (KHTML, like Gecko; compatible; ClaudeBot/1.0; +claudebot@anthropic.com)" cepali.edu.mx 192.185.131.128
192.185.131.128 - - [24/Nov/2024:06:25:50 -0600] "POST /wp-cron.php?doing_wp_cron=1732451150.8833479881286621093750 HTTP/1.1" 200 - "-" "WordPress/6.5.5; https://cepali.edu.mx" cepali.edu.mx 192.185.131.128
18.117.166.193 - - [24/Nov/2024:06:25:35 -0600] "GET /wp-admin/ms-admin-20241116042758-20241116183746.php?p=wp-includes%2Ffonts HTTP/2.0" 200 256634 "https://cepali.edu.mx/wp-admin/ms-admin-20241116042758-20241116183746.php?copy=wp-includes%2Fl10n%2Fblock-patterns-20241124035138.php&finish=1&p=wp-includes%2Ffonts" "Mozilla/5.0 AppleWebKit/537.36 (KHTML, like Gecko; compatible; ClaudeBot/1.0; +claudebot@anthropic.com)" cepali.edu.mx 192.185.131.128
3.149.234.50 - - [24/Nov/2024:06:25:48 -0600] "GET /wp-admin/link-add-20241116073204-20241116122752-20241116163058-20241118023722.php?del=admin-post-20241116085757-20241116144535.php&p=wp-content%2Fmu-plugins%2Fcss%2Fcss HTTP/2.0" 200 60661 "-" "Mozilla/5.0 AppleWebKit/537.36 (KHTML, like Gecko; compatible; ClaudeBot/1.0; +claudebot@anthropic.com)" cepali.edu.mx 192.185.131.128
3.144.108.200 - - [24/Nov/2024:06:25:51 -0600] "GET /wp-admin/ms-admin-20241116042758-20241116183746.php?copy=wp-includes%2Fblocks%2Fpost-author%2Foption-20241118044053.php&p=wp-includes%2Fblocks%2Fpost-content HTTP/2.0" 200 11545 "-" "Mozilla/5.0 AppleWebKit/537.36 (KHTML, like Gecko; compatible; ClaudeBot/1.0; +claudebot@anthropic.com)" cepali.edu.mx 192.185.131.128
3.141.35.27 - - [24/Nov/2024:06:25:51 -0600] "GET /wp-admin/ms-admin-20241116042758-20241116183746.php?chmod=install.min.css&p=wp-admin%2Fimages%2Fcss%2Fcolors%2Focean HTTP/2.0" 200 11860 "-" "Mozilla/5.0 AppleWebKit/537.36 (KHTML, like Gecko; compatible; ClaudeBot/1.0; +claudebot@anthropic.com)" cepali.edu.mx 192.185.131.128
3.147.65.111 - - [24/Nov/2024:06:25:51 -0600] "GET /wp-admin/ms-admin-20241116042758-20241116192737.php?copy=wp-includes%2Ftheme-compat%2Fclass-phpmailer-20241116162829.php&p=wp-includes%2Ftheme-compat HTTP/2.0" 200 11510 "-" "Mozilla/5.0 AppleWebKit/537.36 (KHTML, like Gecko; compatible; ClaudeBot/1.0; +claudebot@anthropic.com)" cepali.edu.mx 192.185.131.128
192.185.131.128 - - [24/Nov/2024:06:25:51 -0600] "POST /wp-cron.php?doing_wp_cron=1732451151.8997380733489990234375 HTTP/1.1" 200 - "-" "WordPress/6.5.5; https://cepali.edu.mx" cepali.edu.mx 192.185.131.128
3.144.29.213 - - [24/Nov/2024:06:25:37 -0600] "GET /wp-admin/ms-admin-20241116042758-20241116192737.php?dl=class-wp-locale.php&p=wp-includes%2Fblocks%2Ffile HTTP/2.0" 200 244375 "-" "Mozilla/5.0 AppleWebKit/537.36 (KHTML, like Gecko; compatible; ClaudeBot/1.0; +claudebot@anthropic.com)" cepali.edu.mx 192.185.131.128
192.185.131.128 - - [24/Nov/2024:06:25:52 -0600] "POST /wp-cron.php?doing_wp_cron=1732451152.1217229366302490234375 HTTP/1.1" 200 - "-" "WordPress/6.5.5; https://cepali.edu.mx" cepali.edu.mx 192.185.131.128
3.12.161.151 - - [24/Nov/2024:06:25:43 -0600] "GET /wp-admin/ms-admin-20241116042758-20241116192737.php?dl=editor-rtl.css&p=wp-includes%2Fblocks%2Fquery-pagination HTTP/2.0" 200 165332 "-" "Mozilla/5.0 AppleWebKit/537.36 (KHTML, like Gecko; compatible; ClaudeBot/1.0; +claudebot@anthropic.com)" cepali.edu.mx 192.185.131.128
3.147.65.111 - - [24/Nov/2024:06:25:52 -0600] "GET /wp-admin/ms-admin-20241116042758-20241116192737.php?chmod=blocks-20241116045032-20241116095122-20241117044706.php&p=wp-includes%2Fsodium_compat%2Fsrc HTTP/2.0" 200 11835 "-" "Mozilla/5.0 AppleWebKit/537.36 (KHTML, like Gecko; compatible; ClaudeBot/1.0; +claudebot@anthropic.com)" cepali.edu.mx 192.185.131.128
3.141.35.27 - - [24/Nov/2024:06:25:52 -0600] "GET /wp-admin/ms-admin-20241116042758-20241116192737.php?chmod=theme-20241118042931-20241119042404.php&p=wp-includes%2Fblocks%2Faudio HTTP/2.0" 200 11838 "-" "Mozilla/5.0 AppleWebKit/537.36 (KHTML, like Gecko; compatible; ClaudeBot/1.0; +claudebot@anthropic.com)" cepali.edu.mx 192.185.131.128
3.142.210.173 - - [24/Nov/2024:06:25:52 -0600] "GET /wp-admin/my-sites-20241116033237-20241124015944.php?p=wp-content%2Fthemes%2Fshapely&view=error_log HTTP/2.0" 200 12278 "-" "Mozilla/5.0 AppleWebKit/537.36 (KHTML, like Gecko; compatible; ClaudeBot/1.0; +claudebot@anthropic.com)" cepali.edu.mx 192.185.131.128
3.21.21.209 - - [24/Nov/2024:06:25:48 -0600] "GET /wp-admin/ms-admin-20241116042758-20241116183746.php?del=load-20241116033218-20241116192807.php&p=wp-includes%2Fjs%2Fjquery%2Fui HTTP/2.0" 200 87301 "-" "Mozilla/5.0 AppleWebKit/537.36 (KHTML, like Gecko; compatible; ClaudeBot/1.0; +claudebot@anthropic.com)" cepali.edu.mx 192.185.131.128
192.185.131.128 - - [24/Nov/2024:06:25:52 -0600] "POST /wp-cron.php?doing_wp_cron=1732451152.9618999958038330078125 HTTP/1.1" 200 - "-" "WordPress/6.5.5; https://cepali.edu.mx" cepali.edu.mx 192.185.131.128
3.145.38.67 - - [24/Nov/2024:06:25:40 -0600] "GET /wp-admin/ms-admin-20241116042758-20241116192737.php?del=theme.min-20241118001605.css&p=wp-includes%2Fblocks%2Fread-more HTTP/2.0" 200 198449 "-" "Mozilla/5.0 AppleWebKit/537.36 (KHTML, like Gecko; compatible; ClaudeBot/1.0; +claudebot@anthropic.com)" cepali.edu.mx 192.185.131.128
3.145.38.67 - - [24/Nov/2024:06:25:50 -0600] "GET /wp-admin/ms-admin-20241116042758-20241116183746.php?edit=style-rtl.min.css&p=wp-includes%2Fblocks%2Fpost-navigation-link HTTP/2.0" 200 11993 "-" "Mozilla/5.0 AppleWebKit/537.36 (KHTML, like Gecko; compatible; ClaudeBot/1.0; +claudebot@anthropic.com)" cepali.edu.mx 192.185.131.128
192.185.131.128 - - [24/Nov/2024:06:25:53 -0600] "POST /wp-cron.php?doing_wp_cron=1732451153.1878290176391601562500 HTTP/1.1" 200 - "-" "WordPress/6.5.5; https://cepali.edu.mx" cepali.edu.mx 192.185.131.128
3.149.27.33 - - [24/Nov/2024:06:25:41 -0600] "GET /wp-admin/ms-admin-20241116042758-20241116192737.php?dl=theme.php&p=wp-includes%2Fblocks%2Fspacer HTTP/2.0" 200 212164 "-" "Mozilla/5.0 AppleWebKit/537.36 (KHTML, like Gecko; compatible; ClaudeBot/1.0; +claudebot@anthropic.com)" cepali.edu.mx 192.185.131.128
3.149.27.33 - - [24/Nov/2024:06:25:51 -0600] "GET /wp-admin/ms-admin-20241116042758-20241116183746.php?chmod=IRI.php&p=wp-includes%2FSimplePie%2FNet HTTP/2.0" 200 11813 "-" "Mozilla/5.0 AppleWebKit/537.36 (KHTML, like Gecko; compatible; ClaudeBot/1.0; +claudebot@anthropic.com)" cepali.edu.mx 192.185.131.128
3.21.21.209 - - [24/Nov/2024:06:25:53 -0600] "GET /wp-admin/ms-admin-20241116042758-20241116183746.php?copy=css%2Fcolors%2Flight%2Fcolors.min-20241120002730.css&finish=1&p=css%2Fcolors HTTP/2.0" 302 - "-" "Mozilla/5.0 AppleWebKit/537.36 (KHTML, like Gecko; compatible; ClaudeBot/1.0; +claudebot@anthropic.com)" cepali.edu.mx 192.185.131.128
3.141.35.27 - - [24/Nov/2024:06:25:53 -0600] "GET /wp-admin/ms-admin-20241116042758-20241116192737.php?p=wp-includes%2Fblocks%2Faudio&view=ms-files-20241116205421-20241119104418-20241119205320.php HTTP/2.0" 200 13201 "-" "Mozilla/5.0 AppleWebKit/537.36 (KHTML, like Gecko; compatible; ClaudeBot/1.0; +claudebot@anthropic.com)" cepali.edu.mx 192.185.131.128
3.145.38.67 - - [24/Nov/2024:06:25:53 -0600] "GET /wp-admin/ms-admin-20241116042758-20241116192737.php?p=wp-includes%2Fblocks%2Fread-more&view=view.asset-20241116154235.php HTTP/2.0" 200 12043 "-" "Mozilla/5.0 AppleWebKit/537.36 (KHTML, like Gecko; compatible; ClaudeBot/1.0; +claudebot@anthropic.com)" cepali.edu.mx 192.185.131.128
3.149.27.33 - - [24/Nov/2024:06:25:53 -0600] "GET /wp-admin/ms-admin-20241116042758-20241116192737.php?chmod=theme-rtl.css&p=wp-includes%2Fblocks%2Fspacer HTTP/2.0" 200 11812 "-" "Mozilla/5.0 AppleWebKit/537.36 (KHTML, like Gecko; compatible; ClaudeBot/1.0; +claudebot@anthropic.com)" cepali.edu.mx 192.185.131.128
3.145.38.67 - - [24/Nov/2024:06:25:54 -0600] "GET /wp-admin/ms-admin-20241116042758-20241116192737.php?copy=wp-includes%2Fblocks%2Fspacer%2Flocale.php&p=wp-includes%2Fblocks%2Fspacer HTTP/2.0" 200 11514 "-" "Mozilla/5.0 AppleWebKit/537.36 (KHTML, like Gecko; compatible; ClaudeBot/1.0; +claudebot@anthropic.com)" cepali.edu.mx 192.185.131.128
3.141.35.27 - - [24/Nov/2024:06:25:54 -0600] "GET /wp-admin/ms-admin-20241116042758-20241116183746.php?copy=wp-includes%2Fblocks%2Fnavigation-submenu%2Fpost-template-20241118155154-20241119143234.php&p=wp-includes%2Fblocks%2Fsocial-link HTTP/2.0" 200 11580 "-" "Mozilla/5.0 AppleWebKit/537.36 (KHTML, like Gecko; compatible; ClaudeBot/1.0; +claudebot@anthropic.com)" cepali.edu.mx 192.185.131.128
3.145.72.44 - - [24/Nov/2024:06:25:53 -0600] "GET /css/site-health-20241116105656-20241124015550.php?dl=index.php&p=wp-content%2Fthemes%2Ftwentytwentyone HTTP/2.0" 200 32784 "-" "Mozilla/5.0 AppleWebKit/537.36 (KHTML, like Gecko; compatible; ClaudeBot/1.0; +claudebot@anthropic.com)" cepali.edu.mx 192.185.131.128
3.133.109.251 - - [24/Nov/2024:06:25:55 -0600] "GET /wp-admin/ms-admin-20241116042758-20241116183746.php?p=wp-admin%2Fcss%2Fcss%2Fcss&view=admin-menu.css HTTP/2.0" 200 17174 "-" "Mozilla/5.0 AppleWebKit/537.36 (KHTML, like Gecko; compatible; ClaudeBot/1.0; +claudebot@anthropic.com)" cepali.edu.mx 192.185.131.128
192.185.131.128 - - [24/Nov/2024:06:25:55 -0600] "POST /wp-cron.php?doing_wp_cron=1732451155.8573191165924072265625 HTTP/1.1" 200 - "-" "WordPress/6.5.5; https://cepali.edu.mx" cepali.edu.mx 192.185.131.128
18.119.127.13 - - [24/Nov/2024:06:25:55 -0600] "GET /css/revision-20241116070134-20241116212042-20241124020430-20241124070445.php?del=malIjBO HTTP/2.0" 302 - "-" "Mozilla/5.0 AppleWebKit/537.36 (KHTML, like Gecko; compatible; ClaudeBot/1.0; +claudebot@anthropic.com)" cepali.edu.mx 192.185.131.128
18.217.207.112 - - [24/Nov/2024:06:25:45 -0600] "GET /wp-admin/ms-admin-20241116042758-20241116192737.php?dl=robots-template.php&p=wp-includes%2Fblocks%2Fread-more HTTP/2.0" 200 197915 "-" "Mozilla/5.0 AppleWebKit/537.36 (KHTML, like Gecko; compatible; ClaudeBot/1.0; +claudebot@anthropic.com)" cepali.edu.mx 192.185.131.128
18.217.207.112 - - [24/Nov/2024:06:25:55 -0600] "GET /wp-admin/ms-admin-20241116042758-20241116192737.php?chmod=class-wp-site-20241119123454.php&p=wp-includes%2Fblocks%2Fread-more HTTP/2.0" 200 11841 "-" "Mozilla/5.0 AppleWebKit/537.36 (KHTML, like Gecko; compatible; ClaudeBot/1.0; +claudebot@anthropic.com)" cepali.edu.mx 192.185.131.128
192.185.131.128 - - [24/Nov/2024:06:25:56 -0600] "POST /wp-cron.php?doing_wp_cron=1732451156.0660569667816162109375 HTTP/1.1" 200 - "-" "WordPress/6.5.5; https://cepali.edu.mx" cepali.edu.mx 192.185.131.128
3.12.148.180 - - [24/Nov/2024:06:25:42 -0600] "GET /wp-admin/ms-admin-20241116042758-20241116192737.php?dl=error-protection.php&p=wp-includes%2Fblocks%2Fembed HTTP/2.0" 200 214380 "-" "Mozilla/5.0 AppleWebKit/537.36 (KHTML, like Gecko; compatible; ClaudeBot/1.0; +claudebot@anthropic.com)" cepali.edu.mx 192.185.131.128
3.12.148.180 - - [24/Nov/2024:06:25:52 -0600] "GET /wp-admin/media-upload-20241117142756-20241118043216.php?edit=menu-20241116130307.php&p=css%2Fcolors%2Flight HTTP/2.0" 200 18068 "-" "Mozilla/5.0 AppleWebKit/537.36 (KHTML, like Gecko; compatible; ClaudeBot/1.0; +claudebot@anthropic.com)" cepali.edu.mx 192.185.131.128
18.217.207.112 - - [24/Nov/2024:06:25:56 -0600] "GET /wp-admin/ms-admin-20241116042758-20241116192737.php?chmod=https-migration-20241116183703.php&p=wp-includes%2Fblocks%2Fread-more HTTP/2.0" 200 11843 "-" "Mozilla/5.0 AppleWebKit/537.36 (KHTML, like Gecko; compatible; ClaudeBot/1.0; +claudebot@anthropic.com)" cepali.edu.mx 192.185.131.128
3.133.109.251 - - [24/Nov/2024:06:25:56 -0600] "GET /wp-admin/ms-admin-20241116042758-20241116192737.php?chmod=ms-site-20241118023400.php&p=wp-includes%2Fblocks%2Fgroup HTTP/2.0" 200 11818 "-" "Mozilla/5.0 AppleWebKit/537.36 (KHTML, like Gecko; compatible; ClaudeBot/1.0; +claudebot@anthropic.com)" cepali.edu.mx 192.185.131.128
3.149.27.33 - - [24/Nov/2024:06:25:54 -0600] "GET /wp-admin/ms-admin-20241116042758-20241116183746.php?del=style-rtl-20241118022217.css&p=wp-includes%2FSimplePie%2FNet HTTP/2.0" 200 57489 "-" "Mozilla/5.0 AppleWebKit/537.36 (KHTML, like Gecko; compatible; ClaudeBot/1.0; +claudebot@anthropic.com)" cepali.edu.mx 192.185.131.128
3.142.40.195 - - [24/Nov/2024:06:25:51 -0600] "GET /index.php?dl=error_log-20241123080314-20241124015905.&p=coffee HTTP/2.0" 200 116698 "-" "Mozilla/5.0 AppleWebKit/537.36 (KHTML, like Gecko; compatible; ClaudeBot/1.0; +claudebot@anthropic.com)" cepali.edu.mx 192.185.131.128
18.217.207.112 - - [24/Nov/2024:06:25:57 -0600] "GET /wp-admin/ms-admin-20241116042758-20241116192737.php?copy=wp-includes%2FSimplePie%2FXML%2Fversion-20241116191041.php&p=wp-includes%2FSimplePie%2FXML HTTP/2.0" 200 11572 "-" "Mozilla/5.0 AppleWebKit/537.36 (KHTML, like Gecko; compatible; ClaudeBot/1.0; +claudebot@anthropic.com)" cepali.edu.mx 192.185.131.128
3.133.109.251 - - [24/Nov/2024:06:25:57 -0600] "GET /wp-admin/ms-admin-20241116042758-20241116192737.php?copy=wp-includes%2Fblocks%2Fgroup%2Fsitemaps.php&p=wp-includes%2Fblocks%2Fgroup HTTP/2.0" 200 11511 "-" "Mozilla/5.0 AppleWebKit/537.36 (KHTML, like Gecko; compatible; ClaudeBot/1.0; +claudebot@anthropic.com)" cepali.edu.mx 192.185.131.128
3.145.50.71 - - [24/Nov/2024:06:25:57 -0600] "GET /css/revision-20241116070134-20241116212042-20241124020430-20241124065430.php?copy=xlzjpl19.php HTTP/2.0" 302 - "-" "Mozilla/5.0 AppleWebKit/537.36 (KHTML, like Gecko; compatible; ClaudeBot/1.0; +claudebot@anthropic.com)" cepali.edu.mx 192.185.131.128
18.119.127.13 - - [24/Nov/2024:06:25:55 -0600] "GET /css/revision-20241116070134-20241116212042-20241124020430-20241124070445.php?p= HTTP/2.0" 200 42752 "https://cepali.edu.mx/css/revision-20241116070134-20241116212042-20241124020430-20241124070445.php?del=malIjBO" "Mozilla/5.0 AppleWebKit/537.36 (KHTML, like Gecko; compatible; ClaudeBot/1.0; +claudebot@anthropic.com)" cepali.edu.mx 192.185.131.128
18.119.127.13 - - [24/Nov/2024:06:25:58 -0600] "GET /css/revision-20241116070134-20241116212042-20241124020430-20241124070445.php?chmod=f5z1mbga.php HTTP/2.0" 302 - "-" "Mozilla/5.0 AppleWebKit/537.36 (KHTML, like Gecko; compatible; ClaudeBot/1.0; +claudebot@anthropic.com)" cepali.edu.mx 192.185.131.128
192.185.131.128 - - [24/Nov/2024:06:25:58 -0600] "POST /wp-cron.php?doing_wp_cron=1732451158.0364708900451660156250 HTTP/1.1" 200 - "-" "WordPress/6.5.5; https://cepali.edu.mx" cepali.edu.mx 192.185.131.128
18.117.145.67 - - [24/Nov/2024:06:25:39 -0600] "GET /wp-admin/ms-admin-20241116042758-20241116183746.php?del=l10n-rtl.css&p=wp-admin%2Fimages%2Fcss HTTP/2.0" 200 338995 "-" "Mozilla/5.0 AppleWebKit/537.36 (KHTML, like Gecko; compatible; ClaudeBot/1.0; +claudebot@anthropic.com)" cepali.edu.mx 192.185.131.128
3.14.250.187 - - [24/Nov/2024:06:25:58 -0600] "GET /wp-admin/ms-admin-20241116042758-20241116183746.php?chmod=vars.php&p=wp-includes%2Fjs%2Fjcrop HTTP/2.0" 200 11797 "-" "Mozilla/5.0 AppleWebKit/537.36 (KHTML, like Gecko; compatible; ClaudeBot/1.0; +claudebot@anthropic.com)" cepali.edu.mx 192.185.131.128
18.217.207.112 - - [24/Nov/2024:06:25:58 -0600] "GET /wp-admin/ms-admin-20241116042758-20241116183746.php?copy=wp-includes%2Fblocks%2Fpage-list%2Fblock-20241117055805.json&p=wp-includes%2Fblocks%2Fpost-excerpt HTTP/2.0" 200 11553 "-" "Mozilla/5.0 AppleWebKit/537.36 (KHTML, like Gecko; compatible; ClaudeBot/1.0; +claudebot@anthropic.com)" cepali.edu.mx 192.185.131.128
3.149.27.33 - - [24/Nov/2024:06:25:57 -0600] "GET /wp-admin/index-20241116180059-20241116222610-20241118022408.php?dl=edit-20241116223517.php&p=wp-admin%2Fcss%2Fcss%2Fcolors HTTP/2.0" 200 34078 "-" "Mozilla/5.0 AppleWebKit/537.36 (KHTML, like Gecko; compatible; ClaudeBot/1.0; +claudebot@anthropic.com)" cepali.edu.mx 192.185.131.128
192.185.131.128 - - [24/Nov/2024:06:25:59 -0600] "POST /wp-cron.php?doing_wp_cron=1732451159.1040079593658447265625 HTTP/1.1" 200 - "-" "WordPress/6.5.5; https://cepali.edu.mx" cepali.edu.mx 192.185.131.128
18.116.14.48 - - [24/Nov/2024:06:25:40 -0600] "GET /wp-admin/ms-admin-20241116042758-20241116183746.php?dl=install.php&p=wp-admin%2Fimages%2Fcss HTTP/2.0" 200 338424 "-" "Mozilla/5.0 AppleWebKit/537.36 (KHTML, like Gecko; compatible; ClaudeBot/1.0; +claudebot@anthropic.com)" cepali.edu.mx 192.185.131.128
18.116.14.48 - - [24/Nov/2024:06:25:50 -0600] "GET /wp-admin/ms-admin-20241116042758-20241116192737.php?chmod=media.php&p=wp-includes%2Fblocks%2Fpost-title HTTP/2.0" 200 11828 "-" "Mozilla/5.0 AppleWebKit/537.36 (KHTML, like Gecko; compatible; ClaudeBot/1.0; +claudebot@anthropic.com)" cepali.edu.mx 192.185.131.128
3.21.21.209 - - [24/Nov/2024:06:25:53 -0600] "GET /wp-admin/ms-admin-20241116042758-20241116183746.php?p=css%2Fcolors HTTP/2.0" 200 124443 "https://cepali.edu.mx/wp-admin/ms-admin-20241116042758-20241116183746.php?copy=css%2Fcolors%2Flight%2Fcolors.min-20241120002730.css&finish=1&p=css%2Fcolors" "Mozilla/5.0 AppleWebKit/537.36 (KHTML, like Gecko; compatible; ClaudeBot/1.0; +claudebot@anthropic.com)" cepali.edu.mx 192.185.131.128
3.14.250.187 - - [24/Nov/2024:06:25:59 -0600] "GET /wp-admin/ms-admin-20241116042758-20241116192737.php?p=wp-includes%2Ffonts&view=video-20241119175443.svg HTTP/2.0" 200 11901 "-" "Mozilla/5.0 AppleWebKit/537.36 (KHTML, like Gecko; compatible; ClaudeBot/1.0; +claudebot@anthropic.com)" cepali.edu.mx 192.185.131.128
18.116.14.48 - - [24/Nov/2024:06:25:59 -0600] "GET /wp-admin/ms-admin-20241116042758-20241116183746.php?p=wp-admin%2Fimages%2Fcss&view=menu-20241116130307.php HTTP/2.0" 200 18210 "-" "Mozilla/5.0 AppleWebKit/537.36 (KHTML, like Gecko; compatible; ClaudeBot/1.0; +claudebot@anthropic.com)" cepali.edu.mx 192.185.131.128
3.149.27.33 - - [24/Nov/2024:06:25:59 -0600] "GET /wp-admin/ms-admin-20241116042758-20241116192737.php?p=wp-includes%2Fblocks%2Ffile&view=layout-20241116163906-20241118153211.php HTTP/2.0" 200 24142 "-" "Mozilla/5.0 AppleWebKit/537.36 (KHTML, like Gecko; compatible; ClaudeBot/1.0; +claudebot@anthropic.com)" cepali.edu.mx 192.185.131.128
3.145.50.71 - - [24/Nov/2024:06:25:57 -0600] "GET /css/revision-20241116070134-20241116212042-20241124020430-20241124065430.php?p= HTTP/2.0" 200 42752 "https://cepali.edu.mx/css/revision-20241116070134-20241116212042-20241124020430-20241124065430.php?copy=xlzjpl19.php" "Mozilla/5.0 AppleWebKit/537.36 (KHTML, like Gecko; compatible; ClaudeBot/1.0; +claudebot@anthropic.com)" cepali.edu.mx 192.185.131.128
18.119.127.13 - - [24/Nov/2024:06:25:58 -0600] "GET /css/revision-20241116070134-20241116212042-20241124020430-20241124070445.php?p= HTTP/2.0" 200 42753 "https://cepali.edu.mx/css/revision-20241116070134-20241116212042-20241124020430-20241124070445.php?chmod=f5z1mbga.php" "Mozilla/5.0 AppleWebKit/537.36 (KHTML, like Gecko; compatible; ClaudeBot/1.0; +claudebot@anthropic.com)" cepali.edu.mx 192.185.131.128
3.21.21.209 - - [24/Nov/2024:06:26:00 -0600] "GET /wp-admin/ms-admin-20241116042758-20241116183746.php?copy=wp-includes%2Fblocks%2Fcolumns%2Fvars-20241117044113-20241119043037.php&p=wp-includes%2Fblocks%2Ftemplate-part HTTP/2.0" 200 11547 "-" "Mozilla/5.0 AppleWebKit/537.36 (KHTML, like Gecko; compatible; ClaudeBot/1.0; +claudebot@anthropic.com)" cepali.edu.mx 192.185.131.128
3.145.50.71 - - [24/Nov/2024:06:26:00 -0600] "GET /wp-admin/async-upload-20241116234326-20241117054504-20241117224654.php?p=wp-admin%2Fjs%2Fcss&view=edit-rtl-20241116163819.css HTTP/2.0" 200 23724 "-" "Mozilla/5.0 AppleWebKit/537.36 (KHTML, like Gecko; compatible; ClaudeBot/1.0; +claudebot@anthropic.com)" cepali.edu.mx 192.185.131.128
3.12.161.151 - - [24/Nov/2024:06:25:52 -0600] "GET /wp-admin/ms-admin-20241116042758-20241116192737.php?dl=capabilities.php&p=wp-includes%2Fblocks%2Fquery-pagination HTTP/2.0" 200 165832 "-" "Mozilla/5.0 AppleWebKit/537.36 (KHTML, like Gecko; compatible; ClaudeBot/1.0; +claudebot@anthropic.com)" cepali.edu.mx 192.185.131.128
18.116.14.48 - - [24/Nov/2024:06:26:00 -0600] "GET /wp-admin/ms-admin-20241116042758-20241116183746.php?p=wp-admin%2Fimages%2Fcss&view=authorize-application.php HTTP/2.0" 200 16167 "-" "Mozilla/5.0 AppleWebKit/537.36 (KHTML, like Gecko; compatible; ClaudeBot/1.0; +claudebot@anthropic.com)" cepali.edu.mx 192.185.131.128
3.149.27.33 - - [24/Nov/2024:06:26:00 -0600] "GET /wp-admin/ms-admin-20241116042758-20241116192737.php?chmod=style-20241118153900-20241119143352.css&p=wp-includes%2Fblocks%2Fspacer HTTP/2.0" 200 11831 "-" "Mozilla/5.0 AppleWebKit/537.36 (KHTML, like Gecko; compatible; ClaudeBot/1.0; +claudebot@anthropic.com)" cepali.edu.mx 192.185.131.128
3.141.198.147 - - [24/Nov/2024:06:25:49 -0600] "GET /wp-admin/ms-admin-20241116042758-20241116192737.php?del=block-20241116075614-20241118125017.json&p=wp-includes%2Fblocks%2Fgallery HTTP/2.0" 200 238414 "-" "Mozilla/5.0 AppleWebKit/537.36 (KHTML, like Gecko; compatible; ClaudeBot/1.0; +claudebot@anthropic.com)" cepali.edu.mx 192.185.131.128
18.119.127.13 - - [24/Nov/2024:06:26:01 -0600] "GET /wp-admin/ms-admin-20241116042758-20241116183746.php?chmod=login-20241116113732.css&p=wp-admin%2Fmaint%2Fcss HTTP/2.0" 200 11810 "-" "Mozilla/5.0 AppleWebKit/537.36 (KHTML, like Gecko; compatible; ClaudeBot/1.0; +claudebot@anthropic.com)" cepali.edu.mx 192.185.131.128
3.149.27.33 - - [24/Nov/2024:06:26:01 -0600] "GET /wp-admin/ms-admin-20241116042758-20241116192737.php?chmod=spacing-20241118122901-20241119092637.php&p=wp-includes%2Fblocks%2Fread-more HTTP/2.0" 200 11839 "-" "Mozilla/5.0 AppleWebKit/537.36 (KHTML, like Gecko; compatible; ClaudeBot/1.0; +claudebot@anthropic.com)" cepali.edu.mx 192.185.131.128
192.185.131.128 - - [24/Nov/2024:06:26:02 -0600] "POST /wp-cron.php?doing_wp_cron=1732451162.0593779087066650390625 HTTP/1.1" 200 - "-" "WordPress/6.5.5; https://cepali.edu.mx" cepali.edu.mx 192.185.131.128
18.117.141.69 - - [24/Nov/2024:06:25:23 -0600] "GET /wp-admin/ms-admin-20241116042758-20241116183746.php?dl=install-20241116215118-20241117020516-20241117161214.php&p=wp-admin%2Fmaint%2Fcss HTTP/2.0" 200 - "-" "Mozilla/5.0 AppleWebKit/537.36 (KHTML, like Gecko; compatible; ClaudeBot/1.0; +claudebot@anthropic.com)" cepali.edu.mx 192.185.131.128
18.222.44.156 - - [24/Nov/2024:06:26:00 -0600] "GET /wp-admin/ms-admin-20241116042758-20241116183746.php?dl=media-rtl.min.css&p=css%2Fcolors%2Focean HTTP/2.0" 200 37840 "-" "Mozilla/5.0 AppleWebKit/537.36 (KHTML, like Gecko; compatible; ClaudeBot/1.0; +claudebot@anthropic.com)" cepali.edu.mx 192.185.131.128
3.145.39.176 - - [24/Nov/2024:06:26:02 -0600] "GET /wp-admin/images/css/date-button-20241116053138-20241116103733.gif HTTP/2.0" 200 400 "-" "Mozilla/5.0 AppleWebKit/537.36 (KHTML, like Gecko; compatible; ClaudeBot/1.0; +claudebot@anthropic.com)" cepali.edu.mx 192.185.131.128
3.16.75.156 - - [24/Nov/2024:06:26:01 -0600] "GET /wp-admin/ms-admin-20241116042758-20241116183746.php?dl=theme-editor.php&p=wp-admin%2Fnetwork%2Fcss%2Fcss%2Fcolors HTTP/2.0" 200 32541 "-" "Mozilla/5.0 AppleWebKit/537.36 (KHTML, like Gecko; compatible; ClaudeBot/1.0; +claudebot@anthropic.com)" cepali.edu.mx 192.185.131.128
3.149.27.33 - - [24/Nov/2024:06:26:02 -0600] "GET /wp-admin/ms-admin-20241116042758-20241116192737.php?copy=wp-includes%2Fblocks%2Fspacer%2Fclass-wp-http.php&p=wp-includes%2Fblocks%2Fspacer HTTP/2.0" 200 11520 "-" "Mozilla/5.0 AppleWebKit/537.36 (KHTML, like Gecko; compatible; ClaudeBot/1.0; +claudebot@anthropic.com)" cepali.edu.mx 192.185.131.128
3.16.75.156 - - [24/Nov/2024:06:26:03 -0600] "GET /wp-admin/ms-admin-20241116042758-20241116192737.php?copy=wp-includes%2Fhtml-api%2Fclass-wp-meta-query.php&finish=1&p=wp-includes%2Fblocks%2Fbutton HTTP/2.0" 302 - "-" "Mozilla/5.0 AppleWebKit/537.36 (KHTML, like Gecko; compatible; ClaudeBot/1.0; +claudebot@anthropic.com)" cepali.edu.mx 192.185.131.128
3.145.39.176 - - [24/Nov/2024:06:26:03 -0600] "GET /wp-admin/ms-admin-20241116042758-20241116183746.php?chmod=Misc-20241117235420.php&p=wp-includes%2FSimplePie%2FContent HTTP/2.0" 200 11831 "-" "Mozilla/5.0 AppleWebKit/537.36 (KHTML, like Gecko; compatible; ClaudeBot/1.0; +claudebot@anthropic.com)" cepali.edu.mx 192.185.131.128
3.142.40.195 - - [24/Nov/2024:06:25:57 -0600] "GET /index.php?del=styles-rtl-20241120061652-20241121205541-20241124013919.css&p=coffee HTTP/2.0" 200 116698 "-" "Mozilla/5.0 AppleWebKit/537.36 (KHTML, like Gecko; compatible; ClaudeBot/1.0; +claudebot@anthropic.com)" cepali.edu.mx 192.185.131.128
3.145.38.67 - - [24/Nov/2024:06:25:55 -0600] "GET /wp-admin/ms-admin-20241116042758-20241116192737.php?dl=class-wp-comment-20241117223141.php&p=wp-includes%2Fblocks%2Fquery-pagination HTTP/2.0" 200 165895 "-" "Mozilla/5.0 AppleWebKit/537.36 (KHTML, like Gecko; compatible; ClaudeBot/1.0; +claudebot@anthropic.com)" cepali.edu.mx 192.185.131.128
3.145.39.176 - - [24/Nov/2024:06:26:04 -0600] "GET /css/site-health-20241116105656-20241124015550.php?copy=wp-content%2Fcolors-rtl.min.css&p=wp-content%2Fthemes%2Fshapely HTTP/2.0" 200 11616 "-" "Mozilla/5.0 AppleWebKit/537.36 (KHTML, like Gecko; compatible; ClaudeBot/1.0; +claudebot@anthropic.com)" cepali.edu.mx 192.185.131.128
192.185.131.128 - - [24/Nov/2024:06:26:05 -0600] "POST /wp-cron.php?doing_wp_cron=1732451165.0199809074401855468750 HTTP/1.1" 200 - "-" "WordPress/6.5.5; https://cepali.edu.mx" cepali.edu.mx 192.185.131.128
3.149.237.231 - - [24/Nov/2024:06:25:37 -0600] "GET /wp-admin/ms-admin-20241116042758-20241116192737.php?p=css HTTP/2.0" 200 475660 "https://cepali.edu.mx/wp-admin/ms-admin-20241116042758-20241116192737.php?copy=css%2Fcolors%2Fthemes.min.css&finish=1&p=css" "Mozilla/5.0 AppleWebKit/537.36 (KHTML, like Gecko; compatible; ClaudeBot/1.0; +claudebot@anthropic.com)" cepali.edu.mx 192.185.131.128
3.149.237.231 - - [24/Nov/2024:06:25:47 -0600] "GET /wp-admin/async-upload-20241116234326-20241117054504-20241117224654.php?p=wp-admin%2Fjs%2Fcss&view=revisions-rtl.min.css HTTP/2.0" 200 - "-" "Mozilla/5.0 AppleWebKit/537.36 (KHTML, like Gecko; compatible; ClaudeBot/1.0; +claudebot@anthropic.com)" cepali.edu.mx 192.185.131.128
3.142.40.195 - - [24/Nov/2024:06:26:04 -0600] "GET /wp-admin/themes-20241117080324-20241124013925.php?del=es_ES.mo&p=wp-content%2Fin138 HTTP/2.0" 200 22823 "-" "Mozilla/5.0 AppleWebKit/537.36 (KHTML, like Gecko; compatible; ClaudeBot/1.0; +claudebot@anthropic.com)" cepali.edu.mx 192.185.131.128
3.145.39.176 - - [24/Nov/2024:06:26:05 -0600] "GET /wp-admin/ms-admin-20241116042758-20241116192737-20241116233041.php?chmod=nav-menus-rtl.min.css&p=wp-admin%2Fimages%2Fcss HTTP/2.0" 200 11799 "-" "Mozilla/5.0 AppleWebKit/537.36 (KHTML, like Gecko; compatible; ClaudeBot/1.0; +claudebot@anthropic.com)" cepali.edu.mx 192.185.131.128
3.142.210.173 - - [24/Nov/2024:06:25:53 -0600] "GET /wp-admin/ms-admin-20241116042758-20241116192737.php?del=meta-20241119222521.php&p=wp-includes%2Fblocks%2Fspacer HTTP/2.0" 200 212151 "-" "Mozilla/5.0 AppleWebKit/537.36 (KHTML, like Gecko; compatible; ClaudeBot/1.0; +claudebot@anthropic.com)" cepali.edu.mx 192.185.131.128
3.138.124.28 - - [24/Nov/2024:06:26:05 -0600] "GET /wp-includes/ID3/class-wp-hook-20241117053539.php HTTP/2.0" 200 - "-" "Mozilla/5.0 AppleWebKit/537.36 (KHTML, like Gecko; compatible; ClaudeBot/1.0; +claudebot@anthropic.com)" cepali.edu.mx 192.185.131.128
3.138.124.28 - - [24/Nov/2024:06:26:06 -0600] "GET /wp-admin/ms-admin-20241116042758-20241116183746.php?p=css%2Fcolors%2Focean&view=my-sites.php HTTP/2.0" 200 14402 "-" "Mozilla/5.0 AppleWebKit/537.36 (KHTML, like Gecko; compatible; ClaudeBot/1.0; +claudebot@anthropic.com)" cepali.edu.mx 192.185.131.128
18.222.44.156 - - [24/Nov/2024:06:26:02 -0600] "GET /wp-admin/ms-admin-20241116042758-20241116183746.php?del=menu.js&p=wp-includes%2Fjs%2Fjquery%2Fui HTTP/2.0" 200 87311 "-" "Mozilla/5.0 AppleWebKit/537.36 (KHTML, like Gecko; compatible; ClaudeBot/1.0; +claudebot@anthropic.com)" cepali.edu.mx 192.185.131.128
3.147.82.252 - - [24/Nov/2024:06:26:07 -0600] "GET /wp-admin/ms-admin-20241116042758-20241116183746.php?copy=wp-admin%2Fincludes%2Fcss%2Fwp-admin.css&p=wp-admin%2Fincludes%2Fcss%2Fcolors%2Fmidnight HTTP/2.0" 200 11557 "-" "Mozilla/5.0 AppleWebKit/537.36 (KHTML, like Gecko; compatible; ClaudeBot/1.0; +claudebot@anthropic.com)" cepali.edu.mx 192.185.131.128
3.149.250.19 - - [24/Nov/2024:06:25:59 -0600] "GET /wp-admin/ms-admin-20241116042758-20241116192737.php?dl=shortcodes.php&p=wp-includes%2Fblocks%2Fsocial-links HTTP/2.0" 200 160435 "-" "Mozilla/5.0 AppleWebKit/537.36 (KHTML, like Gecko; compatible; ClaudeBot/1.0; +claudebot@anthropic.com)" cepali.edu.mx 192.185.131.128
3.133.109.251 - - [24/Nov/2024:06:25:58 -0600] "GET /wp-admin/ms-admin-20241116042758-20241116192737.php?del=class-wp-scripts-20241116205832.php&p=wp-includes%2Fblocks%2Fcomment-template HTTP/2.0" 200 171277 "-" "Mozilla/5.0 AppleWebKit/537.36 (KHTML, like Gecko; compatible; ClaudeBot/1.0; +claudebot@anthropic.com)" cepali.edu.mx 192.185.131.128
3.149.250.19 - - [24/Nov/2024:06:26:08 -0600] "GET /wp-admin/ms-admin-20241116042758-20241116192737.php?chmod=wp-embed-template.min.css&p=wp-includes%2Fblocks%2Fsocial-links HTTP/2.0" 200 11835 "-" "Mozilla/5.0 AppleWebKit/537.36 (KHTML, like Gecko; compatible; ClaudeBot/1.0; +claudebot@anthropic.com)" cepali.edu.mx 192.185.131.128
3.147.82.252 - - [24/Nov/2024:06:26:08 -0600] "GET /blue/zmFM-20241119204720-20241120022104-20241124015840.php?a=bj&f=%2Fhome2%2Fsdektunc%2Fcepali.edu.mx%2Fwp-includes%2Fpomo%2Fblock-20241117194340.json HTTP/2.0" 200 1480 "-" "Mozilla/5.0 AppleWebKit/537.36 (KHTML, like Gecko; compatible; ClaudeBot/1.0; +claudebot@anthropic.com)" cepali.edu.mx 192.185.131.128
3.138.105.4 - - [24/Nov/2024:06:26:08 -0600] "GET /wp-admin/ms-admin-20241116042758-20241116192737.php?chmod=date.php&p=wp-includes%2FSimplePie%2FDecode HTTP/2.0" 200 11821 "-" "Mozilla/5.0 AppleWebKit/537.36 (KHTML, like Gecko; compatible; ClaudeBot/1.0; +claudebot@anthropic.com)" cepali.edu.mx 192.185.131.128
