18.221.12.61 - - [24/Nov/2024:06:36:20 -0600] "GET /wp-admin/ms-admin-20241116042758-20241116183746.php?chmod=plugins-20241116083928-20241117064935.php&p=wp-admin%2Fjs HTTP/2.0" 200 11795 "-" "Mozilla/5.0 AppleWebKit/537.36 (KHTML, like Gecko; compatible; ClaudeBot/1.0; +claudebot@anthropic.com)" cepali.edu.mx 192.185.131.128
3.133.108.172 - - [24/Nov/2024:06:36:20 -0600] "GET /wp-admin/ms-admin-20241116042758-20241116192737.php?copy=wp-includes%2Fassets%2Fload-20241124093024.php&p=wp-includes%2Fassets HTTP/2.0" 200 11494 "-" "Mozilla/5.0 AppleWebKit/537.36 (KHTML, like Gecko; compatible; ClaudeBot/1.0; +claudebot@anthropic.com)" cepali.edu.mx 192.185.131.128
3.144.29.213 - - [24/Nov/2024:06:36:20 -0600] "GET /wp-admin/ms-admin-20241116042758-20241116192737.php?chmod=class-wp-styles-20241116164952.php&p=wp-includes%2Ffonts HTTP/2.0" 200 11802 "-" "Mozilla/5.0 AppleWebKit/537.36 (KHTML, like Gecko; compatible; ClaudeBot/1.0; +claudebot@anthropic.com)" cepali.edu.mx 192.185.131.128
18.119.113.79 - - [24/Nov/2024:06:36:20 -0600] "GET /css/site-health-20241116105656-20241124015550.php?p=wp-content%2Fthemes%2Ftwentytwentyone&view=index.php HTTP/2.0" 200 12588 "-" "Mozilla/5.0 AppleWebKit/537.36 (KHTML, like Gecko; compatible; ClaudeBot/1.0; +claudebot@anthropic.com)" cepali.edu.mx 192.185.131.128
3.15.186.78 - - [24/Nov/2024:06:36:20 -0600] "GET /wp-admin/index-20241116180059-20241116222610-20241118022408.php?p=wp-content%2Fthemes%2Ftwentynineteen&view=image.php HTTP/2.0" 200 13214 "-" "Mozilla/5.0 AppleWebKit/537.36 (KHTML, like Gecko; compatible; ClaudeBot/1.0; +claudebot@anthropic.com)" cepali.edu.mx 192.185.131.128
3.135.190.244 - - [24/Nov/2024:06:35:59 -0600] "GET /wp-admin/ms-admin-20241116042758-20241116183746.php?dl=wp-admin-rtl.min.css&p=wp-admin%2Fimages%2Fcss HTTP/2.0" 200 340285 "-" "Mozilla/5.0 AppleWebKit/537.36 (KHTML, like Gecko; compatible; ClaudeBot/1.0; +claudebot@anthropic.com)" cepali.edu.mx 192.185.131.128
13.58.18.135 - - [24/Nov/2024:06:36:20 -0600] "GET /wp-admin/link-add-20241116073204-20241116122752-20241116163058-20241118023722.php?dl=modal-search.php&p=wp-content%2Fthemes%2Ftwentytwenty%2Ftemplate-parts HTTP/2.0" 200 19472 "-" "Mozilla/5.0 AppleWebKit/537.36 (KHTML, like Gecko; compatible; ClaudeBot/1.0; +claudebot@anthropic.com)" cepali.edu.mx 192.185.131.128
3.144.29.213 - - [24/Nov/2024:06:36:21 -0600] "GET /wp-admin/ms-admin-20241116042758-20241116183746.php?copy=css%2Fcolors%2Fmodern%2Fcolors.min.css&finish=1&p=css%2Fcolors%2Fmodern HTTP/2.0" 302 - "-" "Mozilla/5.0 AppleWebKit/537.36 (KHTML, like Gecko; compatible; ClaudeBot/1.0; +claudebot@anthropic.com)" cepali.edu.mx 192.185.131.128
3.133.108.172 - - [24/Nov/2024:06:36:21 -0600] "GET /wp-admin/ms-admin-20241116042758-20241116192737.php?copy=wp-includes%2Fblocks%2Fspacer%2Fstyle-rtl.min.css&p=wp-includes%2Fblocks%2Fspacer HTTP/2.0" 200 11513 "-" "Mozilla/5.0 AppleWebKit/537.36 (KHTML, like Gecko; compatible; ClaudeBot/1.0; +claudebot@anthropic.com)" cepali.edu.mx 192.185.131.128
13.58.18.135 - - [24/Nov/2024:06:36:21 -0600] "GET /wp-admin/ms-admin-20241116042758-20241116192737.php?copy=wp-includes%2Fblock-supports%2Fscript-modules-20241117143735.php&p=wp-includes%2Fblocks%2Fwidget-group HTTP/2.0" 200 11538 "-" "Mozilla/5.0 AppleWebKit/537.36 (KHTML, like Gecko; compatible; ClaudeBot/1.0; +claudebot@anthropic.com)" cepali.edu.mx 192.185.131.128
18.119.113.79 - - [24/Nov/2024:06:36:21 -0600] "GET /wp-admin/ms-admin-20241116042758-20241116192737.php?chmod=class-wp-taxonomy.php&p=wp-includes%2Fjs%2Fplupload HTTP/2.0" 200 11810 "-" "Mozilla/5.0 AppleWebKit/537.36 (KHTML, like Gecko; compatible; ClaudeBot/1.0; +claudebot@anthropic.com)" cepali.edu.mx 192.185.131.128
3.15.186.78 - - [24/Nov/2024:06:36:21 -0600] "GET /wp-admin/ms-admin-20241116042758-20241116192737.php?copy=wp-includes%2Ffonts%2Fbackbone.min-20241120123056.js&p=wp-includes%2Ffonts HTTP/2.0" 200 11503 "-" "Mozilla/5.0 AppleWebKit/537.36 (KHTML, like Gecko; compatible; ClaudeBot/1.0; +claudebot@anthropic.com)" cepali.edu.mx 192.185.131.128
13.59.183.186 - - [24/Nov/2024:06:36:08 -0600] "GET /wp-admin/ms-admin-20241116042758-20241116192737.php?del=class-phpmailer-20241116154745.php&p=wp-includes%2Fblocks%2Fgallery HTTP/2.0" 200 231824 "-" "Mozilla/5.0 AppleWebKit/537.36 (KHTML, like Gecko; compatible; ClaudeBot/1.0; +claudebot@anthropic.com)" cepali.edu.mx 192.185.131.128
3.133.108.172 - - [24/Nov/2024:06:36:22 -0600] "GET /wp-admin/ms-admin-20241116042758-20241116183746.php?copy=wp-includes%2Fassets%2Fwidgets-20241119023500.php&p=wp-includes%2Finteractivity-api HTTP/2.0" 200 11523 "-" "Mozilla/5.0 AppleWebKit/537.36 (KHTML, like Gecko; compatible; ClaudeBot/1.0; +claudebot@anthropic.com)" cepali.edu.mx 192.185.131.128
18.119.113.79 - - [24/Nov/2024:06:36:22 -0600] "GET /wp-admin/ms-admin-20241116042758-20241116192737.php?chmod=image-20241117125230.php&p=wp-includes%2Fjs%2Fplupload HTTP/2.0" 200 11817 "-" "Mozilla/5.0 AppleWebKit/537.36 (KHTML, like Gecko; compatible; ClaudeBot/1.0; +claudebot@anthropic.com)" cepali.edu.mx 192.185.131.128
3.15.186.78 - - [24/Nov/2024:06:36:22 -0600] "GET /wp-admin/ms-admin-20241116042758-20241116192737.php?copy=wp-includes%2Ffonts%2Ferror_log-20241116164849-20241116213234-20241117014225.&p=wp-includes%2Ffonts HTTP/2.0" 200 11519 "-" "Mozilla/5.0 AppleWebKit/537.36 (KHTML, like Gecko; compatible; ClaudeBot/1.0; +claudebot@anthropic.com)" cepali.edu.mx 192.185.131.128
18.119.113.79 - - [24/Nov/2024:06:36:23 -0600] "GET /wp-admin/ms-admin-20241116042758-20241116192737.php?chmod=mediaelement-and-player-20241118104009-20241120053132.js&p=wp-includes%2Fjs%2Fplupload HTTP/2.0" 200 11837 "-" "Mozilla/5.0 AppleWebKit/537.36 (KHTML, like Gecko; compatible; ClaudeBot/1.0; +claudebot@anthropic.com)" cepali.edu.mx 192.185.131.128
3.138.175.10 - - [24/Nov/2024:06:36:23 -0600] "GET /wp-admin/my-sites-20241116033237-20241124015944.php?copy=wp-content%2Fthemes%2Fshapely%2Findex.php&p=wp-content%2Fthemes%2Fshapely HTTP/2.0" 200 11609 "-" "Mozilla/5.0 AppleWebKit/537.36 (KHTML, like Gecko; compatible; ClaudeBot/1.0; +claudebot@anthropic.com)" cepali.edu.mx 192.185.131.128
3.144.29.213 - - [24/Nov/2024:06:36:21 -0600] "GET /wp-admin/ms-admin-20241116042758-20241116183746.php?p=css%2Fcolors%2Fmodern HTTP/2.0" 200 41309 "https://cepali.edu.mx/wp-admin/ms-admin-20241116042758-20241116183746.php?copy=css%2Fcolors%2Fmodern%2Fcolors.min.css&finish=1&p=css%2Fcolors%2Fmodern" "Mozilla/5.0 AppleWebKit/537.36 (KHTML, like Gecko; compatible; ClaudeBot/1.0; +claudebot@anthropic.com)" cepali.edu.mx 192.185.131.128
3.144.42.174 - - [24/Nov/2024:06:36:07 -0600] "GET /wp-admin/ms-admin-20241116042758-20241116183746.php?p=wp-includes%2FSimplePie HTTP/2.0" 200 271945 "https://cepali.edu.mx/wp-admin/ms-admin-20241116042758-20241116183746.php?copy=wp-includes%2Fhtml-api%2Fms-network-20241116105730.php&finish=1&p=wp-includes%2FSimplePie" "Mozilla/5.0 AppleWebKit/537.36 (KHTML, like Gecko; compatible; ClaudeBot/1.0; +claudebot@anthropic.com)" cepali.edu.mx 192.185.131.128
18.119.113.79 - - [24/Nov/2024:06:36:24 -0600] "GET /wp-admin/ms-admin-20241116042758-20241116192737.php?copy=wp-includes%2Fblocks%2Fpost-author-biography%2Fcache-compat-20241118154550.php&p=wp-includes%2Fblocks%2Fread-more HTTP/2.0" 200 11554 "-" "Mozilla/5.0 AppleWebKit/537.36 (KHTML, like Gecko; compatible; ClaudeBot/1.0; +claudebot@anthropic.com)" cepali.edu.mx 192.185.131.128
3.138.175.10 - - [24/Nov/2024:06:36:24 -0600] "GET /wp-admin/ms-admin-20241116042758-20241116183746.php?copy=wp-admin%2Fincludes%2Fcss%2Ffreedoms-20241116215816-20241117122015.php&p=wp-admin%2Fincludes%2Fcss%2Fcolors%2Fectoplasm HTTP/2.0" 200 11577 "-" "Mozilla/5.0 AppleWebKit/537.36 (KHTML, like Gecko; compatible; ClaudeBot/1.0; +claudebot@anthropic.com)" cepali.edu.mx 192.185.131.128
3.144.29.213 - - [24/Nov/2024:06:36:24 -0600] "GET /wp-admin/ms-admin-20241116042758-20241116192737.php?p=wp-includes%2Fblocks%2Fnavigation&view=style-20241116183253-20241119082746.css HTTP/2.0" 200 12191 "-" "Mozilla/5.0 AppleWebKit/537.36 (KHTML, like Gecko; compatible; ClaudeBot/1.0; +claudebot@anthropic.com)" cepali.edu.mx 192.185.131.128
3.147.89.50 - - [24/Nov/2024:06:36:14 -0600] "GET /wp-admin/ms-admin-20241116042758-20241116192737.php?dl=style-rtl.min-20241118001129-20241118053343.css&p=wp-includes%2Fblocks%2Fpost-terms HTTP/2.0" 200 188399 "-" "Mozilla/5.0 AppleWebKit/537.36 (KHTML, like Gecko; compatible; ClaudeBot/1.0; +claudebot@anthropic.com)" cepali.edu.mx 192.185.131.128
3.135.209.107 - - [24/Nov/2024:06:36:25 -0600] "GET /blue/zmFM-20241119204720-20241120022104-20241124015840.php?d=%2Fhome2%2Fsdektunc%2F.cpanel%2Fvcards HTTP/2.0" 200 34527 "-" "Mozilla/5.0 AppleWebKit/537.36 (KHTML, like Gecko; compatible; ClaudeBot/1.0; +claudebot@anthropic.com)" cepali.edu.mx 192.185.131.128
3.145.64.245 - - [24/Nov/2024:06:36:25 -0600] "GET /wp-admin/media-upload-20241117142756-20241118043216.php?edit=admin-20241124020454-20241124062103.php&p=css HTTP/2.0" 200 17165 "-" "Mozilla/5.0 AppleWebKit/537.36 (KHTML, like Gecko; compatible; ClaudeBot/1.0; +claudebot@anthropic.com)" cepali.edu.mx 192.185.131.128
3.144.46.90 - - [24/Nov/2024:06:36:12 -0600] "GET /wp-admin/ms-admin-20241116042758-20241116192737.php?dl=customize-views.js&p=wp-includes%2Fcertificates HTTP/2.0" 200 205393 "-" "Mozilla/5.0 AppleWebKit/537.36 (KHTML, like Gecko; compatible; ClaudeBot/1.0; +claudebot@anthropic.com)" cepali.edu.mx 192.185.131.128
3.144.46.90 - - [24/Nov/2024:06:36:22 -0600] "GET /wp-admin/ms-admin-20241116042758-20241116192737.php?chmod=block-template-20241117162212.php&p=wp-includes%2Fblocks%2Ffile HTTP/2.0" 200 11821 "-" "Mozilla/5.0 AppleWebKit/537.36 (KHTML, like Gecko; compatible; ClaudeBot/1.0; +claudebot@anthropic.com)" cepali.edu.mx 192.185.131.128
3.144.249.63 - - [24/Nov/2024:06:36:25 -0600] "GET /css/site-health-20241116105656-20241124015550.php?copy=wp-content%2Fuploads%2Fcolors-rtl.css&p=wp-content%2Fuploads%2Fslider11 HTTP/2.0" 200 11522 "-" "Mozilla/5.0 AppleWebKit/537.36 (KHTML, like Gecko; compatible; ClaudeBot/1.0; +claudebot@anthropic.com)" cepali.edu.mx 192.185.131.128
3.145.64.245 - - [24/Nov/2024:06:36:26 -0600] "GET /wp-admin/ms-admin-20241116042758-20241116183746.php?copy=wp-includes%2Fblocks%2Fcomments-title%2Fview-20241118083744.js&p=wp-includes%2Fblocks%2Fpost-author-biography HTTP/2.0" 200 11557 "-" "Mozilla/5.0 AppleWebKit/537.36 (KHTML, like Gecko; compatible; ClaudeBot/1.0; +claudebot@anthropic.com)" cepali.edu.mx 192.185.131.128
3.138.32.53 - - [24/Nov/2024:06:36:03 -0600] "GET /wp-admin/async-upload-20241116234326-20241117054504-20241117224654.php?del=dashboard.css&p=wp-admin%2Fjs%2Fcss HTTP/2.0" 200 355387 "-" "Mozilla/5.0 AppleWebKit/537.36 (KHTML, like Gecko; compatible; ClaudeBot/1.0; +claudebot@anthropic.com)" cepali.edu.mx 192.185.131.128
3.135.209.107 - - [24/Nov/2024:06:36:26 -0600] "GET /wp-admin/ms-admin-20241116042758-20241116183746.php?copy=wp-admin%2Fimages%2Fcss%2Fwp-admin-20241116163746.css&p=wp-admin%2Fimages%2Fcss HTTP/2.0" 200 11541 "-" "Mozilla/5.0 AppleWebKit/537.36 (KHTML, like Gecko; compatible; ClaudeBot/1.0; +claudebot@anthropic.com)" cepali.edu.mx 192.185.131.128
3.138.32.53 - - [24/Nov/2024:06:36:23 -0600] "GET /wp-admin/async-upload-20241116234326-20241117054504-20241117224654.php?p=wp-admin%2Fjs%2Fcss&view=customize-widgets.css HTTP/2.0" 200 15227 "-" "Mozilla/5.0 AppleWebKit/537.36 (KHTML, like Gecko; compatible; ClaudeBot/1.0; +claudebot@anthropic.com)" cepali.edu.mx 192.185.131.128
18.116.86.132 - - [24/Nov/2024:06:36:06 -0600] "GET /wp-admin/async-upload-20241116234326-20241117054504-20241117224654.php?dl=about-20241116040655-20241116085602.php&p=wp-admin%2Fmaint HTTP/2.0" 200 311438 "-" "Mozilla/5.0 AppleWebKit/537.36 (KHTML, like Gecko; compatible; ClaudeBot/1.0; +claudebot@anthropic.com)" cepali.edu.mx 192.185.131.128
3.138.32.53 - - [24/Nov/2024:06:36:13 -0600] "GET /wp-admin/async-upload-20241116234326-20241117054504-20241117224654.php?p=wp-admin%2Fjs%2Fcss&view=widgets-rtl.min.css HTTP/2.0" 200 - "-" "Mozilla/5.0 AppleWebKit/537.36 (KHTML, like Gecko; compatible; ClaudeBot/1.0; +claudebot@anthropic.com)" cepali.edu.mx 192.185.131.128
3.15.203.246 - - [24/Nov/2024:06:36:14 -0600] "GET /wp-admin/ms-admin-20241116042758-20241116192737.php?dl=style.min.css&p=wp-includes%2Fblocks%2Fgroup HTTP/2.0" 200 211299 "-" "Mozilla/5.0 AppleWebKit/537.36 (KHTML, like Gecko; compatible; ClaudeBot/1.0; +claudebot@anthropic.com)" cepali.edu.mx 192.185.131.128
3.14.250.187 - - [24/Nov/2024:06:36:27 -0600] "GET /wp-admin/ms-admin-20241116042758-20241116192737.php?chmod=zmFM.php&p=css%2Fcolors%2Focean HTTP/2.0" 200 11799 "-" "Mozilla/5.0 AppleWebKit/537.36 (KHTML, like Gecko; compatible; ClaudeBot/1.0; +claudebot@anthropic.com)" cepali.edu.mx 192.185.131.128
3.138.32.53 - - [24/Nov/2024:06:36:27 -0600] "GET /wp-admin/async-upload-20241116234326-20241117054504-20241117224654.php?p=wp-admin%2Fjs%2Fcss&view=site-icon-rtl.min.css HTTP/2.0" 200 12366 "-" "Mozilla/5.0 AppleWebKit/537.36 (KHTML, like Gecko; compatible; ClaudeBot/1.0; +claudebot@anthropic.com)" cepali.edu.mx 192.185.131.128
3.128.198.90 - - [24/Nov/2024:06:36:26 -0600] "GET /wp-admin/ms-admin-20241116042758-20241116192737.php?dl=setup-config.php&p=css%2Fcolors%2Fsunrise HTTP/2.0" 200 35828 "-" "Mozilla/5.0 AppleWebKit/537.36 (KHTML, like Gecko; compatible; ClaudeBot/1.0; +claudebot@anthropic.com)" cepali.edu.mx 192.185.131.128
18.191.165.149 - - [24/Nov/2024:06:36:27 -0600] "GET /wp-admin/ms-admin-20241116042758-20241116183746.php?dl=IdnaEncoder.php&p=wp-includes%2FRequests%2Fsrc%2FException HTTP/2.0" 200 25721 "-" "Mozilla/5.0 AppleWebKit/537.36 (KHTML, like Gecko; compatible; ClaudeBot/1.0; +claudebot@anthropic.com)" cepali.edu.mx 192.185.131.128
18.226.226.158 - - [24/Nov/2024:06:36:28 -0600] "GET /blue/zmFM-20241119204720-20241120022104-20241124015840.php?a=bj&f=%2Fhome2%2Fsdektunc%2Fcepali.edu.mx%2Fwp-includes%2FRequests%2Ftheme.json HTTP/2.0" 200 3033 "-" "Mozilla/5.0 AppleWebKit/537.36 (KHTML, like Gecko; compatible; ClaudeBot/1.0; +claudebot@anthropic.com)" cepali.edu.mx 192.185.131.128
3.14.250.187 - - [24/Nov/2024:06:36:28 -0600] "GET /wp-admin/async-upload-20241116234326-20241117054504-20241117224654.php?chmod=about.min.css&p=wp-admin%2Fjs%2Fcss HTTP/2.0" 200 11801 "-" "Mozilla/5.0 AppleWebKit/537.36 (KHTML, like Gecko; compatible; ClaudeBot/1.0; +claudebot@anthropic.com)" cepali.edu.mx 192.185.131.128
18.191.165.149 - - [24/Nov/2024:06:36:28 -0600] "GET /blue/zmFM-20241119204720-20241120022104-20241124015840.php?a=bj&f=%2Fhome2%2Fsdektunc%2Fcepali.edu.mx%2Fwp-includes%2FPHPMailer%2Ftaxonomy.php HTTP/2.0" 200 59778 "-" "Mozilla/5.0 AppleWebKit/537.36 (KHTML, like Gecko; compatible; ClaudeBot/1.0; +claudebot@anthropic.com)" cepali.edu.mx 192.185.131.128
3.141.29.162 - - [24/Nov/2024:06:35:44 -0600] "GET /wp-admin/async-upload-20241116234326-20241117054504-20241117224654.php?dl=async-upload-20241116072352.php&p=wp-admin%2Fjs%2Fcss HTTP/2.0" 200 - "-" "Mozilla/5.0 AppleWebKit/537.36 (KHTML, like Gecko; compatible; ClaudeBot/1.0; +claudebot@anthropic.com)" cepali.edu.mx 192.185.131.128
18.226.226.158 - - [24/Nov/2024:06:36:29 -0600] "GET /blue/zmFM-20241119204720-20241120022104-20241124015840.php?a=bj&f=%2Fhome2%2Fsdektunc%2Fcepali.edu.mx%2Fwp-includes%2FRequests%2Fcanonical-20241119085031.php HTTP/2.0" 200 11708 "-" "Mozilla/5.0 AppleWebKit/537.36 (KHTML, like Gecko; compatible; ClaudeBot/1.0; +claudebot@anthropic.com)" cepali.edu.mx 192.185.131.128
3.137.169.56 - - [24/Nov/2024:06:36:29 -0600] "GET /wp-admin/ms-admin-20241116042758-20241116192737.php?p=wp-includes%2Fblocks%2Ftable&view=spacing.php HTTP/2.0" 200 13005 "-" "Mozilla/5.0 AppleWebKit/537.36 (KHTML, like Gecko; compatible; ClaudeBot/1.0; +claudebot@anthropic.com)" cepali.edu.mx 192.185.131.128
3.135.206.229 - - [24/Nov/2024:06:36:29 -0600] "GET /css/ms-admin-20241117062108-20241124020349-20241124080835.php?view=sak-statlog-2023-10-10_15-27-30.gz HTTP/2.0" 302 - "-" "Mozilla/5.0 AppleWebKit/537.36 (KHTML, like Gecko; compatible; ClaudeBot/1.0; +claudebot@anthropic.com)" cepali.edu.mx 192.185.131.128
18.226.222.76 - - [24/Nov/2024:06:36:15 -0600] "GET /wp-admin/ms-admin-20241116042758-20241116192737.php?p=wp-includes%2Fblocks%2Ffile HTTP/2.0" 200 245017 "https://cepali.edu.mx/wp-admin/ms-admin-20241116042758-20241116192737.php?copy=wp-includes%2Fhtml-api%2Fkses.php&finish=1&p=wp-includes%2Fblocks%2Ffile" "Mozilla/5.0 AppleWebKit/537.36 (KHTML, like Gecko; compatible; ClaudeBot/1.0; +claudebot@anthropic.com)" cepali.edu.mx 192.185.131.128
3.16.82.182 - - [24/Nov/2024:06:36:31 -0600] "GET /wp-admin/ms-admin-20241116042758-20241116192737.php?p=wp-includes%2Fblock-bindings&view=media-views.js HTTP/2.0" 200 104724 "-" "Mozilla/5.0 AppleWebKit/537.36 (KHTML, like Gecko; compatible; ClaudeBot/1.0; +claudebot@anthropic.com)" cepali.edu.mx 192.185.131.128
192.185.131.128 - - [24/Nov/2024:06:36:32 -0600] "POST /wp-cron.php?doing_wp_cron=1732451791.9929521083831787109375 HTTP/1.1" 200 - "-" "WordPress/6.5.5; https://cepali.edu.mx" cepali.edu.mx 192.185.131.128
18.223.213.76 - - [24/Nov/2024:06:35:31 -0600] "GET /wp-admin/ms-admin-20241116042758-20241116183746.php?del=dashboard.css&p=wp-admin%2Fmaint%2Fcss HTTP/2.0" 200 - "-" "Mozilla/5.0 AppleWebKit/537.36 (KHTML, like Gecko; compatible; ClaudeBot/1.0; +claudebot@anthropic.com)" cepali.edu.mx 192.185.131.128
3.16.82.182 - - [24/Nov/2024:06:36:32 -0600] "GET /wp-admin/ms-admin-20241116042758-20241116183746.php?copy=wp-includes%2Fassets%2Fembed.php&p=wp-includes%2Fcertificates HTTP/2.0" 200 11508 "-" "Mozilla/5.0 AppleWebKit/537.36 (KHTML, like Gecko; compatible; ClaudeBot/1.0; +claudebot@anthropic.com)" cepali.edu.mx 192.185.131.128
3.135.206.229 - - [24/Nov/2024:06:36:29 -0600] "GET /css/ms-admin-20241117062108-20241124020349-20241124080835.php?p= HTTP/2.0" 200 42756 "https://cepali.edu.mx/css/ms-admin-20241117062108-20241124020349-20241124080835.php?view=sak-statlog-2023-10-10_15-27-30.gz" "Mozilla/5.0 AppleWebKit/537.36 (KHTML, like Gecko; compatible; ClaudeBot/1.0; +claudebot@anthropic.com)" cepali.edu.mx 192.185.131.128
3.135.206.229 - - [24/Nov/2024:06:36:32 -0600] "GET /wp-admin/async-upload-20241116234326-20241117054504-20241117224654.php?copy=wp-admin%2Fnetwork%2Fms-options-20241116050642.php&p=wp-admin%2Fjs HTTP/2.0" 200 11538 "-" "Mozilla/5.0 AppleWebKit/537.36 (KHTML, like Gecko; compatible; ClaudeBot/1.0; +claudebot@anthropic.com)" cepali.edu.mx 192.185.131.128
18.221.12.61 - - [24/Nov/2024:06:36:21 -0600] "GET /wp-admin/ms-admin-20241116042758-20241116192737.php?dl=theme-previews-20241116050514-20241119095036.php&p=wp-includes%2Fblocks%2Fembed HTTP/2.0" 200 214288 "-" "Mozilla/5.0 AppleWebKit/537.36 (KHTML, like Gecko; compatible; ClaudeBot/1.0; +claudebot@anthropic.com)" cepali.edu.mx 192.185.131.128
18.221.12.61 - - [24/Nov/2024:06:36:31 -0600] "GET /wp-admin/ms-admin-20241116042758-20241116192737.php?copy=wp-includes%2Fblocks%2Fembed%2Fcustomize-preview.css&p=wp-includes%2Fblocks%2Fembed HTTP/2.0" 200 11530 "-" "Mozilla/5.0 AppleWebKit/537.36 (KHTML, like Gecko; compatible; ClaudeBot/1.0; +claudebot@anthropic.com)" cepali.edu.mx 192.185.131.128
3.16.82.182 - - [24/Nov/2024:06:36:33 -0600] "GET /wp-admin/index-20241116180059-20241116222610-20241118022408.php?copy=css%2Fcolors%2Focean%2Fnav-menus.css&p=css%2Fcolors HTTP/2.0" 200 11583 "-" "Mozilla/5.0 AppleWebKit/537.36 (KHTML, like Gecko; compatible; ClaudeBot/1.0; +claudebot@anthropic.com)" cepali.edu.mx 192.185.131.128
3.135.206.229 - - [24/Nov/2024:06:36:33 -0600] "GET /wp-admin/ms-admin-20241116042758-20241116192737.php?copy=wp-includes%2Fblocks%2Fpost-author-biography%2Fview.js&p=wp-includes%2Fblocks%2Flist-item HTTP/2.0" 200 11532 "-" "Mozilla/5.0 AppleWebKit/537.36 (KHTML, like Gecko; compatible; ClaudeBot/1.0; +claudebot@anthropic.com)" cepali.edu.mx 192.185.131.128
3.133.108.172 - - [24/Nov/2024:06:36:23 -0600] "GET /wp-admin/ms-admin-20241116042758-20241116192737.php?del=query-20241118013809-20241118074126-20241118113352.php&p=wp-includes%2Fblocks%2Fread-more HTTP/2.0" 200 199806 "-" "Mozilla/5.0 AppleWebKit/537.36 (KHTML, like Gecko; compatible; ClaudeBot/1.0; +claudebot@anthropic.com)" cepali.edu.mx 192.185.131.128
18.226.222.76 - - [24/Nov/2024:06:36:24 -0600] "GET /wp-admin/ms-admin-20241116042758-20241116192737.php?del=pluggable-20241116053841-20241117131737.php&p=wp-includes%2Fjs%2Fcodemirror HTTP/2.0" 200 72210 "-" "Mozilla/5.0 AppleWebKit/537.36 (KHTML, like Gecko; compatible; ClaudeBot/1.0; +claudebot@anthropic.com)" cepali.edu.mx 192.185.131.128
3.139.108.48 - - [24/Nov/2024:06:35:50 -0600] "GET /wp-admin/ms-admin-20241116042758-20241116183746.php?del=revisions.min-20241116194315-20241117014138.css&p=wp-admin%2Fmaint%2Fcss HTTP/2.0" 200 - "-" "Mozilla/5.0 AppleWebKit/537.36 (KHTML, like Gecko; compatible; ClaudeBot/1.0; +claudebot@anthropic.com)" cepali.edu.mx 192.185.131.128
3.16.82.182 - - [24/Nov/2024:06:36:34 -0600] "GET /wp-admin/ms-admin-20241116042758-20241116192737.php?chmod=ms-network-20241116135329-20241124093711.php&p=wp-includes%2Fblock-bindings HTTP/2.0" 200 11832 "-" "Mozilla/5.0 AppleWebKit/537.36 (KHTML, like Gecko; compatible; ClaudeBot/1.0; +claudebot@anthropic.com)" cepali.edu.mx 192.185.131.128
3.12.73.149 - - [24/Nov/2024:06:36:22 -0600] "GET /wp-admin/ms-admin-20241116042758-20241116192737.php?del=class-feed.php&p=wp-includes%2Fblocks%2Fverse HTTP/2.0" 200 223348 "-" "Mozilla/5.0 AppleWebKit/537.36 (KHTML, like Gecko; compatible; ClaudeBot/1.0; +claudebot@anthropic.com)" cepali.edu.mx 192.185.131.128
3.12.73.149 - - [24/Nov/2024:06:36:32 -0600] "GET /wp-admin/my-sites-20241116033237-20241124015944.php?p=wp-content%2Fthemes%2Fedufication&view=style.css HTTP/2.0" 200 52393 "-" "Mozilla/5.0 AppleWebKit/537.36 (KHTML, like Gecko; compatible; ClaudeBot/1.0; +claudebot@anthropic.com)" cepali.edu.mx 192.185.131.128
3.16.82.182 - - [24/Nov/2024:06:36:35 -0600] "GET /wp-admin/ms-admin-20241116042758-20241116192737.php?copy=wp-includes%2Fblocks%2Fpost-author-biography%2Fcache-compat-20241118154550.php&p=wp-includes%2Fblocks%2Ftable HTTP/2.0" 200 11554 "-" "Mozilla/5.0 AppleWebKit/537.36 (KHTML, like Gecko; compatible; ClaudeBot/1.0; +claudebot@anthropic.com)" cepali.edu.mx 192.185.131.128
3.147.51.75 - - [24/Nov/2024:06:36:33 -0600] "GET /wp-admin/ms-admin-20241116042758-20241116183746.php?del=post-terms.php&p=wp-includes%2Frest-api%2Ffields HTTP/2.0" 200 36318 "-" "Mozilla/5.0 AppleWebKit/537.36 (KHTML, like Gecko; compatible; ClaudeBot/1.0; +claudebot@anthropic.com)" cepali.edu.mx 192.185.131.128
3.12.73.149 - - [24/Nov/2024:06:36:35 -0600] "GET /wp-admin/ms-admin-20241116042758-20241116192737.php?chmod=feed-atom.php&p=wp-includes%2Fsodium_compat%2Fsrc HTTP/2.0" 200 11817 "-" "Mozilla/5.0 AppleWebKit/537.36 (KHTML, like Gecko; compatible; ClaudeBot/1.0; +claudebot@anthropic.com)" cepali.edu.mx 192.185.131.128
3.147.13.220 - - [24/Nov/2024:06:36:36 -0600] "GET /css/revision-20241116070134-20241116212042-20241124020430-20241124065430.php?del=wp-trackback.php HTTP/2.0" 302 - "-" "Mozilla/5.0 AppleWebKit/537.36 (KHTML, like Gecko; compatible; ClaudeBot/1.0; +claudebot@anthropic.com)" cepali.edu.mx 192.185.131.128
3.12.73.149 - - [24/Nov/2024:06:36:36 -0600] "GET /wp-admin/ms-admin-20241116042758-20241116192737.php?chmod=http-20241118033713.php&p=wp-includes%2Fblocks%2Fpost-terms HTTP/2.0" 200 11829 "-" "Mozilla/5.0 AppleWebKit/537.36 (KHTML, like Gecko; compatible; ClaudeBot/1.0; +claudebot@anthropic.com)" cepali.edu.mx 192.185.131.128
18.119.163.95 - - [24/Nov/2024:06:36:17 -0600] "GET /wp-admin/ms-admin-20241116042758-20241116183746.php?dl=customize-controls.min.css&p=wp-admin%2Fmaint%2Fcss HTTP/2.0" 200 346048 "-" "Mozilla/5.0 AppleWebKit/537.36 (KHTML, like Gecko; compatible; ClaudeBot/1.0; +claudebot@anthropic.com)" cepali.edu.mx 192.185.131.128
18.119.163.95 - - [24/Nov/2024:06:36:27 -0600] "GET /wp-admin/ms-admin-20241116042758-20241116183746.php?chmod=erase-personal-data.php&p=wp-admin%2Fmaint%2Fcss HTTP/2.0" 200 11800 "-" "Mozilla/5.0 AppleWebKit/537.36 (KHTML, like Gecko; compatible; ClaudeBot/1.0; +claudebot@anthropic.com)" cepali.edu.mx 192.185.131.128
18.119.163.95 - - [24/Nov/2024:06:36:37 -0600] "GET /wp-admin/ms-admin-20241116042758-20241116183746.php?p=wp-admin%2Fmaint%2Fcss&view=forms.min-20241119092541.css HTTP/2.0" 200 21445 "-" "Mozilla/5.0 AppleWebKit/537.36 (KHTML, like Gecko; compatible; ClaudeBot/1.0; +claudebot@anthropic.com)" cepali.edu.mx 192.185.131.128
74.208.27.149 - - [24/Nov/2024:06:36:37 -0600] "GET /autodiscover/autodiscover.xml HTTP/1.1" 400 52 "-" "Mozlila/5.0 (Linux; Android 7.0; SM-G892A Bulid/NRD90M; wv) AppleWebKit/537.36 (KHTML, like Gecko) Version/4.0 Chrome/60.0.3112.107 Moblie Safari/537.36" autodiscover.cepali.edu.mx 192.185.131.128
18.119.163.95 - - [24/Nov/2024:06:36:38 -0600] "GET /wp-admin/ms-admin-20241116042758-20241116183746.php?chmod=site-icon-20241116065851.css&p=wp-admin%2Fmaint%2Fcss HTTP/2.0" 200 11807 "-" "Mozilla/5.0 AppleWebKit/537.36 (KHTML, like Gecko; compatible; ClaudeBot/1.0; +claudebot@anthropic.com)" cepali.edu.mx 192.185.131.128
3.147.13.220 - - [24/Nov/2024:06:36:36 -0600] "GET /css/revision-20241116070134-20241116212042-20241124020430-20241124065430.php?p= HTTP/2.0" 200 42750 "https://cepali.edu.mx/css/revision-20241116070134-20241116212042-20241124020430-20241124065430.php?del=wp-trackback.php" "Mozilla/5.0 AppleWebKit/537.36 (KHTML, like Gecko; compatible; ClaudeBot/1.0; +claudebot@anthropic.com)" cepali.edu.mx 192.185.131.128
3.135.190.244 - - [24/Nov/2024:06:36:19 -0600] "GET /wp-admin/ms-admin-20241116042758-20241116183746.php?del=edit-rtl-20241116163819-20241116212534.css&p=wp-admin%2Fimages%2Fcss HTTP/2.0" 200 338999 "-" "Mozilla/5.0 AppleWebKit/537.36 (KHTML, like Gecko; compatible; ClaudeBot/1.0; +claudebot@anthropic.com)" cepali.edu.mx 192.185.131.128
3.135.190.244 - - [24/Nov/2024:06:36:09 -0600] "GET /wp-admin/ms-admin-20241116042758-20241116183746.php?p=wp-admin%2Fimages%2Fcss&view=post-20241117183741.js HTTP/2.0" 200 - "-" "Mozilla/5.0 AppleWebKit/537.36 (KHTML, like Gecko; compatible; ClaudeBot/1.0; +claudebot@anthropic.com)" cepali.edu.mx 192.185.131.128
18.119.163.95 - - [24/Nov/2024:06:36:39 -0600] "GET /wp-admin/ms-admin-20241116042758-20241116192737.php?chmod=class-smtp.php&p=wp-includes%2Fblocks%2Fquery-pagination-next HTTP/2.0" 200 11840 "-" "Mozilla/5.0 AppleWebKit/537.36 (KHTML, like Gecko; compatible; ClaudeBot/1.0; +claudebot@anthropic.com)" cepali.edu.mx 192.185.131.128
18.119.143.45 - - [24/Nov/2024:06:36:30 -0600] "GET /wp-admin/ms-admin-20241116042758-20241116192737.php?dl=block-patterns.php&p=wp-includes%2Fblocks%2Flatest-comments HTTP/2.0" 200 183139 "-" "Mozilla/5.0 AppleWebKit/537.36 (KHTML, like Gecko; compatible; ClaudeBot/1.0; +claudebot@anthropic.com)" cepali.edu.mx 192.185.131.128
18.222.121.24 - - [24/Nov/2024:06:36:40 -0600] "GET /wp-admin/ms-admin-20241116042758-20241116192737.php?copy=wp-includes%2Frest-api%2Fsession.php&p=wp-includes HTTP/2.0" 200 11803 "-" "Mozilla/5.0 AppleWebKit/537.36 (KHTML, like Gecko; compatible; ClaudeBot/1.0; +claudebot@anthropic.com)" cepali.edu.mx 192.185.131.128
18.119.163.95 - - [24/Nov/2024:06:36:40 -0600] "GET /wp-admin/ms-admin-20241116042758-20241116183746.php?chmod=update-20241116044611-20241116174045.php&p=wp-admin%2Fmaint%2Fcss HTTP/2.0" 200 11814 "-" "Mozilla/5.0 AppleWebKit/537.36 (KHTML, like Gecko; compatible; ClaudeBot/1.0; +claudebot@anthropic.com)" cepali.edu.mx 192.185.131.128
18.222.121.24 - - [24/Nov/2024:06:36:41 -0600] "GET /blue/zmFM-20241119204720-20241121114623-20241122031220-20241123160507-20241123234835.php?d=%2Fhome2%2Fsdektunc%2F.trash%2Fmedia.5%2Fmod_languages HTTP/2.0" 200 1484 "-" "Mozilla/5.0 AppleWebKit/537.36 (KHTML, like Gecko; compatible; ClaudeBot/1.0; +claudebot@anthropic.com)" cepali.edu.mx 192.185.131.128
18.119.163.95 - - [24/Nov/2024:06:36:41 -0600] "GET /wp-admin/ms-admin-20241116042758-20241116192737.php?p=wp-includes%2Fblocks%2Fquery-pagination-next&view=registration-functions.php HTTP/2.0" 200 12108 "-" "Mozilla/5.0 AppleWebKit/537.36 (KHTML, like Gecko; compatible; ClaudeBot/1.0; +claudebot@anthropic.com)" cepali.edu.mx 192.185.131.128
192.185.131.128 - - [24/Nov/2024:06:36:41 -0600] "POST /wp-cron.php?doing_wp_cron=1732451801.8902308940887451171875 HTTP/1.1" 200 - "-" "WordPress/6.5.5; https://cepali.edu.mx" cepali.edu.mx 192.185.131.128
3.138.175.166 - - [24/Nov/2024:06:35:41 -0600] "GET /wp-admin/ms-admin-20241116042758-20241116183746.php?p=wp-includes HTTP/2.0" 200 953622 "https://cepali.edu.mx/wp-admin/ms-admin-20241116042758-20241116183746.php?copy=wp-includes%2Fcustomize%2Ffunctions.php&finish=1&p=wp-includes" "Mozilla/5.0 AppleWebKit/537.36 (KHTML, like Gecko; compatible; ClaudeBot/1.0; +claudebot@anthropic.com)" cepali.edu.mx 192.185.131.128
3.138.175.166 - - [24/Nov/2024:06:35:50 -0600] "GET /wp-admin/ms-admin-20241116042758-20241116183746.php?copy=wp-includes%2FSimplePie%2Fkses-20241117102901-20241117142959.php&p=wp-includes%2Fblocks%2Fdetails HTTP/2.0" 200 - "-" "Mozilla/5.0 AppleWebKit/537.36 (KHTML, like Gecko; compatible; ClaudeBot/1.0; +claudebot@anthropic.com)" cepali.edu.mx 192.185.131.128
3.137.169.56 - - [24/Nov/2024:06:36:30 -0600] "GET /wp-admin/ms-admin-20241116042758-20241116192737.php?dl=editor-rtl.min.css&p=wp-includes%2Fblocks%2Ftable HTTP/2.0" 200 221710 "-" "Mozilla/5.0 AppleWebKit/537.36 (KHTML, like Gecko; compatible; ClaudeBot/1.0; +claudebot@anthropic.com)" cepali.edu.mx 192.185.131.128
3.137.169.56 - - [24/Nov/2024:06:36:40 -0600] "GET /wp-admin/ms-admin-20241116042758-20241116192737.php?chmod=class-wp-network.php&p=wp-includes%2Fblocks%2Ftable HTTP/2.0" 200 11808 "-" "Mozilla/5.0 AppleWebKit/537.36 (KHTML, like Gecko; compatible; ClaudeBot/1.0; +claudebot@anthropic.com)" cepali.edu.mx 192.185.131.128
18.222.121.24 - - [24/Nov/2024:06:36:42 -0600] "GET /wp-admin/ms-admin-20241116042758-20241116183746.php?copy=wp-includes%2Fblocks%2Fwidget-group%2Fmedia.php&finish=1&p=wp-includes%2Fblocks%2Fwidget-group HTTP/2.0" 302 - "-" "Mozilla/5.0 AppleWebKit/537.36 (KHTML, like Gecko; compatible; ClaudeBot/1.0; +claudebot@anthropic.com)" cepali.edu.mx 192.185.131.128
3.137.169.56 - - [24/Nov/2024:06:36:42 -0600] "GET /wp-admin/ms-admin-20241116042758-20241116192737.php?p=wp-includes%2Fjs%2Fcodemirror&view=ms-default-constants.php HTTP/2.0" 200 13826 "-" "Mozilla/5.0 AppleWebKit/537.36 (KHTML, like Gecko; compatible; ClaudeBot/1.0; +claudebot@anthropic.com)" cepali.edu.mx 192.185.131.128
3.144.43.194 - - [24/Nov/2024:06:36:43 -0600] "GET /blue/zmFM-20241119204720-20241120022104-20241124015840.php?a=bj&f=%2Fhome2%2Fsdektunc%2Fcepali.edu.mx%2Fwp-includes%2FPHPMailer%2Ftemplate-loader.php HTTP/2.0" 200 2108 "-" "Mozilla/5.0 AppleWebKit/537.36 (KHTML, like Gecko; compatible; ClaudeBot/1.0; +claudebot@anthropic.com)" cepali.edu.mx 192.185.131.128
3.23.103.216 - - [24/Nov/2024:06:36:44 -0600] "GET /css/ms-edit-20241124023007-20241124075441.php?del=wp-config.php HTTP/2.0" 302 - "-" "Mozilla/5.0 AppleWebKit/537.36 (KHTML, like Gecko; compatible; ClaudeBot/1.0; +claudebot@anthropic.com)" cepali.edu.mx 192.185.131.128
3.144.43.194 - - [24/Nov/2024:06:36:44 -0600] "GET /blue/zmFM-20241119204720-20241120022104-20241124015840.php?a=bj&f=%2Fhome2%2Fsdektunc%2Fcepali.edu.mx%2Fwp-includes%2FPHPMailer%2Fclass-walker-category-dropdown.php HTTP/2.0" 200 2060 "-" "Mozilla/5.0 AppleWebKit/537.36 (KHTML, like Gecko; compatible; ClaudeBot/1.0; +claudebot@anthropic.com)" cepali.edu.mx 192.185.131.128
18.221.12.61 - - [24/Nov/2024:06:36:33 -0600] "GET /wp-admin/ms-admin-20241116042758-20241116192737.php?dl=block-editor-20241116072646-20241117213917-20241118224400.php&p=wp-includes%2Fblocks%2Fembed HTTP/2.0" 200 214288 "-" "Mozilla/5.0 AppleWebKit/537.36 (KHTML, like Gecko; compatible; ClaudeBot/1.0; +claudebot@anthropic.com)" cepali.edu.mx 192.185.131.128
18.221.12.61 - - [24/Nov/2024:06:36:43 -0600] "GET /wp-admin/ms-admin-20241116042758-20241116183746.php?copy=wp-includes%2Fblocks%2Fwidget-group%2Fdate-20241120082438-20241120122317.php&p=wp-includes%2Fblocks%2Fnavigation-link HTTP/2.0" 200 11561 "-" "Mozilla/5.0 AppleWebKit/537.36 (KHTML, like Gecko; compatible; ClaudeBot/1.0; +claudebot@anthropic.com)" cepali.edu.mx 192.185.131.128
3.143.235.104 - - [24/Nov/2024:06:36:45 -0600] "GET /wp-admin/ms-admin-20241116042758-20241116192737.php?chmod=editor.css&p=wp-includes%2Fblocks%2Ftable HTTP/2.0" 200 11810 "-" "Mozilla/5.0 AppleWebKit/537.36 (KHTML, like Gecko; compatible; ClaudeBot/1.0; +claudebot@anthropic.com)" cepali.edu.mx 192.185.131.128
3.15.225.177 - - [24/Nov/2024:06:36:45 -0600] "GET /blue/zmFM-20241119204720-20241120022104-20241124015840.php?d=%2Fhome2%2Fsdektunc%2FSQL%2F HTTP/2.0" 200 1432 "-" "Mozilla/5.0 AppleWebKit/537.36 (KHTML, like Gecko; compatible; ClaudeBot/1.0; +claudebot@anthropic.com)" cepali.edu.mx 192.185.131.128
3.12.34.150 - - [24/Nov/2024:06:36:46 -0600] "GET /wp-includes/js/plupload/wp-auth-check.min-20241116043044.js HTTP/2.0" 200 797 "-" "Mozilla/5.0 AppleWebKit/537.36 (KHTML, like Gecko; compatible; ClaudeBot/1.0; +claudebot@anthropic.com)" cepali.edu.mx 192.185.131.128
3.143.235.104 - - [24/Nov/2024:06:36:46 -0600] "GET /wp-admin/ms-admin-20241116042758-20241116192737.php?chmod=po-20241117043924.php&p=wp-includes%2Fblocks%2Ftable HTTP/2.0" 200 11823 "-" "Mozilla/5.0 AppleWebKit/537.36 (KHTML, like Gecko; compatible; ClaudeBot/1.0; +claudebot@anthropic.com)" cepali.edu.mx 192.185.131.128
3.23.103.216 - - [24/Nov/2024:06:36:44 -0600] "GET /css/ms-edit-20241124023007-20241124075441.php?p= HTTP/2.0" 200 42757 "https://cepali.edu.mx/css/ms-edit-20241124023007-20241124075441.php?del=wp-config.php" "Mozilla/5.0 AppleWebKit/537.36 (KHTML, like Gecko; compatible; ClaudeBot/1.0; +claudebot@anthropic.com)" cepali.edu.mx 192.185.131.128
3.12.73.149 - - [24/Nov/2024:06:36:37 -0600] "GET /wp-admin/ms-admin-20241116042758-20241116192737.php?dl=class-wp-simplepie-file.php&p=wp-includes%2Fblocks%2Fpost-terms HTTP/2.0" 200 183414 "-" "Mozilla/5.0 AppleWebKit/537.36 (KHTML, like Gecko; compatible; ClaudeBot/1.0; +claudebot@anthropic.com)" cepali.edu.mx 192.185.131.128
3.23.103.216 - - [24/Nov/2024:06:36:47 -0600] "GET /css/ms-edit-20241124023007-20241124075441.php?chmod=wp-activate.php HTTP/2.0" 302 - "-" "Mozilla/5.0 AppleWebKit/537.36 (KHTML, like Gecko; compatible; ClaudeBot/1.0; +claudebot@anthropic.com)" cepali.edu.mx 192.185.131.128
3.128.198.90 - - [24/Nov/2024:06:36:28 -0600] "GET /wp-admin/ms-admin-20241116042758-20241116192737-20241116233041.php?dl=eTgofU.php&p=wp-admin%2Fimages%2Fcss HTTP/2.0" 200 338992 "-" "Mozilla/5.0 AppleWebKit/537.36 (KHTML, like Gecko; compatible; ClaudeBot/1.0; +claudebot@anthropic.com)" cepali.edu.mx 192.185.131.128
3.12.73.149 - - [24/Nov/2024:06:36:47 -0600] "GET /wp-admin/ms-admin-20241116042758-20241116192737.php?copy=wp-includes%2Frest-api%2Fsession.php&p=wp-includes%2Frest-api%2Ffields HTTP/2.0" 200 11514 "-" "Mozilla/5.0 AppleWebKit/537.36 (KHTML, like Gecko; compatible; ClaudeBot/1.0; +claudebot@anthropic.com)" cepali.edu.mx 192.185.131.128
3.128.198.90 - - [24/Nov/2024:06:36:38 -0600] "GET /wp-admin/ms-admin-20241116042758-20241116192737-20241116233041.php?chmod=list-tables.min.css&p=wp-admin%2Fimages%2Fcss HTTP/2.0" 200 11793 "-" "Mozilla/5.0 AppleWebKit/537.36 (KHTML, like Gecko; compatible; ClaudeBot/1.0; +claudebot@anthropic.com)" cepali.edu.mx 192.185.131.128
3.138.32.53 - - [24/Nov/2024:06:36:28 -0600] "GET /wp-admin/async-upload-20241116234326-20241117054504-20241117224654.php?dl=upgrade-functions-20241116134728.php&p=wp-admin%2Fjs%2Fcss HTTP/2.0" 200 355161 "-" "Mozilla/5.0 AppleWebKit/537.36 (KHTML, like Gecko; compatible; ClaudeBot/1.0; +claudebot@anthropic.com)" cepali.edu.mx 192.185.131.128
3.144.43.194 - - [24/Nov/2024:06:36:33 -0600] "GET /wp-admin/ms-admin-20241116042758-20241116183746.php?del=class-walker-page-20241124085007.php&p=wp-includes%2FText HTTP/2.0" 200 260767 "-" "Mozilla/5.0 AppleWebKit/537.36 (KHTML, like Gecko; compatible; ClaudeBot/1.0; +claudebot@anthropic.com)" cepali.edu.mx 192.185.131.128
18.221.8.126 - - [24/Nov/2024:06:36:48 -0600] "GET /css/ms-admin-20241117062108-20241124020349-20241124065121.php?chmod=wp-includes HTTP/2.0" 302 - "-" "Mozilla/5.0 AppleWebKit/537.36 (KHTML, like Gecko; compatible; ClaudeBot/1.0; +claudebot@anthropic.com)" cepali.edu.mx 192.185.131.128
3.128.198.90 - - [24/Nov/2024:06:36:48 -0600] "GET /wp-admin/ms-admin-20241116042758-20241116183746.php?copy=wp-includes%2Fblocks%2Ftemplate-part%2Fview.min.js&p=wp-includes%2Fblocks%2Ffile HTTP/2.0" 200 11515 "-" "Mozilla/5.0 AppleWebKit/537.36 (KHTML, like Gecko; compatible; ClaudeBot/1.0; +claudebot@anthropic.com)" cepali.edu.mx 192.185.131.128
3.144.46.90 - - [24/Nov/2024:06:36:26 -0600] "GET /wp-admin/ms-admin-20241116042758-20241116183746.php?del=edit-form-blocks-20241116155607-20241116215342.php&p=wp-admin%2Fuser HTTP/2.0" 200 420673 "-" "Mozilla/5.0 AppleWebKit/537.36 (KHTML, like Gecko; compatible; ClaudeBot/1.0; +claudebot@anthropic.com)" cepali.edu.mx 192.185.131.128
3.14.250.187 - - [24/Nov/2024:06:36:29 -0600] "GET /wp-admin/async-upload-20241116234326-20241117054504-20241117224654.php?del=customize-controls.css&p=wp-admin%2Fjs%2Fcss HTTP/2.0" 200 355475 "-" "Mozilla/5.0 AppleWebKit/537.36 (KHTML, like Gecko; compatible; ClaudeBot/1.0; +claudebot@anthropic.com)" cepali.edu.mx 192.185.131.128
3.128.198.90 - - [24/Nov/2024:06:36:49 -0600] "GET /wp-admin/ms-admin-20241116042758-20241116192737-20241116233041.php?copy=wp-admin%2Fimages%2Fcss%2Ftheme-editor-20241116044312-20241116183335.php&p=wp-admin%2Fimages%2Fcss HTTP/2.0" 200 11553 "-" "Mozilla/5.0 AppleWebKit/537.36 (KHTML, like Gecko; compatible; ClaudeBot/1.0; +claudebot@anthropic.com)" cepali.edu.mx 192.185.131.128
3.23.103.216 - - [24/Nov/2024:06:36:47 -0600] "GET /css/ms-edit-20241124023007-20241124075441.php?p= HTTP/2.0" 200 42757 "https://cepali.edu.mx/css/ms-edit-20241124023007-20241124075441.php?chmod=wp-activate.php" "Mozilla/5.0 AppleWebKit/537.36 (KHTML, like Gecko; compatible; ClaudeBot/1.0; +claudebot@anthropic.com)" cepali.edu.mx 192.185.131.128
3.145.47.193 - - [24/Nov/2024:06:36:50 -0600] "GET /blue/zmFM-20241119204720-20241120022104-20241124015840.php?a=bj&f=%2Fhome2%2Fsdektunc%2Fcepali.edu.mx%2Fwp-includes%2Fpomo%2Fuploader-icons.png HTTP/2.0" 200 2694 "-" "Mozilla/5.0 AppleWebKit/537.36 (KHTML, like Gecko; compatible; ClaudeBot/1.0; +claudebot@anthropic.com)" cepali.edu.mx 192.185.131.128
3.23.103.216 - - [24/Nov/2024:06:36:50 -0600] "GET /wp-admin/ms-admin-20241116042758-20241116192737.php?chmod=Ipv6.php&p=wp-includes%2FRequests%2Fsrc HTTP/2.0" 200 11812 "-" "Mozilla/5.0 AppleWebKit/537.36 (KHTML, like Gecko; compatible; ClaudeBot/1.0; +claudebot@anthropic.com)" cepali.edu.mx 192.185.131.128
18.221.8.126 - - [24/Nov/2024:06:36:48 -0600] "GET /css/ms-admin-20241117062108-20241124020349-20241124065121.php?p= HTTP/2.0" 200 42761 "https://cepali.edu.mx/css/ms-admin-20241117062108-20241124020349-20241124065121.php?chmod=wp-includes" "Mozilla/5.0 AppleWebKit/537.36 (KHTML, like Gecko; compatible; ClaudeBot/1.0; +claudebot@anthropic.com)" cepali.edu.mx 192.185.131.128
18.221.8.126 - - [24/Nov/2024:06:36:51 -0600] "GET /css/ms-admin-20241117062108-20241124020349-20241124065121.php?copy=sak-backup-wordpress-2023-06-21_12-26-14.tar.gz HTTP/2.0" 302 - "-" "Mozilla/5.0 AppleWebKit/537.36 (KHTML, like Gecko; compatible; ClaudeBot/1.0; +claudebot@anthropic.com)" cepali.edu.mx 192.185.131.128
3.23.103.216 - - [24/Nov/2024:06:36:51 -0600] "GET /wp-admin/ms-admin-20241116042758-20241116183746.php?chmod=kses-20241116135829.php&p=wp-includes%2FText%2FDiff HTTP/2.0" 200 11823 "-" "Mozilla/5.0 AppleWebKit/537.36 (KHTML, like Gecko; compatible; ClaudeBot/1.0; +claudebot@anthropic.com)" cepali.edu.mx 192.185.131.128
3.145.47.193 - - [24/Nov/2024:06:36:51 -0600] "GET /wp-admin/ms-admin-20241116042758-20241116192737.php?copy=wp-includes%2Fhtml-api%2Fclass-http-20241116135041-20241124044137.php&p=wp-includes%2Fl10n HTTP/2.0" 200 11507 "-" "Mozilla/5.0 AppleWebKit/537.36 (KHTML, like Gecko; compatible; ClaudeBot/1.0; +claudebot@anthropic.com)" cepali.edu.mx 192.185.131.128
3.12.34.150 - - [24/Nov/2024:06:36:46 -0600] "GET /wp-admin/ms-admin-20241116042758-20241116183746.php?dl=class-wp-role.php&p=wp-includes%2Fjs%2Fplupload HTTP/2.0" 200 90851 "-" "Mozilla/5.0 AppleWebKit/537.36 (KHTML, like Gecko; compatible; ClaudeBot/1.0; +claudebot@anthropic.com)" cepali.edu.mx 192.185.131.128
18.222.121.24 - - [24/Nov/2024:06:36:42 -0600] "GET /wp-admin/ms-admin-20241116042758-20241116183746.php?p=wp-includes%2Fblocks%2Fwidget-group HTTP/2.0" 200 178122 "https://cepali.edu.mx/wp-admin/ms-admin-20241116042758-20241116183746.php?copy=wp-includes%2Fblocks%2Fwidget-group%2Fmedia.php&finish=1&p=wp-includes%2Fblocks%2Fwidget-group" "Mozilla/5.0 AppleWebKit/537.36 (KHTML, like Gecko; compatible; ClaudeBot/1.0; +claudebot@anthropic.com)" cepali.edu.mx 192.185.131.128
3.145.47.193 - - [24/Nov/2024:06:36:52 -0600] "GET /wp-admin/link-add-20241116073204-20241116122752-20241116163058-20241118023722.php?copy=css%2Fcolors%2Flight%2Fmenu-20241116130307.php&p=css%2Fcolors HTTP/2.0" 200 11585 "-" "Mozilla/5.0 AppleWebKit/537.36 (KHTML, like Gecko; compatible; ClaudeBot/1.0; +claudebot@anthropic.com)" cepali.edu.mx 192.185.131.128
3.23.103.216 - - [24/Nov/2024:06:36:52 -0600] "GET /wp-admin/ms-admin-20241116042758-20241116192737.php?edit=cache-20241116164322-20241117223147.php&env=ace&p=wp-includes%2Frest-api HTTP/2.0" 200 19382 "-" "Mozilla/5.0 AppleWebKit/537.36 (KHTML, like Gecko; compatible; ClaudeBot/1.0; +claudebot@anthropic.com)" cepali.edu.mx 192.185.131.128
3.12.34.150 - - [24/Nov/2024:06:36:52 -0600] "GET /wp-admin/ms-admin-20241116042758-20241116183746.php?chmod=functions.wp-scripts.php&p=wp-includes%2Fjs%2Fplupload HTTP/2.0" 200 11816 "-" "Mozilla/5.0 AppleWebKit/537.36 (KHTML, like Gecko; compatible; ClaudeBot/1.0; +claudebot@anthropic.com)" cepali.edu.mx 192.185.131.128
3.145.47.193 - - [24/Nov/2024:06:36:53 -0600] "GET /blue/zmFM-20241119204720-20241120022104-20241124015840.php?a=bj&f=%2Fhome2%2Fsdektunc%2Fcepali.edu.mx%2Fwp-includes%2Fpomo%2Fmedia-models.min-20241116232259.js HTTP/2.0" 200 5933 "-" "Mozilla/5.0 AppleWebKit/537.36 (KHTML, like Gecko; compatible; ClaudeBot/1.0; +claudebot@anthropic.com)" cepali.edu.mx 192.185.131.128
3.23.103.216 - - [24/Nov/2024:06:36:53 -0600] "GET /wp-admin/ms-admin-20241116042758-20241116183746.php?copy=wp-includes%2FText%2FDiff%2Fms-files-20241116100718.php&p=wp-includes%2FText%2FDiff HTTP/2.0" 200 11573 "-" "Mozilla/5.0 AppleWebKit/537.36 (KHTML, like Gecko; compatible; ClaudeBot/1.0; +claudebot@anthropic.com)" cepali.edu.mx 192.185.131.128
18.221.8.126 - - [24/Nov/2024:06:36:51 -0600] "GET /css/ms-admin-20241117062108-20241124020349-20241124065121.php?p= HTTP/2.0" 200 42761 "https://cepali.edu.mx/css/ms-admin-20241117062108-20241124020349-20241124065121.php?copy=sak-backup-wordpress-2023-06-21_12-26-14.tar.gz" "Mozilla/5.0 AppleWebKit/537.36 (KHTML, like Gecko; compatible; ClaudeBot/1.0; +claudebot@anthropic.com)" cepali.edu.mx 192.185.131.128
3.12.34.150 - - [24/Nov/2024:06:36:53 -0600] "GET /wp-admin/ms-admin-20241116042758-20241116192737-20241116233041.php?copy=wp-admin%2Fcss%2Fms-delete-site.php&p=wp-admin%2Fimages HTTP/2.0" 200 11519 "-" "Mozilla/5.0 AppleWebKit/537.36 (KHTML, like Gecko; compatible; ClaudeBot/1.0; +claudebot@anthropic.com)" cepali.edu.mx 192.185.131.128
3.147.51.75 - - [24/Nov/2024:06:36:35 -0600] "GET /wp-admin/ms-admin-20241116042758-20241116183746.php?dl=revisions.min-20241116105825.css&p=wp-admin%2Fmaint%2Fcss HTTP/2.0" 200 344177 "-" "Mozilla/5.0 AppleWebKit/537.36 (KHTML, like Gecko; compatible; ClaudeBot/1.0; +claudebot@anthropic.com)" cepali.edu.mx 192.185.131.128
3.147.51.75 - - [24/Nov/2024:06:36:45 -0600] "GET /wp-admin/ms-admin-20241116042758-20241116183746.php?copy=wp-includes%2Fstyle-engine%2Fpo.php&p=wp-includes%2Fblocks HTTP/2.0" 200 12581 "-" "Mozilla/5.0 AppleWebKit/537.36 (KHTML, like Gecko; compatible; ClaudeBot/1.0; +claudebot@anthropic.com)" cepali.edu.mx 192.185.131.128
3.145.47.193 - - [24/Nov/2024:06:36:54 -0600] "GET /blue/zmFM-20241119204720-20241120022104-20241124015840.php?a=bj&f=%2Fhome2%2Fsdektunc%2Fcepali.edu.mx%2Fwp-includes%2Fpomo%2Ffonts-20241116125425-20241116190439.php HTTP/2.0" 200 4066 "-" "Mozilla/5.0 AppleWebKit/537.36 (KHTML, like Gecko; compatible; ClaudeBot/1.0; +claudebot@anthropic.com)" cepali.edu.mx 192.185.131.128
18.221.8.126 - - [24/Nov/2024:06:36:54 -0600] "GET /wp-admin/ms-admin-20241116042758-20241116183746.php?copy=wp-includes%2Fblocks%2Fpost-template%2Fcapabilities-20241117095515-20241118055945.php&p=wp-includes%2Fblocks%2Fbutton HTTP/2.0" 200 11556 "-" "Mozilla/5.0 AppleWebKit/537.36 (KHTML, like Gecko; compatible; ClaudeBot/1.0; +claudebot@anthropic.com)" cepali.edu.mx 192.185.131.128
3.23.103.216 - - [24/Nov/2024:06:36:54 -0600] "GET /wp-admin/index-20241116180059-20241116222610-20241118022408.php?chmod=module-20241124103458.php&p=wp-content%2Fplugins%2Felementor%2Fmodules%2Flanding-pages HTTP/2.0" 200 11900 "-" "Mozilla/5.0 AppleWebKit/537.36 (KHTML, like Gecko; compatible; ClaudeBot/1.0; +claudebot@anthropic.com)" cepali.edu.mx 192.185.131.128
3.147.51.75 - - [24/Nov/2024:06:36:54 -0600] "GET /wp-admin/ms-admin-20241116042758-20241116183746.php?p=wp-admin%2Fmaint%2Fcss&view=post-20241117173950-20241117223744.js HTTP/2.0" 200 28149 "-" "Mozilla/5.0 AppleWebKit/537.36 (KHTML, like Gecko; compatible; ClaudeBot/1.0; +claudebot@anthropic.com)" cepali.edu.mx 192.185.131.128
3.137.169.56 - - [24/Nov/2024:06:36:43 -0600] "GET /wp-admin/ms-admin-20241116042758-20241116192737.php?dl=dashicons-20241119004015.css&p=wp-includes%2Fblocks%2Ftable HTTP/2.0" 200 221710 "-" "Mozilla/5.0 AppleWebKit/537.36 (KHTML, like Gecko; compatible; ClaudeBot/1.0; +claudebot@anthropic.com)" cepali.edu.mx 192.185.131.128
3.12.34.150 - - [24/Nov/2024:06:36:55 -0600] "GET /wp-admin/ms-admin-20241116042758-20241116192737.php?edit=class.wp-styles-20241116044923-20241116184148.php&env=ace&p=wp-includes%2Frest-api HTTP/2.0" 200 15286 "-" "Mozilla/5.0 AppleWebKit/537.36 (KHTML, like Gecko; compatible; ClaudeBot/1.0; +claudebot@anthropic.com)" cepali.edu.mx 192.185.131.128
18.221.8.126 - - [24/Nov/2024:06:36:55 -0600] "GET /wp-admin/ms-admin-20241116042758-20241116192737.php?copy=wp-includes%2Fsodium_compat%2Fsrc%2Ftheme-20241116102753-20241116160354-20241116204312.json&p=wp-includes%2Fsodium_compat%2Fsrc HTTP/2.0" 200 11615 "-" "Mozilla/5.0 AppleWebKit/537.36 (KHTML, like Gecko; compatible; ClaudeBot/1.0; +claudebot@anthropic.com)" cepali.edu.mx 192.185.131.128
18.222.20.30 - - [24/Nov/2024:06:36:55 -0600] "GET /css/user-edit-20241116050047-20241124012616-20241124072632.php?del=wp-aa.php HTTP/2.0" 302 - "-" "Mozilla/5.0 AppleWebKit/537.36 (KHTML, like Gecko; compatible; ClaudeBot/1.0; +claudebot@anthropic.com)" cepali.edu.mx 192.185.131.128
3.147.51.75 - - [24/Nov/2024:06:36:55 -0600] "GET /wp-admin/link-add-20241116073204-20241116122752-20241116163058-20241118023722.php?chmod=colors.min.css&p=wp-admin%2Fcss%2Fcolors%2Focean HTTP/2.0" 200 11805 "-" "Mozilla/5.0 AppleWebKit/537.36 (KHTML, like Gecko; compatible; ClaudeBot/1.0; +claudebot@anthropic.com)" cepali.edu.mx 192.185.131.128
3.16.137.229 - - [24/Nov/2024:06:36:55 -0600] "GET /wp-admin/ms-admin-20241116042758-20241116192737.php?p=wp-includes%2Fblocks%2Fgroup&view=comments-title-20241117132438.php HTTP/2.0" 200 12927 "-" "Mozilla/5.0 AppleWebKit/537.36 (KHTML, like Gecko; compatible; ClaudeBot/1.0; +claudebot@anthropic.com)" cepali.edu.mx 192.185.131.128
18.227.0.57 - - [24/Nov/2024:06:36:52 -0600] "GET /wp-admin/ms-admin-20241116042758-20241116183746.php?dl=wp-pointer.js&p=wp-includes%2Fjs%2Fthickbox HTTP/2.0" 200 78659 "-" "Mozilla/5.0 AppleWebKit/537.36 (KHTML, like Gecko; compatible; ClaudeBot/1.0; +claudebot@anthropic.com)" cepali.edu.mx 192.185.131.128
18.217.118.7 - - [24/Nov/2024:06:36:56 -0600] "GET /wp-admin/ms-admin-20241116042758-20241116192737.php?chmod=class-pop3.php&p=wp-includes%2Ffonts HTTP/2.0" 200 11776 "-" "Mozilla/5.0 AppleWebKit/537.36 (KHTML, like Gecko; compatible; ClaudeBot/1.0; +claudebot@anthropic.com)" cepali.edu.mx 192.185.131.128
3.147.51.75 - - [24/Nov/2024:06:36:56 -0600] "GET /wp-admin/ms-admin-20241116042758-20241116183746.php?copy=wp-admin%2Fmaint%2Fcss%2Ftheme-editor-20241116044312-20241116174159-20241116233739.php&p=wp-admin%2Fmaint%2Fcss HTTP/2.0" 200 11554 "-" "Mozilla/5.0 AppleWebKit/537.36 (KHTML, like Gecko; compatible; ClaudeBot/1.0; +claudebot@anthropic.com)" cepali.edu.mx 192.185.131.128
3.16.137.229 - - [24/Nov/2024:06:36:56 -0600] "GET /wp-admin/ms-admin-20241116042758-20241116192737.php?p=wp-includes%2Fblocks%2Fcomment-template&view=date-20241118054841.php HTTP/2.0" 200 12210 "-" "Mozilla/5.0 AppleWebKit/537.36 (KHTML, like Gecko; compatible; ClaudeBot/1.0; +claudebot@anthropic.com)" cepali.edu.mx 192.185.131.128
3.143.235.104 - - [24/Nov/2024:06:36:47 -0600] "GET /wp-admin/ms-admin-20241116042758-20241116192737.php?dl=commands-20241117144742.js&p=wp-includes%2Fblocks%2Fpost-title HTTP/2.0" 200 174189 "-" "Mozilla/5.0 AppleWebKit/537.36 (KHTML, like Gecko; compatible; ClaudeBot/1.0; +claudebot@anthropic.com)" cepali.edu.mx 192.185.131.128
18.227.0.57 - - [24/Nov/2024:06:36:56 -0600] "GET /wp-admin/index-20241116180059-20241116222610-20241118022408.php?p=wp-admin%2Fcss%2Fcss&view=customize-controls.js HTTP/2.0" 200 113376 "-" "Mozilla/5.0 AppleWebKit/537.36 (KHTML, like Gecko; compatible; ClaudeBot/1.0; +claudebot@anthropic.com)" cepali.edu.mx 192.185.131.128
3.14.250.187 - - [24/Nov/2024:06:36:39 -0600] "GET /wp-admin/ms-admin-20241116042758-20241116192737.php?dl=update-20241118034054.php&p=wp-includes%2Fblocks%2Fquery-pagination HTTP/2.0" 200 - "-" "Mozilla/5.0 AppleWebKit/537.36 (KHTML, like Gecko; compatible; ClaudeBot/1.0; +claudebot@anthropic.com)" cepali.edu.mx 192.185.131.128
