3.148.108.144 - - [24/Nov/2024:06:16:12 -0600] "GET /wp-admin/ms-admin-20241116042758-20241116183746.php?copy=wp-includes%2Fblocks%2Ftemplate-part%2Feditor.min.css&p=wp-includes%2Fblocks%2Fsite-title HTTP/2.0" 200 11534 "-" "Mozilla/5.0 AppleWebKit/537.36 (KHTML, like Gecko; compatible; ClaudeBot/1.0; +claudebot@anthropic.com)" cepali.edu.mx 192.185.131.128
192.185.131.128 - - [24/Nov/2024:06:16:13 -0600] "POST /wp-cron.php?doing_wp_cron=1732450573.0347139835357666015625 HTTP/1.1" 200 - "-" "WordPress/6.5.5; https://cepali.edu.mx" cepali.edu.mx 192.185.131.128
18.116.85.102 - - [24/Nov/2024:06:15:07 -0600] "GET /wp-admin/ms-admin-20241116042758-20241116192737.php?del=customize-nav-menus.min.css&p=wp-includes%2Fcss HTTP/2.0" 200 - "-" "Mozilla/5.0 AppleWebKit/537.36 (KHTML, like Gecko; compatible; ClaudeBot/1.0; +claudebot@anthropic.com)" cepali.edu.mx 192.185.131.128
18.116.85.102 - - [24/Nov/2024:06:15:28 -0600] "GET /wp-admin/ms-admin-20241116042758-20241116192737.php?chmod=install-20241116215118.php&p=wp-includes%2Fcss HTTP/2.0" 200 - "-" "Mozilla/5.0 AppleWebKit/537.36 (KHTML, like Gecko; compatible; ClaudeBot/1.0; +claudebot@anthropic.com)" cepali.edu.mx 192.185.131.128
13.58.40.171 - - [24/Nov/2024:06:16:00 -0600] "GET /wp-admin/ms-admin-20241116042758-20241116192737.php?dl=shortcodes.php&p=wp-includes%2FSimplePie HTTP/2.0" 200 266094 "-" "Mozilla/5.0 AppleWebKit/537.36 (KHTML, like Gecko; compatible; ClaudeBot/1.0; +claudebot@anthropic.com)" cepali.edu.mx 192.185.131.128
13.58.40.171 - - [24/Nov/2024:06:16:11 -0600] "GET /wp-admin/tools-20241124015229-20241124062520.php?del=ms-admin-20241116042758-20241116192737-20241116233041.php HTTP/2.0" 302 - "-" "Mozilla/5.0 AppleWebKit/537.36 (KHTML, like Gecko; compatible; ClaudeBot/1.0; +claudebot@anthropic.com)" cepali.edu.mx 192.185.131.128
3.142.212.153 - - [24/Nov/2024:06:15:37 -0600] "GET /wp-admin/ms-admin-20241116042758-20241116192737.php?del=api-request.js&p=wp-includes%2Fcss HTTP/2.0" 200 608520 "-" "Mozilla/5.0 AppleWebKit/537.36 (KHTML, like Gecko; compatible; ClaudeBot/1.0; +claudebot@anthropic.com)" cepali.edu.mx 192.185.131.128
13.58.40.171 - - [24/Nov/2024:06:16:14 -0600] "GET /wp-admin/tools-20241124015229-20241124062520.php?p= HTTP/2.0" 200 42755 "https://cepali.edu.mx/wp-admin/tools-20241124015229-20241124062520.php?del=ms-admin-20241116042758-20241116192737-20241116233041.php" "Mozilla/5.0 AppleWebKit/537.36 (KHTML, like Gecko; compatible; ClaudeBot/1.0; +claudebot@anthropic.com)" cepali.edu.mx 192.185.131.128
13.58.40.171 - - [24/Nov/2024:06:16:15 -0600] "GET /wp-admin/themes-20241117080324-20241124013925.php?chmod=es_ES-8860e58c20c6a2ab5876a0f07be43bd9.json&p=wp-content%2Fupgrade HTTP/2.0" 200 11807 "-" "Mozilla/5.0 AppleWebKit/537.36 (KHTML, like Gecko; compatible; ClaudeBot/1.0; +claudebot@anthropic.com)" cepali.edu.mx 192.185.131.128
192.185.131.128 - - [24/Nov/2024:06:16:16 -0600] "POST /wp-cron.php?doing_wp_cron=1732450576.9735429286956787109375 HTTP/1.1" 200 - "-" "WordPress/6.5.5; https://cepali.edu.mx" cepali.edu.mx 192.185.131.128
3.133.124.23 - - [24/Nov/2024:06:15:15 -0600] "GET /wp-admin/ms-admin-20241116042758-20241116192737.php?del=class-wp-theme-json-resolver.php&p=wp-includes%2Fcss HTTP/2.0" 200 - "-" "Mozilla/5.0 AppleWebKit/537.36 (KHTML, like Gecko; compatible; ClaudeBot/1.0; +claudebot@anthropic.com)" cepali.edu.mx 192.185.131.128
3.142.156.58 - - [24/Nov/2024:06:16:04 -0600] "GET /wp-admin/index-20241116180059-20241116222610-20241118022408.php?p=wp-content%2Fmu-plugins%2Fcss HTTP/2.0" 200 332009 "https://cepali.edu.mx/wp-admin/index-20241116180059-20241116222610-20241118022408.php?copy=wp-content%2Fplugins%2Ferror_log&finish=1&p=wp-content%2Fmu-plugins%2Fcss" "Mozilla/5.0 AppleWebKit/537.36 (KHTML, like Gecko; compatible; ClaudeBot/1.0; +claudebot@anthropic.com)" cepali.edu.mx 192.185.131.128
3.142.156.58 - - [24/Nov/2024:06:16:12 -0600] "GET /wp-admin/ms-admin-20241116042758-20241116183746.php?copy=wp-includes%2Fcss%2Fdist%2Fnux%2Fstyle-rtl-20241117153141.css&p=wp-includes%2Fcss%2Fdist%2Fnux HTTP/2.0" 200 11549 "-" "Mozilla/5.0 AppleWebKit/537.36 (KHTML, like Gecko; compatible; ClaudeBot/1.0; +claudebot@anthropic.com)" cepali.edu.mx 192.185.131.128
3.142.156.58 - - [24/Nov/2024:06:16:17 -0600] "GET /wp-admin/ms-admin-20241116042758-20241116192737.php?copy=wp-includes%2Fsodium_compat%2Flib%2Fclass-IXR-request.php&finish=1&p=wp-includes%2Fsodium_compat%2Flib HTTP/2.0" 302 - "-" "Mozilla/5.0 AppleWebKit/537.36 (KHTML, like Gecko; compatible; ClaudeBot/1.0; +claudebot@anthropic.com)" cepali.edu.mx 192.185.131.128
13.58.40.171 - - [24/Nov/2024:06:16:16 -0600] "GET /css/moderation-20241116213444-20241124012906.php?chmod=es_ES-f575f481034e90e21d832e415fd95fcf.json&p=wp-content%2Flanguages HTTP/2.0" 200 11810 "-" "Mozilla/5.0 AppleWebKit/537.36 (KHTML, like Gecko; compatible; ClaudeBot/1.0; +claudebot@anthropic.com)" cepali.edu.mx 192.185.131.128
13.58.40.171 - - [24/Nov/2024:06:16:18 -0600] "GET /wp-admin/ms-admin-20241116042758-20241116192737.php?chmod=bookmark-20241117103815-20241117142326.php&p=wp-includes%2FSimplePie HTTP/2.0" 200 11814 "-" "Mozilla/5.0 AppleWebKit/537.36 (KHTML, like Gecko; compatible; ClaudeBot/1.0; +claudebot@anthropic.com)" cepali.edu.mx 192.185.131.128
3.142.156.58 - - [24/Nov/2024:06:16:17 -0600] "GET /wp-admin/ms-admin-20241116042758-20241116192737.php?p=wp-includes%2Fsodium_compat%2Flib HTTP/2.0" 200 58688 "https://cepali.edu.mx/wp-admin/ms-admin-20241116042758-20241116192737.php?copy=wp-includes%2Fsodium_compat%2Flib%2Fclass-IXR-request.php&finish=1&p=wp-includes%2Fsodium_compat%2Flib" "Mozilla/5.0 AppleWebKit/537.36 (KHTML, like Gecko; compatible; ClaudeBot/1.0; +claudebot@anthropic.com)" cepali.edu.mx 192.185.131.128
18.118.19.123 - - [24/Nov/2024:06:15:53 -0600] "GET /wp-admin/ms-admin-20241116042758-20241116192737.php?del=forms.min.css&p=wp-includes%2Fcss HTTP/2.0" 200 601201 "-" "Mozilla/5.0 AppleWebKit/537.36 (KHTML, like Gecko; compatible; ClaudeBot/1.0; +claudebot@anthropic.com)" cepali.edu.mx 192.185.131.128
18.191.103.144 - - [24/Nov/2024:06:15:57 -0600] "GET /wp-admin/ms-admin-20241116042758-20241116192737.php?del=edit.css&p=wp-includes%2Fcss HTTP/2.0" 200 608522 "-" "Mozilla/5.0 AppleWebKit/537.36 (KHTML, like Gecko; compatible; ClaudeBot/1.0; +claudebot@anthropic.com)" cepali.edu.mx 192.185.131.128
18.116.85.102 - - [24/Nov/2024:06:15:40 -0600] "GET /wp-admin/ms-admin-20241116042758-20241116192737.php?dl=ms-users-20241116040255-20241116164001.php&p=wp-includes%2Fcss HTTP/2.0" 200 - "-" "Mozilla/5.0 AppleWebKit/537.36 (KHTML, like Gecko; compatible; ClaudeBot/1.0; +claudebot@anthropic.com)" cepali.edu.mx 192.185.131.128
3.142.212.153 - - [24/Nov/2024:06:16:09 -0600] "GET /wp-admin/ms-admin-20241116042758-20241116192737.php?dl=edit-20241116095341.php&p=wp-includes%2Fcss HTTP/2.0" 200 602871 "-" "Mozilla/5.0 AppleWebKit/537.36 (KHTML, like Gecko; compatible; ClaudeBot/1.0; +claudebot@anthropic.com)" cepali.edu.mx 192.185.131.128
18.219.25.226 - - [24/Nov/2024:06:16:09 -0600] "GET /wp-admin/ms-admin-20241116042758-20241116183746.php?p=wp-includes%2Fblocks HTTP/2.0" 200 857712 "https://cepali.edu.mx/wp-admin/ms-admin-20241116042758-20241116183746.php?copy=wp-includes%2Fblocks%2Fpost-template%2Fstyle.css&finish=1&p=wp-includes%2Fblocks" "Mozilla/5.0 AppleWebKit/537.36 (KHTML, like Gecko; compatible; ClaudeBot/1.0; +claudebot@anthropic.com)" cepali.edu.mx 192.185.131.128
3.142.212.153 - - [24/Nov/2024:06:15:57 -0600] "GET /css/media-20241116172850-20241124014147.php?dl=colors-20241124022839-20241124093300.css&p=blue HTTP/2.0" 200 - "-" "Mozilla/5.0 AppleWebKit/537.36 (KHTML, like Gecko; compatible; ClaudeBot/1.0; +claudebot@anthropic.com)" cepali.edu.mx 192.185.131.128
18.118.19.123 - - [24/Nov/2024:06:16:13 -0600] "GET /wp-admin/ms-admin-20241116042758-20241116192737.php?del=revisions-rtl.css&p=wp-includes%2Fcss HTTP/2.0" 200 603036 "-" "Mozilla/5.0 AppleWebKit/537.36 (KHTML, like Gecko; compatible; ClaudeBot/1.0; +claudebot@anthropic.com)" cepali.edu.mx 192.185.131.128
3.142.212.153 - - [24/Nov/2024:06:15:47 -0600] "GET /wp-admin/ms-admin-20241116042758-20241116192737.php?del=code-editor.css&p=wp-includes%2Fcss HTTP/2.0" 200 - "-" "Mozilla/5.0 AppleWebKit/537.36 (KHTML, like Gecko; compatible; ClaudeBot/1.0; +claudebot@anthropic.com)" cepali.edu.mx 192.185.131.128
66.249.66.165 - - [24/Nov/2024:06:16:33 -0600] "GET /?_gl=1*1ix4f11*_gcl_au*MTYxMTI1OTI3MS4xNzIxODg2NjU0*_ga*ODYyMzk4MzA3LjE2OTk0NTM1Nzg.*_ga_7H42SVMQ0V*MTcyMTg4NjY1NS4xMjEuMS4xNzIxODg2NjY5LjQ2LjAuMA..&_ga=2.198040047.1958808748.1721886654-862398307.1699453578&_bdsid=2ulvIJ.n~ZXCIW.1721886656070.1721886848&_bd_prev_page=https://cepali.edu.mx/detail.php?ttiou/z592864.html HTTP/1.1" 200 129791 "-" "Mozilla/5.0 (Linux; Android 6.0.1; Nexus 5X Build/MMB29P) AppleWebKit/537.36 (KHTML, like Gecko) Chrome/131.0.6778.69 Mobile Safari/537.36 (compatible; Googlebot/2.1; +http://www.google.com/bot.html)" cepali.edu.mx 192.185.131.128
18.118.19.123 - - [24/Nov/2024:06:16:03 -0600] "GET /wp-admin/ms-admin-20241116042758-20241116192737.php?dl=async-upload.php&p=wp-includes%2Fcss HTTP/2.0" 200 - "-" "Mozilla/5.0 AppleWebKit/537.36 (KHTML, like Gecko; compatible; ClaudeBot/1.0; +claudebot@anthropic.com)" cepali.edu.mx 192.185.131.128
3.142.212.153 - - [24/Nov/2024:06:16:19 -0600] "GET /wp-admin/ms-admin-20241116042758-20241116192737.php?dl=editor-20241116215150.css&p=wp-includes%2Fcss HTTP/2.0" 200 - "-" "Mozilla/5.0 AppleWebKit/537.36 (KHTML, like Gecko; compatible; ClaudeBot/1.0; +claudebot@anthropic.com)" cepali.edu.mx 192.185.131.128
3.142.212.153 - - [24/Nov/2024:06:16:29 -0600] "GET /wp-admin/ms-admin-20241116042758-20241116183746.php?chmod=midnight&p=wp-admin%2Fincludes%2Fcss%2Fcolors HTTP/2.0" 200 11815 "-" "Mozilla/5.0 AppleWebKit/537.36 (KHTML, like Gecko; compatible; ClaudeBot/1.0; +claudebot@anthropic.com)" cepali.edu.mx 192.185.131.128
66.249.66.165 - - [24/Nov/2024:06:16:39 -0600] "GET /?_gl=1*1ix4f11*_gcl_au*MTYxMTI1OTI3MS4xNzIxODg2NjU0*_ga*ODYyMzk4MzA3LjE2OTk0NTM1Nzg.*_ga_7H42SVMQ0V*MTcyMTg4NjY1NS4xMjEuMS4xNzIxODg2NjY5LjQ2LjAuMA..&_ga=2.198040047.1958808748.1721886654-862398307.1699453578&_bdsid=2ulvIJ.n~ZXCIW.1721886656070.1721886848&_bd_prev_page=https://cepali.edu.mx/detail.php?idtzi/f2995426.html HTTP/1.1" 200 129019 "-" "Mozilla/5.0 (Linux; Android 6.0.1; Nexus 5X Build/MMB29P) AppleWebKit/537.36 (KHTML, like Gecko) Chrome/131.0.6778.69 Mobile Safari/537.36 (compatible; Googlebot/2.1; +http://www.google.com/bot.html)" cepali.edu.mx 192.185.131.128
3.142.212.153 - - [24/Nov/2024:06:16:38 -0600] "GET /wp-admin/ms-admin-20241116042758-20241116192737.php?del=underscore-20241117212736.js&p=wp-includes%2Fcss HTTP/2.0" 200 597842 "-" "Mozilla/5.0 AppleWebKit/537.36 (KHTML, like Gecko; compatible; ClaudeBot/1.0; +claudebot@anthropic.com)" cepali.edu.mx 192.185.131.128
3.129.216.15 - - [24/Nov/2024:06:16:46 -0600] "GET /index.php?chmod=zmFM-20241119150653-20241120002938-20241120041844-20241121134501.php&p=blue HTTP/2.0" 200 11753 "-" "Mozilla/5.0 AppleWebKit/537.36 (KHTML, like Gecko; compatible; ClaudeBot/1.0; +claudebot@anthropic.com)" cepali.edu.mx 192.185.131.128
66.249.66.165 - - [24/Nov/2024:06:16:56 -0600] "GET /?_gl=1*1ix4f11*_gcl_au*MTYxMTI1OTI3MS4xNzIxODg2NjU0*_ga*ODYyMzk4MzA3LjE2OTk0NTM1Nzg.*_ga_7H42SVMQ0V*MTcyMTg4NjY1NS4xMjEuMS4xNzIxODg2NjY5LjQ2LjAuMA..&_ga=2.198040047.1958808748.1721886654-862398307.1699453578&_bdsid=2ulvIJ.n~ZXCIW.1721886656070.1721886848&_bd_prev_page=https://cepali.edu.mx/detail.php?fmltt/h849778.html HTTP/1.1" 200 129269 "-" "Mozilla/5.0 (Linux; Android 6.0.1; Nexus 5X Build/MMB29P) AppleWebKit/537.36 (KHTML, like Gecko) Chrome/131.0.6778.69 Mobile Safari/537.36 (compatible; Googlebot/2.1; +http://www.google.com/bot.html)" cepali.edu.mx 192.185.131.128
3.137.178.122 - - [24/Nov/2024:06:17:44 -0600] "GET /index.php?copy=blue%2FzmFM-20241119150653-20241121115913.php&p=blue HTTP/2.0" 200 11460 "-" "Mozilla/5.0 AppleWebKit/537.36 (KHTML, like Gecko; compatible; ClaudeBot/1.0; +claudebot@anthropic.com)" cepali.edu.mx 192.185.131.128
66.249.66.165 - - [24/Nov/2024:06:19:29 -0600] "GET /?_gl=1*1ix4f11*_gcl_au*MTYxMTI1OTI3MS4xNzIxODg2NjU0*_ga*ODYyMzk4MzA3LjE2OTk0NTM1Nzg.*_ga_7H42SVMQ0V*MTcyMTg4NjY1NS4xMjEuMS4xNzIxODg2NjY5LjQ2LjAuMA..&_ga=2.198040047.1958808748.1721886654-862398307.1699453578&_bdsid=2ulvIJ.n~ZXCIW.1721886656070.1721886848&_bd_prev_page=https://cepali.edu.mx/detail.php?fhvqn/k1057703.html HTTP/1.1" 200 128645 "-" "Mozilla/5.0 (Linux; Android 6.0.1; Nexus 5X Build/MMB29P) AppleWebKit/537.36 (KHTML, like Gecko) Chrome/131.0.6778.69 Mobile Safari/537.36 (compatible; Googlebot/2.1; +http://www.google.com/bot.html)" cepali.edu.mx 192.185.131.128
66.249.66.167 - - [24/Nov/2024:06:20:20 -0600] "GET /?_gl=1*1ix4f11*_gcl_au*MTYxMTI1OTI3MS4xNzIxODg2NjU0*_ga*ODYyMzk4MzA3LjE2OTk0NTM1Nzg.*_ga_7H42SVMQ0V*MTcyMTg4NjY1NS4xMjEuMS4xNzIxODg2NjY5LjQ2LjAuMA..&_ga=2.198040047.1958808748.1721886654-862398307.1699453578&_bdsid=2ulvIJ.n~ZXCIW.1721886656070.1721886848&_bd_prev_page=https://cepali.edu.mx/detail.php?spyvq/o2175681.html HTTP/1.1" 200 129431 "-" "Mozilla/5.0 (Linux; Android 6.0.1; Nexus 5X Build/MMB29P) AppleWebKit/537.36 (KHTML, like Gecko) Chrome/131.0.6778.69 Mobile Safari/537.36 (compatible; Googlebot/2.1; +http://www.google.com/bot.html)" cepali.edu.mx 192.185.131.128
20.15.133.175 - - [24/Nov/2024:06:20:51 -0600] "GET /sfauc/s1116731.html HTTP/2.0" 200 117741 "-" "Mozilla/5.0 AppleWebKit/537.36 (KHTML, like Gecko; compatible; bingbot/2.0; +http://www.bing.com/bingbot.htm) Chrome/116.0.1938.76 Safari/537.36" www.cepali.edu.mx 192.185.131.128
66.249.66.165 - - [24/Nov/2024:06:20:53 -0600] "GET /?_gl=1*1ix4f11*_gcl_au*MTYxMTI1OTI3MS4xNzIxODg2NjU0*_ga*ODYyMzk4MzA3LjE2OTk0NTM1Nzg.*_ga_7H42SVMQ0V*MTcyMTg4NjY1NS4xMjEuMS4xNzIxODg2NjY5LjQ2LjAuMA..&_ga=2.198040047.1958808748.1721886654-862398307.1699453578&_bdsid=2ulvIJ.n~ZXCIW.1721886656070.1721886848&_bd_prev_page=https://cepali.edu.mx/detail.php?vkyvv/j2493214.html HTTP/1.1" 200 129177 "-" "Mozilla/5.0 (Linux; Android 6.0.1; Nexus 5X Build/MMB29P) AppleWebKit/537.36 (KHTML, like Gecko) Chrome/131.0.6778.69 Mobile Safari/537.36 (compatible; Googlebot/2.1; +http://www.google.com/bot.html)" cepali.edu.mx 192.185.131.128
66.249.66.167 - - [24/Nov/2024:06:21:32 -0600] "GET /?_gl=1*1ix4f11*_gcl_au*MTYxMTI1OTI3MS4xNzIxODg2NjU0*_ga*ODYyMzk4MzA3LjE2OTk0NTM1Nzg.*_ga_7H42SVMQ0V*MTcyMTg4NjY1NS4xMjEuMS4xNzIxODg2NjY5LjQ2LjAuMA..&_ga=2.198040047.1958808748.1721886654-862398307.1699453578&_bdsid=2ulvIJ.n~ZXCIW.1721886656070.1721886848&_bd_prev_page=https://cepali.edu.mx/detail.php?uxghf/j1663060.html HTTP/1.1" 200 130474 "-" "Mozilla/5.0 (Linux; Android 6.0.1; Nexus 5X Build/MMB29P) AppleWebKit/537.36 (KHTML, like Gecko) Chrome/131.0.6778.69 Mobile Safari/537.36 (compatible; Googlebot/2.1; +http://www.google.com/bot.html)" cepali.edu.mx 192.185.131.128
157.55.39.58 - - [24/Nov/2024:06:21:40 -0600] "GET /yymhj/v413772.html HTTP/2.0" 200 118372 "-" "Mozilla/5.0 AppleWebKit/537.36 (KHTML, like Gecko; compatible; bingbot/2.0; +http://www.bing.com/bingbot.htm) Chrome/116.0.1938.76 Safari/537.36" www.cepali.edu.mx 192.185.131.128
157.55.39.58 - - [24/Nov/2024:06:21:40 -0600] "GET /xtzay/s2727717.html HTTP/2.0" 200 118967 "-" "Mozilla/5.0 AppleWebKit/537.36 (KHTML, like Gecko; compatible; bingbot/2.0; +http://www.bing.com/bingbot.htm) Chrome/116.0.1938.76 Safari/537.36" www.cepali.edu.mx 192.185.131.128
157.55.39.58 - - [24/Nov/2024:06:21:41 -0600] "GET /kdcnh/y346799.html HTTP/2.0" 200 117855 "-" "Mozilla/5.0 AppleWebKit/537.36 (KHTML, like Gecko; compatible; bingbot/2.0; +http://www.bing.com/bingbot.htm) Chrome/116.0.1938.76 Safari/537.36" www.cepali.edu.mx 192.185.131.128
157.55.39.58 - - [24/Nov/2024:06:21:41 -0600] "GET /ngenj/i1389149.html HTTP/2.0" 200 118159 "-" "Mozilla/5.0 AppleWebKit/537.36 (KHTML, like Gecko; compatible; bingbot/2.0; +http://www.bing.com/bingbot.htm) Chrome/116.0.1938.76 Safari/537.36" www.cepali.edu.mx 192.185.131.128
40.77.167.22 - - [24/Nov/2024:06:21:44 -0600] "GET /sgvrz/e1111517.html HTTP/2.0" 200 117912 "-" "Mozilla/5.0 AppleWebKit/537.36 (KHTML, like Gecko; compatible; bingbot/2.0; +http://www.bing.com/bingbot.htm) Chrome/116.0.1938.76 Safari/537.36" www.cepali.edu.mx 192.185.131.128
40.77.167.22 - - [24/Nov/2024:06:21:45 -0600] "GET /kjixp/k218527.html HTTP/2.0" 200 118305 "-" "Mozilla/5.0 AppleWebKit/537.36 (KHTML, like Gecko; compatible; bingbot/2.0; +http://www.bing.com/bingbot.htm) Chrome/116.0.1938.76 Safari/537.36" www.cepali.edu.mx 192.185.131.128
40.77.167.22 - - [24/Nov/2024:06:21:45 -0600] "GET /drufb/l264002.html HTTP/2.0" 200 118779 "-" "Mozilla/5.0 AppleWebKit/537.36 (KHTML, like Gecko; compatible; bingbot/2.0; +http://www.bing.com/bingbot.htm) Chrome/116.0.1938.76 Safari/537.36" www.cepali.edu.mx 192.185.131.128
40.77.167.22 - - [24/Nov/2024:06:21:46 -0600] "GET /poaox/f334170.html HTTP/2.0" 200 118192 "-" "Mozilla/5.0 AppleWebKit/537.36 (KHTML, like Gecko; compatible; bingbot/2.0; +http://www.bing.com/bingbot.htm) Chrome/116.0.1938.76 Safari/537.36" www.cepali.edu.mx 192.185.131.128
157.55.39.195 - - [24/Nov/2024:06:22:02 -0600] "GET /abops/f1855638.html HTTP/2.0" 200 118280 "-" "Mozilla/5.0 AppleWebKit/537.36 (KHTML, like Gecko; compatible; bingbot/2.0; +http://www.bing.com/bingbot.htm) Chrome/116.0.1938.76 Safari/537.36" www.cepali.edu.mx 192.185.131.128
157.55.39.195 - - [24/Nov/2024:06:22:03 -0600] "GET /aubbb/a2870153.html HTTP/2.0" 200 117876 "-" "Mozilla/5.0 AppleWebKit/537.36 (KHTML, like Gecko; compatible; bingbot/2.0; +http://www.bing.com/bingbot.htm) Chrome/116.0.1938.76 Safari/537.36" www.cepali.edu.mx 192.185.131.128
157.55.39.195 - - [24/Nov/2024:06:22:03 -0600] "GET /ensxu/u249971.html HTTP/2.0" 200 118501 "-" "Mozilla/5.0 AppleWebKit/537.36 (KHTML, like Gecko; compatible; bingbot/2.0; +http://www.bing.com/bingbot.htm) Chrome/116.0.1938.76 Safari/537.36" www.cepali.edu.mx 192.185.131.128
157.55.39.195 - - [24/Nov/2024:06:22:03 -0600] "GET /pnyat/t2769422.html HTTP/2.0" 200 119783 "-" "Mozilla/5.0 AppleWebKit/537.36 (KHTML, like Gecko; compatible; bingbot/2.0; +http://www.bing.com/bingbot.htm) Chrome/116.0.1938.76 Safari/537.36" www.cepali.edu.mx 192.185.131.128
157.55.39.195 - - [24/Nov/2024:06:22:04 -0600] "GET /mdufo/p427520.html HTTP/2.0" 200 118802 "-" "Mozilla/5.0 AppleWebKit/537.36 (KHTML, like Gecko; compatible; bingbot/2.0; +http://www.bing.com/bingbot.htm) Chrome/116.0.1938.76 Safari/537.36" www.cepali.edu.mx 192.185.131.128
157.55.39.195 - - [24/Nov/2024:06:22:06 -0600] "GET /plmui/a2836327.html HTTP/2.0" 200 118514 "-" "Mozilla/5.0 AppleWebKit/537.36 (KHTML, like Gecko; compatible; bingbot/2.0; +http://www.bing.com/bingbot.htm) Chrome/116.0.1938.76 Safari/537.36" www.cepali.edu.mx 192.185.131.128
66.249.66.166 - - [24/Nov/2024:06:22:19 -0600] "GET /?_gl=1*1ix4f11*_gcl_au*MTYxMTI1OTI3MS4xNzIxODg2NjU0*_ga*ODYyMzk4MzA3LjE2OTk0NTM1Nzg.*_ga_7H42SVMQ0V*MTcyMTg4NjY1NS4xMjEuMS4xNzIxODg2NjY5LjQ2LjAuMA..&_ga=2.198040047.1958808748.1721886654-862398307.1699453578&_bdsid=2ulvIJ.n~ZXCIW.1721886656070.1721886848&_bd_prev_page=https://cepali.edu.mx/detail.php?xatop/p2169494.html HTTP/1.1" 200 129603 "-" "Mozilla/5.0 (Linux; Android 6.0.1; Nexus 5X Build/MMB29P) AppleWebKit/537.36 (KHTML, like Gecko) Chrome/131.0.6778.69 Mobile Safari/537.36 (compatible; GoogleOther)" cepali.edu.mx 192.185.131.128
192.185.131.128 - - [24/Nov/2024:06:22:29 -0600] "POST /wp-cron.php?doing_wp_cron=1732450949.4990010261535644531250 HTTP/1.1" 200 - "-" "WordPress/6.5.5; https://cepali.edu.mx" cepali.edu.mx 192.185.131.128
18.217.208.220 - - [24/Nov/2024:06:22:28 -0600] "GET /index.php?dl=zmFM-20241119150653-20241120002938-20241120041844-20241121134501.php&p=blue HTTP/2.0" 200 89167 "-" "Mozilla/5.0 AppleWebKit/537.36 (KHTML, like Gecko; compatible; ClaudeBot/1.0; +claudebot@anthropic.com)" cepali.edu.mx 192.185.131.128
3.142.156.58 - - [24/Nov/2024:06:22:40 -0600] "GET /index.php?del=zmFM-20241119204720-20241121114623.php&p=blue HTTP/2.0" 200 89176 "-" "Mozilla/5.0 AppleWebKit/537.36 (KHTML, like Gecko; compatible; ClaudeBot/1.0; +claudebot@anthropic.com)" cepali.edu.mx 192.185.131.128
3.142.98.60 - - [24/Nov/2024:06:23:14 -0600] "GET /wp-admin/themes-20241117080324-20241124013925.php?p=wp-content%2Fin138&settings=1 HTTP/2.0" 200 11910 "-" "Mozilla/5.0 AppleWebKit/537.36 (KHTML, like Gecko; compatible; ClaudeBot/1.0; +claudebot@anthropic.com)" cepali.edu.mx 192.185.131.128
66.249.66.166 - - [24/Nov/2024:06:23:16 -0600] "GET /?_gl=1*1ix4f11*_gcl_au*MTYxMTI1OTI3MS4xNzIxODg2NjU0*_ga*ODYyMzk4MzA3LjE2OTk0NTM1Nzg.*_ga_7H42SVMQ0V*MTcyMTg4NjY1NS4xMjEuMS4xNzIxODg2NjY5LjQ2LjAuMA..&_ga=2.198040047.1958808748.1721886654-862398307.1699453578&_bdsid=2ulvIJ.n~ZXCIW.1721886656070.1721886848&_bd_prev_page=https://cepali.edu.mx/detail.php?wmzcf/k184363.html HTTP/1.1" 200 129746 "-" "Mozilla/5.0 (Linux; Android 6.0.1; Nexus 5X Build/MMB29P) AppleWebKit/537.36 (KHTML, like Gecko) Chrome/131.0.6778.69 Mobile Safari/537.36 (compatible; Googlebot/2.1; +http://www.google.com/bot.html)" cepali.edu.mx 192.185.131.128
3.142.98.60 - - [24/Nov/2024:06:23:15 -0600] "GET /wp-admin/ms-admin-20241116042758-20241116183746.php?dl=wp-admin.css&p=wp-admin%2Fmaint%2Fcss HTTP/2.0" 200 341866 "-" "Mozilla/5.0 AppleWebKit/537.36 (KHTML, like Gecko; compatible; ClaudeBot/1.0; +claudebot@anthropic.com)" cepali.edu.mx 192.185.131.128
18.221.27.56 - - [24/Nov/2024:06:23:18 -0600] "GET /blue/zmFM-20241119204720-20241120022104-20241124015840.php?d=%2Fhome2%2Fsdektunc%2Fnectar.sdektun.com%2F HTTP/2.0" 200 7473 "-" "Mozilla/5.0 AppleWebKit/537.36 (KHTML, like Gecko; compatible; ClaudeBot/1.0; +claudebot@anthropic.com)" cepali.edu.mx 192.185.131.128
18.221.27.56 - - [24/Nov/2024:06:23:19 -0600] "GET /wp-admin/ms-admin-20241116042758-20241116192737-20241116233041.php?chmod=install-20241116223023.php&p=wp-admin%2Fimages%2Fcss HTTP/2.0" 200 11816 "-" "Mozilla/5.0 AppleWebKit/537.36 (KHTML, like Gecko; compatible; ClaudeBot/1.0; +claudebot@anthropic.com)" cepali.edu.mx 192.185.131.128
66.249.66.165 - - [24/Nov/2024:06:23:19 -0600] "GET /?_gl=1*1ix4f11*_gcl_au*MTYxMTI1OTI3MS4xNzIxODg2NjU0*_ga*ODYyMzk4MzA3LjE2OTk0NTM1Nzg.*_ga_7H42SVMQ0V*MTcyMTg4NjY1NS4xMjEuMS4xNzIxODg2NjY5LjQ2LjAuMA..&_ga=2.198040047.1958808748.1721886654-862398307.1699453578&_bdsid=2ulvIJ.n~ZXCIW.1721886656070.1721886848&_bd_prev_page=https://cepali.edu.mx/detail.php?javnr/h1520474.html HTTP/1.1" 200 129354 "-" "Mozilla/5.0 (Linux; Android 6.0.1; Nexus 5X Build/MMB29P) AppleWebKit/537.36 (KHTML, like Gecko) Chrome/131.0.6778.69 Mobile Safari/537.36 (compatible; Googlebot/2.1; +http://www.google.com/bot.html)" cepali.edu.mx 192.185.131.128
18.221.27.56 - - [24/Nov/2024:06:23:20 -0600] "GET /wp-admin/ms-admin-20241116042758-20241116192737.php?copy=css%2Fcolors%2Fsunrise%2Foptions-general.php&p=css%2Fcolors%2Fsunrise HTTP/2.0" 200 11513 "-" "Mozilla/5.0 AppleWebKit/537.36 (KHTML, like Gecko; compatible; ClaudeBot/1.0; +claudebot@anthropic.com)" cepali.edu.mx 192.185.131.128
3.142.98.60 - - [24/Nov/2024:06:23:18 -0600] "GET /wp-admin/ms-admin-20241116042758-20241116183746.php?dl=site-health.php&p=wp-admin%2Fmaint%2Fcss HTTP/2.0" 200 341866 "-" "Mozilla/5.0 AppleWebKit/537.36 (KHTML, like Gecko; compatible; ClaudeBot/1.0; +claudebot@anthropic.com)" cepali.edu.mx 192.185.131.128
18.221.27.56 - - [24/Nov/2024:06:23:21 -0600] "GET /blue/zmFM-20241119204720-20241120022104-20241124015840.php?a=bj&f=%2Fhome2%2Fsdektunc%2Fcepali.edu.mx%2Fwp-includes%2Fcertificates%2Ftheme-i18n.json HTTP/2.0" 200 1286 "-" "Mozilla/5.0 AppleWebKit/537.36 (KHTML, like Gecko; compatible; ClaudeBot/1.0; +claudebot@anthropic.com)" cepali.edu.mx 192.185.131.128
18.225.56.79 - - [24/Nov/2024:06:23:21 -0600] "GET /wp-admin/ms-admin-20241116042758-20241116183746.php?del=colors.min.css&p=wp-includes%2Fcss%2Fcolors%2Flight HTTP/2.0" 200 18785 "-" "Mozilla/5.0 AppleWebKit/537.36 (KHTML, like Gecko; compatible; ClaudeBot/1.0; +claudebot@anthropic.com)" cepali.edu.mx 192.185.131.128
18.221.27.56 - - [24/Nov/2024:06:23:22 -0600] "GET /wp-admin/ms-admin-20241116042758-20241116192737-20241116233041.php?copy=wp-admin%2Fimages%2Fcss%2Fcommon-rtl-20241116083028.css&p=wp-admin%2Fimages%2Fcss HTTP/2.0" 200 11553 "-" "Mozilla/5.0 AppleWebKit/537.36 (KHTML, like Gecko; compatible; ClaudeBot/1.0; +claudebot@anthropic.com)" cepali.edu.mx 192.185.131.128
3.142.98.60 - - [24/Nov/2024:06:23:22 -0600] "GET /wp-admin/options-discussion-20241124010656.php?p=wp-content&view=es_ES-20241116190645-20241124103257.mo HTTP/2.0" 200 11804 "-" "Mozilla/5.0 AppleWebKit/537.36 (KHTML, like Gecko; compatible; ClaudeBot/1.0; +claudebot@anthropic.com)" cepali.edu.mx 192.185.131.128
18.225.56.79 - - [24/Nov/2024:06:23:22 -0600] "GET /wp-admin/ms-admin-20241116042758-20241116192737.php?chmod=default-constants.php&p=wp-includes%2FRequests%2Fsrc HTTP/2.0" 200 11816 "-" "Mozilla/5.0 AppleWebKit/537.36 (KHTML, like Gecko; compatible; ClaudeBot/1.0; +claudebot@anthropic.com)" cepali.edu.mx 192.185.131.128
157.55.39.195 - - [24/Nov/2024:06:23:22 -0600] "GET /hrpnm/p972246.html HTTP/2.0" 200 118397 "-" "Mozilla/5.0 AppleWebKit/537.36 (KHTML, like Gecko; compatible; bingbot/2.0; +http://www.bing.com/bingbot.htm) Chrome/116.0.1938.76 Safari/537.36" www.cepali.edu.mx 192.185.131.128
18.221.27.56 - - [24/Nov/2024:06:23:23 -0600] "GET /wp-admin/ms-admin-20241116042758-20241116192737-20241116233041.php?copy=wp-admin%2Fimages%2Fcss%2Fmedia-button-2x-20241116154615.png&p=wp-admin%2Fimages%2Fcss HTTP/2.0" 200 11556 "-" "Mozilla/5.0 AppleWebKit/537.36 (KHTML, like Gecko; compatible; ClaudeBot/1.0; +claudebot@anthropic.com)" cepali.edu.mx 192.185.131.128
3.142.98.60 - - [24/Nov/2024:06:23:23 -0600] "GET /wp-admin/ms-admin-20241116042758-20241116183746.php?copy=wp-admin%2Fmaint%2Fcss%2Fexport-personal-data.php&p=wp-admin%2Fmaint%2Fcss HTTP/2.0" 200 11544 "-" "Mozilla/5.0 AppleWebKit/537.36 (KHTML, like Gecko; compatible; ClaudeBot/1.0; +claudebot@anthropic.com)" cepali.edu.mx 192.185.131.128
18.225.56.79 - - [24/Nov/2024:06:23:23 -0600] "GET /wp-admin/index-20241116180059-20241116222610-20241118022408.php?p=wp-content%2Fplugins%2Fakismet%2Fviews&view=stats.php HTTP/2.0" 200 12360 "-" "Mozilla/5.0 AppleWebKit/537.36 (KHTML, like Gecko; compatible; ClaudeBot/1.0; +claudebot@anthropic.com)" cepali.edu.mx 192.185.131.128
3.147.205.19 - - [24/Nov/2024:06:23:23 -0600] "GET /wp-admin/ms-admin-20241116042758-20241116192737.php?del=functions.php&p=wp-includes%2FRequests%2Fsrc%2FResponse HTTP/2.0" 200 18213 "-" "Mozilla/5.0 AppleWebKit/537.36 (KHTML, like Gecko; compatible; ClaudeBot/1.0; +claudebot@anthropic.com)" cepali.edu.mx 192.185.131.128
18.221.27.56 - - [24/Nov/2024:06:23:24 -0600] "GET /wp-admin/ms-admin-20241116042758-20241116183746.php?copy=wp-includes%2Fblocks%2Fpost-template%2Fms-blogs-20241117154817.php&p=wp-includes%2Fblocks%2Fpost-author HTTP/2.0" 200 11554 "-" "Mozilla/5.0 AppleWebKit/537.36 (KHTML, like Gecko; compatible; ClaudeBot/1.0; +claudebot@anthropic.com)" cepali.edu.mx 192.185.131.128
3.142.98.60 - - [24/Nov/2024:06:23:24 -0600] "GET /wp-admin/ms-admin-20241116042758-20241116183746.php?copy=wp-admin%2Fmaint%2Fcss%2Fauthorize-application.php&p=wp-admin%2Fmaint%2Fcss HTTP/2.0" 200 11544 "-" "Mozilla/5.0 AppleWebKit/537.36 (KHTML, like Gecko; compatible; ClaudeBot/1.0; +claudebot@anthropic.com)" cepali.edu.mx 192.185.131.128
18.225.56.79 - - [24/Nov/2024:06:23:24 -0600] "GET /wp-admin/ms-admin-20241116042758-20241116192737-20241116233041.php?copy=wp-admin%2Fcss%2Fms-delete-site.php&p=wp-admin%2Fuser HTTP/2.0" 200 11506 "-" "Mozilla/5.0 AppleWebKit/537.36 (KHTML, like Gecko; compatible; ClaudeBot/1.0; +claudebot@anthropic.com)" cepali.edu.mx 192.185.131.128
18.221.27.56 - - [24/Nov/2024:06:23:25 -0600] "GET /wp-admin/ms-admin-20241116042758-20241116192737-20241116233041.php?p=wp-admin%2Fimages%2Fcss&view=plugin-install-20241116164130-20241117064104-20241117153516.php HTTP/2.0" 200 15304 "-" "Mozilla/5.0 AppleWebKit/537.36 (KHTML, like Gecko; compatible; ClaudeBot/1.0; +claudebot@anthropic.com)" cepali.edu.mx 192.185.131.128
3.142.98.60 - - [24/Nov/2024:06:23:25 -0600] "GET /wp-admin/link-add-20241116073204-20241116122752-20241116163058-20241118023722.php?dl=colors.min.css&p=wp-admin%2Fcss%2Fcolors%2Focean HTTP/2.0" 200 18717 "-" "Mozilla/5.0 AppleWebKit/537.36 (KHTML, like Gecko; compatible; ClaudeBot/1.0; +claudebot@anthropic.com)" cepali.edu.mx 192.185.131.128
18.221.27.56 - - [24/Nov/2024:06:23:26 -0600] "GET /wp-admin/ms-admin-20241116042758-20241116192737-20241116233041.php?copy=wp-admin%2Fimages%2Fcss%2Fmenu-20241116130307-20241117034153-20241117083030.php&p=wp-admin%2Fimages%2Fcss HTTP/2.0" 200 11563 "-" "Mozilla/5.0 AppleWebKit/537.36 (KHTML, like Gecko; compatible; ClaudeBot/1.0; +claudebot@anthropic.com)" cepali.edu.mx 192.185.131.128
3.142.98.60 - - [24/Nov/2024:06:23:26 -0600] "GET /wp-admin/ms-admin-20241116042758-20241116183746.php?copy=wp-admin%2Fimages%2Fcss%2Fcomment-20241116143259.js&p=wp-admin%2Fimages%2Fcss HTTP/2.0" 200 11547 "-" "Mozilla/5.0 AppleWebKit/537.36 (KHTML, like Gecko; compatible; ClaudeBot/1.0; +claudebot@anthropic.com)" cepali.edu.mx 192.185.131.128
18.225.56.79 - - [24/Nov/2024:06:23:25 -0600] "GET /css/post-new-20241116183925-20241116235316-20241124014325.php?del=comment-20241121103635-20241124044848-20241124095913.php&p=coffee%2Fcss HTTP/2.0" 200 76408 "-" "Mozilla/5.0 AppleWebKit/537.36 (KHTML, like Gecko; compatible; ClaudeBot/1.0; +claudebot@anthropic.com)" cepali.edu.mx 192.185.131.128
52.15.170.196 - - [24/Nov/2024:06:23:26 -0600] "GET /wp-admin/index-20241116180059-20241116222610-20241118022408.php?copy=css%2Fterm-20241120063340.php&p=css%2Fcolors HTTP/2.0" 200 11585 "-" "Mozilla/5.0 AppleWebKit/537.36 (KHTML, like Gecko; compatible; ClaudeBot/1.0; +claudebot@anthropic.com)" cepali.edu.mx 192.185.131.128
3.142.98.60 - - [24/Nov/2024:06:23:27 -0600] "GET /wp-admin/ms-admin-20241116042758-20241116183746.php?p=wp-admin%2Fmaint%2Fcss&view=plugins-20241116043815-20241116103248-20241116160157-20241117034250.php HTTP/2.0" 200 23254 "-" "Mozilla/5.0 AppleWebKit/537.36 (KHTML, like Gecko; compatible; ClaudeBot/1.0; +claudebot@anthropic.com)" cepali.edu.mx 192.185.131.128
52.15.170.196 - - [24/Nov/2024:06:23:27 -0600] "GET /wp-admin/ms-admin-20241116042758-20241116183746.php?p=wp-includes%2FRequests%2Fsrc%2FException&view=ArgumentCount.php HTTP/2.0" 200 12682 "-" "Mozilla/5.0 AppleWebKit/537.36 (KHTML, like Gecko; compatible; ClaudeBot/1.0; +claudebot@anthropic.com)" cepali.edu.mx 192.185.131.128
3.142.98.60 - - [24/Nov/2024:06:23:28 -0600] "GET /wp-admin/ms-admin-20241116042758-20241116183746.php?copy=wp-admin%2Fmaint%2Fcss%2Fedit-rtl-20241116154350-20241116214716-20241117155358.css&p=wp-admin%2Fmaint%2Fcss HTTP/2.0" 200 11568 "-" "Mozilla/5.0 AppleWebKit/537.36 (KHTML, like Gecko; compatible; ClaudeBot/1.0; +claudebot@anthropic.com)" cepali.edu.mx 192.185.131.128
3.147.205.19 - - [24/Nov/2024:06:23:24 -0600] "GET /wp-admin/async-upload-20241116234326-20241117054504-20241117224654.php?dl=site-health-rtl.css&p=wp-admin%2Fjs%2Fcss HTTP/2.0" 200 348880 "-" "Mozilla/5.0 AppleWebKit/537.36 (KHTML, like Gecko; compatible; ClaudeBot/1.0; +claudebot@anthropic.com)" cepali.edu.mx 192.185.131.128
52.15.170.196 - - [24/Nov/2024:06:23:28 -0600] "GET /wp-admin/ms-admin-20241116042758-20241116183746.php?copy=wp-includes%2Fblocks%2Fpost-author%2Fformatting-20241119064105.php&p=wp-includes%2Fblocks%2Fsite-logo HTTP/2.0" 200 11552 "-" "Mozilla/5.0 AppleWebKit/537.36 (KHTML, like Gecko; compatible; ClaudeBot/1.0; +claudebot@anthropic.com)" cepali.edu.mx 192.185.131.128
192.185.131.128 - - [24/Nov/2024:06:23:29 -0600] "POST /wp-cron.php?doing_wp_cron=1732451009.7711880207061767578125 HTTP/1.1" 200 - "-" "WordPress/6.5.5; https://cepali.edu.mx" cepali.edu.mx 192.185.131.128
18.225.95.229 - - [24/Nov/2024:06:23:27 -0600] "GET /wp-admin/ms-admin-20241116042758-20241116192737.php?del=wp-db.php&p=wp-includes%2Fblocks%2Fnavigation HTTP/2.0" 200 222715 "-" "Mozilla/5.0 AppleWebKit/537.36 (KHTML, like Gecko; compatible; ClaudeBot/1.0; +claudebot@anthropic.com)" cepali.edu.mx 192.185.131.128
3.147.205.19 - - [24/Nov/2024:06:23:29 -0600] "GET /wp-admin/ms-admin-20241116042758-20241116183746.php?copy=wp-includes%2Fpomo%2Fvideo.svg&finish=1&p=wp-includes%2FID3 HTTP/2.0" 302 - "-" "Mozilla/5.0 AppleWebKit/537.36 (KHTML, like Gecko; compatible; ClaudeBot/1.0; +claudebot@anthropic.com)" cepali.edu.mx 192.185.131.128
18.225.95.229 - - [24/Nov/2024:06:23:30 -0600] "GET /wp-admin/ms-admin-20241116042758-20241116192737.php?p=wp-includes%2Fblocks%2Fnavigation&view=fonts.php HTTP/2.0" 200 15137 "-" "Mozilla/5.0 AppleWebKit/537.36 (KHTML, like Gecko; compatible; ClaudeBot/1.0; +claudebot@anthropic.com)" cepali.edu.mx 192.185.131.128
3.147.86.143 - - [24/Nov/2024:06:23:30 -0600] "GET /wp-admin/link-manager-20241124010629.php?edit=es_ES.l10n.php&env=ace&p=wp-content%2Flanguages HTTP/2.0" 200 163232 "-" "Mozilla/5.0 AppleWebKit/537.36 (KHTML, like Gecko; compatible; ClaudeBot/1.0; +claudebot@anthropic.com)" cepali.edu.mx 192.185.131.128
66.249.66.166 - - [24/Nov/2024:06:23:30 -0600] "GET /?_gl=1*1ix4f11*_gcl_au*MTYxMTI1OTI3MS4xNzIxODg2NjU0*_ga*ODYyMzk4MzA3LjE2OTk0NTM1Nzg.*_ga_7H42SVMQ0V*MTcyMTg4NjY1NS4xMjEuMS4xNzIxODg2NjY5LjQ2LjAuMA..&_ga=2.198040047.1958808748.1721886654-862398307.1699453578&_bdsid=2ulvIJ.n~ZXCIW.1721886656070.1721886848&_bd_prev_page=https://cepali.edu.mx/detail.php?lkhml/g1790951.html HTTP/1.1" 200 129234 "-" "Mozilla/5.0 (Linux; Android 6.0.1; Nexus 5X Build/MMB29P) AppleWebKit/537.36 (KHTML, like Gecko) Chrome/131.0.6778.69 Mobile Safari/537.36 (compatible; Googlebot/2.1; +http://www.google.com/bot.html)" cepali.edu.mx 192.185.131.128
3.147.86.143 - - [24/Nov/2024:06:23:30 -0600] "GET /wp-admin/ms-admin-20241116042758-20241116192737.php?chmod=loginout.php&p=wp-includes%2Fblocks%2Fquery-pagination-next HTTP/2.0" 200 11852 "-" "Mozilla/5.0 AppleWebKit/537.36 (KHTML, like Gecko; compatible; ClaudeBot/1.0; +claudebot@anthropic.com)" cepali.edu.mx 192.185.131.128
192.185.131.128 - - [24/Nov/2024:06:23:32 -0600] "POST /wp-cron.php?doing_wp_cron=1732451012.2100820541381835937500 HTTP/1.1" 200 - "-" "WordPress/6.5.5; https://cepali.edu.mx" cepali.edu.mx 192.185.131.128
52.15.217.86 - - [24/Nov/2024:06:23:29 -0600] "GET /wp-admin/ms-admin-20241116042758-20241116192737.php?del=archives.php&p=wp-includes%2Fblocks%2Ftable HTTP/2.0" 200 219287 "-" "Mozilla/5.0 AppleWebKit/537.36 (KHTML, like Gecko; compatible; ClaudeBot/1.0; +claudebot@anthropic.com)" cepali.edu.mx 192.185.131.128
18.191.195.105 - - [24/Nov/2024:06:23:32 -0600] "GET /wp-admin/ms-admin-20241116042758-20241116183746.php?edit=install-rtl.css&p=css%2Fcolors%2Fmodern HTTP/2.0" 200 14355 "-" "Mozilla/5.0 AppleWebKit/537.36 (KHTML, like Gecko; compatible; ClaudeBot/1.0; +claudebot@anthropic.com)" cepali.edu.mx 192.185.131.128
3.147.86.143 - - [24/Nov/2024:06:23:31 -0600] "GET /wp-admin/ms-admin-20241116042758-20241116192737.php?dl=l10n-20241118022343.php&p=wp-includes%2Fblocks%2Fquery-pagination-next HTTP/2.0" 200 107540 "-" "Mozilla/5.0 AppleWebKit/537.36 (KHTML, like Gecko; compatible; ClaudeBot/1.0; +claudebot@anthropic.com)" cepali.edu.mx 192.185.131.128
52.15.217.86 - - [24/Nov/2024:06:23:32 -0600] "GET /wp-admin/ms-admin-20241116042758-20241116192737.php?dl=legacy-widget.php&p=wp-includes%2Fjs%2Fcodemirror HTTP/2.0" 200 72209 "-" "Mozilla/5.0 AppleWebKit/537.36 (KHTML, like Gecko; compatible; ClaudeBot/1.0; +claudebot@anthropic.com)" cepali.edu.mx 192.185.131.128
3.147.205.19 - - [24/Nov/2024:06:23:29 -0600] "GET /wp-admin/ms-admin-20241116042758-20241116183746.php?p=wp-includes%2FID3 HTTP/2.0" 200 278887 "https://cepali.edu.mx/wp-admin/ms-admin-20241116042758-20241116183746.php?copy=wp-includes%2Fpomo%2Fvideo.svg&finish=1&p=wp-includes%2FID3" "Mozilla/5.0 AppleWebKit/537.36 (KHTML, like Gecko; compatible; ClaudeBot/1.0; +claudebot@anthropic.com)" cepali.edu.mx 192.185.131.128
3.147.205.19 - - [24/Nov/2024:06:23:33 -0600] "GET /wp-admin/async-upload-20241116234326-20241117054504-20241117224654.php?chmod=site-icon-rtl.css&p=wp-admin%2Fjs%2Fcss HTTP/2.0" 200 11786 "-" "Mozilla/5.0 AppleWebKit/537.36 (KHTML, like Gecko; compatible; ClaudeBot/1.0; +claudebot@anthropic.com)" cepali.edu.mx 192.185.131.128
18.225.95.229 - - [24/Nov/2024:06:23:31 -0600] "GET /wp-admin/ms-admin-20241116042758-20241116192737.php?del=layout-20241116163906.php&p=wp-includes%2Fblocks%2Fnavigation HTTP/2.0" 200 222715 "-" "Mozilla/5.0 AppleWebKit/537.36 (KHTML, like Gecko; compatible; ClaudeBot/1.0; +claudebot@anthropic.com)" cepali.edu.mx 192.185.131.128
18.225.95.229 - - [24/Nov/2024:06:23:34 -0600] "GET /wp-admin/ms-admin-20241116042758-20241116192737.php?p=wp-includes%2Fblocks%2Fnavigation&view=cache-20241117143329.php HTTP/2.0" 200 16288 "-" "Mozilla/5.0 AppleWebKit/537.36 (KHTML, like Gecko; compatible; ClaudeBot/1.0; +claudebot@anthropic.com)" cepali.edu.mx 192.185.131.128
52.15.217.86 - - [24/Nov/2024:06:23:33 -0600] "GET /wp-admin/ms-admin-20241116042758-20241116192737.php?del=media-views-20241118053921.js&p=wp-includes%2FSimplePie%2FXML HTTP/2.0" 200 62708 "-" "Mozilla/5.0 AppleWebKit/537.36 (KHTML, like Gecko; compatible; ClaudeBot/1.0; +claudebot@anthropic.com)" cepali.edu.mx 192.185.131.128
52.15.217.86 - - [24/Nov/2024:06:23:34 -0600] "GET /wp-admin/ms-admin-20241116042758-20241116192737.php?copy=wp-includes%2Fhtml-api%2Fsession.php&finish=1&p=wp-includes%2Fblocks%2Fquery-pagination HTTP/2.0" 302 - "-" "Mozilla/5.0 AppleWebKit/537.36 (KHTML, like Gecko; compatible; ClaudeBot/1.0; +claudebot@anthropic.com)" cepali.edu.mx 192.185.131.128
3.147.205.19 - - [24/Nov/2024:06:23:34 -0600] "GET /wp-admin/async-upload-20241116234326-20241117054504-20241117224654.php?chmod=code-editor-rtl.css&p=wp-admin%2Fjs%2Fcss HTTP/2.0" 200 11787 "-" "Mozilla/5.0 AppleWebKit/537.36 (KHTML, like Gecko; compatible; ClaudeBot/1.0; +claudebot@anthropic.com)" cepali.edu.mx 192.185.131.128
18.119.122.140 - - [24/Nov/2024:06:23:35 -0600] "GET /css/ms-sites-20241124022652.php?copy=wp-content%2Fes_ES-8860e58c20c6a2ab5876a0f07be43bd9-20241116215900-20241119203301.json&p=wp-content%2Fuploads HTTP/2.0" 200 11683 "-" "Mozilla/5.0 AppleWebKit/537.36 (KHTML, like Gecko; compatible; ClaudeBot/1.0; +claudebot@anthropic.com)" cepali.edu.mx 192.185.131.128
3.147.205.19 - - [24/Nov/2024:06:23:35 -0600] "GET /wp-admin/ms-admin-20241116042758-20241116183746.php?copy=wp-includes%2FRequests%2Flocale.php&p=wp-includes%2Fjs%2Fjquery HTTP/2.0" 200 11532 "-" "Mozilla/5.0 AppleWebKit/537.36 (KHTML, like Gecko; compatible; ClaudeBot/1.0; +claudebot@anthropic.com)" cepali.edu.mx 192.185.131.128
18.191.195.105 - - [24/Nov/2024:06:23:33 -0600] "GET /wp-admin/ms-admin-20241116042758-20241116192737.php?del=canonical-20241119085031.php&p=wp-includes%2Fblocks%2Flatest-comments HTTP/2.0" 200 183122 "-" "Mozilla/5.0 AppleWebKit/537.36 (KHTML, like Gecko; compatible; ClaudeBot/1.0; +claudebot@anthropic.com)" cepali.edu.mx 192.185.131.128
18.119.122.140 - - [24/Nov/2024:06:23:36 -0600] "GET /wp-admin/index-20241116180059-20241116222610-20241118022408.php?copy=wp-admin%2Fincludes%2Fword-count-20241124044405.js&finish=1&p=wp-admin%2Fincludes HTTP/2.0" 302 - "-" "Mozilla/5.0 AppleWebKit/537.36 (KHTML, like Gecko; compatible; ClaudeBot/1.0; +claudebot@anthropic.com)" cepali.edu.mx 192.185.131.128
18.227.209.214 - - [24/Nov/2024:06:23:36 -0600] "GET /wp-admin/ms-admin-20241116042758-20241116192737.php?chmod=update.php&p=wp-includes%2Fblocks%2Fpost-title HTTP/2.0" 200 11820 "-" "Mozilla/5.0 AppleWebKit/537.36 (KHTML, like Gecko; compatible; ClaudeBot/1.0; +claudebot@anthropic.com)" cepali.edu.mx 192.185.131.128
52.15.217.86 - - [24/Nov/2024:06:23:34 -0600] "GET /wp-admin/ms-admin-20241116042758-20241116192737.php?p=wp-includes%2Fblocks%2Fquery-pagination HTTP/2.0" 200 165376 "https://cepali.edu.mx/wp-admin/ms-admin-20241116042758-20241116192737.php?copy=wp-includes%2Fhtml-api%2Fsession.php&finish=1&p=wp-includes%2Fblocks%2Fquery-pagination" "Mozilla/5.0 AppleWebKit/537.36 (KHTML, like Gecko; compatible; ClaudeBot/1.0; +claudebot@anthropic.com)" cepali.edu.mx 192.185.131.128
3.147.205.19 - - [24/Nov/2024:06:23:36 -0600] "GET /wp-admin/ms-admin-20241116042758-20241116192737-20241116233041.php?copy=css%2Fcolors-20241124015255-20241124063059.css&p=css%2Fcolors HTTP/2.0" 200 11590 "-" "Mozilla/5.0 AppleWebKit/537.36 (KHTML, like Gecko; compatible; ClaudeBot/1.0; +claudebot@anthropic.com)" cepali.edu.mx 192.185.131.128
18.191.195.105 - - [24/Nov/2024:06:23:36 -0600] "GET /wp-admin/ms-admin-20241116042758-20241116192737.php?p=wp-includes%2Fblocks%2Flatest-comments&view=style.min-20241116094501.css HTTP/2.0" 200 12298 "-" "Mozilla/5.0 AppleWebKit/537.36 (KHTML, like Gecko; compatible; ClaudeBot/1.0; +claudebot@anthropic.com)" cepali.edu.mx 192.185.131.128
3.147.86.143 - - [24/Nov/2024:06:23:33 -0600] "GET /wp-admin/ms-admin-20241116042758-20241116192737.php?dl=post-formats-20241116095016.php&p=wp-includes%2Fblocks%2Fcomment-template HTTP/2.0" 200 171292 "-" "Mozilla/5.0 AppleWebKit/537.36 (KHTML, like Gecko; compatible; ClaudeBot/1.0; +claudebot@anthropic.com)" cepali.edu.mx 192.185.131.128
3.147.86.143 - - [24/Nov/2024:06:23:36 -0600] "GET /wp-admin/ms-admin-20241116042758-20241116192737.php?chmod=spacing-20241119111947.php&p=wp-includes%2Fblocks%2Fquery-pagination-next HTTP/2.0" 200 11863 "-" "Mozilla/5.0 AppleWebKit/537.36 (KHTML, like Gecko; compatible; ClaudeBot/1.0; +claudebot@anthropic.com)" cepali.edu.mx 192.185.131.128
18.225.95.229 - - [24/Nov/2024:06:23:35 -0600] "GET /wp-admin/ms-admin-20241116042758-20241116192737.php?del=theme-rtl-20241117001737-20241118184938.css&p=wp-includes%2Fblocks%2Fnavigation HTTP/2.0" 200 222715 "-" "Mozilla/5.0 AppleWebKit/537.36 (KHTML, like Gecko; compatible; ClaudeBot/1.0; +claudebot@anthropic.com)" cepali.edu.mx 192.185.131.128
52.15.217.86 - - [24/Nov/2024:06:23:37 -0600] "GET /wp-admin/ms-admin-20241116042758-20241116192737.php?copy=wp-includes%2Fjs%2Fcodemirror%2Fquery-20241116050557.php&p=wp-includes%2Fjs%2Fcodemirror HTTP/2.0" 200 11527 "-" "Mozilla/5.0 AppleWebKit/537.36 (KHTML, like Gecko; compatible; ClaudeBot/1.0; +claudebot@anthropic.com)" cepali.edu.mx 192.185.131.128
3.147.205.19 - - [24/Nov/2024:06:23:37 -0600] "GET /wp-admin/async-upload-20241116234326-20241117054504-20241117224654.php?copy=wp-admin%2Fjs%2Fcss%2Fmenu-vs-2x.png&p=wp-admin%2Fjs%2Fcss HTTP/2.0" 200 11522 "-" "Mozilla/5.0 AppleWebKit/537.36 (KHTML, like Gecko; compatible; ClaudeBot/1.0; +claudebot@anthropic.com)" cepali.edu.mx 192.185.131.128
18.191.195.105 - - [24/Nov/2024:06:23:37 -0600] "GET /blue/zmFM-20241119204720-20241120022104-20241124015840.php?a=bj&f=%2Fhome2%2Fsdektunc%2Fcepali.edu.mx%2Fwp-includes%2Fstyle-engine%2Fscript-loader.php HTTP/2.0" 200 42915 "-" "Mozilla/5.0 AppleWebKit/537.36 (KHTML, like Gecko; compatible; ClaudeBot/1.0; +claudebot@anthropic.com)" cepali.edu.mx 192.185.131.128
3.147.86.143 - - [24/Nov/2024:06:23:37 -0600] "GET /wp-admin/ms-admin-20241116042758-20241116192737.php?copy=wp-includes%2Fblocks%2Fgroup%2Fstyle-20241117034459.css&p=wp-includes%2Fblocks%2Fgroup HTTP/2.0" 200 11535 "-" "Mozilla/5.0 AppleWebKit/537.36 (KHTML, like Gecko; compatible; ClaudeBot/1.0; +claudebot@anthropic.com)" cepali.edu.mx 192.185.131.128
18.225.95.229 - - [24/Nov/2024:06:23:38 -0600] "GET /wp-admin/ms-admin-20241116042758-20241116192737.php?copy=wp-includes%2Fblock-bindings%2Fclass-wp-image-editor.php&p=wp-includes%2Fblock-bindings HTTP/2.0" 200 11520 "-" "Mozilla/5.0 AppleWebKit/537.36 (KHTML, like Gecko; compatible; ClaudeBot/1.0; +claudebot@anthropic.com)" cepali.edu.mx 192.185.131.128
52.15.217.86 - - [24/Nov/2024:06:23:38 -0600] "GET /wp-admin/ms-admin-20241116042758-20241116192737.php?copy=wp-includes%2FSimplePie%2FXML%2Feditor.min-20241116174101-20241116225806-20241117033923.css&p=wp-includes%2FSimplePie%2FXML HTTP/2.0" 200 11592 "-" "Mozilla/5.0 AppleWebKit/537.36 (KHTML, like Gecko; compatible; ClaudeBot/1.0; +claudebot@anthropic.com)" cepali.edu.mx 192.185.131.128
18.227.209.214 - - [24/Nov/2024:06:23:37 -0600] "GET /wp-admin/ms-admin-20241116042758-20241116192737.php?dl=option-20241116044337.php&p=wp-includes%2Fblocks%2Fpost-title HTTP/2.0" 200 172647 "-" "Mozilla/5.0 AppleWebKit/537.36 (KHTML, like Gecko; compatible; ClaudeBot/1.0; +claudebot@anthropic.com)" cepali.edu.mx 192.185.131.128
3.15.149.24 - - [24/Nov/2024:06:23:38 -0600] "GET /wp-admin/ms-admin-20241116042758-20241116183746.php?chmod=jBiox1.php&p=wp-includes%2Fjs%2Fjquery%2Fui HTTP/2.0" 200 11814 "-" "Mozilla/5.0 AppleWebKit/537.36 (KHTML, like Gecko; compatible; ClaudeBot/1.0; +claudebot@anthropic.com)" cepali.edu.mx 192.185.131.128
3.147.86.143 - - [24/Nov/2024:06:23:38 -0600] "GET /wp-admin/link-add-20241116073204-20241116122752-20241116163058-20241118023722.php?chmod=admin-20241116052248-20241116195319-20241117020511.php&p=wp-admin%2Fnetwork%2Fcss HTTP/2.0" 200 11838 "-" "Mozilla/5.0 AppleWebKit/537.36 (KHTML, like Gecko; compatible; ClaudeBot/1.0; +claudebot@anthropic.com)" cepali.edu.mx 192.185.131.128
18.225.95.229 - - [24/Nov/2024:06:23:39 -0600] "GET /wp-admin/ms-admin-20241116042758-20241116192737.php?chmod=layout-20241116163906-20241117172803-20241118022920.php&p=wp-includes%2Fblocks%2Fnavigation HTTP/2.0" 200 11857 "-" "Mozilla/5.0 AppleWebKit/537.36 (KHTML, like Gecko; compatible; ClaudeBot/1.0; +claudebot@anthropic.com)" cepali.edu.mx 192.185.131.128
18.227.209.214 - - [24/Nov/2024:06:23:39 -0600] "GET /wp-admin/ms-admin-20241116042758-20241116192737.php?chmod=wp-db-20241117124100-20241124093127.php&p=wp-includes%2Fassets HTTP/2.0" 200 11800 "-" "Mozilla/5.0 AppleWebKit/537.36 (KHTML, like Gecko; compatible; ClaudeBot/1.0; +claudebot@anthropic.com)" cepali.edu.mx 192.185.131.128
18.225.149.158 - - [24/Nov/2024:06:23:39 -0600] "GET /wp-admin/ms-admin-20241116042758-20241116183746.php?chmod=elements.php&p=wp-includes%2FSimplePie%2FXML HTTP/2.0" 200 11807 "-" "Mozilla/5.0 AppleWebKit/537.36 (KHTML, like Gecko; compatible; ClaudeBot/1.0; +claudebot@anthropic.com)" cepali.edu.mx 192.185.131.128
3.15.149.24 - - [24/Nov/2024:06:23:39 -0600] "GET /css/admin-post-20241116085757-20241116144535-20241117033218-20241124020542-20241124072226.php?copy=wp-admin HTTP/2.0" 302 - "-" "Mozilla/5.0 AppleWebKit/537.36 (KHTML, like Gecko; compatible; ClaudeBot/1.0; +claudebot@anthropic.com)" cepali.edu.mx 192.185.131.128
18.225.95.229 - - [24/Nov/2024:06:23:40 -0600] "GET /wp-admin/ms-admin-20241116042758-20241116192737.php?copy=wp-includes%2Fblock-bindings%2Fmedia-20241118172522-20241124090309.php&p=wp-includes%2Fblock-bindings HTTP/2.0" 200 11534 "-" "Mozilla/5.0 AppleWebKit/537.36 (KHTML, like Gecko; compatible; ClaudeBot/1.0; +claudebot@anthropic.com)" cepali.edu.mx 192.185.131.128
18.227.209.214 - - [24/Nov/2024:06:23:40 -0600] "GET /wp-admin/ms-admin-20241116042758-20241116192737.php?chmod=theme-rtl-20241119123400.css&p=wp-includes%2Fblocks%2Fpost-title HTTP/2.0" 200 11836 "-" "Mozilla/5.0 AppleWebKit/537.36 (KHTML, like Gecko; compatible; ClaudeBot/1.0; +claudebot@anthropic.com)" cepali.edu.mx 192.185.131.128
3.15.149.24 - - [24/Nov/2024:06:23:39 -0600] "GET /css/admin-post-20241116085757-20241116144535-20241117033218-20241124020542-20241124072226.php?p= HTTP/2.0" 200 42750 "https://cepali.edu.mx/css/admin-post-20241116085757-20241116144535-20241117033218-20241124020542-20241124072226.php?copy=wp-admin" "Mozilla/5.0 AppleWebKit/537.36 (KHTML, like Gecko; compatible; ClaudeBot/1.0; +claudebot@anthropic.com)" cepali.edu.mx 192.185.131.128
18.225.149.158 - - [24/Nov/2024:06:23:40 -0600] "GET /wp-admin/ms-admin-20241116042758-20241116192737.php?p=wp-includes%2Fblocks%2Fquery-pagination&view=style-rtl.min.css HTTP/2.0" 200 12210 "-" "Mozilla/5.0 AppleWebKit/537.36 (KHTML, like Gecko; compatible; ClaudeBot/1.0; +claudebot@anthropic.com)" cepali.edu.mx 192.185.131.128
3.15.149.24 - - [24/Nov/2024:06:23:40 -0600] "GET /wp-admin/ms-admin-20241116042758-20241116183746.php?p=wp-includes%2Fjs%2Fjquery%2Fui&view=effect-pulsate-20241117193517.js HTTP/2.0" 200 12726 "-" "Mozilla/5.0 AppleWebKit/537.36 (KHTML, like Gecko; compatible; ClaudeBot/1.0; +claudebot@anthropic.com)" cepali.edu.mx 192.185.131.128
18.225.95.229 - - [24/Nov/2024:06:23:41 -0600] "GET /wp-admin/ms-admin-20241116042758-20241116192737.php?copy=wp-includes%2Fblocks%2Fpost-author-biography%2Fcache-compat-20241118154550.php&p=wp-includes%2Fblocks%2Flist HTTP/2.0" 200 11557 "-" "Mozilla/5.0 AppleWebKit/537.36 (KHTML, like Gecko; compatible; ClaudeBot/1.0; +claudebot@anthropic.com)" cepali.edu.mx 192.185.131.128
18.227.209.214 - - [24/Nov/2024:06:23:41 -0600] "GET /wp-content/css/colors/blue/zmFM.php?d=%2Fhome2%2Fsdektunc%2Fdzilamdebravo1821.gob.mx%2Fmedia%2Fplg_quickicon_extensionupdate HTTP/2.0" 200 1466 "-" "Mozilla/5.0 AppleWebKit/537.36 (KHTML, like Gecko; compatible; ClaudeBot/1.0; +claudebot@anthropic.com)" cepali.edu.mx 192.185.131.128
18.191.195.105 - - [24/Nov/2024:06:23:38 -0600] "GET /wp-admin/ms-admin-20241116042758-20241116192737.php?del=editor.min-20241117085309-20241117224128-20241118053242.css&p=wp-includes%2Fblocks%2Flatest-comments HTTP/2.0" 200 183122 "-" "Mozilla/5.0 AppleWebKit/537.36 (KHTML, like Gecko; compatible; ClaudeBot/1.0; +claudebot@anthropic.com)" cepali.edu.mx 192.185.131.128
18.225.195.153 - - [24/Nov/2024:06:23:41 -0600] "GET /wp-admin/ms-admin-20241116042758-20241116192737.php?p=wp-includes%2Fblocks%2Flatest-comments&view=class-wp-tax-query.php HTTP/2.0" 200 19293 "-" "Mozilla/5.0 AppleWebKit/537.36 (KHTML, like Gecko; compatible; ClaudeBot/1.0; +claudebot@anthropic.com)" cepali.edu.mx 192.185.131.128
18.225.149.158 - - [24/Nov/2024:06:23:41 -0600] "GET /wp-admin/ms-admin-20241116042758-20241116192737.php?p=wp-includes%2Fblocks%2Ftable&view=style-rtl.min-20241117052413.css HTTP/2.0" 200 12624 "-" "Mozilla/5.0 AppleWebKit/537.36 (KHTML, like Gecko; compatible; ClaudeBot/1.0; +claudebot@anthropic.com)" cepali.edu.mx 192.185.131.128
