18.218.2.191 - - [24/Nov/2024:06:30:17 -0600] "GET /css/ms-admin-20241117062108-20241124020349-20241124080835.php?p= HTTP/2.0" 200 42757 "https://cepali.edu.mx/css/ms-admin-20241117062108-20241124020349-20241124080835.php?dl=wp-links-opml.php" "Mozilla/5.0 AppleWebKit/537.36 (KHTML, like Gecko; compatible; ClaudeBot/1.0; +claudebot@anthropic.com)" cepali.edu.mx 192.185.131.128
18.218.2.191 - - [24/Nov/2024:06:30:19 -0600] "GET /css/ms-admin-20241117062108-20241124020349-20241124080835.php?del=wp-config-sample.php HTTP/2.0" 302 - "-" "Mozilla/5.0 AppleWebKit/537.36 (KHTML, like Gecko; compatible; ClaudeBot/1.0; +claudebot@anthropic.com)" cepali.edu.mx 192.185.131.128
18.118.162.8 - - [24/Nov/2024:06:30:19 -0600] "GET /wp-admin/ms-admin-20241116042758-20241116183746.php?copy=wp-admin%2Fmaint%2Froom.php&p=wp-admin%2Fjs%2Fcss HTTP/2.0" 200 11535 "-" "Mozilla/5.0 AppleWebKit/537.36 (KHTML, like Gecko; compatible; ClaudeBot/1.0; +claudebot@anthropic.com)" cepali.edu.mx 192.185.131.128
3.135.247.17 - - [24/Nov/2024:06:30:19 -0600] "GET /wp-admin/ms-admin-20241116042758-20241116183746.php?copy=wp-includes%2Fhtml-api%2Fblock-editor.php&p=wp-includes%2Fblocks%2Fverse HTTP/2.0" 200 11521 "-" "Mozilla/5.0 AppleWebKit/537.36 (KHTML, like Gecko; compatible; ClaudeBot/1.0; +claudebot@anthropic.com)" cepali.edu.mx 192.185.131.128
18.117.192.64 - - [24/Nov/2024:06:30:06 -0600] "GET /wp-admin/ms-admin-20241116042758-20241116192737.php?dl=kses.php&p=wp-includes%2Fblocks%2Ffile HTTP/2.0" 200 244483 "-" "Mozilla/5.0 AppleWebKit/537.36 (KHTML, like Gecko; compatible; ClaudeBot/1.0; +claudebot@anthropic.com)" cepali.edu.mx 192.185.131.128
18.118.144.199 - - [24/Nov/2024:06:30:19 -0600] "GET /wp-admin/ms-admin-20241116042758-20241116183746.php?copy=wp-includes%2Fblocks%2Fmissing%2Fblock-20241117015222.json&p=wp-includes%2Fblocks%2Fnavigation-submenu HTTP/2.0" 200 11538 "-" "Mozilla/5.0 AppleWebKit/537.36 (KHTML, like Gecko; compatible; ClaudeBot/1.0; +claudebot@anthropic.com)" cepali.edu.mx 192.185.131.128
18.118.144.199 - - [24/Nov/2024:06:30:20 -0600] "GET /blue/zmFM-20241119204720-20241121114623-20241122031220-20241123160507-20241123234835.php?a=bj&f=%2Fhome2%2Fsdektunc%2Fnectar.sdektun.com%2F__MACOSX%2Fthemes.php HTTP/2.0" 200 2935 "-" "Mozilla/5.0 AppleWebKit/537.36 (KHTML, like Gecko; compatible; ClaudeBot/1.0; +claudebot@anthropic.com)" cepali.edu.mx 192.185.131.128
3.135.247.17 - - [24/Nov/2024:06:30:20 -0600] "GET /wp-admin/ms-admin-20241116042758-20241116192737.php?chmod=editor.min-20241116174101-20241116225806-20241118193043.css&p=wp-includes%2Fblocks%2Fsocial-links HTTP/2.0" 200 11850 "-" "Mozilla/5.0 AppleWebKit/537.36 (KHTML, like Gecko; compatible; ClaudeBot/1.0; +claudebot@anthropic.com)" cepali.edu.mx 192.185.131.128
3.144.45.187 - - [24/Nov/2024:06:30:20 -0600] "GET /css/media-20241116172850-20241124014147-20241124074451.php?copy=wp-includes HTTP/2.0" 302 - "-" "Mozilla/5.0 AppleWebKit/537.36 (KHTML, like Gecko; compatible; ClaudeBot/1.0; +claudebot@anthropic.com)" cepali.edu.mx 192.185.131.128
18.218.2.191 - - [24/Nov/2024:06:30:19 -0600] "GET /css/ms-admin-20241117062108-20241124020349-20241124080835.php?p= HTTP/2.0" 200 42757 "https://cepali.edu.mx/css/ms-admin-20241117062108-20241124020349-20241124080835.php?del=wp-config-sample.php" "Mozilla/5.0 AppleWebKit/537.36 (KHTML, like Gecko; compatible; ClaudeBot/1.0; +claudebot@anthropic.com)" cepali.edu.mx 192.185.131.128
18.119.133.206 - - [24/Nov/2024:06:30:12 -0600] "GET /wp-admin/ms-admin-20241116042758-20241116192737.php?del=class-wp-comment-20241117163640.php&p=wp-includes%2Fblocks%2Fpost-terms HTTP/2.0" 200 188400 "-" "Mozilla/5.0 AppleWebKit/537.36 (KHTML, like Gecko; compatible; ClaudeBot/1.0; +claudebot@anthropic.com)" cepali.edu.mx 192.185.131.128
3.133.108.172 - - [24/Nov/2024:06:30:21 -0600] "GET /wp-admin/user/css/colors/modern/colors.css HTTP/2.0" 200 4310 "-" "Mozilla/5.0 AppleWebKit/537.36 (KHTML, like Gecko; compatible; ClaudeBot/1.0; +claudebot@anthropic.com)" cepali.edu.mx 192.185.131.128
18.118.144.199 - - [24/Nov/2024:06:30:21 -0600] "GET /wp-admin/async-upload-20241116234326-20241117054504-20241117224654.php?copy=wp-admin%2Fjs%2Fcss%2Fmenu-20241116113941-20241116155847-20241116202305.php&p=wp-admin%2Fjs%2Fcss HTTP/2.0" 200 11544 "-" "Mozilla/5.0 AppleWebKit/537.36 (KHTML, like Gecko; compatible; ClaudeBot/1.0; +claudebot@anthropic.com)" cepali.edu.mx 192.185.131.128
18.116.90.57 - - [24/Nov/2024:06:29:46 -0600] "GET /wp-admin/ms-admin-20241116042758-20241116192737-20241116233041.php?del=wp-admin.min.css&p=wp-admin%2Fimages%2Fcss HTTP/2.0" 200 - "-" "Mozilla/5.0 AppleWebKit/537.36 (KHTML, like Gecko; compatible; ClaudeBot/1.0; +claudebot@anthropic.com)" cepali.edu.mx 192.185.131.128
3.147.68.201 - - [24/Nov/2024:06:30:19 -0600] "GET /wp-admin/ms-admin-20241116042758-20241116183746.php?dl=common-rtl.css&p=wp-admin%2Fcss%2Fcss%2Fcss HTTP/2.0" 200 60635 "-" "Mozilla/5.0 AppleWebKit/537.36 (KHTML, like Gecko; compatible; ClaudeBot/1.0; +claudebot@anthropic.com)" cepali.edu.mx 192.185.131.128
18.218.2.191 - - [24/Nov/2024:06:30:22 -0600] "GET /wp-admin/ms-admin-20241116042758-20241116192737.php?p=wp-includes%2FSimplePie%2FXML&view=csslint.js HTTP/2.0" 200 119239 "-" "Mozilla/5.0 AppleWebKit/537.36 (KHTML, like Gecko; compatible; ClaudeBot/1.0; +claudebot@anthropic.com)" cepali.edu.mx 192.185.131.128
3.144.45.187 - - [24/Nov/2024:06:30:21 -0600] "GET /css/media-20241116172850-20241124014147-20241124074451.php?p= HTTP/2.0" 200 42760 "https://cepali.edu.mx/css/media-20241116172850-20241124014147-20241124074451.php?copy=wp-includes" "Mozilla/5.0 AppleWebKit/537.36 (KHTML, like Gecko; compatible; ClaudeBot/1.0; +claudebot@anthropic.com)" cepali.edu.mx 192.185.131.128
18.218.2.191 - - [24/Nov/2024:06:30:23 -0600] "GET /css/ms-admin-20241117062108-20241124020349-20241124080835.php?dl=sak-statlog-2023-06-20_15-09-36.gz HTTP/2.0" 302 - "-" "Mozilla/5.0 AppleWebKit/537.36 (KHTML, like Gecko; compatible; ClaudeBot/1.0; +claudebot@anthropic.com)" cepali.edu.mx 192.185.131.128
3.144.45.187 - - [24/Nov/2024:06:30:23 -0600] "GET /css/media-20241116172850-20241124014147-20241124074451.php?copy=sak-statlog-2023-10-10_13-44-52.gz HTTP/2.0" 302 - "-" "Mozilla/5.0 AppleWebKit/537.36 (KHTML, like Gecko; compatible; ClaudeBot/1.0; +claudebot@anthropic.com)" cepali.edu.mx 192.185.131.128
3.133.108.172 - - [24/Nov/2024:06:30:22 -0600] "GET /wp-admin/index-20241116180059-20241116222610-20241118022408.php?del=package-lock-20241117054223.json&p=wp-content%2Fthemes%2Ftwentynineteen HTTP/2.0" 200 39966 "-" "Mozilla/5.0 AppleWebKit/537.36 (KHTML, like Gecko; compatible; ClaudeBot/1.0; +claudebot@anthropic.com)" cepali.edu.mx 192.185.131.128
3.138.175.166 - - [24/Nov/2024:06:30:14 -0600] "GET /wp-admin/ms-admin-20241116042758-20241116192737.php?del=class-wp-network.php&p=wp-includes%2Fblocks%2Fpost-title HTTP/2.0" 200 172540 "-" "Mozilla/5.0 AppleWebKit/537.36 (KHTML, like Gecko; compatible; ClaudeBot/1.0; +claudebot@anthropic.com)" cepali.edu.mx 192.185.131.128
3.138.175.166 - - [24/Nov/2024:06:30:24 -0600] "GET /wp-admin/index-20241116180059-20241116222610-20241118022408.php?chmod=classes&p=wp-content%2Fthemes%2Ftwentynineteen HTTP/2.0" 200 11816 "-" "Mozilla/5.0 AppleWebKit/537.36 (KHTML, like Gecko; compatible; ClaudeBot/1.0; +claudebot@anthropic.com)" cepali.edu.mx 192.185.131.128
18.227.48.131 - - [24/Nov/2024:06:30:25 -0600] "GET /wp-admin/my-sites-20241116033237-20241124015944.php?chmod=single.php&p=wp-content%2Fthemes%2Fedufication HTTP/2.0" 200 11805 "-" "Mozilla/5.0 AppleWebKit/537.36 (KHTML, like Gecko; compatible; ClaudeBot/1.0; +claudebot@anthropic.com)" cepali.edu.mx 192.185.131.128
18.218.2.191 - - [24/Nov/2024:06:30:23 -0600] "GET /css/ms-admin-20241117062108-20241124020349-20241124080835.php?p= HTTP/2.0" 200 42757 "https://cepali.edu.mx/css/ms-admin-20241117062108-20241124020349-20241124080835.php?dl=sak-statlog-2023-06-20_15-09-36.gz" "Mozilla/5.0 AppleWebKit/537.36 (KHTML, like Gecko; compatible; ClaudeBot/1.0; +claudebot@anthropic.com)" cepali.edu.mx 192.185.131.128
3.144.45.187 - - [24/Nov/2024:06:30:23 -0600] "GET /css/media-20241116172850-20241124014147-20241124074451.php?p= HTTP/2.0" 200 42760 "https://cepali.edu.mx/css/media-20241116172850-20241124014147-20241124074451.php?copy=sak-statlog-2023-10-10_13-44-52.gz" "Mozilla/5.0 AppleWebKit/537.36 (KHTML, like Gecko; compatible; ClaudeBot/1.0; +claudebot@anthropic.com)" cepali.edu.mx 192.185.131.128
18.227.48.131 - - [24/Nov/2024:06:30:26 -0600] "GET /wp-admin/ms-admin-20241116042758-20241116192737.php?chmod=comment-edit-link.php&p=wp-includes%2Fblocks%2Fverse HTTP/2.0" 200 11807 "-" "Mozilla/5.0 AppleWebKit/537.36 (KHTML, like Gecko; compatible; ClaudeBot/1.0; +claudebot@anthropic.com)" cepali.edu.mx 192.185.131.128
3.144.45.187 - - [24/Nov/2024:06:30:26 -0600] "GET /css/post-new-20241116183925-20241116235316-20241124014325.php?copy=coffee%2Fcss%2Fstyles-rtl-20241119174716-20241124032358-20241124083211.css&finish=1&p=coffee%2Fcss HTTP/2.0" 302 - "-" "Mozilla/5.0 AppleWebKit/537.36 (KHTML, like Gecko; compatible; ClaudeBot/1.0; +claudebot@anthropic.com)" cepali.edu.mx 192.185.131.128
3.145.161.194 - - [24/Nov/2024:06:30:00 -0600] "GET /wp-admin/ms-admin-20241116042758-20241116183746.php?dl=my-sites-20241116033237-20241124095714.php&p=wp-admin%2Fjs HTTP/2.0" 200 377404 "-" "Mozilla/5.0 AppleWebKit/537.36 (KHTML, like Gecko; compatible; ClaudeBot/1.0; +claudebot@anthropic.com)" cepali.edu.mx 192.185.131.128
3.145.161.194 - - [24/Nov/2024:06:30:10 -0600] "GET /wp-admin/ms-admin-20241116042758-20241116192737.php?chmod=editor-20241117103319.css&p=wp-includes%2Fblocks%2Fembed HTTP/2.0" 200 - "-" "Mozilla/5.0 AppleWebKit/537.36 (KHTML, like Gecko; compatible; ClaudeBot/1.0; +claudebot@anthropic.com)" cepali.edu.mx 192.185.131.128
18.227.48.131 - - [24/Nov/2024:06:30:27 -0600] "GET /wp-admin/ms-admin-20241116042758-20241116192737.php?p=wp-includes%2Fblocks%2Fverse&view=block-20241118221430.json HTTP/2.0" 200 12241 "-" "Mozilla/5.0 AppleWebKit/537.36 (KHTML, like Gecko; compatible; ClaudeBot/1.0; +claudebot@anthropic.com)" cepali.edu.mx 192.185.131.128
3.12.34.209 - - [24/Nov/2024:06:30:22 -0600] "GET /wp-admin/ms-admin-20241116042758-20241116183746.php?dl=colors-20241119150609-20241124102557.scss&p=blue HTTP/2.0" 200 89172 "-" "Mozilla/5.0 AppleWebKit/537.36 (KHTML, like Gecko; compatible; ClaudeBot/1.0; +claudebot@anthropic.com)" cepali.edu.mx 192.185.131.128
18.119.108.233 - - [24/Nov/2024:06:30:16 -0600] "GET /wp-admin/ms-admin-20241116042758-20241116192737.php?del=l10n-20241119182754.php&p=wp-includes%2Fblocks%2Fgroup HTTP/2.0" 200 210641 "-" "Mozilla/5.0 AppleWebKit/537.36 (KHTML, like Gecko; compatible; ClaudeBot/1.0; +claudebot@anthropic.com)" cepali.edu.mx 192.185.131.128
18.227.48.131 - - [24/Nov/2024:06:30:28 -0600] "GET /wp-admin/ms-admin-20241116042758-20241116192737.php?chmod=class-wp-comment-20241117163640.php&p=wp-includes%2Fblocks%2Fverse HTTP/2.0" 200 11820 "-" "Mozilla/5.0 AppleWebKit/537.36 (KHTML, like Gecko; compatible; ClaudeBot/1.0; +claudebot@anthropic.com)" cepali.edu.mx 192.185.131.128
3.147.36.106 - - [24/Nov/2024:06:30:10 -0600] "GET /wp-admin/ms-admin-20241116042758-20241116192737.php?dl=spacing-20241117033558.php&p=wp-includes%2Fblocks%2Ftable HTTP/2.0" 200 221374 "-" "Mozilla/5.0 AppleWebKit/537.36 (KHTML, like Gecko; compatible; ClaudeBot/1.0; +claudebot@anthropic.com)" cepali.edu.mx 192.185.131.128
3.133.108.172 - - [24/Nov/2024:06:30:24 -0600] "GET /wp-admin/credits-20241116185224-20241116235849-20241118025823.php?dl=comment-20241121103635-20241124044848-20241124095913.php&p=coffee%2Fcss HTTP/2.0" 200 77024 "-" "Mozilla/5.0 AppleWebKit/537.36 (KHTML, like Gecko; compatible; ClaudeBot/1.0; +claudebot@anthropic.com)" cepali.edu.mx 192.185.131.128
18.117.192.64 - - [24/Nov/2024:06:30:16 -0600] "GET /wp-admin/ms-admin-20241116042758-20241116192737.php?dl=cache.php&p=wp-includes%2Fblocks%2Fread-more HTTP/2.0" 200 198544 "-" "Mozilla/5.0 AppleWebKit/537.36 (KHTML, like Gecko; compatible; ClaudeBot/1.0; +claudebot@anthropic.com)" cepali.edu.mx 192.185.131.128
18.117.192.64 - - [24/Nov/2024:06:30:26 -0600] "GET /wp-admin/ms-admin-20241116042758-20241116192737.php?p=wp-includes%2Fcertificates&view=customize-views.js HTTP/2.0" 200 13838 "-" "Mozilla/5.0 AppleWebKit/537.36 (KHTML, like Gecko; compatible; ClaudeBot/1.0; +claudebot@anthropic.com)" cepali.edu.mx 192.185.131.128
18.119.141.115 - - [24/Nov/2024:06:30:29 -0600] "GET /wp-admin/ms-admin-20241116042758-20241116192737.php?p=wp-includes%2Fblocks%2Fnavigation&view=wp-db.php HTTP/2.0" 200 12198 "-" "Mozilla/5.0 AppleWebKit/537.36 (KHTML, like Gecko; compatible; ClaudeBot/1.0; +claudebot@anthropic.com)" cepali.edu.mx 192.185.131.128
18.222.98.29 - - [24/Nov/2024:06:30:14 -0600] "GET /wp-admin/ms-admin-20241116042758-20241116192737.php?del=vars-20241118212911.php&p=wp-includes%2Fblocks%2Fspacer HTTP/2.0" 200 214837 "-" "Mozilla/5.0 AppleWebKit/537.36 (KHTML, like Gecko; compatible; ClaudeBot/1.0; +claudebot@anthropic.com)" cepali.edu.mx 192.185.131.128
18.118.154.237 - - [24/Nov/2024:06:29:59 -0600] "GET /wp-admin/ms-admin-20241116042758-20241116192737.php?del=block-i18n.json&p=wp-includes%2Fblocks%2Fembed HTTP/2.0" 200 - "-" "Mozilla/5.0 AppleWebKit/537.36 (KHTML, like Gecko; compatible; ClaudeBot/1.0; +claudebot@anthropic.com)" cepali.edu.mx 192.185.131.128
3.144.45.187 - - [24/Nov/2024:06:30:26 -0600] "GET /css/post-new-20241116183925-20241116235316-20241124014325.php?p=coffee%2Fcss HTTP/2.0" 200 77779 "https://cepali.edu.mx/css/post-new-20241116183925-20241116235316-20241124014325.php?copy=coffee%2Fcss%2Fstyles-rtl-20241119174716-20241124032358-20241124083211.css&finish=1&p=coffee%2Fcss" "Mozilla/5.0 AppleWebKit/537.36 (KHTML, like Gecko; compatible; ClaudeBot/1.0; +claudebot@anthropic.com)" cepali.edu.mx 192.185.131.128
18.117.192.64 - - [24/Nov/2024:06:30:30 -0600] "GET /wp-admin/ms-admin-20241116042758-20241116192737.php?p=wp-includes%2Fblocks%2Faudio&view=block-20241117161612.json HTTP/2.0" 200 12498 "-" "Mozilla/5.0 AppleWebKit/537.36 (KHTML, like Gecko; compatible; ClaudeBot/1.0; +claudebot@anthropic.com)" cepali.edu.mx 192.185.131.128
18.119.133.138 - - [24/Nov/2024:06:30:30 -0600] "GET /wp-admin/network/admin-20241124075043.php?dl=uw2m5ky7.php HTTP/2.0" 302 - "-" "Mozilla/5.0 AppleWebKit/537.36 (KHTML, like Gecko; compatible; ClaudeBot/1.0; +claudebot@anthropic.com)" cepali.edu.mx 192.185.131.128
18.119.141.115 - - [24/Nov/2024:06:30:30 -0600] "GET /css/site-health-20241116105656-20241124015550.php?del=theme.json&p=wp-content%2Fthemes%2Ftwentytwentythree HTTP/2.0" 200 18872 "-" "Mozilla/5.0 AppleWebKit/537.36 (KHTML, like Gecko; compatible; ClaudeBot/1.0; +claudebot@anthropic.com)" cepali.edu.mx 192.185.131.128
52.15.170.196 - - [24/Nov/2024:06:30:17 -0600] "GET /wp-admin/ms-admin-20241116042758-20241116183746.php?dl=atomlib-20241116044144.php&p=wp-includes%2FText HTTP/2.0" 200 260756 "-" "Mozilla/5.0 AppleWebKit/537.36 (KHTML, like Gecko; compatible; ClaudeBot/1.0; +claudebot@anthropic.com)" cepali.edu.mx 192.185.131.128
18.117.192.64 - - [24/Nov/2024:06:30:31 -0600] "GET /wp-admin/index-20241116180059-20241116222610-20241118022408.php?chmod=install.min.css&p=wp-admin%2Fcss%2Fcss%2Fcolors HTTP/2.0" 200 11809 "-" "Mozilla/5.0 AppleWebKit/537.36 (KHTML, like Gecko; compatible; ClaudeBot/1.0; +claudebot@anthropic.com)" cepali.edu.mx 192.185.131.128
18.118.162.8 - - [24/Nov/2024:06:30:20 -0600] "GET /wp-admin/ms-admin-20241116042758-20241116192737.php?dl=https-migration-20241116183703.php&p=wp-includes%2Fblocks%2Faudio HTTP/2.0" 200 221802 "-" "Mozilla/5.0 AppleWebKit/537.36 (KHTML, like Gecko; compatible; ClaudeBot/1.0; +claudebot@anthropic.com)" cepali.edu.mx 192.185.131.128
18.119.133.138 - - [24/Nov/2024:06:30:30 -0600] "GET /wp-admin/network/admin-20241124075043.php?p= HTTP/2.0" 200 42752 "https://cepali.edu.mx/wp-admin/network/admin-20241124075043.php?dl=uw2m5ky7.php" "Mozilla/5.0 AppleWebKit/537.36 (KHTML, like Gecko; compatible; ClaudeBot/1.0; +claudebot@anthropic.com)" cepali.edu.mx 192.185.131.128
18.119.133.138 - - [24/Nov/2024:06:30:32 -0600] "GET /wp-admin/network/admin-20241124075043.php?copy=wp-activate.php HTTP/2.0" 302 - "-" "Mozilla/5.0 AppleWebKit/537.36 (KHTML, like Gecko; compatible; ClaudeBot/1.0; +claudebot@anthropic.com)" cepali.edu.mx 192.185.131.128
3.145.63.131 - - [24/Nov/2024:06:30:32 -0600] "GET /wp-admin/ms-admin-20241116042758-20241116192737.php?chmod=media.php&p=wp-includes%2Fjs%2Fcodemirror HTTP/2.0" 200 11813 "-" "Mozilla/5.0 AppleWebKit/537.36 (KHTML, like Gecko; compatible; ClaudeBot/1.0; +claudebot@anthropic.com)" cepali.edu.mx 192.185.131.128
18.118.30.137 - - [24/Nov/2024:06:30:24 -0600] "GET /wp-admin/ms-admin-20241116042758-20241116192737.php?dl=image.php&p=wp-includes%2Fblocks%2Fpost-title HTTP/2.0" 200 172651 "-" "Mozilla/5.0 AppleWebKit/537.36 (KHTML, like Gecko; compatible; ClaudeBot/1.0; +claudebot@anthropic.com)" cepali.edu.mx 192.185.131.128
3.147.68.201 - - [24/Nov/2024:06:30:22 -0600] "GET /wp-admin/ms-admin-20241116042758-20241116192737.php?del=pattern.php&p=wp-includes%2Fblocks%2Fnavigation HTTP/2.0" 200 223097 "-" "Mozilla/5.0 AppleWebKit/537.36 (KHTML, like Gecko; compatible; ClaudeBot/1.0; +claudebot@anthropic.com)" cepali.edu.mx 192.185.131.128
18.119.192.2 - - [24/Nov/2024:06:30:33 -0600] "GET /css/revision-20241116070134-20241116212042-20241124020430-20241124070445.php?chmod=zmFM.php HTTP/2.0" 302 - "-" "Mozilla/5.0 AppleWebKit/537.36 (KHTML, like Gecko; compatible; ClaudeBot/1.0; +claudebot@anthropic.com)" cepali.edu.mx 192.185.131.128
18.118.30.137 - - [24/Nov/2024:06:30:33 -0600] "GET /wp-admin/ms-admin-20241116042758-20241116192737.php?chmod=shortcodes.php&p=wp-includes%2Fblocks%2Fpost-title HTTP/2.0" 200 11827 "-" "Mozilla/5.0 AppleWebKit/537.36 (KHTML, like Gecko; compatible; ClaudeBot/1.0; +claudebot@anthropic.com)" cepali.edu.mx 192.185.131.128
3.145.63.131 - - [24/Nov/2024:06:30:33 -0600] "GET /wp-admin/ms-admin-20241116042758-20241116192737.php?p=wp-includes%2Fjs%2Fcodemirror&view=rich-text.js HTTP/2.0" 200 58053 "-" "Mozilla/5.0 AppleWebKit/537.36 (KHTML, like Gecko; compatible; ClaudeBot/1.0; +claudebot@anthropic.com)" cepali.edu.mx 192.185.131.128
3.138.175.166 - - [24/Nov/2024:06:30:25 -0600] "GET /wp-admin/ms-admin-20241116042758-20241116192737.php?dl=admin-bar-20241118172651.php&p=wp-includes%2Fblocks%2Fpost-title HTTP/2.0" 200 172647 "-" "Mozilla/5.0 AppleWebKit/537.36 (KHTML, like Gecko; compatible; ClaudeBot/1.0; +claudebot@anthropic.com)" cepali.edu.mx 192.185.131.128
18.119.133.138 - - [24/Nov/2024:06:30:32 -0600] "GET /wp-admin/network/admin-20241124075043.php?p= HTTP/2.0" 200 42752 "https://cepali.edu.mx/wp-admin/network/admin-20241124075043.php?copy=wp-activate.php" "Mozilla/5.0 AppleWebKit/537.36 (KHTML, like Gecko; compatible; ClaudeBot/1.0; +claudebot@anthropic.com)" cepali.edu.mx 192.185.131.128
3.145.63.131 - - [24/Nov/2024:06:30:34 -0600] "GET /wp-admin/ms-admin-20241116042758-20241116192737.php?p=wp-includes%2Fjs%2Fcodemirror&view=media-grid.js HTTP/2.0" 200 21998 "-" "Mozilla/5.0 AppleWebKit/537.36 (KHTML, like Gecko; compatible; ClaudeBot/1.0; +claudebot@anthropic.com)" cepali.edu.mx 192.185.131.128
18.119.133.138 - - [24/Nov/2024:06:30:34 -0600] "GET /wp-admin/ms-admin-20241116042758-20241116183746.php?p=wp-admin%2Fnetwork%2Fcss%2Fcss&view=network.php HTTP/2.0" 200 23329 "-" "Mozilla/5.0 AppleWebKit/537.36 (KHTML, like Gecko; compatible; ClaudeBot/1.0; +claudebot@anthropic.com)" cepali.edu.mx 192.185.131.128
18.118.227.199 - - [24/Nov/2024:06:30:17 -0600] "GET /wp-admin/ms-admin-20241116042758-20241116183746.php?del=upgrade-functions-20241116134728.php&p=wp-admin%2Fmaint%2Fcss HTTP/2.0" 200 346041 "-" "Mozilla/5.0 AppleWebKit/537.36 (KHTML, like Gecko; compatible; ClaudeBot/1.0; +claudebot@anthropic.com)" cepali.edu.mx 192.185.131.128
18.119.192.2 - - [24/Nov/2024:06:30:33 -0600] "GET /css/revision-20241116070134-20241116212042-20241124020430-20241124070445.php?p= HTTP/2.0" 200 42750 "https://cepali.edu.mx/css/revision-20241116070134-20241116212042-20241124020430-20241124070445.php?chmod=zmFM.php" "Mozilla/5.0 AppleWebKit/537.36 (KHTML, like Gecko; compatible; ClaudeBot/1.0; +claudebot@anthropic.com)" cepali.edu.mx 192.185.131.128
3.147.68.201 - - [24/Nov/2024:06:30:32 -0600] "GET /wp-admin/ms-admin-20241116042758-20241116183746.php?dl=color-picker-rtl.css&p=wp-admin%2Fcss%2Fcss%2Fcss HTTP/2.0" 200 60635 "-" "Mozilla/5.0 AppleWebKit/537.36 (KHTML, like Gecko; compatible; ClaudeBot/1.0; +claudebot@anthropic.com)" cepali.edu.mx 192.185.131.128
18.119.192.2 - - [24/Nov/2024:06:30:35 -0600] "GET /wp-admin/ms-admin-20241116042758-20241116192737.php?p=wp-includes%2Fblocks%2Fgroup&view=class-wp-matchesmapregex.php HTTP/2.0" 200 12667 "-" "Mozilla/5.0 AppleWebKit/537.36 (KHTML, like Gecko; compatible; ClaudeBot/1.0; +claudebot@anthropic.com)" cepali.edu.mx 192.185.131.128
52.15.170.196 - - [24/Nov/2024:06:30:27 -0600] "GET /css/admin-post-20241116085757-20241116144535-20241117033218-20241124020542.php?dl=styles-rtl-20241121144825-20241124103643.css&p=coffee HTTP/2.0" 200 117432 "-" "Mozilla/5.0 AppleWebKit/537.36 (KHTML, like Gecko; compatible; ClaudeBot/1.0; +claudebot@anthropic.com)" cepali.edu.mx 192.185.131.128
18.218.2.191 - - [24/Nov/2024:06:30:26 -0600] "GET /wp-admin/ms-admin-20241116042758-20241116192737.php?dl=class-wp-block-20241116023018.php&p=wp-includes%2Fblocks%2Fembed HTTP/2.0" 200 213808 "-" "Mozilla/5.0 AppleWebKit/537.36 (KHTML, like Gecko; compatible; ClaudeBot/1.0; +claudebot@anthropic.com)" cepali.edu.mx 192.185.131.128
18.119.133.138 - - [24/Nov/2024:06:30:35 -0600] "GET /wp-admin/ms-admin-20241116042758-20241116183746.php?del=session-20241116130316-20241118184722.php&p=wp-includes%2FRequests%2Fsrc%2FException HTTP/2.0" 200 25713 "-" "Mozilla/5.0 AppleWebKit/537.36 (KHTML, like Gecko; compatible; ClaudeBot/1.0; +claudebot@anthropic.com)" cepali.edu.mx 192.185.131.128
18.119.192.2 - - [24/Nov/2024:06:30:36 -0600] "GET /css/revision-20241116070134-20241116212042-20241124020430-20241124070445.php?copy=ms-admin-20241116042758-20241116183746.php HTTP/2.0" 302 - "-" "Mozilla/5.0 AppleWebKit/537.36 (KHTML, like Gecko; compatible; ClaudeBot/1.0; +claudebot@anthropic.com)" cepali.edu.mx 192.185.131.128
3.139.83.248 - - [24/Nov/2024:06:30:28 -0600] "GET /wp-admin/ms-admin-20241116042758-20241116192737.php?dl=blocks.php&p=wp-includes%2Fblocks%2Flatest-comments HTTP/2.0" 200 183122 "-" "Mozilla/5.0 AppleWebKit/537.36 (KHTML, like Gecko; compatible; ClaudeBot/1.0; +claudebot@anthropic.com)" cepali.edu.mx 192.185.131.128
18.218.2.191 - - [24/Nov/2024:06:30:36 -0600] "GET /css/admin-post-20241116085757-20241116144535-20241117033218-20241124020542.php?chmod=colors-20241124014310-20241124075430.css&p=coffee HTTP/2.0" 200 11751 "-" "Mozilla/5.0 AppleWebKit/537.36 (KHTML, like Gecko; compatible; ClaudeBot/1.0; +claudebot@anthropic.com)" cepali.edu.mx 192.185.131.128
18.218.2.191 - - [24/Nov/2024:06:30:37 -0600] "GET /wp-admin/ms-admin-20241116042758-20241116192737.php?copy=wp-includes%2Fblocks%2Fembed%2Fvars-20241119202132.php&p=wp-includes%2Fblocks%2Fembed HTTP/2.0" 200 11534 "-" "Mozilla/5.0 AppleWebKit/537.36 (KHTML, like Gecko; compatible; ClaudeBot/1.0; +claudebot@anthropic.com)" cepali.edu.mx 192.185.131.128
18.218.38.67 - - [24/Nov/2024:06:30:37 -0600] "GET /wp-admin/ms-admin-20241116042758-20241116192737.php?copy=wp-includes%2Frest-api%2Ftheme.json&p=wp-includes HTTP/2.0" 200 11801 "-" "Mozilla/5.0 AppleWebKit/537.36 (KHTML, like Gecko; compatible; ClaudeBot/1.0; +claudebot@anthropic.com)" cepali.edu.mx 192.185.131.128
18.119.192.2 - - [24/Nov/2024:06:30:36 -0600] "GET /css/revision-20241116070134-20241116212042-20241124020430-20241124070445.php?p= HTTP/2.0" 200 42750 "https://cepali.edu.mx/css/revision-20241116070134-20241116212042-20241124020430-20241124070445.php?copy=ms-admin-20241116042758-20241116183746.php" "Mozilla/5.0 AppleWebKit/537.36 (KHTML, like Gecko; compatible; ClaudeBot/1.0; +claudebot@anthropic.com)" cepali.edu.mx 192.185.131.128
18.227.48.131 - - [24/Nov/2024:06:30:29 -0600] "GET /wp-admin/ms-admin-20241116042758-20241116192737.php?dl=widgets-20241118223913-20241119164410.php&p=wp-includes%2Fblocks%2Fverse HTTP/2.0" 200 222216 "-" "Mozilla/5.0 AppleWebKit/537.36 (KHTML, like Gecko; compatible; ClaudeBot/1.0; +claudebot@anthropic.com)" cepali.edu.mx 192.185.131.128
3.145.63.131 - - [24/Nov/2024:06:30:35 -0600] "GET /wp-admin/ms-admin-20241116042758-20241116183746.php?dl=autocomplete.min.js&p=wp-includes%2Fjs%2Fjquery%2Fui HTTP/2.0" 200 87316 "-" "Mozilla/5.0 AppleWebKit/537.36 (KHTML, like Gecko; compatible; ClaudeBot/1.0; +claudebot@anthropic.com)" cepali.edu.mx 192.185.131.128
18.218.2.191 - - [24/Nov/2024:06:30:38 -0600] "GET /wp-admin/index-20241116180059-20241116222610-20241118022408.php?copy=wp-content%2Fplugins%2Ferror_log-20241124034038-20241124073153.&p=wp-content%2Fplugins%2Felementor HTTP/2.0" 200 11622 "-" "Mozilla/5.0 AppleWebKit/537.36 (KHTML, like Gecko; compatible; ClaudeBot/1.0; +claudebot@anthropic.com)" cepali.edu.mx 192.185.131.128
3.145.63.131 - - [24/Nov/2024:06:30:38 -0600] "GET /wp-admin/ms-admin-20241116042758-20241116192737.php?chmod=wp-auth-check.min.js&p=wp-includes%2Fblocks%2Ftable HTTP/2.0" 200 11816 "-" "Mozilla/5.0 AppleWebKit/537.36 (KHTML, like Gecko; compatible; ClaudeBot/1.0; +claudebot@anthropic.com)" cepali.edu.mx 192.185.131.128
18.119.192.2 - - [24/Nov/2024:06:30:38 -0600] "GET /wp-admin/ms-admin-20241116042758-20241116192737.php?copy=wp-includes%2Fhtml-api%2Ffeed-rdf-20241124043621.php&p=wp-includes%2FText HTTP/2.0" 200 11537 "-" "Mozilla/5.0 AppleWebKit/537.36 (KHTML, like Gecko; compatible; ClaudeBot/1.0; +claudebot@anthropic.com)" cepali.edu.mx 192.185.131.128
18.218.38.67 - - [24/Nov/2024:06:30:38 -0600] "GET /wp-admin/ms-admin-20241116042758-20241116192737.php?p=wp-includes%2Fblocks%2Fnavigation&view=ms-functions.php HTTP/2.0" 200 46995 "-" "Mozilla/5.0 AppleWebKit/537.36 (KHTML, like Gecko; compatible; ClaudeBot/1.0; +claudebot@anthropic.com)" cepali.edu.mx 192.185.131.128
3.12.34.209 - - [24/Nov/2024:06:30:27 -0600] "GET /wp-admin/ms-admin-20241116042758-20241116183746.php?dl=class-wp-query-20241118163454-20241119033305.php&p=wp-includes%2FIXR HTTP/2.0" 200 266047 "-" "Mozilla/5.0 AppleWebKit/537.36 (KHTML, like Gecko; compatible; ClaudeBot/1.0; +claudebot@anthropic.com)" cepali.edu.mx 192.185.131.128
3.12.34.209 - - [24/Nov/2024:06:30:37 -0600] "GET /wp-admin/ms-admin-20241116042758-20241116192737.php?chmod=class-wp-site-20241116213202.php&p=wp-includes%2Fblocks%2Fgallery HTTP/2.0" 200 11828 "-" "Mozilla/5.0 AppleWebKit/537.36 (KHTML, like Gecko; compatible; ClaudeBot/1.0; +claudebot@anthropic.com)" cepali.edu.mx 192.185.131.128
18.119.133.138 - - [24/Nov/2024:06:30:36 -0600] "GET /wp-admin/ms-admin-20241116042758-20241116183746.php?dl=feed-rdf-20241116100218-20241116143451-20241117013556.php&p=wp-includes%2Fjs%2Fplupload HTTP/2.0" 200 90848 "-" "Mozilla/5.0 AppleWebKit/537.36 (KHTML, like Gecko; compatible; ClaudeBot/1.0; +claudebot@anthropic.com)" cepali.edu.mx 192.185.131.128
18.119.192.2 - - [24/Nov/2024:06:30:39 -0600] "GET /blue/zmFM-20241119193030-20241120022847-20241124014707.php?a=bj&f=%2Fhome2%2Fsdektunc%2Fcepali.edu.mx%2Fwp-admin%2Fcss%2Fwp-admin.css HTTP/2.0" 200 1049 "-" "Mozilla/5.0 AppleWebKit/537.36 (KHTML, like Gecko; compatible; ClaudeBot/1.0; +claudebot@anthropic.com)" cepali.edu.mx 192.185.131.128
18.119.141.115 - - [24/Nov/2024:06:30:31 -0600] "GET /wp-admin/ms-admin-20241116042758-20241116192737.php?dl=post-template.php&p=wp-includes%2Fblocks%2Fnavigation HTTP/2.0" 200 222704 "-" "Mozilla/5.0 AppleWebKit/537.36 (KHTML, like Gecko; compatible; ClaudeBot/1.0; +claudebot@anthropic.com)" cepali.edu.mx 192.185.131.128
18.119.141.115 - - [24/Nov/2024:06:30:39 -0600] "GET /wp-admin/ms-admin-20241116042758-20241116192737.php?chmod=view.asset.php&p=wp-includes%2Fblocks%2Fnavigation HTTP/2.0" 200 11814 "-" "Mozilla/5.0 AppleWebKit/537.36 (KHTML, like Gecko; compatible; ClaudeBot/1.0; +claudebot@anthropic.com)" cepali.edu.mx 192.185.131.128
3.12.34.209 - - [24/Nov/2024:06:30:39 -0600] "GET /wp-admin/ms-admin-20241116042758-20241116192737.php?chmod=template-loader-20241117064421.php&p=wp-includes%2Fblocks%2Fgallery HTTP/2.0" 200 11831 "-" "Mozilla/5.0 AppleWebKit/537.36 (KHTML, like Gecko; compatible; ClaudeBot/1.0; +claudebot@anthropic.com)" cepali.edu.mx 192.185.131.128
3.145.63.131 - - [24/Nov/2024:06:30:39 -0600] "GET /wp-admin/ms-admin-20241116042758-20241116183746.php?p=wp-includes%2Fjs%2Fjquery%2Fui&view=core.min-20241116184701.js HTTP/2.0" 200 20891 "-" "Mozilla/5.0 AppleWebKit/537.36 (KHTML, like Gecko; compatible; ClaudeBot/1.0; +claudebot@anthropic.com)" cepali.edu.mx 192.185.131.128
18.118.30.137 - - [24/Nov/2024:06:30:34 -0600] "GET /wp-admin/ms-admin-20241116042758-20241116192737.php?dl=style-rtl.min.css&p=wp-includes%2Fblocks%2Fquery-pagination HTTP/2.0" 200 165330 "-" "Mozilla/5.0 AppleWebKit/537.36 (KHTML, like Gecko; compatible; ClaudeBot/1.0; +claudebot@anthropic.com)" cepali.edu.mx 192.185.131.128
18.119.192.2 - - [24/Nov/2024:06:30:40 -0600] "GET /wp-admin/ms-admin-20241116042758-20241116183746.php?copy=wp-includes%2Fblocks%2Ftemplate-part%2Fblock.json&p=wp-includes%2Fblocks%2Fparagraph HTTP/2.0" 200 11529 "-" "Mozilla/5.0 AppleWebKit/537.36 (KHTML, like Gecko; compatible; ClaudeBot/1.0; +claudebot@anthropic.com)" cepali.edu.mx 192.185.131.128
3.129.63.252 - - [24/Nov/2024:06:30:40 -0600] "GET /wp-admin/network/network-20241116064003-20241116114545-20241124074230.php?chmod=wp-cron.php HTTP/2.0" 302 - "-" "Mozilla/5.0 AppleWebKit/537.36 (KHTML, like Gecko; compatible; ClaudeBot/1.0; +claudebot@anthropic.com)" cepali.edu.mx 192.185.131.128
18.119.141.115 - - [24/Nov/2024:06:30:40 -0600] "GET /wp-admin/ms-admin-20241116042758-20241116192737.php?copy=wp-includes%2Fblocks%2Fnavigation%2Fclass-wp-user-query.php&p=wp-includes%2Fblocks%2Fnavigation HTTP/2.0" 200 11521 "-" "Mozilla/5.0 AppleWebKit/537.36 (KHTML, like Gecko; compatible; ClaudeBot/1.0; +claudebot@anthropic.com)" cepali.edu.mx 192.185.131.128
18.118.30.137 - - [24/Nov/2024:06:30:40 -0600] "GET /wp-admin/ms-admin-20241116042758-20241116192737.php?p=wp-includes%2Fblocks%2Fpost-title&view=theme-rtl-20241117064839.css HTTP/2.0" 200 12028 "-" "Mozilla/5.0 AppleWebKit/537.36 (KHTML, like Gecko; compatible; ClaudeBot/1.0; +claudebot@anthropic.com)" cepali.edu.mx 192.185.131.128
18.117.192.64 - - [24/Nov/2024:06:30:32 -0600] "GET /wp-admin/ms-admin-20241116042758-20241116192737.php?dl=update-20241117214344-20241119082508.php&p=wp-includes%2Fblocks%2Ffile HTTP/2.0" 200 243964 "-" "Mozilla/5.0 AppleWebKit/537.36 (KHTML, like Gecko; compatible; ClaudeBot/1.0; +claudebot@anthropic.com)" cepali.edu.mx 192.185.131.128
18.119.192.2 - - [24/Nov/2024:06:30:41 -0600] "GET /wp-admin/ms-admin-20241116042758-20241116192737.php?copy=wp-includes%2Fblocks%2Fgroup%2Fclass-wp-walker-20241116021441.php&p=wp-includes%2Fblocks%2Fgroup HTTP/2.0" 200 11534 "-" "Mozilla/5.0 AppleWebKit/537.36 (KHTML, like Gecko; compatible; ClaudeBot/1.0; +claudebot@anthropic.com)" cepali.edu.mx 192.185.131.128
3.138.170.67 - - [24/Nov/2024:06:30:39 -0600] "GET /wp-admin/ms-admin-20241116042758-20241116192737.php?dl=version.php&p=wp-includes%2FSimplePie%2FXML HTTP/2.0" 200 62714 "-" "Mozilla/5.0 AppleWebKit/537.36 (KHTML, like Gecko; compatible; ClaudeBot/1.0; +claudebot@anthropic.com)" cepali.edu.mx 192.185.131.128
18.119.141.115 - - [24/Nov/2024:06:30:41 -0600] "GET /wp-admin/ms-admin-20241116042758-20241116192737.php?copy=wp-includes%2Fblocks%2Fnavigation%2Feditor.min-20241117085457.css&p=wp-includes%2Fblocks%2Fnavigation HTTP/2.0" 200 11532 "-" "Mozilla/5.0 AppleWebKit/537.36 (KHTML, like Gecko; compatible; ClaudeBot/1.0; +claudebot@anthropic.com)" cepali.edu.mx 192.185.131.128
3.129.63.252 - - [24/Nov/2024:06:30:40 -0600] "GET /wp-admin/network/network-20241116064003-20241116114545-20241124074230.php?p= HTTP/2.0" 200 42762 "https://cepali.edu.mx/wp-admin/network/network-20241116064003-20241116114545-20241124074230.php?chmod=wp-cron.php" "Mozilla/5.0 AppleWebKit/537.36 (KHTML, like Gecko; compatible; ClaudeBot/1.0; +claudebot@anthropic.com)" cepali.edu.mx 192.185.131.128
3.138.170.67 - - [24/Nov/2024:06:30:41 -0600] "GET /wp-admin/ms-admin-20241116042758-20241116183746.php?del=colors-rtl.min.css&p=wp-admin%2Fuser%2Fcss%2Fcolors%2Fblue HTTP/2.0" 200 16906 "-" "Mozilla/5.0 AppleWebKit/537.36 (KHTML, like Gecko; compatible; ClaudeBot/1.0; +claudebot@anthropic.com)" cepali.edu.mx 192.185.131.128
18.119.192.2 - - [24/Nov/2024:06:30:42 -0600] "GET /wp-admin/ms-admin-20241116042758-20241116183746.php?copy=wp-includes%2Fjs%2Ftinymce%2Fplugins%2Fmedia-views-20241117001753.js&p=wp-includes%2Fjs%2Ftinymce HTTP/2.0" 200 11602 "-" "Mozilla/5.0 AppleWebKit/537.36 (KHTML, like Gecko; compatible; ClaudeBot/1.0; +claudebot@anthropic.com)" cepali.edu.mx 192.185.131.128
18.119.141.115 - - [24/Nov/2024:06:30:42 -0600] "GET /wp-admin/ms-admin-20241116042758-20241116192737.php?chmod=bookmark-20241118154556-20241119031907-20241119072215-20241120131930.php&p=wp-includes%2Fblocks%2Fnavigation HTTP/2.0" 200 11850 "-" "Mozilla/5.0 AppleWebKit/537.36 (KHTML, like Gecko; compatible; ClaudeBot/1.0; +claudebot@anthropic.com)" cepali.edu.mx 192.185.131.128
3.140.196.5 - - [24/Nov/2024:06:30:42 -0600] "GET /wp-admin/ms-admin-20241116042758-20241116192737.php?p=wp-includes%2Fblocks%2Fpost-terms&view=post-template.php HTTP/2.0" 200 36686 "-" "Mozilla/5.0 AppleWebKit/537.36 (KHTML, like Gecko; compatible; ClaudeBot/1.0; +claudebot@anthropic.com)" cepali.edu.mx 192.185.131.128
3.139.83.248 - - [24/Nov/2024:06:30:37 -0600] "GET /wp-admin/ms-admin-20241116042758-20241116192737.php?del=wrapper-20241119124216.php&p=wp-includes%2Fblocks%2Flatest-comments HTTP/2.0" 200 183122 "-" "Mozilla/5.0 AppleWebKit/537.36 (KHTML, like Gecko; compatible; ClaudeBot/1.0; +claudebot@anthropic.com)" cepali.edu.mx 192.185.131.128
18.227.48.131 - - [24/Nov/2024:06:30:39 -0600] "GET /wp-admin/ms-admin-20241116042758-20241116192737.php?del=editor.min-20241118224659.css&p=wp-includes%2Fblocks%2Fpost-navigation-link HTTP/2.0" 200 114700 "-" "Mozilla/5.0 AppleWebKit/537.36 (KHTML, like Gecko; compatible; ClaudeBot/1.0; +claudebot@anthropic.com)" cepali.edu.mx 192.185.131.128
18.119.192.2 - - [24/Nov/2024:06:30:43 -0600] "GET /wp-admin/options-discussion-20241124010656.php?copy=wp-content%2Flanguages%2Fes_ES-bf23b24175490c2e46aaf92ff6a0c70f-20241124100057.json&p=wp-content%2Flanguages HTTP/2.0" 200 11573 "-" "Mozilla/5.0 AppleWebKit/537.36 (KHTML, like Gecko; compatible; ClaudeBot/1.0; +claudebot@anthropic.com)" cepali.edu.mx 192.185.131.128
18.119.141.115 - - [24/Nov/2024:06:30:43 -0600] "GET /wp-admin/ms-admin-20241116042758-20241116192737.php?copy=wp-includes%2Fblocks%2Fnavigation%2Fstyle.min-20241117073523-20241117235244-20241118120411.css&p=wp-includes%2Fblocks%2Fnavigation HTTP/2.0" 200 11558 "-" "Mozilla/5.0 AppleWebKit/537.36 (KHTML, like Gecko; compatible; ClaudeBot/1.0; +claudebot@anthropic.com)" cepali.edu.mx 192.185.131.128
18.119.192.2 - - [24/Nov/2024:06:30:44 -0600] "GET /wp-admin/ms-admin-20241116042758-20241116192737.php?copy=wp-includes%2Fblocks%2Fgroup%2Ftemplate-canvas-20241116193539-20241117001723.php&p=wp-includes%2Fblocks%2Fgroup HTTP/2.0" 200 11542 "-" "Mozilla/5.0 AppleWebKit/537.36 (KHTML, like Gecko; compatible; ClaudeBot/1.0; +claudebot@anthropic.com)" cepali.edu.mx 192.185.131.128
3.139.83.248 - - [24/Nov/2024:06:30:43 -0600] "GET /wp-admin/ms-admin-20241116042758-20241116183746.php?dl=customize-preview-widgets-20241119201947.js&p=wp-includes%2FSimplePie%2FXML HTTP/2.0" 200 62702 "-" "Mozilla/5.0 AppleWebKit/537.36 (KHTML, like Gecko; compatible; ClaudeBot/1.0; +claudebot@anthropic.com)" cepali.edu.mx 192.185.131.128
3.139.83.248 - - [24/Nov/2024:06:30:45 -0600] "GET /wp-admin/ms-admin-20241116042758-20241116192737.php?p=wp-includes%2Fblocks%2Fpost-terms&view=l10n-20241116093641-20241118092403.php HTTP/2.0" 200 32611 "-" "Mozilla/5.0 AppleWebKit/537.36 (KHTML, like Gecko; compatible; ClaudeBot/1.0; +claudebot@anthropic.com)" cepali.edu.mx 192.185.131.128
18.119.192.2 - - [24/Nov/2024:06:30:45 -0600] "GET /wp-admin/ms-admin-20241116042758-20241116192737.php?copy=wp-includes%2Fblocks%2Fcomment-template%2Fclass-wp-widget-factory-20241116132543.php&p=wp-includes%2Fblocks%2Fcomment-template HTTP/2.0" 200 11563 "-" "Mozilla/5.0 AppleWebKit/537.36 (KHTML, like Gecko; compatible; ClaudeBot/1.0; +claudebot@anthropic.com)" cepali.edu.mx 192.185.131.128
3.139.83.248 - - [24/Nov/2024:06:30:46 -0600] "GET /wp-admin/ms-admin-20241116042758-20241116192737.php?p=wp-includes%2Fblocks%2Flatest-comments&view=block-template-20241117235045.php HTTP/2.0" 200 17172 "-" "Mozilla/5.0 AppleWebKit/537.36 (KHTML, like Gecko; compatible; ClaudeBot/1.0; +claudebot@anthropic.com)" cepali.edu.mx 192.185.131.128
18.116.89.8 - - [24/Nov/2024:06:30:44 -0600] "GET /wp-admin/ms-admin-20241116042758-20241116183746.php?dl=code-editor.css&p=wp-admin%2Fcss%2Fcss%2Fcss HTTP/2.0" 200 60641 "-" "Mozilla/5.0 AppleWebKit/537.36 (KHTML, like Gecko; compatible; ClaudeBot/1.0; +claudebot@anthropic.com)" cepali.edu.mx 192.185.131.128
18.218.38.67 - - [24/Nov/2024:06:30:39 -0600] "GET /wp-admin/ms-admin-20241116042758-20241116192737.php?del=class-wp-site-20241118121733.php&p=wp-includes%2Fblocks%2Fnavigation HTTP/2.0" 200 222700 "-" "Mozilla/5.0 AppleWebKit/537.36 (KHTML, like Gecko; compatible; ClaudeBot/1.0; +claudebot@anthropic.com)" cepali.edu.mx 192.185.131.128
18.116.89.8 - - [24/Nov/2024:06:30:46 -0600] "GET /wp-admin/index-20241116180059-20241116222610-20241118022408.php?p=wp-admin%2Fnetwork%2Fcss%2Fcss%2Fcss&view=about.min.css HTTP/2.0" 200 17368 "-" "Mozilla/5.0 AppleWebKit/537.36 (KHTML, like Gecko; compatible; ClaudeBot/1.0; +claudebot@anthropic.com)" cepali.edu.mx 192.185.131.128
3.145.91.152 - - [24/Nov/2024:06:30:39 -0600] "GET /wp-admin/ms-admin-20241116042758-20241116192737.php?del=user.php&p=wp-includes%2Fblocks%2Fgallery HTTP/2.0" 200 231134 "-" "Mozilla/5.0 AppleWebKit/537.36 (KHTML, like Gecko; compatible; ClaudeBot/1.0; +claudebot@anthropic.com)" cepali.edu.mx 192.185.131.128
18.118.30.137 - - [24/Nov/2024:06:30:41 -0600] "GET /wp-admin/ms-admin-20241116042758-20241116192737.php?del=IRI-20241116233944-20241118184231.php&p=wp-includes%2Fblocks%2Fpost-title HTTP/2.0" 200 172651 "-" "Mozilla/5.0 AppleWebKit/537.36 (KHTML, like Gecko; compatible; ClaudeBot/1.0; +claudebot@anthropic.com)" cepali.edu.mx 192.185.131.128
3.145.91.152 - - [24/Nov/2024:06:30:47 -0600] "GET /css/revision-20241116070134-20241116212042-20241124020430-20241124065430.php?chmod=sak-statlog-2023-10-10_13-44-52.gz HTTP/2.0" 302 - "-" "Mozilla/5.0 AppleWebKit/537.36 (KHTML, like Gecko; compatible; ClaudeBot/1.0; +claudebot@anthropic.com)" cepali.edu.mx 192.185.131.128
18.218.38.67 - - [24/Nov/2024:06:30:47 -0600] "GET /wp-admin/ms-admin-20241116042758-20241116192737.php?chmod=style-rtl-20241116204106-20241119093610.css&p=wp-includes%2Fblocks%2Fnavigation HTTP/2.0" 200 11832 "-" "Mozilla/5.0 AppleWebKit/537.36 (KHTML, like Gecko; compatible; ClaudeBot/1.0; +claudebot@anthropic.com)" cepali.edu.mx 192.185.131.128
18.116.89.8 - - [24/Nov/2024:06:30:47 -0600] "GET /wp-admin/ms-admin-20241116042758-20241116183746.php?edit=class-wp-query-20241116215616.php&p=wp-includes%2FSimplePie%2FCache HTTP/2.0" 200 58002 "-" "Mozilla/5.0 AppleWebKit/537.36 (KHTML, like Gecko; compatible; ClaudeBot/1.0; +claudebot@anthropic.com)" cepali.edu.mx 192.185.131.128
3.12.34.209 - - [24/Nov/2024:06:30:40 -0600] "GET /wp-admin/ms-admin-20241116042758-20241116192737.php?del=style-20241116185607-20241119063954.css&p=wp-includes%2Fblocks%2Fgallery HTTP/2.0" 200 231137 "-" "Mozilla/5.0 AppleWebKit/537.36 (KHTML, like Gecko; compatible; ClaudeBot/1.0; +claudebot@anthropic.com)" cepali.edu.mx 192.185.131.128
3.12.34.209 - - [24/Nov/2024:06:30:48 -0600] "GET /css/post-new-20241116183925-20241116235316-20241124014325.php?copy=coffee%2Fstyles-rtl-20241121144825-20241124103643.css&p=coffee HTTP/2.0" 200 11497 "-" "Mozilla/5.0 AppleWebKit/537.36 (KHTML, like Gecko; compatible; ClaudeBot/1.0; +claudebot@anthropic.com)" cepali.edu.mx 192.185.131.128
3.145.91.152 - - [24/Nov/2024:06:30:47 -0600] "GET /css/revision-20241116070134-20241116212042-20241124020430-20241124065430.php?p= HTTP/2.0" 200 42746 "https://cepali.edu.mx/css/revision-20241116070134-20241116212042-20241124020430-20241124065430.php?chmod=sak-statlog-2023-10-10_13-44-52.gz" "Mozilla/5.0 AppleWebKit/537.36 (KHTML, like Gecko; compatible; ClaudeBot/1.0; +claudebot@anthropic.com)" cepali.edu.mx 192.185.131.128
3.129.63.252 - - [24/Nov/2024:06:30:42 -0600] "GET /wp-admin/ms-admin-20241116042758-20241116192737.php?del=style-20241116185607.css&p=wp-includes%2Fblocks%2Fread-more HTTP/2.0" 200 197921 "-" "Mozilla/5.0 AppleWebKit/537.36 (KHTML, like Gecko; compatible; ClaudeBot/1.0; +claudebot@anthropic.com)" cepali.edu.mx 192.185.131.128
3.12.34.209 - - [24/Nov/2024:06:30:49 -0600] "GET /wp-admin/ms-admin-20241116042758-20241116183746.php?copy=wp-includes%2Fcss%2Fthemes.css&finish=1&p=wp-includes%2Fcss%2Fdist%2Fcommands HTTP/2.0" 302 - "-" "Mozilla/5.0 AppleWebKit/537.36 (KHTML, like Gecko; compatible; ClaudeBot/1.0; +claudebot@anthropic.com)" cepali.edu.mx 192.185.131.128
3.137.218.176 - - [24/Nov/2024:06:30:49 -0600] "GET /wp-admin/ms-admin-20241116042758-20241116192737.php?p=wp-includes%2Fblocks%2Fembed&view=shortcodes.php HTTP/2.0" 200 21274 "-" "Mozilla/5.0 AppleWebKit/537.36 (KHTML, like Gecko; compatible; ClaudeBot/1.0; +claudebot@anthropic.com)" cepali.edu.mx 192.185.131.128
3.147.68.201 - - [24/Nov/2024:06:30:35 -0600] "GET /wp-admin/ms-admin-20241116042758-20241116183746.php?dl=link-manager-20241124010629.php&p=wp-admin%2Fuser HTTP/2.0" 200 419877 "-" "Mozilla/5.0 AppleWebKit/537.36 (KHTML, like Gecko; compatible; ClaudeBot/1.0; +claudebot@anthropic.com)" cepali.edu.mx 192.185.131.128
3.147.68.201 - - [24/Nov/2024:06:30:45 -0600] "GET /wp-admin/ms-admin-20241116042758-20241116192737.php?edit=canonical-20241119085031.php&p=wp-includes%2Fcertificates HTTP/2.0" 200 23554 "-" "Mozilla/5.0 AppleWebKit/537.36 (KHTML, like Gecko; compatible; ClaudeBot/1.0; +claudebot@anthropic.com)" cepali.edu.mx 192.185.131.128
18.118.30.137 - - [24/Nov/2024:06:30:47 -0600] "GET /wp-admin/async-upload-20241116234326-20241117054504-20241117224654.php?dl=about-rtl-20241116154229-20241116192809.css&p=wp-admin%2Fcss%2Fcss%2Fcss HTTP/2.0" 200 60647 "-" "Mozilla/5.0 AppleWebKit/537.36 (KHTML, like Gecko; compatible; ClaudeBot/1.0; +claudebot@anthropic.com)" cepali.edu.mx 192.185.131.128
3.12.34.209 - - [24/Nov/2024:06:30:49 -0600] "GET /wp-admin/ms-admin-20241116042758-20241116183746.php?p=wp-includes%2Fcss%2Fdist%2Fcommands HTTP/2.0" 200 24555 "https://cepali.edu.mx/wp-admin/ms-admin-20241116042758-20241116183746.php?copy=wp-includes%2Fcss%2Fthemes.css&finish=1&p=wp-includes%2Fcss%2Fdist%2Fcommands" "Mozilla/5.0 AppleWebKit/537.36 (KHTML, like Gecko; compatible; ClaudeBot/1.0; +claudebot@anthropic.com)" cepali.edu.mx 192.185.131.128
3.12.34.209 - - [24/Nov/2024:06:30:50 -0600] "GET /wp-admin/ms-admin-20241116042758-20241116183746.php?copy=wp-includes%2Fjs%2Fplupload%2Fclass-wp-tax-query.php&p=wp-includes%2Fjs%2Fplupload HTTP/2.0" 200 11515 "-" "Mozilla/5.0 AppleWebKit/537.36 (KHTML, like Gecko; compatible; ClaudeBot/1.0; +claudebot@anthropic.com)" cepali.edu.mx 192.185.131.128
18.116.89.8 - - [24/Nov/2024:06:30:48 -0600] "GET /wp-admin/link-add-20241116073204-20241116122752-20241116163058-20241118023722.php?dl=code-editor-rtl.min.css&p=wp-content%2Fmu-plugins%2Fcss%2Fcss HTTP/2.0" 200 60651 "-" "Mozilla/5.0 AppleWebKit/537.36 (KHTML, like Gecko; compatible; ClaudeBot/1.0; +claudebot@anthropic.com)" cepali.edu.mx 192.185.131.128
3.12.34.209 - - [24/Nov/2024:06:30:51 -0600] "GET /wp-admin/ms-admin-20241116042758-20241116192737-20241116233041.php?copy=wp-admin%2Fjs%2Fcss%2Fforms-rtl.min.css&finish=1&p=wp-admin%2Fjs%2Fcss HTTP/2.0" 302 - "-" "Mozilla/5.0 AppleWebKit/537.36 (KHTML, like Gecko; compatible; ClaudeBot/1.0; +claudebot@anthropic.com)" cepali.edu.mx 192.185.131.128
20.15.133.175 - - [24/Nov/2024:06:30:51 -0600] "GET /rpajz/w2902155.html HTTP/2.0" 200 117536 "-" "Mozilla/5.0 AppleWebKit/537.36 (KHTML, like Gecko; compatible; bingbot/2.0; +http://www.bing.com/bingbot.htm) Chrome/116.0.1938.76 Safari/537.36" www.cepali.edu.mx 192.185.131.128
18.116.89.8 - - [24/Nov/2024:06:30:51 -0600] "GET /wp-admin/ms-admin-20241116042758-20241116183746.php?copy=wp-includes%2Fblocks%2Fwidget-group%2Fkses.php&p=wp-includes%2Fblocks%2Fquery-pagination-numbers HTTP/2.0" 200 11552 "-" "Mozilla/5.0 AppleWebKit/537.36 (KHTML, like Gecko; compatible; ClaudeBot/1.0; +claudebot@anthropic.com)" cepali.edu.mx 192.185.131.128
3.145.63.131 - - [24/Nov/2024:06:30:40 -0600] "GET /wp-admin/async-upload-20241116234326-20241117054504-20241117224654.php?dl=ms-delete-site-20241124090108.php&p=wp-admin%2Fmaint HTTP/2.0" 200 309976 "-" "Mozilla/5.0 AppleWebKit/537.36 (KHTML, like Gecko; compatible; ClaudeBot/1.0; +claudebot@anthropic.com)" cepali.edu.mx 192.185.131.128
3.145.63.131 - - [24/Nov/2024:06:30:50 -0600] "GET /wp-admin/ms-admin-20241116042758-20241116192737.php?copy=wp-includes%2Fjs%2Fcodemirror%2Fms-default-constants.php&p=wp-includes%2Fjs%2Fcodemirror HTTP/2.0" 200 11530 "-" "Mozilla/5.0 AppleWebKit/537.36 (KHTML, like Gecko; compatible; ClaudeBot/1.0; +claudebot@anthropic.com)" cepali.edu.mx 192.185.131.128
18.227.48.131 - - [24/Nov/2024:06:30:44 -0600] "GET /wp-admin/ms-admin-20241116042758-20241116192737.php?del=date-20241117103534-20241117164819-20241118153223.php&p=wp-includes%2Fblocks%2Fverse HTTP/2.0" 200 222216 "-" "Mozilla/5.0 AppleWebKit/537.36 (KHTML, like Gecko; compatible; ClaudeBot/1.0; +claudebot@anthropic.com)" cepali.edu.mx 192.185.131.128
3.145.63.131 - - [24/Nov/2024:06:30:52 -0600] "GET /wp-admin/ms-admin-20241116042758-20241116192737.php?copy=wp-includes%2Fhtml-api%2Fadmin-bar-20241120052435-20241120161645.js&finish=1&p=wp-includes%2Fjs%2Fjquery HTTP/2.0" 302 - "-" "Mozilla/5.0 AppleWebKit/537.36 (KHTML, like Gecko; compatible; ClaudeBot/1.0; +claudebot@anthropic.com)" cepali.edu.mx 192.185.131.128
18.118.30.137 - - [24/Nov/2024:06:30:50 -0600] "GET /wp-admin/async-upload-20241116234326-20241117054504-20241117224654.php?dl=about-rtl-20241116190128-20241116235239.css&p=wp-admin%2Fcss%2Fcss%2Fcss HTTP/2.0" 200 60647 "-" "Mozilla/5.0 AppleWebKit/537.36 (KHTML, like Gecko; compatible; ClaudeBot/1.0; +claudebot@anthropic.com)" cepali.edu.mx 192.185.131.128
3.144.29.213 - - [24/Nov/2024:06:30:46 -0600] "GET /wp-admin/ms-admin-20241116042758-20241116192737.php?dl=block-20241117020510-20241117063736.json&p=wp-includes%2Fblocks%2Fpost-title HTTP/2.0" 200 172636 "-" "Mozilla/5.0 AppleWebKit/537.36 (KHTML, like Gecko; compatible; ClaudeBot/1.0; +claudebot@anthropic.com)" cepali.edu.mx 192.185.131.128
3.144.29.213 - - [24/Nov/2024:06:30:53 -0600] "GET /wp-admin/link-add-20241116073204-20241116122752-20241116163058-20241118023722.php?copy=wp-admin%2Fcss%2Fadmin-20241116052248-20241116195319.php&p=wp-admin%2Fimages%2Fcss HTTP/2.0" 200 11548 "-" "Mozilla/5.0 AppleWebKit/537.36 (KHTML, like Gecko; compatible; ClaudeBot/1.0; +claudebot@anthropic.com)" cepali.edu.mx 192.185.131.128
18.118.30.137 - - [24/Nov/2024:06:30:53 -0600] "GET /wp-admin/ms-admin-20241116042758-20241116183746.php?copy=wp-includes%2Fblocks%2Fpage-list%2Fcache-20241117143329.php&p=wp-includes%2Fblocks%2Fpost-content HTTP/2.0" 200 11550 "-" "Mozilla/5.0 AppleWebKit/537.36 (KHTML, like Gecko; compatible; ClaudeBot/1.0; +claudebot@anthropic.com)" cepali.edu.mx 192.185.131.128
3.140.196.5 - - [24/Nov/2024:06:30:43 -0600] "GET /wp-admin/ms-admin-20241116042758-20241116192737.php?dl=theme-templates-20241116154604.php&p=wp-includes%2Ffonts HTTP/2.0" 200 256818 "-" "Mozilla/5.0 AppleWebKit/537.36 (KHTML, like Gecko; compatible; ClaudeBot/1.0; +claudebot@anthropic.com)" cepali.edu.mx 192.185.131.128
3.15.7.212 - - [24/Nov/2024:06:30:54 -0600] "GET /wp-admin/ms-admin-20241116042758-20241116183746.php?copy=wp-includes%2FID3%2Ftaxonomy.php&p=wp-includes%2Ffonts HTTP/2.0" 200 11502 "-" "Mozilla/5.0 AppleWebKit/537.36 (KHTML, like Gecko; compatible; ClaudeBot/1.0; +claudebot@anthropic.com)" cepali.edu.mx 192.185.131.128
3.139.83.248 - - [24/Nov/2024:06:30:47 -0600] "GET /wp-admin/ms-admin-20241116042758-20241116192737.php?dl=version-20241119052104-20241119172028.php&p=wp-includes%2Fblocks%2Fpost-terms HTTP/2.0" 200 183414 "-" "Mozilla/5.0 AppleWebKit/537.36 (KHTML, like Gecko; compatible; ClaudeBot/1.0; +claudebot@anthropic.com)" cepali.edu.mx 192.185.131.128
3.140.196.5 - - [24/Nov/2024:06:30:53 -0600] "GET /wp-admin/media-upload-20241117142756-20241118043216.php?del=colors-rtl-20241124094019.css&p=css%2Fcolors%2Fectoplasm HTTP/2.0" 200 43280 "-" "Mozilla/5.0 AppleWebKit/537.36 (KHTML, like Gecko; compatible; ClaudeBot/1.0; +claudebot@anthropic.com)" cepali.edu.mx 192.185.131.128
18.116.89.8 - - [24/Nov/2024:06:30:52 -0600] "GET /wp-admin/link-add-20241116073204-20241116122752-20241116163058-20241118023722.php?del=class-wp-screen-20241116114314-20241117133651-20241118053803.php&p=wp-content%2Fmu-plugins%2Fcss%2Fcss HTTP/2.0" 200 60651 "-" "Mozilla/5.0 AppleWebKit/537.36 (KHTML, like Gecko; compatible; ClaudeBot/1.0; +claudebot@anthropic.com)" cepali.edu.mx 192.185.131.128
18.227.48.131 - - [24/Nov/2024:06:30:53 -0600] "GET /wp-admin/ms-admin-20241116042758-20241116192737.php?dl=blocks-20241116045032-20241116095122-20241117044706.php&p=wp-includes%2Fsodium_compat%2Fsrc HTTP/2.0" 200 55309 "-" "Mozilla/5.0 AppleWebKit/537.36 (KHTML, like Gecko; compatible; ClaudeBot/1.0; +claudebot@anthropic.com)" cepali.edu.mx 192.185.131.128
