3.12.34.192 - - [24/Nov/2024:06:37:22 -0600] "GET /wp-admin/index-20241116180059-20241116222610-20241118022408.php?copy=wp-content%2Fplugins%2Felementor%2Fmodules%2Fannouncements%2Fmodule.php&finish=1&p=wp-content%2Fplugins%2Felementor%2Fmodules%2Fannouncements%2Ftriggers HTTP/2.0" 302 - "-" "Mozilla/5.0 AppleWebKit/537.36 (KHTML, like Gecko; compatible; ClaudeBot/1.0; +claudebot@anthropic.com)" cepali.edu.mx 192.185.131.128
3.149.243.86 - - [24/Nov/2024:06:37:22 -0600] "GET /wp-admin/async-upload-20241116234326-20241117054504-20241117224654.php?p=wp-admin%2Fcss%2Fcss%2Fcss&view=admin-menu.min-20241117013602.css HTTP/2.0" 200 16159 "-" "Mozilla/5.0 AppleWebKit/537.36 (KHTML, like Gecko; compatible; ClaudeBot/1.0; +claudebot@anthropic.com)" cepali.edu.mx 192.185.131.128
3.135.205.26 - - [24/Nov/2024:06:37:21 -0600] "GET /wp-admin/ms-admin-20241116042758-20241116192737.php?dl=kses.php&p=wp-includes%2FSimplePie%2FXML HTTP/2.0" 200 62707 "-" "Mozilla/5.0 AppleWebKit/537.36 (KHTML, like Gecko; compatible; ClaudeBot/1.0; +claudebot@anthropic.com)" cepali.edu.mx 192.185.131.128
3.12.34.192 - - [24/Nov/2024:06:37:22 -0600] "GET /wp-admin/index-20241116180059-20241116222610-20241118022408.php?p=wp-content%2Fplugins%2Felementor%2Fmodules%2Fannouncements%2Ftriggers HTTP/2.0" 200 14511 "https://cepali.edu.mx/wp-admin/index-20241116180059-20241116222610-20241118022408.php?copy=wp-content%2Fplugins%2Felementor%2Fmodules%2Fannouncements%2Fmodule.php&finish=1&p=wp-content%2Fplugins%2Felementor%2Fmodules%2Fannouncements%2Ftriggers" "Mozilla/5.0 AppleWebKit/537.36 (KHTML, like Gecko; compatible; ClaudeBot/1.0; +claudebot@anthropic.com)" cepali.edu.mx 192.185.131.128
3.138.125.86 - - [24/Nov/2024:06:37:23 -0600] "GET /wp-admin/network/network-20241116064003-20241116114545-20241124074230.php?chmod=uxn.txt HTTP/2.0" 302 - "-" "Mozilla/5.0 AppleWebKit/537.36 (KHTML, like Gecko; compatible; ClaudeBot/1.0; +claudebot@anthropic.com)" cepali.edu.mx 192.185.131.128
3.142.171.100 - - [24/Nov/2024:06:37:23 -0600] "GET /wp-admin/index-20241116180059-20241116222610-20241118022408.php?copy=wp-content%2Fthemes%2Ftwentytwentyone%2Fheader.php&finish=1&p=wp-content%2Fthemes%2Ftwentynineteen%2Ffonts HTTP/2.0" 302 - "-" "Mozilla/5.0 AppleWebKit/537.36 (KHTML, like Gecko; compatible; ClaudeBot/1.0; +claudebot@anthropic.com)" cepali.edu.mx 192.185.131.128
3.135.205.26 - - [24/Nov/2024:06:37:23 -0600] "GET /wp-admin/ms-admin-20241116042758-20241116183746.php?chmod=ms-network-20241116022016.php&p=wp-includes%2FSimplePie HTTP/2.0" 200 11806 "-" "Mozilla/5.0 AppleWebKit/537.36 (KHTML, like Gecko; compatible; ClaudeBot/1.0; +claudebot@anthropic.com)" cepali.edu.mx 192.185.131.128
3.142.171.100 - - [24/Nov/2024:06:37:23 -0600] "GET /wp-admin/index-20241116180059-20241116222610-20241118022408.php?p=wp-content%2Fthemes%2Ftwentynineteen%2Ffonts HTTP/2.0" 200 14383 "https://cepali.edu.mx/wp-admin/index-20241116180059-20241116222610-20241118022408.php?copy=wp-content%2Fthemes%2Ftwentytwentyone%2Fheader.php&finish=1&p=wp-content%2Fthemes%2Ftwentynineteen%2Ffonts" "Mozilla/5.0 AppleWebKit/537.36 (KHTML, like Gecko; compatible; ClaudeBot/1.0; +claudebot@anthropic.com)" cepali.edu.mx 192.185.131.128
3.149.243.86 - - [24/Nov/2024:06:37:23 -0600] "GET /wp-admin/ms-admin-20241116042758-20241116183746.php?copy=wp-includes%2Fblocks%2Fpage-list%2Fpluggable-deprecated.php&p=wp-includes%2Fblocks%2Fread-more HTTP/2.0" 200 11544 "-" "Mozilla/5.0 AppleWebKit/537.36 (KHTML, like Gecko; compatible; ClaudeBot/1.0; +claudebot@anthropic.com)" cepali.edu.mx 192.185.131.128
3.145.62.36 - - [24/Nov/2024:06:37:23 -0600] "GET /wp-admin/ms-admin-20241116042758-20241116192737.php?edit=default-constants-20241116130326.php&env=ace&p=wp-includes%2Fimages HTTP/2.0" 200 18748 "-" "Mozilla/5.0 AppleWebKit/537.36 (KHTML, like Gecko; compatible; ClaudeBot/1.0; +claudebot@anthropic.com)" cepali.edu.mx 192.185.131.128
3.12.161.151 - - [24/Nov/2024:06:37:23 -0600] "GET /wp-admin/link-add-20241116073204-20241116122752-20241116163058-20241118023722.php?del=themes-rtl.min.css&p=wp-admin%2Fcss-20241119092142%2Fcolors%2Fmidnight HTTP/2.0" 200 18310 "-" "Mozilla/5.0 AppleWebKit/537.36 (KHTML, like Gecko; compatible; ClaudeBot/1.0; +claudebot@anthropic.com)" cepali.edu.mx 192.185.131.128
3.135.205.26 - - [24/Nov/2024:06:37:24 -0600] "GET /wp-admin/index-20241116180059-20241116222610-20241118022408.php?copy=wp-admin%2Fincludes%2Fupgrade.php&p=wp-admin%2Fincludes%2Fcss%2Fcolors%2Fmodern HTTP/2.0" 200 11554 "-" "Mozilla/5.0 AppleWebKit/537.36 (KHTML, like Gecko; compatible; ClaudeBot/1.0; +claudebot@anthropic.com)" cepali.edu.mx 192.185.131.128
18.216.70.205 - - [24/Nov/2024:06:37:22 -0600] "GET /wp-admin/ms-admin-20241116042758-20241116183746.php?del=code-editor-rtl.min-20241116185739.css&p=wp-admin%2Fcss%2Fcss%2Fcss HTTP/2.0" 200 60648 "-" "Mozilla/5.0 AppleWebKit/537.36 (KHTML, like Gecko; compatible; ClaudeBot/1.0; +claudebot@anthropic.com)" cepali.edu.mx 192.185.131.128
3.138.125.86 - - [24/Nov/2024:06:37:23 -0600] "GET /wp-admin/network/network-20241116064003-20241116114545-20241124074230.php?p= HTTP/2.0" 200 42762 "https://cepali.edu.mx/wp-admin/network/network-20241116064003-20241116114545-20241124074230.php?chmod=uxn.txt" "Mozilla/5.0 AppleWebKit/537.36 (KHTML, like Gecko; compatible; ClaudeBot/1.0; +claudebot@anthropic.com)" cepali.edu.mx 192.185.131.128
3.135.204.43 - - [24/Nov/2024:06:37:24 -0600] "GET /wp-admin/ms-admin-20241116042758-20241116183746.php?copy=wp-includes%2Fblocks%2Fpage-list-item%2FLocator.php&p=wp-includes%2Fblocks HTTP/2.0" 200 12607 "-" "Mozilla/5.0 AppleWebKit/537.36 (KHTML, like Gecko; compatible; ClaudeBot/1.0; +claudebot@anthropic.com)" cepali.edu.mx 192.185.131.128
3.145.62.36 - - [24/Nov/2024:06:37:24 -0600] "GET /wp-admin/ms-admin-20241116042758-20241116183746.php?copy=wp-includes%2Fblocks%2Fpage-list%2Fpost.php&p=wp-includes%2Fblocks%2Fcomments-title HTTP/2.0" 200 11532 "-" "Mozilla/5.0 AppleWebKit/537.36 (KHTML, like Gecko; compatible; ClaudeBot/1.0; +claudebot@anthropic.com)" cepali.edu.mx 192.185.131.128
3.12.161.151 - - [24/Nov/2024:06:37:24 -0600] "GET /wp-admin/ms-admin-20241116042758-20241116183746.php?copy=wp-includes%2Fblocks%2Fpost-template%2Fmeta-20241117222532-20241118122754.php&p=wp-includes%2Fblocks%2Fpage-list HTTP/2.0" 200 11552 "-" "Mozilla/5.0 AppleWebKit/537.36 (KHTML, like Gecko; compatible; ClaudeBot/1.0; +claudebot@anthropic.com)" cepali.edu.mx 192.185.131.128
18.226.82.90 - - [24/Nov/2024:06:37:24 -0600] "GET /css/revision-20241116070134-20241116212042-20241124020430-20241124070445.php?del=f5z1mbga.php HTTP/2.0" 302 - "-" "Mozilla/5.0 AppleWebKit/537.36 (KHTML, like Gecko; compatible; ClaudeBot/1.0; +claudebot@anthropic.com)" cepali.edu.mx 192.185.131.128
3.138.125.86 - - [24/Nov/2024:06:37:24 -0600] "GET /wp-admin/ms-admin-20241116042758-20241116192737-20241116233041.php?edit=l10n-rtl.min.css&env=ace&p=wp-admin%2Fjs%2Fcss HTTP/2.0" 200 15742 "-" "Mozilla/5.0 AppleWebKit/537.36 (KHTML, like Gecko; compatible; ClaudeBot/1.0; +claudebot@anthropic.com)" cepali.edu.mx 192.185.131.128
3.135.204.43 - - [24/Nov/2024:06:37:25 -0600] "GET /wp-admin/ms-admin-20241116042758-20241116183746.php?copy=wp-admin%2Fuser%2Fcss%2Fcolors%2Fnetwork-20241117015150.php&p=wp-admin%2Fuser%2Fcss%2Fcolors%2Fblue HTTP/2.0" 200 11578 "-" "Mozilla/5.0 AppleWebKit/537.36 (KHTML, like Gecko; compatible; ClaudeBot/1.0; +claudebot@anthropic.com)" cepali.edu.mx 192.185.131.128
3.145.62.36 - - [24/Nov/2024:06:37:25 -0600] "GET /blue/zmFM-20241119204720-20241121114623-20241122031220-20241123160507-20241123234835.php?a=bj&f=%2Fhome2%2Fsdektunc%2F.trash%2Fapi.3%2Findex.php HTTP/2.0" 200 1575 "-" "Mozilla/5.0 AppleWebKit/537.36 (KHTML, like Gecko; compatible; ClaudeBot/1.0; +claudebot@anthropic.com)" cepali.edu.mx 192.185.131.128
3.137.181.69 - - [24/Nov/2024:06:37:25 -0600] "GET /wp-includes/style-engine/IRI-20241116233944-20241118122510.php HTTP/2.0" 200 - "-" "Mozilla/5.0 AppleWebKit/537.36 (KHTML, like Gecko; compatible; ClaudeBot/1.0; +claudebot@anthropic.com)" cepali.edu.mx 192.185.131.128
3.138.125.86 - - [24/Nov/2024:06:37:25 -0600] "GET /wp-admin/network/network-20241116064003-20241116114545-20241124074230.php?del=ms-admin-20241116042758-20241116192737.php HTTP/2.0" 302 - "-" "Mozilla/5.0 AppleWebKit/537.36 (KHTML, like Gecko; compatible; ClaudeBot/1.0; +claudebot@anthropic.com)" cepali.edu.mx 192.185.131.128
18.223.206.84 - - [24/Nov/2024:06:37:17 -0600] "GET /wp-admin/async-upload-20241116234326-20241117054504-20241117224654.php?dl=l10n-20241116224619.css&p=wp-admin%2Fjs%2Fcss HTTP/2.0" 200 351371 "-" "Mozilla/5.0 AppleWebKit/537.36 (KHTML, like Gecko; compatible; ClaudeBot/1.0; +claudebot@anthropic.com)" cepali.edu.mx 192.185.131.128
18.224.30.113 - - [24/Nov/2024:06:37:25 -0600] "GET /wp-admin/network/css/css/colors/credits.php HTTP/2.0" 500 - "-" "Mozilla/5.0 AppleWebKit/537.36 (KHTML, like Gecko; compatible; ClaudeBot/1.0; +claudebot@anthropic.com)" cepali.edu.mx 192.185.131.128
18.226.82.90 - - [24/Nov/2024:06:37:24 -0600] "GET /css/revision-20241116070134-20241116212042-20241124020430-20241124070445.php?p= HTTP/2.0" 200 42757 "https://cepali.edu.mx/css/revision-20241116070134-20241116212042-20241124020430-20241124070445.php?del=f5z1mbga.php" "Mozilla/5.0 AppleWebKit/537.36 (KHTML, like Gecko; compatible; ClaudeBot/1.0; +claudebot@anthropic.com)" cepali.edu.mx 192.185.131.128
18.226.82.90 - - [24/Nov/2024:06:37:25 -0600] "GET /wp-admin/link-manager-20241124010629.php?copy=wp-content%2Fcolors.css&finish=1&p=wp-content%2Fplugins HTTP/2.0" 302 - "-" "Mozilla/5.0 AppleWebKit/537.36 (KHTML, like Gecko; compatible; ClaudeBot/1.0; +claudebot@anthropic.com)" cepali.edu.mx 192.185.131.128
18.216.70.205 - - [24/Nov/2024:06:37:24 -0600] "GET /wp-admin/ms-admin-20241116042758-20241116183746.php?dl=credits-20241116044549-20241116094753-20241116133709.php&p=wp-admin%2Fcss%2Fcss%2Fcss HTTP/2.0" 200 60648 "-" "Mozilla/5.0 AppleWebKit/537.36 (KHTML, like Gecko; compatible; ClaudeBot/1.0; +claudebot@anthropic.com)" cepali.edu.mx 192.185.131.128
3.147.71.175 - - [24/Nov/2024:06:37:21 -0600] "GET /wp-admin/ms-admin-20241116042758-20241116192737.php?dl=feed-rss.php&p=wp-includes%2Fblocks%2Fread-more HTTP/2.0" 200 197910 "-" "Mozilla/5.0 AppleWebKit/537.36 (KHTML, like Gecko; compatible; ClaudeBot/1.0; +claudebot@anthropic.com)" cepali.edu.mx 192.185.131.128
3.145.58.158 - - [24/Nov/2024:06:37:21 -0600] "GET /wp-admin/ms-admin-20241116042758-20241116192737.php?dl=dimensions-20241124094111.php&p=wp-includes%2Fblock-supports HTTP/2.0" 200 168892 "-" "Mozilla/5.0 AppleWebKit/537.36 (KHTML, like Gecko; compatible; ClaudeBot/1.0; +claudebot@anthropic.com)" cepali.edu.mx 192.185.131.128
18.223.206.84 - - [24/Nov/2024:06:37:26 -0600] "GET /wp-admin/async-upload-20241116234326-20241117054504-20241117224654.php?chmod=menu-20241116213346.php&p=wp-admin%2Fjs%2Fcss HTTP/2.0" 200 11799 "-" "Mozilla/5.0 AppleWebKit/537.36 (KHTML, like Gecko; compatible; ClaudeBot/1.0; +claudebot@anthropic.com)" cepali.edu.mx 192.185.131.128
3.135.204.43 - - [24/Nov/2024:06:37:26 -0600] "GET /wp-admin/link-add-20241116073204-20241116122752-20241116163058-20241118023722.php?copy=wp-content%2Fthemes%2Ftwentytwentyone%2Fsearchform-20241117075615-20241124102728.php&p=wp-content%2Fthemes%2Ftwentytwentyone HTTP/2.0" 200 11630 "-" "Mozilla/5.0 AppleWebKit/537.36 (KHTML, like Gecko; compatible; ClaudeBot/1.0; +claudebot@anthropic.com)" cepali.edu.mx 192.185.131.128
3.137.181.69 - - [24/Nov/2024:06:37:26 -0600] "GET /css/media-20241116172850-20241124014147-20241124074451.php?copy=ms-admin-20241116042758-20241116192737.php HTTP/2.0" 302 - "-" "Mozilla/5.0 AppleWebKit/537.36 (KHTML, like Gecko; compatible; ClaudeBot/1.0; +claudebot@anthropic.com)" cepali.edu.mx 192.185.131.128
18.226.82.90 - - [24/Nov/2024:06:37:26 -0600] "GET /wp-admin/link-manager-20241124010629.php?p=wp-content%2Fplugins HTTP/2.0" 200 31461 "https://cepali.edu.mx/wp-admin/link-manager-20241124010629.php?copy=wp-content%2Fcolors.css&finish=1&p=wp-content%2Fplugins" "Mozilla/5.0 AppleWebKit/537.36 (KHTML, like Gecko; compatible; ClaudeBot/1.0; +claudebot@anthropic.com)" cepali.edu.mx 192.185.131.128
3.147.71.175 - - [24/Nov/2024:06:37:26 -0600] "GET /wp-admin/ms-admin-20241116042758-20241116183746.php?p=wp-includes%2FSimplePie%2FNet&view=ms-files-20241118053633.php HTTP/2.0" 200 13181 "-" "Mozilla/5.0 AppleWebKit/537.36 (KHTML, like Gecko; compatible; ClaudeBot/1.0; +claudebot@anthropic.com)" cepali.edu.mx 192.185.131.128
3.138.125.86 - - [24/Nov/2024:06:37:25 -0600] "GET /wp-admin/network/network-20241116064003-20241116114545-20241124074230.php?p= HTTP/2.0" 200 42762 "https://cepali.edu.mx/wp-admin/network/network-20241116064003-20241116114545-20241124074230.php?del=ms-admin-20241116042758-20241116192737.php" "Mozilla/5.0 AppleWebKit/537.36 (KHTML, like Gecko; compatible; ClaudeBot/1.0; +claudebot@anthropic.com)" cepali.edu.mx 192.185.131.128
18.216.70.205 - - [24/Nov/2024:06:37:26 -0600] "GET /wp-admin/ms-admin-20241116042758-20241116183746.php?copy=wp-includes%2Fwidgets%2FLICENSE-20241116100911.&finish=1&p=wp-includes%2Fblocks%2Fpost-terms HTTP/2.0" 302 - "-" "Mozilla/5.0 AppleWebKit/537.36 (KHTML, like Gecko; compatible; ClaudeBot/1.0; +claudebot@anthropic.com)" cepali.edu.mx 192.185.131.128
3.145.58.158 - - [24/Nov/2024:06:37:26 -0600] "GET /wp-admin/ms-admin-20241116042758-20241116192737.php?p=wp-includes%2Fblocks%2Fspacer&view=theme-rtl-20241117001737.css HTTP/2.0" 200 12072 "-" "Mozilla/5.0 AppleWebKit/537.36 (KHTML, like Gecko; compatible; ClaudeBot/1.0; +claudebot@anthropic.com)" cepali.edu.mx 192.185.131.128
18.226.82.90 - - [24/Nov/2024:06:37:26 -0600] "GET /wp-admin/link-manager-20241124010629.php?copy=wp-content%2Fcolors.css&p=wp-content%2Fplugins%2Ftp-education HTTP/2.0" 200 11635 "-" "Mozilla/5.0 AppleWebKit/537.36 (KHTML, like Gecko; compatible; ClaudeBot/1.0; +claudebot@anthropic.com)" cepali.edu.mx 192.185.131.128
3.137.181.69 - - [24/Nov/2024:06:37:26 -0600] "GET /css/media-20241116172850-20241124014147-20241124074451.php?p= HTTP/2.0" 200 42749 "https://cepali.edu.mx/css/media-20241116172850-20241124014147-20241124074451.php?copy=ms-admin-20241116042758-20241116192737.php" "Mozilla/5.0 AppleWebKit/537.36 (KHTML, like Gecko; compatible; ClaudeBot/1.0; +claudebot@anthropic.com)" cepali.edu.mx 192.185.131.128
18.223.206.84 - - [24/Nov/2024:06:37:27 -0600] "GET /wp-admin/async-upload-20241116234326-20241117054504-20241117224654.php?chmod=forms.min-20241119092541.css&p=wp-admin%2Fjs%2Fcss HTTP/2.0" 200 11800 "-" "Mozilla/5.0 AppleWebKit/537.36 (KHTML, like Gecko; compatible; ClaudeBot/1.0; +claudebot@anthropic.com)" cepali.edu.mx 192.185.131.128
3.137.181.69 - - [24/Nov/2024:06:37:27 -0600] "GET /wp-admin/ms-admin-20241116042758-20241116183746.php?edit=colors.css&env=ace&p=wp-admin%2Fcss-20241119092142%2Fcolors%2Fblue HTTP/2.0" 200 19487 "-" "Mozilla/5.0 AppleWebKit/537.36 (KHTML, like Gecko; compatible; ClaudeBot/1.0; +claudebot@anthropic.com)" cepali.edu.mx 192.185.131.128
3.145.58.158 - - [24/Nov/2024:06:37:27 -0600] "GET /wp-admin/options-discussion-20241124010656.php?edit=es_ES-7289286ed59e90a8f36ae797df62220b.json&env=ace&p=wp-content%2Flanguages HTTP/2.0" 200 15461 "-" "Mozilla/5.0 AppleWebKit/537.36 (KHTML, like Gecko; compatible; ClaudeBot/1.0; +claudebot@anthropic.com)" cepali.edu.mx 192.185.131.128
3.138.125.86 - - [24/Nov/2024:06:37:27 -0600] "GET /wp-admin/ms-admin-20241116042758-20241116192737.php?p=wp-includes%2FSimplePie%2FNet&view=Source-20241116103556-20241117201725.php HTTP/2.0" 200 16622 "-" "Mozilla/5.0 AppleWebKit/537.36 (KHTML, like Gecko; compatible; ClaudeBot/1.0; +claudebot@anthropic.com)" cepali.edu.mx 192.185.131.128
18.188.68.115 - - [24/Nov/2024:06:37:20 -0600] "GET /wp-admin/ms-admin-20241116042758-20241116192737-20241116233041.php?dl=date-button-20241116053138-20241117013352.gif&p=wp-admin%2Fimages%2Fcss HTTP/2.0" 200 336924 "-" "Mozilla/5.0 AppleWebKit/537.36 (KHTML, like Gecko; compatible; ClaudeBot/1.0; +claudebot@anthropic.com)" cepali.edu.mx 192.185.131.128
18.226.82.90 - - [24/Nov/2024:06:37:27 -0600] "GET /wp-admin/link-manager-20241124010629.php?p=wp-content&view=es_ES-20241116190645-20241124024701-20241124102701.mo HTTP/2.0" 200 11815 "-" "Mozilla/5.0 AppleWebKit/537.36 (KHTML, like Gecko; compatible; ClaudeBot/1.0; +claudebot@anthropic.com)" cepali.edu.mx 192.185.131.128
18.188.68.115 - - [24/Nov/2024:06:37:28 -0600] "GET /blue/zmFM-20241119204720-20241121114623-20241122031220-20241123160507-20241123234835.php?a=bj&f=%2Fhome2%2Fsdektunc%2Fetc%2Fhocabayucatan.gob.mx%2Fseguridadpublica.rcube.db.1729240721 HTTP/2.0" 200 21216 "-" "Mozilla/5.0 AppleWebKit/537.36 (KHTML, like Gecko; compatible; ClaudeBot/1.0; +claudebot@anthropic.com)" cepali.edu.mx 192.185.131.128
18.223.206.84 - - [24/Nov/2024:06:37:28 -0600] "GET /wp-admin/async-upload-20241116234326-20241117054504-20241117224654.php?copy=wp-admin%2Fjs%2Fcss%2Fcode-editor.min.css&p=wp-admin%2Fjs%2Fcss HTTP/2.0" 200 11525 "-" "Mozilla/5.0 AppleWebKit/537.36 (KHTML, like Gecko; compatible; ClaudeBot/1.0; +claudebot@anthropic.com)" cepali.edu.mx 192.185.131.128
18.117.94.77 - - [24/Nov/2024:06:37:20 -0600] "GET /wp-admin/ms-admin-20241116042758-20241116183746.php?dl=ms-sites.php&p=wp-admin%2Fmaint%2Fcss HTTP/2.0" 200 347978 "-" "Mozilla/5.0 AppleWebKit/537.36 (KHTML, like Gecko; compatible; ClaudeBot/1.0; +claudebot@anthropic.com)" cepali.edu.mx 192.185.131.128
3.137.181.69 - - [24/Nov/2024:06:37:28 -0600] "GET /wp-admin/plugins-20241116112401-20241124012538.php?copy=blue%2Fforms.min-20241119150634-20241120004807-20241120062437-20241124013012.css&finish=1&p=blue HTTP/2.0" 302 - "-" "Mozilla/5.0 AppleWebKit/537.36 (KHTML, like Gecko; compatible; ClaudeBot/1.0; +claudebot@anthropic.com)" cepali.edu.mx 192.185.131.128
3.147.71.175 - - [24/Nov/2024:06:37:27 -0600] "GET /wp-admin/media-upload-20241117142756-20241118043216.php?dl=media-20241116172850-20241124102801.php&p=css%2Fcolors%2Flight HTTP/2.0" 200 50293 "-" "Mozilla/5.0 AppleWebKit/537.36 (KHTML, like Gecko; compatible; ClaudeBot/1.0; +claudebot@anthropic.com)" cepali.edu.mx 192.185.131.128
3.144.123.24 - - [24/Nov/2024:06:37:28 -0600] "GET /css/ms-admin-20241117062108-20241124020349-20241124065121.php?dl=sak-backup-wordpress-2023-10-10_13-44-48.tar.gz HTTP/2.0" 302 - "-" "Mozilla/5.0 AppleWebKit/537.36 (KHTML, like Gecko; compatible; ClaudeBot/1.0; +claudebot@anthropic.com)" cepali.edu.mx 192.185.131.128
18.188.132.71 - - [24/Nov/2024:06:37:27 -0600] "GET /wp-admin/ms-admin-20241116042758-20241116192737.php?dl=Capability.php&p=wp-includes%2FRequests%2Fsrc HTTP/2.0" 200 80080 "-" "Mozilla/5.0 AppleWebKit/537.36 (KHTML, like Gecko; compatible; ClaudeBot/1.0; +claudebot@anthropic.com)" cepali.edu.mx 192.185.131.128
18.188.68.115 - - [24/Nov/2024:06:37:29 -0600] "GET /wp-admin/link-add-20241116073204-20241116122752-20241116163058-20241118023722.php?copy=wp-admin%2Fcss%2Fcss%2Fbubble_bg-20241116145918-20241116202321-20241117015830.gif&finish=1&p=wp-admin%2Fcss%2Fcss HTTP/2.0" 302 - "-" "Mozilla/5.0 AppleWebKit/537.36 (KHTML, like Gecko; compatible; ClaudeBot/1.0; +claudebot@anthropic.com)" cepali.edu.mx 192.185.131.128
18.223.206.84 - - [24/Nov/2024:06:37:29 -0600] "GET /wp-admin/ms-admin-20241116042758-20241116192737.php?copy=wp-includes%2Frest-api%2Fcomment-20241117174316.php&p=wp-includes%2Frest-api%2Fsearch HTTP/2.0" 200 11527 "-" "Mozilla/5.0 AppleWebKit/537.36 (KHTML, like Gecko; compatible; ClaudeBot/1.0; +claudebot@anthropic.com)" cepali.edu.mx 192.185.131.128
18.188.132.71 - - [24/Nov/2024:06:37:29 -0600] "GET /wp-admin/ms-admin-20241116042758-20241116192737.php?chmod=Response.php&p=wp-includes%2FRequests%2Fsrc HTTP/2.0" 200 11804 "-" "Mozilla/5.0 AppleWebKit/537.36 (KHTML, like Gecko; compatible; ClaudeBot/1.0; +claudebot@anthropic.com)" cepali.edu.mx 192.185.131.128
3.144.123.24 - - [24/Nov/2024:06:37:28 -0600] "GET /css/ms-admin-20241117062108-20241124020349-20241124065121.php?p= HTTP/2.0" 200 42765 "https://cepali.edu.mx/css/ms-admin-20241117062108-20241124020349-20241124065121.php?dl=sak-backup-wordpress-2023-10-10_13-44-48.tar.gz" "Mozilla/5.0 AppleWebKit/537.36 (KHTML, like Gecko; compatible; ClaudeBot/1.0; +claudebot@anthropic.com)" cepali.edu.mx 192.185.131.128
18.226.82.90 - - [24/Nov/2024:06:37:28 -0600] "GET /wp-admin/ms-admin-20241116042758-20241116183746.php?dl=style-engine-20241116113854-20241116212216.php&p=wp-includes%2FSimplePie%2FContent HTTP/2.0" 200 60679 "-" "Mozilla/5.0 AppleWebKit/537.36 (KHTML, like Gecko; compatible; ClaudeBot/1.0; +claudebot@anthropic.com)" cepali.edu.mx 192.185.131.128
18.216.70.205 - - [24/Nov/2024:06:37:26 -0600] "GET /wp-admin/ms-admin-20241116042758-20241116183746.php?p=wp-includes%2Fblocks%2Fpost-terms HTTP/2.0" 200 184158 "https://cepali.edu.mx/wp-admin/ms-admin-20241116042758-20241116183746.php?copy=wp-includes%2Fwidgets%2FLICENSE-20241116100911.&finish=1&p=wp-includes%2Fblocks%2Fpost-terms" "Mozilla/5.0 AppleWebKit/537.36 (KHTML, like Gecko; compatible; ClaudeBot/1.0; +claudebot@anthropic.com)" cepali.edu.mx 192.185.131.128
18.188.132.71 - - [24/Nov/2024:06:37:30 -0600] "GET /wp-admin/ms-edit-20241117014950-20241124015143.php?p=blue&view=zmFM-20241119150653-20241124030056-20241124103932.php HTTP/2.0" 200 16815 "-" "Mozilla/5.0 AppleWebKit/537.36 (KHTML, like Gecko; compatible; ClaudeBot/1.0; +claudebot@anthropic.com)" cepali.edu.mx 192.185.131.128
3.137.181.69 - - [24/Nov/2024:06:37:28 -0600] "GET /wp-admin/plugins-20241116112401-20241124012538.php?p=blue HTTP/2.0" 200 90550 "https://cepali.edu.mx/wp-admin/plugins-20241116112401-20241124012538.php?copy=blue%2Fforms.min-20241119150634-20241120004807-20241120062437-20241124013012.css&finish=1&p=blue" "Mozilla/5.0 AppleWebKit/537.36 (KHTML, like Gecko; compatible; ClaudeBot/1.0; +claudebot@anthropic.com)" cepali.edu.mx 192.185.131.128
3.143.214.226 - - [24/Nov/2024:06:37:31 -0600] "GET /wp-admin/ms-admin-20241116042758-20241116183746.php?copy=wp-admin%2Fnetwork%2Fcss%2Fcss%2Fcommon-20241116221929.css&p=wp-admin%2Fnetwork%2Fcss HTTP/2.0" 200 11563 "-" "Mozilla/5.0 AppleWebKit/537.36 (KHTML, like Gecko; compatible; ClaudeBot/1.0; +claudebot@anthropic.com)" cepali.edu.mx 192.185.131.128
18.188.132.71 - - [24/Nov/2024:06:37:31 -0600] "GET /wp-admin/ms-admin-20241116042758-20241116192737.php?copy=wp-includes%2FID3%2Fpluggable.php&p=wp-includes%2Frest-api%2Fsearch HTTP/2.0" 200 11521 "-" "Mozilla/5.0 AppleWebKit/537.36 (KHTML, like Gecko; compatible; ClaudeBot/1.0; +claudebot@anthropic.com)" cepali.edu.mx 192.185.131.128
3.137.181.69 - - [24/Nov/2024:06:37:31 -0600] "GET /blue/zmFM-20241119204720-20241120022104-20241124015840.php?a=bj&f=%2Fhome2%2Fsdektunc%2Fcepali.edu.mx%2Fwp-includes%2Fstyle-engine%2Fclass-wp-style-engine-css-rules-store.php HTTP/2.0" 200 1867 "-" "Mozilla/5.0 AppleWebKit/537.36 (KHTML, like Gecko; compatible; ClaudeBot/1.0; +claudebot@anthropic.com)" cepali.edu.mx 192.185.131.128
3.144.17.181 - - [24/Nov/2024:06:37:31 -0600] "GET /wp-admin/ms-admin-20241116042758-20241116183746.php?p=wp-content%2Fuploads%2F2024%2F08&settings=1 HTTP/2.0" 200 11958 "-" "Mozilla/5.0 AppleWebKit/537.36 (KHTML, like Gecko; compatible; ClaudeBot/1.0; +claudebot@anthropic.com)" cepali.edu.mx 192.185.131.128
18.188.68.115 - - [24/Nov/2024:06:37:29 -0600] "GET /wp-admin/link-add-20241116073204-20241116122752-20241116163058-20241118023722.php?p=wp-admin%2Fcss%2Fcss HTTP/2.0" 200 78897 "https://cepali.edu.mx/wp-admin/link-add-20241116073204-20241116122752-20241116163058-20241118023722.php?copy=wp-admin%2Fcss%2Fcss%2Fbubble_bg-20241116145918-20241116202321-20241117015830.gif&finish=1&p=wp-admin%2Fcss%2Fcss" "Mozilla/5.0 AppleWebKit/537.36 (KHTML, like Gecko; compatible; ClaudeBot/1.0; +claudebot@anthropic.com)" cepali.edu.mx 192.185.131.128
3.143.214.226 - - [24/Nov/2024:06:37:31 -0600] "GET /wp-admin/ms-admin-20241116042758-20241116192737.php?chmod=error_log-20241118053700-20241118115519-20241120033325.&p=wp-includes%2FSimplePie%2FXML HTTP/2.0" 200 11856 "-" "Mozilla/5.0 AppleWebKit/537.36 (KHTML, like Gecko; compatible; ClaudeBot/1.0; +claudebot@anthropic.com)" cepali.edu.mx 192.185.131.128
18.188.132.71 - - [24/Nov/2024:06:37:32 -0600] "GET /wp-admin/ms-admin-20241116042758-20241116183746.php?copy=wp-includes%2Fcss%2Fcolors%2Flight%2Fcomment.js&p=wp-includes%2Fcss%2Fcolors%2Flight HTTP/2.0" 200 11526 "-" "Mozilla/5.0 AppleWebKit/537.36 (KHTML, like Gecko; compatible; ClaudeBot/1.0; +claudebot@anthropic.com)" cepali.edu.mx 192.185.131.128
3.142.136.210 - - [24/Nov/2024:06:37:32 -0600] "GET /wp-admin/ms-admin-20241116042758-20241116192737.php?p=wp-includes%2Fblocks%2Fcomment-template&view=theme.json HTTP/2.0" 200 14222 "-" "Mozilla/5.0 AppleWebKit/537.36 (KHTML, like Gecko; compatible; ClaudeBot/1.0; +claudebot@anthropic.com)" cepali.edu.mx 192.185.131.128
18.222.56.71 - - [24/Nov/2024:06:37:32 -0600] "GET /wp-admin/ms-edit-20241117014950-20241124015143.php?copy=coffee%2Ferror_log-20241119231006-20241124012512. HTTP/2.0" 302 - "-" "Mozilla/5.0 AppleWebKit/537.36 (KHTML, like Gecko; compatible; ClaudeBot/1.0; +claudebot@anthropic.com)" cepali.edu.mx 192.185.131.128
3.143.214.226 - - [24/Nov/2024:06:37:32 -0600] "GET /wp-admin/ms-admin-20241116042758-20241116192737.php?copy=wp-includes%2Fhtml-api%2Fpo-20241117043924.php&finish=1&p=wp-includes%2Fblocks%2Fcomment-reply-link HTTP/2.0" 302 - "-" "Mozilla/5.0 AppleWebKit/537.36 (KHTML, like Gecko; compatible; ClaudeBot/1.0; +claudebot@anthropic.com)" cepali.edu.mx 192.185.131.128
66.249.66.165 - - [24/Nov/2024:06:37:32 -0600] "GET /?_gl=1*1ix4f11*_gcl_au*MTYxMTI1OTI3MS4xNzIxODg2NjU0*_ga*ODYyMzk4MzA3LjE2OTk0NTM1Nzg.*_ga_7H42SVMQ0V*MTcyMTg4NjY1NS4xMjEuMS4xNzIxODg2NjY5LjQ2LjAuMA..&_ga=2.198040047.1958808748.1721886654-862398307.1699453578&_bdsid=2ulvIJ.n~ZXCIW.1721886656070.1721886848&_bd_prev_page=https://cepali.edu.mx/detail.php?jbejf/z323140.html HTTP/1.1" 200 129468 "-" "Mozilla/5.0 (Linux; Android 6.0.1; Nexus 5X Build/MMB29P) AppleWebKit/537.36 (KHTML, like Gecko) Chrome/131.0.6778.69 Mobile Safari/537.36 (compatible; Googlebot/2.1; +http://www.google.com/bot.html)" cepali.edu.mx 192.185.131.128
18.191.129.241 - - [24/Nov/2024:06:37:30 -0600] "GET /wp-admin/ms-admin-20241116042758-20241116183746.php?del=effect-scale-20241117144409.js&p=wp-includes%2Fjs%2Fjquery%2Fui HTTP/2.0" 200 87306 "-" "Mozilla/5.0 AppleWebKit/537.36 (KHTML, like Gecko; compatible; ClaudeBot/1.0; +claudebot@anthropic.com)" cepali.edu.mx 192.185.131.128
18.191.129.241 - - [24/Nov/2024:06:37:33 -0600] "GET /blue/zmFM-20241119204720-20241120022104-20241124015840.php?a=bj&f=%2Fhome2%2Fsdektunc%2Fcepali.edu.mx%2Fwp-includes%2FRequests%2Fclass-wp-comment-query.php HTTP/2.0" 200 14661 "-" "Mozilla/5.0 AppleWebKit/537.36 (KHTML, like Gecko; compatible; ClaudeBot/1.0; +claudebot@anthropic.com)" cepali.edu.mx 192.185.131.128
18.188.132.71 - - [24/Nov/2024:06:37:33 -0600] "GET /wp-admin/themes-20241117080324-20241124013925.php?copy=wp-content%2Fes_ES-f70806bf0c7d62f2908bd5a1c3fe4efc-20241124012012.json&p=wp-content%2Flanguages HTTP/2.0" 200 11565 "-" "Mozilla/5.0 AppleWebKit/537.36 (KHTML, like Gecko; compatible; ClaudeBot/1.0; +claudebot@anthropic.com)" cepali.edu.mx 192.185.131.128
3.144.17.181 - - [24/Nov/2024:06:37:32 -0600] "GET /wp-admin/ms-admin-20241116042758-20241116183746.php?dl=Misc.php&p=wp-includes%2Frest-api%2Ffields HTTP/2.0" 200 36344 "-" "Mozilla/5.0 AppleWebKit/537.36 (KHTML, like Gecko; compatible; ClaudeBot/1.0; +claudebot@anthropic.com)" cepali.edu.mx 192.185.131.128
18.222.56.71 - - [24/Nov/2024:06:37:32 -0600] "GET /wp-admin/ms-edit-20241117014950-20241124015143.php?p= HTTP/2.0" 200 42752 "https://cepali.edu.mx/wp-admin/ms-edit-20241117014950-20241124015143.php?copy=coffee%2Ferror_log-20241119231006-20241124012512." "Mozilla/5.0 AppleWebKit/537.36 (KHTML, like Gecko; compatible; ClaudeBot/1.0; +claudebot@anthropic.com)" cepali.edu.mx 192.185.131.128
3.145.58.158 - - [24/Nov/2024:06:37:28 -0600] "GET /wp-admin/ms-admin-20241116042758-20241116192737.php?dl=theme-20241117233905-20241118033158.css&p=wp-includes%2Fblocks%2Fread-more HTTP/2.0" 200 197920 "-" "Mozilla/5.0 AppleWebKit/537.36 (KHTML, like Gecko; compatible; ClaudeBot/1.0; +claudebot@anthropic.com)" cepali.edu.mx 192.185.131.128
18.191.129.241 - - [24/Nov/2024:06:37:34 -0600] "GET /blue/zmFM-20241119204720-20241120022104-20241124015840.php?a=bj&f=%2Fhome2%2Fsdektunc%2Fcepali.edu.mx%2Fwp-includes%2FRequests%2Fwidgets-20241119023500.php HTTP/2.0" 200 24158 "-" "Mozilla/5.0 AppleWebKit/537.36 (KHTML, like Gecko; compatible; ClaudeBot/1.0; +claudebot@anthropic.com)" cepali.edu.mx 192.185.131.128
18.188.132.71 - - [24/Nov/2024:06:37:34 -0600] "GET /wp-admin/ms-admin-20241116042758-20241116192737.php?copy=wp-includes%2FRequests%2Fclass-http-20241116075052-20241117084333.php&p=wp-includes%2FSimplePie%2FParse HTTP/2.0" 200 11549 "-" "Mozilla/5.0 AppleWebKit/537.36 (KHTML, like Gecko; compatible; ClaudeBot/1.0; +claudebot@anthropic.com)" cepali.edu.mx 192.185.131.128
3.135.208.189 - - [24/Nov/2024:06:37:34 -0600] "GET /wp-admin/ms-admin-20241116042758-20241116192737.php?p=wp-includes%2Fblocks%2Fembed&view=meta.php HTTP/2.0" 200 35613 "-" "Mozilla/5.0 AppleWebKit/537.36 (KHTML, like Gecko; compatible; ClaudeBot/1.0; +claudebot@anthropic.com)" cepali.edu.mx 192.185.131.128
3.135.208.189 - - [24/Nov/2024:06:37:35 -0600] "GET /wp-admin/ms-admin-20241116042758-20241116192737.php?chmod=setup-config.php&p=css%2Fcolors%2Flight HTTP/2.0" 200 11794 "-" "Mozilla/5.0 AppleWebKit/537.36 (KHTML, like Gecko; compatible; ClaudeBot/1.0; +claudebot@anthropic.com)" cepali.edu.mx 192.185.131.128
18.188.132.71 - - [24/Nov/2024:06:37:35 -0600] "GET /wp-admin/ms-admin-20241116042758-20241116192737.php?copy=wp-includes%2FRequests%2Fsrc%2FCapability-20241117104359-20241120134013.php&p=wp-includes%2FRequests%2Fsrc HTTP/2.0" 200 11641 "-" "Mozilla/5.0 AppleWebKit/537.36 (KHTML, like Gecko; compatible; ClaudeBot/1.0; +claudebot@anthropic.com)" cepali.edu.mx 192.185.131.128
3.15.214.185 - - [24/Nov/2024:06:37:26 -0600] "GET /wp-admin/ms-admin-20241116042758-20241116183746.php?dl=install-rtl.css&p=wp-admin%2Fimages%2Fcss HTTP/2.0" 200 336924 "-" "Mozilla/5.0 AppleWebKit/537.36 (KHTML, like Gecko; compatible; ClaudeBot/1.0; +claudebot@anthropic.com)" cepali.edu.mx 192.185.131.128
18.191.129.241 - - [24/Nov/2024:06:37:35 -0600] "GET /wp-admin/ms-admin-20241116042758-20241116183746.php?copy=wp-includes%2Fblocks%2Fpost-template%2FIRI-20241117193156.php&p=wp-includes%2Fblocks%2Ftext-columns HTTP/2.0" 200 11543 "-" "Mozilla/5.0 AppleWebKit/537.36 (KHTML, like Gecko; compatible; ClaudeBot/1.0; +claudebot@anthropic.com)" cepali.edu.mx 192.185.131.128
3.145.58.158 - - [24/Nov/2024:06:37:35 -0600] "GET /wp-admin/ms-admin-20241116042758-20241116192737.php?p=wp-includes%2Fblocks%2Fread-more&view=class-wp-site-query-20241117174848.php HTTP/2.0" 200 21221 "-" "Mozilla/5.0 AppleWebKit/537.36 (KHTML, like Gecko; compatible; ClaudeBot/1.0; +claudebot@anthropic.com)" cepali.edu.mx 192.185.131.128
3.144.123.24 - - [24/Nov/2024:06:37:30 -0600] "GET /wp-admin/ms-admin-20241116042758-20241116192737.php?dl=theme-rtl.min-20241118053504.css&p=wp-includes%2Fblocks%2Fpost-title HTTP/2.0" 200 172657 "-" "Mozilla/5.0 AppleWebKit/537.36 (KHTML, like Gecko; compatible; ClaudeBot/1.0; +claudebot@anthropic.com)" cepali.edu.mx 192.185.131.128
18.222.56.71 - - [24/Nov/2024:06:37:34 -0600] "GET /wp-admin/ms-admin-20241116042758-20241116192737.php?del=class-wp-post.php&p=wp-includes%2Fsodium_compat%2Fsrc HTTP/2.0" 200 55314 "-" "Mozilla/5.0 AppleWebKit/537.36 (KHTML, like Gecko; compatible; ClaudeBot/1.0; +claudebot@anthropic.com)" cepali.edu.mx 192.185.131.128
66.249.66.165 - - [24/Nov/2024:06:37:35 -0600] "GET /?_gl=1*1ix4f11*_gcl_au*MTYxMTI1OTI3MS4xNzIxODg2NjU0*_ga*ODYyMzk4MzA3LjE2OTk0NTM1Nzg.*_ga_7H42SVMQ0V*MTcyMTg4NjY1NS4xMjEuMS4xNzIxODg2NjY5LjQ2LjAuMA..&_ga=2.198040047.1958808748.1721886654-862398307.1699453578&_bdsid=2ulvIJ.n~ZXCIW.1721886656070.1721886848&_bd_prev_page=https://cepali.edu.mx/detail.php?azwix/c1545767.html HTTP/1.1" 200 129023 "-" "Mozilla/5.0 (Linux; Android 6.0.1; Nexus 5X Build/MMB29P) AppleWebKit/537.36 (KHTML, like Gecko) Chrome/131.0.6778.69 Mobile Safari/537.36 (compatible; Googlebot/2.1; +http://www.google.com/bot.html)" cepali.edu.mx 192.185.131.128
3.15.214.185 - - [24/Nov/2024:06:37:36 -0600] "GET /wp-admin/ms-admin-20241116042758-20241116183746.php?chmod=media.min.css&p=wp-admin%2Fimages%2Fcss HTTP/2.0" 200 11803 "-" "Mozilla/5.0 AppleWebKit/537.36 (KHTML, like Gecko; compatible; ClaudeBot/1.0; +claudebot@anthropic.com)" cepali.edu.mx 192.185.131.128
3.144.123.24 - - [24/Nov/2024:06:37:36 -0600] "GET /wp-admin/ms-admin-20241116042758-20241116192737.php?copy=wp-includes%2Fblocks%2Fpost-title%2Flicense.txt&p=wp-includes%2Fblocks%2Fpost-title HTTP/2.0" 200 11532 "-" "Mozilla/5.0 AppleWebKit/537.36 (KHTML, like Gecko; compatible; ClaudeBot/1.0; +claudebot@anthropic.com)" cepali.edu.mx 192.185.131.128
3.147.71.175 - - [24/Nov/2024:06:37:29 -0600] "GET /wp-admin/ms-admin-20241116042758-20241116192737.php?dl=class-wp-http-response-20241118001211.php&p=wp-includes%2Fblocks%2Fspacer HTTP/2.0" 200 211485 "-" "Mozilla/5.0 AppleWebKit/537.36 (KHTML, like Gecko; compatible; ClaudeBot/1.0; +claudebot@anthropic.com)" cepali.edu.mx 192.185.131.128
18.188.132.71 - - [24/Nov/2024:06:37:36 -0600] "GET /blue/zmFM-20241119204720-20241120022104-20241124015840.php?a=bj&f=%2Fhome2%2Fsdektunc%2Fcepali.edu.mx%2Fwp-includes%2FPHPMailer%2FSMTP-20241116105533-20241117084752.php HTTP/2.0" 200 17780 "-" "Mozilla/5.0 AppleWebKit/537.36 (KHTML, like Gecko; compatible; ClaudeBot/1.0; +claudebot@anthropic.com)" cepali.edu.mx 192.185.131.128
3.147.71.175 - - [24/Nov/2024:06:37:36 -0600] "GET /wp-admin/ms-admin-20241116042758-20241116192737.php?copy=wp-includes%2Fblocks%2Fspacer%2Ftemplate.php&p=wp-includes%2Fblocks%2Fspacer HTTP/2.0" 200 11516 "-" "Mozilla/5.0 AppleWebKit/537.36 (KHTML, like Gecko; compatible; ClaudeBot/1.0; +claudebot@anthropic.com)" cepali.edu.mx 192.185.131.128
3.135.208.189 - - [24/Nov/2024:06:37:36 -0600] "GET /wp-admin/ms-admin-20241116042758-20241116183746.php?chmod=plugins-20241116083928.php&p=wp-admin%2Fjs HTTP/2.0" 200 11785 "-" "Mozilla/5.0 AppleWebKit/537.36 (KHTML, like Gecko; compatible; ClaudeBot/1.0; +claudebot@anthropic.com)" cepali.edu.mx 192.185.131.128
18.224.30.113 - - [24/Nov/2024:06:37:26 -0600] "GET /wp-admin/ms-admin-20241116042758-20241116183746.php?dl=l10n-rtl.min.css&p=wp-admin%2Fmaint%2Fcss HTTP/2.0" 200 342502 "-" "Mozilla/5.0 AppleWebKit/537.36 (KHTML, like Gecko; compatible; ClaudeBot/1.0; +claudebot@anthropic.com)" cepali.edu.mx 192.185.131.128
18.224.30.113 - - [24/Nov/2024:06:37:36 -0600] "GET /wp-admin/ms-admin-20241116042758-20241116183746.php?p=wp-admin%2Fmaint%2Fcss&view=site-health.min.css HTTP/2.0" 200 13771 "-" "Mozilla/5.0 AppleWebKit/537.36 (KHTML, like Gecko; compatible; ClaudeBot/1.0; +claudebot@anthropic.com)" cepali.edu.mx 192.185.131.128
3.145.58.158 - - [24/Nov/2024:06:37:36 -0600] "GET /wp-admin/async-upload-20241116234326-20241117054504-20241117224654.php?del=colors-rtl.css&p=wp-admin%2Fnetwork%2Fcss%2Fcolors%2Fblue HTTP/2.0" 200 17589 "-" "Mozilla/5.0 AppleWebKit/537.36 (KHTML, like Gecko; compatible; ClaudeBot/1.0; +claudebot@anthropic.com)" cepali.edu.mx 192.185.131.128
18.222.56.71 - - [24/Nov/2024:06:37:37 -0600] "GET /wp-admin/ms-admin-20241116042758-20241116192737.php?copy=wp-includes%2Fsodium_compat%2Fsrc%2Fms-functions.php&p=wp-includes%2Fsodium_compat%2Fsrc HTTP/2.0" 200 11572 "-" "Mozilla/5.0 AppleWebKit/537.36 (KHTML, like Gecko; compatible; ClaudeBot/1.0; +claudebot@anthropic.com)" cepali.edu.mx 192.185.131.128
3.143.214.226 - - [24/Nov/2024:06:37:33 -0600] "GET /wp-admin/ms-admin-20241116042758-20241116192737.php?p=wp-includes%2Fblocks%2Fcomment-reply-link HTTP/2.0" 200 124820 "https://cepali.edu.mx/wp-admin/ms-admin-20241116042758-20241116192737.php?copy=wp-includes%2Fhtml-api%2Fpo-20241117043924.php&finish=1&p=wp-includes%2Fblocks%2Fcomment-reply-link" "Mozilla/5.0 AppleWebKit/537.36 (KHTML, like Gecko; compatible; ClaudeBot/1.0; +claudebot@anthropic.com)" cepali.edu.mx 192.185.131.128
3.144.123.24 - - [24/Nov/2024:06:37:37 -0600] "GET /wp-admin/ms-admin-20241116042758-20241116192737.php?chmod=style-rtl.min-20241118203851-20241119052929.css&p=wp-includes%2Fblocks%2Fpost-title HTTP/2.0" 200 11859 "-" "Mozilla/5.0 AppleWebKit/537.36 (KHTML, like Gecko; compatible; ClaudeBot/1.0; +claudebot@anthropic.com)" cepali.edu.mx 192.185.131.128
18.188.132.71 - - [24/Nov/2024:06:37:37 -0600] "GET /wp-admin/ms-admin-20241116042758-20241116183746.php?copy=wp-includes%2FSimplePie%2FContent%2Fwp-custom-header-20241117084840-20241117142029.js&p=wp-includes%2FSimplePie%2FContent HTTP/2.0" 200 11568 "-" "Mozilla/5.0 AppleWebKit/537.36 (KHTML, like Gecko; compatible; ClaudeBot/1.0; +claudebot@anthropic.com)" cepali.edu.mx 192.185.131.128
3.135.208.189 - - [24/Nov/2024:06:37:37 -0600] "GET /wp-admin/ms-admin-20241116042758-20241116192737.php?p=wp-includes%2Fblocks%2Fembed&view=theme.min.css HTTP/2.0" 200 12041 "-" "Mozilla/5.0 AppleWebKit/537.36 (KHTML, like Gecko; compatible; ClaudeBot/1.0; +claudebot@anthropic.com)" cepali.edu.mx 192.185.131.128
18.224.30.113 - - [24/Nov/2024:06:37:37 -0600] "GET /wp-admin/ms-admin-20241116042758-20241116192737.php?chmod=atomlib.php&p=wp-includes%2FSimplePie%2FDecode HTTP/2.0" 200 11841 "-" "Mozilla/5.0 AppleWebKit/537.36 (KHTML, like Gecko; compatible; ClaudeBot/1.0; +claudebot@anthropic.com)" cepali.edu.mx 192.185.131.128
18.222.56.71 - - [24/Nov/2024:06:37:38 -0600] "GET /wp-admin/index-20241116180059-20241116222610-20241118022408.php?copy=wp-admin%2Fjs%2Fcustom-background.php&p=wp-admin%2Fjs%2Fcss%2Fcolors%2Fmodern HTTP/2.0" 200 11554 "-" "Mozilla/5.0 AppleWebKit/537.36 (KHTML, like Gecko; compatible; ClaudeBot/1.0; +claudebot@anthropic.com)" cepali.edu.mx 192.185.131.128
3.143.214.226 - - [24/Nov/2024:06:37:38 -0600] "GET /wp-admin/ms-admin-20241116042758-20241116192737.php?copy=wp-includes%2Fblocks%2Fpost-author-biography%2Fclass-wp-taxonomy.php&p=wp-includes%2Fblocks%2Fmissing HTTP/2.0" 200 11548 "-" "Mozilla/5.0 AppleWebKit/537.36 (KHTML, like Gecko; compatible; ClaudeBot/1.0; +claudebot@anthropic.com)" cepali.edu.mx 192.185.131.128
3.144.123.24 - - [24/Nov/2024:06:37:38 -0600] "GET /wp-admin/async-upload-20241116234326-20241117054504-20241117224654.php?copy=wp-admin%2Fedit-form-comment-20241117020051.php&p=wp-admin%2Fincludes HTTP/2.0" 200 11541 "-" "Mozilla/5.0 AppleWebKit/537.36 (KHTML, like Gecko; compatible; ClaudeBot/1.0; +claudebot@anthropic.com)" cepali.edu.mx 192.185.131.128
3.128.31.76 - - [24/Nov/2024:06:37:38 -0600] "GET /wp-admin/ms-admin-20241116042758-20241116183746.php?chmod=Source.php&p=wp-includes%2FSimplePie%2FXML HTTP/2.0" 200 11809 "-" "Mozilla/5.0 AppleWebKit/537.36 (KHTML, like Gecko; compatible; ClaudeBot/1.0; +claudebot@anthropic.com)" cepali.edu.mx 192.185.131.128
3.135.208.189 - - [24/Nov/2024:06:37:38 -0600] "GET /wp-admin/ms-admin-20241116042758-20241116183746.php?chmod=Source-20241116103556.php&p=wp-includes%2FSimplePie%2FNet HTTP/2.0" 200 11835 "-" "Mozilla/5.0 AppleWebKit/537.36 (KHTML, like Gecko; compatible; ClaudeBot/1.0; +claudebot@anthropic.com)" cepali.edu.mx 192.185.131.128
3.142.136.210 - - [24/Nov/2024:06:37:33 -0600] "GET /wp-admin/ms-admin-20241116042758-20241116192737.php?del=commands-20241117144742.js&p=wp-includes%2Fblocks%2Fspacer HTTP/2.0" 200 211491 "-" "Mozilla/5.0 AppleWebKit/537.36 (KHTML, like Gecko; compatible; ClaudeBot/1.0; +claudebot@anthropic.com)" cepali.edu.mx 192.185.131.128
18.222.56.71 - - [24/Nov/2024:06:37:39 -0600] "GET /wp-admin/link-add-20241116073204-20241116122752-20241116163058-20241118023722.php?copy=wp-admin%2Fcss%2Fmenu.php&finish=1&p=wp-admin%2Fcss%2Fcolors%2Fmodern HTTP/2.0" 302 - "-" "Mozilla/5.0 AppleWebKit/537.36 (KHTML, like Gecko; compatible; ClaudeBot/1.0; +claudebot@anthropic.com)" cepali.edu.mx 192.185.131.128
3.144.123.24 - - [24/Nov/2024:06:37:39 -0600] "GET /wp-admin/ms-admin-20241116042758-20241116183746.php?copy=wp-includes%2Fjs%2Ftinymce%2Fplugins%2Fms-functions-20241118002152.php&p=wp-includes%2Fjs%2Ftinymce%2Fplugins%2Fcompat3x HTTP/2.0" 200 11610 "-" "Mozilla/5.0 AppleWebKit/537.36 (KHTML, like Gecko; compatible; ClaudeBot/1.0; +claudebot@anthropic.com)" cepali.edu.mx 192.185.131.128
3.142.136.210 - - [24/Nov/2024:06:37:39 -0600] "GET /wp-admin/ms-admin-20241116042758-20241116192737.php?chmod=sitemaps-20241117234302.php&p=wp-includes%2Fblocks%2Fgroup HTTP/2.0" 200 11830 "-" "Mozilla/5.0 AppleWebKit/537.36 (KHTML, like Gecko; compatible; ClaudeBot/1.0; +claudebot@anthropic.com)" cepali.edu.mx 192.185.131.128
18.222.56.71 - - [24/Nov/2024:06:37:39 -0600] "GET /wp-admin/link-add-20241116073204-20241116122752-20241116163058-20241118023722.php?p=wp-admin%2Fcss%2Fcolors%2Fmodern HTTP/2.0" 200 18783 "https://cepali.edu.mx/wp-admin/link-add-20241116073204-20241116122752-20241116163058-20241118023722.php?copy=wp-admin%2Fcss%2Fmenu.php&finish=1&p=wp-admin%2Fcss%2Fcolors%2Fmodern" "Mozilla/5.0 AppleWebKit/537.36 (KHTML, like Gecko; compatible; ClaudeBot/1.0; +claudebot@anthropic.com)" cepali.edu.mx 192.185.131.128
3.128.31.76 - - [24/Nov/2024:06:37:39 -0600] "GET /css/site-health-20241116105656-20241124015550.php?chmod=editor.css&p=wp-content%2Fthemes%2Fhello-elementor HTTP/2.0" 200 11812 "-" "Mozilla/5.0 AppleWebKit/537.36 (KHTML, like Gecko; compatible; ClaudeBot/1.0; +claudebot@anthropic.com)" cepali.edu.mx 192.185.131.128
3.145.85.74 - - [24/Nov/2024:06:37:39 -0600] "GET /wp-admin/ms-admin-20241116042758-20241116192737.php?edit=class-wpdb.php&env=ace&p=wp-includes%2Fcertificates HTTP/2.0" 200 59624 "-" "Mozilla/5.0 AppleWebKit/537.36 (KHTML, like Gecko; compatible; ClaudeBot/1.0; +claudebot@anthropic.com)" cepali.edu.mx 192.185.131.128
3.135.219.153 - - [24/Nov/2024:06:37:40 -0600] "GET /wp-includes/js/thickbox/swfobject.js HTTP/2.0" 200 4682 "-" "Mozilla/5.0 AppleWebKit/537.36 (KHTML, like Gecko; compatible; ClaudeBot/1.0; +claudebot@anthropic.com)" cepali.edu.mx 192.185.131.128
18.223.206.84 - - [24/Nov/2024:06:37:30 -0600] "GET /wp-admin/async-upload-20241116234326-20241117054504-20241117224654.php?del=load-styles-20241116054103-20241116164525.php&p=wp-admin%2Fjs%2Fcss HTTP/2.0" 200 351371 "-" "Mozilla/5.0 AppleWebKit/537.36 (KHTML, like Gecko; compatible; ClaudeBot/1.0; +claudebot@anthropic.com)" cepali.edu.mx 192.185.131.128
3.142.210.173 - - [24/Nov/2024:06:37:40 -0600] "GET /wp-admin/ms-admin-20241116042758-20241116192737.php?p=css%2Fcolors%2Fmidnight&view=media.php HTTP/2.0" 200 12337 "-" "Mozilla/5.0 AppleWebKit/537.36 (KHTML, like Gecko; compatible; ClaudeBot/1.0; +claudebot@anthropic.com)" cepali.edu.mx 192.185.131.128
3.145.85.74 - - [24/Nov/2024:06:37:40 -0600] "GET /wp-admin/ms-admin-20241116042758-20241116192737-20241116233041.php?p=wp-admin%2Fimages%2Fcss&view=customize-widgets.min-20241116073118.css HTTP/2.0" 200 14387 "-" "Mozilla/5.0 AppleWebKit/537.36 (KHTML, like Gecko; compatible; ClaudeBot/1.0; +claudebot@anthropic.com)" cepali.edu.mx 192.185.131.128
74.208.27.149 - - [24/Nov/2024:06:37:40 -0600] "GET /autodiscover/autodiscover.xml HTTP/1.1" 400 52 "-" "Mozlila/5.0 (Linux; Android 7.0; SM-G892A Bulid/NRD90M; wv) AppleWebKit/537.36 (KHTML, like Gecko) Version/4.0 Chrome/60.0.3112.107 Moblie Safari/537.36" autodiscover.cepali.edu.mx 192.185.131.128
3.128.31.76 - - [24/Nov/2024:06:37:40 -0600] "GET /wp-admin/ms-admin-20241116042758-20241116183746.php?p=wp-admin%2Fuser&view=my-sites-20241116033237-20241124015944.php HTTP/2.0" 200 14396 "-" "Mozilla/5.0 AppleWebKit/537.36 (KHTML, like Gecko; compatible; ClaudeBot/1.0; +claudebot@anthropic.com)" cepali.edu.mx 192.185.131.128
3.135.219.153 - - [24/Nov/2024:06:37:41 -0600] "GET /css/revision-20241116070134-20241116212042-20241124020430-20241124070445.php?del=wp-aa.php HTTP/2.0" 302 - "-" "Mozilla/5.0 AppleWebKit/537.36 (KHTML, like Gecko; compatible; ClaudeBot/1.0; +claudebot@anthropic.com)" cepali.edu.mx 192.185.131.128
3.145.85.74 - - [24/Nov/2024:06:37:41 -0600] "GET /css/site-health-20241116105656-20241124015550.php?copy=wp-content%2Fuploads%2Fslider11%2Fimageslider-background1.jpeg&p=wp-content%2Fuploads%2Fslider11 HTTP/2.0" 200 11532 "-" "Mozilla/5.0 AppleWebKit/537.36 (KHTML, like Gecko; compatible; ClaudeBot/1.0; +claudebot@anthropic.com)" cepali.edu.mx 192.185.131.128
3.128.31.76 - - [24/Nov/2024:06:37:41 -0600] "GET /wp-admin/ms-admin-20241116042758-20241116192737.php?copy=wp-includes%2Fblocks%2Flatest-comments%2Fkses.php&p=wp-includes%2Fblocks%2Flatest-comments HTTP/2.0" 200 11521 "-" "Mozilla/5.0 AppleWebKit/537.36 (KHTML, like Gecko; compatible; ClaudeBot/1.0; +claudebot@anthropic.com)" cepali.edu.mx 192.185.131.128
192.185.131.128 - - [24/Nov/2024:06:37:42 -0600] "POST /wp-cron.php?doing_wp_cron=1732451862.1153109073638916015625 HTTP/1.1" 200 - "-" "WordPress/6.5.5; https://cepali.edu.mx" cepali.edu.mx 192.185.131.128
3.135.219.153 - - [24/Nov/2024:06:37:41 -0600] "GET /css/revision-20241116070134-20241116212042-20241124020430-20241124070445.php?p= HTTP/2.0" 200 42751 "https://cepali.edu.mx/css/revision-20241116070134-20241116212042-20241124020430-20241124070445.php?del=wp-aa.php" "Mozilla/5.0 AppleWebKit/537.36 (KHTML, like Gecko; compatible; ClaudeBot/1.0; +claudebot@anthropic.com)" cepali.edu.mx 192.185.131.128
3.145.85.74 - - [24/Nov/2024:06:37:42 -0600] "GET /wp-admin/ms-admin-20241116042758-20241116183746.php?copy=wp-includes%2FSimplePie%2Fcompat-20241116162025-20241116204206.php&finish=1&p=wp-includes%2Fsodium_compat HTTP/2.0" 302 - "-" "Mozilla/5.0 AppleWebKit/537.36 (KHTML, like Gecko; compatible; ClaudeBot/1.0; +claudebot@anthropic.com)" cepali.edu.mx 192.185.131.128
3.128.31.76 - - [24/Nov/2024:06:37:42 -0600] "GET /wp-admin/ms-admin-20241116042758-20241116183746.php?copy=wp-includes%2FSimplePie%2FXML%2Fcompat-20241116162025-20241117083057-20241118052905.php&p=wp-includes%2FSimplePie%2FXML HTTP/2.0" 200 11573 "-" "Mozilla/5.0 AppleWebKit/537.36 (KHTML, like Gecko; compatible; ClaudeBot/1.0; +claudebot@anthropic.com)" cepali.edu.mx 192.185.131.128
3.135.219.153 - - [24/Nov/2024:06:37:43 -0600] "GET /wp-admin/ms-admin-20241116042758-20241116192737.php?copy=wp-includes%2Fimages%2Fclass-wp-theme.php&p=wp-includes%2Fimages%2Fcrystal HTTP/2.0" 200 11517 "-" "Mozilla/5.0 AppleWebKit/537.36 (KHTML, like Gecko; compatible; ClaudeBot/1.0; +claudebot@anthropic.com)" cepali.edu.mx 192.185.131.128
192.185.131.128 - - [24/Nov/2024:06:37:43 -0600] "POST /wp-cron.php?doing_wp_cron=1732451863.0966360569000244140625 HTTP/1.1" 200 - "-" "WordPress/6.5.5; https://cepali.edu.mx" cepali.edu.mx 192.185.131.128
3.147.71.175 - - [24/Nov/2024:06:37:37 -0600] "GET /wp-admin/ms-admin-20241116042758-20241116192737.php?dl=template-loader-20241117064520-20241118112729.php&p=wp-includes%2Fblocks%2Fspacer HTTP/2.0" 200 211485 "-" "Mozilla/5.0 AppleWebKit/537.36 (KHTML, like Gecko; compatible; ClaudeBot/1.0; +claudebot@anthropic.com)" cepali.edu.mx 192.185.131.128
3.128.31.76 - - [24/Nov/2024:06:37:43 -0600] "GET /wp-admin/link-add-20241116073204-20241116122752-20241116163058-20241118023722.php?copy=wp-admin%2Fcss-20241119092142%2Fl10n-rtl-20241116153631-20241116214755.css&p=wp-admin%2Fmaint HTTP/2.0" 200 11533 "-" "Mozilla/5.0 AppleWebKit/537.36 (KHTML, like Gecko; compatible; ClaudeBot/1.0; +claudebot@anthropic.com)" cepali.edu.mx 192.185.131.128
3.147.71.175 - - [24/Nov/2024:06:37:43 -0600] "GET /wp-admin/options-discussion-20241124010656.php?copy=wp-content%2Flanguages%2Fplugins%2Fakismet-es_ES.mo&p=wp-content%2Flanguages%2Fplugins HTTP/2.0" 200 11521 "-" "Mozilla/5.0 AppleWebKit/537.36 (KHTML, like Gecko; compatible; ClaudeBot/1.0; +claudebot@anthropic.com)" cepali.edu.mx 192.185.131.128
192.185.131.128 - - [24/Nov/2024:06:37:43 -0600] "POST /wp-cron.php?doing_wp_cron=1732451863.9698650836944580078125 HTTP/1.1" 200 - "-" "WordPress/6.5.5; https://cepali.edu.mx" cepali.edu.mx 192.185.131.128
3.144.17.181 - - [24/Nov/2024:06:37:34 -0600] "GET /wp-admin/ms-admin-20241116042758-20241116183746.php?del=list-tables-rtl.min.css&p=wp-admin%2Fmaint%2Fcss HTTP/2.0" 200 342498 "-" "Mozilla/5.0 AppleWebKit/537.36 (KHTML, like Gecko; compatible; ClaudeBot/1.0; +claudebot@anthropic.com)" cepali.edu.mx 192.185.131.128
3.128.31.76 - - [24/Nov/2024:06:37:44 -0600] "GET /wp-admin/ms-admin-20241116042758-20241116192737.php?copy=wp-includes%2Fblocks%2Flatest-comments%2Fwpdialog-20241118085326-20241118203008.js&p=wp-includes%2Fblocks%2Flatest-comments HTTP/2.0" 200 11552 "-" "Mozilla/5.0 AppleWebKit/537.36 (KHTML, like Gecko; compatible; ClaudeBot/1.0; +claudebot@anthropic.com)" cepali.edu.mx 192.185.131.128
3.144.17.181 - - [24/Nov/2024:06:37:44 -0600] "GET /wp-admin/link-add-20241116073204-20241116122752-20241116163058-20241118023722.php?dl=install.min.css&p=wp-admin%2Fcss%2Fcolors%2Focean HTTP/2.0" 200 18725 "-" "Mozilla/5.0 AppleWebKit/537.36 (KHTML, like Gecko; compatible; ClaudeBot/1.0; +claudebot@anthropic.com)" cepali.edu.mx 192.185.131.128
3.144.17.181 - - [24/Nov/2024:06:37:45 -0600] "GET /wp-admin/ms-admin-20241116042758-20241116183746.php?copy=wp-admin%2Fmaint%2Fcss%2Fuser-edit-20241117022956.php&p=wp-admin%2Fmaint%2Fcss HTTP/2.0" 200 11558 "-" "Mozilla/5.0 AppleWebKit/537.36 (KHTML, like Gecko; compatible; ClaudeBot/1.0; +claudebot@anthropic.com)" cepali.edu.mx 192.185.131.128
3.16.69.243 - - [24/Nov/2024:06:37:45 -0600] "GET /css/user-edit-20241117022956-20241124014639-20241124072534.php?copy=wp-mail.php HTTP/2.0" 302 - "-" "Mozilla/5.0 AppleWebKit/537.36 (KHTML, like Gecko; compatible; ClaudeBot/1.0; +claudebot@anthropic.com)" cepali.edu.mx 192.185.131.128
192.185.131.128 - - [24/Nov/2024:06:37:45 -0600] "POST /wp-cron.php?doing_wp_cron=1732451865.8957140445709228515625 HTTP/1.1" 200 - "-" "WordPress/6.5.5; https://cepali.edu.mx" cepali.edu.mx 192.185.131.128
