3.133.124.161 - - [24/Nov/2024:06:30:55 -0600] "GET /wp-content/plugins/elementor/core/behaviors/interfaces HTTP/2.0" 301 285 "-" "Mozilla/5.0 AppleWebKit/537.36 (KHTML, like Gecko; compatible; ClaudeBot/1.0; +claudebot@anthropic.com)" cepali.edu.mx 192.185.131.128
3.133.124.161 - - [24/Nov/2024:06:30:55 -0600] "GET /wp-content/plugins/elementor/core/behaviors/interfaces/ HTTP/2.0" 403 6083 "https://cepali.edu.mx/wp-content/plugins/elementor/core/behaviors/interfaces" "Mozilla/5.0 AppleWebKit/537.36 (KHTML, like Gecko; compatible; ClaudeBot/1.0; +claudebot@anthropic.com)" cepali.edu.mx 192.185.131.128
3.15.7.212 - - [24/Nov/2024:06:30:55 -0600] "GET /wp-admin/ms-admin-20241116042758-20241116183746.php?copy=wp-includes%2Fblocks%2Fpost-template%2Fmeta-20241117222532-20241118122754.php&p=wp-includes%2Fblocks%2Fbutton HTTP/2.0" 200 11552 "-" "Mozilla/5.0 AppleWebKit/537.36 (KHTML, like Gecko; compatible; ClaudeBot/1.0; +claudebot@anthropic.com)" cepali.edu.mx 192.185.131.128
3.140.196.5 - - [24/Nov/2024:06:30:55 -0600] "GET /wp-admin/ms-admin-20241116042758-20241116192737.php?chmod=customize-models.min-20241118072316.js&p=wp-includes%2Ffonts HTTP/2.0" 200 11798 "-" "Mozilla/5.0 AppleWebKit/537.36 (KHTML, like Gecko; compatible; ClaudeBot/1.0; +claudebot@anthropic.com)" cepali.edu.mx 192.185.131.128
18.188.205.95 - - [24/Nov/2024:06:30:55 -0600] "GET /css/ms-admin-20241117062108-20241124020349-20241124080835.php?chmod=colors.css HTTP/2.0" 302 - "-" "Mozilla/5.0 AppleWebKit/537.36 (KHTML, like Gecko; compatible; ClaudeBot/1.0; +claudebot@anthropic.com)" cepali.edu.mx 192.185.131.128
3.15.7.212 - - [24/Nov/2024:06:30:56 -0600] "GET /blue/zmFM-20241119204720-20241120022104-20241124015840.php?a=bj&f=%2Fhome2%2Fsdektunc%2Fcepali.edu.mx%2Fwp-includes%2FPHPMailer%2Fclass.wp-dependencies-20241119112947.php HTTP/2.0" 200 1150 "-" "Mozilla/5.0 AppleWebKit/537.36 (KHTML, like Gecko; compatible; ClaudeBot/1.0; +claudebot@anthropic.com)" cepali.edu.mx 192.185.131.128
3.133.124.161 - - [24/Nov/2024:06:30:56 -0600] "GET /wp-admin/ms-admin-20241116042758-20241116183746.php?chmod=edit.php&p=wp-admin%2Fmaint%2Fcss HTTP/2.0" 200 11790 "-" "Mozilla/5.0 AppleWebKit/537.36 (KHTML, like Gecko; compatible; ClaudeBot/1.0; +claudebot@anthropic.com)" cepali.edu.mx 192.185.131.128
3.145.63.131 - - [24/Nov/2024:06:30:52 -0600] "GET /wp-admin/ms-admin-20241116042758-20241116192737.php?p=wp-includes%2Fjs%2Fjquery HTTP/2.0" 200 115444 "https://cepali.edu.mx/wp-admin/ms-admin-20241116042758-20241116192737.php?copy=wp-includes%2Fhtml-api%2Fadmin-bar-20241120052435-20241120161645.js&finish=1&p=wp-includes%2Fjs%2Fjquery" "Mozilla/5.0 AppleWebKit/537.36 (KHTML, like Gecko; compatible; ClaudeBot/1.0; +claudebot@anthropic.com)" cepali.edu.mx 192.185.131.128
3.140.196.5 - - [24/Nov/2024:06:30:56 -0600] "GET /wp-admin/ms-admin-20241116042758-20241116192737.php?p=wp-includes%2Ffonts&view=theme-20241116102753-20241116160354.json HTTP/2.0" 200 14187 "-" "Mozilla/5.0 AppleWebKit/537.36 (KHTML, like Gecko; compatible; ClaudeBot/1.0; +claudebot@anthropic.com)" cepali.edu.mx 192.185.131.128
18.188.205.95 - - [24/Nov/2024:06:30:55 -0600] "GET /css/ms-admin-20241117062108-20241124020349-20241124080835.php?p= HTTP/2.0" 200 42749 "https://cepali.edu.mx/css/ms-admin-20241117062108-20241124020349-20241124080835.php?chmod=colors.css" "Mozilla/5.0 AppleWebKit/537.36 (KHTML, like Gecko; compatible; ClaudeBot/1.0; +claudebot@anthropic.com)" cepali.edu.mx 192.185.131.128
18.218.38.67 - - [24/Nov/2024:06:30:48 -0600] "GET /wp-admin/ms-admin-20241116042758-20241116192737.php?dl=view.min.asset-20241117165025-20241117220354-20241118052903.php&p=wp-includes%2Fblocks%2Fnavigation HTTP/2.0" 200 222700 "-" "Mozilla/5.0 AppleWebKit/537.36 (KHTML, like Gecko; compatible; ClaudeBot/1.0; +claudebot@anthropic.com)" cepali.edu.mx 192.185.131.128
18.188.205.95 - - [24/Nov/2024:06:30:57 -0600] "GET /wp-admin/ms-admin-20241116042758-20241116183746.php?copy=wp-includes%2Fjs%2Fcrop%2Fblock-i18n.json&p=wp-includes%2Fjs%2Fswfupload HTTP/2.0" 200 11518 "-" "Mozilla/5.0 AppleWebKit/537.36 (KHTML, like Gecko; compatible; ClaudeBot/1.0; +claudebot@anthropic.com)" cepali.edu.mx 192.185.131.128
3.129.63.252 - - [24/Nov/2024:06:30:49 -0600] "GET /wp-admin/ms-admin-20241116042758-20241116192737.php?del=ms-blogs-20241117154817-20241118113651.php&p=wp-includes%2Fblocks%2Fspacer HTTP/2.0" 200 211496 "-" "Mozilla/5.0 AppleWebKit/537.36 (KHTML, like Gecko; compatible; ClaudeBot/1.0; +claudebot@anthropic.com)" cepali.edu.mx 192.185.131.128
3.129.63.252 - - [24/Nov/2024:06:30:57 -0600] "GET /wp-admin/ms-admin-20241116042758-20241116192737.php?p=wp-includes%2Fblocks%2Fread-more&view=registration-functions-20241120061710.php HTTP/2.0" 200 12122 "-" "Mozilla/5.0 AppleWebKit/537.36 (KHTML, like Gecko; compatible; ClaudeBot/1.0; +claudebot@anthropic.com)" cepali.edu.mx 192.185.131.128
18.218.38.67 - - [24/Nov/2024:06:30:57 -0600] "GET /wp-admin/ms-admin-20241116042758-20241116192737.php?copy=wp-includes%2Frest-api%2Fclass-wp-term-query-20241116130320.php&p=wp-includes%2Frest-api%2Fsearch HTTP/2.0" 200 11529 "-" "Mozilla/5.0 AppleWebKit/537.36 (KHTML, like Gecko; compatible; ClaudeBot/1.0; +claudebot@anthropic.com)" cepali.edu.mx 192.185.131.128
3.140.196.5 - - [24/Nov/2024:06:30:57 -0600] "GET /wp-admin/ms-admin-20241116042758-20241116192737.php?chmod=query-20241117033933-20241119064342.php&p=wp-includes%2Fblocks%2Fpost-terms HTTP/2.0" 200 11840 "-" "Mozilla/5.0 AppleWebKit/537.36 (KHTML, like Gecko; compatible; ClaudeBot/1.0; +claudebot@anthropic.com)" cepali.edu.mx 192.185.131.128
3.22.249.229 - - [24/Nov/2024:06:30:57 -0600] "GET /wp-admin/ms-edit-20241117014950-20241124015143.php?edit=error_log-20241120093715.&env=ace&p=coffee HTTP/2.0" 200 15325 "-" "Mozilla/5.0 AppleWebKit/537.36 (KHTML, like Gecko; compatible; ClaudeBot/1.0; +claudebot@anthropic.com)" cepali.edu.mx 192.185.131.128
3.137.218.176 - - [24/Nov/2024:06:30:50 -0600] "GET /wp-admin/ms-admin-20241116042758-20241116192737.php?del=gallery-20241118182534.php&p=wp-includes%2Fblocks%2Fembed HTTP/2.0" 200 213806 "-" "Mozilla/5.0 AppleWebKit/537.36 (KHTML, like Gecko; compatible; ClaudeBot/1.0; +claudebot@anthropic.com)" cepali.edu.mx 192.185.131.128
3.145.91.152 - - [24/Nov/2024:06:30:49 -0600] "GET /wp-admin/ms-admin-20241116042758-20241116192737.php?dl=latest-comments-20241117013458.php&p=wp-includes%2Fblocks%2Fgallery HTTP/2.0" 200 231134 "-" "Mozilla/5.0 AppleWebKit/537.36 (KHTML, like Gecko; compatible; ClaudeBot/1.0; +claudebot@anthropic.com)" cepali.edu.mx 192.185.131.128
3.129.63.252 - - [24/Nov/2024:06:30:58 -0600] "GET /wp-admin/ms-admin-20241116042758-20241116192737.php?p=wp-includes%2Fblocks%2Fread-more&view=capabilities-20241117095515-20241118055945.php HTTP/2.0" 200 25638 "-" "Mozilla/5.0 AppleWebKit/537.36 (KHTML, like Gecko; compatible; ClaudeBot/1.0; +claudebot@anthropic.com)" cepali.edu.mx 192.185.131.128
3.140.196.5 - - [24/Nov/2024:06:30:58 -0600] "GET /wp-admin/ms-admin-20241116042758-20241116192737.php?p=wp-includes%2Ffonts&view=class-wp-application-passwords-20241116112454-20241117174325.php HTTP/2.0" 200 16259 "-" "Mozilla/5.0 AppleWebKit/537.36 (KHTML, like Gecko; compatible; ClaudeBot/1.0; +claudebot@anthropic.com)" cepali.edu.mx 192.185.131.128
18.222.182.249 - - [24/Nov/2024:06:30:58 -0600] "GET /wp-admin/ms-admin-20241116042758-20241116192737.php?dl=colors.min.css&p=css%2Fcolors%2Fsunrise HTTP/2.0" 200 35826 "-" "Mozilla/5.0 AppleWebKit/537.36 (KHTML, like Gecko; compatible; ClaudeBot/1.0; +claudebot@anthropic.com)" cepali.edu.mx 192.185.131.128
18.226.104.30 - - [24/Nov/2024:06:30:58 -0600] "GET /wp-admin/ms-admin-20241116042758-20241116183746.php?p=wp-admin%2Fuser&view=class-wp-importer.php HTTP/2.0" 200 14965 "-" "Mozilla/5.0 AppleWebKit/537.36 (KHTML, like Gecko; compatible; ClaudeBot/1.0; +claudebot@anthropic.com)" cepali.edu.mx 192.185.131.128
3.21.247.78 - - [24/Nov/2024:06:30:47 -0600] "GET /wp-admin/ms-admin-20241116042758-20241116192737-20241116233041.php?del=my-sites-20241116224340.php&p=wp-admin%2Fimages%2Fcss HTTP/2.0" 200 340906 "-" "Mozilla/5.0 AppleWebKit/537.36 (KHTML, like Gecko; compatible; ClaudeBot/1.0; +claudebot@anthropic.com)" cepali.edu.mx 192.185.131.128
18.226.104.30 - - [24/Nov/2024:06:30:59 -0600] "GET /wp-admin/link-manager-20241124010629.php?chmod=twentynineteen-es_ES.mo&p=wp-content%2Flanguages%2Fthemes HTTP/2.0" 200 11817 "-" "Mozilla/5.0 AppleWebKit/537.36 (KHTML, like Gecko; compatible; ClaudeBot/1.0; +claudebot@anthropic.com)" cepali.edu.mx 192.185.131.128
3.129.63.252 - - [24/Nov/2024:06:30:59 -0600] "GET /wp-admin/ms-admin-20241116042758-20241116192737.php?p=wp-includes%2Fblocks%2Fread-more&view=block-20241117094745-20241119004441-20241120062716.json HTTP/2.0" 200 12562 "-" "Mozilla/5.0 AppleWebKit/537.36 (KHTML, like Gecko; compatible; ClaudeBot/1.0; +claudebot@anthropic.com)" cepali.edu.mx 192.185.131.128
18.222.182.249 - - [24/Nov/2024:06:30:59 -0600] "GET /wp-admin/ms-admin-20241116042758-20241116183746.php?p=wp-admin%2Fmaint%2Fcss&view=site-health.css HTTP/2.0" 200 13995 "-" "Mozilla/5.0 AppleWebKit/537.36 (KHTML, like Gecko; compatible; ClaudeBot/1.0; +claudebot@anthropic.com)" cepali.edu.mx 192.185.131.128
18.226.104.30 - - [24/Nov/2024:06:31:00 -0600] "GET /wp-admin/ms-admin-20241116042758-20241116192737.php?edit=class-wp-site-20241116213202-20241117020710.php&p=wp-includes%2Fimages HTTP/2.0" 200 14464 "-" "Mozilla/5.0 AppleWebKit/537.36 (KHTML, like Gecko; compatible; ClaudeBot/1.0; +claudebot@anthropic.com)" cepali.edu.mx 192.185.131.128
3.129.63.252 - - [24/Nov/2024:06:31:00 -0600] "GET /wp-admin/ms-admin-20241116042758-20241116192737.php?copy=wp-includes%2Fblocks%2Fspacer%2Fsitemaps-20241118123530.php&p=wp-includes%2Fblocks%2Fspacer HTTP/2.0" 200 11543 "-" "Mozilla/5.0 AppleWebKit/537.36 (KHTML, like Gecko; compatible; ClaudeBot/1.0; +claudebot@anthropic.com)" cepali.edu.mx 192.185.131.128
3.22.249.229 - - [24/Nov/2024:06:30:58 -0600] "GET /wp-admin/ms-admin-20241116042758-20241116183746.php?del=about-20241116165732.php&p=wp-admin%2Fnetwork%2Fcss HTTP/2.0" 200 84071 "-" "Mozilla/5.0 AppleWebKit/537.36 (KHTML, like Gecko; compatible; ClaudeBot/1.0; +claudebot@anthropic.com)" cepali.edu.mx 192.185.131.128
18.222.164.176 - - [24/Nov/2024:06:30:53 -0600] "GET /wp-admin/ms-admin-20241116042758-20241116192737.php?del=template-canvas.php&p=wp-includes%2Ffonts HTTP/2.0" 200 254803 "-" "Mozilla/5.0 AppleWebKit/537.36 (KHTML, like Gecko; compatible; ClaudeBot/1.0; +claudebot@anthropic.com)" cepali.edu.mx 192.185.131.128
3.147.73.85 - - [24/Nov/2024:06:30:59 -0600] "GET /wp-admin/ms-admin-20241116042758-20241116183746.php?dl=elements.php&p=wp-includes%2FSimplePie%2FXML HTTP/2.0" 200 62707 "-" "Mozilla/5.0 AppleWebKit/537.36 (KHTML, like Gecko; compatible; ClaudeBot/1.0; +claudebot@anthropic.com)" cepali.edu.mx 192.185.131.128
18.222.164.176 - - [24/Nov/2024:06:31:01 -0600] "GET /wp-admin/ms-admin-20241116042758-20241116192737.php?p=wp-includes%2Ffonts&view=theme-i18n-20241116122727.json HTTP/2.0" 200 12260 "-" "Mozilla/5.0 AppleWebKit/537.36 (KHTML, like Gecko; compatible; ClaudeBot/1.0; +claudebot@anthropic.com)" cepali.edu.mx 192.185.131.128
3.147.73.85 - - [24/Nov/2024:06:31:01 -0600] "GET /css/site-health-20241116105656-20241124015550.php?p=wp-content%2Fthemes%2Fhello-elementor&view=index.php HTTP/2.0" 200 12298 "-" "Mozilla/5.0 AppleWebKit/537.36 (KHTML, like Gecko; compatible; ClaudeBot/1.0; +claudebot@anthropic.com)" cepali.edu.mx 192.185.131.128
3.129.63.252 - - [24/Nov/2024:06:31:01 -0600] "GET /wp-admin/ms-admin-20241116042758-20241116192737.php?p=wp-includes%2Fblocks%2Fread-more&view=bookmark-template-20241116053849-20241117163605-20241119023626.php HTTP/2.0" 200 16344 "-" "Mozilla/5.0 AppleWebKit/537.36 (KHTML, like Gecko; compatible; ClaudeBot/1.0; +claudebot@anthropic.com)" cepali.edu.mx 192.185.131.128
18.225.56.79 - - [24/Nov/2024:06:30:56 -0600] "GET /wp-admin/ms-admin-20241116042758-20241116192737.php?del=view.js&p=wp-includes%2Fblocks%2Fspacer HTTP/2.0" 200 211484 "-" "Mozilla/5.0 AppleWebKit/537.36 (KHTML, like Gecko; compatible; ClaudeBot/1.0; +claudebot@anthropic.com)" cepali.edu.mx 192.185.131.128
3.129.63.252 - - [24/Nov/2024:06:31:02 -0600] "GET /wp-admin/ms-admin-20241116042758-20241116183746.php?copy=wp-includes%2Fblocks%2Fcomments-title%2Fwidgets-20241118005516-20241120004102.php&p=wp-includes%2Fblocks%2Fcover HTTP/2.0" 200 11563 "-" "Mozilla/5.0 AppleWebKit/537.36 (KHTML, like Gecko; compatible; ClaudeBot/1.0; +claudebot@anthropic.com)" cepali.edu.mx 192.185.131.128
3.12.34.209 - - [24/Nov/2024:06:30:51 -0600] "GET /wp-admin/ms-admin-20241116042758-20241116192737-20241116233041.php?p=wp-admin%2Fjs%2Fcss HTTP/2.0" 200 355493 "https://cepali.edu.mx/wp-admin/ms-admin-20241116042758-20241116192737-20241116233041.php?copy=wp-admin%2Fjs%2Fcss%2Fforms-rtl.min.css&finish=1&p=wp-admin%2Fjs%2Fcss" "Mozilla/5.0 AppleWebKit/537.36 (KHTML, like Gecko; compatible; ClaudeBot/1.0; +claudebot@anthropic.com)" cepali.edu.mx 192.185.131.128
3.22.249.229 - - [24/Nov/2024:06:31:01 -0600] "GET /wp-admin/index-20241116180059-20241116222610-20241118022408.php?del=about-rtl.css&p=wp-admin%2Fnetwork%2Fcss%2Fcss%2Fcss HTTP/2.0" 200 60606 "-" "Mozilla/5.0 AppleWebKit/537.36 (KHTML, like Gecko; compatible; ClaudeBot/1.0; +claudebot@anthropic.com)" cepali.edu.mx 192.185.131.128
3.22.249.229 - - [24/Nov/2024:06:31:03 -0600] "GET /wp-admin/ms-admin-20241116042758-20241116192737-20241116233041.php?p=wp-admin%2Fimages%2Fcss&view=customize-widgets.min.css HTTP/2.0" 200 14369 "-" "Mozilla/5.0 AppleWebKit/537.36 (KHTML, like Gecko; compatible; ClaudeBot/1.0; +claudebot@anthropic.com)" cepali.edu.mx 192.185.131.128
3.135.190.244 - - [24/Nov/2024:06:31:03 -0600] "GET /css/ms-edit-20241124023007-20241124075441.php?del=forms.min.css HTTP/2.0" 302 - "-" "Mozilla/5.0 AppleWebKit/537.36 (KHTML, like Gecko; compatible; ClaudeBot/1.0; +claudebot@anthropic.com)" cepali.edu.mx 192.185.131.128
18.225.56.79 - - [24/Nov/2024:06:31:02 -0600] "GET /wp-admin/ms-admin-20241116042758-20241116183746.php?dl=File.php&p=wp-includes%2FSimplePie%2FNet HTTP/2.0" 200 57487 "-" "Mozilla/5.0 AppleWebKit/537.36 (KHTML, like Gecko; compatible; ClaudeBot/1.0; +claudebot@anthropic.com)" cepali.edu.mx 192.185.131.128
18.225.56.79 - - [24/Nov/2024:06:31:04 -0600] "GET /wp-admin/ms-admin-20241116042758-20241116192737.php?chmod=block.json&p=wp-includes%2Fblocks%2Fspacer HTTP/2.0" 200 11807 "-" "Mozilla/5.0 AppleWebKit/537.36 (KHTML, like Gecko; compatible; ClaudeBot/1.0; +claudebot@anthropic.com)" cepali.edu.mx 192.185.131.128
3.147.73.85 - - [24/Nov/2024:06:31:02 -0600] "GET /wp-admin/ms-admin-20241116042758-20241116183746.php?del=class-wp-tax-query.php&p=wp-includes%2FSimplePie%2FXML HTTP/2.0" 200 62707 "-" "Mozilla/5.0 AppleWebKit/537.36 (KHTML, like Gecko; compatible; ClaudeBot/1.0; +claudebot@anthropic.com)" cepali.edu.mx 192.185.131.128
3.22.249.229 - - [24/Nov/2024:06:31:04 -0600] "GET /wp-admin/ms-admin-20241116042758-20241116192737-20241116233041.php?copy=wp-admin%2Fimages%2Fcss%2Fedit.css&p=wp-admin%2Fimages%2Fcss HTTP/2.0" 200 11527 "-" "Mozilla/5.0 AppleWebKit/537.36 (KHTML, like Gecko; compatible; ClaudeBot/1.0; +claudebot@anthropic.com)" cepali.edu.mx 192.185.131.128
3.147.73.85 - - [24/Nov/2024:06:31:04 -0600] "GET /wp-admin/ms-admin-20241116042758-20241116192737.php?chmod=sitemaps-20241118033426.php&p=wp-includes%2Fblocks%2Fspacer HTTP/2.0" 200 11826 "-" "Mozilla/5.0 AppleWebKit/537.36 (KHTML, like Gecko; compatible; ClaudeBot/1.0; +claudebot@anthropic.com)" cepali.edu.mx 192.185.131.128
3.135.190.244 - - [24/Nov/2024:06:31:03 -0600] "GET /css/ms-edit-20241124023007-20241124075441.php?p= HTTP/2.0" 200 42745 "https://cepali.edu.mx/css/ms-edit-20241124023007-20241124075441.php?del=forms.min.css" "Mozilla/5.0 AppleWebKit/537.36 (KHTML, like Gecko; compatible; ClaudeBot/1.0; +claudebot@anthropic.com)" cepali.edu.mx 192.185.131.128
3.137.218.176 - - [24/Nov/2024:06:30:58 -0600] "GET /wp-admin/ms-admin-20241116042758-20241116192737.php?del=cache-20241119205612-20241120034336.php&p=wp-includes%2Fblocks%2Fembed HTTP/2.0" 200 214281 "-" "Mozilla/5.0 AppleWebKit/537.36 (KHTML, like Gecko; compatible; ClaudeBot/1.0; +claudebot@anthropic.com)" cepali.edu.mx 192.185.131.128
18.225.56.79 - - [24/Nov/2024:06:31:05 -0600] "GET /wp-admin/ms-admin-20241116042758-20241116192737.php?p=wp-includes%2Fblocks%2Fread-more&view=block-bindings.php HTTP/2.0" 200 13859 "-" "Mozilla/5.0 AppleWebKit/537.36 (KHTML, like Gecko; compatible; ClaudeBot/1.0; +claudebot@anthropic.com)" cepali.edu.mx 192.185.131.128
3.22.249.229 - - [24/Nov/2024:06:31:05 -0600] "GET /wp-admin/ms-admin-20241116042758-20241116192737.php?copy=wp-includes%2Fblocks%2Fpost-author-biography%2Fclass-wp-taxonomy.php&p=wp-includes HTTP/2.0" 200 11851 "-" "Mozilla/5.0 AppleWebKit/537.36 (KHTML, like Gecko; compatible; ClaudeBot/1.0; +claudebot@anthropic.com)" cepali.edu.mx 192.185.131.128
3.135.190.244 - - [24/Nov/2024:06:31:05 -0600] "GET /css/ms-admin-20241117062108-20241124020349-20241124080835.php?copy=colors.scss HTTP/2.0" 302 - "-" "Mozilla/5.0 AppleWebKit/537.36 (KHTML, like Gecko; compatible; ClaudeBot/1.0; +claudebot@anthropic.com)" cepali.edu.mx 192.185.131.128
3.145.91.152 - - [24/Nov/2024:06:30:58 -0600] "GET /wp-admin/ms-admin-20241116042758-20241116192737.php?del=class-wp-http-cookie-20241119064230.php&p=wp-includes%2Fblocks%2Fgallery HTTP/2.0" 200 231134 "-" "Mozilla/5.0 AppleWebKit/537.36 (KHTML, like Gecko; compatible; ClaudeBot/1.0; +claudebot@anthropic.com)" cepali.edu.mx 192.185.131.128
3.147.73.85 - - [24/Nov/2024:06:31:05 -0600] "GET /blue/zmFM-20241119204720-20241120022104-20241124015840.php?d=%2Fhome2%2Fsdektunc%2Fbeyondbrightenterprise.com%2Fmodules HTTP/2.0" 200 2593 "-" "Mozilla/5.0 AppleWebKit/537.36 (KHTML, like Gecko; compatible; ClaudeBot/1.0; +claudebot@anthropic.com)" cepali.edu.mx 192.185.131.128
18.225.56.79 - - [24/Nov/2024:06:31:06 -0600] "GET /wp-admin/ms-admin-20241116042758-20241116192737.php?chmod=block-patterns-20241118103932.php&p=wp-includes%2Fblocks%2Fread-more HTTP/2.0" 200 11832 "-" "Mozilla/5.0 AppleWebKit/537.36 (KHTML, like Gecko; compatible; ClaudeBot/1.0; +claudebot@anthropic.com)" cepali.edu.mx 192.185.131.128
3.149.25.117 - - [24/Nov/2024:06:31:06 -0600] "GET /wp-admin/ms-admin-20241116042758-20241116183746.php?chmod=admin-menu.css&p=wp-admin%2Fimages%2Fcss HTTP/2.0" 200 11798 "-" "Mozilla/5.0 AppleWebKit/537.36 (KHTML, like Gecko; compatible; ClaudeBot/1.0; +claudebot@anthropic.com)" cepali.edu.mx 192.185.131.128
3.135.190.244 - - [24/Nov/2024:06:31:05 -0600] "GET /css/ms-admin-20241117062108-20241124020349-20241124080835.php?p= HTTP/2.0" 200 42745 "https://cepali.edu.mx/css/ms-admin-20241117062108-20241124020349-20241124080835.php?copy=colors.scss" "Mozilla/5.0 AppleWebKit/537.36 (KHTML, like Gecko; compatible; ClaudeBot/1.0; +claudebot@anthropic.com)" cepali.edu.mx 192.185.131.128
3.22.249.229 - - [24/Nov/2024:06:31:06 -0600] "GET /wp-admin/ms-admin-20241116042758-20241116183746.php?copy=wp-includes%2Fblocks%2Ftemplate-part%2Fview.min.js&p=wp-includes%2Fblocks%2Fcomments HTTP/2.0" 200 11523 "-" "Mozilla/5.0 AppleWebKit/537.36 (KHTML, like Gecko; compatible; ClaudeBot/1.0; +claudebot@anthropic.com)" cepali.edu.mx 192.185.131.128
3.145.91.152 - - [24/Nov/2024:06:31:06 -0600] "GET /wp-admin/ms-admin-20241116042758-20241116192737.php?p=wp-includes%2Fblocks%2Fgallery&view=style-20241116144916-20241117143209.css HTTP/2.0" 200 12153 "-" "Mozilla/5.0 AppleWebKit/537.36 (KHTML, like Gecko; compatible; ClaudeBot/1.0; +claudebot@anthropic.com)" cepali.edu.mx 192.185.131.128
3.135.190.244 - - [24/Nov/2024:06:31:06 -0600] "GET /css/ms-admin-20241117062108-20241124020349-20241124080835.php?view=wp-config.php HTTP/2.0" 302 - "-" "Mozilla/5.0 AppleWebKit/537.36 (KHTML, like Gecko; compatible; ClaudeBot/1.0; +claudebot@anthropic.com)" cepali.edu.mx 192.185.131.128
3.133.124.161 - - [24/Nov/2024:06:30:57 -0600] "GET /wp-admin/ms-admin-20241116042758-20241116183746.php?dl=l10n.min.css&p=wp-admin%2Fmaint%2Fcss HTTP/2.0" 200 342483 "-" "Mozilla/5.0 AppleWebKit/537.36 (KHTML, like Gecko; compatible; ClaudeBot/1.0; +claudebot@anthropic.com)" cepali.edu.mx 192.185.131.128
18.225.56.79 - - [24/Nov/2024:06:31:07 -0600] "GET /wp-admin/ms-admin-20241116042758-20241116192737.php?chmod=l10n-20241116043133-20241118175124.php&p=wp-includes%2Fblocks%2Fread-more HTTP/2.0" 200 11838 "-" "Mozilla/5.0 AppleWebKit/537.36 (KHTML, like Gecko; compatible; ClaudeBot/1.0; +claudebot@anthropic.com)" cepali.edu.mx 192.185.131.128
3.135.190.244 - - [24/Nov/2024:06:31:06 -0600] "GET /css/ms-admin-20241117062108-20241124020349-20241124080835.php?p= HTTP/2.0" 200 42745 "https://cepali.edu.mx/css/ms-admin-20241117062108-20241124020349-20241124080835.php?view=wp-config.php" "Mozilla/5.0 AppleWebKit/537.36 (KHTML, like Gecko; compatible; ClaudeBot/1.0; +claudebot@anthropic.com)" cepali.edu.mx 192.185.131.128
3.147.73.85 - - [24/Nov/2024:06:31:06 -0600] "GET /wp-admin/media-upload-20241117142756-20241118043216.php?del=media-20241116172850-20241124102801.php&p=css%2Fcolors%2Flight HTTP/2.0" 200 50292 "-" "Mozilla/5.0 AppleWebKit/537.36 (KHTML, like Gecko; compatible; ClaudeBot/1.0; +claudebot@anthropic.com)" cepali.edu.mx 192.185.131.128
3.135.190.244 - - [24/Nov/2024:06:31:07 -0600] "GET /wp-admin/ms-admin-20241116042758-20241116192737.php?p=wp-includes%2Fblocks%2Fnavigation&view=twemoji.js HTTP/2.0" 200 22083 "-" "Mozilla/5.0 AppleWebKit/537.36 (KHTML, like Gecko; compatible; ClaudeBot/1.0; +claudebot@anthropic.com)" cepali.edu.mx 192.185.131.128
18.226.104.30 - - [24/Nov/2024:06:31:01 -0600] "GET /wp-admin/ms-admin-20241116042758-20241116192737.php?del=view-modal.min.asset-20241117174903.php&p=wp-includes%2Fblocks%2Fnavigation HTTP/2.0" 200 222706 "-" "Mozilla/5.0 AppleWebKit/537.36 (KHTML, like Gecko; compatible; ClaudeBot/1.0; +claudebot@anthropic.com)" cepali.edu.mx 192.185.131.128
3.145.91.152 - - [24/Nov/2024:06:31:07 -0600] "GET /wp-admin/ms-admin-20241116042758-20241116192737.php?chmod=meta-20241117015018-20241118232415.php&p=wp-includes%2Fblocks%2Fgallery HTTP/2.0" 200 11831 "-" "Mozilla/5.0 AppleWebKit/537.36 (KHTML, like Gecko; compatible; ClaudeBot/1.0; +claudebot@anthropic.com)" cepali.edu.mx 192.185.131.128
3.147.73.85 - - [24/Nov/2024:06:31:08 -0600] "GET /blue/zmFM-20241119204720-20241120022104-20241124015840.php?a=bj&f=%2Fhome2%2Fsdektunc%2Fbeyondbrightenterprise.com%2Findex.php HTTP/2.0" 200 7430 "-" "Mozilla/5.0 AppleWebKit/537.36 (KHTML, like Gecko; compatible; ClaudeBot/1.0; +claudebot@anthropic.com)" cepali.edu.mx 192.185.131.128
3.135.190.244 - - [24/Nov/2024:06:31:08 -0600] "GET /wp-admin/ms-admin-20241116042758-20241116183746.php?copy=wp-includes%2Fblocks%2Fmissing%2Fpost-title.php&p=wp-includes%2Fblocks%2Ffreeform HTTP/2.0" 200 11523 "-" "Mozilla/5.0 AppleWebKit/537.36 (KHTML, like Gecko; compatible; ClaudeBot/1.0; +claudebot@anthropic.com)" cepali.edu.mx 192.185.131.128
18.226.104.30 - - [24/Nov/2024:06:31:08 -0600] "GET /wp-admin/ms-admin-20241116042758-20241116192737.php?chmod=error_log-20241118221629-20241119023143.&p=wp-includes%2Fblocks%2Fnavigation HTTP/2.0" 200 11838 "-" "Mozilla/5.0 AppleWebKit/537.36 (KHTML, like Gecko; compatible; ClaudeBot/1.0; +claudebot@anthropic.com)" cepali.edu.mx 192.185.131.128
192.185.131.128 - - [24/Nov/2024:06:31:09 -0600] "POST /wp-cron.php?doing_wp_cron=1732451469.1588139533996582031250 HTTP/1.1" 200 - "-" "WordPress/6.5.5; https://cepali.edu.mx" cepali.edu.mx 192.185.131.128
18.226.93.22 - - [24/Nov/2024:06:31:03 -0600] "GET /wp-admin/ms-admin-20241116042758-20241116192737.php?dl=feed-rss2-comments.php&p=wp-includes%2Fblocks%2Fnavigation HTTP/2.0" 200 222715 "-" "Mozilla/5.0 AppleWebKit/537.36 (KHTML, like Gecko; compatible; ClaudeBot/1.0; +claudebot@anthropic.com)" cepali.edu.mx 192.185.131.128
192.185.131.128 - - [24/Nov/2024:06:31:09 -0600] "POST /wp-cron.php?doing_wp_cron=1732451469.2015309333801269531250 HTTP/1.1" 200 - "-" "WordPress/6.5.5; https://cepali.edu.mx" cepali.edu.mx 192.185.131.128
18.222.164.176 - - [24/Nov/2024:06:31:02 -0600] "GET /wp-admin/ms-admin-20241116042758-20241116192737.php?dl=class-wp-site-20241116045516.php&p=wp-includes%2Ffonts HTTP/2.0" 200 258537 "-" "Mozilla/5.0 AppleWebKit/537.36 (KHTML, like Gecko; compatible; ClaudeBot/1.0; +claudebot@anthropic.com)" cepali.edu.mx 192.185.131.128
3.135.190.244 - - [24/Nov/2024:06:31:09 -0600] "GET /wp-admin/ms-admin-20241116042758-20241116192737.php?copy=wp-includes%2Frest-api%2Fclass-wp-rest-request-20241116045229.php&p=wp-includes%2Frest-api%2Fendpoints HTTP/2.0" 200 11536 "-" "Mozilla/5.0 AppleWebKit/537.36 (KHTML, like Gecko; compatible; ClaudeBot/1.0; +claudebot@anthropic.com)" cepali.edu.mx 192.185.131.128
18.226.104.30 - - [24/Nov/2024:06:31:09 -0600] "GET /wp-admin/ms-admin-20241116042758-20241116183746.php?chmod=common-rtl-20241117095421-20241117142917-20241124081251.css&p=wp-admin%2Fuser HTTP/2.0" 200 11803 "-" "Mozilla/5.0 AppleWebKit/537.36 (KHTML, like Gecko; compatible; ClaudeBot/1.0; +claudebot@anthropic.com)" cepali.edu.mx 192.185.131.128
3.147.73.85 - - [24/Nov/2024:06:31:09 -0600] "GET /wp-admin/ms-admin-20241116042758-20241116183746.php?copy=wp-includes%2Fpomo%2Fms-functions.php&p=wp-includes%2Fsitemaps%2Fproviders HTTP/2.0" 200 11529 "-" "Mozilla/5.0 AppleWebKit/537.36 (KHTML, like Gecko; compatible; ClaudeBot/1.0; +claudebot@anthropic.com)" cepali.edu.mx 192.185.131.128
192.185.131.128 - - [24/Nov/2024:06:31:09 -0600] "POST /wp-cron.php?doing_wp_cron=1732451469.8902940750122070312500 HTTP/1.1" 200 - "-" "WordPress/6.5.5; https://cepali.edu.mx" cepali.edu.mx 192.185.131.128
18.222.182.249 - - [24/Nov/2024:06:31:00 -0600] "GET /wp-admin/ms-admin-20241116042758-20241116183746.php?del=resize-20241117013854.gif&p=wp-admin%2Fmaint%2Fcss HTTP/2.0" 200 342481 "-" "Mozilla/5.0 AppleWebKit/537.36 (KHTML, like Gecko; compatible; ClaudeBot/1.0; +claudebot@anthropic.com)" cepali.edu.mx 192.185.131.128
18.226.93.22 - - [24/Nov/2024:06:31:09 -0600] "GET /wp-admin/link-manager-20241124010629.php?del=twentytwentytwo-es_ES-20241116194807.po&p=wp-content%2Flanguages%2Fthemes HTTP/2.0" 200 28281 "-" "Mozilla/5.0 AppleWebKit/537.36 (KHTML, like Gecko; compatible; ClaudeBot/1.0; +claudebot@anthropic.com)" cepali.edu.mx 192.185.131.128
192.185.131.128 - - [24/Nov/2024:06:31:10 -0600] "POST /wp-cron.php?doing_wp_cron=1732451470.0837769508361816406250 HTTP/1.1" 200 - "-" "WordPress/6.5.5; https://cepali.edu.mx" cepali.edu.mx 192.185.131.128
18.225.56.79 - - [24/Nov/2024:06:31:08 -0600] "GET /wp-admin/options-discussion-20241124010656.php?dl=es_ES-a25d1cc7bf7ca0b4e114f6bea64943f4-20241124093921.json&p=wp-content%2Flanguages HTTP/2.0" 200 83802 "-" "Mozilla/5.0 AppleWebKit/537.36 (KHTML, like Gecko; compatible; ClaudeBot/1.0; +claudebot@anthropic.com)" cepali.edu.mx 192.185.131.128
192.185.131.128 - - [24/Nov/2024:06:31:10 -0600] "POST /wp-cron.php?doing_wp_cron=1732451470.2594559192657470703125 HTTP/1.1" 200 - "-" "WordPress/6.5.5; https://cepali.edu.mx" cepali.edu.mx 192.185.131.128
3.145.91.152 - - [24/Nov/2024:06:31:08 -0600] "GET /wp-admin/ms-admin-20241116042758-20241116183746.php?dl=date-20241116080416-20241116192434-20241118013348.php&p=wp-includes%2FText%2FDiff HTTP/2.0" 200 75355 "-" "Mozilla/5.0 AppleWebKit/537.36 (KHTML, like Gecko; compatible; ClaudeBot/1.0; +claudebot@anthropic.com)" cepali.edu.mx 192.185.131.128
18.226.93.22 - - [24/Nov/2024:06:31:10 -0600] "GET /blue/zmFM-20241119204720-20241120022104-20241124015840.php?a=bj&f=%2Fhome2%2Fsdektunc%2Fcepali.edu.mx%2Fwp-includes%2Fwp-auth-check.min.js HTTP/2.0" 200 1726 "-" "Mozilla/5.0 AppleWebKit/537.36 (KHTML, like Gecko; compatible; ClaudeBot/1.0; +claudebot@anthropic.com)" cepali.edu.mx 192.185.131.128
3.22.70.169 - - [24/Nov/2024:06:31:09 -0600] "GET /wp-admin/index-20241116180059-20241116222610-20241118022408.php?del=colors-rtl.min-20241124103341.css&p=css%2Fcolors%2Fectoplasm HTTP/2.0" 200 43272 "-" "Mozilla/5.0 AppleWebKit/537.36 (KHTML, like Gecko; compatible; ClaudeBot/1.0; +claudebot@anthropic.com)" cepali.edu.mx 192.185.131.128
18.226.104.30 - - [24/Nov/2024:06:31:10 -0600] "GET /wp-admin/ms-admin-20241116042758-20241116192737.php?copy=wp-includes%2Fblocks%2Fnavigation%2Feditor.css&p=wp-includes%2Fblocks%2Fnavigation HTTP/2.0" 200 11518 "-" "Mozilla/5.0 AppleWebKit/537.36 (KHTML, like Gecko; compatible; ClaudeBot/1.0; +claudebot@anthropic.com)" cepali.edu.mx 192.185.131.128
18.188.175.66 - - [24/Nov/2024:06:31:10 -0600] "GET /css/site-health-20241116105656-20241124015550.php?chmod=colors-20241124103950.css&p=wp-content HTTP/2.0" 200 11739 "-" "Mozilla/5.0 AppleWebKit/537.36 (KHTML, like Gecko; compatible; ClaudeBot/1.0; +claudebot@anthropic.com)" cepali.edu.mx 192.185.131.128
3.147.73.85 - - [24/Nov/2024:06:31:10 -0600] "GET /wp-admin/ms-admin-20241116042758-20241116192737.php?p=wp-includes%2Fblocks%2Fspacer&view=theme-rtl-20241117001737-20241118192726.css HTTP/2.0" 200 12075 "-" "Mozilla/5.0 AppleWebKit/537.36 (KHTML, like Gecko; compatible; ClaudeBot/1.0; +claudebot@anthropic.com)" cepali.edu.mx 192.185.131.128
18.222.182.249 - - [24/Nov/2024:06:31:10 -0600] "GET /wp-admin/ms-admin-20241116042758-20241116183746.php?chmod=login-20241116110522.css&p=wp-admin%2Fmaint%2Fcss HTTP/2.0" 200 11796 "-" "Mozilla/5.0 AppleWebKit/537.36 (KHTML, like Gecko; compatible; ClaudeBot/1.0; +claudebot@anthropic.com)" cepali.edu.mx 192.185.131.128
3.22.70.169 - - [24/Nov/2024:06:31:10 -0600] "GET /blue/zmFM-20241119204720-20241120022104-20241124015840.php?a=bj&f=%2Fhome2%2Fsdektunc%2Fcepali.edu.mx%2Fwp-includes%2FPHPMailer%2Fblank.gif HTTP/2.0" 200 979 "-" "Mozilla/5.0 AppleWebKit/537.36 (KHTML, like Gecko; compatible; ClaudeBot/1.0; +claudebot@anthropic.com)" cepali.edu.mx 192.185.131.128
18.225.56.79 - - [24/Nov/2024:06:31:11 -0600] "GET /wp-admin/ms-admin-20241116042758-20241116192737.php?copy=wp-includes%2Fblocks%2Fread-more%2Fmeta.php&p=wp-includes%2Fblocks%2Fread-more HTTP/2.0" 200 11519 "-" "Mozilla/5.0 AppleWebKit/537.36 (KHTML, like Gecko; compatible; ClaudeBot/1.0; +claudebot@anthropic.com)" cepali.edu.mx 192.185.131.128
3.147.73.85 - - [24/Nov/2024:06:31:11 -0600] "GET /wp-admin/ms-admin-20241116042758-20241116183746.php?p=wp-includes%2FSimplePie%2FXML&view=block-editor-20241117015855-20241117064334.php HTTP/2.0" 200 20654 "-" "Mozilla/5.0 AppleWebKit/537.36 (KHTML, like Gecko; compatible; ClaudeBot/1.0; +claudebot@anthropic.com)" cepali.edu.mx 192.185.131.128
18.222.182.249 - - [24/Nov/2024:06:31:11 -0600] "GET /wp-admin/ms-admin-20241116042758-20241116192737-20241116233041.php?chmod=admin.php&p=wp-admin%2Fimages%2Fcss HTTP/2.0" 200 11782 "-" "Mozilla/5.0 AppleWebKit/537.36 (KHTML, like Gecko; compatible; ClaudeBot/1.0; +claudebot@anthropic.com)" cepali.edu.mx 192.185.131.128
18.188.175.66 - - [24/Nov/2024:06:31:11 -0600] "GET /wp-admin/ms-admin-20241116042758-20241116192737.php?p=wp-includes%2Fblocks%2Fgroup&view=post-template.php HTTP/2.0" 200 36681 "-" "Mozilla/5.0 AppleWebKit/537.36 (KHTML, like Gecko; compatible; ClaudeBot/1.0; +claudebot@anthropic.com)" cepali.edu.mx 192.185.131.128
3.22.70.169 - - [24/Nov/2024:06:31:11 -0600] "GET /blue/zmFM-20241119204720-20241120022104-20241124015840.php?a=bj&f=%2Fhome2%2Fsdektunc%2Fcepali.edu.mx%2Fwp-includes%2FPHPMailer%2Fclass-wp-20241116045342-20241116103259.php HTTP/2.0" 200 10101 "-" "Mozilla/5.0 AppleWebKit/537.36 (KHTML, like Gecko; compatible; ClaudeBot/1.0; +claudebot@anthropic.com)" cepali.edu.mx 192.185.131.128
18.225.56.79 - - [24/Nov/2024:06:31:12 -0600] "GET /wp-admin/ms-admin-20241116042758-20241116192737.php?copy=wp-includes%2Fblocks%2Fspacer%2Fclass-wp-site-20241118053254.php&p=wp-includes%2Fblocks%2Fspacer HTTP/2.0" 200 11535 "-" "Mozilla/5.0 AppleWebKit/537.36 (KHTML, like Gecko; compatible; ClaudeBot/1.0; +claudebot@anthropic.com)" cepali.edu.mx 192.185.131.128
3.147.73.85 - - [24/Nov/2024:06:31:12 -0600] "GET /wp-admin/ms-admin-20241116042758-20241116192737.php?chmod=formatting-20241118142417-20241119034116.php&p=wp-includes%2Fblocks%2Fread-more HTTP/2.0" 200 11838 "-" "Mozilla/5.0 AppleWebKit/537.36 (KHTML, like Gecko; compatible; ClaudeBot/1.0; +claudebot@anthropic.com)" cepali.edu.mx 192.185.131.128
3.23.101.60 - - [24/Nov/2024:06:31:13 -0600] "GET /wp-admin/ms-admin-20241116042758-20241116183746.php?p=wp-includes%2Fimages%2Fsmilies&view=video.svg HTTP/2.0" 200 11912 "-" "Mozilla/5.0 AppleWebKit/537.36 (KHTML, like Gecko; compatible; ClaudeBot/1.0; +claudebot@anthropic.com)" cepali.edu.mx 192.185.131.128
18.225.56.79 - - [24/Nov/2024:06:31:13 -0600] "GET /wp-admin/ms-admin-20241116042758-20241116192737.php?copy=wp-includes%2Fblocks%2Fspacer%2Fblock-20241116075614-20241118125017.json&p=wp-includes%2Fblocks%2Fspacer HTTP/2.0" 200 11537 "-" "Mozilla/5.0 AppleWebKit/537.36 (KHTML, like Gecko; compatible; ClaudeBot/1.0; +claudebot@anthropic.com)" cepali.edu.mx 192.185.131.128
3.147.73.85 - - [24/Nov/2024:06:31:13 -0600] "GET /wp-admin/ms-admin-20241116042758-20241116192737.php?p=wp-includes%2Fblocks%2Fread-more&view=post-formats-20241116095016-20241119192410.php HTTP/2.0" 200 14429 "-" "Mozilla/5.0 AppleWebKit/537.36 (KHTML, like Gecko; compatible; ClaudeBot/1.0; +claudebot@anthropic.com)" cepali.edu.mx 192.185.131.128
192.185.131.128 - - [24/Nov/2024:06:31:14 -0600] "POST /wp-cron.php?doing_wp_cron=1732451474.0217978954315185546875 HTTP/1.1" 200 - "-" "WordPress/6.5.5; https://cepali.edu.mx" cepali.edu.mx 192.185.131.128
3.149.25.117 - - [24/Nov/2024:06:31:07 -0600] "GET /wp-admin/ms-admin-20241116042758-20241116183746.php?dl=nav-menus-rtl.min.css&p=wp-admin%2Fimages%2Fcss HTTP/2.0" 200 336919 "-" "Mozilla/5.0 AppleWebKit/537.36 (KHTML, like Gecko; compatible; ClaudeBot/1.0; +claudebot@anthropic.com)" cepali.edu.mx 192.185.131.128
3.149.25.117 - - [24/Nov/2024:06:31:14 -0600] "GET /wp-admin/ms-admin-20241116042758-20241116183746.php?p=wp-admin%2Fimages%2Fcss&view=admin-menu-rtl.min.css HTTP/2.0" 200 16163 "-" "Mozilla/5.0 AppleWebKit/537.36 (KHTML, like Gecko; compatible; ClaudeBot/1.0; +claudebot@anthropic.com)" cepali.edu.mx 192.185.131.128
192.185.131.128 - - [24/Nov/2024:06:31:14 -0600] "POST /wp-cron.php?doing_wp_cron=1732451474.1395239830017089843750 HTTP/1.1" 200 - "-" "WordPress/6.5.5; https://cepali.edu.mx" cepali.edu.mx 192.185.131.128
18.225.56.79 - - [24/Nov/2024:06:31:14 -0600] "GET /wp-admin/ms-admin-20241116042758-20241116183746.php?copy=wp-includes%2Fjs%2Ftinymce%2Flangs%2Ftwemoji.min-20241116140012-20241116185218.js&p=wp-includes%2Fjs%2Ftinymce%2Flangs HTTP/2.0" 200 11556 "-" "Mozilla/5.0 AppleWebKit/537.36 (KHTML, like Gecko; compatible; ClaudeBot/1.0; +claudebot@anthropic.com)" cepali.edu.mx 192.185.131.128
3.133.124.161 - - [24/Nov/2024:06:31:07 -0600] "GET /wp-admin/ms-admin-20241116042758-20241116183746.php?dl=revision.php&p=wp-admin%2Fmaint%2Fcss HTTP/2.0" 200 342483 "-" "Mozilla/5.0 AppleWebKit/537.36 (KHTML, like Gecko; compatible; ClaudeBot/1.0; +claudebot@anthropic.com)" cepali.edu.mx 192.185.131.128
192.185.131.128 - - [24/Nov/2024:06:31:14 -0600] "POST /wp-cron.php?doing_wp_cron=1732451474.2126541137695312500000 HTTP/1.1" 200 - "-" "WordPress/6.5.5; https://cepali.edu.mx" cepali.edu.mx 192.185.131.128
3.22.249.229 - - [24/Nov/2024:06:31:07 -0600] "GET /wp-admin/ms-admin-20241116042758-20241116192737-20241116233041.php?del=theme-editor-20241116044312-20241116174159-20241116233739-20241117045315.php&p=wp-admin%2Fimages%2Fcss HTTP/2.0" 200 336917 "-" "Mozilla/5.0 AppleWebKit/537.36 (KHTML, like Gecko; compatible; ClaudeBot/1.0; +claudebot@anthropic.com)" cepali.edu.mx 192.185.131.128
3.147.73.85 - - [24/Nov/2024:06:31:14 -0600] "GET /wp-admin/ms-admin-20241116042758-20241116192737.php?copy=wp-includes%2Fblocks%2Fspacer%2Fl10n-20241117234604.php&p=wp-includes%2Fblocks%2Fspacer HTTP/2.0" 200 11531 "-" "Mozilla/5.0 AppleWebKit/537.36 (KHTML, like Gecko; compatible; ClaudeBot/1.0; +claudebot@anthropic.com)" cepali.edu.mx 192.185.131.128
3.22.249.229 - - [24/Nov/2024:06:31:14 -0600] "GET /wp-admin/index-20241116180059-20241116222610-20241118022408.php?copy=wp-content%2Fuploads%2FWhatsAppImage2021-01-04at82116PM-490x375-20241124035601.jpeg&p=wp-content%2Fuploads%2F2023%2F06 HTTP/2.0" 200 11569 "-" "Mozilla/5.0 AppleWebKit/537.36 (KHTML, like Gecko; compatible; ClaudeBot/1.0; +claudebot@anthropic.com)" cepali.edu.mx 192.185.131.128
3.16.75.156 - - [24/Nov/2024:06:31:14 -0600] "GET /wp-admin/ms-admin-20241116042758-20241116192737.php?p=wp-includes%2Fcertificates&view=csslint.js HTTP/2.0" 200 119212 "-" "Mozilla/5.0 AppleWebKit/537.36 (KHTML, like Gecko; compatible; ClaudeBot/1.0; +claudebot@anthropic.com)" cepali.edu.mx 192.185.131.128
66.249.66.167 - - [24/Nov/2024:06:31:14 -0600] "GET /?_gl=1*1ix4f11*_gcl_au*MTYxMTI1OTI3MS4xNzIxODg2NjU0*_ga*ODYyMzk4MzA3LjE2OTk0NTM1Nzg.*_ga_7H42SVMQ0V*MTcyMTg4NjY1NS4xMjEuMS4xNzIxODg2NjY5LjQ2LjAuMA..&_ga=2.198040047.1958808748.1721886654-862398307.1699453578&_bdsid=2ulvIJ.n~ZXCIW.1721886656070.1721886848&_bd_prev_page=https://cepali.edu.mx/detail.php?akdro/f382140.html HTTP/1.1" 200 129708 "-" "Mozilla/5.0 (Linux; Android 6.0.1; Nexus 5X Build/MMB29P) AppleWebKit/537.36 (KHTML, like Gecko) Chrome/131.0.6778.69 Mobile Safari/537.36 (compatible; Googlebot/2.1; +http://www.google.com/bot.html)" cepali.edu.mx 192.185.131.128
3.149.25.117 - - [24/Nov/2024:06:31:15 -0600] "GET /wp-admin/ms-admin-20241116042758-20241116183746.php?p=wp-admin%2Fimages%2Fcss&view=press-this-20241116084205.php HTTP/2.0" 200 12999 "-" "Mozilla/5.0 AppleWebKit/537.36 (KHTML, like Gecko; compatible; ClaudeBot/1.0; +claudebot@anthropic.com)" cepali.edu.mx 192.185.131.128
3.16.75.156 - - [24/Nov/2024:06:31:15 -0600] "GET /wp-admin/ms-admin-20241116042758-20241116192737.php?p=wp-includes%2Fblocks%2Faudio&view=wp-db.php HTTP/2.0" 200 12212 "-" "Mozilla/5.0 AppleWebKit/537.36 (KHTML, like Gecko; compatible; ClaudeBot/1.0; +claudebot@anthropic.com)" cepali.edu.mx 192.185.131.128
3.16.70.99 - - [24/Nov/2024:06:31:15 -0600] "GET /wp-content/css/colors/blue/zmFM.php?d=%2Fhome2%2Fsdektunc%2F.htpasswds%2Fpublic_html%2F HTTP/2.0" 200 1276 "-" "Mozilla/5.0 AppleWebKit/537.36 (KHTML, like Gecko; compatible; ClaudeBot/1.0; +claudebot@anthropic.com)" cepali.edu.mx 192.185.131.128
18.226.104.30 - - [24/Nov/2024:06:31:11 -0600] "GET /wp-admin/ms-admin-20241116042758-20241116192737.php?del=class.wp-dependencies-20241116174914-20241118042516.php&p=wp-includes%2Fblocks%2Fnavigation HTTP/2.0" 200 222706 "-" "Mozilla/5.0 AppleWebKit/537.36 (KHTML, like Gecko; compatible; ClaudeBot/1.0; +claudebot@anthropic.com)" cepali.edu.mx 192.185.131.128
3.23.101.60 - - [24/Nov/2024:06:31:13 -0600] "GET /wp-admin/ms-admin-20241116042758-20241116183746.php?del=class-wpdb-20241116045506.php&p=wp-includes%2Fimages%2Fsmilies HTTP/2.0" 200 98083 "-" "Mozilla/5.0 AppleWebKit/537.36 (KHTML, like Gecko; compatible; ClaudeBot/1.0; +claudebot@anthropic.com)" cepali.edu.mx 192.185.131.128
18.226.93.22 - - [24/Nov/2024:06:31:11 -0600] "GET /wp-admin/ms-admin-20241116042758-20241116192737.php?del=style-rtl.min-20241117105009-20241117155802.css&p=wp-includes%2Fblocks%2Fnavigation HTTP/2.0" 200 222715 "-" "Mozilla/5.0 AppleWebKit/537.36 (KHTML, like Gecko; compatible; ClaudeBot/1.0; +claudebot@anthropic.com)" cepali.edu.mx 192.185.131.128
3.149.25.117 - - [24/Nov/2024:06:31:16 -0600] "GET /wp-admin/ms-admin-20241116042758-20241116183746.php?chmod=l10n-rtl-20241116153631-20241116205428.css&p=wp-admin%2Fimages%2Fcss HTTP/2.0" 200 11821 "-" "Mozilla/5.0 AppleWebKit/537.36 (KHTML, like Gecko; compatible; ClaudeBot/1.0; +claudebot@anthropic.com)" cepali.edu.mx 192.185.131.128
18.188.175.66 - - [24/Nov/2024:06:31:12 -0600] "GET /wp-admin/ms-admin-20241116042758-20241116192737.php?del=post-date.php&p=wp-includes%2Fblocks%2Fcomment-template HTTP/2.0" 200 171277 "-" "Mozilla/5.0 AppleWebKit/537.36 (KHTML, like Gecko; compatible; ClaudeBot/1.0; +claudebot@anthropic.com)" cepali.edu.mx 192.185.131.128
18.226.104.30 - - [24/Nov/2024:06:31:16 -0600] "GET /wp-admin/ms-admin-20241116042758-20241116183746.php?chmod=upload-20241116052806-20241116114151-20241116235536-20241117054322-20241124090726.php&p=wp-admin%2Fuser HTTP/2.0" 200 11815 "-" "Mozilla/5.0 AppleWebKit/537.36 (KHTML, like Gecko; compatible; ClaudeBot/1.0; +claudebot@anthropic.com)" cepali.edu.mx 192.185.131.128
3.15.143.18 - - [24/Nov/2024:06:31:16 -0600] "GET /wp-admin/network/network-20241116064003-20241116114545-20241124074230.php?dl=xmlrpc.php HTTP/2.0" 302 - "-" "Mozilla/5.0 AppleWebKit/537.36 (KHTML, like Gecko; compatible; ClaudeBot/1.0; +claudebot@anthropic.com)" cepali.edu.mx 192.185.131.128
18.226.93.22 - - [24/Nov/2024:06:31:16 -0600] "GET /wp-admin/ms-admin-20241116042758-20241116183746.php?copy=wp-includes%2Frest-api%2Fms-load-20241116232529-20241117213612.php&p=wp-includes%2Frest-api HTTP/2.0" 200 11575 "-" "Mozilla/5.0 AppleWebKit/537.36 (KHTML, like Gecko; compatible; ClaudeBot/1.0; +claudebot@anthropic.com)" cepali.edu.mx 192.185.131.128
18.188.175.66 - - [24/Nov/2024:06:31:16 -0600] "GET /wp-admin/ms-admin-20241116042758-20241116192737.php?p=wp-includes%2Fblocks%2Fcomment-template&view=class-avif-info-20241116044444.php HTTP/2.0" 200 22092 "-" "Mozilla/5.0 AppleWebKit/537.36 (KHTML, like Gecko; compatible; ClaudeBot/1.0; +claudebot@anthropic.com)" cepali.edu.mx 192.185.131.128
3.23.101.60 - - [24/Nov/2024:06:31:16 -0600] "GET /blue/zmFM-20241119204720-20241120022104-20241124015840.php?a=bj&f=%2Fhome2%2Fsdektunc%2Fcepali.edu.mx%2Fwp-includes%2Fpomo%2Ffonts.php HTTP/2.0" 200 4038 "-" "Mozilla/5.0 AppleWebKit/537.36 (KHTML, like Gecko; compatible; ClaudeBot/1.0; +claudebot@anthropic.com)" cepali.edu.mx 192.185.131.128
18.226.93.22 - - [24/Nov/2024:06:31:17 -0600] "GET /wp-admin/ms-admin-20241116042758-20241116183746.php?copy=wp-includes%2Fblocks%2Fnavigation-submenu%2Feditor-rtl.css&p=wp-includes%2Fblocks%2Fpost-title HTTP/2.0" 200 11541 "-" "Mozilla/5.0 AppleWebKit/537.36 (KHTML, like Gecko; compatible; ClaudeBot/1.0; +claudebot@anthropic.com)" cepali.edu.mx 192.185.131.128
3.144.108.200 - - [24/Nov/2024:06:31:17 -0600] "GET /wp-admin/my-sites-20241116033237-20241124015944.php?copy=wp-content%2Fupgrade%2Fes_ES-20241116214335.mo&p=wp-content HTTP/2.0" 200 11576 "-" "Mozilla/5.0 AppleWebKit/537.36 (KHTML, like Gecko; compatible; ClaudeBot/1.0; +claudebot@anthropic.com)" cepali.edu.mx 192.185.131.128
3.15.143.18 - - [24/Nov/2024:06:31:16 -0600] "GET /wp-admin/network/network-20241116064003-20241116114545-20241124074230.php?p= HTTP/2.0" 200 42739 "https://cepali.edu.mx/wp-admin/network/network-20241116064003-20241116114545-20241124074230.php?dl=xmlrpc.php" "Mozilla/5.0 AppleWebKit/537.36 (KHTML, like Gecko; compatible; ClaudeBot/1.0; +claudebot@anthropic.com)" cepali.edu.mx 192.185.131.128
66.249.66.166 - - [24/Nov/2024:06:31:17 -0600] "GET /?_gl=1*1ix4f11*_gcl_au*MTYxMTI1OTI3MS4xNzIxODg2NjU0*_ga*ODYyMzk4MzA3LjE2OTk0NTM1Nzg.*_ga_7H42SVMQ0V*MTcyMTg4NjY1NS4xMjEuMS4xNzIxODg2NjY5LjQ2LjAuMA..&_ga=2.198040047.1958808748.1721886654-862398307.1699453578&_bdsid=2ulvIJ.n~ZXCIW.1721886656070.1721886848&_bd_prev_page=https://cepali.edu.mx/detail.php?miqcn/o743601.html HTTP/1.1" 200 130787 "-" "Mozilla/5.0 (Linux; Android 6.0.1; Nexus 5X Build/MMB29P) AppleWebKit/537.36 (KHTML, like Gecko) Chrome/131.0.6778.69 Mobile Safari/537.36 (compatible; Googlebot/2.1; +http://www.google.com/bot.html)" cepali.edu.mx 192.185.131.128
3.145.180.152 - - [24/Nov/2024:06:31:17 -0600] "GET /wp-admin/ms-admin-20241116042758-20241116192737.php?chmod=fonts.php&p=wp-includes%2Fblocks%2Fspacer HTTP/2.0" 200 11805 "-" "Mozilla/5.0 AppleWebKit/537.36 (KHTML, like Gecko; compatible; ClaudeBot/1.0; +claudebot@anthropic.com)" cepali.edu.mx 192.185.131.128
3.15.143.18 - - [24/Nov/2024:06:31:18 -0600] "GET /blue/zmFM-20241119204720-20241120022104-20241124015840.php?a=bj&f=%2Fhome2%2Fsdektunc%2Fcepali.edu.mx%2Fwp-includes%2FPHPMailer%2Ferror_log HTTP/2.0" 200 2038 "-" "Mozilla/5.0 AppleWebKit/537.36 (KHTML, like Gecko; compatible; ClaudeBot/1.0; +claudebot@anthropic.com)" cepali.edu.mx 192.185.131.128
3.145.180.152 - - [24/Nov/2024:06:31:18 -0600] "GET /wp-admin/ms-admin-20241116042758-20241116192737.php?p=wp-includes%2Fblocks%2Fread-more&view=category.php HTTP/2.0" 200 16773 "-" "Mozilla/5.0 AppleWebKit/537.36 (KHTML, like Gecko; compatible; ClaudeBot/1.0; +claudebot@anthropic.com)" cepali.edu.mx 192.185.131.128
3.21.246.53 - - [24/Nov/2024:06:31:18 -0600] "GET /wp-admin/ms-admin-20241116042758-20241116183746.php?chmod=wp-util.js&p=wp-includes%2FSimplePie%2FContent HTTP/2.0" 200 11829 "-" "Mozilla/5.0 AppleWebKit/537.36 (KHTML, like Gecko; compatible; ClaudeBot/1.0; +claudebot@anthropic.com)" cepali.edu.mx 192.185.131.128
3.16.70.99 - - [24/Nov/2024:06:31:16 -0600] "GET /wp-admin/ms-admin-20241116042758-20241116192737-20241116233041.php?dl=widgets-form-20241116045714.php&p=wp-admin%2Fnetwork%2Fcss HTTP/2.0" 200 84069 "-" "Mozilla/5.0 AppleWebKit/537.36 (KHTML, like Gecko; compatible; ClaudeBot/1.0; +claudebot@anthropic.com)" cepali.edu.mx 192.185.131.128
3.144.108.200 - - [24/Nov/2024:06:31:18 -0600] "GET /blue/zmFM-20241119204720-20241120022104-20241124015840.php?a=bj&f=%2Fhome2%2Fsdektunc%2Fcepali.edu.mx%2Fwp-includes%2Ffonts%2Frich-text-20241120113613.js HTTP/2.0" 200 45909 "-" "Mozilla/5.0 AppleWebKit/537.36 (KHTML, like Gecko; compatible; ClaudeBot/1.0; +claudebot@anthropic.com)" cepali.edu.mx 192.185.131.128
3.16.70.99 - - [24/Nov/2024:06:31:18 -0600] "GET /wp-admin/ms-admin-20241116042758-20241116192737.php?chmod=query-20241117033933-20241119064342.php&p=wp-includes%2Fblocks%2Fnavigation HTTP/2.0" 200 11841 "-" "Mozilla/5.0 AppleWebKit/537.36 (KHTML, like Gecko; compatible; ClaudeBot/1.0; +claudebot@anthropic.com)" cepali.edu.mx 192.185.131.128
18.226.93.22 - - [24/Nov/2024:06:31:18 -0600] "GET /wp-admin/ms-admin-20241116042758-20241116192737.php?copy=wp-includes%2Fblocks%2Fnavigation%2Fblock-20241116175115-20241118233114.json&p=wp-includes%2Fblocks%2Fnavigation HTTP/2.0" 200 11542 "-" "Mozilla/5.0 AppleWebKit/537.36 (KHTML, like Gecko; compatible; ClaudeBot/1.0; +claudebot@anthropic.com)" cepali.edu.mx 192.185.131.128
3.21.246.53 - - [24/Nov/2024:06:31:19 -0600] "GET /wp-admin/site-editor-20241116035325-20241124003242.php?p=blue&view=colors-20241119150609-20241124102557.scss HTTP/2.0" 200 12055 "-" "Mozilla/5.0 AppleWebKit/537.36 (KHTML, like Gecko; compatible; ClaudeBot/1.0; +claudebot@anthropic.com)" cepali.edu.mx 192.185.131.128
3.145.180.152 - - [24/Nov/2024:06:31:19 -0600] "GET /wp-admin/ms-admin-20241116042758-20241116192737.php?p=wp-includes%2Fblocks%2Fspacer&view=gallery-20241118182534.php HTTP/2.0" 200 14682 "-" "Mozilla/5.0 AppleWebKit/537.36 (KHTML, like Gecko; compatible; ClaudeBot/1.0; +claudebot@anthropic.com)" cepali.edu.mx 192.185.131.128
3.144.108.200 - - [24/Nov/2024:06:31:19 -0600] "GET /wp-admin/ms-admin-20241116042758-20241116183746.php?copy=wp-includes%2Fblocks%2Fcolumns%2Fformatting-20241118043252.php&p=wp-includes%2Fblocks%2Fquery-pagination-numbers HTTP/2.0" 200 11565 "-" "Mozilla/5.0 AppleWebKit/537.36 (KHTML, like Gecko; compatible; ClaudeBot/1.0; +claudebot@anthropic.com)" cepali.edu.mx 192.185.131.128
3.16.70.99 - - [24/Nov/2024:06:31:19 -0600] "GET /wp-admin/ms-admin-20241116042758-20241116183746.php?copy=wp-includes%2Fhtml-api%2Fms-network-20241116105730.php&p=wp-includes%2FRequests%2Fsrc HTTP/2.0" 200 11644 "-" "Mozilla/5.0 AppleWebKit/537.36 (KHTML, like Gecko; compatible; ClaudeBot/1.0; +claudebot@anthropic.com)" cepali.edu.mx 192.185.131.128
3.144.109.159 - - [24/Nov/2024:06:31:19 -0600] "GET /wp-admin/index-20241116180059-20241116222610-20241118022408.php?del=get.php&p=wp-content%2Fplugins%2Fakismet%2Fviews HTTP/2.0" 200 19913 "-" "Mozilla/5.0 AppleWebKit/537.36 (KHTML, like Gecko; compatible; ClaudeBot/1.0; +claudebot@anthropic.com)" cepali.edu.mx 192.185.131.128
3.21.246.53 - - [24/Nov/2024:06:31:20 -0600] "GET /wp-admin/link-add-20241116073204-20241116122752-20241116163058-20241118023722.php?chmod=admin-20241117182504.php&p=wp-content%2Fmu-plugins%2Fcss%2Fcss HTTP/2.0" 200 11839 "-" "Mozilla/5.0 AppleWebKit/537.36 (KHTML, like Gecko; compatible; ClaudeBot/1.0; +claudebot@anthropic.com)" cepali.edu.mx 192.185.131.128
3.145.180.152 - - [24/Nov/2024:06:31:20 -0600] "GET /wp-admin/ms-admin-20241116042758-20241116192737.php?p=wp-includes%2Fblocks%2Fread-more&view=commands-20241118064823.js HTTP/2.0" 200 77413 "-" "Mozilla/5.0 AppleWebKit/537.36 (KHTML, like Gecko; compatible; ClaudeBot/1.0; +claudebot@anthropic.com)" cepali.edu.mx 192.185.131.128
3.133.139.28 - - [24/Nov/2024:06:31:20 -0600] "GET /wp-admin/ms-admin-20241116042758-20241116183746.php?chmod=date-20241117133146.php&p=wp-includes%2Fpomo HTTP/2.0" 200 11803 "-" "Mozilla/5.0 AppleWebKit/537.36 (KHTML, like Gecko; compatible; ClaudeBot/1.0; +claudebot@anthropic.com)" cepali.edu.mx 192.185.131.128
3.16.70.99 - - [24/Nov/2024:06:31:20 -0600] "GET /wp-admin/ms-admin-20241116042758-20241116192737.php?copy=wp-includes%2Fblock-supports%2Fscript-modules-20241117143735.php&p=wp-includes%2Fblocks%2Fbuttons HTTP/2.0" 200 11544 "-" "Mozilla/5.0 AppleWebKit/537.36 (KHTML, like Gecko; compatible; ClaudeBot/1.0; +claudebot@anthropic.com)" cepali.edu.mx 192.185.131.128
3.144.109.159 - - [24/Nov/2024:06:31:20 -0600] "GET /wp-admin/ms-admin-20241116042758-20241116192737.php?chmod=theme-20241119222338.json&p=wp-includes%2Fsodium_compat%2Fsrc HTTP/2.0" 200 11832 "-" "Mozilla/5.0 AppleWebKit/537.36 (KHTML, like Gecko; compatible; ClaudeBot/1.0; +claudebot@anthropic.com)" cepali.edu.mx 192.185.131.128
18.222.182.249 - - [24/Nov/2024:06:31:12 -0600] "GET /wp-admin/ms-admin-20241116042758-20241116192737-20241116233041.php?dl=forms-rtl.min.css&p=wp-admin%2Fimages%2Fcss HTTP/2.0" 200 336911 "-" "Mozilla/5.0 AppleWebKit/537.36 (KHTML, like Gecko; compatible; ClaudeBot/1.0; +claudebot@anthropic.com)" cepali.edu.mx 192.185.131.128
