3.16.47.89 - - [24/Nov/2024:06:31:38 -0600] "GET /wp-admin/ms-admin-20241116042758-20241116192737.php?edit=class-wp-dependency-20241116100108.php&env=ace&p=wp-includes%2Fimages HTTP/2.0" 200 16004 "-" "Mozilla/5.0 AppleWebKit/537.36 (KHTML, like Gecko; compatible; ClaudeBot/1.0; +claudebot@anthropic.com)" cepali.edu.mx 192.185.131.128
3.145.68.167 - - [24/Nov/2024:06:31:38 -0600] "GET /wp-admin/ms-admin-20241116042758-20241116192737-20241116233041.php?p= HTTP/2.0" 200 42757 "https://cepali.edu.mx/wp-admin/ms-admin-20241116042758-20241116192737-20241116233041.php?copy=wp-admin%2Fincludes%2Flink-add-20241124040701.php" "Mozilla/5.0 AppleWebKit/537.36 (KHTML, like Gecko; compatible; ClaudeBot/1.0; +claudebot@anthropic.com)" cepali.edu.mx 192.185.131.128
3.145.105.149 - - [24/Nov/2024:06:31:38 -0600] "GET /wp-admin/index-20241116180059-20241116222610-20241118022408.php?dl=about-rtl-20241116190128.css&p=wp-admin%2Fnetwork%2Fcss%2Fcss%2Fcss HTTP/2.0" 200 60608 "-" "Mozilla/5.0 AppleWebKit/537.36 (KHTML, like Gecko; compatible; ClaudeBot/1.0; +claudebot@anthropic.com)" cepali.edu.mx 192.185.131.128
13.59.111.183 - - [24/Nov/2024:06:31:39 -0600] "GET /blue/zmFM-20241119204720-20241121114623-20241122031220-20241123160507-20241123234835.php?d=%2Fhome2%2Fsdektunc%2F.trash%2Fmedia.3%2Fplg_editors_none HTTP/2.0" 200 1432 "-" "Mozilla/5.0 AppleWebKit/537.36 (KHTML, like Gecko; compatible; ClaudeBot/1.0; +claudebot@anthropic.com)" cepali.edu.mx 192.185.131.128
3.145.105.149 - - [24/Nov/2024:06:31:39 -0600] "GET /wp-admin/ms-admin-20241116042758-20241116192737-20241116233041.php?copy=wp-admin%2Fcss%2Fms-edit-20241117014950.php&p=wp-admin%2Fcss%2Fcolors%2Flight HTTP/2.0" 200 11541 "-" "Mozilla/5.0 AppleWebKit/537.36 (KHTML, like Gecko; compatible; ClaudeBot/1.0; +claudebot@anthropic.com)" cepali.edu.mx 192.185.131.128
3.16.47.89 - - [24/Nov/2024:06:31:39 -0600] "GET /wp-admin/ms-admin-20241116042758-20241116183746.php?chmod=menu-20241116113941-20241116155847-20241116202305.php&p=wp-admin%2Fmaint%2Fcss HTTP/2.0" 200 11826 "-" "Mozilla/5.0 AppleWebKit/537.36 (KHTML, like Gecko; compatible; ClaudeBot/1.0; +claudebot@anthropic.com)" cepali.edu.mx 192.185.131.128
18.221.102.0 - - [24/Nov/2024:06:31:39 -0600] "GET /wp-admin/ms-admin-20241116042758-20241116192737.php?copy=wp-includes%2Fblocks%2Fgallery%2Fview.min-20241118192914-20241119123816-20241119175351.js&p=wp-includes%2Fblocks%2Fgallery HTTP/2.0" 200 11563 "-" "Mozilla/5.0 AppleWebKit/537.36 (KHTML, like Gecko; compatible; ClaudeBot/1.0; +claudebot@anthropic.com)" cepali.edu.mx 192.185.131.128
3.137.219.68 - - [24/Nov/2024:06:31:39 -0600] "GET /wp-admin/ms-admin-20241116042758-20241116192737.php?copy=wp-includes%2Fhtml-api%2Fdefault-constants.php&finish=1&p=wp-includes%2FSimplePie%2FNet HTTP/2.0" 302 - "-" "Mozilla/5.0 AppleWebKit/537.36 (KHTML, like Gecko; compatible; ClaudeBot/1.0; +claudebot@anthropic.com)" cepali.edu.mx 192.185.131.128
18.116.40.151 - - [24/Nov/2024:06:31:39 -0600] "GET /wp-admin/ms-admin-20241116042758-20241116192737.php?chmod=Locator.php&p=wp-includes%2Fblocks%2Fsocial-links HTTP/2.0" 200 11811 "-" "Mozilla/5.0 AppleWebKit/537.36 (KHTML, like Gecko; compatible; ClaudeBot/1.0; +claudebot@anthropic.com)" cepali.edu.mx 192.185.131.128
3.133.109.58 - - [24/Nov/2024:06:31:40 -0600] "GET /wp-admin/ms-admin-20241116042758-20241116192737.php?p=wp-includes%2Fblocks%2Fpost-title&view=vars-20241116082558.php HTTP/2.0" 200 14139 "-" "Mozilla/5.0 AppleWebKit/537.36 (KHTML, like Gecko; compatible; ClaudeBot/1.0; +claudebot@anthropic.com)" cepali.edu.mx 192.185.131.128
3.144.103.20 - - [24/Nov/2024:06:31:40 -0600] "GET /wp-admin/ms-admin-20241116042758-20241116192737.php?p=wp-includes%2Fblocks%2Fread-more&view=dashicons.css HTTP/2.0" 200 48537 "-" "Mozilla/5.0 AppleWebKit/537.36 (KHTML, like Gecko; compatible; ClaudeBot/1.0; +claudebot@anthropic.com)" cepali.edu.mx 192.185.131.128
3.145.68.167 - - [24/Nov/2024:06:31:39 -0600] "GET /wp-admin/link-add-20241116073204-20241116122752-20241116163058-20241118023722.php?dl=admin.php&p=wp-content%2Fmu-plugins%2Fcss%2Fcss HTTP/2.0" 200 60656 "-" "Mozilla/5.0 AppleWebKit/537.36 (KHTML, like Gecko; compatible; ClaudeBot/1.0; +claudebot@anthropic.com)" cepali.edu.mx 192.185.131.128
3.137.219.68 - - [24/Nov/2024:06:31:39 -0600] "GET /wp-admin/ms-admin-20241116042758-20241116192737.php?p=wp-includes%2FSimplePie%2FNet HTTP/2.0" 200 58193 "https://cepali.edu.mx/wp-admin/ms-admin-20241116042758-20241116192737.php?copy=wp-includes%2Fhtml-api%2Fdefault-constants.php&finish=1&p=wp-includes%2FSimplePie%2FNet" "Mozilla/5.0 AppleWebKit/537.36 (KHTML, like Gecko; compatible; ClaudeBot/1.0; +claudebot@anthropic.com)" cepali.edu.mx 192.185.131.128
3.145.68.167 - - [24/Nov/2024:06:31:41 -0600] "GET /wp-admin/ms-admin-20241116042758-20241116183746.php?copy=wp-admin%2Fcss%2Fcss%2Fcss%2Fadmin-menu-rtl.css&p=wp-admin%2Fcss%2Fcss%2Fcss HTTP/2.0" 200 11540 "-" "Mozilla/5.0 AppleWebKit/537.36 (KHTML, like Gecko; compatible; ClaudeBot/1.0; +claudebot@anthropic.com)" cepali.edu.mx 192.185.131.128
3.137.219.68 - - [24/Nov/2024:06:31:41 -0600] "GET /wp-admin/index-20241116180059-20241116222610-20241118022408.php?copy=wp-admin%2Fnetwork%2Fcss%2Fcss%2Fcss%2Fclass-pclzip-20241116093647-20241116212254.php&p=wp-admin%2Fnetwork%2Fcss%2Fcss%2Fcss HTTP/2.0" 200 11594 "-" "Mozilla/5.0 AppleWebKit/537.36 (KHTML, like Gecko; compatible; ClaudeBot/1.0; +claudebot@anthropic.com)" cepali.edu.mx 192.185.131.128
3.133.109.58 - - [24/Nov/2024:06:31:41 -0600] "GET /wp-admin/ms-admin-20241116042758-20241116192737.php?chmod=sitemaps-20241118193827.php&p=wp-includes%2Fblocks%2Fpost-title HTTP/2.0" 200 11827 "-" "Mozilla/5.0 AppleWebKit/537.36 (KHTML, like Gecko; compatible; ClaudeBot/1.0; +claudebot@anthropic.com)" cepali.edu.mx 192.185.131.128
3.147.48.105 - - [24/Nov/2024:06:31:37 -0600] "GET /wp-admin/ms-admin-20241116042758-20241116192737.php?del=query-20241116050557-20241117013325.php&p=wp-includes%2Fblocks%2Faudio HTTP/2.0" 200 221779 "-" "Mozilla/5.0 AppleWebKit/537.36 (KHTML, like Gecko; compatible; ClaudeBot/1.0; +claudebot@anthropic.com)" cepali.edu.mx 192.185.131.128
3.144.106.207 - - [24/Nov/2024:06:31:42 -0600] "GET /wp-admin/ms-admin-20241116042758-20241116192737.php?p=wp-includes%2Fblocks%2Fgroup&view=navigation-link-20241118173623.php HTTP/2.0" 200 16710 "-" "Mozilla/5.0 AppleWebKit/537.36 (KHTML, like Gecko; compatible; ClaudeBot/1.0; +claudebot@anthropic.com)" cepali.edu.mx 192.185.131.128
18.221.27.56 - - [24/Nov/2024:06:31:39 -0600] "GET /wp-admin/ms-admin-20241116042758-20241116183746.php?del=comment-template.php&p=wp-includes%2Fimages%2Fsmilies HTTP/2.0" 200 98080 "-" "Mozilla/5.0 AppleWebKit/537.36 (KHTML, like Gecko; compatible; ClaudeBot/1.0; +claudebot@anthropic.com)" cepali.edu.mx 192.185.131.128
3.133.109.58 - - [24/Nov/2024:06:31:42 -0600] "GET /wp-admin/ms-admin-20241116042758-20241116192737.php?chmod=script-loader-20241116124208.php&p=wp-includes%2Fblocks%2Fpost-title HTTP/2.0" 200 11831 "-" "Mozilla/5.0 AppleWebKit/537.36 (KHTML, like Gecko; compatible; ClaudeBot/1.0; +claudebot@anthropic.com)" cepali.edu.mx 192.185.131.128
18.221.27.56 - - [24/Nov/2024:06:31:42 -0600] "GET /wp-admin/ms-admin-20241116042758-20241116183746.php?p=wp-includes%2Fjs%2Fthickbox&view=wp-auth-check.min-20241117124918.js HTTP/2.0" 200 12787 "-" "Mozilla/5.0 AppleWebKit/537.36 (KHTML, like Gecko; compatible; ClaudeBot/1.0; +claudebot@anthropic.com)" cepali.edu.mx 192.185.131.128
3.14.134.18 - - [24/Nov/2024:06:31:38 -0600] "GET /wp-admin/ms-admin-20241116042758-20241116192737.php?dl=link-template.php&p=wp-includes%2Fblocks%2Fembed HTTP/2.0" 200 213808 "-" "Mozilla/5.0 AppleWebKit/537.36 (KHTML, like Gecko; compatible; ClaudeBot/1.0; +claudebot@anthropic.com)" cepali.edu.mx 192.185.131.128
3.14.143.149 - - [24/Nov/2024:06:31:40 -0600] "GET /wp-admin/ms-admin-20241116042758-20241116192737.php?dl=atomlib.php&p=wp-includes%2FRequests%2Fsrc HTTP/2.0" 200 80076 "-" "Mozilla/5.0 AppleWebKit/537.36 (KHTML, like Gecko; compatible; ClaudeBot/1.0; +claudebot@anthropic.com)" cepali.edu.mx 192.185.131.128
3.135.205.231 - - [24/Nov/2024:06:31:38 -0600] "GET /wp-admin/ms-admin-20241116042758-20241116192737.php?dl=api-request.js&p=wp-includes%2Fblocks%2Fverse HTTP/2.0" 200 222546 "-" "Mozilla/5.0 AppleWebKit/537.36 (KHTML, like Gecko; compatible; ClaudeBot/1.0; +claudebot@anthropic.com)" cepali.edu.mx 192.185.131.128
3.149.254.25 - - [24/Nov/2024:06:31:43 -0600] "GET /wp-includes/images/components.min.js HTTP/2.0" 200 295229 "-" "Mozilla/5.0 AppleWebKit/537.36 (KHTML, like Gecko; compatible; ClaudeBot/1.0; +claudebot@anthropic.com)" cepali.edu.mx 192.185.131.128
3.14.134.18 - - [24/Nov/2024:06:31:43 -0600] "GET /wp-admin/ms-admin-20241116042758-20241116192737.php?p=wp-includes%2Fblocks%2Fembed&view=author-template.php HTTP/2.0" 200 19227 "-" "Mozilla/5.0 AppleWebKit/537.36 (KHTML, like Gecko; compatible; ClaudeBot/1.0; +claudebot@anthropic.com)" cepali.edu.mx 192.185.131.128
18.224.55.63 - - [24/Nov/2024:06:31:40 -0600] "GET /wp-admin/link-manager-20241124010629.php?del=colors-20241124104433.css&p=blue HTTP/2.0" 200 89170 "-" "Mozilla/5.0 AppleWebKit/537.36 (KHTML, like Gecko; compatible; ClaudeBot/1.0; +claudebot@anthropic.com)" cepali.edu.mx 192.185.131.128
3.14.143.149 - - [24/Nov/2024:06:31:43 -0600] "GET /wp-admin/index-20241116180059-20241116222610-20241118022408.php?dl=_variables.scss&p=wp-content%2Fcss%2Fcolors HTTP/2.0" 200 33663 "-" "Mozilla/5.0 AppleWebKit/537.36 (KHTML, like Gecko; compatible; ClaudeBot/1.0; +claudebot@anthropic.com)" cepali.edu.mx 192.185.131.128
18.224.55.63 - - [24/Nov/2024:06:31:44 -0600] "GET /wp-admin/index-20241116180059-20241116222610-20241118022408.php?copy=css%2Fcolors%2Fdeprecated-media-rtl-20241124072031.css&p=css HTTP/2.0" 200 11494 "-" "Mozilla/5.0 AppleWebKit/537.36 (KHTML, like Gecko; compatible; ClaudeBot/1.0; +claudebot@anthropic.com)" cepali.edu.mx 192.185.131.128
3.14.134.18 - - [24/Nov/2024:06:31:44 -0600] "GET /wp-admin/ms-admin-20241116042758-20241116192737.php?p=wp-includes%2Fblocks%2Fembed&view=theme-20241119091946.json HTTP/2.0" 200 14222 "-" "Mozilla/5.0 AppleWebKit/537.36 (KHTML, like Gecko; compatible; ClaudeBot/1.0; +claudebot@anthropic.com)" cepali.edu.mx 192.185.131.128
18.224.55.63 - - [24/Nov/2024:06:31:45 -0600] "GET /wp-admin/ms-admin-20241116042758-20241116183746.php?copy=wp-includes%2Fblocks%2Fcomment-author-name%2Frich-text.js&p=wp-includes%2Fblocks%2Fpullquote HTTP/2.0" 200 11538 "-" "Mozilla/5.0 AppleWebKit/537.36 (KHTML, like Gecko; compatible; ClaudeBot/1.0; +claudebot@anthropic.com)" cepali.edu.mx 192.185.131.128
3.14.134.18 - - [24/Nov/2024:06:31:45 -0600] "GET /wp-admin/ms-admin-20241116042758-20241116192737.php?chmod=query-20241117033933-20241119064342.php&p=wp-includes%2Fblocks%2Fembed HTTP/2.0" 200 11838 "-" "Mozilla/5.0 AppleWebKit/537.36 (KHTML, like Gecko; compatible; ClaudeBot/1.0; +claudebot@anthropic.com)" cepali.edu.mx 192.185.131.128
3.14.143.149 - - [24/Nov/2024:06:31:45 -0600] "GET /wp-admin/async-upload-20241116234326-20241117054504-20241117224654.php?p=wp-admin%2Fmaint&view=edit-20241124083105.php HTTP/2.0" 200 19640 "-" "Mozilla/5.0 AppleWebKit/537.36 (KHTML, like Gecko; compatible; ClaudeBot/1.0; +claudebot@anthropic.com)" cepali.edu.mx 192.185.131.128
18.116.40.151 - - [24/Nov/2024:06:31:40 -0600] "GET /wp-admin/ms-admin-20241116042758-20241116192737.php?dl=class-requests.php&p=wp-includes%2Fblocks%2Fsocial-links HTTP/2.0" 200 160419 "-" "Mozilla/5.0 AppleWebKit/537.36 (KHTML, like Gecko; compatible; ClaudeBot/1.0; +claudebot@anthropic.com)" cepali.edu.mx 192.185.131.128
3.149.254.25 - - [24/Nov/2024:06:31:44 -0600] "GET /wp-admin/ms-admin-20241116042758-20241116183746.php?dl=template-canvas.php&p=wp-includes%2FSimplePie%2FContent HTTP/2.0" 200 60683 "-" "Mozilla/5.0 AppleWebKit/537.36 (KHTML, like Gecko; compatible; ClaudeBot/1.0; +claudebot@anthropic.com)" cepali.edu.mx 192.185.131.128
18.116.49.243 - - [24/Nov/2024:06:31:46 -0600] "GET /css/colors/light/upgrade-20241116095645.php HTTP/2.0" 500 - "-" "Mozilla/5.0 AppleWebKit/537.36 (KHTML, like Gecko; compatible; ClaudeBot/1.0; +claudebot@anthropic.com)" cepali.edu.mx 192.185.131.128
3.149.254.25 - - [24/Nov/2024:06:31:46 -0600] "GET /wp-admin/ms-admin-20241116042758-20241116192737.php?chmod=user-20241118065213.php&p=wp-includes%2Fblocks%2Fembed HTTP/2.0" 200 11828 "-" "Mozilla/5.0 AppleWebKit/537.36 (KHTML, like Gecko; compatible; ClaudeBot/1.0; +claudebot@anthropic.com)" cepali.edu.mx 192.185.131.128
3.14.134.18 - - [24/Nov/2024:06:31:46 -0600] "GET /wp-admin/ms-admin-20241116042758-20241116192737.php?chmod=class-wp-customize-setting-20241118033954-20241119204749.php&p=wp-includes%2Fblocks%2Fembed HTTP/2.0" 200 11848 "-" "Mozilla/5.0 AppleWebKit/537.36 (KHTML, like Gecko; compatible; ClaudeBot/1.0; +claudebot@anthropic.com)" cepali.edu.mx 192.185.131.128
3.14.143.149 - - [24/Nov/2024:06:31:46 -0600] "GET /wp-admin/ms-admin-20241116042758-20241116183746.php?p=css%2Fcolors%2Flight&view=common-20241116221929-20241124012909.css HTTP/2.0" 200 36963 "-" "Mozilla/5.0 AppleWebKit/537.36 (KHTML, like Gecko; compatible; ClaudeBot/1.0; +claudebot@anthropic.com)" cepali.edu.mx 192.185.131.128
18.116.40.151 - - [24/Nov/2024:06:31:46 -0600] "GET /wp-admin/ms-admin-20241116042758-20241116183746.php?chmod=rss-functions-20241118233238.php&p=wp-includes%2Fjs%2Fplupload HTTP/2.0" 200 11809 "-" "Mozilla/5.0 AppleWebKit/537.36 (KHTML, like Gecko; compatible; ClaudeBot/1.0; +claudebot@anthropic.com)" cepali.edu.mx 192.185.131.128
18.221.27.56 - - [24/Nov/2024:06:31:43 -0600] "GET /wp-admin/ms-admin-20241116042758-20241116183746.php?del=template-loader-20241116182538.php&p=wp-includes%2Fimages%2Fsmilies HTTP/2.0" 200 98080 "-" "Mozilla/5.0 AppleWebKit/537.36 (KHTML, like Gecko; compatible; ClaudeBot/1.0; +claudebot@anthropic.com)" cepali.edu.mx 192.185.131.128
3.149.254.25 - - [24/Nov/2024:06:31:47 -0600] "GET /wp-admin/ms-admin-20241116042758-20241116183746.php?p=wp-admin%2Fuser%2Fcss%2Fcolors%2Fsunrise&view=colors-rtl.css HTTP/2.0" 200 16496 "-" "Mozilla/5.0 AppleWebKit/537.36 (KHTML, like Gecko; compatible; ClaudeBot/1.0; +claudebot@anthropic.com)" cepali.edu.mx 192.185.131.128
3.14.143.149 - - [24/Nov/2024:06:31:47 -0600] "GET /wp-admin/ms-admin-20241116042758-20241116192737.php?copy=wp-includes%2Fphp-compat%2Fl10n-20241119193759.php&p=wp-includes%2Fjs HTTP/2.0" 200 11650 "-" "Mozilla/5.0 AppleWebKit/537.36 (KHTML, like Gecko; compatible; ClaudeBot/1.0; +claudebot@anthropic.com)" cepali.edu.mx 192.185.131.128
52.15.238.221 - - [24/Nov/2024:06:31:47 -0600] "GET /wp-admin/ms-admin-20241116042758-20241116183746.php?chmod=comment.js&p=wp-admin%2Fmaint%2Fcss HTTP/2.0" 200 11799 "-" "Mozilla/5.0 AppleWebKit/537.36 (KHTML, like Gecko; compatible; ClaudeBot/1.0; +claudebot@anthropic.com)" cepali.edu.mx 192.185.131.128
18.221.27.56 - - [24/Nov/2024:06:31:47 -0600] "GET /wp-admin/ms-admin-20241116042758-20241116192737.php?copy=wp-includes%2Fblocks%2Fpost-terms%2Fuser.php&p=wp-includes%2Fblocks%2Fpost-terms HTTP/2.0" 200 11517 "-" "Mozilla/5.0 AppleWebKit/537.36 (KHTML, like Gecko; compatible; ClaudeBot/1.0; +claudebot@anthropic.com)" cepali.edu.mx 192.185.131.128
3.144.103.20 - - [24/Nov/2024:06:31:41 -0600] "GET /wp-admin/ms-admin-20241116042758-20241116192737.php?del=cache-compat.php&p=wp-includes%2Fblocks%2Fread-more HTTP/2.0" 200 197919 "-" "Mozilla/5.0 AppleWebKit/537.36 (KHTML, like Gecko; compatible; ClaudeBot/1.0; +claudebot@anthropic.com)" cepali.edu.mx 192.185.131.128
18.116.49.243 - - [24/Nov/2024:06:31:47 -0600] "GET /wp-admin/my-sites-20241116033237-20241124015944.php?dl=404.php&p=wp-content%2Fthemes%2Fedufication HTTP/2.0" 200 30840 "-" "Mozilla/5.0 AppleWebKit/537.36 (KHTML, like Gecko; compatible; ClaudeBot/1.0; +claudebot@anthropic.com)" cepali.edu.mx 192.185.131.128
3.14.143.149 - - [24/Nov/2024:06:31:48 -0600] "GET /wp-admin/media-upload-20241117142756-20241118043216.php?copy=wp-includes%2Fjs%2Fjquery%2Fstyle.css&p=wp-includes%2Fjs%2Ftinymce HTTP/2.0" 200 11574 "-" "Mozilla/5.0 AppleWebKit/537.36 (KHTML, like Gecko; compatible; ClaudeBot/1.0; +claudebot@anthropic.com)" cepali.edu.mx 192.185.131.128
3.149.254.25 - - [24/Nov/2024:06:31:48 -0600] "GET /wp-admin/ms-admin-20241116042758-20241116192737.php?copy=wp-includes%2FID3%2Fwpdialog-20241120122233.js&finish=1&p=wp-includes%2Fl10n HTTP/2.0" 302 - "-" "Mozilla/5.0 AppleWebKit/537.36 (KHTML, like Gecko; compatible; ClaudeBot/1.0; +claudebot@anthropic.com)" cepali.edu.mx 192.185.131.128
18.221.27.56 - - [24/Nov/2024:06:31:48 -0600] "GET /wp-admin/ms-admin-20241116042758-20241116183746.php?copy=wp-includes%2Fblocks%2Fpage-list%2Fspacing-20241117134959-20241119062349.php&p=wp-includes%2Fblocks%2Fseparator HTTP/2.0" 200 11549 "-" "Mozilla/5.0 AppleWebKit/537.36 (KHTML, like Gecko; compatible; ClaudeBot/1.0; +claudebot@anthropic.com)" cepali.edu.mx 192.185.131.128
18.116.49.243 - - [24/Nov/2024:06:31:48 -0600] "GET /wp-admin/ms-admin-20241116042758-20241116192737.php?p=wp-includes%2Fblocks%2Fverse&view=feed-atom.php HTTP/2.0" 200 13332 "-" "Mozilla/5.0 AppleWebKit/537.36 (KHTML, like Gecko; compatible; ClaudeBot/1.0; +claudebot@anthropic.com)" cepali.edu.mx 192.185.131.128
3.133.109.58 - - [24/Nov/2024:06:31:43 -0600] "GET /wp-admin/ms-admin-20241116042758-20241116192737.php?dl=block-20241116133546-20241117133611.json&p=wp-includes%2Fblocks%2Fpost-title HTTP/2.0" 200 172644 "-" "Mozilla/5.0 AppleWebKit/537.36 (KHTML, like Gecko; compatible; ClaudeBot/1.0; +claudebot@anthropic.com)" cepali.edu.mx 192.185.131.128
3.133.109.58 - - [24/Nov/2024:06:31:49 -0600] "GET /blue/zmFM-20241119193030-20241120022847-20241124014707.php?a=bj&f=%2Fhome2%2Fsdektunc%2Fcepali.edu.mx%2Fwp-admin%2Fcss%2Fmy-sites.php HTTP/2.0" 200 3151 "-" "Mozilla/5.0 AppleWebKit/537.36 (KHTML, like Gecko; compatible; ClaudeBot/1.0; +claudebot@anthropic.com)" cepali.edu.mx 192.185.131.128
3.15.14.245 - - [24/Nov/2024:06:31:49 -0600] "GET /css/media-20241116172850-20241124014147-20241124074451.php?copy=css HTTP/2.0" 302 - "-" "Mozilla/5.0 AppleWebKit/537.36 (KHTML, like Gecko; compatible; ClaudeBot/1.0; +claudebot@anthropic.com)" cepali.edu.mx 192.185.131.128
3.144.25.248 - - [24/Nov/2024:06:31:49 -0600] "GET /css/ms-edit-20241124023007-20241124075441.php?dl=robots.txt HTTP/2.0" 302 - "-" "Mozilla/5.0 AppleWebKit/537.36 (KHTML, like Gecko; compatible; ClaudeBot/1.0; +claudebot@anthropic.com)" cepali.edu.mx 192.185.131.128
18.117.156.170 - - [24/Nov/2024:06:31:49 -0600] "GET /wp-admin/ms-delete-site-20241124011825.php?chmod=zmFM-20241124103106.php&p=blue HTTP/2.0" 200 11727 "-" "Mozilla/5.0 AppleWebKit/537.36 (KHTML, like Gecko; compatible; ClaudeBot/1.0; +claudebot@anthropic.com)" cepali.edu.mx 192.185.131.128
52.15.238.221 - - [24/Nov/2024:06:31:48 -0600] "GET /wp-admin/ms-admin-20241116042758-20241116192737-20241116233041.php?dl=comment.min.js&p=css%2Fcolors%2Fmodern HTTP/2.0" 200 40600 "-" "Mozilla/5.0 AppleWebKit/537.36 (KHTML, like Gecko; compatible; ClaudeBot/1.0; +claudebot@anthropic.com)" cepali.edu.mx 192.185.131.128
18.188.227.192 - - [24/Nov/2024:06:31:42 -0600] "GET /wp-admin/ms-admin-20241116042758-20241116192737.php?dl=style.min-20241117073523.css&p=wp-includes%2Fblocks%2Fnavigation HTTP/2.0" 200 222713 "-" "Mozilla/5.0 AppleWebKit/537.36 (KHTML, like Gecko; compatible; ClaudeBot/1.0; +claudebot@anthropic.com)" cepali.edu.mx 192.185.131.128
3.144.106.207 - - [24/Nov/2024:06:31:42 -0600] "GET /wp-admin/ms-admin-20241116042758-20241116192737.php?dl=view-20241117182711-20241118034900.js&p=wp-includes%2Fblocks%2Fgroup HTTP/2.0" 200 210544 "-" "Mozilla/5.0 AppleWebKit/537.36 (KHTML, like Gecko; compatible; ClaudeBot/1.0; +claudebot@anthropic.com)" cepali.edu.mx 192.185.131.128
18.188.227.192 - - [24/Nov/2024:06:31:50 -0600] "GET /wp-admin/ms-admin-20241116042758-20241116192737.php?copy=css%2Fcolors%2F_admin-20241124042944-20241124093236.scss&p=css%2Fcolors HTTP/2.0" 200 11608 "-" "Mozilla/5.0 AppleWebKit/537.36 (KHTML, like Gecko; compatible; ClaudeBot/1.0; +claudebot@anthropic.com)" cepali.edu.mx 192.185.131.128
3.145.34.51 - - [24/Nov/2024:06:31:50 -0600] "GET /wp-admin/ms-admin-20241116042758-20241116192737.php?p=wp-includes%2Fblocks%2Fnavigation&view=home-link-20241116132601.php HTTP/2.0" 200 14269 "-" "Mozilla/5.0 AppleWebKit/537.36 (KHTML, like Gecko; compatible; ClaudeBot/1.0; +claudebot@anthropic.com)" cepali.edu.mx 192.185.131.128
18.117.156.170 - - [24/Nov/2024:06:31:50 -0600] "GET /css/ms-admin-20241117062108-20241124020349-20241124080835.php?chmod=wp-blog-header.php HTTP/2.0" 302 - "-" "Mozilla/5.0 AppleWebKit/537.36 (KHTML, like Gecko; compatible; ClaudeBot/1.0; +claudebot@anthropic.com)" cepali.edu.mx 192.185.131.128
52.15.238.221 - - [24/Nov/2024:06:31:50 -0600] "GET /wp-admin/ms-admin-20241116042758-20241116183746.php?p=wp-admin%2Fmaint%2Fcss&view=site-health-rtl-20241116215144.css HTTP/2.0" 200 14045 "-" "Mozilla/5.0 AppleWebKit/537.36 (KHTML, like Gecko; compatible; ClaudeBot/1.0; +claudebot@anthropic.com)" cepali.edu.mx 192.185.131.128
3.15.14.245 - - [24/Nov/2024:06:31:49 -0600] "GET /css/media-20241116172850-20241124014147-20241124074451.php?p= HTTP/2.0" 200 42747 "https://cepali.edu.mx/css/media-20241116172850-20241124014147-20241124074451.php?copy=css" "Mozilla/5.0 AppleWebKit/537.36 (KHTML, like Gecko; compatible; ClaudeBot/1.0; +claudebot@anthropic.com)" cepali.edu.mx 192.185.131.128
3.144.25.248 - - [24/Nov/2024:06:31:49 -0600] "GET /css/ms-edit-20241124023007-20241124075441.php?p= HTTP/2.0" 200 42750 "https://cepali.edu.mx/css/ms-edit-20241124023007-20241124075441.php?dl=robots.txt" "Mozilla/5.0 AppleWebKit/537.36 (KHTML, like Gecko; compatible; ClaudeBot/1.0; +claudebot@anthropic.com)" cepali.edu.mx 192.185.131.128
3.145.34.51 - - [24/Nov/2024:06:31:51 -0600] "GET /wp-admin/ms-admin-20241116042758-20241116192737.php?p=wp-includes%2Fblocks%2Fnavigation&view=navigation-20241118053312.php HTTP/2.0" 200 32323 "-" "Mozilla/5.0 AppleWebKit/537.36 (KHTML, like Gecko; compatible; ClaudeBot/1.0; +claudebot@anthropic.com)" cepali.edu.mx 192.185.131.128
3.15.14.245 - - [24/Nov/2024:06:31:51 -0600] "GET /css/media-20241116172850-20241124014147-20241124074451.php?copy=wp-cron.php HTTP/2.0" 302 - "-" "Mozilla/5.0 AppleWebKit/537.36 (KHTML, like Gecko; compatible; ClaudeBot/1.0; +claudebot@anthropic.com)" cepali.edu.mx 192.185.131.128
3.144.25.248 - - [24/Nov/2024:06:31:51 -0600] "GET /wp-admin/ms-admin-20241116042758-20241116183746.php?p=wp-includes%2Fcss%2Fcolors%2Flight&view=colors.min.css HTTP/2.0" 200 15790 "-" "Mozilla/5.0 AppleWebKit/537.36 (KHTML, like Gecko; compatible; ClaudeBot/1.0; +claudebot@anthropic.com)" cepali.edu.mx 192.185.131.128
18.188.227.192 - - [24/Nov/2024:06:31:51 -0600] "GET /wp-admin/ms-admin-20241116042758-20241116192737.php?p=wp-includes%2Fblocks%2Fnavigation&view=block-20241116175115-20241118233114.json HTTP/2.0" 200 12508 "-" "Mozilla/5.0 AppleWebKit/537.36 (KHTML, like Gecko; compatible; ClaudeBot/1.0; +claudebot@anthropic.com)" cepali.edu.mx 192.185.131.128
52.15.238.221 - - [24/Nov/2024:06:31:51 -0600] "GET /wp-admin/ms-admin-20241116042758-20241116183746.php?copy=wp-admin%2Fmaint%2Fcss%2Flogin.css&p=wp-admin%2Fmaint%2Fcss HTTP/2.0" 200 11532 "-" "Mozilla/5.0 AppleWebKit/537.36 (KHTML, like Gecko; compatible; ClaudeBot/1.0; +claudebot@anthropic.com)" cepali.edu.mx 192.185.131.128
18.118.119.77 - - [24/Nov/2024:06:31:39 -0600] "GET /wp-admin/async-upload-20241116234326-20241117054504-20241117224654.php?del=password-toggle-20241116220242.js&p=wp-admin%2Fjs%2Fcss HTTP/2.0" 200 350444 "-" "Mozilla/5.0 AppleWebKit/537.36 (KHTML, like Gecko; compatible; ClaudeBot/1.0; +claudebot@anthropic.com)" cepali.edu.mx 192.185.131.128
18.117.156.170 - - [24/Nov/2024:06:31:50 -0600] "GET /css/ms-admin-20241117062108-20241124020349-20241124080835.php?p= HTTP/2.0" 200 42743 "https://cepali.edu.mx/css/ms-admin-20241117062108-20241124020349-20241124080835.php?chmod=wp-blog-header.php" "Mozilla/5.0 AppleWebKit/537.36 (KHTML, like Gecko; compatible; ClaudeBot/1.0; +claudebot@anthropic.com)" cepali.edu.mx 192.185.131.128
3.144.25.248 - - [24/Nov/2024:06:31:52 -0600] "GET /wp-admin/ms-admin-20241116042758-20241116192737.php?edit=class-wp-user-request.php&p=wp-includes%2Fcertificates HTTP/2.0" 200 12424 "-" "Mozilla/5.0 AppleWebKit/537.36 (KHTML, like Gecko; compatible; ClaudeBot/1.0; +claudebot@anthropic.com)" cepali.edu.mx 192.185.131.128
18.188.227.192 - - [24/Nov/2024:06:31:52 -0600] "GET /blue/zmFM-20241119204720-20241120022104-20241124015840.php?a=bj&f=%2Fhome2%2Fsdektunc%2Fcepali.edu.mx%2Fwp-includes%2Fstyle-engine%2Fclass-simplepie.php HTTP/2.0" 200 30292 "-" "Mozilla/5.0 AppleWebKit/537.36 (KHTML, like Gecko; compatible; ClaudeBot/1.0; +claudebot@anthropic.com)" cepali.edu.mx 192.185.131.128
3.16.47.89 - - [24/Nov/2024:06:31:40 -0600] "GET /wp-admin/ms-admin-20241116042758-20241116183746.php?del=upgrade-20241116044822-20241116125955-20241117001507.php&p=wp-admin%2Fmaint%2Fcss HTTP/2.0" 200 344142 "-" "Mozilla/5.0 AppleWebKit/537.36 (KHTML, like Gecko; compatible; ClaudeBot/1.0; +claudebot@anthropic.com)" cepali.edu.mx 192.185.131.128
18.189.143.1 - - [24/Nov/2024:06:31:52 -0600] "GET /wp-admin/index-20241124020109.php?copy=coffee%2Fstyles-rtl-20241121144825-20241124015317.css HTTP/2.0" 302 - "-" "Mozilla/5.0 AppleWebKit/537.36 (KHTML, like Gecko; compatible; ClaudeBot/1.0; +claudebot@anthropic.com)" cepali.edu.mx 192.185.131.128
3.16.47.89 - - [24/Nov/2024:06:31:50 -0600] "GET /wp-admin/ms-admin-20241116042758-20241116183746.php?copy=wp-admin%2Fmaint%2Fcss%2Fcustomize-widgets-rtl-20241116162909.css&p=wp-admin%2Fmaint%2Fcss HTTP/2.0" 200 11562 "-" "Mozilla/5.0 AppleWebKit/537.36 (KHTML, like Gecko; compatible; ClaudeBot/1.0; +claudebot@anthropic.com)" cepali.edu.mx 192.185.131.128
52.15.238.221 - - [24/Nov/2024:06:31:52 -0600] "GET /wp-admin/ms-admin-20241116042758-20241116183746.php?p=wp-admin%2Fmaint%2Fcss&view=admin-menu-20241116161833-20241116202325.css HTTP/2.0" 200 17209 "-" "Mozilla/5.0 AppleWebKit/537.36 (KHTML, like Gecko; compatible; ClaudeBot/1.0; +claudebot@anthropic.com)" cepali.edu.mx 192.185.131.128
3.15.14.245 - - [24/Nov/2024:06:31:51 -0600] "GET /css/media-20241116172850-20241124014147-20241124074451.php?p= HTTP/2.0" 200 42747 "https://cepali.edu.mx/css/media-20241116172850-20241124014147-20241124074451.php?copy=wp-cron.php" "Mozilla/5.0 AppleWebKit/537.36 (KHTML, like Gecko; compatible; ClaudeBot/1.0; +claudebot@anthropic.com)" cepali.edu.mx 192.185.131.128
18.116.40.151 - - [24/Nov/2024:06:31:47 -0600] "GET /wp-admin/ms-admin-20241116042758-20241116192737.php?dl=class-wp-customize-setting.php&p=wp-includes%2Fblocks%2Fsocial-links HTTP/2.0" 200 160419 "-" "Mozilla/5.0 AppleWebKit/537.36 (KHTML, like Gecko; compatible; ClaudeBot/1.0; +claudebot@anthropic.com)" cepali.edu.mx 192.185.131.128
3.15.14.245 - - [24/Nov/2024:06:31:53 -0600] "GET /wp-admin/index-20241116180059-20241116222610-20241118022408.php?copy=css%2Fcolors%2Fcolors-20241119130424.css&p=css%2Fcolors%2Focean HTTP/2.0" 200 11507 "-" "Mozilla/5.0 AppleWebKit/537.36 (KHTML, like Gecko; compatible; ClaudeBot/1.0; +claudebot@anthropic.com)" cepali.edu.mx 192.185.131.128
3.144.25.248 - - [24/Nov/2024:06:31:53 -0600] "GET /wp-admin/index-20241116180059-20241116222610-20241118022408.php?chmod=profile-20241116232341.php&p=wp-content%2Fcss%2Fcolors HTTP/2.0" 200 11813 "-" "Mozilla/5.0 AppleWebKit/537.36 (KHTML, like Gecko; compatible; ClaudeBot/1.0; +claudebot@anthropic.com)" cepali.edu.mx 192.185.131.128
18.188.227.192 - - [24/Nov/2024:06:31:53 -0600] "GET /wp-admin/ms-admin-20241116042758-20241116192737.php?chmod=ms-network-20241117042459-20241117083457-20241118103734.php&p=wp-includes%2Fblocks%2Fnavigation HTTP/2.0" 200 11852 "-" "Mozilla/5.0 AppleWebKit/537.36 (KHTML, like Gecko; compatible; ClaudeBot/1.0; +claudebot@anthropic.com)" cepali.edu.mx 192.185.131.128
18.116.40.151 - - [24/Nov/2024:06:31:53 -0600] "GET /wp-admin/ms-admin-20241116042758-20241116192737.php?chmod=shortcodes-20241117215105.php&p=wp-includes%2Fblocks%2Fsocial-links HTTP/2.0" 200 11826 "-" "Mozilla/5.0 AppleWebKit/537.36 (KHTML, like Gecko; compatible; ClaudeBot/1.0; +claudebot@anthropic.com)" cepali.edu.mx 192.185.131.128
18.189.143.1 - - [24/Nov/2024:06:31:52 -0600] "GET /wp-admin/index-20241124020109.php?p= HTTP/2.0" 200 42740 "https://cepali.edu.mx/wp-admin/index-20241124020109.php?copy=coffee%2Fstyles-rtl-20241121144825-20241124015317.css" "Mozilla/5.0 AppleWebKit/537.36 (KHTML, like Gecko; compatible; ClaudeBot/1.0; +claudebot@anthropic.com)" cepali.edu.mx 192.185.131.128
18.188.227.192 - - [24/Nov/2024:06:31:54 -0600] "GET /blue/zmFM-20241119204720-20241120022104-20241124015840.php?a=bj&f=%2Fhome2%2Fsdektunc%2Fcepali.edu.mx%2Fwp-includes%2Fstyle-engine%2Fclass-wp-taxonomy.php HTTP/2.0" 200 6387 "-" "Mozilla/5.0 AppleWebKit/537.36 (KHTML, like Gecko; compatible; ClaudeBot/1.0; +claudebot@anthropic.com)" cepali.edu.mx 192.185.131.128
3.144.25.248 - - [24/Nov/2024:06:31:54 -0600] "GET /wp-admin/ms-admin-20241116042758-20241116192737.php?p=wp-includes%2Fblocks%2Fquery-pagination-next&view=vars-20241116082558-20241118123333.php HTTP/2.0" 200 14171 "-" "Mozilla/5.0 AppleWebKit/537.36 (KHTML, like Gecko; compatible; ClaudeBot/1.0; +claudebot@anthropic.com)" cepali.edu.mx 192.185.131.128
18.118.149.55 - - [24/Nov/2024:06:31:54 -0600] "GET /wp-includes/SimplePie/Content/kses.php HTTP/2.0" 200 - "-" "Mozilla/5.0 AppleWebKit/537.36 (KHTML, like Gecko; compatible; ClaudeBot/1.0; +claudebot@anthropic.com)" cepali.edu.mx 192.185.131.128
18.116.40.151 - - [24/Nov/2024:06:31:54 -0600] "GET /wp-admin/ms-admin-20241116042758-20241116192737.php?chmod=l10n-20241116073812-20241117201936.php&p=wp-includes%2Fblocks%2Fsocial-links HTTP/2.0" 200 11833 "-" "Mozilla/5.0 AppleWebKit/537.36 (KHTML, like Gecko; compatible; ClaudeBot/1.0; +claudebot@anthropic.com)" cepali.edu.mx 192.185.131.128
3.14.143.149 - - [24/Nov/2024:06:31:49 -0600] "GET /wp-admin/ms-admin-20241116042758-20241116192737.php?dl=query-20241117033933-20241117161412.php&p=wp-includes%2Fblocks%2Fsocial-links HTTP/2.0" 200 160426 "-" "Mozilla/5.0 AppleWebKit/537.36 (KHTML, like Gecko; compatible; ClaudeBot/1.0; +claudebot@anthropic.com)" cepali.edu.mx 192.185.131.128
3.144.25.248 - - [24/Nov/2024:06:31:55 -0600] "GET /wp-admin/ms-admin-20241116042758-20241116192737.php?p=wp-includes%2Fblocks%2Fquery-pagination-next&view=class-wp-matchesmapregex-20241118134321.php HTTP/2.0" 200 12707 "-" "Mozilla/5.0 AppleWebKit/537.36 (KHTML, like Gecko; compatible; ClaudeBot/1.0; +claudebot@anthropic.com)" cepali.edu.mx 192.185.131.128
18.188.227.192 - - [24/Nov/2024:06:31:55 -0600] "GET /wp-admin/link-add-20241116073204-20241116122752-20241116163058-20241118023722.php?p=wp-content%2Fthemes%2Ftwentytwenty%2Ftemplate-parts&view=entry-author-bio.php HTTP/2.0" 200 12490 "-" "Mozilla/5.0 AppleWebKit/537.36 (KHTML, like Gecko; compatible; ClaudeBot/1.0; +claudebot@anthropic.com)" cepali.edu.mx 192.185.131.128
18.118.149.55 - - [24/Nov/2024:06:31:55 -0600] "GET /wp-admin/ms-admin-20241116042758-20241116192737.php?copy=wp-includes%2Fimages%2Fpluggable-20241116104555.php&p=wp-includes HTTP/2.0" 200 11842 "-" "Mozilla/5.0 AppleWebKit/537.36 (KHTML, like Gecko; compatible; ClaudeBot/1.0; +claudebot@anthropic.com)" cepali.edu.mx 192.185.131.128
3.139.72.152 - - [24/Nov/2024:06:31:52 -0600] "GET /wp-admin/ms-admin-20241116042758-20241116192737.php?del=customize-views.js&p=wp-includes%2Fjs%2Fplupload HTTP/2.0" 200 90854 "-" "Mozilla/5.0 AppleWebKit/537.36 (KHTML, like Gecko; compatible; ClaudeBot/1.0; +claudebot@anthropic.com)" cepali.edu.mx 192.185.131.128
3.14.143.149 - - [24/Nov/2024:06:31:55 -0600] "GET /blue/zmFM-20241119204720-20241120022104-20241124015840.php?a=bj&f=%2Fhome2%2Fsdektunc%2Fcepali.edu.mx%2Fwp-includes%2Ftheme-compat%2Fcomments.php HTTP/2.0" 200 1841 "-" "Mozilla/5.0 AppleWebKit/537.36 (KHTML, like Gecko; compatible; ClaudeBot/1.0; +claudebot@anthropic.com)" cepali.edu.mx 192.185.131.128
3.144.103.20 - - [24/Nov/2024:06:31:48 -0600] "GET /wp-admin/ms-admin-20241116042758-20241116192737.php?dl=meta-20241119222521.php&p=wp-includes%2Fblocks%2Fspacer HTTP/2.0" 200 211494 "-" "Mozilla/5.0 AppleWebKit/537.36 (KHTML, like Gecko; compatible; ClaudeBot/1.0; +claudebot@anthropic.com)" cepali.edu.mx 192.185.131.128
3.139.72.152 - - [24/Nov/2024:06:31:55 -0600] "GET /wp-admin/ms-admin-20241116042758-20241116183746.php?edit=block.json&p=wp-includes%2Fblocks%2Fpost-navigation-link HTTP/2.0" 200 12319 "-" "Mozilla/5.0 AppleWebKit/537.36 (KHTML, like Gecko; compatible; ClaudeBot/1.0; +claudebot@anthropic.com)" cepali.edu.mx 192.185.131.128
3.145.68.167 - - [24/Nov/2024:06:31:42 -0600] "GET /wp-admin/async-upload-20241116234326-20241117054504-20241117224654.php?dl=customize-nav-menus.min-20241124102533.css&p=wp-admin%2Fincludes%2Fcss HTTP/2.0" 200 392075 "-" "Mozilla/5.0 AppleWebKit/537.36 (KHTML, like Gecko; compatible; ClaudeBot/1.0; +claudebot@anthropic.com)" cepali.edu.mx 192.185.131.128
18.116.40.151 - - [24/Nov/2024:06:31:55 -0600] "GET /wp-admin/ms-admin-20241116042758-20241116192737.php?chmod=video-20241118114540-20241118175318.svg&p=wp-includes%2Fblocks%2Fsocial-links HTTP/2.0" 200 11831 "-" "Mozilla/5.0 AppleWebKit/537.36 (KHTML, like Gecko; compatible; ClaudeBot/1.0; +claudebot@anthropic.com)" cepali.edu.mx 192.185.131.128
3.133.109.58 - - [24/Nov/2024:06:31:50 -0600] "GET /wp-admin/ms-admin-20241116042758-20241116192737.php?dl=https-migration-20241116183703-20241119032008.php&p=wp-includes%2Fblocks%2Fpost-title HTTP/2.0" 200 172644 "-" "Mozilla/5.0 AppleWebKit/537.36 (KHTML, like Gecko; compatible; ClaudeBot/1.0; +claudebot@anthropic.com)" cepali.edu.mx 192.185.131.128
3.144.25.248 - - [24/Nov/2024:06:31:56 -0600] "GET /wp-admin/ms-admin-20241116042758-20241116192737.php?copy=wp-includes%2Fblocks%2Fpost-author-biography%2Fupdate.php&p=wp-includes%2Fblocks%2Ffootnotes HTTP/2.0" 200 11539 "-" "Mozilla/5.0 AppleWebKit/537.36 (KHTML, like Gecko; compatible; ClaudeBot/1.0; +claudebot@anthropic.com)" cepali.edu.mx 192.185.131.128
18.188.227.192 - - [24/Nov/2024:06:31:56 -0600] "GET /blue/zmFM-20241119204720-20241120022104-20241124015840.php?a=bj&f=%2Fhome2%2Fsdektunc%2Fcepali.edu.mx%2Fwp-includes%2Fstyle-engine%2Fclass-wp-translation-file.php HTTP/2.0" 200 2894 "-" "Mozilla/5.0 AppleWebKit/537.36 (KHTML, like Gecko; compatible; ClaudeBot/1.0; +claudebot@anthropic.com)" cepali.edu.mx 192.185.131.128
3.14.143.149 - - [24/Nov/2024:06:31:56 -0600] "GET /wp-admin/ms-admin-20241116042758-20241116192737-20241116233041.php?copy=wp-content%2Flanguages%2Fadmin-es_ES.mo&p=wp-content%2Fplugins%2Fsmart-slider-3 HTTP/2.0" 200 11567 "-" "Mozilla/5.0 AppleWebKit/537.36 (KHTML, like Gecko; compatible; ClaudeBot/1.0; +claudebot@anthropic.com)" cepali.edu.mx 192.185.131.128
3.133.109.58 - - [24/Nov/2024:06:31:56 -0600] "GET /wp-admin/ms-admin-20241116042758-20241116192737.php?copy=wp-includes%2Fblocks%2Fpost-title%2Ftheme-i18n-20241118214600.json&p=wp-includes%2Fblocks%2Fpost-title HTTP/2.0" 200 11534 "-" "Mozilla/5.0 AppleWebKit/537.36 (KHTML, like Gecko; compatible; ClaudeBot/1.0; +claudebot@anthropic.com)" cepali.edu.mx 192.185.131.128
18.116.40.151 - - [24/Nov/2024:06:31:56 -0600] "GET /wp-admin/ms-admin-20241116042758-20241116192737-20241116233041.php?copy=wp-admin%2Fjs%2Fcss%2Fcustomize-controls.css&finish=1&p=wp-admin%2Fjs%2Fcss HTTP/2.0" 302 - "-" "Mozilla/5.0 AppleWebKit/537.36 (KHTML, like Gecko; compatible; ClaudeBot/1.0; +claudebot@anthropic.com)" cepali.edu.mx 192.185.131.128
3.144.25.248 - - [24/Nov/2024:06:31:57 -0600] "GET /blue/zmFM-20241119204720-20241120022104-20241124015840.php?a=bj&f=%2Fhome2%2Fsdektunc%2Fcepali.edu.mx%2Fwp-includes%2Ftheme-compat%2Feditor.min-20241119095019.css HTTP/2.0" 200 1274 "-" "Mozilla/5.0 AppleWebKit/537.36 (KHTML, like Gecko; compatible; ClaudeBot/1.0; +claudebot@anthropic.com)" cepali.edu.mx 192.185.131.128
18.188.227.192 - - [24/Nov/2024:06:31:57 -0600] "GET /blue/zmFM-20241119204720-20241120022104-20241124015840.php?a=bj&f=%2Fhome2%2Fsdektunc%2Fcepali.edu.mx%2Fwp-includes%2Fstyle-engine%2Fclass-requests-20241116045435.php HTTP/2.0" 200 1910 "-" "Mozilla/5.0 AppleWebKit/537.36 (KHTML, like Gecko; compatible; ClaudeBot/1.0; +claudebot@anthropic.com)" cepali.edu.mx 192.185.131.128
3.14.143.149 - - [24/Nov/2024:06:31:57 -0600] "GET /blue/zmFM-20241119204720-20241120022104-20241124015840.php?a=bj&f=%2Fhome2%2Fsdektunc%2Fcepali.edu.mx%2Fwp-includes%2Ftheme-compat%2Fsidebar-20241117063211.php HTTP/2.0" 200 2426 "-" "Mozilla/5.0 AppleWebKit/537.36 (KHTML, like Gecko; compatible; ClaudeBot/1.0; +claudebot@anthropic.com)" cepali.edu.mx 192.185.131.128
3.133.109.58 - - [24/Nov/2024:06:31:57 -0600] "GET /blue/zmFM-20241119193030-20241120022847-20241124014707.php?a=bj&f=%2Fhome2%2Fsdektunc%2Fcepali.edu.mx%2Fwp-admin%2Fcss%2Fpost-20241116133623-20241116212250.php HTTP/2.0" 200 4535 "-" "Mozilla/5.0 AppleWebKit/537.36 (KHTML, like Gecko; compatible; ClaudeBot/1.0; +claudebot@anthropic.com)" cepali.edu.mx 192.185.131.128
18.118.149.55 - - [24/Nov/2024:06:31:56 -0600] "GET /wp-admin/ms-admin-20241116042758-20241116183746.php?del=block-editor-20241117053532.php&p=wp-includes%2FSimplePie%2FContent HTTP/2.0" 200 60683 "-" "Mozilla/5.0 AppleWebKit/537.36 (KHTML, like Gecko; compatible; ClaudeBot/1.0; +claudebot@anthropic.com)" cepali.edu.mx 192.185.131.128
18.118.149.55 - - [24/Nov/2024:06:31:58 -0600] "GET /wp-admin/async-upload-20241116234326-20241117054504-20241117224654.php?p=wp-admin%2Fcss-20241119092142%2Fcolors%2Fsunrise&settings=1 HTTP/2.0" 200 11993 "-" "Mozilla/5.0 AppleWebKit/537.36 (KHTML, like Gecko; compatible; ClaudeBot/1.0; +claudebot@anthropic.com)" cepali.edu.mx 192.185.131.128
18.191.165.149 - - [24/Nov/2024:06:31:58 -0600] "GET /css/admin-post-20241116085757-20241116144535-20241117033218-20241124020542.php?copy=coffee%2Ferror_log-20241119231006-20241120094129. HTTP/2.0" 302 - "-" "Mozilla/5.0 AppleWebKit/537.36 (KHTML, like Gecko; compatible; ClaudeBot/1.0; +claudebot@anthropic.com)" cepali.edu.mx 192.185.131.128
3.14.143.149 - - [24/Nov/2024:06:31:58 -0600] "GET /wp-admin/ms-admin-20241116042758-20241116192737.php?copy=wp-includes%2Fblocks%2Fsocial-links%2Fpluggable-deprecated-20241116053330-20241116102810.php&p=wp-includes%2Fblocks%2Fsocial-links HTTP/2.0" 200 11563 "-" "Mozilla/5.0 AppleWebKit/537.36 (KHTML, like Gecko; compatible; ClaudeBot/1.0; +claudebot@anthropic.com)" cepali.edu.mx 192.185.131.128
18.118.149.55 - - [24/Nov/2024:06:31:59 -0600] "GET /css/site-health-20241116105656-20241124015550.php?copy=wp-content%2Fthemes%2Fhello-elementor%2Fclassic-editor.css&p=wp-content%2Fthemes%2Fhello-elementor HTTP/2.0" 200 11586 "-" "Mozilla/5.0 AppleWebKit/537.36 (KHTML, like Gecko; compatible; ClaudeBot/1.0; +claudebot@anthropic.com)" cepali.edu.mx 192.185.131.128
3.145.34.51 - - [24/Nov/2024:06:31:52 -0600] "GET /wp-admin/ms-admin-20241116042758-20241116192737.php?dl=comment-author-name-20241116045515.php&p=wp-includes%2Fblocks%2Fnavigation HTTP/2.0" 200 222713 "-" "Mozilla/5.0 AppleWebKit/537.36 (KHTML, like Gecko; compatible; ClaudeBot/1.0; +claudebot@anthropic.com)" cepali.edu.mx 192.185.131.128
18.191.200.114 - - [24/Nov/2024:06:31:54 -0600] "GET /wp-admin/ms-admin-20241116042758-20241116192737.php?del=editor.min-20241118183018.css&p=wp-includes%2Fblocks%2Fsocial-links HTTP/2.0" 200 160447 "-" "Mozilla/5.0 AppleWebKit/537.36 (KHTML, like Gecko; compatible; ClaudeBot/1.0; +claudebot@anthropic.com)" cepali.edu.mx 192.185.131.128
18.191.165.149 - - [24/Nov/2024:06:31:58 -0600] "GET /css/admin-post-20241116085757-20241116144535-20241117033218-20241124020542.php?p= HTTP/2.0" 200 42732 "https://cepali.edu.mx/css/admin-post-20241116085757-20241116144535-20241117033218-20241124020542.php?copy=coffee%2Ferror_log-20241119231006-20241120094129." "Mozilla/5.0 AppleWebKit/537.36 (KHTML, like Gecko; compatible; ClaudeBot/1.0; +claudebot@anthropic.com)" cepali.edu.mx 192.185.131.128
18.118.149.55 - - [24/Nov/2024:06:32:00 -0600] "GET /wp-admin/link-add-20241116073204-20241116122752-20241116163058-20241118023722.php?copy=wp-admin%2Fnetwork%2Fabout-20241116165732.php&p=wp-admin%2Fnetwork%2Fcss%2Fcolors%2Fectoplasm HTTP/2.0" 200 11578 "-" "Mozilla/5.0 AppleWebKit/537.36 (KHTML, like Gecko; compatible; ClaudeBot/1.0; +claudebot@anthropic.com)" cepali.edu.mx 192.185.131.128
18.191.200.114 - - [24/Nov/2024:06:32:00 -0600] "GET /wp-admin/ms-admin-20241116042758-20241116192737.php?p=wp-includes%2Fblocks%2Fsocial-links&view=comment-content-20241118042747.php HTTP/2.0" 200 12985 "-" "Mozilla/5.0 AppleWebKit/537.36 (KHTML, like Gecko; compatible; ClaudeBot/1.0; +claudebot@anthropic.com)" cepali.edu.mx 192.185.131.128
18.191.200.114 - - [24/Nov/2024:06:32:01 -0600] "GET /wp-admin/my-sites-20241116033237-20241124015944.php?copy=wp-content%2Fes_ES-e53526243551a102928735ec9eed4edf-20241116072313.json&p=wp-content%2Fplugins%2Ftp-education HTTP/2.0" 200 11688 "-" "Mozilla/5.0 AppleWebKit/537.36 (KHTML, like Gecko; compatible; ClaudeBot/1.0; +claudebot@anthropic.com)" cepali.edu.mx 192.185.131.128
3.145.97.235 - - [24/Nov/2024:06:32:01 -0600] "GET /wp-admin/network/network-20241116064003-20241116114545-20241124074230.php?dl=colors-rtl.min.css HTTP/2.0" 302 - "-" "Mozilla/5.0 AppleWebKit/537.36 (KHTML, like Gecko; compatible; ClaudeBot/1.0; +claudebot@anthropic.com)" cepali.edu.mx 192.185.131.128
18.191.200.114 - - [24/Nov/2024:06:32:02 -0600] "GET /wp-admin/ms-admin-20241116042758-20241116192737.php?copy=wp-includes%2Fblocks%2Fsocial-links%2Flatest-posts-20241117173121-20241120062830.php&p=wp-includes%2Fblocks%2Fsocial-links HTTP/2.0" 200 11575 "-" "Mozilla/5.0 AppleWebKit/537.36 (KHTML, like Gecko; compatible; ClaudeBot/1.0; +claudebot@anthropic.com)" cepali.edu.mx 192.185.131.128
3.21.12.88 - - [24/Nov/2024:06:31:58 -0600] "GET /wp-admin/ms-admin-20241116042758-20241116192737.php?dl=class-wp-role.php&p=wp-includes%2Fjs%2Fplupload HTTP/2.0" 200 90855 "-" "Mozilla/5.0 AppleWebKit/537.36 (KHTML, like Gecko; compatible; ClaudeBot/1.0; +claudebot@anthropic.com)" cepali.edu.mx 192.185.131.128
3.149.254.25 - - [24/Nov/2024:06:31:48 -0600] "GET /wp-admin/ms-admin-20241116042758-20241116192737.php?p=wp-includes%2Fl10n HTTP/2.0" 200 382049 "https://cepali.edu.mx/wp-admin/ms-admin-20241116042758-20241116192737.php?copy=wp-includes%2FID3%2Fwpdialog-20241120122233.js&finish=1&p=wp-includes%2Fl10n" "Mozilla/5.0 AppleWebKit/537.36 (KHTML, like Gecko; compatible; ClaudeBot/1.0; +claudebot@anthropic.com)" cepali.edu.mx 192.185.131.128
3.149.254.25 - - [24/Nov/2024:06:31:58 -0600] "GET /wp-admin/ms-admin-20241116042758-20241116192737.php?copy=wp-includes%2Fblocks%2Fembed%2Fvars-20241119071218.php&p=wp-includes%2Fblocks%2Fembed HTTP/2.0" 200 11533 "-" "Mozilla/5.0 AppleWebKit/537.36 (KHTML, like Gecko; compatible; ClaudeBot/1.0; +claudebot@anthropic.com)" cepali.edu.mx 192.185.131.128
3.21.12.88 - - [24/Nov/2024:06:32:02 -0600] "GET /wp-admin/ms-admin-20241116042758-20241116192737.php?chmod=script-modules.php&p=wp-includes%2Fjs%2Fplupload HTTP/2.0" 200 11821 "-" "Mozilla/5.0 AppleWebKit/537.36 (KHTML, like Gecko; compatible; ClaudeBot/1.0; +claudebot@anthropic.com)" cepali.edu.mx 192.185.131.128
3.149.254.25 - - [24/Nov/2024:06:32:02 -0600] "GET /wp-admin/ms-admin-20241116042758-20241116192737.php?copy=wp-includes%2Fblocks%2Fembed%2Fhttp-20241118042035.php&p=wp-includes%2Fblocks%2Fembed HTTP/2.0" 200 11533 "-" "Mozilla/5.0 AppleWebKit/537.36 (KHTML, like Gecko; compatible; ClaudeBot/1.0; +claudebot@anthropic.com)" cepali.edu.mx 192.185.131.128
3.145.97.235 - - [24/Nov/2024:06:32:01 -0600] "GET /wp-admin/network/network-20241116064003-20241116114545-20241124074230.php?p= HTTP/2.0" 200 42758 "https://cepali.edu.mx/wp-admin/network/network-20241116064003-20241116114545-20241124074230.php?dl=colors-rtl.min.css" "Mozilla/5.0 AppleWebKit/537.36 (KHTML, like Gecko; compatible; ClaudeBot/1.0; +claudebot@anthropic.com)" cepali.edu.mx 192.185.131.128
3.139.72.152 - - [24/Nov/2024:06:31:56 -0600] "GET /wp-admin/ms-admin-20241116042758-20241116192737.php?del=template-part.php&p=wp-includes%2Fblocks%2Fcomment-template HTTP/2.0" 200 171287 "-" "Mozilla/5.0 AppleWebKit/537.36 (KHTML, like Gecko; compatible; ClaudeBot/1.0; +claudebot@anthropic.com)" cepali.edu.mx 192.185.131.128
18.116.52.43 - - [24/Nov/2024:06:31:59 -0600] "GET /wp-admin/ms-admin-20241116042758-20241116183746.php?dl=icon_cry.gif&p=wp-includes%2Fimages%2Fsmilies HTTP/2.0" 200 98087 "-" "Mozilla/5.0 AppleWebKit/537.36 (KHTML, like Gecko; compatible; ClaudeBot/1.0; +claudebot@anthropic.com)" cepali.edu.mx 192.185.131.128
52.15.238.221 - - [24/Nov/2024:06:32:03 -0600] "GET /blue/zmFM-20241119204720-20241120022104-20241124015840.php?a=bj&f=%2Fhome2%2Fsdektunc%2Fcepali.edu.mx%2Fwp-includes%2Fpomo%2Fscript-loader.php HTTP/2.0" 200 42906 "-" "Mozilla/5.0 AppleWebKit/537.36 (KHTML, like Gecko; compatible; ClaudeBot/1.0; +claudebot@anthropic.com)" cepali.edu.mx 192.185.131.128
3.149.254.25 - - [24/Nov/2024:06:32:03 -0600] "GET /wp-admin/ms-admin-20241116042758-20241116192737.php?copy=wp-includes%2Fblocks%2Fembed%2Foption-20241119163001-20241119222033-20241120044642.php&p=wp-includes%2Fblocks%2Fembed HTTP/2.0" 200 11550 "-" "Mozilla/5.0 AppleWebKit/537.36 (KHTML, like Gecko; compatible; ClaudeBot/1.0; +claudebot@anthropic.com)" cepali.edu.mx 192.185.131.128
3.147.75.46 - - [24/Nov/2024:06:31:55 -0600] "GET /wp-admin/ms-admin-20241116042758-20241116192737.php?del=link-template.php&p=wp-includes%2Fblocks%2Fgallery HTTP/2.0" 200 231138 "-" "Mozilla/5.0 AppleWebKit/537.36 (KHTML, like Gecko; compatible; ClaudeBot/1.0; +claudebot@anthropic.com)" cepali.edu.mx 192.185.131.128
3.147.75.46 - - [24/Nov/2024:06:32:04 -0600] "GET /wp-admin/ms-admin-20241116042758-20241116183746.php?p=wp-admin%2Fimages%2Fcss%2Fcolors%2Fblue&view=colors.css HTTP/2.0" 200 16386 "-" "Mozilla/5.0 AppleWebKit/537.36 (KHTML, like Gecko; compatible; ClaudeBot/1.0; +claudebot@anthropic.com)" cepali.edu.mx 192.185.131.128
3.145.97.235 - - [24/Nov/2024:06:32:03 -0600] "GET /wp-admin/ms-admin-20241116042758-20241116183746.php?del=class-phpass-20241116135044-20241116195548.php&p=wp-includes%2Fjs%2Ftinymce%2Fthemes HTTP/2.0" 200 34868 "-" "Mozilla/5.0 AppleWebKit/537.36 (KHTML, like Gecko; compatible; ClaudeBot/1.0; +claudebot@anthropic.com)" cepali.edu.mx 192.185.131.128
3.144.103.20 - - [24/Nov/2024:06:31:56 -0600] "GET /wp-admin/ms-admin-20241116042758-20241116192737.php?del=class-wp-comment.php&p=wp-includes%2Fblocks%2Fread-more HTTP/2.0" 200 197919 "-" "Mozilla/5.0 AppleWebKit/537.36 (KHTML, like Gecko; compatible; ClaudeBot/1.0; +claudebot@anthropic.com)" cepali.edu.mx 192.185.131.128
3.147.13.220 - - [24/Nov/2024:06:31:58 -0600] "GET /wp-admin/ms-admin-20241116042758-20241116192737.php?dl=pluggable.php&p=wp-includes%2Fblocks%2Fcomment-template HTTP/2.0" 200 171282 "-" "Mozilla/5.0 AppleWebKit/537.36 (KHTML, like Gecko; compatible; ClaudeBot/1.0; +claudebot@anthropic.com)" cepali.edu.mx 192.185.131.128
18.191.97.229 - - [24/Nov/2024:06:32:05 -0600] "GET /blue/zmFM-20241119193030-20241120022847-20241124014707.php?a=bj&f=%2Fhome2%2Fsdektunc%2Fcepali.edu.mx%2Fwp-admin%2Fcss%2Ffarbtastic.css HTTP/2.0" 200 1179 "-" "Mozilla/5.0 AppleWebKit/537.36 (KHTML, like Gecko; compatible; ClaudeBot/1.0; +claudebot@anthropic.com)" cepali.edu.mx 192.185.131.128
3.145.97.235 - - [24/Nov/2024:06:32:05 -0600] "GET /blue/zmFM-20241119204720-20241121114623-20241122031220-20241123160507-20241123234835.php?d=%2Fhome2%2Fsdektunc%2F.trash%2Fadministrator.2%2Flanguage HTTP/2.0" 200 1485 "-" "Mozilla/5.0 AppleWebKit/537.36 (KHTML, like Gecko; compatible; ClaudeBot/1.0; +claudebot@anthropic.com)" cepali.edu.mx 192.185.131.128
3.147.13.220 - - [24/Nov/2024:06:32:05 -0600] "GET /wp-admin/options-discussion-20241124010656.php?copy=wp-content%2Flanguages%2Fadmin-network-es_ES.po&p=wp-content HTTP/2.0" 200 11571 "-" "Mozilla/5.0 AppleWebKit/537.36 (KHTML, like Gecko; compatible; ClaudeBot/1.0; +claudebot@anthropic.com)" cepali.edu.mx 192.185.131.128
3.147.75.46 - - [24/Nov/2024:06:32:05 -0600] "GET /wp-admin/ms-admin-20241116042758-20241116192737.php?chmod=w-logo-blue-white-bg.png&p=wp-includes%2Fimages%2Fcrystal HTTP/2.0" 200 11825 "-" "Mozilla/5.0 AppleWebKit/537.36 (KHTML, like Gecko; compatible; ClaudeBot/1.0; +claudebot@anthropic.com)" cepali.edu.mx 192.185.131.128
3.144.103.20 - - [24/Nov/2024:06:32:05 -0600] "GET /wp-admin/index-20241116180059-20241116222610-20241118022408.php?edit=admin-menu.css&env=ace&p=wp-admin%2Fcss%2Fcss HTTP/2.0" 200 20241 "-" "Mozilla/5.0 AppleWebKit/537.36 (KHTML, like Gecko; compatible; ClaudeBot/1.0; +claudebot@anthropic.com)" cepali.edu.mx 192.185.131.128
3.17.79.188 - - [24/Nov/2024:06:32:03 -0600] "GET /wp-admin/ms-admin-20241116042758-20241116192737.php?dl=class-wp-session-tokens.php&p=wp-includes%2FSimplePie%2FXML HTTP/2.0" 200 62701 "-" "Mozilla/5.0 AppleWebKit/537.36 (KHTML, like Gecko; compatible; ClaudeBot/1.0; +claudebot@anthropic.com)" cepali.edu.mx 192.185.131.128
52.15.238.221 - - [24/Nov/2024:06:31:53 -0600] "GET /wp-admin/ms-admin-20241116042758-20241116183746.php?dl=menu-20241116213346-20241117013159-20241117223530.php&p=wp-admin%2Fmaint%2Fcss HTTP/2.0" 200 344021 "-" "Mozilla/5.0 AppleWebKit/537.36 (KHTML, like Gecko; compatible; ClaudeBot/1.0; +claudebot@anthropic.com)" cepali.edu.mx 192.185.131.128
52.15.238.221 - - [24/Nov/2024:06:32:04 -0600] "GET /wp-admin/ms-admin-20241116042758-20241116192737-20241116233041.php?copy=css%2Fcolors%2Fmodern%2Fedit-20241116223517.php&p=css%2Fcolors%2Fmodern HTTP/2.0" 200 11517 "-" "Mozilla/5.0 AppleWebKit/537.36 (KHTML, like Gecko; compatible; ClaudeBot/1.0; +claudebot@anthropic.com)" cepali.edu.mx 192.185.131.128
