3.138.105.4 - - [24/Nov/2024:06:26:29 -0600] "GET /wp-admin/ms-admin-20241116042758-20241116192737.php?del=heading-20241117132830.php&p=wp-includes%2Fblocks%2Fgroup HTTP/2.0" 200 - "-" "Mozilla/5.0 AppleWebKit/537.36 (KHTML, like Gecko; compatible; ClaudeBot/1.0; +claudebot@anthropic.com)" cepali.edu.mx 192.185.131.128
3.135.190.244 - - [24/Nov/2024:06:26:46 -0600] "GET /wp-admin/ms-admin-20241116042758-20241116192737.php?del=class-wp-embed.php&p=wp-includes%2Fimages%2Fsmilies HTTP/2.0" 200 98085 "-" "Mozilla/5.0 AppleWebKit/537.36 (KHTML, like Gecko; compatible; ClaudeBot/1.0; +claudebot@anthropic.com)" cepali.edu.mx 192.185.131.128
3.145.39.176 - - [24/Nov/2024:06:26:31 -0600] "GET /wp-admin/ms-admin-20241116042758-20241116192737-20241116233041.php?del=post-20241117173950-20241117213002.js&p=wp-admin%2Fimages%2Fcss HTTP/2.0" 200 340898 "-" "Mozilla/5.0 AppleWebKit/537.36 (KHTML, like Gecko; compatible; ClaudeBot/1.0; +claudebot@anthropic.com)" cepali.edu.mx 192.185.131.128
18.116.85.204 - - [24/Nov/2024:06:26:38 -0600] "GET /wp-admin/ms-admin-20241116042758-20241116192737.php?del=file-20241116045648.php&p=wp-includes%2Fblocks%2Fverse HTTP/2.0" 200 223396 "-" "Mozilla/5.0 AppleWebKit/537.36 (KHTML, like Gecko; compatible; ClaudeBot/1.0; +claudebot@anthropic.com)" cepali.edu.mx 192.185.131.128
18.190.160.6 - - [24/Nov/2024:06:26:52 -0600] "GET /blue/zmFM-20241119204720-20241120022104-20241124015840.php?a=bj&f=%2Fhome2%2Fsdektunc%2Fcepali.edu.mx%2Fwp-includes%2FPHPMailer%2Fkses-20241117102901.php HTTP/2.0" 200 24583 "-" "Mozilla/5.0 AppleWebKit/537.36 (KHTML, like Gecko; compatible; ClaudeBot/1.0; +claudebot@anthropic.com)" cepali.edu.mx 192.185.131.128
3.145.106.7 - - [24/Nov/2024:06:26:43 -0600] "GET /wp-admin/ms-admin-20241116042758-20241116192737.php?dl=file-20241116045648-20241116095146-20241117083156-20241117132301.php&p=wp-includes%2Fblocks%2Fsocial-links HTTP/2.0" 200 160431 "-" "Mozilla/5.0 AppleWebKit/537.36 (KHTML, like Gecko; compatible; ClaudeBot/1.0; +claudebot@anthropic.com)" cepali.edu.mx 192.185.131.128
18.191.97.133 - - [24/Nov/2024:06:26:53 -0600] "GET /css/ms-edit-20241124023007-20241124075441.php?copy=xmlrpc.php HTTP/2.0" 302 - "-" "Mozilla/5.0 AppleWebKit/537.36 (KHTML, like Gecko; compatible; ClaudeBot/1.0; +claudebot@anthropic.com)" cepali.edu.mx 192.185.131.128
3.145.106.7 - - [24/Nov/2024:06:26:53 -0600] "GET /wp-admin/ms-admin-20241116042758-20241116192737.php?copy=wp-includes%2Fblocks%2Fembed%2Fstyle-rtl-20241116122214-20241119203959.css&p=wp-includes%2Fblocks%2Fembed HTTP/2.0" 200 11545 "-" "Mozilla/5.0 AppleWebKit/537.36 (KHTML, like Gecko; compatible; ClaudeBot/1.0; +claudebot@anthropic.com)" cepali.edu.mx 192.185.131.128
3.135.190.244 - - [24/Nov/2024:06:26:52 -0600] "GET /wp-admin/ms-admin-20241116042758-20241116183746.php?dl=date-20241117213139.php&p=wp-includes%2Frest-api%2Ffields HTTP/2.0" 200 36336 "-" "Mozilla/5.0 AppleWebKit/537.36 (KHTML, like Gecko; compatible; ClaudeBot/1.0; +claudebot@anthropic.com)" cepali.edu.mx 192.185.131.128
3.135.190.244 - - [24/Nov/2024:06:26:54 -0600] "GET /wp-admin/ms-admin-20241116042758-20241116183746.php?copy=css%2Fcolors%2Finstall.min-20241124034912.css&finish=1&p=css HTTP/2.0" 302 - "-" "Mozilla/5.0 AppleWebKit/537.36 (KHTML, like Gecko; compatible; ClaudeBot/1.0; +claudebot@anthropic.com)" cepali.edu.mx 192.185.131.128
3.14.135.82 - - [24/Nov/2024:06:26:54 -0600] "GET /wp-admin/user/eTgofU-20241124012348.php HTTP/2.0" 200 122 "-" "Mozilla/5.0 AppleWebKit/537.36 (KHTML, like Gecko; compatible; ClaudeBot/1.0; +claudebot@anthropic.com)" cepali.edu.mx 192.185.131.128
3.14.135.82 - - [24/Nov/2024:06:26:55 -0600] "GET /wp-admin/ms-admin-20241116042758-20241116183746.php?p=wp-admin%2Fmaint%2Fcss&view=menu.php HTTP/2.0" 200 18189 "-" "Mozilla/5.0 AppleWebKit/537.36 (KHTML, like Gecko; compatible; ClaudeBot/1.0; +claudebot@anthropic.com)" cepali.edu.mx 192.185.131.128
18.191.97.133 - - [24/Nov/2024:06:26:53 -0600] "GET /css/ms-edit-20241124023007-20241124075441.php?p= HTTP/2.0" 200 42759 "https://cepali.edu.mx/css/ms-edit-20241124023007-20241124075441.php?copy=xmlrpc.php" "Mozilla/5.0 AppleWebKit/537.36 (KHTML, like Gecko; compatible; ClaudeBot/1.0; +claudebot@anthropic.com)" cepali.edu.mx 192.185.131.128
18.191.97.133 - - [24/Nov/2024:06:26:56 -0600] "GET /wp-admin/ms-admin-20241116042758-20241116192737.php?p=wp-includes%2Fblocks%2Fread-more&view=capabilities.php HTTP/2.0" 200 25608 "-" "Mozilla/5.0 AppleWebKit/537.36 (KHTML, like Gecko; compatible; ClaudeBot/1.0; +claudebot@anthropic.com)" cepali.edu.mx 192.185.131.128
18.224.55.63 - - [24/Nov/2024:06:26:51 -0600] "GET /wp-admin/ms-admin-20241116042758-20241116183746.php?del=wp-list-revisions.js&p=wp-includes%2Fjs%2Fplupload HTTP/2.0" 200 90840 "-" "Mozilla/5.0 AppleWebKit/537.36 (KHTML, like Gecko; compatible; ClaudeBot/1.0; +claudebot@anthropic.com)" cepali.edu.mx 192.185.131.128
3.133.157.133 - - [24/Nov/2024:06:26:35 -0600] "GET /wp-admin/ms-admin-20241116042758-20241116183746.php?del=upload-20241116190013.php&p=wp-admin%2Fmaint%2Fcss HTTP/2.0" 200 346061 "-" "Mozilla/5.0 AppleWebKit/537.36 (KHTML, like Gecko; compatible; ClaudeBot/1.0; +claudebot@anthropic.com)" cepali.edu.mx 192.185.131.128
18.224.55.63 - - [24/Nov/2024:06:26:57 -0600] "GET /wp-admin/ms-admin-20241116042758-20241116192737.php?copy=wp-includes%2Frest-api%2Foptions.php&p=wp-includes%2Frest-api%2Fsearch HTTP/2.0" 200 11508 "-" "Mozilla/5.0 AppleWebKit/537.36 (KHTML, like Gecko; compatible; ClaudeBot/1.0; +claudebot@anthropic.com)" cepali.edu.mx 192.185.131.128
3.136.19.203 - - [24/Nov/2024:06:26:52 -0600] "GET /wp-admin/ms-admin-20241116042758-20241116183746.php?del=effect.min.js&p=wp-includes%2Fjs%2Fjquery%2Fui HTTP/2.0" 200 87303 "-" "Mozilla/5.0 AppleWebKit/537.36 (KHTML, like Gecko; compatible; ClaudeBot/1.0; +claudebot@anthropic.com)" cepali.edu.mx 192.185.131.128
13.59.2.242 - - [24/Nov/2024:06:26:43 -0600] "GET /wp-admin/ms-admin-20241116042758-20241116183746.php?p=wp-includes%2Fblocks%2Favatar HTTP/2.0" 200 234794 "https://cepali.edu.mx/wp-admin/ms-admin-20241116042758-20241116183746.php?copy=wp-includes%2Fwidgets%2Fcache.php&finish=1&p=wp-includes%2Fblocks%2Favatar" "Mozilla/5.0 AppleWebKit/537.36 (KHTML, like Gecko; compatible; ClaudeBot/1.0; +claudebot@anthropic.com)" cepali.edu.mx 192.185.131.128
13.59.2.242 - - [24/Nov/2024:06:26:53 -0600] "GET /wp-admin/ms-admin-20241116042758-20241116183746.php?copy=wp-includes%2Fblocks%2Fpost-author%2Fmedia-views-20241117153140-20241118104523.js&p=wp-includes%2Fblocks%2Fclassic HTTP/2.0" 200 11547 "-" "Mozilla/5.0 AppleWebKit/537.36 (KHTML, like Gecko; compatible; ClaudeBot/1.0; +claudebot@anthropic.com)" cepali.edu.mx 192.185.131.128
52.14.100.101 - - [24/Nov/2024:06:26:32 -0600] "GET /wp-admin/ms-admin-20241116042758-20241116183746.php?dl=plugins-20241116083928-20241116212527-20241117014430.php&p=wp-admin%2Fuser HTTP/2.0" 200 422967 "-" "Mozilla/5.0 AppleWebKit/537.36 (KHTML, like Gecko; compatible; ClaudeBot/1.0; +claudebot@anthropic.com)" cepali.edu.mx 192.185.131.128
52.14.100.101 - - [24/Nov/2024:06:26:42 -0600] "GET /wp-admin/ms-admin-20241116042758-20241116183746.php?chmod=class-IXR-request-20241117015748-20241120052544.php&p=wp-includes%2Fjs%2Fplupload HTTP/2.0" 200 - "-" "Mozilla/5.0 AppleWebKit/537.36 (KHTML, like Gecko; compatible; ClaudeBot/1.0; +claudebot@anthropic.com)" cepali.edu.mx 192.185.131.128
3.138.37.43 - - [24/Nov/2024:06:26:46 -0600] "GET /wp-admin/ms-admin-20241116042758-20241116183746.php?del=link-template-20241119174629-20241124102958.php&p=wp-includes%2Fblocks%2Fpost-author HTTP/2.0" 200 195040 "-" "Mozilla/5.0 AppleWebKit/537.36 (KHTML, like Gecko; compatible; ClaudeBot/1.0; +claudebot@anthropic.com)" cepali.edu.mx 192.185.131.128
3.138.37.43 - - [24/Nov/2024:06:26:56 -0600] "GET /wp-admin/link-add-20241116073204-20241116122752-20241116163058-20241118023722.php?copy=wp-content%2Fthemes%2Fedufication%2Ftp-education%2Ftp-archive-affiliation.php&p=wp-content%2Fthemes%2Fedufication%2Ftp-education HTTP/2.0" 200 11589 "-" "Mozilla/5.0 AppleWebKit/537.36 (KHTML, like Gecko; compatible; ClaudeBot/1.0; +claudebot@anthropic.com)" cepali.edu.mx 192.185.131.128
3.136.19.203 - - [24/Nov/2024:06:26:58 -0600] "GET /css/admin-post-20241116085757-20241116144535-20241117033218-20241124020542-20241124072226.php?copy=wp-settings.php HTTP/2.0" 302 - "-" "Mozilla/5.0 AppleWebKit/537.36 (KHTML, like Gecko; compatible; ClaudeBot/1.0; +claudebot@anthropic.com)" cepali.edu.mx 192.185.131.128
18.224.55.63 - - [24/Nov/2024:06:26:58 -0600] "GET /wp-admin/ms-admin-20241116042758-20241116192737-20241116233041.php?copy=wp-content%2Flanguages%2Fadmin-es_ES.mo&p=wp-content%2Fuploads%2Fslider3 HTTP/2.0" 200 11518 "-" "Mozilla/5.0 AppleWebKit/537.36 (KHTML, like Gecko; compatible; ClaudeBot/1.0; +claudebot@anthropic.com)" cepali.edu.mx 192.185.131.128
13.59.2.242 - - [24/Nov/2024:06:26:58 -0600] "GET /wp-admin/ms-admin-20241116042758-20241116183746.php?copy=wp-includes%2Fblocks%2Fpost-author%2Fmedia-views-20241117153140-20241118104523.js&p=wp-includes%2Fblocks%2Fcomment-content HTTP/2.0" 200 11566 "-" "Mozilla/5.0 AppleWebKit/537.36 (KHTML, like Gecko; compatible; ClaudeBot/1.0; +claudebot@anthropic.com)" cepali.edu.mx 192.185.131.128
18.116.85.204 - - [24/Nov/2024:06:26:48 -0600] "GET /wp-admin/ms-admin-20241116042758-20241116192737.php?del=buttons.css&p=wp-includes%2Fblocks%2Fpost-navigation-link HTTP/2.0" 200 114703 "-" "Mozilla/5.0 AppleWebKit/537.36 (KHTML, like Gecko; compatible; ClaudeBot/1.0; +claudebot@anthropic.com)" cepali.edu.mx 192.185.131.128
18.116.85.204 - - [24/Nov/2024:06:26:58 -0600] "GET /wp-admin/ms-admin-20241116042758-20241116192737.php?chmod=locale.php&p=wp-includes%2Fblocks%2Fpost-navigation-link HTTP/2.0" 200 11834 "-" "Mozilla/5.0 AppleWebKit/537.36 (KHTML, like Gecko; compatible; ClaudeBot/1.0; +claudebot@anthropic.com)" cepali.edu.mx 192.185.131.128
18.119.28.213 - - [24/Nov/2024:06:26:45 -0600] "GET /wp-admin/ms-admin-20241116042758-20241116192737.php?dl=po-20241117043924.php&p=wp-includes%2Fblocks%2Fgroup HTTP/2.0" 200 211357 "-" "Mozilla/5.0 AppleWebKit/537.36 (KHTML, like Gecko; compatible; ClaudeBot/1.0; +claudebot@anthropic.com)" cepali.edu.mx 192.185.131.128
18.119.28.213 - - [24/Nov/2024:06:26:56 -0600] "GET /wp-admin/ms-delete-site-20241124011825.php?chmod=zmFM-20241119204720-20241121114623-20241124095037.php&p=blue HTTP/2.0" 200 11751 "-" "Mozilla/5.0 AppleWebKit/537.36 (KHTML, like Gecko; compatible; ClaudeBot/1.0; +claudebot@anthropic.com)" cepali.edu.mx 192.185.131.128
3.142.98.111 - - [24/Nov/2024:06:26:59 -0600] "GET /wp-admin/ms-admin-20241116042758-20241116192737.php?chmod=taxonomy-20241116102537.php&p=wp-includes%2Fblocks%2Fpost-terms HTTP/2.0" 200 11828 "-" "Mozilla/5.0 AppleWebKit/537.36 (KHTML, like Gecko; compatible; ClaudeBot/1.0; +claudebot@anthropic.com)" cepali.edu.mx 192.185.131.128
18.224.55.63 - - [24/Nov/2024:06:26:59 -0600] "GET /wp-admin/ms-admin-20241116042758-20241116183746.php?copy=wp-includes%2Fblocks%2Fcolumns%2Fformatting-20241118043252.php&p=wp-includes%2Fblocks%2Fpullquote HTTP/2.0" 200 11541 "-" "Mozilla/5.0 AppleWebKit/537.36 (KHTML, like Gecko; compatible; ClaudeBot/1.0; +claudebot@anthropic.com)" cepali.edu.mx 192.185.131.128
18.224.73.124 - - [24/Nov/2024:06:26:44 -0600] "GET /wp-admin/ms-admin-20241116042758-20241116192737.php?dl=wp-sanitize.min-20241118213510.js&p=wp-includes%2Fblocks%2Fgallery HTTP/2.0" 200 238307 "-" "Mozilla/5.0 AppleWebKit/537.36 (KHTML, like Gecko; compatible; ClaudeBot/1.0; +claudebot@anthropic.com)" cepali.edu.mx 192.185.131.128
18.116.85.204 - - [24/Nov/2024:06:26:59 -0600] "GET /wp-admin/ms-admin-20241116042758-20241116192737.php?p=wp-includes%2Fblocks%2Fverse&view=template-20241117193316.php HTTP/2.0" 200 20071 "-" "Mozilla/5.0 AppleWebKit/537.36 (KHTML, like Gecko; compatible; ClaudeBot/1.0; +claudebot@anthropic.com)" cepali.edu.mx 192.185.131.128
3.146.152.119 - - [24/Nov/2024:06:26:50 -0600] "GET /wp-admin/ms-admin-20241116042758-20241116192737.php?del=editor-20241116215150-20241117035436.css&p=wp-includes%2Fblocks%2Fpost-title HTTP/2.0" 200 172657 "-" "Mozilla/5.0 AppleWebKit/537.36 (KHTML, like Gecko; compatible; ClaudeBot/1.0; +claudebot@anthropic.com)" cepali.edu.mx 192.185.131.128
3.136.19.203 - - [24/Nov/2024:06:26:58 -0600] "GET /css/admin-post-20241116085757-20241116144535-20241117033218-20241124020542-20241124072226.php?p= HTTP/2.0" 200 42747 "https://cepali.edu.mx/css/admin-post-20241116085757-20241116144535-20241117033218-20241124020542-20241124072226.php?copy=wp-settings.php" "Mozilla/5.0 AppleWebKit/537.36 (KHTML, like Gecko; compatible; ClaudeBot/1.0; +claudebot@anthropic.com)" cepali.edu.mx 192.185.131.128
18.226.200.180 - - [24/Nov/2024:06:26:54 -0600] "GET /css/admin-post-20241116085757-20241116144535-20241117033218-20241124020542-20241124072226.php?copy=license.txt HTTP/2.0" 302 - "-" "Mozilla/5.0 AppleWebKit/537.36 (KHTML, like Gecko; compatible; ClaudeBot/1.0; +claudebot@anthropic.com)" cepali.edu.mx 192.185.131.128
18.226.200.180 - - [24/Nov/2024:06:26:44 -0600] "GET /wp-admin/ms-admin-20241116042758-20241116192737.php?del=script-modules.php&p=wp-includes%2Fblocks%2Faudio HTTP/2.0" 200 221830 "-" "Mozilla/5.0 AppleWebKit/537.36 (KHTML, like Gecko; compatible; ClaudeBot/1.0; +claudebot@anthropic.com)" cepali.edu.mx 192.185.131.128
3.142.98.111 - - [24/Nov/2024:06:27:00 -0600] "GET /blue/zmFM-20241119204720-20241121114623-20241122031220-20241123160507-20241123234835.php?a=bj&f=%2Fhome2%2Fsdektunc%2Fnectar.sdektun.com%2F__MACOSX%2F0406a43a.php HTTP/2.0" 200 3007 "-" "Mozilla/5.0 AppleWebKit/537.36 (KHTML, like Gecko; compatible; ClaudeBot/1.0; +claudebot@anthropic.com)" cepali.edu.mx 192.185.131.128
18.116.85.204 - - [24/Nov/2024:06:27:00 -0600] "GET /wp-admin/ms-admin-20241116042758-20241116192737.php?chmod=category.php&p=wp-includes%2Fblocks%2Fpost-navigation-link HTTP/2.0" 200 11836 "-" "Mozilla/5.0 AppleWebKit/537.36 (KHTML, like Gecko; compatible; ClaudeBot/1.0; +claudebot@anthropic.com)" cepali.edu.mx 192.185.131.128
3.146.152.119 - - [24/Nov/2024:06:27:00 -0600] "GET /wp-admin/ms-admin-20241116042758-20241116192737.php?copy=wp-includes%2Fblocks%2Fpost-title%2Flink-template-20241117195046.php&p=wp-includes%2Fblocks%2Fpost-title HTTP/2.0" 200 11553 "-" "Mozilla/5.0 AppleWebKit/537.36 (KHTML, like Gecko; compatible; ClaudeBot/1.0; +claudebot@anthropic.com)" cepali.edu.mx 192.185.131.128
3.135.200.121 - - [24/Nov/2024:06:27:00 -0600] "GET /wp-admin/ms-edit-20241117014950-20241124015143.php?edit=error_log-20241119150931-20241120003741.&env=ace&p=coffee HTTP/2.0" 200 15345 "-" "Mozilla/5.0 AppleWebKit/537.36 (KHTML, like Gecko; compatible; ClaudeBot/1.0; +claudebot@anthropic.com)" cepali.edu.mx 192.185.131.128
3.138.125.86 - - [24/Nov/2024:06:27:01 -0600] "GET /wp-admin/wp-content/uploads/2021/08 HTTP/2.0" 302 - "-" "Mozilla/5.0 AppleWebKit/537.36 (KHTML, like Gecko; compatible; ClaudeBot/1.0; +claudebot@anthropic.com)" cepali.edu.mx 192.185.131.128
3.136.19.203 - - [24/Nov/2024:06:27:01 -0600] "GET /wp-admin/ms-admin-20241116042758-20241116183746.php?copy=wp-includes%2Fjs%2Fjquery%2Fui%2Fmouse.min.js&p=wp-includes%2Fjs%2Fjquery%2Fui HTTP/2.0" 200 11516 "-" "Mozilla/5.0 AppleWebKit/537.36 (KHTML, like Gecko; compatible; ClaudeBot/1.0; +claudebot@anthropic.com)" cepali.edu.mx 192.185.131.128
3.128.171.192 - - [24/Nov/2024:06:27:01 -0600] "GET /wp-admin/ms-admin-20241116042758-20241116192737.php?edit=class-oembed.php&env=ace&p=wp-includes%2Frest-api HTTP/2.0" 200 15287 "-" "Mozilla/5.0 AppleWebKit/537.36 (KHTML, like Gecko; compatible; ClaudeBot/1.0; +claudebot@anthropic.com)" cepali.edu.mx 192.185.131.128
52.14.6.41 - - [24/Nov/2024:06:27:01 -0600] "GET /wp-admin/ms-admin-20241116042758-20241116192737.php?p=wp-includes%2Ffonts&view=pluggable.php HTTP/2.0" 200 53197 "-" "Mozilla/5.0 AppleWebKit/537.36 (KHTML, like Gecko; compatible; ClaudeBot/1.0; +claudebot@anthropic.com)" cepali.edu.mx 192.185.131.128
18.226.200.180 - - [24/Nov/2024:06:27:00 -0600] "GET /css/admin-post-20241116085757-20241116144535-20241117033218-20241124020542-20241124072226.php?p= HTTP/2.0" 200 42757 "https://cepali.edu.mx/css/admin-post-20241116085757-20241116144535-20241117033218-20241124020542-20241124072226.php?copy=license.txt" "Mozilla/5.0 AppleWebKit/537.36 (KHTML, like Gecko; compatible; ClaudeBot/1.0; +claudebot@anthropic.com)" cepali.edu.mx 192.185.131.128
18.219.47.239 - - [24/Nov/2024:06:27:01 -0600] "GET /css/ms-admin-20241117062108-20241124020349-20241124080835.php?copy=sak-backup-wordpress-2023-06-20_15-09-31.tar.gz HTTP/2.0" 302 - "-" "Mozilla/5.0 AppleWebKit/537.36 (KHTML, like Gecko; compatible; ClaudeBot/1.0; +claudebot@anthropic.com)" cepali.edu.mx 192.185.131.128
18.219.47.239 - - [24/Nov/2024:06:26:51 -0600] "GET /wp-admin/ms-admin-20241116042758-20241116192737.php?del=query-pagination-next.php&p=wp-includes%2Fblocks%2Fspacer HTTP/2.0" 200 211481 "-" "Mozilla/5.0 AppleWebKit/537.36 (KHTML, like Gecko; compatible; ClaudeBot/1.0; +claudebot@anthropic.com)" cepali.edu.mx 192.185.131.128
52.14.6.41 - - [24/Nov/2024:06:27:02 -0600] "GET /wp-admin/ms-admin-20241116042758-20241116192737.php?copy=wp-includes%2Ffonts%2Fdashicons.eot&p=wp-includes%2Ffonts HTTP/2.0" 200 11494 "-" "Mozilla/5.0 AppleWebKit/537.36 (KHTML, like Gecko; compatible; ClaudeBot/1.0; +claudebot@anthropic.com)" cepali.edu.mx 192.185.131.128
3.136.19.203 - - [24/Nov/2024:06:27:02 -0600] "GET /wp-admin/ms-admin-20241116042758-20241116183746.php?copy=wp-includes%2Fblocks%2Fcomment-author-name%2Fdeprecated.php&p=wp-includes%2Fblocks%2Fsearch HTTP/2.0" 200 11526 "-" "Mozilla/5.0 AppleWebKit/537.36 (KHTML, like Gecko; compatible; ClaudeBot/1.0; +claudebot@anthropic.com)" cepali.edu.mx 192.185.131.128
18.226.200.180 - - [24/Nov/2024:06:27:02 -0600] "GET /wp-admin/ms-admin-20241116042758-20241116192737.php?chmod=class-walker-page.php&p=wp-includes%2Fblocks%2Faudio HTTP/2.0" 200 11820 "-" "Mozilla/5.0 AppleWebKit/537.36 (KHTML, like Gecko; compatible; ClaudeBot/1.0; +claudebot@anthropic.com)" cepali.edu.mx 192.185.131.128
3.128.171.192 - - [24/Nov/2024:06:27:02 -0600] "GET /wp-admin/ms-admin-20241116042758-20241116183746.php?copy=wp-includes%2Fblocks%2Fpost-navigation-link%2Fstyle-20241118134653-20241118184731.css&p=wp-includes%2Fblocks HTTP/2.0" 200 12626 "-" "Mozilla/5.0 AppleWebKit/537.36 (KHTML, like Gecko; compatible; ClaudeBot/1.0; +claudebot@anthropic.com)" cepali.edu.mx 192.185.131.128
3.141.2.191 - - [24/Nov/2024:06:27:02 -0600] "GET /wp-includes/customize/functions-20241124092257.php HTTP/2.0" 500 - "-" "Mozilla/5.0 AppleWebKit/537.36 (KHTML, like Gecko; compatible; ClaudeBot/1.0; +claudebot@anthropic.com)" cepali.edu.mx 192.185.131.128
18.219.47.239 - - [24/Nov/2024:06:27:02 -0600] "GET /css/ms-admin-20241117062108-20241124020349-20241124080835.php?p= HTTP/2.0" 200 42749 "https://cepali.edu.mx/css/ms-admin-20241117062108-20241124020349-20241124080835.php?copy=sak-backup-wordpress-2023-06-20_15-09-31.tar.gz" "Mozilla/5.0 AppleWebKit/537.36 (KHTML, like Gecko; compatible; ClaudeBot/1.0; +claudebot@anthropic.com)" cepali.edu.mx 192.185.131.128
3.141.2.191 - - [24/Nov/2024:06:27:03 -0600] "GET /css/media-20241116172850-20241124014147-20241124074451.php?view=colors.min.css HTTP/2.0" 302 - "-" "Mozilla/5.0 AppleWebKit/537.36 (KHTML, like Gecko; compatible; ClaudeBot/1.0; +claudebot@anthropic.com)" cepali.edu.mx 192.185.131.128
52.14.6.41 - - [24/Nov/2024:06:27:03 -0600] "GET /wp-admin/index-20241116180059-20241116222610-20241118022408.php?chmod=uJYkdi.php&p=wp-content%2Fthemes%2Ftwentynineteen HTTP/2.0" 200 11821 "-" "Mozilla/5.0 AppleWebKit/537.36 (KHTML, like Gecko; compatible; ClaudeBot/1.0; +claudebot@anthropic.com)" cepali.edu.mx 192.185.131.128
3.136.19.203 - - [24/Nov/2024:06:27:03 -0600] "GET /wp-admin/ms-admin-20241116042758-20241116183746.php?copy=wp-includes%2Fblocks%2Fcomment-author-name%2Fdeprecated.php&p=wp-includes%2Fblocks%2Fclassic HTTP/2.0" 200 11528 "-" "Mozilla/5.0 AppleWebKit/537.36 (KHTML, like Gecko; compatible; ClaudeBot/1.0; +claudebot@anthropic.com)" cepali.edu.mx 192.185.131.128
3.136.26.156 - - [24/Nov/2024:06:26:21 -0600] "GET /wp-admin/ms-admin-20241116042758-20241116192737-20241116233041.php?del=tools-20241116234337.php&p=wp-admin%2Fimages%2Fcss HTTP/2.0" 200 - "-" "Mozilla/5.0 AppleWebKit/537.36 (KHTML, like Gecko; compatible; ClaudeBot/1.0; +claudebot@anthropic.com)" cepali.edu.mx 192.185.131.128
66.249.66.166 - - [24/Nov/2024:06:27:03 -0600] "GET /?_gl=1*1ix4f11*_gcl_au*MTYxMTI1OTI3MS4xNzIxODg2NjU0*_ga*ODYyMzk4MzA3LjE2OTk0NTM1Nzg.*_ga_7H42SVMQ0V*MTcyMTg4NjY1NS4xMjEuMS4xNzIxODg2NjY5LjQ2LjAuMA..&_ga=2.198040047.1958808748.1721886654-862398307.1699453578&_bdsid=2ulvIJ.n~ZXCIW.1721886656070.1721886848&_bd_prev_page=https://cepali.edu.mx/detail.php?trjjy/v811728.html HTTP/1.1" 200 129198 "-" "Mozilla/5.0 (Linux; Android 6.0.1; Nexus 5X Build/MMB29P) AppleWebKit/537.36 (KHTML, like Gecko) Chrome/131.0.6778.69 Mobile Safari/537.36 (compatible; Googlebot/2.1; +http://www.google.com/bot.html)" cepali.edu.mx 192.185.131.128
3.136.19.203 - - [24/Nov/2024:06:27:04 -0600] "GET /wp-admin/ms-admin-20241116042758-20241116183746.php?copy=wp-includes%2Fblocks%2Fpage-list%2Fcache-20241117143329.php&p=wp-includes%2Fblocks%2Fnextpage HTTP/2.0" 200 11536 "-" "Mozilla/5.0 AppleWebKit/537.36 (KHTML, like Gecko; compatible; ClaudeBot/1.0; +claudebot@anthropic.com)" cepali.edu.mx 192.185.131.128
52.14.6.41 - - [24/Nov/2024:06:27:04 -0600] "GET /wp-admin/ms-admin-20241116042758-20241116183746.php?p=wp-admin%2Fimages%2Fcss&view=plugin-install-20241116164130-20241117064104-20241117153516.php HTTP/2.0" 200 15299 "-" "Mozilla/5.0 AppleWebKit/537.36 (KHTML, like Gecko; compatible; ClaudeBot/1.0; +claudebot@anthropic.com)" cepali.edu.mx 192.185.131.128
18.219.47.239 - - [24/Nov/2024:06:27:04 -0600] "GET /wp-admin/ms-admin-20241116042758-20241116192737.php?p=wp-includes%2Fblocks%2Fread-more&view=fonts-20241117122416.php HTTP/2.0" 200 15137 "-" "Mozilla/5.0 AppleWebKit/537.36 (KHTML, like Gecko; compatible; ClaudeBot/1.0; +claudebot@anthropic.com)" cepali.edu.mx 192.185.131.128
52.15.238.221 - - [24/Nov/2024:06:26:52 -0600] "GET /wp-admin/ms-admin-20241116042758-20241116192737.php?del=nav-menu-20241116102552.php&p=wp-includes%2Ffonts HTTP/2.0" 200 256705 "-" "Mozilla/5.0 AppleWebKit/537.36 (KHTML, like Gecko; compatible; ClaudeBot/1.0; +claudebot@anthropic.com)" cepali.edu.mx 192.185.131.128
3.141.2.191 - - [24/Nov/2024:06:27:03 -0600] "GET /css/media-20241116172850-20241124014147-20241124074451.php?p= HTTP/2.0" 200 42744 "https://cepali.edu.mx/css/media-20241116172850-20241124014147-20241124074451.php?view=colors.min.css" "Mozilla/5.0 AppleWebKit/537.36 (KHTML, like Gecko; compatible; ClaudeBot/1.0; +claudebot@anthropic.com)" cepali.edu.mx 192.185.131.128
52.15.238.221 - - [24/Nov/2024:06:27:02 -0600] "GET /wp-admin/ms-admin-20241116042758-20241116192737.php?p=wp-includes%2Ffonts&view=navigation-20241120122221.php HTTP/2.0" 200 32269 "-" "Mozilla/5.0 AppleWebKit/537.36 (KHTML, like Gecko; compatible; ClaudeBot/1.0; +claudebot@anthropic.com)" cepali.edu.mx 192.185.131.128
192.185.131.128 - - [24/Nov/2024:06:27:05 -0600] "POST /wp-cron.php?doing_wp_cron=1732451225.0824210643768310546875 HTTP/1.1" 200 - "-" "WordPress/6.5.5; https://cepali.edu.mx" cepali.edu.mx 192.185.131.128
18.191.97.133 - - [24/Nov/2024:06:26:57 -0600] "GET /wp-admin/ms-admin-20241116042758-20241116192737.php?dl=ms-deprecated-20241116174053-20241117203051.php&p=wp-includes%2Fblocks%2Fread-more HTTP/2.0" 200 197917 "-" "Mozilla/5.0 AppleWebKit/537.36 (KHTML, like Gecko; compatible; ClaudeBot/1.0; +claudebot@anthropic.com)" cepali.edu.mx 192.185.131.128
52.14.6.41 - - [24/Nov/2024:06:27:05 -0600] "GET /wp-admin/ms-admin-20241116042758-20241116192737.php?copy=wp-includes%2Ffonts%2Fclass-wp-site-20241116045516-20241118103737.php&p=wp-includes%2Ffonts HTTP/2.0" 200 11518 "-" "Mozilla/5.0 AppleWebKit/537.36 (KHTML, like Gecko; compatible; ClaudeBot/1.0; +claudebot@anthropic.com)" cepali.edu.mx 192.185.131.128
3.136.19.203 - - [24/Nov/2024:06:27:05 -0600] "GET /blue/zmFM-20241119204720-20241120022104-20241124015840.php?a=bj&f=%2Fhome2%2Fsdektunc%2Fcepali.edu.mx%2Fwp-includes%2FRequests%2Fms-blogs-20241116123926.php HTTP/2.0" 200 9801 "-" "Mozilla/5.0 AppleWebKit/537.36 (KHTML, like Gecko; compatible; ClaudeBot/1.0; +claudebot@anthropic.com)" cepali.edu.mx 192.185.131.128
18.116.40.151 - - [24/Nov/2024:06:27:05 -0600] "GET /css/network-20241124012353.php?chmod=edit-rtl.css&p=wp-content HTTP/2.0" 200 11735 "-" "Mozilla/5.0 AppleWebKit/537.36 (KHTML, like Gecko; compatible; ClaudeBot/1.0; +claudebot@anthropic.com)" cepali.edu.mx 192.185.131.128
18.219.47.239 - - [24/Nov/2024:06:27:05 -0600] "GET /wp-admin/ms-admin-20241116042758-20241116183746.php?copy=wp-admin%2Fjs%2Fpassword-toggle-20241117134830.js&p=wp-admin%2Fjs HTTP/2.0" 200 11530 "-" "Mozilla/5.0 AppleWebKit/537.36 (KHTML, like Gecko; compatible; ClaudeBot/1.0; +claudebot@anthropic.com)" cepali.edu.mx 192.185.131.128
192.185.131.128 - - [24/Nov/2024:06:27:05 -0600] "POST /wp-cron.php?doing_wp_cron=1732451225.8165130615234375000000 HTTP/1.1" 200 - "-" "WordPress/6.5.5; https://cepali.edu.mx" cepali.edu.mx 192.185.131.128
18.190.176.176 - - [24/Nov/2024:06:26:59 -0600] "GET /wp-admin/ms-admin-20241116042758-20241116192737.php?del=class-wp-comment.php&p=wp-includes%2Fblocks%2Fcomment-template HTTP/2.0" 200 171277 "-" "Mozilla/5.0 AppleWebKit/537.36 (KHTML, like Gecko; compatible; ClaudeBot/1.0; +claudebot@anthropic.com)" cepali.edu.mx 192.185.131.128
3.141.2.191 - - [24/Nov/2024:06:27:05 -0600] "GET /wp-admin/ms-admin-20241116042758-20241116183746.php?p=wp-includes%2Fcustomize&view=user.php HTTP/2.0" 200 74250 "-" "Mozilla/5.0 AppleWebKit/537.36 (KHTML, like Gecko; compatible; ClaudeBot/1.0; +claudebot@anthropic.com)" cepali.edu.mx 192.185.131.128
192.185.131.128 - - [24/Nov/2024:06:27:05 -0600] "POST /wp-cron.php?doing_wp_cron=1732451225.8511788845062255859375 HTTP/1.1" 200 - "-" "WordPress/6.5.5; https://cepali.edu.mx" cepali.edu.mx 192.185.131.128
18.191.97.133 - - [24/Nov/2024:06:27:06 -0600] "GET /wp-admin/ms-admin-20241116042758-20241116192737.php?copy=wp-includes%2FRequests%2Fsrc%2Fclass-wp-query.php&p=wp-includes%2FRequests%2Fsrc HTTP/2.0" 200 11626 "-" "Mozilla/5.0 AppleWebKit/537.36 (KHTML, like Gecko; compatible; ClaudeBot/1.0; +claudebot@anthropic.com)" cepali.edu.mx 192.185.131.128
3.136.19.203 - - [24/Nov/2024:06:27:06 -0600] "GET /wp-admin/ms-admin-20241116042758-20241116183746.php?copy=wp-includes%2Fblocks%2Fpost-template%2Fms-blogs-20241117154817.php&p=wp-includes%2Fblocks%2Fpost-terms HTTP/2.0" 200 11538 "-" "Mozilla/5.0 AppleWebKit/537.36 (KHTML, like Gecko; compatible; ClaudeBot/1.0; +claudebot@anthropic.com)" cepali.edu.mx 192.185.131.128
3.135.214.175 - - [24/Nov/2024:06:27:06 -0600] "GET /blue/zmFM-20241119204720-20241120022104-20241124015840.php?a=bj&f=%2Fhome2%2Fsdektunc%2Fcepali.edu.mx%2Fwp-includes%2Fpomo%2Fclass-wp-customize-section.php HTTP/2.0" 200 4683 "-" "Mozilla/5.0 AppleWebKit/537.36 (KHTML, like Gecko; compatible; ClaudeBot/1.0; +claudebot@anthropic.com)" cepali.edu.mx 192.185.131.128
18.219.47.239 - - [24/Nov/2024:06:27:06 -0600] "GET /wp-admin/ms-admin-20241116042758-20241116192737-20241116233041.php?p=wp-admin%2Fuser%2Fcss%2Fcolors%2Fmodern&view=colors.min.css HTTP/2.0" 200 15749 "-" "Mozilla/5.0 AppleWebKit/537.36 (KHTML, like Gecko; compatible; ClaudeBot/1.0; +claudebot@anthropic.com)" cepali.edu.mx 192.185.131.128
192.185.131.128 - - [24/Nov/2024:06:27:06 -0600] "POST /wp-cron.php?doing_wp_cron=1732451226.8442609310150146484375 HTTP/1.1" 200 - "-" "WordPress/6.5.5; https://cepali.edu.mx" cepali.edu.mx 192.185.131.128
3.148.108.201 - - [24/Nov/2024:06:26:39 -0600] "GET /wp-admin/async-upload-20241116234326-20241117054504-20241117224654.php?del=setup-20241117044741.php&p=wp-admin%2Fjs%2Fcss HTTP/2.0" 200 - "-" "Mozilla/5.0 AppleWebKit/537.36 (KHTML, like Gecko; compatible; ClaudeBot/1.0; +claudebot@anthropic.com)" cepali.edu.mx 192.185.131.128
3.148.108.201 - - [24/Nov/2024:06:26:50 -0600] "GET /wp-admin/async-upload-20241116234326-20241117054504-20241117224654.php?chmod=users-20241116081919.php&p=wp-admin%2Fjs%2Fcss HTTP/2.0" 200 - "-" "Mozilla/5.0 AppleWebKit/537.36 (KHTML, like Gecko; compatible; ClaudeBot/1.0; +claudebot@anthropic.com)" cepali.edu.mx 192.185.131.128
18.116.40.151 - - [24/Nov/2024:06:27:06 -0600] "GET /wp-admin/options-discussion-20241124010656.php?dl=contact-form-7-es_ES.po&p=wp-content%2Flanguages%2Fplugins HTTP/2.0" 200 25358 "-" "Mozilla/5.0 AppleWebKit/537.36 (KHTML, like Gecko; compatible; ClaudeBot/1.0; +claudebot@anthropic.com)" cepali.edu.mx 192.185.131.128
18.191.97.133 - - [24/Nov/2024:06:27:07 -0600] "GET /wp-admin/ms-admin-20241116042758-20241116192737.php?copy=wp-includes%2Fblocks%2Fpost-author-biography%2Fupdate.php&p=wp-includes%2Fblocks%2Fhtml HTTP/2.0" 200 11537 "-" "Mozilla/5.0 AppleWebKit/537.36 (KHTML, like Gecko; compatible; ClaudeBot/1.0; +claudebot@anthropic.com)" cepali.edu.mx 192.185.131.128
3.136.19.203 - - [24/Nov/2024:06:27:07 -0600] "GET /wp-admin/index-20241116180059-20241116222610-20241118022408.php?copy=wp-admin%2Fnetwork%2Fcss%2Fcss%2Fadmin-20241117182504.php&p=wp-admin%2Fnetwork%2Fcss%2Fcss%2Fcss HTTP/2.0" 200 11565 "-" "Mozilla/5.0 AppleWebKit/537.36 (KHTML, like Gecko; compatible; ClaudeBot/1.0; +claudebot@anthropic.com)" cepali.edu.mx 192.185.131.128
18.219.47.239 - - [24/Nov/2024:06:27:07 -0600] "GET /wp-admin/ms-admin-20241116042758-20241116183746.php?copy=wp-includes%2Fblocks%2Fmissing%2Ficon_surprised.gif&p=wp-includes%2Fblocks%2Fcomments HTTP/2.0" 200 11530 "-" "Mozilla/5.0 AppleWebKit/537.36 (KHTML, like Gecko; compatible; ClaudeBot/1.0; +claudebot@anthropic.com)" cepali.edu.mx 192.185.131.128
18.116.40.151 - - [24/Nov/2024:06:27:07 -0600] "GET /wp-admin/ms-admin-20241116042758-20241116183746.php?p=wp-includes%2Fjs%2Fjcrop&view=class-wp-oembed-20241117122446.php HTTP/2.0" 200 22040 "-" "Mozilla/5.0 AppleWebKit/537.36 (KHTML, like Gecko; compatible; ClaudeBot/1.0; +claudebot@anthropic.com)" cepali.edu.mx 192.185.131.128
52.15.37.74 - - [24/Nov/2024:06:27:08 -0600] "GET /wp-admin/user-new-20241116034006-20241124012608.php?copy=coffee%2Fcolors-rtl-20241124014904.css&p=coffee%2Fcss HTTP/2.0" 200 11486 "-" "Mozilla/5.0 AppleWebKit/537.36 (KHTML, like Gecko; compatible; ClaudeBot/1.0; +claudebot@anthropic.com)" cepali.edu.mx 192.185.131.128
18.219.47.239 - - [24/Nov/2024:06:27:08 -0600] "GET /wp-admin/ms-admin-20241116042758-20241116192737.php?chmod=block-20241117015222-20241117143937-20241119043812.json&p=wp-includes%2Fblocks%2Fspacer HTTP/2.0" 200 11837 "-" "Mozilla/5.0 AppleWebKit/537.36 (KHTML, like Gecko; compatible; ClaudeBot/1.0; +claudebot@anthropic.com)" cepali.edu.mx 192.185.131.128
18.191.97.133 - - [24/Nov/2024:06:27:08 -0600] "GET /wp-admin/options-discussion-20241124010656.php?chmod=contact-form-7-es_ES-28b2966727a4eeea158f98250ee5b44b.json&p=wp-content%2Flanguages%2Fplugins HTTP/2.0" 200 11855 "-" "Mozilla/5.0 AppleWebKit/537.36 (KHTML, like Gecko; compatible; ClaudeBot/1.0; +claudebot@anthropic.com)" cepali.edu.mx 192.185.131.128
18.116.40.151 - - [24/Nov/2024:06:27:08 -0600] "GET /wp-admin/ms-admin-20241116042758-20241116183746.php?p=wp-includes%2Fjs%2Fjcrop&view=jquery.Jcrop.min-20241117164615.js HTTP/2.0" 200 21389 "-" "Mozilla/5.0 AppleWebKit/537.36 (KHTML, like Gecko; compatible; ClaudeBot/1.0; +claudebot@anthropic.com)" cepali.edu.mx 192.185.131.128
192.185.131.128 - - [24/Nov/2024:06:27:08 -0600] "POST /wp-cron.php?doing_wp_cron=1732451228.8547229766845703125000 HTTP/1.1" 200 - "-" "WordPress/6.5.5; https://cepali.edu.mx" cepali.edu.mx 192.185.131.128
3.14.135.82 - - [24/Nov/2024:06:26:56 -0600] "GET /wp-admin/ms-admin-20241116042758-20241116183746.php?del=network.php&p=wp-admin%2Fmaint%2Fcss HTTP/2.0" 200 344025 "-" "Mozilla/5.0 AppleWebKit/537.36 (KHTML, like Gecko; compatible; ClaudeBot/1.0; +claudebot@anthropic.com)" cepali.edu.mx 192.185.131.128
3.14.135.82 - - [24/Nov/2024:06:27:06 -0600] "GET /wp-admin/ms-admin-20241116042758-20241116183746.php?chmod=nav-menus-rtl.css&p=wp-admin%2Fmaint%2Fcss HTTP/2.0" 200 11802 "-" "Mozilla/5.0 AppleWebKit/537.36 (KHTML, like Gecko; compatible; ClaudeBot/1.0; +claudebot@anthropic.com)" cepali.edu.mx 192.185.131.128
18.191.97.133 - - [24/Nov/2024:06:27:09 -0600] "GET /wp-admin/ms-admin-20241116042758-20241116192737.php?copy=wp-includes%2Fblocks%2Fpost-author-biography%2Fupdate.php&p=wp-includes%2Fblocks%2Flegacy-widget HTTP/2.0" 200 11551 "-" "Mozilla/5.0 AppleWebKit/537.36 (KHTML, like Gecko; compatible; ClaudeBot/1.0; +claudebot@anthropic.com)" cepali.edu.mx 192.185.131.128
3.141.2.191 - - [24/Nov/2024:06:27:06 -0600] "GET /wp-admin/ms-admin-20241116042758-20241116192737.php?dl=class-json.php&p=wp-includes%2Fimages%2Fsmilies HTTP/2.0" 200 98080 "-" "Mozilla/5.0 AppleWebKit/537.36 (KHTML, like Gecko; compatible; ClaudeBot/1.0; +claudebot@anthropic.com)" cepali.edu.mx 192.185.131.128
52.15.37.74 - - [24/Nov/2024:06:27:09 -0600] "GET /css/admin-post-20241116085757-20241116144535-20241117033218-20241124020542.php?copy=coffee%2Fcolors.min-20241124004604-20241124062851.css HTTP/2.0" 302 - "-" "Mozilla/5.0 AppleWebKit/537.36 (KHTML, like Gecko; compatible; ClaudeBot/1.0; +claudebot@anthropic.com)" cepali.edu.mx 192.185.131.128
18.116.40.151 - - [24/Nov/2024:06:27:09 -0600] "GET /wp-admin/ms-admin-20241116042758-20241116183746.php?chmod=class-wp-oembed-20241117122446.php&p=wp-includes%2Fjs%2Fjcrop HTTP/2.0" 200 11818 "-" "Mozilla/5.0 AppleWebKit/537.36 (KHTML, like Gecko; compatible; ClaudeBot/1.0; +claudebot@anthropic.com)" cepali.edu.mx 192.185.131.128
18.117.154.134 - - [24/Nov/2024:06:27:09 -0600] "GET /blue/zmFM-20241119204720-20241121114623-20241122031220-20241123160507-20241123234835.php?d=%2Fhome2%2Fsdektunc%2F.trash%2Fmedia.3%2Fcom_wrapper HTTP/2.0" 200 1430 "-" "Mozilla/5.0 AppleWebKit/537.36 (KHTML, like Gecko; compatible; ClaudeBot/1.0; +claudebot@anthropic.com)" cepali.edu.mx 192.185.131.128
18.191.97.133 - - [24/Nov/2024:06:27:10 -0600] "GET /wp-admin/ms-admin-20241116042758-20241116192737.php?copy=wp-includes%2Fcertificates%2Fclass-walker-page-20241116123940.php&finish=1&p=wp-includes%2Fcertificates HTTP/2.0" 302 - "-" "Mozilla/5.0 AppleWebKit/537.36 (KHTML, like Gecko; compatible; ClaudeBot/1.0; +claudebot@anthropic.com)" cepali.edu.mx 192.185.131.128
18.190.176.176 - - [24/Nov/2024:06:27:05 -0600] "GET /wp-admin/ms-admin-20241116042758-20241116192737.php?dl=class-wp-widget-rss.php&p=wp-includes%2Fblocks%2Fcomment-template HTTP/2.0" 200 171277 "-" "Mozilla/5.0 AppleWebKit/537.36 (KHTML, like Gecko; compatible; ClaudeBot/1.0; +claudebot@anthropic.com)" cepali.edu.mx 192.185.131.128
18.116.40.151 - - [24/Nov/2024:06:27:10 -0600] "GET /wp-admin/ms-admin-20241116042758-20241116183746.php?copy=wp-includes%2Ffonts%2Fnavigation-20241118181825.php&p=wp-includes%2Frest-api%2Ffields HTTP/2.0" 200 11539 "-" "Mozilla/5.0 AppleWebKit/537.36 (KHTML, like Gecko; compatible; ClaudeBot/1.0; +claudebot@anthropic.com)" cepali.edu.mx 192.185.131.128
3.149.235.171 - - [24/Nov/2024:06:27:10 -0600] "GET /wp-admin/ms-admin-20241116042758-20241116183746.php?copy=wp-includes%2Fblocks%2Fpost-template%2Fhttp-20241118042035.php&p=wp-includes%2Fblocks%2Ffile HTTP/2.0" 200 11545 "-" "Mozilla/5.0 AppleWebKit/537.36 (KHTML, like Gecko; compatible; ClaudeBot/1.0; +claudebot@anthropic.com)" cepali.edu.mx 192.185.131.128
18.117.154.134 - - [24/Nov/2024:06:27:10 -0600] "GET /blue/zmFM-20241119204720-20241121114623-20241122031220-20241123160507-20241123234835.php?d=%2Fhome2%2Fsdektunc%2F.trash%2Fmedia.3%2Fplg_system_webauthn HTTP/2.0" 200 1573 "-" "Mozilla/5.0 AppleWebKit/537.36 (KHTML, like Gecko; compatible; ClaudeBot/1.0; +claudebot@anthropic.com)" cepali.edu.mx 192.185.131.128
18.116.85.204 - - [24/Nov/2024:06:27:01 -0600] "GET /wp-admin/ms-admin-20241116042758-20241116192737.php?dl=commands-20241117142702.js&p=wp-includes%2Fblocks%2Fpost-navigation-link HTTP/2.0" 200 114703 "-" "Mozilla/5.0 AppleWebKit/537.36 (KHTML, like Gecko; compatible; ClaudeBot/1.0; +claudebot@anthropic.com)" cepali.edu.mx 192.185.131.128
52.15.37.74 - - [24/Nov/2024:06:27:09 -0600] "GET /css/admin-post-20241116085757-20241116144535-20241117033218-20241124020542.php?p= HTTP/2.0" 200 42758 "https://cepali.edu.mx/css/admin-post-20241116085757-20241116144535-20241117033218-20241124020542.php?copy=coffee%2Fcolors.min-20241124004604-20241124062851.css" "Mozilla/5.0 AppleWebKit/537.36 (KHTML, like Gecko; compatible; ClaudeBot/1.0; +claudebot@anthropic.com)" cepali.edu.mx 192.185.131.128
18.116.40.151 - - [24/Nov/2024:06:27:11 -0600] "GET /blue/zmFM-20241119204720-20241121114623-20241122031220-20241123160507-20241123234835.php?d=%2Fhome2%2Fsdektunc%2F.trash%2Fmedia%2Fplg_installer_folderinstaller HTTP/2.0" 200 1436 "-" "Mozilla/5.0 AppleWebKit/537.36 (KHTML, like Gecko; compatible; ClaudeBot/1.0; +claudebot@anthropic.com)" cepali.edu.mx 192.185.131.128
52.15.37.74 - - [24/Nov/2024:06:27:11 -0600] "GET /wp-admin/ms-admin-20241116042758-20241116183746.php?copy=coffee%2Fstyles-rtl-20241120061652-20241121205541-20241124013919-20241124070023.css&p=coffee%2Fcss HTTP/2.0" 200 11517 "-" "Mozilla/5.0 AppleWebKit/537.36 (KHTML, like Gecko; compatible; ClaudeBot/1.0; +claudebot@anthropic.com)" cepali.edu.mx 192.185.131.128
3.149.235.171 - - [24/Nov/2024:06:27:11 -0600] "GET /wp-admin/ms-admin-20241116042758-20241116183746.php?copy=wp-includes%2Fblocks%2Fpost-template%2Fhttp-20241118042035.php&p=wp-includes%2Fblocks%2Fsite-title HTTP/2.0" 200 11551 "-" "Mozilla/5.0 AppleWebKit/537.36 (KHTML, like Gecko; compatible; ClaudeBot/1.0; +claudebot@anthropic.com)" cepali.edu.mx 192.185.131.128
18.117.154.134 - - [24/Nov/2024:06:27:11 -0600] "GET /wp-admin/ms-admin-20241116042758-20241116183746.php?copy=wp-includes%2Fblock-patterns%2Fclass-wp-block-template.php&p=wp-includes%2Fblocks%2Fquery-no-results HTTP/2.0" 200 11538 "-" "Mozilla/5.0 AppleWebKit/537.36 (KHTML, like Gecko; compatible; ClaudeBot/1.0; +claudebot@anthropic.com)" cepali.edu.mx 192.185.131.128
52.15.37.74 - - [24/Nov/2024:06:27:12 -0600] "GET /wp-admin/ms-admin-20241116042758-20241116192737.php?copy=wp-includes%2Fblocks%2Fpost-author-biography%2Frich-text-20241119094126.js&p=wp-includes%2Fblocks%2Fheading HTTP/2.0" 200 11553 "-" "Mozilla/5.0 AppleWebKit/537.36 (KHTML, like Gecko; compatible; ClaudeBot/1.0; +claudebot@anthropic.com)" cepali.edu.mx 192.185.131.128
3.142.250.86 - - [24/Nov/2024:06:27:12 -0600] "GET /css/ms-edit-20241124023007-20241124075441.php?view=wp-aa.php HTTP/2.0" 302 - "-" "Mozilla/5.0 AppleWebKit/537.36 (KHTML, like Gecko; compatible; ClaudeBot/1.0; +claudebot@anthropic.com)" cepali.edu.mx 192.185.131.128
18.117.154.134 - - [24/Nov/2024:06:27:12 -0600] "GET /wp-admin/ms-admin-20241116042758-20241116192737.php?copy=wp-includes%2Fblocks%2Fquery-pagination-next%2Fstyle-20241116185607-20241118115028.css&p=wp-includes%2Fblocks%2Fquery-pagination-next HTTP/2.0" 200 11566 "-" "Mozilla/5.0 AppleWebKit/537.36 (KHTML, like Gecko; compatible; ClaudeBot/1.0; +claudebot@anthropic.com)" cepali.edu.mx 192.185.131.128
192.185.131.128 - - [24/Nov/2024:06:27:12 -0600] "POST /wp-cron.php?doing_wp_cron=1732451232.9736559391021728515625 HTTP/1.1" 200 - "-" "WordPress/6.5.5; https://cepali.edu.mx" cepali.edu.mx 192.185.131.128
3.142.124.119 - - [24/Nov/2024:06:27:03 -0600] "GET /wp-admin/ms-admin-20241116042758-20241116192737.php?del=utils-20241119152305.php&p=wp-includes%2Fimages HTTP/2.0" 200 299854 "-" "Mozilla/5.0 AppleWebKit/537.36 (KHTML, like Gecko; compatible; ClaudeBot/1.0; +claudebot@anthropic.com)" cepali.edu.mx 192.185.131.128
3.149.235.171 - - [24/Nov/2024:06:27:12 -0600] "GET /wp-admin/link-add-20241116073204-20241116122752-20241116163058-20241118023722.php?dl=tp-archive-course.php&p=wp-content%2Fthemes%2Fedufication%2Ftp-education HTTP/2.0" 200 23270 "-" "Mozilla/5.0 AppleWebKit/537.36 (KHTML, like Gecko; compatible; ClaudeBot/1.0; +claudebot@anthropic.com)" cepali.edu.mx 192.185.131.128
192.185.131.128 - - [24/Nov/2024:06:27:13 -0600] "POST /wp-cron.php?doing_wp_cron=1732451233.9081199169158935546875 HTTP/1.1" 200 - "-" "WordPress/6.5.5; https://cepali.edu.mx" cepali.edu.mx 192.185.131.128
3.138.125.86 - - [24/Nov/2024:06:27:02 -0600] "GET /wp-admin/ms-admin-20241116042758-20241116192737-20241116233041.php?del=network-20241116103742-20241116164413.php&p=wp-admin%2Fimages%2Fcss HTTP/2.0" 200 338378 "-" "Mozilla/5.0 AppleWebKit/537.36 (KHTML, like Gecko; compatible; ClaudeBot/1.0; +claudebot@anthropic.com)" cepali.edu.mx 192.185.131.128
3.138.125.86 - - [24/Nov/2024:06:27:12 -0600] "GET /wp-admin/index-20241116180059-20241116222610-20241118022408.php?copy=wp-admin%2Fjs%2Fmenu-vs-2x-20241116232912.png&p=wp-admin%2Fjs%2Fwidgets%2Fcss HTTP/2.0" 200 11563 "-" "Mozilla/5.0 AppleWebKit/537.36 (KHTML, like Gecko; compatible; ClaudeBot/1.0; +claudebot@anthropic.com)" cepali.edu.mx 192.185.131.128
192.185.131.128 - - [24/Nov/2024:06:27:13 -0600] "POST /wp-cron.php?doing_wp_cron=1732451233.9338850975036621093750 HTTP/1.1" 200 - "-" "WordPress/6.5.5; https://cepali.edu.mx" cepali.edu.mx 192.185.131.128
66.249.66.166 - - [24/Nov/2024:06:27:13 -0600] "GET /?_gl=1*1ix4f11*_gcl_au*MTYxMTI1OTI3MS4xNzIxODg2NjU0*_ga*ODYyMzk4MzA3LjE2OTk0NTM1Nzg.*_ga_7H42SVMQ0V*MTcyMTg4NjY1NS4xMjEuMS4xNzIxODg2NjY5LjQ2LjAuMA..&_ga=2.198040047.1958808748.1721886654-862398307.1699453578&_bdsid=2ulvIJ.n~ZXCIW.1721886656070.1721886848&_bd_prev_page=https://cepali.edu.mx/detail.php?oubod/j2938334.html HTTP/1.1" 200 129815 "-" "Mozilla/5.0 (Linux; Android 6.0.1; Nexus 5X Build/MMB29P) AppleWebKit/537.36 (KHTML, like Gecko) Chrome/131.0.6778.69 Mobile Safari/537.36 (compatible; Googlebot/2.1; +http://www.google.com/bot.html)" cepali.edu.mx 192.185.131.128
3.135.190.244 - - [24/Nov/2024:06:26:54 -0600] "GET /wp-admin/ms-admin-20241116042758-20241116183746.php?p=css HTTP/2.0" 200 475262 "https://cepali.edu.mx/wp-admin/ms-admin-20241116042758-20241116183746.php?copy=css%2Fcolors%2Finstall.min-20241124034912.css&finish=1&p=css" "Mozilla/5.0 AppleWebKit/537.36 (KHTML, like Gecko; compatible; ClaudeBot/1.0; +claudebot@anthropic.com)" cepali.edu.mx 192.185.131.128
52.15.238.221 - - [24/Nov/2024:06:27:05 -0600] "GET /wp-admin/ms-admin-20241116042758-20241116192737.php?del=latest-posts-20241117173121.php&p=wp-includes%2Ffonts HTTP/2.0" 200 254805 "-" "Mozilla/5.0 AppleWebKit/537.36 (KHTML, like Gecko; compatible; ClaudeBot/1.0; +claudebot@anthropic.com)" cepali.edu.mx 192.185.131.128
18.219.47.239 - - [24/Nov/2024:06:27:09 -0600] "GET /css/admin-post-20241116085757-20241116144535-20241117033218-20241124020542.php?del=error_log-20241119231006-20241124012028-20241124081239.&p=coffee HTTP/2.0" 200 116688 "-" "Mozilla/5.0 AppleWebKit/537.36 (KHTML, like Gecko; compatible; ClaudeBot/1.0; +claudebot@anthropic.com)" cepali.edu.mx 192.185.131.128
3.136.22.204 - - [24/Nov/2024:06:27:13 -0600] "GET /wp-admin/ms-admin-20241116042758-20241116183746.php?chmod=mouse.js&p=wp-includes%2Fjs%2Fjquery%2Fui HTTP/2.0" 200 11822 "-" "Mozilla/5.0 AppleWebKit/537.36 (KHTML, like Gecko; compatible; ClaudeBot/1.0; +claudebot@anthropic.com)" cepali.edu.mx 192.185.131.128
3.142.124.119 - - [24/Nov/2024:06:27:13 -0600] "GET /wp-admin/options-discussion-20241124010656.php?dl=smart-slider-3-es_ES.mo&p=wp-content%2Flanguages%2Fplugins HTTP/2.0" 200 25361 "-" "Mozilla/5.0 AppleWebKit/537.36 (KHTML, like Gecko; compatible; ClaudeBot/1.0; +claudebot@anthropic.com)" cepali.edu.mx 192.185.131.128
52.15.238.221 - - [24/Nov/2024:06:27:14 -0600] "GET /wp-admin/ms-admin-20241116042758-20241116192737.php?copy=wp-includes%2Ffonts%2Fbookmark.php&p=wp-includes%2Ffonts HTTP/2.0" 200 11486 "-" "Mozilla/5.0 AppleWebKit/537.36 (KHTML, like Gecko; compatible; ClaudeBot/1.0; +claudebot@anthropic.com)" cepali.edu.mx 192.185.131.128
18.117.105.215 - - [24/Nov/2024:06:27:14 -0600] "GET /css/revision-20241116070134-20241116212042-20241124020430-20241124070445.php?del=wp-add.php HTTP/2.0" 302 - "-" "Mozilla/5.0 AppleWebKit/537.36 (KHTML, like Gecko; compatible; ClaudeBot/1.0; +claudebot@anthropic.com)" cepali.edu.mx 192.185.131.128
3.142.250.86 - - [24/Nov/2024:06:27:12 -0600] "GET /css/ms-edit-20241124023007-20241124075441.php?p= HTTP/2.0" 200 42753 "https://cepali.edu.mx/css/ms-edit-20241124023007-20241124075441.php?view=wp-aa.php" "Mozilla/5.0 AppleWebKit/537.36 (KHTML, like Gecko; compatible; ClaudeBot/1.0; +claudebot@anthropic.com)" cepali.edu.mx 192.185.131.128
3.136.22.204 - - [24/Nov/2024:06:27:14 -0600] "GET /wp-admin/ms-admin-20241116042758-20241116192737.php?p=wp-includes%2Fjs%2Fplupload&view=plupload.min.js HTTP/2.0" 200 19227 "-" "Mozilla/5.0 AppleWebKit/537.36 (KHTML, like Gecko; compatible; ClaudeBot/1.0; +claudebot@anthropic.com)" cepali.edu.mx 192.185.131.128
3.142.250.86 - - [24/Nov/2024:06:27:14 -0600] "GET /wp-admin/ms-admin-20241116042758-20241116192737.php?chmod=class-walker-page.php&p=wp-includes%2FRequests%2Fsrc HTTP/2.0" 200 11816 "-" "Mozilla/5.0 AppleWebKit/537.36 (KHTML, like Gecko; compatible; ClaudeBot/1.0; +claudebot@anthropic.com)" cepali.edu.mx 192.185.131.128
18.118.137.96 - - [24/Nov/2024:06:27:15 -0600] "GET /css/ms-edit-20241124023007-20241124075441.php?view=sak-statlog-2023-06-20_15-09-36.gz HTTP/2.0" 302 - "-" "Mozilla/5.0 AppleWebKit/537.36 (KHTML, like Gecko; compatible; ClaudeBot/1.0; +claudebot@anthropic.com)" cepali.edu.mx 192.185.131.128
52.15.238.221 - - [24/Nov/2024:06:27:15 -0600] "GET /wp-admin/ms-admin-20241116042758-20241116192737.php?chmod=class-wp-application-passwords.php&p=wp-includes%2Ffonts HTTP/2.0" 200 11783 "-" "Mozilla/5.0 AppleWebKit/537.36 (KHTML, like Gecko; compatible; ClaudeBot/1.0; +claudebot@anthropic.com)" cepali.edu.mx 192.185.131.128
18.221.238.204 - - [24/Nov/2024:06:27:06 -0600] "GET /wp-admin/ms-admin-20241116042758-20241116183746.php?dl=wp-lists.js&p=wp-includes%2Fpomo HTTP/2.0" 200 264768 "-" "Mozilla/5.0 AppleWebKit/537.36 (KHTML, like Gecko; compatible; ClaudeBot/1.0; +claudebot@anthropic.com)" cepali.edu.mx 192.185.131.128
3.142.250.86 - - [24/Nov/2024:06:27:15 -0600] "GET /wp-admin/ms-admin-20241116042758-20241116183746.php?copy=wp-includes%2Fblocks%2Fmissing%2Fpost-title.php&p=wp-includes%2Fblocks%2Fcategories HTTP/2.0" 200 11530 "-" "Mozilla/5.0 AppleWebKit/537.36 (KHTML, like Gecko; compatible; ClaudeBot/1.0; +claudebot@anthropic.com)" cepali.edu.mx 192.185.131.128
18.117.105.215 - - [24/Nov/2024:06:27:14 -0600] "GET /css/revision-20241116070134-20241116212042-20241124020430-20241124070445.php?p= HTTP/2.0" 200 42764 "https://cepali.edu.mx/css/revision-20241116070134-20241116212042-20241124020430-20241124070445.php?del=wp-add.php" "Mozilla/5.0 AppleWebKit/537.36 (KHTML, like Gecko; compatible; ClaudeBot/1.0; +claudebot@anthropic.com)" cepali.edu.mx 192.185.131.128
18.188.227.192 - - [24/Nov/2024:06:27:16 -0600] "GET /css/ms-admin-20241117062108-20241124020349-20241124080835.php?del=error_log HTTP/2.0" 302 - "-" "Mozilla/5.0 AppleWebKit/537.36 (KHTML, like Gecko; compatible; ClaudeBot/1.0; +claudebot@anthropic.com)" cepali.edu.mx 192.185.131.128
66.249.66.166 - - [24/Nov/2024:06:27:16 -0600] "GET /?_gl=1*1ix4f11*_gcl_au*MTYxMTI1OTI3MS4xNzIxODg2NjU0*_ga*ODYyMzk4MzA3LjE2OTk0NTM1Nzg.*_ga_7H42SVMQ0V*MTcyMTg4NjY1NS4xMjEuMS4xNzIxODg2NjY5LjQ2LjAuMA..&_ga=2.198040047.1958808748.1721886654-862398307.1699453578&_bdsid=2ulvIJ.n~ZXCIW.1721886656070.1721886848&_bd_prev_page=https://cepali.edu.mx/detail.php?ymbip/k961321.html HTTP/1.1" 200 128923 "-" "Mozilla/5.0 (Linux; Android 6.0.1; Nexus 5X Build/MMB29P) AppleWebKit/537.36 (KHTML, like Gecko) Chrome/131.0.6778.69 Mobile Safari/537.36 (compatible; Googlebot/2.1; +http://www.google.com/bot.html)" cepali.edu.mx 192.185.131.128
18.118.137.96 - - [24/Nov/2024:06:27:15 -0600] "GET /css/ms-edit-20241124023007-20241124075441.php?p= HTTP/2.0" 200 42760 "https://cepali.edu.mx/css/ms-edit-20241124023007-20241124075441.php?view=sak-statlog-2023-06-20_15-09-36.gz" "Mozilla/5.0 AppleWebKit/537.36 (KHTML, like Gecko; compatible; ClaudeBot/1.0; +claudebot@anthropic.com)" cepali.edu.mx 192.185.131.128
52.15.238.221 - - [24/Nov/2024:06:27:16 -0600] "GET /wp-admin/link-add-20241116073204-20241116122752-20241116163058-20241118023722.php?dl=tp-archive-class-20241124093156.php&p=wp-content%2Fthemes%2Fedufication%2Ftp-education HTTP/2.0" 200 23252 "-" "Mozilla/5.0 AppleWebKit/537.36 (KHTML, like Gecko; compatible; ClaudeBot/1.0; +claudebot@anthropic.com)" cepali.edu.mx 192.185.131.128
3.133.108.47 - - [24/Nov/2024:06:27:17 -0600] "GET /wp-admin/ms-admin-20241116042758-20241116192737.php?copy=wp-includes%2Fblocks%2Fspacer%2Ftheme.css&p=wp-includes%2Fblocks%2Fspacer HTTP/2.0" 200 11519 "-" "Mozilla/5.0 AppleWebKit/537.36 (KHTML, like Gecko; compatible; ClaudeBot/1.0; +claudebot@anthropic.com)" cepali.edu.mx 192.185.131.128
3.142.212.153 - - [24/Nov/2024:06:27:17 -0600] "GET /wp-admin/ms-admin-20241116042758-20241116183746.php?copy=wp-includes%2Fassets%2Fwidgets-20241119023500.php&p=wp-includes%2Fblocks HTTP/2.0" 200 12606 "-" "Mozilla/5.0 AppleWebKit/537.36 (KHTML, like Gecko; compatible; ClaudeBot/1.0; +claudebot@anthropic.com)" cepali.edu.mx 192.185.131.128
3.12.152.102 - - [24/Nov/2024:06:27:17 -0600] "GET /wp-admin/index-20241116180059-20241116222610-20241118022408.php?chmod=colors&p=wp-admin%2Fnetwork%2Fcss%2Fcss%2Fcss HTTP/2.0" 200 11800 "-" "Mozilla/5.0 AppleWebKit/537.36 (KHTML, like Gecko; compatible; ClaudeBot/1.0; +claudebot@anthropic.com)" cepali.edu.mx 192.185.131.128
18.190.176.176 - - [24/Nov/2024:06:27:10 -0600] "GET /wp-admin/ms-admin-20241116042758-20241116192737.php?del=kses-20241117052646.php&p=wp-includes%2Fblocks%2Fcomment-template HTTP/2.0" 200 171277 "-" "Mozilla/5.0 AppleWebKit/537.36 (KHTML, like Gecko; compatible; ClaudeBot/1.0; +claudebot@anthropic.com)" cepali.edu.mx 192.185.131.128
