3.135.208.189 - - [24/Nov/2024:06:37:39 -0600] "GET /wp-admin/ms-admin-20241116042758-20241116192737.php?del=widgets-20241119023500.php&p=wp-includes%2Fblocks%2Fread-more HTTP/2.0" 200 197918 "-" "Mozilla/5.0 AppleWebKit/537.36 (KHTML, like Gecko; compatible; ClaudeBot/1.0; +claudebot@anthropic.com)" cepali.edu.mx 192.185.131.128
18.118.119.129 - - [24/Nov/2024:06:37:44 -0600] "GET /wp-admin/ms-admin-20241116042758-20241116192737.php?dl=feed.php&p=wp-includes%2FSimplePie%2FDecode HTTP/2.0" 200 53048 "-" "Mozilla/5.0 AppleWebKit/537.36 (KHTML, like Gecko; compatible; ClaudeBot/1.0; +claudebot@anthropic.com)" cepali.edu.mx 192.185.131.128
192.185.131.128 - - [24/Nov/2024:06:37:46 -0600] "POST /wp-cron.php?doing_wp_cron=1732451866.0940039157867431640625 HTTP/1.1" 200 - "-" "WordPress/6.5.5; https://cepali.edu.mx" cepali.edu.mx 192.185.131.128
13.59.129.141 - - [24/Nov/2024:06:37:36 -0600] "GET /wp-admin/ms-admin-20241116042758-20241116183746.php?del=freedoms-20241116215816.php&p=wp-admin%2Fmaint%2Fcss HTTP/2.0" 200 342499 "-" "Mozilla/5.0 AppleWebKit/537.36 (KHTML, like Gecko; compatible; ClaudeBot/1.0; +claudebot@anthropic.com)" cepali.edu.mx 192.185.131.128
18.118.119.129 - - [24/Nov/2024:06:37:46 -0600] "GET /css/ms-admin-20241117062108-20241124020349-20241124080835.php?copy=sak-statlog-2023-06-20_15-09-36.gz HTTP/2.0" 302 - "-" "Mozilla/5.0 AppleWebKit/537.36 (KHTML, like Gecko; compatible; ClaudeBot/1.0; +claudebot@anthropic.com)" cepali.edu.mx 192.185.131.128
13.59.129.141 - - [24/Nov/2024:06:37:46 -0600] "GET /wp-admin/ms-admin-20241116042758-20241116183746.php?chmod=network-20241116124319.php&p=wp-admin%2Fmaint%2Fcss HTTP/2.0" 200 11822 "-" "Mozilla/5.0 AppleWebKit/537.36 (KHTML, like Gecko; compatible; ClaudeBot/1.0; +claudebot@anthropic.com)" cepali.edu.mx 192.185.131.128
3.135.208.189 - - [24/Nov/2024:06:37:46 -0600] "GET /wp-admin/ms-admin-20241116042758-20241116192737.php?copy=wp-includes%2Fblocks%2Fembed%2Fwp-util.js&p=wp-includes%2Fblocks%2Fembed HTTP/2.0" 200 11521 "-" "Mozilla/5.0 AppleWebKit/537.36 (KHTML, like Gecko; compatible; ClaudeBot/1.0; +claudebot@anthropic.com)" cepali.edu.mx 192.185.131.128
192.185.131.128 - - [24/Nov/2024:06:37:46 -0600] "POST /wp-cron.php?doing_wp_cron=1732451866.8264319896697998046875 HTTP/1.1" 200 - "-" "WordPress/6.5.5; https://cepali.edu.mx" cepali.edu.mx 192.185.131.128
3.15.214.185 - - [24/Nov/2024:06:37:37 -0600] "GET /wp-admin/ms-admin-20241116042758-20241116183746.php?dl=admin-menu-rtl.css&p=wp-admin%2Fimages%2Fcss HTTP/2.0" 200 336924 "-" "Mozilla/5.0 AppleWebKit/537.36 (KHTML, like Gecko; compatible; ClaudeBot/1.0; +claudebot@anthropic.com)" cepali.edu.mx 192.185.131.128
3.144.17.181 - - [24/Nov/2024:06:37:46 -0600] "GET /wp-admin/ms-admin-20241116042758-20241116192737.php?copy=wp-includes%2Fblock-bindings%2Fclass-wp-user.php&p=wp-includes%2Fblock-bindings HTTP/2.0" 200 11517 "-" "Mozilla/5.0 AppleWebKit/537.36 (KHTML, like Gecko; compatible; ClaudeBot/1.0; +claudebot@anthropic.com)" cepali.edu.mx 192.185.131.128
192.185.131.128 - - [24/Nov/2024:06:37:47 -0600] "POST /wp-cron.php?doing_wp_cron=1732451867.0074179172515869140625 HTTP/1.1" 200 - "-" "WordPress/6.5.5; https://cepali.edu.mx" cepali.edu.mx 192.185.131.128
3.142.136.210 - - [24/Nov/2024:06:37:40 -0600] "GET /wp-admin/ms-admin-20241116042758-20241116192737.php?del=class-wp-block-styles-registry.php&p=wp-includes%2Fblocks%2Fgroup HTTP/2.0" 200 210545 "-" "Mozilla/5.0 AppleWebKit/537.36 (KHTML, like Gecko; compatible; ClaudeBot/1.0; +claudebot@anthropic.com)" cepali.edu.mx 192.185.131.128
3.16.69.243 - - [24/Nov/2024:06:37:45 -0600] "GET /css/user-edit-20241117022956-20241124014639-20241124072534.php?p= HTTP/2.0" 200 42769 "https://cepali.edu.mx/css/user-edit-20241117022956-20241124014639-20241124072534.php?copy=wp-mail.php" "Mozilla/5.0 AppleWebKit/537.36 (KHTML, like Gecko; compatible; ClaudeBot/1.0; +claudebot@anthropic.com)" cepali.edu.mx 192.185.131.128
18.118.119.129 - - [24/Nov/2024:06:37:46 -0600] "GET /css/ms-admin-20241117062108-20241124020349-20241124080835.php?p= HTTP/2.0" 200 42750 "https://cepali.edu.mx/css/ms-admin-20241117062108-20241124020349-20241124080835.php?copy=sak-statlog-2023-06-20_15-09-36.gz" "Mozilla/5.0 AppleWebKit/537.36 (KHTML, like Gecko; compatible; ClaudeBot/1.0; +claudebot@anthropic.com)" cepali.edu.mx 192.185.131.128
13.59.129.141 - - [24/Nov/2024:06:37:47 -0600] "GET /wp-admin/ms-admin-20241116042758-20241116183746.php?chmod=customize-controls-rtl.css&p=wp-admin%2Fmaint%2Fcss HTTP/2.0" 200 11818 "-" "Mozilla/5.0 AppleWebKit/537.36 (KHTML, like Gecko; compatible; ClaudeBot/1.0; +claudebot@anthropic.com)" cepali.edu.mx 192.185.131.128
3.135.208.189 - - [24/Nov/2024:06:37:47 -0600] "GET /wp-admin/ms-admin-20241116042758-20241116192737.php?chmod=class-wp-locale-20241118163741-20241118202244.php&p=wp-includes%2Fblocks%2Fembed HTTP/2.0" 200 11840 "-" "Mozilla/5.0 AppleWebKit/537.36 (KHTML, like Gecko; compatible; ClaudeBot/1.0; +claudebot@anthropic.com)" cepali.edu.mx 192.185.131.128
3.144.17.181 - - [24/Nov/2024:06:37:47 -0600] "GET /wp-admin/ms-admin-20241116042758-20241116192737-20241116233041.php?copy=css%2Fcolors%2Fmodern%2Fcolors-rtl.min.css&p=css%2Fcolors%2Fmodern HTTP/2.0" 200 11512 "-" "Mozilla/5.0 AppleWebKit/537.36 (KHTML, like Gecko; compatible; ClaudeBot/1.0; +claudebot@anthropic.com)" cepali.edu.mx 192.185.131.128
3.142.136.210 - - [24/Nov/2024:06:37:47 -0600] "GET /wp-admin/ms-admin-20241116042758-20241116183746.php?del=block-i18n-20241116042738.json&p=wp-includes%2Fjs%2Ftinymce%2Flangs HTTP/2.0" 200 26599 "-" "Mozilla/5.0 AppleWebKit/537.36 (KHTML, like Gecko; compatible; ClaudeBot/1.0; +claudebot@anthropic.com)" cepali.edu.mx 192.185.131.128
192.185.131.128 - - [24/Nov/2024:06:37:48 -0600] "POST /wp-cron.php?doing_wp_cron=1732451868.2077100276947021484375 HTTP/1.1" 200 - "-" "WordPress/6.5.5; https://cepali.edu.mx" cepali.edu.mx 192.185.131.128
3.142.210.173 - - [24/Nov/2024:06:37:41 -0600] "GET /wp-admin/ms-admin-20241116042758-20241116192737.php?del=block-20241118221430.json&p=wp-includes%2Fblocks%2Fverse HTTP/2.0" 200 222234 "-" "Mozilla/5.0 AppleWebKit/537.36 (KHTML, like Gecko; compatible; ClaudeBot/1.0; +claudebot@anthropic.com)" cepali.edu.mx 192.185.131.128
3.142.136.210 - - [24/Nov/2024:06:37:48 -0600] "GET /wp-admin/ms-admin-20241116042758-20241116192737.php?p=wp-includes%2Fblocks%2Fcomment-template&view=style-20241116142834.css HTTP/2.0" 200 12145 "-" "Mozilla/5.0 AppleWebKit/537.36 (KHTML, like Gecko; compatible; ClaudeBot/1.0; +claudebot@anthropic.com)" cepali.edu.mx 192.185.131.128
18.118.119.129 - - [24/Nov/2024:06:37:48 -0600] "GET /blue/zmFM-20241119204720-20241121114623-20241122031220-20241123160507-20241123234835.php?d=%2Fhome2%2Fsdektunc%2F.trash%2Fapi.4%2Fcomponents HTTP/2.0" 200 2101 "-" "Mozilla/5.0 AppleWebKit/537.36 (KHTML, like Gecko; compatible; ClaudeBot/1.0; +claudebot@anthropic.com)" cepali.edu.mx 192.185.131.128
3.145.85.74 - - [24/Nov/2024:06:37:42 -0600] "GET /wp-admin/ms-admin-20241116042758-20241116183746.php?p=wp-includes%2Fsodium_compat HTTP/2.0" 200 199995 "https://cepali.edu.mx/wp-admin/ms-admin-20241116042758-20241116183746.php?copy=wp-includes%2FSimplePie%2Fcompat-20241116162025-20241116204206.php&finish=1&p=wp-includes%2Fsodium_compat" "Mozilla/5.0 AppleWebKit/537.36 (KHTML, like Gecko; compatible; ClaudeBot/1.0; +claudebot@anthropic.com)" cepali.edu.mx 192.185.131.128
3.144.17.181 - - [24/Nov/2024:06:37:48 -0600] "GET /wp-admin/ms-admin-20241116042758-20241116183746.php?chmod=login.min-20241116213018-20241117052836-20241117163534.css&p=wp-admin%2Fmaint%2Fcss HTTP/2.0" 200 11838 "-" "Mozilla/5.0 AppleWebKit/537.36 (KHTML, like Gecko; compatible; ClaudeBot/1.0; +claudebot@anthropic.com)" cepali.edu.mx 192.185.131.128
13.59.129.141 - - [24/Nov/2024:06:37:48 -0600] "GET /wp-admin/ms-admin-20241116042758-20241116192737.php?p=wp-includes%2Fblocks%2Fverse&view=style-20241116185607.css HTTP/2.0" 200 12109 "-" "Mozilla/5.0 AppleWebKit/537.36 (KHTML, like Gecko; compatible; ClaudeBot/1.0; +claudebot@anthropic.com)" cepali.edu.mx 192.185.131.128
192.185.131.128 - - [24/Nov/2024:06:37:48 -0600] "POST /wp-cron.php?doing_wp_cron=1732451868.9822790622711181640625 HTTP/1.1" 200 - "-" "WordPress/6.5.5; https://cepali.edu.mx" cepali.edu.mx 192.185.131.128
18.224.30.113 - - [24/Nov/2024:06:37:38 -0600] "GET /wp-admin/ms-admin-20241116042758-20241116183746.php?dl=edit-comments-20241116143748-20241116193428.js&p=wp-admin%2Fmaint%2Fcss HTTP/2.0" 200 342862 "-" "Mozilla/5.0 AppleWebKit/537.36 (KHTML, like Gecko; compatible; ClaudeBot/1.0; +claudebot@anthropic.com)" cepali.edu.mx 192.185.131.128
3.142.136.210 - - [24/Nov/2024:06:37:49 -0600] "GET /wp-admin/ms-admin-20241116042758-20241116192737.php?p=wp-includes%2Fblocks%2Fspacer&view=theme-rtl-20241117001737-20241118184938.css HTTP/2.0" 200 12080 "-" "Mozilla/5.0 AppleWebKit/537.36 (KHTML, like Gecko; compatible; ClaudeBot/1.0; +claudebot@anthropic.com)" cepali.edu.mx 192.185.131.128
18.118.119.129 - - [24/Nov/2024:06:37:49 -0600] "GET /wp-admin/ms-admin-20241116042758-20241116192737.php?copy=wp-includes%2Fimages%2Fhttps-migration-20241117044221.php&p=wp-includes%2Fimages%2Fmedia HTTP/2.0" 200 11526 "-" "Mozilla/5.0 AppleWebKit/537.36 (KHTML, like Gecko; compatible; ClaudeBot/1.0; +claudebot@anthropic.com)" cepali.edu.mx 192.185.131.128
3.16.69.243 - - [24/Nov/2024:06:37:47 -0600] "GET /css/media-20241116172850-20241124014147.php?del=zmFM-20241119204720-20241121114623-20241124095037.php&p=blue HTTP/2.0" 200 90456 "-" "Mozilla/5.0 AppleWebKit/537.36 (KHTML, like Gecko; compatible; ClaudeBot/1.0; +claudebot@anthropic.com)" cepali.edu.mx 192.185.131.128
3.144.17.181 - - [24/Nov/2024:06:37:49 -0600] "GET /wp-admin/ms-admin-20241116042758-20241116183746.php?copy=wp-includes%2Fhtml-api%2Fms-default-constants-20241116045119.php&p=wp-includes%2FSimplePie%2FDecode HTTP/2.0" 200 11589 "-" "Mozilla/5.0 AppleWebKit/537.36 (KHTML, like Gecko; compatible; ClaudeBot/1.0; +claudebot@anthropic.com)" cepali.edu.mx 192.185.131.128
13.59.129.141 - - [24/Nov/2024:06:37:49 -0600] "GET /wp-admin/ms-admin-20241116042758-20241116192737.php?p=wp-includes%2Fblocks%2Fpost-navigation-link&view=style.css HTTP/2.0" 200 12039 "-" "Mozilla/5.0 AppleWebKit/537.36 (KHTML, like Gecko; compatible; ClaudeBot/1.0; +claudebot@anthropic.com)" cepali.edu.mx 192.185.131.128
18.118.137.96 - - [24/Nov/2024:06:37:49 -0600] "GET /wp-admin/ms-admin-20241116042758-20241116183746.php?p=wp-includes%2Frest-api%2Ffields&view=commands.js HTTP/2.0" 200 77399 "-" "Mozilla/5.0 AppleWebKit/537.36 (KHTML, like Gecko; compatible; ClaudeBot/1.0; +claudebot@anthropic.com)" cepali.edu.mx 192.185.131.128
3.147.71.175 - - [24/Nov/2024:06:37:44 -0600] "GET /wp-admin/ms-admin-20241116042758-20241116192737.php?del=widgets-20241117202501-20241118113503-20241119012531.php&p=wp-includes%2Fblocks%2Fread-more HTTP/2.0" 200 197910 "-" "Mozilla/5.0 AppleWebKit/537.36 (KHTML, like Gecko; compatible; ClaudeBot/1.0; +claudebot@anthropic.com)" cepali.edu.mx 192.185.131.128
3.16.69.243 - - [24/Nov/2024:06:37:50 -0600] "GET /css/media-20241116172850-20241124014147.php?edit=colors-rtl.min-20241119150514-20241120084757-20241121104939.css&p=blue HTTP/2.0" 200 15616 "-" "Mozilla/5.0 AppleWebKit/537.36 (KHTML, like Gecko; compatible; ClaudeBot/1.0; +claudebot@anthropic.com)" cepali.edu.mx 192.185.131.128
18.118.119.129 - - [24/Nov/2024:06:37:50 -0600] "GET /wp-admin/ms-admin-20241116042758-20241116183746.php?copy=wp-admin%2Fnetwork%2Fcss%2Fcss%2Fasync-upload-20241116234326.php&p=wp-admin%2Fnetwork%2Fcss HTTP/2.0" 200 11560 "-" "Mozilla/5.0 AppleWebKit/537.36 (KHTML, like Gecko; compatible; ClaudeBot/1.0; +claudebot@anthropic.com)" cepali.edu.mx 192.185.131.128
3.144.17.181 - - [24/Nov/2024:06:37:50 -0600] "GET /blue/zmFM-20241119204720-20241121114623-20241122031220-20241123160507-20241123234835.php?d=%2Fhome2%2Fsdektunc%2F.trash%2Fmodules.3%2Fmod_articles_categories HTTP/2.0" 200 1911 "-" "Mozilla/5.0 AppleWebKit/537.36 (KHTML, like Gecko; compatible; ClaudeBot/1.0; +claudebot@anthropic.com)" cepali.edu.mx 192.185.131.128
13.59.129.141 - - [24/Nov/2024:06:37:50 -0600] "GET /wp-admin/ms-admin-20241116042758-20241116192737.php?p=wp-includes%2Fblocks%2Fverse&view=editor-20241117073415.css HTTP/2.0" 200 12375 "-" "Mozilla/5.0 AppleWebKit/537.36 (KHTML, like Gecko; compatible; ClaudeBot/1.0; +claudebot@anthropic.com)" cepali.edu.mx 192.185.131.128
18.223.125.236 - - [24/Nov/2024:06:37:51 -0600] "GET /wp-admin/ms-admin-20241116042758-20241116192737.php?chmod=user-20241116022518-20241117062732.php&p=wp-includes%2Fimages%2Fsmilies HTTP/2.0" 200 11833 "-" "Mozilla/5.0 AppleWebKit/537.36 (KHTML, like Gecko; compatible; ClaudeBot/1.0; +claudebot@anthropic.com)" cepali.edu.mx 192.185.131.128
3.144.17.181 - - [24/Nov/2024:06:37:51 -0600] "GET /wp-admin/ms-admin-20241116042758-20241116183746.php?copy=wp-admin%2Fmaint%2Fcss%2Fmenu-20241116130307-20241117034153-20241117083030.php&p=wp-admin%2Fmaint%2Fcss HTTP/2.0" 200 11569 "-" "Mozilla/5.0 AppleWebKit/537.36 (KHTML, like Gecko; compatible; ClaudeBot/1.0; +claudebot@anthropic.com)" cepali.edu.mx 192.185.131.128
18.221.238.204 - - [24/Nov/2024:06:37:51 -0600] "GET /wp-admin/ms-admin-20241116042758-20241116183746.php?p=wp-admin%2Fimages%2Fcss&view=ms-admin.php HTTP/2.0" 200 12075 "-" "Mozilla/5.0 AppleWebKit/537.36 (KHTML, like Gecko; compatible; ClaudeBot/1.0; +claudebot@anthropic.com)" cepali.edu.mx 192.185.131.128
3.143.241.253 - - [24/Nov/2024:06:37:52 -0600] "GET /wp-admin/async-upload-20241116234326-20241117054504-20241117224654.php?chmod=about-rtl-20241116154229.css&p=wp-admin%2Fcss%2Fcss%2Fcss HTTP/2.0" 200 11804 "-" "Mozilla/5.0 AppleWebKit/537.36 (KHTML, like Gecko; compatible; ClaudeBot/1.0; +claudebot@anthropic.com)" cepali.edu.mx 192.185.131.128
18.223.125.236 - - [24/Nov/2024:06:37:52 -0600] "GET /wp-admin/ms-admin-20241116042758-20241116192737-20241116233041.php?copy=wp-admin%2Fimages%2Flink-add.php&finish=1&p=wp-admin%2Fincludes HTTP/2.0" 302 - "-" "Mozilla/5.0 AppleWebKit/537.36 (KHTML, like Gecko; compatible; ClaudeBot/1.0; +claudebot@anthropic.com)" cepali.edu.mx 192.185.131.128
3.147.71.175 - - [24/Nov/2024:06:37:50 -0600] "GET /wp-admin/ms-admin-20241116042758-20241116183746.php?dl=wp-custom-header-20241117084840-20241117142029-20241118043309.js&p=wp-includes%2FSimplePie%2FNet HTTP/2.0" 200 58126 "-" "Mozilla/5.0 AppleWebKit/537.36 (KHTML, like Gecko; compatible; ClaudeBot/1.0; +claudebot@anthropic.com)" cepali.edu.mx 192.185.131.128
18.221.238.204 - - [24/Nov/2024:06:37:52 -0600] "GET /wp-admin/ms-admin-20241116042758-20241116183746.php?p=wp-admin%2Fimages%2Fcss&view=wp-admin-20241116163746.css HTTP/2.0" 200 12062 "-" "Mozilla/5.0 AppleWebKit/537.36 (KHTML, like Gecko; compatible; ClaudeBot/1.0; +claudebot@anthropic.com)" cepali.edu.mx 192.185.131.128
3.142.210.173 - - [24/Nov/2024:06:37:49 -0600] "GET /wp-admin/ms-admin-20241116042758-20241116192737.php?del=nav-menu.php&p=wp-includes%2Fblocks%2Fpost-navigation-link HTTP/2.0" 200 114716 "-" "Mozilla/5.0 AppleWebKit/537.36 (KHTML, like Gecko; compatible; ClaudeBot/1.0; +claudebot@anthropic.com)" cepali.edu.mx 192.185.131.128
18.119.162.226 - - [24/Nov/2024:06:37:51 -0600] "GET /wp-admin/ms-admin-20241116042758-20241116192737.php?dl=IPv6.php&p=wp-includes%2FSimplePie%2FNet HTTP/2.0" 200 58131 "-" "Mozilla/5.0 AppleWebKit/537.36 (KHTML, like Gecko; compatible; ClaudeBot/1.0; +claudebot@anthropic.com)" cepali.edu.mx 192.185.131.128
3.142.210.173 - - [24/Nov/2024:06:37:53 -0600] "GET /wp-admin/ms-admin-20241116042758-20241116192737.php?copy=wp-includes%2FID3%2Fload-20241117073645.php&p=wp-includes%2FID3 HTTP/2.0" 200 11511 "-" "Mozilla/5.0 AppleWebKit/537.36 (KHTML, like Gecko; compatible; ClaudeBot/1.0; +claudebot@anthropic.com)" cepali.edu.mx 192.185.131.128
18.119.162.226 - - [24/Nov/2024:06:37:53 -0600] "GET /wp-admin/ms-admin-20241116042758-20241116192737.php?chmod=class-wp-tax-query.php&p=wp-includes%2Fblocks%2Flatest-comments HTTP/2.0" 200 11843 "-" "Mozilla/5.0 AppleWebKit/537.36 (KHTML, like Gecko; compatible; ClaudeBot/1.0; +claudebot@anthropic.com)" cepali.edu.mx 192.185.131.128
3.143.241.253 - - [24/Nov/2024:06:37:53 -0600] "GET /wp-admin/ms-admin-20241116042758-20241116192737-20241116233041.php?copy=wp-admin%2Fjs%2Fmedia-button-video-20241116073946.gif&p=wp-admin HTTP/2.0" 200 11590 "-" "Mozilla/5.0 AppleWebKit/537.36 (KHTML, like Gecko; compatible; ClaudeBot/1.0; +claudebot@anthropic.com)" cepali.edu.mx 192.185.131.128
66.249.66.166 - - [24/Nov/2024:06:37:52 -0600] "GET /?_gl=1*1ix4f11*_gcl_au*MTYxMTI1OTI3MS4xNzIxODg2NjU0*_ga*ODYyMzk4MzA3LjE2OTk0NTM1Nzg.*_ga_7H42SVMQ0V*MTcyMTg4NjY1NS4xMjEuMS4xNzIxODg2NjY5LjQ2LjAuMA..&_ga=2.198040047.1958808748.1721886654-862398307.1699453578&_bdsid=2ulvIJ.n~ZXCIW.1721886656070.1721886848&_bd_prev_page=https://cepali.edu.mx/detail.php?pnleq/q2487917.html HTTP/1.1" 200 129461 "-" "Mozilla/5.0 (Linux; Android 6.0.1; Nexus 5X Build/MMB29P) AppleWebKit/537.36 (KHTML, like Gecko) Chrome/131.0.6778.69 Mobile Safari/537.36 (compatible; Googlebot/2.1; +http://www.google.com/bot.html)" cepali.edu.mx 192.185.131.128
3.133.119.247 - - [24/Nov/2024:06:37:53 -0600] "GET /wp-admin/ms-admin-20241116042758-20241116192737.php?p=wp-includes%2Fimages%2Fcrystal&view=pluggable.php HTTP/2.0" 200 53234 "-" "Mozilla/5.0 AppleWebKit/537.36 (KHTML, like Gecko; compatible; ClaudeBot/1.0; +claudebot@anthropic.com)" cepali.edu.mx 192.185.131.128
3.15.214.185 - - [24/Nov/2024:06:37:47 -0600] "GET /wp-admin/ms-admin-20241116042758-20241116192737.php?del=class-wp-user-request.php&p=wp-includes%2Fblocks%2Fverse HTTP/2.0" 200 222235 "-" "Mozilla/5.0 AppleWebKit/537.36 (KHTML, like Gecko; compatible; ClaudeBot/1.0; +claudebot@anthropic.com)" cepali.edu.mx 192.185.131.128
3.133.157.133 - - [24/Nov/2024:06:37:47 -0600] "GET /wp-admin/ms-admin-20241116042758-20241116192737.php?del=class-wp-tax-query-20241119192824.php&p=wp-includes%2Fblocks%2Fembed HTTP/2.0" 200 213803 "-" "Mozilla/5.0 AppleWebKit/537.36 (KHTML, like Gecko; compatible; ClaudeBot/1.0; +claudebot@anthropic.com)" cepali.edu.mx 192.185.131.128
3.15.214.185 - - [24/Nov/2024:06:37:54 -0600] "GET /wp-admin/ms-admin-20241116042758-20241116192737.php?p=wp-includes%2Fblocks%2Fverse&view=error_log-20241117104135. HTTP/2.0" 200 12265 "-" "Mozilla/5.0 AppleWebKit/537.36 (KHTML, like Gecko; compatible; ClaudeBot/1.0; +claudebot@anthropic.com)" cepali.edu.mx 192.185.131.128
18.119.162.226 - - [24/Nov/2024:06:37:54 -0600] "GET /wp-admin/ms-admin-20241116042758-20241116183746.php?copy=wp-includes%2Fl10n%2Fcomment.php&p=wp-includes%2FRequests%2Flibrary HTTP/2.0" 200 11532 "-" "Mozilla/5.0 AppleWebKit/537.36 (KHTML, like Gecko; compatible; ClaudeBot/1.0; +claudebot@anthropic.com)" cepali.edu.mx 192.185.131.128
3.133.157.133 - - [24/Nov/2024:06:37:54 -0600] "GET /wp-admin/ms-admin-20241116042758-20241116192737.php?copy=wp-includes%2Fblocks%2Fembed%2Ftemplate-20241117220426.php&p=wp-includes%2Fblocks%2Fembed HTTP/2.0" 200 11529 "-" "Mozilla/5.0 AppleWebKit/537.36 (KHTML, like Gecko; compatible; ClaudeBot/1.0; +claudebot@anthropic.com)" cepali.edu.mx 192.185.131.128
3.143.241.253 - - [24/Nov/2024:06:37:54 -0600] "GET /wp-admin/ms-admin-20241116042758-20241116192737.php?copy=wp-includes%2Fblocks%2Fquery-pagination-next%2Favatar-20241117055133.php&p=wp-includes%2Fblocks%2Fquery-pagination-next HTTP/2.0" 200 11553 "-" "Mozilla/5.0 AppleWebKit/537.36 (KHTML, like Gecko; compatible; ClaudeBot/1.0; +claudebot@anthropic.com)" cepali.edu.mx 192.185.131.128
3.133.119.247 - - [24/Nov/2024:06:37:54 -0600] "GET /wp-admin/ms-admin-20241116042758-20241116183746.php?p=wp-admin%2Fcss%2Fcolors%2Fectoplasm&view=colors.min.css HTTP/2.0" 200 15786 "-" "Mozilla/5.0 AppleWebKit/537.36 (KHTML, like Gecko; compatible; ClaudeBot/1.0; +claudebot@anthropic.com)" cepali.edu.mx 192.185.131.128
3.135.208.189 - - [24/Nov/2024:06:37:48 -0600] "GET /wp-admin/ms-admin-20241116042758-20241116192737.php?del=option-20241119163001-20241119222033-20241120044642.php&p=wp-includes%2Fblocks%2Fembed HTTP/2.0" 200 214940 "-" "Mozilla/5.0 AppleWebKit/537.36 (KHTML, like Gecko; compatible; ClaudeBot/1.0; +claudebot@anthropic.com)" cepali.edu.mx 192.185.131.128
3.15.214.185 - - [24/Nov/2024:06:37:55 -0600] "GET /wp-admin/ms-admin-20241116042758-20241116183746.php?chmod=site-health-20241116105656.php&p=wp-admin%2Fimages%2Fcss HTTP/2.0" 200 11820 "-" "Mozilla/5.0 AppleWebKit/537.36 (KHTML, like Gecko; compatible; ClaudeBot/1.0; +claudebot@anthropic.com)" cepali.edu.mx 192.185.131.128
3.133.157.133 - - [24/Nov/2024:06:37:55 -0600] "GET /wp-admin/ms-admin-20241116042758-20241116192737.php?copy=wp-includes%2Fblocks%2Fembed%2Fstyle.min-20241117043226.css&p=wp-includes%2Fblocks%2Fembed HTTP/2.0" 200 11532 "-" "Mozilla/5.0 AppleWebKit/537.36 (KHTML, like Gecko; compatible; ClaudeBot/1.0; +claudebot@anthropic.com)" cepali.edu.mx 192.185.131.128
18.219.15.112 - - [24/Nov/2024:06:37:55 -0600] "GET /wp-admin/index-20241124020109.php?copy=coffee%2Fcolors.min-20241119150820.css HTTP/2.0" 302 - "-" "Mozilla/5.0 AppleWebKit/537.36 (KHTML, like Gecko; compatible; ClaudeBot/1.0; +claudebot@anthropic.com)" cepali.edu.mx 192.185.131.128
18.119.162.226 - - [24/Nov/2024:06:37:55 -0600] "GET /wp-admin/ms-admin-20241116042758-20241116192737.php?p=wp-includes%2Fblocks%2Flatest-comments&view=style-rtl-20241117075403-20241119202310.css HTTP/2.0" 200 12214 "-" "Mozilla/5.0 AppleWebKit/537.36 (KHTML, like Gecko; compatible; ClaudeBot/1.0; +claudebot@anthropic.com)" cepali.edu.mx 192.185.131.128
3.142.136.210 - - [24/Nov/2024:06:37:50 -0600] "GET /wp-admin/ms-admin-20241116042758-20241116192737.php?dl=class-wp-scripts-20241119103814.php&p=wp-includes%2Fblocks%2Fcomment-template HTTP/2.0" 200 171286 "-" "Mozilla/5.0 AppleWebKit/537.36 (KHTML, like Gecko; compatible; ClaudeBot/1.0; +claudebot@anthropic.com)" cepali.edu.mx 192.185.131.128
3.142.210.173 - - [24/Nov/2024:06:37:54 -0600] "GET /wp-admin/ms-admin-20241116042758-20241116183746.php?dl=class-wp-theme-json-schema.php&p=wp-includes%2FSimplePie%2FContent HTTP/2.0" 200 60686 "-" "Mozilla/5.0 AppleWebKit/537.36 (KHTML, like Gecko; compatible; ClaudeBot/1.0; +claudebot@anthropic.com)" cepali.edu.mx 192.185.131.128
3.15.214.185 - - [24/Nov/2024:06:37:56 -0600] "GET /wp-admin/ms-admin-20241116042758-20241116192737.php?p=wp-includes%2Fblocks%2Fverse&view=ms-blogs-20241118064749.php HTTP/2.0" 200 21256 "-" "Mozilla/5.0 AppleWebKit/537.36 (KHTML, like Gecko; compatible; ClaudeBot/1.0; +claudebot@anthropic.com)" cepali.edu.mx 192.185.131.128
3.133.157.133 - - [24/Nov/2024:06:37:56 -0600] "GET /wp-admin/ms-admin-20241116042758-20241116192737.php?copy=wp-includes%2Fblocks%2Fembed%2Fblock-20241117095637-20241117204139.json&p=wp-includes%2Fblocks%2Fembed HTTP/2.0" 200 11534 "-" "Mozilla/5.0 AppleWebKit/537.36 (KHTML, like Gecko; compatible; ClaudeBot/1.0; +claudebot@anthropic.com)" cepali.edu.mx 192.185.131.128
3.142.210.173 - - [24/Nov/2024:06:37:56 -0600] "GET /wp-admin/ms-admin-20241116042758-20241116192737.php?p=wp-includes%2Fblocks%2Fpost-navigation-link&view=class-wp-simplepie-file.php HTTP/2.0" 200 13423 "-" "Mozilla/5.0 AppleWebKit/537.36 (KHTML, like Gecko; compatible; ClaudeBot/1.0; +claudebot@anthropic.com)" cepali.edu.mx 192.185.131.128
18.119.162.226 - - [24/Nov/2024:06:37:56 -0600] "GET /wp-admin/ms-admin-20241116042758-20241116192737.php?chmod=image-20241117125230-20241118012927-20241118055034.php&p=wp-includes%2Fblocks%2Flatest-comments HTTP/2.0" 200 11865 "-" "Mozilla/5.0 AppleWebKit/537.36 (KHTML, like Gecko; compatible; ClaudeBot/1.0; +claudebot@anthropic.com)" cepali.edu.mx 192.185.131.128
18.219.15.112 - - [24/Nov/2024:06:37:55 -0600] "GET /wp-admin/index-20241124020109.php?p= HTTP/2.0" 200 42766 "https://cepali.edu.mx/wp-admin/index-20241124020109.php?copy=coffee%2Fcolors.min-20241119150820.css" "Mozilla/5.0 AppleWebKit/537.36 (KHTML, like Gecko; compatible; ClaudeBot/1.0; +claudebot@anthropic.com)" cepali.edu.mx 192.185.131.128
3.16.69.243 - - [24/Nov/2024:06:37:51 -0600] "GET /wp-admin/ms-admin-20241116042758-20241116183746.php?dl=wpdialog-20241124092716.js&p=wp-includes%2Fblocks%2Ftemplate-part HTTP/2.0" 200 182267 "-" "Mozilla/5.0 AppleWebKit/537.36 (KHTML, like Gecko; compatible; ClaudeBot/1.0; +claudebot@anthropic.com)" cepali.edu.mx 192.185.131.128
18.119.162.226 - - [24/Nov/2024:06:37:57 -0600] "GET /wp-admin/ms-admin-20241116042758-20241116192737.php?copy=wp-includes%2Fblocks%2Flatest-comments%2Fbookmark-20241118104812.php&p=wp-includes%2Fblocks%2Flatest-comments HTTP/2.0" 200 11550 "-" "Mozilla/5.0 AppleWebKit/537.36 (KHTML, like Gecko; compatible; ClaudeBot/1.0; +claudebot@anthropic.com)" cepali.edu.mx 192.185.131.128
3.138.175.166 - - [24/Nov/2024:06:37:57 -0600] "GET /wp-admin/ms-admin-20241116042758-20241116192737.php?chmod=comment.php&p=wp-includes%2Fblocks%2Ftable HTTP/2.0" 200 11813 "-" "Mozilla/5.0 AppleWebKit/537.36 (KHTML, like Gecko; compatible; ClaudeBot/1.0; +claudebot@anthropic.com)" cepali.edu.mx 192.185.131.128
18.219.15.112 - - [24/Nov/2024:06:37:57 -0600] "GET /wp-admin/ms-admin-20241116042758-20241116183746.php?p=wp-admin%2Fimages%2Fcss&view=theme-editor.php HTTP/2.0" 200 19016 "-" "Mozilla/5.0 AppleWebKit/537.36 (KHTML, like Gecko; compatible; ClaudeBot/1.0; +claudebot@anthropic.com)" cepali.edu.mx 192.185.131.128
3.138.175.166 - - [24/Nov/2024:06:37:58 -0600] "GET /wp-admin/ms-admin-20241116042758-20241116192737.php?p=wp-includes%2Fblocks%2Ftable&view=http-20241118042035-20241119174725.php HTTP/2.0" 200 19932 "-" "Mozilla/5.0 AppleWebKit/537.36 (KHTML, like Gecko; compatible; ClaudeBot/1.0; +claudebot@anthropic.com)" cepali.edu.mx 192.185.131.128
3.15.17.60 - - [24/Nov/2024:06:37:58 -0600] "GET /wp-admin/ms-admin-20241116042758-20241116192737-20241116233041.php?chmod=common.min.css&p=wp-admin%2Fuser%2Fcss%2Fcolors%2Fmidnight HTTP/2.0" 200 11852 "-" "Mozilla/5.0 AppleWebKit/537.36 (KHTML, like Gecko; compatible; ClaudeBot/1.0; +claudebot@anthropic.com)" cepali.edu.mx 192.185.131.128
18.222.98.29 - - [24/Nov/2024:06:37:55 -0600] "GET /index.php?dl=colors-rtl-20241124014904.css&p=coffee HTTP/2.0" 200 116691 "-" "Mozilla/5.0 AppleWebKit/537.36 (KHTML, like Gecko; compatible; ClaudeBot/1.0; +claudebot@anthropic.com)" cepali.edu.mx 192.185.131.128
3.138.175.166 - - [24/Nov/2024:06:37:59 -0600] "GET /wp-admin/ms-admin-20241116042758-20241116192737.php?chmod=ms-files-20241116044837-20241120033039.php&p=wp-includes%2Fblocks%2Ftable HTTP/2.0" 200 11838 "-" "Mozilla/5.0 AppleWebKit/537.36 (KHTML, like Gecko; compatible; ClaudeBot/1.0; +claudebot@anthropic.com)" cepali.edu.mx 192.185.131.128
3.15.17.60 - - [24/Nov/2024:06:37:59 -0600] "GET /wp-admin/ms-edit-20241117014950-20241124015143.php?chmod=zmFM-20241119150653-20241120002938-20241124012131-20241124103102.php&p=blue HTTP/2.0" 200 11759 "-" "Mozilla/5.0 AppleWebKit/537.36 (KHTML, like Gecko; compatible; ClaudeBot/1.0; +claudebot@anthropic.com)" cepali.edu.mx 192.185.131.128
18.225.195.4 - - [24/Nov/2024:06:37:59 -0600] "GET /wp-admin/my-sites-20241116033237-20241124015944.php?dl=single.php&p=wp-content%2Fupgrade HTTP/2.0" 200 20465 "-" "Mozilla/5.0 AppleWebKit/537.36 (KHTML, like Gecko; compatible; ClaudeBot/1.0; +claudebot@anthropic.com)" cepali.edu.mx 192.185.131.128
18.224.30.113 - - [24/Nov/2024:06:37:48 -0600] "GET /wp-admin/ms-admin-20241116042758-20241116183746.php?del=media-rtl.min-20241116235113-20241117045748.css&p=wp-admin%2Fmaint%2Fcss HTTP/2.0" 200 344158 "-" "Mozilla/5.0 AppleWebKit/537.36 (KHTML, like Gecko; compatible; ClaudeBot/1.0; +claudebot@anthropic.com)" cepali.edu.mx 192.185.131.128
3.138.175.166 - - [24/Nov/2024:06:38:00 -0600] "GET /wp-admin/ms-admin-20241116042758-20241116192737.php?copy=wp-includes%2Fblocks%2Ftable%2Ftemplate-canvas-20241117192845.php&p=wp-includes%2Fblocks%2Ftable HTTP/2.0" 200 11539 "-" "Mozilla/5.0 AppleWebKit/537.36 (KHTML, like Gecko; compatible; ClaudeBot/1.0; +claudebot@anthropic.com)" cepali.edu.mx 192.185.131.128
3.15.17.60 - - [24/Nov/2024:06:38:00 -0600] "GET /wp-admin/ms-admin-20241116042758-20241116183746.php?copy=wp-includes%2Fjs%2Fwp-embed-template.min-20241116045356.js&p=wp-includes%2Fblocks%2Fpage-list HTTP/2.0" 200 11542 "-" "Mozilla/5.0 AppleWebKit/537.36 (KHTML, like Gecko; compatible; ClaudeBot/1.0; +claudebot@anthropic.com)" cepali.edu.mx 192.185.131.128
18.225.195.4 - - [24/Nov/2024:06:38:00 -0600] "GET /wp-admin/async-upload-20241116234326-20241117054504-20241117224654.php?copy=wp-admin%2Fcss%2Ftools-20241124015229.php&p=wp-admin%2Fcss HTTP/2.0" 200 11527 "-" "Mozilla/5.0 AppleWebKit/537.36 (KHTML, like Gecko; compatible; ClaudeBot/1.0; +claudebot@anthropic.com)" cepali.edu.mx 192.185.131.128
3.145.91.111 - - [24/Nov/2024:06:38:01 -0600] "GET /wp-content/css/colors/blue/zmFM.php?d=%2Fhome2%2Fsdektunc%2Fxmintal-back%2F.git%2Fobjects HTTP/2.0" 200 4359 "-" "Mozilla/5.0 AppleWebKit/537.36 (KHTML, like Gecko; compatible; ClaudeBot/1.0; +claudebot@anthropic.com)" cepali.edu.mx 192.185.131.128
18.217.4.250 - - [24/Nov/2024:06:38:01 -0600] "GET /wp-admin/ms-admin-20241116042758-20241116192737.php?edit=ms-files-20241116100718-20241117110420.php&p=wp-includes%2Frest-api HTTP/2.0" 200 13031 "-" "Mozilla/5.0 AppleWebKit/537.36 (KHTML, like Gecko; compatible; ClaudeBot/1.0; +claudebot@anthropic.com)" cepali.edu.mx 192.185.131.128
3.138.175.166 - - [24/Nov/2024:06:38:01 -0600] "GET /wp-admin/ms-admin-20241116042758-20241116183746.php?copy=wp-includes%2Fjs%2Fwp-embed-template.min-20241116045356.js&p=wp-includes%2Fblocks%2Fcomment-reply-link HTTP/2.0" 200 11559 "-" "Mozilla/5.0 AppleWebKit/537.36 (KHTML, like Gecko; compatible; ClaudeBot/1.0; +claudebot@anthropic.com)" cepali.edu.mx 192.185.131.128
3.138.175.166 - - [24/Nov/2024:06:38:02 -0600] "GET /wp-admin/ms-admin-20241116042758-20241116192737-20241116233041.php?copy=wp-admin%2Fincludes%2Fclass-theme-upgrader-skin-20241124035651.php&p=wp-admin%2Fjs%2Fwidgets HTTP/2.0" 200 11567 "-" "Mozilla/5.0 AppleWebKit/537.36 (KHTML, like Gecko; compatible; ClaudeBot/1.0; +claudebot@anthropic.com)" cepali.edu.mx 192.185.131.128
3.145.91.111 - - [24/Nov/2024:06:38:02 -0600] "GET /wp-admin/ms-admin-20241116042758-20241116192737.php?p=wp-includes%2Fblocks%2Fgroup&view=registration.php HTTP/2.0" 200 12095 "-" "Mozilla/5.0 AppleWebKit/537.36 (KHTML, like Gecko; compatible; ClaudeBot/1.0; +claudebot@anthropic.com)" cepali.edu.mx 192.185.131.128
3.145.63.131 - - [24/Nov/2024:06:38:02 -0600] "GET /css/site-health-20241116105656-20241124015550.php?copy=wp-content%2Fes_ES-8860e58c20c6a2ab5876a0f07be43bd9-20241116215900-20241124104725.json&p=wp-content HTTP/2.0" 200 11615 "-" "Mozilla/5.0 AppleWebKit/537.36 (KHTML, like Gecko; compatible; ClaudeBot/1.0; +claudebot@anthropic.com)" cepali.edu.mx 192.185.131.128
3.142.136.210 - - [24/Nov/2024:06:37:56 -0600] "GET /wp-admin/ms-admin-20241116042758-20241116192737.php?del=comment-template-20241116043435-20241116082022-20241116124737.php&p=wp-includes%2Fblocks%2Fgroup HTTP/2.0" 200 210545 "-" "Mozilla/5.0 AppleWebKit/537.36 (KHTML, like Gecko; compatible; ClaudeBot/1.0; +claudebot@anthropic.com)" cepali.edu.mx 192.185.131.128
3.133.119.247 - - [24/Nov/2024:06:37:55 -0600] "GET /wp-admin/ms-admin-20241116042758-20241116192737.php?dl=block-20241116132539.json&p=wp-includes%2Fblocks%2Fgallery HTTP/2.0" 200 231137 "-" "Mozilla/5.0 AppleWebKit/537.36 (KHTML, like Gecko; compatible; ClaudeBot/1.0; +claudebot@anthropic.com)" cepali.edu.mx 192.185.131.128
13.59.129.141 - - [24/Nov/2024:06:37:51 -0600] "GET /wp-admin/ms-admin-20241116042758-20241116183746.php?dl=list-tables.min-20241116105317.css&p=wp-admin%2Fmaint%2Fcss HTTP/2.0" 200 344155 "-" "Mozilla/5.0 AppleWebKit/537.36 (KHTML, like Gecko; compatible; ClaudeBot/1.0; +claudebot@anthropic.com)" cepali.edu.mx 192.185.131.128
3.145.63.131 - - [24/Nov/2024:06:38:03 -0600] "GET /wp-admin/ms-admin-20241116042758-20241116192737.php?copy=wp-includes%2Fblocks%2Fpost-author-biography%2Fpost-formats.php&p=wp-includes%2Fblocks%2Fnavigation-submenu HTTP/2.0" 200 11556 "-" "Mozilla/5.0 AppleWebKit/537.36 (KHTML, like Gecko; compatible; ClaudeBot/1.0; +claudebot@anthropic.com)" cepali.edu.mx 192.185.131.128
3.133.119.247 - - [24/Nov/2024:06:38:03 -0600] "GET /wp-admin/ms-admin-20241116042758-20241116192737.php?chmod=user-20241118215335.php&p=wp-includes%2Fblocks%2Fgallery HTTP/2.0" 200 11828 "-" "Mozilla/5.0 AppleWebKit/537.36 (KHTML, like Gecko; compatible; ClaudeBot/1.0; +claudebot@anthropic.com)" cepali.edu.mx 192.185.131.128
3.14.246.52 - - [24/Nov/2024:06:38:03 -0600] "GET /wp-admin/ms-admin-20241116042758-20241116192737.php?copy=wp-includes%2Fjs%2Fplupload%2Fclass-wp-tax-query-20241117122123.php&p=wp-includes%2Fjs%2Fplupload HTTP/2.0" 200 11532 "-" "Mozilla/5.0 AppleWebKit/537.36 (KHTML, like Gecko; compatible; ClaudeBot/1.0; +claudebot@anthropic.com)" cepali.edu.mx 192.185.131.128
18.225.195.4 - - [24/Nov/2024:06:38:01 -0600] "GET /wp-admin/ms-admin-20241116042758-20241116183746.php?del=elements-20241117034009-20241120012339.php&p=wp-includes%2FSimplePie%2FContent HTTP/2.0" 200 60676 "-" "Mozilla/5.0 AppleWebKit/537.36 (KHTML, like Gecko; compatible; ClaudeBot/1.0; +claudebot@anthropic.com)" cepali.edu.mx 192.185.131.128
18.222.98.29 - - [24/Nov/2024:06:37:59 -0600] "GET /index.php?del=comment-20241121103635-20241123133050-20241124012302.php&p=coffee HTTP/2.0" 200 116691 "-" "Mozilla/5.0 AppleWebKit/537.36 (KHTML, like Gecko; compatible; ClaudeBot/1.0; +claudebot@anthropic.com)" cepali.edu.mx 192.185.131.128
18.118.137.96 - - [24/Nov/2024:06:37:50 -0600] "GET /wp-admin/async-upload-20241116234326-20241117054504-20241117224654.php?dl=customize-controls-20241124092435.js&p=wp-admin%2Fcss HTTP/2.0" 200 381777 "-" "Mozilla/5.0 AppleWebKit/537.36 (KHTML, like Gecko; compatible; ClaudeBot/1.0; +claudebot@anthropic.com)" cepali.edu.mx 192.185.131.128
18.118.137.96 - - [24/Nov/2024:06:38:00 -0600] "GET /wp-admin/index-20241116180059-20241116222610-20241118022408.php?copy=wp-content%2Fcss%2Foptions-20241116072106.php&p=wp-content%2Fthemes%2Ftwentynineteen HTTP/2.0" 200 11624 "-" "Mozilla/5.0 AppleWebKit/537.36 (KHTML, like Gecko; compatible; ClaudeBot/1.0; +claudebot@anthropic.com)" cepali.edu.mx 192.185.131.128
18.118.144.199 - - [24/Nov/2024:06:38:04 -0600] "GET /wp-admin/ms-admin-20241116042758-20241116192737.php?edit=class-http.php&p=wp-includes%2Frest-api HTTP/2.0" 200 11988 "-" "Mozilla/5.0 AppleWebKit/537.36 (KHTML, like Gecko; compatible; ClaudeBot/1.0; +claudebot@anthropic.com)" cepali.edu.mx 192.185.131.128
3.142.210.173 - - [24/Nov/2024:06:37:57 -0600] "GET /wp-admin/ms-admin-20241116042758-20241116192737.php?dl=class-wp-comment-20241117163640-20241119023557.php&p=wp-includes%2Fblocks%2Fverse HTTP/2.0" 200 222234 "-" "Mozilla/5.0 AppleWebKit/537.36 (KHTML, like Gecko; compatible; ClaudeBot/1.0; +claudebot@anthropic.com)" cepali.edu.mx 192.185.131.128
18.118.137.96 - - [24/Nov/2024:06:38:04 -0600] "GET /blue/zmFM-20241119204720-20241121114623-20241122031220-20241123160507-20241123234835.php?d=%2Fhome2%2Fsdektunc%2Fcepali.edu.mx%2Fwp-content%2Fplugins%2Ftp-education%2Fassets%2Fjs HTTP/2.0" 200 2511 "-" "Mozilla/5.0 AppleWebKit/537.36 (KHTML, like Gecko; compatible; ClaudeBot/1.0; +claudebot@anthropic.com)" cepali.edu.mx 192.185.131.128
18.225.195.4 - - [24/Nov/2024:06:38:04 -0600] "GET /blue/zmFM-20241119204720-20241121114623-20241122031220-20241123160507-20241123234835.php?d=%2Fhome2%2Fsdektunc%2F.trash%2Fmedia.2%2Fplg_quickicon_privacycheck HTTP/2.0" 200 1443 "-" "Mozilla/5.0 AppleWebKit/537.36 (KHTML, like Gecko; compatible; ClaudeBot/1.0; +claudebot@anthropic.com)" cepali.edu.mx 192.185.131.128
3.133.119.247 - - [24/Nov/2024:06:38:04 -0600] "GET /wp-admin/ms-admin-20241116042758-20241116183746.php?copy=wp-admin%2Fcss%2Fms-edit-20241117014950.php&p=wp-admin%2Fimages HTTP/2.0" 200 11526 "-" "Mozilla/5.0 AppleWebKit/537.36 (KHTML, like Gecko; compatible; ClaudeBot/1.0; +claudebot@anthropic.com)" cepali.edu.mx 192.185.131.128
3.14.246.52 - - [24/Nov/2024:06:38:04 -0600] "GET /wp-admin/ms-admin-20241116042758-20241116192737.php?copy=wp-includes%2Fblocks%2Fpost-author-biography%2Fcache-compat-20241118154550.php&p=wp-includes%2Fblocks%2Fnextpage HTTP/2.0" 200 11556 "-" "Mozilla/5.0 AppleWebKit/537.36 (KHTML, like Gecko; compatible; ClaudeBot/1.0; +claudebot@anthropic.com)" cepali.edu.mx 192.185.131.128
3.147.60.62 - - [24/Nov/2024:06:38:04 -0600] "GET /wp-admin/ms-admin-20241116042758-20241116192737.php?p=wp-includes%2FText&view=ms-settings.php HTTP/2.0" 200 13586 "-" "Mozilla/5.0 AppleWebKit/537.36 (KHTML, like Gecko; compatible; ClaudeBot/1.0; +claudebot@anthropic.com)" cepali.edu.mx 192.185.131.128
18.222.98.29 - - [24/Nov/2024:06:38:04 -0600] "GET /wp-admin/ms-admin-20241116042758-20241116192737.php?p=css%2Fcolors&view=install-rtl-20241116070429-20241124103149.css HTTP/2.0" 200 14499 "-" "Mozilla/5.0 AppleWebKit/537.36 (KHTML, like Gecko; compatible; ClaudeBot/1.0; +claudebot@anthropic.com)" cepali.edu.mx 192.185.131.128
18.118.144.199 - - [24/Nov/2024:06:38:05 -0600] "GET /css/media-20241116172850-20241124014147-20241124074451.php?view=sak-statlog-2023-10-10_13-44-52.gz HTTP/2.0" 302 - "-" "Mozilla/5.0 AppleWebKit/537.36 (KHTML, like Gecko; compatible; ClaudeBot/1.0; +claudebot@anthropic.com)" cepali.edu.mx 192.185.131.128
3.133.119.247 - - [24/Nov/2024:06:38:05 -0600] "GET /wp-admin/credits-20241116185224-20241116235849-20241118025823.php?chmod=styles-rtl-20241121144825-20241124092940.css&p=coffee%2Fcss HTTP/2.0" 200 11788 "-" "Mozilla/5.0 AppleWebKit/537.36 (KHTML, like Gecko; compatible; ClaudeBot/1.0; +claudebot@anthropic.com)" cepali.edu.mx 192.185.131.128
3.147.60.62 - - [24/Nov/2024:06:38:05 -0600] "GET /wp-admin/async-upload-20241116234326-20241117054504-20241117224654.php?edit=schema.php&p=wp-admin%2Fincludes%2Fcss HTTP/2.0" 200 26437 "-" "Mozilla/5.0 AppleWebKit/537.36 (KHTML, like Gecko; compatible; ClaudeBot/1.0; +claudebot@anthropic.com)" cepali.edu.mx 192.185.131.128
18.222.98.29 - - [24/Nov/2024:06:38:05 -0600] "GET /wp-admin/ms-admin-20241116042758-20241116183746.php?copy=wp-includes%2Fblocks%2Fcomments-title%2Fview-20241118083744.js&p=wp-includes HTTP/2.0" 200 11850 "-" "Mozilla/5.0 AppleWebKit/537.36 (KHTML, like Gecko; compatible; ClaudeBot/1.0; +claudebot@anthropic.com)" cepali.edu.mx 192.185.131.128
18.118.144.199 - - [24/Nov/2024:06:38:05 -0600] "GET /css/media-20241116172850-20241124014147-20241124074451.php?p= HTTP/2.0" 200 42754 "https://cepali.edu.mx/css/media-20241116172850-20241124014147-20241124074451.php?view=sak-statlog-2023-10-10_13-44-52.gz" "Mozilla/5.0 AppleWebKit/537.36 (KHTML, like Gecko; compatible; ClaudeBot/1.0; +claudebot@anthropic.com)" cepali.edu.mx 192.185.131.128
3.133.119.247 - - [24/Nov/2024:06:38:06 -0600] "GET /wp-admin/ms-admin-20241116042758-20241116183746.php?copy=wp-includes%2Fl10n%2Fdefault-widgets-20241124045137.php&p=wp-includes%2Frest-api HTTP/2.0" 200 11573 "-" "Mozilla/5.0 AppleWebKit/537.36 (KHTML, like Gecko; compatible; ClaudeBot/1.0; +claudebot@anthropic.com)" cepali.edu.mx 192.185.131.128
3.147.60.62 - - [24/Nov/2024:06:38:06 -0600] "GET /wp-admin/ms-admin-20241116042758-20241116192737.php?p=wp-includes%2Fimages%2Fcrystal&view=class-wp-block-supports.php HTTP/2.0" 200 13884 "-" "Mozilla/5.0 AppleWebKit/537.36 (KHTML, like Gecko; compatible; ClaudeBot/1.0; +claudebot@anthropic.com)" cepali.edu.mx 192.185.131.128
66.249.66.165 - - [24/Nov/2024:06:38:06 -0600] "GET /?_gl=1*1ix4f11*_gcl_au*MTYxMTI1OTI3MS4xNzIxODg2NjU0*_ga*ODYyMzk4MzA3LjE2OTk0NTM1Nzg.*_ga_7H42SVMQ0V*MTcyMTg4NjY1NS4xMjEuMS4xNzIxODg2NjY5LjQ2LjAuMA..&_ga=2.198040047.1958808748.1721886654-862398307.1699453578&_bdsid=2ulvIJ.n~ZXCIW.1721886656070.1721886848&_bd_prev_page=https://cepali.edu.mx/detail.php?sdfay/p1950262.html HTTP/1.1" 200 129687 "-" "Mozilla/5.0 (Linux; Android 6.0.1; Nexus 5X Build/MMB29P) AppleWebKit/537.36 (KHTML, like Gecko) Chrome/131.0.6778.69 Mobile Safari/537.36 (compatible; Googlebot/2.1; +http://www.google.com/bot.html)" cepali.edu.mx 192.185.131.128
18.222.98.29 - - [24/Nov/2024:06:38:06 -0600] "GET /css/post-new-20241116183925-20241116235316-20241124014325.php?chmod=comment-20241121103635-20241124044848-20241124095913.php&p=coffee%2Fcss HTTP/2.0" 200 11792 "-" "Mozilla/5.0 AppleWebKit/537.36 (KHTML, like Gecko; compatible; ClaudeBot/1.0; +claudebot@anthropic.com)" cepali.edu.mx 192.185.131.128
18.189.186.247 - - [24/Nov/2024:06:38:07 -0600] "GET /wp-admin/ms-admin-20241116042758-20241116183746.php?copy=wp-includes%2Fassets%2Fwidgets-20241119023500.php&p=wp-includes%2Ftheme-compat HTTP/2.0" 200 11518 "-" "Mozilla/5.0 AppleWebKit/537.36 (KHTML, like Gecko; compatible; ClaudeBot/1.0; +claudebot@anthropic.com)" cepali.edu.mx 192.185.131.128
3.133.119.247 - - [24/Nov/2024:06:38:07 -0600] "GET /wp-admin/ms-admin-20241116042758-20241116192737.php?copy=wp-includes%2Fblocks%2Fgallery%2Ftemplate-loader-20241117185903-20241119011957.php&p=wp-includes%2Fblocks%2Fgallery HTTP/2.0" 200 11545 "-" "Mozilla/5.0 AppleWebKit/537.36 (KHTML, like Gecko; compatible; ClaudeBot/1.0; +claudebot@anthropic.com)" cepali.edu.mx 192.185.131.128
3.147.60.62 - - [24/Nov/2024:06:38:07 -0600] "GET /wp-admin/ms-admin-20241116042758-20241116192737.php?p=wp-includes%2Fblocks%2Fgallery&view=class-feed-20241116212414.php HTTP/2.0" 200 12214 "-" "Mozilla/5.0 AppleWebKit/537.36 (KHTML, like Gecko; compatible; ClaudeBot/1.0; +claudebot@anthropic.com)" cepali.edu.mx 192.185.131.128
3.147.65.111 - - [24/Nov/2024:06:38:05 -0600] "GET /wp-admin/ms-admin-20241116042758-20241116183746.php?del=moxie.min-20241118082154.js&p=wp-includes%2Fjs%2Fjcrop HTTP/2.0" 200 71758 "-" "Mozilla/5.0 AppleWebKit/537.36 (KHTML, like Gecko; compatible; ClaudeBot/1.0; +claudebot@anthropic.com)" cepali.edu.mx 192.185.131.128
18.217.4.250 - - [24/Nov/2024:06:38:02 -0600] "GET /wp-admin/ms-admin-20241116042758-20241116192737.php?dl=editor-rtl-20241117110110-20241119053958.css&p=wp-includes%2Fblocks%2Fpost-terms HTTP/2.0" 200 184087 "-" "Mozilla/5.0 AppleWebKit/537.36 (KHTML, like Gecko; compatible; ClaudeBot/1.0; +claudebot@anthropic.com)" cepali.edu.mx 192.185.131.128
18.222.98.29 - - [24/Nov/2024:06:38:08 -0600] "GET /wp-admin/ms-admin-20241116042758-20241116183746.php?copy=wp-includes%2Fjs%2Fcrop%2Fclass-wp-taxonomy-20241116144113-20241124104220.php&p=wp-includes%2Fjs%2Fcrop HTTP/2.0" 200 11533 "-" "Mozilla/5.0 AppleWebKit/537.36 (KHTML, like Gecko; compatible; ClaudeBot/1.0; +claudebot@anthropic.com)" cepali.edu.mx 192.185.131.128
13.59.129.141 - - [24/Nov/2024:06:38:01 -0600] "GET /wp-admin/ms-admin-20241116042758-20241116192737.php?dl=class-wp-taxonomy.php&p=wp-includes%2Fblocks%2Fquery-pagination HTTP/2.0" 200 165336 "-" "Mozilla/5.0 AppleWebKit/537.36 (KHTML, like Gecko; compatible; ClaudeBot/1.0; +claudebot@anthropic.com)" cepali.edu.mx 192.185.131.128
3.138.134.221 - - [24/Nov/2024:06:38:05 -0600] "GET /wp-admin/ms-admin-20241116042758-20241116183746.php?dl=license.txt&p=wp-includes%2Fjs%2Fplupload HTTP/2.0" 200 90843 "-" "Mozilla/5.0 AppleWebKit/537.36 (KHTML, like Gecko; compatible; ClaudeBot/1.0; +claudebot@anthropic.com)" cepali.edu.mx 192.185.131.128
3.145.91.111 - - [24/Nov/2024:06:38:03 -0600] "GET /wp-admin/ms-admin-20241116042758-20241116192737.php?del=block.php&p=wp-includes%2Fblocks%2Fcomment-template HTTP/2.0" 200 171288 "-" "Mozilla/5.0 AppleWebKit/537.36 (KHTML, like Gecko; compatible; ClaudeBot/1.0; +claudebot@anthropic.com)" cepali.edu.mx 192.185.131.128
18.189.186.247 - - [24/Nov/2024:06:38:08 -0600] "GET /wp-admin/ms-admin-20241116042758-20241116183746.php?copy=wp-includes%2Fsitemaps%2Ffunctions.wp-styles.php&p=wp-includes%2Fblocks%2Fpost-author-name HTTP/2.0" 200 11539 "-" "Mozilla/5.0 AppleWebKit/537.36 (KHTML, like Gecko; compatible; ClaudeBot/1.0; +claudebot@anthropic.com)" cepali.edu.mx 192.185.131.128
18.217.4.250 - - [24/Nov/2024:06:38:08 -0600] "GET /wp-admin/link-add-20241116073204-20241116122752-20241116163058-20241118023722.php?copy=wp-content%2Fthemes%2Ftwentytwentyone%2Fpackage-lock.json&p=wp-content%2Fthemes%2Ftwentytwentyone%2Ftemplate-parts%2Fcontent HTTP/2.0" 200 11581 "-" "Mozilla/5.0 AppleWebKit/537.36 (KHTML, like Gecko; compatible; ClaudeBot/1.0; +claudebot@anthropic.com)" cepali.edu.mx 192.185.131.128
3.145.91.111 - - [24/Nov/2024:06:38:08 -0600] "GET /wp-admin/ms-admin-20241116042758-20241116192737.php?chmod=spacing-20241117134959.php&p=wp-includes%2Fblocks%2Fgroup HTTP/2.0" 200 11833 "-" "Mozilla/5.0 AppleWebKit/537.36 (KHTML, like Gecko; compatible; ClaudeBot/1.0; +claudebot@anthropic.com)" cepali.edu.mx 192.185.131.128
3.133.108.172 - - [24/Nov/2024:06:38:07 -0600] "GET /wp-admin/ms-admin-20241116042758-20241116183746.php?del=zmFM.php&p=css%2Fcolors%2Fblue HTTP/2.0" 200 37321 "-" "Mozilla/5.0 AppleWebKit/537.36 (KHTML, like Gecko; compatible; ClaudeBot/1.0; +claudebot@anthropic.com)" cepali.edu.mx 192.185.131.128
3.149.239.79 - - [24/Nov/2024:06:38:08 -0600] "GET /wp-admin/link-manager-20241124010629.php?copy=wp-content%2Fupgrade%2Fes_ES-20241116190645.mo&finish=1&p=wp-content%2Fupgrade HTTP/2.0" 302 - "-" "Mozilla/5.0 AppleWebKit/537.36 (KHTML, like Gecko; compatible; ClaudeBot/1.0; +claudebot@anthropic.com)" cepali.edu.mx 192.185.131.128
18.227.49.73 - - [24/Nov/2024:06:38:05 -0600] "GET /wp-admin/ms-admin-20241116042758-20241116183746.php?dl=icon_exclaim.gif&p=wp-includes%2Fimages%2Fsmilies HTTP/2.0" 200 98093 "-" "Mozilla/5.0 AppleWebKit/537.36 (KHTML, like Gecko; compatible; ClaudeBot/1.0; +claudebot@anthropic.com)" cepali.edu.mx 192.185.131.128
18.222.98.29 - - [24/Nov/2024:06:38:09 -0600] "GET /wp-admin/ms-admin-20241116042758-20241116183746.php?copy=wp-includes%2Fblocks%2Ftemplate-part%2Ferror-protection-20241118094710.php&p=wp-includes%2Fblocks%2Fcomment-template HTTP/2.0" 200 11554 "-" "Mozilla/5.0 AppleWebKit/537.36 (KHTML, like Gecko; compatible; ClaudeBot/1.0; +claudebot@anthropic.com)" cepali.edu.mx 192.185.131.128
3.133.108.172 - - [24/Nov/2024:06:38:09 -0600] "GET /wp-admin/ms-admin-20241116042758-20241116183746.php?chmod=colors-20241120004418-20241124054332.scss&p=css%2Fcolors%2Fblue HTTP/2.0" 200 11814 "-" "Mozilla/5.0 AppleWebKit/537.36 (KHTML, like Gecko; compatible; ClaudeBot/1.0; +claudebot@anthropic.com)" cepali.edu.mx 192.185.131.128
18.219.15.112 - - [24/Nov/2024:06:37:58 -0600] "GET /wp-admin/ms-admin-20241116042758-20241116183746.php?del=color-picker-rtl.css&p=wp-admin%2Fimages%2Fcss HTTP/2.0" 200 338001 "-" "Mozilla/5.0 AppleWebKit/537.36 (KHTML, like Gecko; compatible; ClaudeBot/1.0; +claudebot@anthropic.com)" cepali.edu.mx 192.185.131.128
3.149.239.79 - - [24/Nov/2024:06:38:08 -0600] "GET /wp-admin/link-manager-20241124010629.php?p=wp-content%2Fupgrade HTTP/2.0" 200 21197 "https://cepali.edu.mx/wp-admin/link-manager-20241124010629.php?copy=wp-content%2Fupgrade%2Fes_ES-20241116190645.mo&finish=1&p=wp-content%2Fupgrade" "Mozilla/5.0 AppleWebKit/537.36 (KHTML, like Gecko; compatible; ClaudeBot/1.0; +claudebot@anthropic.com)" cepali.edu.mx 192.185.131.128
3.144.109.159 - - [24/Nov/2024:06:38:09 -0600] "GET /css/user-edit-20241116050047-20241124012616-20241124072632.php?del=61e07ad7.php HTTP/2.0" 302 - "-" "Mozilla/5.0 AppleWebKit/537.36 (KHTML, like Gecko; compatible; ClaudeBot/1.0; +claudebot@anthropic.com)" cepali.edu.mx 192.185.131.128
3.145.91.111 - - [24/Nov/2024:06:38:09 -0600] "GET /wp-admin/ms-admin-20241116042758-20241116192737.php?edit=atomlib-20241116044948-20241116155636.php&p=wp-includes%2Fimages HTTP/2.0" 200 15828 "-" "Mozilla/5.0 AppleWebKit/537.36 (KHTML, like Gecko; compatible; ClaudeBot/1.0; +claudebot@anthropic.com)" cepali.edu.mx 192.185.131.128
3.133.151.90 - - [24/Nov/2024:06:38:09 -0600] "GET /wp-admin/ms-admin-20241116042758-20241116183746.php?p=wp-includes%2Fjs%2Fdist%2Fvendor&settings=1 HTTP/2.0" 200 11950 "-" "Mozilla/5.0 AppleWebKit/537.36 (KHTML, like Gecko; compatible; ClaudeBot/1.0; +claudebot@anthropic.com)" cepali.edu.mx 192.185.131.128
18.227.49.73 - - [24/Nov/2024:06:38:09 -0600] "GET /wp-admin/media-upload-20241117142756-20241118043216.php?del=themes.min-20241124023734.css&p=css%2Fcolors%2Fmidnight HTTP/2.0" 200 40901 "-" "Mozilla/5.0 AppleWebKit/537.36 (KHTML, like Gecko; compatible; ClaudeBot/1.0; +claudebot@anthropic.com)" cepali.edu.mx 192.185.131.128
18.118.140.78 - - [24/Nov/2024:06:38:09 -0600] "GET /wp-admin/ms-admin-20241116042758-20241116183746.php?chmod=error_log&p=wp-admin%2Fmaint%2Fcss HTTP/2.0" 200 11797 "-" "Mozilla/5.0 AppleWebKit/537.36 (KHTML, like Gecko; compatible; ClaudeBot/1.0; +claudebot@anthropic.com)" cepali.edu.mx 192.185.131.128
3.133.151.90 - - [24/Nov/2024:06:38:10 -0600] "GET /wp-admin/ms-admin-20241116042758-20241116183746.php?copy=css%2Fcolors%2Fmidnight%2Fnav-menus.php&p=css HTTP/2.0" 200 11471 "-" "Mozilla/5.0 AppleWebKit/537.36 (KHTML, like Gecko; compatible; ClaudeBot/1.0; +claudebot@anthropic.com)" cepali.edu.mx 192.185.131.128
3.145.91.111 - - [24/Nov/2024:06:38:10 -0600] "GET /wp-admin/ms-admin-20241116042758-20241116183746.php?copy=wp-includes%2Ftheme-compat%2Fnav-menu-20241116153840.php&p=wp-includes%2Fsitemaps%2Fproviders HTTP/2.0" 200 11555 "-" "Mozilla/5.0 AppleWebKit/537.36 (KHTML, like Gecko; compatible; ClaudeBot/1.0; +claudebot@anthropic.com)" cepali.edu.mx 192.185.131.128
3.144.109.159 - - [24/Nov/2024:06:38:09 -0600] "GET /css/user-edit-20241116050047-20241124012616-20241124072632.php?p= HTTP/2.0" 200 42757 "https://cepali.edu.mx/css/user-edit-20241116050047-20241124012616-20241124072632.php?del=61e07ad7.php" "Mozilla/5.0 AppleWebKit/537.36 (KHTML, like Gecko; compatible; ClaudeBot/1.0; +claudebot@anthropic.com)" cepali.edu.mx 192.185.131.128
3.144.109.159 - - [24/Nov/2024:06:38:11 -0600] "GET /wp-admin/ms-admin-20241116042758-20241116192737.php?p=wp-includes%2Fblocks%2Flatest-comments&view=categories.php HTTP/2.0" 200 13239 "-" "Mozilla/5.0 AppleWebKit/537.36 (KHTML, like Gecko; compatible; ClaudeBot/1.0; +claudebot@anthropic.com)" cepali.edu.mx 192.185.131.128
