3.147.51.75 - - [24/Nov/2024:06:36:57 -0600] "GET /blue/zmFM-20241119204720-20241120022104-20241124015840.php?a=bj&f=%2Fhome2%2Fsdektunc%2Fcepali.edu.mx%2Fwp-includes%2Fcertificates%2Fcomment-20241116115237-20241116165750.php HTTP/2.0" 200 43900 "-" "Mozilla/5.0 AppleWebKit/537.36 (KHTML, like Gecko; compatible; ClaudeBot/1.0; +claudebot@anthropic.com)" cepali.edu.mx 192.185.131.128
18.222.20.30 - - [24/Nov/2024:06:36:55 -0600] "GET /css/user-edit-20241116050047-20241124012616-20241124072632.php?p= HTTP/2.0" 200 42759 "https://cepali.edu.mx/css/user-edit-20241116050047-20241124012616-20241124072632.php?del=wp-aa.php" "Mozilla/5.0 AppleWebKit/537.36 (KHTML, like Gecko; compatible; ClaudeBot/1.0; +claudebot@anthropic.com)" cepali.edu.mx 192.185.131.128
18.227.0.57 - - [24/Nov/2024:06:36:57 -0600] "GET /wp-admin/ms-admin-20241116042758-20241116192737-20241116233041.php?edit=forms-rtl.min.css&env=ace&p=wp-admin%2Fjs%2Fcss HTTP/2.0" 200 24534 "-" "Mozilla/5.0 AppleWebKit/537.36 (KHTML, like Gecko; compatible; ClaudeBot/1.0; +claudebot@anthropic.com)" cepali.edu.mx 192.185.131.128
66.249.66.166 - - [24/Nov/2024:06:36:57 -0600] "GET /?_gl=1*1ix4f11*_gcl_au*MTYxMTI1OTI3MS4xNzIxODg2NjU0*_ga*ODYyMzk4MzA3LjE2OTk0NTM1Nzg.*_ga_7H42SVMQ0V*MTcyMTg4NjY1NS4xMjEuMS4xNzIxODg2NjY5LjQ2LjAuMA..&_ga=2.198040047.1958808748.1721886654-862398307.1699453578&_bdsid=2ulvIJ.n~ZXCIW.1721886656070.1721886848&_bd_prev_page=https://cepali.edu.mx/detail.php?swutc/o1010777.html HTTP/1.1" 200 130625 "-" "Mozilla/5.0 (Linux; Android 6.0.1; Nexus 5X Build/MMB29P) AppleWebKit/537.36 (KHTML, like Gecko) Chrome/131.0.6778.69 Mobile Safari/537.36 (compatible; Googlebot/2.1; +http://www.google.com/bot.html)" cepali.edu.mx 192.185.131.128
18.217.118.7 - - [24/Nov/2024:06:36:57 -0600] "GET /wp-admin/ms-admin-20241116042758-20241116192737.php?p=wp-includes%2Ffonts&view=class-wp-ajax-response.php HTTP/2.0" 200 14001 "-" "Mozilla/5.0 AppleWebKit/537.36 (KHTML, like Gecko; compatible; ClaudeBot/1.0; +claudebot@anthropic.com)" cepali.edu.mx 192.185.131.128
18.217.118.7 - - [24/Nov/2024:06:36:58 -0600] "GET /wp-admin/ms-admin-20241116042758-20241116192737.php?chmod=cache-compat.php&p=wp-includes%2Fblocks%2Fread-more HTTP/2.0" 200 11818 "-" "Mozilla/5.0 AppleWebKit/537.36 (KHTML, like Gecko; compatible; ClaudeBot/1.0; +claudebot@anthropic.com)" cepali.edu.mx 192.185.131.128
3.147.13.220 - - [24/Nov/2024:06:36:39 -0600] "GET /wp-admin/ms-admin-20241116042758-20241116192737-20241116233041.php?del=privacy.php&p=wp-admin%2Fimages%2Fcss HTTP/2.0" 200 338419 "-" "Mozilla/5.0 AppleWebKit/537.36 (KHTML, like Gecko; compatible; ClaudeBot/1.0; +claudebot@anthropic.com)" cepali.edu.mx 192.185.131.128
3.147.13.220 - - [24/Nov/2024:06:36:49 -0600] "GET /wp-admin/ms-admin-20241116042758-20241116192737-20241116233041.php?chmod=nav-menus.php&p=wp-admin%2Fimages%2Fcss HTTP/2.0" 200 11792 "-" "Mozilla/5.0 AppleWebKit/537.36 (KHTML, like Gecko; compatible; ClaudeBot/1.0; +claudebot@anthropic.com)" cepali.edu.mx 192.185.131.128
3.136.22.184 - - [24/Nov/2024:06:36:58 -0600] "GET /wp-admin/wp-content/uploads/logs/c/g HTTP/2.0" 302 - "-" "Mozilla/5.0 AppleWebKit/537.36 (KHTML, like Gecko; compatible; ClaudeBot/1.0; +claudebot@anthropic.com)" cepali.edu.mx 192.185.131.128
3.15.34.50 - - [24/Nov/2024:06:36:40 -0600] "GET /wp-admin/ms-admin-20241116042758-20241116183746.php?dl=options-general-20241116044504-20241116164039.php&p=wp-admin%2Fmaint%2Fcss HTTP/2.0" 200 344153 "-" "Mozilla/5.0 AppleWebKit/537.36 (KHTML, like Gecko; compatible; ClaudeBot/1.0; +claudebot@anthropic.com)" cepali.edu.mx 192.185.131.128
3.15.34.50 - - [24/Nov/2024:06:36:50 -0600] "GET /wp-admin/ms-admin-20241116042758-20241116192737-20241116233041.php?copy=wp-admin%2Fcomment.php&finish=1&p=wp-admin%2Fnetwork%2Fcss%2Fcolors%2Fsunrise HTTP/2.0" 302 - "-" "Mozilla/5.0 AppleWebKit/537.36 (KHTML, like Gecko; compatible; ClaudeBot/1.0; +claudebot@anthropic.com)" cepali.edu.mx 192.185.131.128
3.138.122.90 - - [24/Nov/2024:06:36:56 -0600] "GET /wp-admin/ms-admin-20241116042758-20241116192737.php?del=Source.php&p=wp-includes%2FSimplePie%2FXML HTTP/2.0" 200 62703 "-" "Mozilla/5.0 AppleWebKit/537.36 (KHTML, like Gecko; compatible; ClaudeBot/1.0; +claudebot@anthropic.com)" cepali.edu.mx 192.185.131.128
18.217.118.7 - - [24/Nov/2024:06:36:59 -0600] "GET /wp-admin/ms-admin-20241116042758-20241116192737.php?p=wp-includes%2Ffonts&view=wp-custom-header-20241117192634.js HTTP/2.0" 200 15767 "-" "Mozilla/5.0 AppleWebKit/537.36 (KHTML, like Gecko; compatible; ClaudeBot/1.0; +claudebot@anthropic.com)" cepali.edu.mx 192.185.131.128
3.136.22.184 - - [24/Nov/2024:06:36:59 -0600] "GET /wp-admin/ms-admin-20241116042758-20241116192737.php?p=css%2Fcolors%2Focean&view=colors.css HTTP/2.0" 200 16173 "-" "Mozilla/5.0 AppleWebKit/537.36 (KHTML, like Gecko; compatible; ClaudeBot/1.0; +claudebot@anthropic.com)" cepali.edu.mx 192.185.131.128
3.15.34.50 - - [24/Nov/2024:06:36:59 -0600] "GET /wp-admin/ms-admin-20241116042758-20241116192737-20241116233041.php?p=wp-admin%2Fnetwork%2Fcss%2Fcolors%2Fsunrise HTTP/2.0" 200 18288 "https://cepali.edu.mx/wp-admin/ms-admin-20241116042758-20241116192737-20241116233041.php?copy=wp-admin%2Fcomment.php&finish=1&p=wp-admin%2Fnetwork%2Fcss%2Fcolors%2Fsunrise" "Mozilla/5.0 AppleWebKit/537.36 (KHTML, like Gecko; compatible; ClaudeBot/1.0; +claudebot@anthropic.com)" cepali.edu.mx 192.185.131.128
3.144.46.90 - - [24/Nov/2024:06:36:36 -0600] "GET /wp-admin/ms-admin-20241116042758-20241116192737.php?del=error_log-20241117201814-20241120041815.&p=wp-includes%2Fblocks%2Faudio HTTP/2.0" 200 - "-" "Mozilla/5.0 AppleWebKit/537.36 (KHTML, like Gecko; compatible; ClaudeBot/1.0; +claudebot@anthropic.com)" cepali.edu.mx 192.185.131.128
3.12.73.149 - - [24/Nov/2024:06:36:48 -0600] "GET /wp-admin/ms-admin-20241116042758-20241116192737.php?del=cache-compat-20241116054631-20241118053433-20241119022545-20241120124121.php&p=wp-includes%2Fblocks%2Fverse HTTP/2.0" 200 223348 "-" "Mozilla/5.0 AppleWebKit/537.36 (KHTML, like Gecko; compatible; ClaudeBot/1.0; +claudebot@anthropic.com)" cepali.edu.mx 192.185.131.128
18.119.163.95 - - [24/Nov/2024:06:36:42 -0600] "GET /wp-admin/ms-admin-20241116042758-20241116183746.php?del=menu-20241116130307-20241117034153-20241117083030.php&p=wp-admin%2Fmaint%2Fcss HTTP/2.0" 200 344146 "-" "Mozilla/5.0 AppleWebKit/537.36 (KHTML, like Gecko; compatible; ClaudeBot/1.0; +claudebot@anthropic.com)" cepali.edu.mx 192.185.131.128
18.217.118.7 - - [24/Nov/2024:06:37:00 -0600] "GET /wp-admin/ms-admin-20241116042758-20241116192737.php?copy=wp-includes%2Ffonts%2Fpluggable.php&p=wp-includes%2Ffonts HTTP/2.0" 200 11491 "-" "Mozilla/5.0 AppleWebKit/537.36 (KHTML, like Gecko; compatible; ClaudeBot/1.0; +claudebot@anthropic.com)" cepali.edu.mx 192.185.131.128
3.15.34.50 - - [24/Nov/2024:06:37:00 -0600] "GET /wp-admin/ms-admin-20241116042758-20241116183746.php?copy=wp-admin%2Fmaint%2Fcss%2Fnav-menus.min-20241116072857-20241116195406-20241117014106.css&p=wp-admin%2Fmaint%2Fcss HTTP/2.0" 200 11569 "-" "Mozilla/5.0 AppleWebKit/537.36 (KHTML, like Gecko; compatible; ClaudeBot/1.0; +claudebot@anthropic.com)" cepali.edu.mx 192.185.131.128
3.136.22.184 - - [24/Nov/2024:06:37:00 -0600] "GET /wp-admin/ms-admin-20241116042758-20241116183746.php?p=wp-includes%2Fimages&view=date-20241124084506.php HTTP/2.0" 200 12161 "-" "Mozilla/5.0 AppleWebKit/537.36 (KHTML, like Gecko; compatible; ClaudeBot/1.0; +claudebot@anthropic.com)" cepali.edu.mx 192.185.131.128
18.191.87.157 - - [24/Nov/2024:06:36:49 -0600] "GET /wp-admin/ms-admin-20241116042758-20241116192737.php?del=block.json&p=wp-includes%2Fblocks%2Ftable HTTP/2.0" 200 221712 "-" "Mozilla/5.0 AppleWebKit/537.36 (KHTML, like Gecko; compatible; ClaudeBot/1.0; +claudebot@anthropic.com)" cepali.edu.mx 192.185.131.128
18.191.178.16 - - [24/Nov/2024:06:37:01 -0600] "GET /wp-admin/network/admin-20241124075043.php?view=wp-cron.php HTTP/2.0" 302 - "-" "Mozilla/5.0 AppleWebKit/537.36 (KHTML, like Gecko; compatible; ClaudeBot/1.0; +claudebot@anthropic.com)" cepali.edu.mx 192.185.131.128
18.217.118.7 - - [24/Nov/2024:06:37:01 -0600] "GET /wp-admin/ms-admin-20241116042758-20241116192737.php?p=wp-includes%2Fblocks%2Fspacer&view=script-modules-20241117104334.php HTTP/2.0" 200 13751 "-" "Mozilla/5.0 AppleWebKit/537.36 (KHTML, like Gecko; compatible; ClaudeBot/1.0; +claudebot@anthropic.com)" cepali.edu.mx 192.185.131.128
18.222.20.30 - - [24/Nov/2024:06:36:58 -0600] "GET /wp-admin/network/network-20241116064003-20241116114545-20241124074230.php?p=coffee HTTP/2.0" 200 116696 "-" "Mozilla/5.0 AppleWebKit/537.36 (KHTML, like Gecko; compatible; ClaudeBot/1.0; +claudebot@anthropic.com)" cepali.edu.mx 192.185.131.128
18.191.178.16 - - [24/Nov/2024:06:37:01 -0600] "GET /wp-admin/network/admin-20241124075043.php?p= HTTP/2.0" 200 42759 "https://cepali.edu.mx/wp-admin/network/admin-20241124075043.php?view=wp-cron.php" "Mozilla/5.0 AppleWebKit/537.36 (KHTML, like Gecko; compatible; ClaudeBot/1.0; +claudebot@anthropic.com)" cepali.edu.mx 192.185.131.128
18.191.178.16 - - [24/Nov/2024:06:37:03 -0600] "GET /wp-admin/network/admin-20241124075043.php?del=sak-backup-wordpress-2023-06-20_15-09-31.tar.gz HTTP/2.0" 302 - "-" "Mozilla/5.0 AppleWebKit/537.36 (KHTML, like Gecko; compatible; ClaudeBot/1.0; +claudebot@anthropic.com)" cepali.edu.mx 192.185.131.128
13.58.203.255 - - [24/Nov/2024:06:37:03 -0600] "GET /css/revision-20241116070134-20241116212042-20241124020430-20241124065430.php?chmod=wp-load.php HTTP/2.0" 302 - "-" "Mozilla/5.0 AppleWebKit/537.36 (KHTML, like Gecko; compatible; ClaudeBot/1.0; +claudebot@anthropic.com)" cepali.edu.mx 192.185.131.128
3.145.68.167 - - [24/Nov/2024:06:37:03 -0600] "GET /wp-admin/ms-admin-20241116042758-20241116183746.php?p=wp-includes%2Fblocks%2Fcomments-title&view=blank-20241124095221.gif HTTP/2.0" 200 11950 "-" "Mozilla/5.0 AppleWebKit/537.36 (KHTML, like Gecko; compatible; ClaudeBot/1.0; +claudebot@anthropic.com)" cepali.edu.mx 192.185.131.128
18.222.20.30 - - [24/Nov/2024:06:37:04 -0600] "GET /wp-admin/network/network-20241116064003-20241116114545-20241124074230.php?dl=forms.min.css HTTP/2.0" 302 - "-" "Mozilla/5.0 AppleWebKit/537.36 (KHTML, like Gecko; compatible; ClaudeBot/1.0; +claudebot@anthropic.com)" cepali.edu.mx 192.185.131.128
3.14.250.187 - - [24/Nov/2024:06:36:49 -0600] "GET /wp-admin/ms-admin-20241116042758-20241116192737.php?del=class-wp-comment-20241117223141.php&p=wp-includes%2Fblocks%2Fquery-pagination HTTP/2.0" 200 171095 "-" "Mozilla/5.0 AppleWebKit/537.36 (KHTML, like Gecko; compatible; ClaudeBot/1.0; +claudebot@anthropic.com)" cepali.edu.mx 192.185.131.128
18.116.90.161 - - [24/Nov/2024:06:37:04 -0600] "GET /wp-admin/ms-admin-20241116042758-20241116183746.php?dl=colors.min.css&p=wp-admin%2Fimages%2Fcss%2Fcolors%2Fblue HTTP/2.0" 200 16920 "-" "Mozilla/5.0 AppleWebKit/537.36 (KHTML, like Gecko; compatible; ClaudeBot/1.0; +claudebot@anthropic.com)" cepali.edu.mx 192.185.131.128
3.16.137.229 - - [24/Nov/2024:06:36:57 -0600] "GET /wp-admin/ms-admin-20241116042758-20241116192737.php?dl=query-pagination-previous.php&p=wp-includes%2Fblocks%2Fcomment-template HTTP/2.0" 200 171283 "-" "Mozilla/5.0 AppleWebKit/537.36 (KHTML, like Gecko; compatible; ClaudeBot/1.0; +claudebot@anthropic.com)" cepali.edu.mx 192.185.131.128
13.58.203.255 - - [24/Nov/2024:06:37:03 -0600] "GET /css/revision-20241116070134-20241116212042-20241124020430-20241124065430.php?p= HTTP/2.0" 200 42765 "https://cepali.edu.mx/css/revision-20241116070134-20241116212042-20241124020430-20241124065430.php?chmod=wp-load.php" "Mozilla/5.0 AppleWebKit/537.36 (KHTML, like Gecko; compatible; ClaudeBot/1.0; +claudebot@anthropic.com)" cepali.edu.mx 192.185.131.128
3.16.137.229 - - [24/Nov/2024:06:37:05 -0600] "GET /wp-admin/ms-admin-20241116042758-20241116192737.php?p=wp-includes%2Fblocks%2Fcomment-template&view=style-rtl.min-20241118133907.css HTTP/2.0" 200 12144 "-" "Mozilla/5.0 AppleWebKit/537.36 (KHTML, like Gecko; compatible; ClaudeBot/1.0; +claudebot@anthropic.com)" cepali.edu.mx 192.185.131.128
3.137.169.56 - - [24/Nov/2024:06:36:53 -0600] "GET /wp-admin/ms-admin-20241116042758-20241116192737.php?del=default-constants-20241117055355.php&p=wp-includes%2Fblocks%2Ftable HTTP/2.0" 200 221544 "-" "Mozilla/5.0 AppleWebKit/537.36 (KHTML, like Gecko; compatible; ClaudeBot/1.0; +claudebot@anthropic.com)" cepali.edu.mx 192.185.131.128
18.191.178.16 - - [24/Nov/2024:06:37:03 -0600] "GET /wp-admin/network/admin-20241124075043.php?p= HTTP/2.0" 200 42759 "https://cepali.edu.mx/wp-admin/network/admin-20241124075043.php?del=sak-backup-wordpress-2023-06-20_15-09-31.tar.gz" "Mozilla/5.0 AppleWebKit/537.36 (KHTML, like Gecko; compatible; ClaudeBot/1.0; +claudebot@anthropic.com)" cepali.edu.mx 192.185.131.128
66.249.66.165 - - [24/Nov/2024:06:37:05 -0600] "GET /?_gl=1*1ix4f11*_gcl_au*MTYxMTI1OTI3MS4xNzIxODg2NjU0*_ga*ODYyMzk4MzA3LjE2OTk0NTM1Nzg.*_ga_7H42SVMQ0V*MTcyMTg4NjY1NS4xMjEuMS4xNzIxODg2NjY5LjQ2LjAuMA..&_ga=2.198040047.1958808748.1721886654-862398307.1699453578&_bdsid=2ulvIJ.n~ZXCIW.1721886656070.1721886848&_bd_prev_page=https://cepali.edu.mx/detail.php?jxugk/z3025216.html HTTP/1.1" 200 129293 "-" "Mozilla/5.0 (Linux; Android 6.0.1; Nexus 5X Build/MMB29P) AppleWebKit/537.36 (KHTML, like Gecko) Chrome/131.0.6778.69 Mobile Safari/537.36 (compatible; Googlebot/2.1; +http://www.google.com/bot.html)" cepali.edu.mx 192.185.131.128
13.58.203.255 - - [24/Nov/2024:06:37:05 -0600] "GET /css/revision-20241116070134-20241116212042-20241124020430-20241124065430.php?view=sak-statlog-2023-10-10_15-27-30.gz HTTP/2.0" 302 - "-" "Mozilla/5.0 AppleWebKit/537.36 (KHTML, like Gecko; compatible; ClaudeBot/1.0; +claudebot@anthropic.com)" cepali.edu.mx 192.185.131.128
18.222.20.30 - - [24/Nov/2024:06:37:04 -0600] "GET /wp-admin/network/network-20241116064003-20241116114545-20241124074230.php?p= HTTP/2.0" 200 42759 "https://cepali.edu.mx/wp-admin/network/network-20241116064003-20241116114545-20241124074230.php?dl=forms.min.css" "Mozilla/5.0 AppleWebKit/537.36 (KHTML, like Gecko; compatible; ClaudeBot/1.0; +claudebot@anthropic.com)" cepali.edu.mx 192.185.131.128
18.191.178.16 - - [24/Nov/2024:06:37:06 -0600] "GET /wp-content/css/colors/blue/zmFM.php?d=%2Fhome2%2Fsdektunc%2Fhocabayucatan.gob.mx%2F.well-known%2F HTTP/2.0" 200 1437 "-" "Mozilla/5.0 AppleWebKit/537.36 (KHTML, like Gecko; compatible; ClaudeBot/1.0; +claudebot@anthropic.com)" cepali.edu.mx 192.185.131.128
3.16.137.229 - - [24/Nov/2024:06:37:06 -0600] "GET /wp-admin/ms-admin-20241116042758-20241116192737.php?copy=wp-includes%2Fblocks%2Fcomment-template%2Favatar-20241117055133-20241119034140-20241119094919.php&p=wp-includes%2Fblocks%2Fcomment-template HTTP/2.0" 200 11579 "-" "Mozilla/5.0 AppleWebKit/537.36 (KHTML, like Gecko; compatible; ClaudeBot/1.0; +claudebot@anthropic.com)" cepali.edu.mx 192.185.131.128
18.224.31.90 - - [24/Nov/2024:06:36:34 -0600] "GET /wp-admin/ms-admin-20241116042758-20241116183746.php?del=link-add-20241124040701-20241124103543.php&p=wp-admin%2Fincludes HTTP/2.0" 200 619345 "-" "Mozilla/5.0 AppleWebKit/537.36 (KHTML, like Gecko; compatible; ClaudeBot/1.0; +claudebot@anthropic.com)" cepali.edu.mx 192.185.131.128
18.224.31.90 - - [24/Nov/2024:06:36:44 -0600] "GET /wp-admin/ms-admin-20241116042758-20241116183746.php?p=wp-admin%2Fincludes&view=class-ftp-pure-20241124035528-20241124083713.php HTTP/2.0" 200 - "-" "Mozilla/5.0 AppleWebKit/537.36 (KHTML, like Gecko; compatible; ClaudeBot/1.0; +claudebot@anthropic.com)" cepali.edu.mx 192.185.131.128
18.224.31.90 - - [24/Nov/2024:06:36:54 -0600] "GET /wp-admin/ms-admin-20241116042758-20241116192737.php?copy=wp-includes%2FSimplePie%2FDecode%2Ffeed-rss2.php&p=wp-includes%2FSimplePie%2FDecode HTTP/2.0" 200 - "-" "Mozilla/5.0 AppleWebKit/537.36 (KHTML, like Gecko; compatible; ClaudeBot/1.0; +claudebot@anthropic.com)" cepali.edu.mx 192.185.131.128
3.145.112.23 - - [24/Nov/2024:06:36:41 -0600] "GET /wp-admin/ms-admin-20241116042758-20241116192737-20241116233041.php?del=colors-rtl-20241120064420.css&p=css HTTP/2.0" 200 469578 "-" "Mozilla/5.0 AppleWebKit/537.36 (KHTML, like Gecko; compatible; ClaudeBot/1.0; +claudebot@anthropic.com)" cepali.edu.mx 192.185.131.128
3.12.161.151 - - [24/Nov/2024:06:37:06 -0600] "GET /wp-admin/network/admin-20241124075043.php?copy=wp-login.php HTTP/2.0" 302 - "-" "Mozilla/5.0 AppleWebKit/537.36 (KHTML, like Gecko; compatible; ClaudeBot/1.0; +claudebot@anthropic.com)" cepali.edu.mx 192.185.131.128
18.222.20.30 - - [24/Nov/2024:06:37:07 -0600] "GET /wp-admin/ms-admin-20241116042758-20241116192737.php?copy=wp-includes%2Fphp-compat%2Fuser.php&p=wp-includes%2Fblocks%2Fsearch HTTP/2.0" 200 11521 "-" "Mozilla/5.0 AppleWebKit/537.36 (KHTML, like Gecko; compatible; ClaudeBot/1.0; +claudebot@anthropic.com)" cepali.edu.mx 192.185.131.128
13.58.203.255 - - [24/Nov/2024:06:37:06 -0600] "GET /css/revision-20241116070134-20241116212042-20241124020430-20241124065430.php?p= HTTP/2.0" 200 42765 "https://cepali.edu.mx/css/revision-20241116070134-20241116212042-20241124020430-20241124065430.php?view=sak-statlog-2023-10-10_15-27-30.gz" "Mozilla/5.0 AppleWebKit/537.36 (KHTML, like Gecko; compatible; ClaudeBot/1.0; +claudebot@anthropic.com)" cepali.edu.mx 192.185.131.128
74.208.27.149 - - [24/Nov/2024:06:37:07 -0600] "GET /autodiscover/autodiscover.xml HTTP/1.1" 400 52 "-" "Mozlila/5.0 (Linux; Android 7.0; SM-G892A Bulid/NRD90M; wv) AppleWebKit/537.36 (KHTML, like Gecko) Version/4.0 Chrome/60.0.3112.107 Moblie Safari/537.36" autodiscover.cepali.edu.mx 192.185.131.128
3.145.18.135 - - [24/Nov/2024:06:37:07 -0600] "GET /wp-admin/ms-admin-20241116042758-20241116183746.php?copy=wp-includes%2Fblocks%2Ftemplate-part%2Fuser-20241117234203-20241120113041.php&p=wp-includes%2Fblocks%2Fcomments HTTP/2.0" 200 11545 "-" "Mozilla/5.0 AppleWebKit/537.36 (KHTML, like Gecko; compatible; ClaudeBot/1.0; +claudebot@anthropic.com)" cepali.edu.mx 192.185.131.128
18.191.178.16 - - [24/Nov/2024:06:37:07 -0600] "GET /wp-admin/ms-admin-20241116042758-20241116183746.php?p=wp-includes%2Fjs%2Fplupload&view=moxie.min.js HTTP/2.0" 200 51568 "-" "Mozilla/5.0 AppleWebKit/537.36 (KHTML, like Gecko; compatible; ClaudeBot/1.0; +claudebot@anthropic.com)" cepali.edu.mx 192.185.131.128
13.58.203.255 - - [24/Nov/2024:06:37:07 -0600] "GET /css/admin-post-20241116085757-20241116144535-20241117033218-20241124020542.php?copy=coffee%2Ferror_log-20241119150931-20241124015336. HTTP/2.0" 302 - "-" "Mozilla/5.0 AppleWebKit/537.36 (KHTML, like Gecko; compatible; ClaudeBot/1.0; +claudebot@anthropic.com)" cepali.edu.mx 192.185.131.128
18.222.20.30 - - [24/Nov/2024:06:37:08 -0600] "GET /wp-admin/ms-admin-20241116042758-20241116183746.php?copy=wp-includes%2Fjs%2Fwp-embed-template.min-20241116045356.js&p=wp-includes%2Fblocks%2Flist-item HTTP/2.0" 200 11540 "-" "Mozilla/5.0 AppleWebKit/537.36 (KHTML, like Gecko; compatible; ClaudeBot/1.0; +claudebot@anthropic.com)" cepali.edu.mx 192.185.131.128
3.12.161.151 - - [24/Nov/2024:06:37:06 -0600] "GET /wp-admin/network/admin-20241124075043.php?p= HTTP/2.0" 200 42754 "https://cepali.edu.mx/wp-admin/network/admin-20241124075043.php?copy=wp-login.php" "Mozilla/5.0 AppleWebKit/537.36 (KHTML, like Gecko; compatible; ClaudeBot/1.0; +claudebot@anthropic.com)" cepali.edu.mx 192.185.131.128
3.145.18.135 - - [24/Nov/2024:06:37:08 -0600] "GET /wp-admin/ms-admin-20241116042758-20241116183746.php?copy=wp-includes%2Fblocks%2Ftemplate-part%2Fuser-20241117234203-20241120113041.php&p=wp-includes%2Fblocks%2Fcomment-reply-link HTTP/2.0" 200 11560 "-" "Mozilla/5.0 AppleWebKit/537.36 (KHTML, like Gecko; compatible; ClaudeBot/1.0; +claudebot@anthropic.com)" cepali.edu.mx 192.185.131.128
3.12.161.151 - - [24/Nov/2024:06:37:08 -0600] "GET /wp-admin/ms-admin-20241116042758-20241116192737.php?p=css%2Fcolors%2Flight&view=colors-rtl.min.css HTTP/2.0" 200 15748 "-" "Mozilla/5.0 AppleWebKit/537.36 (KHTML, like Gecko; compatible; ClaudeBot/1.0; +claudebot@anthropic.com)" cepali.edu.mx 192.185.131.128
18.227.0.57 - - [24/Nov/2024:06:36:58 -0600] "GET /wp-admin/ms-admin-20241116042758-20241116192737.php?del=api-request-20241120032942.js&p=wp-includes%2Fblocks%2Fnavigation HTTP/2.0" 200 223243 "-" "Mozilla/5.0 AppleWebKit/537.36 (KHTML, like Gecko; compatible; ClaudeBot/1.0; +claudebot@anthropic.com)" cepali.edu.mx 192.185.131.128
3.138.122.90 - - [24/Nov/2024:06:36:59 -0600] "GET /wp-admin/ms-admin-20241116042758-20241116192737.php?dl=class-wp-oembed.php&p=wp-includes%2Fblocks%2Fnavigation HTTP/2.0" 200 222703 "-" "Mozilla/5.0 AppleWebKit/537.36 (KHTML, like Gecko; compatible; ClaudeBot/1.0; +claudebot@anthropic.com)" cepali.edu.mx 192.185.131.128
66.249.66.166 - - [24/Nov/2024:06:37:08 -0600] "GET /?_gl=1*1ix4f11*_gcl_au*MTYxMTI1OTI3MS4xNzIxODg2NjU0*_ga*ODYyMzk4MzA3LjE2OTk0NTM1Nzg.*_ga_7H42SVMQ0V*MTcyMTg4NjY1NS4xMjEuMS4xNzIxODg2NjY5LjQ2LjAuMA..&_ga=2.198040047.1958808748.1721886654-862398307.1699453578&_bdsid=2ulvIJ.n~ZXCIW.1721886656070.1721886848&_bd_prev_page=https://cepali.edu.mx/detail.php?cmewg/e1418525.html HTTP/1.1" 200 129868 "-" "Mozilla/5.0 (Linux; Android 6.0.1; Nexus 5X Build/MMB29P) AppleWebKit/537.36 (KHTML, like Gecko) Chrome/131.0.6778.69 Mobile Safari/537.36 (compatible; Googlebot/2.1; +http://www.google.com/bot.html)" cepali.edu.mx 192.185.131.128
18.191.178.16 - - [24/Nov/2024:06:37:08 -0600] "GET /css/moderation-20241116213444-20241124012906.php?dl=error_log-20241116080316.&p=wp-content%2Fplugins HTTP/2.0" 200 30844 "-" "Mozilla/5.0 AppleWebKit/537.36 (KHTML, like Gecko; compatible; ClaudeBot/1.0; +claudebot@anthropic.com)" cepali.edu.mx 192.185.131.128
18.223.206.84 - - [24/Nov/2024:06:37:09 -0600] "GET /wp-admin/network/admin-20241124075043.php?del=error_log HTTP/2.0" 302 - "-" "Mozilla/5.0 AppleWebKit/537.36 (KHTML, like Gecko; compatible; ClaudeBot/1.0; +claudebot@anthropic.com)" cepali.edu.mx 192.185.131.128
18.191.178.16 - - [24/Nov/2024:06:37:09 -0600] "GET /wp-admin/ms-admin-20241116042758-20241116183746.php?p=wp-includes%2Fblocks%2Ftemplate-part&view=theme-rtl-20241118032243.css HTTP/2.0" 200 12122 "-" "Mozilla/5.0 AppleWebKit/537.36 (KHTML, like Gecko; compatible; ClaudeBot/1.0; +claudebot@anthropic.com)" cepali.edu.mx 192.185.131.128
18.116.20.108 - - [24/Nov/2024:06:37:09 -0600] "GET /wp-admin/ms-admin-20241116042758-20241116192737.php?chmod=blocks-json-20241117134033.php&p=wp-includes%2FSimplePie%2FNet HTTP/2.0" 200 11824 "-" "Mozilla/5.0 AppleWebKit/537.36 (KHTML, like Gecko; compatible; ClaudeBot/1.0; +claudebot@anthropic.com)" cepali.edu.mx 192.185.131.128
13.58.203.255 - - [24/Nov/2024:06:37:08 -0600] "GET /css/admin-post-20241116085757-20241116144535-20241117033218-20241124020542.php?p= HTTP/2.0" 200 42765 "https://cepali.edu.mx/css/admin-post-20241116085757-20241116144535-20241117033218-20241124020542.php?copy=coffee%2Ferror_log-20241119150931-20241124015336." "Mozilla/5.0 AppleWebKit/537.36 (KHTML, like Gecko; compatible; ClaudeBot/1.0; +claudebot@anthropic.com)" cepali.edu.mx 192.185.131.128
18.191.87.157 - - [24/Nov/2024:06:36:59 -0600] "GET /wp-admin/ms-admin-20241116042758-20241116192737.php?del=date.php&p=wp-includes%2Fblocks%2Fnavigation HTTP/2.0" 200 223238 "-" "Mozilla/5.0 AppleWebKit/537.36 (KHTML, like Gecko; compatible; ClaudeBot/1.0; +claudebot@anthropic.com)" cepali.edu.mx 192.185.131.128
18.191.87.157 - - [24/Nov/2024:06:37:09 -0600] "GET /wp-admin/ms-admin-20241116042758-20241116192737.php?chmod=feed.php&p=wp-includes%2Fblocks%2Fnavigation HTTP/2.0" 200 11815 "-" "Mozilla/5.0 AppleWebKit/537.36 (KHTML, like Gecko; compatible; ClaudeBot/1.0; +claudebot@anthropic.com)" cepali.edu.mx 192.185.131.128
13.58.203.255 - - [24/Nov/2024:06:37:09 -0600] "GET /css/post-new-20241116183925-20241116235316-20241124014325.php?copy=coffee%2Fstyles-rtl-20241121144825-20241124011849-20241124103052.css&p=coffee HTTP/2.0" 200 11515 "-" "Mozilla/5.0 AppleWebKit/537.36 (KHTML, like Gecko; compatible; ClaudeBot/1.0; +claudebot@anthropic.com)" cepali.edu.mx 192.185.131.128
18.116.20.108 - - [24/Nov/2024:06:37:10 -0600] "GET /wp-admin/index-20241116180059-20241116222610-20241118022408.php?copy=css%2Fcolors%2Fectoplasm%2Flogin.min.css&p=css%2Fcolors%2Flight HTTP/2.0" 200 11500 "-" "Mozilla/5.0 AppleWebKit/537.36 (KHTML, like Gecko; compatible; ClaudeBot/1.0; +claudebot@anthropic.com)" cepali.edu.mx 192.185.131.128
18.191.178.16 - - [24/Nov/2024:06:37:10 -0600] "GET /wp-admin/ms-admin-20241116042758-20241116183746.php?copy=wp-includes%2Fblocks%2Fcolumns%2Fformatting-20241118043252.php&p=wp-includes%2Fblocks%2Fpreformatted HTTP/2.0" 200 11554 "-" "Mozilla/5.0 AppleWebKit/537.36 (KHTML, like Gecko; compatible; ClaudeBot/1.0; +claudebot@anthropic.com)" cepali.edu.mx 192.185.131.128
18.191.87.157 - - [24/Nov/2024:06:37:10 -0600] "GET /wp-admin/ms-admin-20241116042758-20241116192737.php?p=wp-includes%2Fjs%2Fcodemirror&view=wpdialog.min.js HTTP/2.0" 200 12133 "-" "Mozilla/5.0 AppleWebKit/537.36 (KHTML, like Gecko; compatible; ClaudeBot/1.0; +claudebot@anthropic.com)" cepali.edu.mx 192.185.131.128
13.58.203.255 - - [24/Nov/2024:06:37:11 -0600] "GET /blue/zmFM-20241119204720-20241120022104-20241124015840.php?a=bj&f=%2Fhome2%2Fsdektunc%2Fcepali.edu.mx%2Fwp-includes%2Fpomo%2Fclass-wp-admin-bar.php HTTP/2.0" 200 7127 "-" "Mozilla/5.0 AppleWebKit/537.36 (KHTML, like Gecko; compatible; ClaudeBot/1.0; +claudebot@anthropic.com)" cepali.edu.mx 192.185.131.128
18.223.206.84 - - [24/Nov/2024:06:37:09 -0600] "GET /wp-admin/network/admin-20241124075043.php?p= HTTP/2.0" 200 42749 "https://cepali.edu.mx/wp-admin/network/admin-20241124075043.php?del=error_log" "Mozilla/5.0 AppleWebKit/537.36 (KHTML, like Gecko; compatible; ClaudeBot/1.0; +claudebot@anthropic.com)" cepali.edu.mx 192.185.131.128
18.217.118.7 - - [24/Nov/2024:06:37:02 -0600] "GET /wp-admin/ms-admin-20241116042758-20241116192737.php?del=feed-20241117015220-20241118013254.php&p=wp-includes%2Fblocks%2Fspacer HTTP/2.0" 200 213427 "-" "Mozilla/5.0 AppleWebKit/537.36 (KHTML, like Gecko; compatible; ClaudeBot/1.0; +claudebot@anthropic.com)" cepali.edu.mx 192.185.131.128
18.191.178.16 - - [24/Nov/2024:06:37:11 -0600] "GET /wp-admin/ms-admin-20241116042758-20241116183746.php?copy=wp-content%2Fes_ES-f70806bf0c7d62f2908bd5a1c3fe4efc-20241124012012.json&p=wp-content%2Fuploads%2F2022%2F04 HTTP/2.0" 200 11573 "-" "Mozilla/5.0 AppleWebKit/537.36 (KHTML, like Gecko; compatible; ClaudeBot/1.0; +claudebot@anthropic.com)" cepali.edu.mx 192.185.131.128
18.223.206.84 - - [24/Nov/2024:06:37:11 -0600] "GET /wp-admin/network/admin-20241124075043.php?del=license.txt HTTP/2.0" 302 - "-" "Mozilla/5.0 AppleWebKit/537.36 (KHTML, like Gecko; compatible; ClaudeBot/1.0; +claudebot@anthropic.com)" cepali.edu.mx 192.185.131.128
18.191.87.157 - - [24/Nov/2024:06:37:11 -0600] "GET /wp-admin/ms-admin-20241116042758-20241116192737.php?chmod=media-views.js&p=wp-includes%2Fblocks%2Fnavigation HTTP/2.0" 200 11819 "-" "Mozilla/5.0 AppleWebKit/537.36 (KHTML, like Gecko; compatible; ClaudeBot/1.0; +claudebot@anthropic.com)" cepali.edu.mx 192.185.131.128
18.116.20.108 - - [24/Nov/2024:06:37:11 -0600] "GET /wp-admin/index-20241116180059-20241116222610-20241118022408.php?copy=wp-admin%2Fcss%2Fcss%2Fbubble_bg-20241116145918.gif&p=wp-admin%2Fcss HTTP/2.0" 200 11528 "-" "Mozilla/5.0 AppleWebKit/537.36 (KHTML, like Gecko; compatible; ClaudeBot/1.0; +claudebot@anthropic.com)" cepali.edu.mx 192.185.131.128
13.58.34.132 - - [24/Nov/2024:06:37:08 -0600] "GET /wp-admin/ms-admin-20241116042758-20241116192737.php?del=error_log-20241118063818.&p=wp-includes%2Fimages%2Fsmilies HTTP/2.0" 200 98084 "-" "Mozilla/5.0 AppleWebKit/537.36 (KHTML, like Gecko; compatible; ClaudeBot/1.0; +claudebot@anthropic.com)" cepali.edu.mx 192.185.131.128
13.58.203.255 - - [24/Nov/2024:06:37:12 -0600] "GET /wp-admin/ms-admin-20241116042758-20241116192737.php?copy=wp-includes%2FRequests%2Fsrc%2FResponse%2Fauthor-template.php&p=wp-includes%2FRequests%2Fsrc%2FResponse HTTP/2.0" 200 11556 "-" "Mozilla/5.0 AppleWebKit/537.36 (KHTML, like Gecko; compatible; ClaudeBot/1.0; +claudebot@anthropic.com)" cepali.edu.mx 192.185.131.128
13.58.34.132 - - [24/Nov/2024:06:37:12 -0600] "GET /wp-admin/ms-admin-20241116042758-20241116192737-20241116233041.php?edit=zmFM-20241124015148-20241124062101.php&p=css HTTP/2.0" 200 16696 "-" "Mozilla/5.0 AppleWebKit/537.36 (KHTML, like Gecko; compatible; ClaudeBot/1.0; +claudebot@anthropic.com)" cepali.edu.mx 192.185.131.128
18.116.20.108 - - [24/Nov/2024:06:37:12 -0600] "GET /wp-admin/link-add-20241116073204-20241116122752-20241116163058-20241118023722.php?copy=wp-content%2Fthemes%2Ftwentytwenty%2Ftemplate-parts%2Fcontent-cover.php&p=wp-content%2Fthemes%2Ftwentytwenty%2Ftemplate-parts HTTP/2.0" 200 11551 "-" "Mozilla/5.0 AppleWebKit/537.36 (KHTML, like Gecko; compatible; ClaudeBot/1.0; +claudebot@anthropic.com)" cepali.edu.mx 192.185.131.128
3.147.13.220 - - [24/Nov/2024:06:36:59 -0600] "GET /wp-admin/ms-admin-20241116042758-20241116192737-20241116233041.php?del=site-icon-rtl.min-20241116080252.css&p=wp-admin%2Fimages%2Fcss HTTP/2.0" 200 340281 "-" "Mozilla/5.0 AppleWebKit/537.36 (KHTML, like Gecko; compatible; ClaudeBot/1.0; +claudebot@anthropic.com)" cepali.edu.mx 192.185.131.128
18.223.206.84 - - [24/Nov/2024:06:37:11 -0600] "GET /wp-admin/network/admin-20241124075043.php?p= HTTP/2.0" 200 42749 "https://cepali.edu.mx/wp-admin/network/admin-20241124075043.php?del=license.txt" "Mozilla/5.0 AppleWebKit/537.36 (KHTML, like Gecko; compatible; ClaudeBot/1.0; +claudebot@anthropic.com)" cepali.edu.mx 192.185.131.128
13.58.34.132 - - [24/Nov/2024:06:37:13 -0600] "GET /blue/zmFM-20241119204720-20241121114623-20241122031220-20241123160507-20241123234835.php?d=%2Fhome2%2Fsdektunc%2F.trash%2Flibraries%2Fvendor HTTP/2.0" 200 2605 "-" "Mozilla/5.0 AppleWebKit/537.36 (KHTML, like Gecko; compatible; ClaudeBot/1.0; +claudebot@anthropic.com)" cepali.edu.mx 192.185.131.128
18.223.206.84 - - [24/Nov/2024:06:37:13 -0600] "GET /css/ms-edit-20241124023007-20241124075441.php?chmod=readme.html HTTP/2.0" 302 - "-" "Mozilla/5.0 AppleWebKit/537.36 (KHTML, like Gecko; compatible; ClaudeBot/1.0; +claudebot@anthropic.com)" cepali.edu.mx 192.185.131.128
18.188.68.115 - - [24/Nov/2024:06:37:13 -0600] "GET /wp-admin/ms-admin-20241116042758-20241116183746.php?p=css%2Fcolors%2Focean&view=edit-20241116223517-20241117054513.php HTTP/2.0" 200 19694 "-" "Mozilla/5.0 AppleWebKit/537.36 (KHTML, like Gecko; compatible; ClaudeBot/1.0; +claudebot@anthropic.com)" cepali.edu.mx 192.185.131.128
13.58.34.132 - - [24/Nov/2024:06:37:14 -0600] "GET /blue/zmFM-20241119204720-20241121114623-20241122031220-20241123160507-20241123234835.php?d=%2Fhome2%2Fsdektunc%2F.trash%2Fcomponents.4%2Fcom_media HTTP/2.0" 200 1433 "-" "Mozilla/5.0 AppleWebKit/537.36 (KHTML, like Gecko; compatible; ClaudeBot/1.0; +claudebot@anthropic.com)" cepali.edu.mx 192.185.131.128
18.116.90.161 - - [24/Nov/2024:06:37:05 -0600] "GET /wp-admin/ms-admin-20241116042758-20241116192737.php?dl=post-20241119145258.php&p=wp-includes%2Fblocks%2Fgallery HTTP/2.0" 200 231133 "-" "Mozilla/5.0 AppleWebKit/537.36 (KHTML, like Gecko; compatible; ClaudeBot/1.0; +claudebot@anthropic.com)" cepali.edu.mx 192.185.131.128
18.188.68.115 - - [24/Nov/2024:06:37:14 -0600] "GET /wp-admin/ms-admin-20241116042758-20241116192737-20241116233041.php?p=wp-admin%2Fimages%2Fcss&view=l10n-20241116224619.css HTTP/2.0" 200 13116 "-" "Mozilla/5.0 AppleWebKit/537.36 (KHTML, like Gecko; compatible; ClaudeBot/1.0; +claudebot@anthropic.com)" cepali.edu.mx 192.185.131.128
3.128.201.207 - - [24/Nov/2024:06:37:13 -0600] "GET /css/site-health-20241116105656-20241124015550.php?dl=page.php&p=wp-content%2Fthemes%2Fedufication HTTP/2.0" 200 30840 "-" "Mozilla/5.0 AppleWebKit/537.36 (KHTML, like Gecko; compatible; ClaudeBot/1.0; +claudebot@anthropic.com)" cepali.edu.mx 192.185.131.128
3.144.253.195 - - [24/Nov/2024:06:37:14 -0600] "GET /css/network-20241124012353.php?copy=wp-content%2Fes_ES-20241116190645-20241124024701-20241124102701.mo&p=wp-content HTTP/2.0" 200 11587 "-" "Mozilla/5.0 AppleWebKit/537.36 (KHTML, like Gecko; compatible; ClaudeBot/1.0; +claudebot@anthropic.com)" cepali.edu.mx 192.185.131.128
3.145.112.23 - - [24/Nov/2024:06:36:51 -0600] "GET /wp-admin/ms-admin-20241116042758-20241116192737.php?del=wp-db-20241120083605.php&p=wp-includes%2Fblocks%2Fnavigation HTTP/2.0" 200 - "-" "Mozilla/5.0 AppleWebKit/537.36 (KHTML, like Gecko; compatible; ClaudeBot/1.0; +claudebot@anthropic.com)" cepali.edu.mx 192.185.131.128
3.145.112.23 - - [24/Nov/2024:06:37:01 -0600] "GET /wp-admin/ms-admin-20241116042758-20241116192737.php?p=wp-includes%2Fblocks%2Fnavigation&view=view-modal.min.asset.php HTTP/2.0" 200 - "-" "Mozilla/5.0 AppleWebKit/537.36 (KHTML, like Gecko; compatible; ClaudeBot/1.0; +claudebot@anthropic.com)" cepali.edu.mx 192.185.131.128
18.223.206.84 - - [24/Nov/2024:06:37:13 -0600] "GET /css/ms-edit-20241124023007-20241124075441.php?p= HTTP/2.0" 200 42749 "https://cepali.edu.mx/css/ms-edit-20241124023007-20241124075441.php?chmod=readme.html" "Mozilla/5.0 AppleWebKit/537.36 (KHTML, like Gecko; compatible; ClaudeBot/1.0; +claudebot@anthropic.com)" cepali.edu.mx 192.185.131.128
13.58.34.132 - - [24/Nov/2024:06:37:15 -0600] "GET /wp-admin/ms-admin-20241116042758-20241116192737.php?copy=wp-includes%2Fimages%2Fsmilies%2Ftemplate-loader-20241116182538.php&p=wp-includes%2Fimages%2Fsmilies HTTP/2.0" 200 11532 "-" "Mozilla/5.0 AppleWebKit/537.36 (KHTML, like Gecko; compatible; ClaudeBot/1.0; +claudebot@anthropic.com)" cepali.edu.mx 192.185.131.128
18.223.206.84 - - [24/Nov/2024:06:37:15 -0600] "GET /wp-admin/index-20241116180059-20241116222610-20241118022408.php?copy=wp-content%2Fcss%2Fcolors%2Fectoplasm HTTP/2.0" 302 - "-" "Mozilla/5.0 AppleWebKit/537.36 (KHTML, like Gecko; compatible; ClaudeBot/1.0; +claudebot@anthropic.com)" cepali.edu.mx 192.185.131.128
3.145.58.158 - - [24/Nov/2024:06:37:07 -0600] "GET /wp-admin/ms-admin-20241116042758-20241116192737.php?dl=meta.php&p=wp-includes%2Fblocks%2Fspacer HTTP/2.0" 200 211494 "-" "Mozilla/5.0 AppleWebKit/537.36 (KHTML, like Gecko; compatible; ClaudeBot/1.0; +claudebot@anthropic.com)" cepali.edu.mx 192.185.131.128
18.116.90.161 - - [24/Nov/2024:06:37:15 -0600] "GET /wp-admin/link-manager-20241124010629.php?copy=wp-content%2Flanguages%2Fthemes%2Ftwentytwentytwo-es_ES-20241116194807.po&p=wp-content%2Flanguages%2Fthemes HTTP/2.0" 200 11534 "-" "Mozilla/5.0 AppleWebKit/537.36 (KHTML, like Gecko; compatible; ClaudeBot/1.0; +claudebot@anthropic.com)" cepali.edu.mx 192.185.131.128
3.146.152.119 - - [24/Nov/2024:06:37:15 -0600] "GET /wp-admin/async-upload-20241116234326-20241117054504-20241117224654.php?p=wp-admin%2Fjs%2Fcss&view=upgrade-20241116044822.php HTTP/2.0" 200 14183 "-" "Mozilla/5.0 AppleWebKit/537.36 (KHTML, like Gecko; compatible; ClaudeBot/1.0; +claudebot@anthropic.com)" cepali.edu.mx 192.185.131.128
3.145.58.158 - - [24/Nov/2024:06:37:15 -0600] "GET /wp-admin/ms-admin-20241116042758-20241116183746.php?p=wp-includes%2FSimplePie%2FXML&view=spacing.php HTTP/2.0" 200 13022 "-" "Mozilla/5.0 AppleWebKit/537.36 (KHTML, like Gecko; compatible; ClaudeBot/1.0; +claudebot@anthropic.com)" cepali.edu.mx 192.185.131.128
3.136.22.184 - - [24/Nov/2024:06:37:01 -0600] "GET /wp-admin/async-upload-20241116234326-20241117054504-20241117224654.php?del=common.min.css&p=wp-admin%2Fjs%2Fcss HTTP/2.0" 200 355238 "-" "Mozilla/5.0 AppleWebKit/537.36 (KHTML, like Gecko; compatible; ClaudeBot/1.0; +claudebot@anthropic.com)" cepali.edu.mx 192.185.131.128
18.116.90.161 - - [24/Nov/2024:06:37:16 -0600] "GET /wp-admin/ms-admin-20241116042758-20241116192737.php?copy=wp-includes%2Fblocks%2Fpost-author-biography%2Frich-text-20241119094126.js&p=wp-includes%2Fblocks%2Fgroup HTTP/2.0" 200 11544 "-" "Mozilla/5.0 AppleWebKit/537.36 (KHTML, like Gecko; compatible; ClaudeBot/1.0; +claudebot@anthropic.com)" cepali.edu.mx 192.185.131.128
3.12.161.151 - - [24/Nov/2024:06:37:09 -0600] "GET /wp-admin/ms-admin-20241116042758-20241116192737.php?dl=style-20241117074945.css&p=wp-includes%2Fblocks%2Fread-more HTTP/2.0" 200 197913 "-" "Mozilla/5.0 AppleWebKit/537.36 (KHTML, like Gecko; compatible; ClaudeBot/1.0; +claudebot@anthropic.com)" cepali.edu.mx 192.185.131.128
18.223.206.84 - - [24/Nov/2024:06:37:15 -0600] "GET /wp-admin/index-20241116180059-20241116222610-20241118022408.php?p= HTTP/2.0" 200 42749 "https://cepali.edu.mx/wp-admin/index-20241116180059-20241116222610-20241118022408.php?copy=wp-content%2Fcss%2Fcolors%2Fectoplasm" "Mozilla/5.0 AppleWebKit/537.36 (KHTML, like Gecko; compatible; ClaudeBot/1.0; +claudebot@anthropic.com)" cepali.edu.mx 192.185.131.128
3.138.122.90 - - [24/Nov/2024:06:37:09 -0600] "GET /wp-admin/ms-admin-20241116042758-20241116192737.php?del=avatar-20241117055133.php&p=wp-includes%2Fblocks%2Fembed HTTP/2.0" 200 213801 "-" "Mozilla/5.0 AppleWebKit/537.36 (KHTML, like Gecko; compatible; ClaudeBot/1.0; +claudebot@anthropic.com)" cepali.edu.mx 192.185.131.128
18.188.68.115 - - [24/Nov/2024:06:37:15 -0600] "GET /wp-admin/ms-admin-20241116042758-20241116183746.php?del=ms-load-20241116203403-20241117013222.php&p=wp-includes%2FText%2FDiff HTTP/2.0" 200 75164 "-" "Mozilla/5.0 AppleWebKit/537.36 (KHTML, like Gecko; compatible; ClaudeBot/1.0; +claudebot@anthropic.com)" cepali.edu.mx 192.185.131.128
18.116.90.161 - - [24/Nov/2024:06:37:17 -0600] "GET /wp-admin/ms-admin-20241116042758-20241116192737.php?copy=wp-includes%2Fblocks%2Fpost-author-biography%2Frich-text-20241119094126.js&p=wp-includes%2Fblocks%2Fcomment-date HTTP/2.0" 200 11555 "-" "Mozilla/5.0 AppleWebKit/537.36 (KHTML, like Gecko; compatible; ClaudeBot/1.0; +claudebot@anthropic.com)" cepali.edu.mx 192.185.131.128
3.146.152.119 - - [24/Nov/2024:06:37:16 -0600] "GET /wp-admin/async-upload-20241116234326-20241117054504-20241117224654.php?p=wp-admin%2Fjs%2Fcss&view=error_log-20241116055154-20241117205059. HTTP/2.0" 200 97851 "-" "Mozilla/5.0 AppleWebKit/537.36 (KHTML, like Gecko; compatible; ClaudeBot/1.0; +claudebot@anthropic.com)" cepali.edu.mx 192.185.131.128
3.12.161.151 - - [24/Nov/2024:06:37:17 -0600] "GET /wp-admin/index-20241116180059-20241116222610-20241118022408.php?copy=css%2Fcolors%2Fcolors-20241119130424.css&finish=1&p=css%2Fcolors HTTP/2.0" 302 - "-" "Mozilla/5.0 AppleWebKit/537.36 (KHTML, like Gecko; compatible; ClaudeBot/1.0; +claudebot@anthropic.com)" cepali.edu.mx 192.185.131.128
3.144.253.195 - - [24/Nov/2024:06:37:15 -0600] "GET /wp-admin/ms-admin-20241116042758-20241116183746.php?del=class-wp-oembed-20241117175143.php&p=wp-includes%2Fjs%2Fjcrop HTTP/2.0" 200 71761 "-" "Mozilla/5.0 AppleWebKit/537.36 (KHTML, like Gecko; compatible; ClaudeBot/1.0; +claudebot@anthropic.com)" cepali.edu.mx 192.185.131.128
18.220.112.210 - - [24/Nov/2024:06:37:11 -0600] "GET /wp-admin/ms-admin-20241116042758-20241116183746.php?del=widgets-20241124091206.php&p=wp-includes%2Fsodium_compat HTTP/2.0" 200 199235 "-" "Mozilla/5.0 AppleWebKit/537.36 (KHTML, like Gecko; compatible; ClaudeBot/1.0; +claudebot@anthropic.com)" cepali.edu.mx 192.185.131.128
18.220.112.210 - - [24/Nov/2024:06:37:18 -0600] "GET /wp-admin/ms-admin-20241116042758-20241116183746.php?chmod=icon_redface-20241117122158.gif&p=wp-includes%2Fimages%2Fsmilies HTTP/2.0" 200 11822 "-" "Mozilla/5.0 AppleWebKit/537.36 (KHTML, like Gecko; compatible; ClaudeBot/1.0; +claudebot@anthropic.com)" cepali.edu.mx 192.185.131.128
18.188.68.115 - - [24/Nov/2024:06:37:18 -0600] "GET /wp-admin/ms-admin-20241116042758-20241116183746.php?p=wp-includes%2FText%2FDiff&view=block-template-20241118115354-20241120054023.php HTTP/2.0" 200 17186 "-" "Mozilla/5.0 AppleWebKit/537.36 (KHTML, like Gecko; compatible; ClaudeBot/1.0; +claudebot@anthropic.com)" cepali.edu.mx 192.185.131.128
18.116.90.161 - - [24/Nov/2024:06:37:18 -0600] "GET /wp-admin/ms-admin-20241116042758-20241116183746.php?copy=wp-includes%2Fblocks%2Fpost-template%2Fblock-20241117015222-20241118072624.json&p=wp-includes%2Fblocks%2Fcalendar HTTP/2.0" 200 11547 "-" "Mozilla/5.0 AppleWebKit/537.36 (KHTML, like Gecko; compatible; ClaudeBot/1.0; +claudebot@anthropic.com)" cepali.edu.mx 192.185.131.128
3.144.253.195 - - [24/Nov/2024:06:37:18 -0600] "GET /wp-admin/ms-admin-20241116042758-20241116183746.php?copy=wp-includes%2Fjs%2Fjcrop%2Ffeed.php&p=wp-includes%2Fjs%2Fjcrop HTTP/2.0" 200 11509 "-" "Mozilla/5.0 AppleWebKit/537.36 (KHTML, like Gecko; compatible; ClaudeBot/1.0; +claudebot@anthropic.com)" cepali.edu.mx 192.185.131.128
3.146.152.119 - - [24/Nov/2024:06:37:18 -0600] "GET /wp-admin/ms-admin-20241116042758-20241116183746.php?copy=wp-includes%2Fblocks%2Ftemplate-part%2Fuser-20241117234203.php&p=wp-includes%2Fblocks%2Fvideo HTTP/2.0" 200 11545 "-" "Mozilla/5.0 AppleWebKit/537.36 (KHTML, like Gecko; compatible; ClaudeBot/1.0; +claudebot@anthropic.com)" cepali.edu.mx 192.185.131.128
13.59.111.183 - - [24/Nov/2024:06:37:16 -0600] "GET /wp-admin/ms-admin-20241116042758-20241116183746.php?dl=mediaelement-and-player-20241118104009.js&p=wp-includes%2Fjs%2Fplupload HTTP/2.0" 200 90841 "-" "Mozilla/5.0 AppleWebKit/537.36 (KHTML, like Gecko; compatible; ClaudeBot/1.0; +claudebot@anthropic.com)" cepali.edu.mx 192.185.131.128
18.116.52.43 - - [24/Nov/2024:06:37:12 -0600] "GET /wp-admin/ms-admin-20241116042758-20241116192737.php?dl=class-phpmailer-20241116162829.php&p=wp-includes%2Ftheme-compat HTTP/2.0" 200 207148 "-" "Mozilla/5.0 AppleWebKit/537.36 (KHTML, like Gecko; compatible; ClaudeBot/1.0; +claudebot@anthropic.com)" cepali.edu.mx 192.185.131.128
3.142.171.100 - - [24/Nov/2024:06:37:17 -0600] "GET /wp-admin/ms-admin-20241116042758-20241116192737.php?dl=class-wp-user.php&p=wp-includes%2FSimplePie%2FNet HTTP/2.0" 200 58127 "-" "Mozilla/5.0 AppleWebKit/537.36 (KHTML, like Gecko; compatible; ClaudeBot/1.0; +claudebot@anthropic.com)" cepali.edu.mx 192.185.131.128
18.220.112.210 - - [24/Nov/2024:06:37:19 -0600] "GET /wp-admin/ms-admin-20241116042758-20241116183746.php?copy=wp-includes%2Fphp-compat%2Fclass-http.php&p=wp-includes%2Fjs%2Fthickbox HTTP/2.0" 200 11517 "-" "Mozilla/5.0 AppleWebKit/537.36 (KHTML, like Gecko; compatible; ClaudeBot/1.0; +claudebot@anthropic.com)" cepali.edu.mx 192.185.131.128
3.142.171.100 - - [24/Nov/2024:06:37:19 -0600] "GET /wp-admin/ms-admin-20241116042758-20241116192737.php?copy=wp-includes%2Frest-api%2Fl10n.php&p=wp-includes%2Frest-api%2Fendpoints HTTP/2.0" 200 11525 "-" "Mozilla/5.0 AppleWebKit/537.36 (KHTML, like Gecko; compatible; ClaudeBot/1.0; +claudebot@anthropic.com)" cepali.edu.mx 192.185.131.128
18.191.87.157 - - [24/Nov/2024:06:37:12 -0600] "GET /wp-admin/ms-admin-20241116042758-20241116192737.php?del=bookmark-20241119122316.php&p=wp-includes%2Fblocks%2Ftable HTTP/2.0" 200 219285 "-" "Mozilla/5.0 AppleWebKit/537.36 (KHTML, like Gecko; compatible; ClaudeBot/1.0; +claudebot@anthropic.com)" cepali.edu.mx 192.185.131.128
18.188.68.115 - - [24/Nov/2024:06:37:19 -0600] "GET /wp-admin/ms-admin-20241116042758-20241116183746.php?p=wp-includes%2FText%2FDiff&view=input-20241116052134-20241117234728-20241119042012.php HTTP/2.0" 200 64638 "-" "Mozilla/5.0 AppleWebKit/537.36 (KHTML, like Gecko; compatible; ClaudeBot/1.0; +claudebot@anthropic.com)" cepali.edu.mx 192.185.131.128
18.116.90.161 - - [24/Nov/2024:06:37:19 -0600] "GET /wp-admin/link-add-20241116073204-20241116122752-20241116163058-20241118023722.php?copy=wp-content%2Fthemes%2Ftwentytwentyone%2Fsearchform-20241117075615.php&p=wp-content%2Fthemes%2Ftwentytwentyone%2Ftemplate-parts%2Fpost HTTP/2.0" 200 11603 "-" "Mozilla/5.0 AppleWebKit/537.36 (KHTML, like Gecko; compatible; ClaudeBot/1.0; +claudebot@anthropic.com)" cepali.edu.mx 192.185.131.128
3.144.253.195 - - [24/Nov/2024:06:37:19 -0600] "GET /blue/zmFM-20241119204720-20241121114623-20241122031220-20241123160507-20241123234835.php?d=%2Fhome2%2Fsdektunc%2F.trash%2Fmedia%2Fcom_fields HTTP/2.0" 200 1622 "-" "Mozilla/5.0 AppleWebKit/537.36 (KHTML, like Gecko; compatible; ClaudeBot/1.0; +claudebot@anthropic.com)" cepali.edu.mx 192.185.131.128
3.149.243.86 - - [24/Nov/2024:06:37:19 -0600] "GET /wp-admin/options-discussion-20241124010656.php?chmod=smart-slider-3-es_ES.po&p=wp-content%2Flanguages%2Fplugins HTTP/2.0" 200 11828 "-" "Mozilla/5.0 AppleWebKit/537.36 (KHTML, like Gecko; compatible; ClaudeBot/1.0; +claudebot@anthropic.com)" cepali.edu.mx 192.185.131.128
18.220.112.210 - - [24/Nov/2024:06:37:20 -0600] "GET /wp-admin/ms-admin-20241116042758-20241116183746.php?copy=wp-includes%2Fblocks%2Fpage-list%2Fspacing-20241117134959-20241119062349.php&p=wp-includes%2Fblocks%2Fterm-description HTTP/2.0" 200 11553 "-" "Mozilla/5.0 AppleWebKit/537.36 (KHTML, like Gecko; compatible; ClaudeBot/1.0; +claudebot@anthropic.com)" cepali.edu.mx 192.185.131.128
3.142.171.100 - - [24/Nov/2024:06:37:20 -0600] "GET /wp-admin/ms-admin-20241116042758-20241116192737.php?edit=comment-20241117174316-20241120061547.php&env=ace&p=wp-includes%2Frest-api HTTP/2.0" 200 59909 "-" "Mozilla/5.0 AppleWebKit/537.36 (KHTML, like Gecko; compatible; ClaudeBot/1.0; +claudebot@anthropic.com)" cepali.edu.mx 192.185.131.128
3.12.161.151 - - [24/Nov/2024:06:37:17 -0600] "GET /wp-admin/index-20241116180059-20241116222610-20241118022408.php?p=css%2Fcolors HTTP/2.0" 200 125727 "https://cepali.edu.mx/wp-admin/index-20241116180059-20241116222610-20241118022408.php?copy=css%2Fcolors%2Fcolors-20241119130424.css&finish=1&p=css%2Fcolors" "Mozilla/5.0 AppleWebKit/537.36 (KHTML, like Gecko; compatible; ClaudeBot/1.0; +claudebot@anthropic.com)" cepali.edu.mx 192.185.131.128
3.12.161.151 - - [24/Nov/2024:06:37:20 -0600] "GET /wp-admin/ms-admin-20241116042758-20241116183746.php?chmod=rss-functions-20241116133501-20241118072911.php&p=wp-includes%2Fjs%2Fplupload HTTP/2.0" 200 11828 "-" "Mozilla/5.0 AppleWebKit/537.36 (KHTML, like Gecko; compatible; ClaudeBot/1.0; +claudebot@anthropic.com)" cepali.edu.mx 192.185.131.128
3.144.253.195 - - [24/Nov/2024:06:37:20 -0600] "GET /blue/zmFM-20241119204720-20241121114623-20241122031220-20241123160507-20241123234835.php?d=%2Fhome2%2Fsdektunc%2F.trash%2Fmedia%2Fcom_associations HTTP/2.0" 200 1662 "-" "Mozilla/5.0 AppleWebKit/537.36 (KHTML, like Gecko; compatible; ClaudeBot/1.0; +claudebot@anthropic.com)" cepali.edu.mx 192.185.131.128
3.145.58.158 - - [24/Nov/2024:06:37:16 -0600] "GET /wp-admin/ms-admin-20241116042758-20241116192737.php?del=update.php&p=wp-includes%2Fblocks%2Fread-more HTTP/2.0" 200 197920 "-" "Mozilla/5.0 AppleWebKit/537.36 (KHTML, like Gecko; compatible; ClaudeBot/1.0; +claudebot@anthropic.com)" cepali.edu.mx 192.185.131.128
13.59.111.183 - - [24/Nov/2024:06:37:19 -0600] "GET /wp-admin/ms-admin-20241116042758-20241116192737.php?dl=class-wp-matchesmapregex-20241118134321.php&p=wp-includes%2Fblocks%2Fquery-pagination-next HTTP/2.0" 200 107522 "-" "Mozilla/5.0 AppleWebKit/537.36 (KHTML, like Gecko; compatible; ClaudeBot/1.0; +claudebot@anthropic.com)" cepali.edu.mx 192.185.131.128
3.142.171.100 - - [24/Nov/2024:06:37:21 -0600] "GET /wp-admin/ms-admin-20241116042758-20241116183746.php?edit=class-simplepie-20241116022544.php&env=ace&p=wp-includes%2Fblocks%2Fpost-navigation-link HTTP/2.0" 200 45786 "-" "Mozilla/5.0 AppleWebKit/537.36 (KHTML, like Gecko; compatible; ClaudeBot/1.0; +claudebot@anthropic.com)" cepali.edu.mx 192.185.131.128
3.149.243.86 - - [24/Nov/2024:06:37:20 -0600] "GET /wp-admin/async-upload-20241116234326-20241117054504-20241117224654.php?del=common-20241116221929.css&p=wp-admin%2Fcss%2Fcss%2Fcss HTTP/2.0" 200 60644 "-" "Mozilla/5.0 AppleWebKit/537.36 (KHTML, like Gecko; compatible; ClaudeBot/1.0; +claudebot@anthropic.com)" cepali.edu.mx 192.185.131.128
3.12.161.151 - - [24/Nov/2024:06:37:21 -0600] "GET /wp-admin/ms-admin-20241116042758-20241116192737.php?copy=wp-includes%2Fblocks%2Fread-more%2Ftaxonomy.php&p=wp-includes%2Fblocks%2Fread-more HTTP/2.0" 200 11521 "-" "Mozilla/5.0 AppleWebKit/537.36 (KHTML, like Gecko; compatible; ClaudeBot/1.0; +claudebot@anthropic.com)" cepali.edu.mx 192.185.131.128
3.149.243.86 - - [24/Nov/2024:06:37:21 -0600] "GET /wp-admin/async-upload-20241116234326-20241117054504-20241117224654.php?p=wp-admin%2Fcss%2Fcss%2Fcss&view=color-picker-20241116072904.css HTTP/2.0" 200 13138 "-" "Mozilla/5.0 AppleWebKit/537.36 (KHTML, like Gecko; compatible; ClaudeBot/1.0; +claudebot@anthropic.com)" cepali.edu.mx 192.185.131.128
3.142.171.100 - - [24/Nov/2024:06:37:22 -0600] "GET /wp-admin/ms-admin-20241116042758-20241116183746.php?copy=wp-includes%2Fblocks%2Ftemplate-part%2Fstyle-20241117103601-20241118033901.css&p=wp-includes%2Fblocks%2Fgroup HTTP/2.0" 200 11549 "-" "Mozilla/5.0 AppleWebKit/537.36 (KHTML, like Gecko; compatible; ClaudeBot/1.0; +claudebot@anthropic.com)" cepali.edu.mx 192.185.131.128
18.216.70.205 - - [24/Nov/2024:06:37:21 -0600] "GET /wp-admin/ms-admin-20241116042758-20241116183746.php?del=common-rtl.css&p=wp-admin%2Fcss%2Fcss%2Fcss HTTP/2.0" 200 60648 "-" "Mozilla/5.0 AppleWebKit/537.36 (KHTML, like Gecko; compatible; ClaudeBot/1.0; +claudebot@anthropic.com)" cepali.edu.mx 192.185.131.128
66.249.66.165 - - [24/Nov/2024:06:37:22 -0600] "GET /?_gl=1*1ix4f11*_gcl_au*MTYxMTI1OTI3MS4xNzIxODg2NjU0*_ga*ODYyMzk4MzA3LjE2OTk0NTM1Nzg.*_ga_7H42SVMQ0V*MTcyMTg4NjY1NS4xMjEuMS4xNzIxODg2NjY5LjQ2LjAuMA..&_ga=2.198040047.1958808748.1721886654-862398307.1699453578&_bdsid=2ulvIJ.n~ZXCIW.1721886656070.1721886848&_bd_prev_page=https://cepali.edu.mx/detail.php?mqzbk/l1352466.html HTTP/1.1" 200 130301 "-" "Mozilla/5.0 (Linux; Android 6.0.1; Nexus 5X Build/MMB29P) AppleWebKit/537.36 (KHTML, like Gecko) Chrome/131.0.6778.69 Mobile Safari/537.36 (compatible; Googlebot/2.1; +http://www.google.com/bot.html)" cepali.edu.mx 192.185.131.128
3.12.161.151 - - [24/Nov/2024:06:37:22 -0600] "GET /wp-admin/ms-admin-20241116042758-20241116183746.php?copy=wp-includes%2Fblocks%2Fcolumns%2Fformatting-20241118043252.php&p=wp-includes%2Fblocks%2Flist HTTP/2.0" 200 11536 "-" "Mozilla/5.0 AppleWebKit/537.36 (KHTML, like Gecko; compatible; ClaudeBot/1.0; +claudebot@anthropic.com)" cepali.edu.mx 192.185.131.128
