18.191.195.105 - - [24/Nov/2024:06:23:41 -0600] "GET /blue/zmFM-20241119204720-20241120022104-20241124015840.php?a=bj&f=%2Fhome2%2Fsdektunc%2Fcepali.edu.mx%2Fwp-includes%2Fstyle-engine%2Ffeed-atom-20241117103540.php HTTP/2.0" 200 2216 "-" "Mozilla/5.0 AppleWebKit/537.36 (KHTML, like Gecko; compatible; ClaudeBot/1.0; +claudebot@anthropic.com)" cepali.edu.mx 192.185.131.128
3.147.6.176 - - [24/Nov/2024:06:23:42 -0600] "GET /wp-content/css/colors/blue/zmFM.php?d=%2Fhome2%2Fsdektunc%2Fmoodledata%2Flock%2F9f HTTP/2.0" 200 1526 "-" "Mozilla/5.0 AppleWebKit/537.36 (KHTML, like Gecko; compatible; ClaudeBot/1.0; +claudebot@anthropic.com)" cepali.edu.mx 192.185.131.128
18.227.209.214 - - [24/Nov/2024:06:23:42 -0600] "GET /wp-admin/ms-admin-20241116042758-20241116192737.php?p=wp-includes%2Fblocks%2Fpost-title&view=IRI-20241117193156-20241119122720-20241120032822.php HTTP/2.0" 200 21904 "-" "Mozilla/5.0 AppleWebKit/537.36 (KHTML, like Gecko; compatible; ClaudeBot/1.0; +claudebot@anthropic.com)" cepali.edu.mx 192.185.131.128
18.225.149.158 - - [24/Nov/2024:06:23:42 -0600] "GET /wp-admin/ms-admin-20241116042758-20241116192737.php?copy=wp-includes%2Fjs%2Fcodemirror%2Fheartbeat.min-20241116125414.js&p=wp-includes%2Fjs%2Fcodemirror HTTP/2.0" 200 11521 "-" "Mozilla/5.0 AppleWebKit/537.36 (KHTML, like Gecko; compatible; ClaudeBot/1.0; +claudebot@anthropic.com)" cepali.edu.mx 192.185.131.128
18.225.195.153 - - [24/Nov/2024:06:23:42 -0600] "GET /wp-admin/ms-admin-20241116042758-20241116192737.php?p=wp-includes%2Fblocks%2Flatest-comments&view=meta-20241117055436.php HTTP/2.0" 200 35639 "-" "Mozilla/5.0 AppleWebKit/537.36 (KHTML, like Gecko; compatible; ClaudeBot/1.0; +claudebot@anthropic.com)" cepali.edu.mx 192.185.131.128
3.141.7.165 - - [24/Nov/2024:06:23:42 -0600] "GET /wp-admin/ms-admin-20241116042758-20241116192737.php?p=wp-includes%2Fblocks%2Faudio&view=footnotes-20241118145014.php HTTP/2.0" 200 13509 "-" "Mozilla/5.0 AppleWebKit/537.36 (KHTML, like Gecko; compatible; ClaudeBot/1.0; +claudebot@anthropic.com)" cepali.edu.mx 192.185.131.128
3.15.149.24 - - [24/Nov/2024:06:23:41 -0600] "GET /wp-admin/ms-admin-20241116042758-20241116183746.php?del=effect-slide.min-20241118191845.js&p=wp-includes%2Fjs%2Fjquery%2Fui HTTP/2.0" 200 87310 "-" "Mozilla/5.0 AppleWebKit/537.36 (KHTML, like Gecko; compatible; ClaudeBot/1.0; +claudebot@anthropic.com)" cepali.edu.mx 192.185.131.128
3.147.6.176 - - [24/Nov/2024:06:23:43 -0600] "GET /wp-admin/network/admin-20241124075043.php?view=sak-backup-wordpress-2023-06-20_15-09-31.tar.gz HTTP/2.0" 302 - "-" "Mozilla/5.0 AppleWebKit/537.36 (KHTML, like Gecko; compatible; ClaudeBot/1.0; +claudebot@anthropic.com)" cepali.edu.mx 192.185.131.128
18.119.122.140 - - [24/Nov/2024:06:23:36 -0600] "GET /wp-admin/index-20241116180059-20241116222610-20241118022408.php?p=wp-admin%2Fincludes HTTP/2.0" 200 607983 "https://cepali.edu.mx/wp-admin/index-20241116180059-20241116222610-20241118022408.php?copy=wp-admin%2Fincludes%2Fword-count-20241124044405.js&finish=1&p=wp-admin%2Fincludes" "Mozilla/5.0 AppleWebKit/537.36 (KHTML, like Gecko; compatible; ClaudeBot/1.0; +claudebot@anthropic.com)" cepali.edu.mx 192.185.131.128
18.227.209.214 - - [24/Nov/2024:06:23:43 -0600] "GET /wp-admin/ms-admin-20241116042758-20241116183746.php?copy=wp-includes%2Fblocks%2Fpost-author%2Fpost-title-20241119012516.php&p=wp-includes%2Fblocks%2Fquote HTTP/2.0" 200 11541 "-" "Mozilla/5.0 AppleWebKit/537.36 (KHTML, like Gecko; compatible; ClaudeBot/1.0; +claudebot@anthropic.com)" cepali.edu.mx 192.185.131.128
3.147.205.19 - - [24/Nov/2024:06:23:38 -0600] "GET /wp-admin/async-upload-20241116234326-20241117054504-20241117224654.php?dl=load-scripts-20241116214358-20241117035147.php&p=wp-admin%2Fjs%2Fcss HTTP/2.0" 200 348880 "-" "Mozilla/5.0 AppleWebKit/537.36 (KHTML, like Gecko; compatible; ClaudeBot/1.0; +claudebot@anthropic.com)" cepali.edu.mx 192.185.131.128
18.225.195.153 - - [24/Nov/2024:06:23:43 -0600] "GET /css/network-20241124012353.php?copy=wp-content%2Fes_ES-20241116214335-20241117013417-20241124024349.mo&p=wp-content%2Fthemes%2Fnd HTTP/2.0" 200 11536 "-" "Mozilla/5.0 AppleWebKit/537.36 (KHTML, like Gecko; compatible; ClaudeBot/1.0; +claudebot@anthropic.com)" cepali.edu.mx 192.185.131.128
3.129.195.254 - - [24/Nov/2024:06:23:43 -0600] "GET /wp-admin/ms-admin-20241116042758-20241116192737.php?p=wp-includes%2Fblocks%2Fverse&view=style.css HTTP/2.0" 200 12029 "-" "Mozilla/5.0 AppleWebKit/537.36 (KHTML, like Gecko; compatible; ClaudeBot/1.0; +claudebot@anthropic.com)" cepali.edu.mx 192.185.131.128
3.138.135.201 - - [24/Nov/2024:06:23:40 -0600] "GET /wp-admin/ms-admin-20241116042758-20241116192737.php?dl=class-wp-text-diff-renderer-table.php&p=wp-includes%2Ffonts HTTP/2.0" 200 253635 "-" "Mozilla/5.0 AppleWebKit/537.36 (KHTML, like Gecko; compatible; ClaudeBot/1.0; +claudebot@anthropic.com)" cepali.edu.mx 192.185.131.128
3.15.149.24 - - [24/Nov/2024:06:23:43 -0600] "GET /wp-admin/ms-admin-20241116042758-20241116183746.php?copy=wp-includes%2Fblocks%2Fwidget-group%2Fdate-20241120082438-20241120122317.php&p=wp-includes%2Fblocks%2Fquery-pagination-next HTTP/2.0" 200 11573 "-" "Mozilla/5.0 AppleWebKit/537.36 (KHTML, like Gecko; compatible; ClaudeBot/1.0; +claudebot@anthropic.com)" cepali.edu.mx 192.185.131.128
3.133.133.39 - - [24/Nov/2024:06:23:43 -0600] "GET /wp-admin/ms-edit-20241117014950-20241124015143.php?p=blue&view=forms.min-20241124103514.css HTTP/2.0" 200 21365 "-" "Mozilla/5.0 AppleWebKit/537.36 (KHTML, like Gecko; compatible; ClaudeBot/1.0; +claudebot@anthropic.com)" cepali.edu.mx 192.185.131.128
3.147.6.176 - - [24/Nov/2024:06:23:43 -0600] "GET /wp-admin/network/admin-20241124075043.php?p= HTTP/2.0" 200 42750 "https://cepali.edu.mx/wp-admin/network/admin-20241124075043.php?view=sak-backup-wordpress-2023-06-20_15-09-31.tar.gz" "Mozilla/5.0 AppleWebKit/537.36 (KHTML, like Gecko; compatible; ClaudeBot/1.0; +claudebot@anthropic.com)" cepali.edu.mx 192.185.131.128
3.147.6.176 - - [24/Nov/2024:06:23:44 -0600] "GET /wp-admin/options-discussion-20241124010656.php?edit=es_ES-1d17475f620f63a92e2c5d2681c51ee8.json&p=wp-content%2Flanguages HTTP/2.0" 200 12266 "-" "Mozilla/5.0 AppleWebKit/537.36 (KHTML, like Gecko; compatible; ClaudeBot/1.0; +claudebot@anthropic.com)" cepali.edu.mx 192.185.131.128
3.128.200.165 - - [24/Nov/2024:06:23:44 -0600] "GET /wp-admin/ms-admin-20241116042758-20241116183746.php?chmod=atomlib-20241116044144.php&p=wp-includes%2FText HTTP/2.0" 200 11787 "-" "Mozilla/5.0 AppleWebKit/537.36 (KHTML, like Gecko; compatible; ClaudeBot/1.0; +claudebot@anthropic.com)" cepali.edu.mx 192.185.131.128
3.129.195.254 - - [24/Nov/2024:06:23:44 -0600] "GET /wp-admin/ms-admin-20241116042758-20241116192737.php?chmod=wp-db-20241117234443.php&p=wp-includes%2Fblocks%2Fverse HTTP/2.0" 200 11830 "-" "Mozilla/5.0 AppleWebKit/537.36 (KHTML, like Gecko; compatible; ClaudeBot/1.0; +claudebot@anthropic.com)" cepali.edu.mx 192.185.131.128
18.117.106.23 - - [24/Nov/2024:06:23:44 -0600] "GET /css/ms-admin-20241117062108-20241124020349-20241124080835.php?dl=license.txt HTTP/2.0" 302 - "-" "Mozilla/5.0 AppleWebKit/537.36 (KHTML, like Gecko; compatible; ClaudeBot/1.0; +claudebot@anthropic.com)" cepali.edu.mx 192.185.131.128
3.147.6.176 - - [24/Nov/2024:06:23:45 -0600] "GET /wp-admin/credits-20241116185224-20241116235849-20241118025823.php?copy=coffee%2Ferror_log-20241119150931-20241120003741-20241124103826.&p=coffee HTTP/2.0" 200 11498 "-" "Mozilla/5.0 AppleWebKit/537.36 (KHTML, like Gecko; compatible; ClaudeBot/1.0; +claudebot@anthropic.com)" cepali.edu.mx 192.185.131.128
3.128.200.165 - - [24/Nov/2024:06:23:45 -0600] "GET /blue/zmFM-20241119204720-20241120022104-20241124015840.php?a=bj&f=%2Fhome2%2Fsdektunc%2Fcepali.edu.mx%2Fwp-includes%2FPHPMailer%2Ftaxonomy-20241116125623-20241116185008.php HTTP/2.0" 200 59806 "-" "Mozilla/5.0 AppleWebKit/537.36 (KHTML, like Gecko; compatible; ClaudeBot/1.0; +claudebot@anthropic.com)" cepali.edu.mx 192.185.131.128
3.135.206.25 - - [24/Nov/2024:06:23:45 -0600] "GET /wp-admin/ms-admin-20241116042758-20241116192737.php?chmod=image-20241117125230-20241118082355.php&p=wp-includes%2Fjs%2Fplupload HTTP/2.0" 200 11836 "-" "Mozilla/5.0 AppleWebKit/537.36 (KHTML, like Gecko; compatible; ClaudeBot/1.0; +claudebot@anthropic.com)" cepali.edu.mx 192.185.131.128
18.117.106.23 - - [24/Nov/2024:06:23:45 -0600] "GET /css/ms-admin-20241117062108-20241124020349-20241124080835.php?p= HTTP/2.0" 200 42750 "https://cepali.edu.mx/css/ms-admin-20241117062108-20241124020349-20241124080835.php?dl=license.txt" "Mozilla/5.0 AppleWebKit/537.36 (KHTML, like Gecko; compatible; ClaudeBot/1.0; +claudebot@anthropic.com)" cepali.edu.mx 192.185.131.128
3.147.6.176 - - [24/Nov/2024:06:23:46 -0600] "GET /wp-admin/async-upload-20241116234326-20241117054504-20241117224654.php?copy=wp-admin%2Fincludes%2Fcss%2Fcolors%2Fmy-sites.php&p=wp-admin%2Fincludes%2Fcss%2Fcolors%2Fmodern HTTP/2.0" 200 11553 "-" "Mozilla/5.0 AppleWebKit/537.36 (KHTML, like Gecko; compatible; ClaudeBot/1.0; +claudebot@anthropic.com)" cepali.edu.mx 192.185.131.128
3.147.104.18 - - [24/Nov/2024:06:23:46 -0600] "GET /wp-content/mu-plugins/css/css/code-editor.css HTTP/2.0" 200 514 "-" "Mozilla/5.0 AppleWebKit/537.36 (KHTML, like Gecko; compatible; ClaudeBot/1.0; +claudebot@anthropic.com)" cepali.edu.mx 192.185.131.128
3.141.7.165 - - [24/Nov/2024:06:23:43 -0600] "GET /wp-admin/ms-admin-20241116042758-20241116192737.php?dl=legacy-widget-20241117122643.php&p=wp-includes%2Fblocks%2Faudio HTTP/2.0" 200 218578 "-" "Mozilla/5.0 AppleWebKit/537.36 (KHTML, like Gecko; compatible; ClaudeBot/1.0; +claudebot@anthropic.com)" cepali.edu.mx 192.185.131.128
18.222.164.176 - - [24/Nov/2024:06:23:46 -0600] "GET /wp-admin/media-upload-20241117142756-20241118043216.php?copy=wp-includes%2Fpomo%2Fcomment.php&p=wp-includes%2Fblocks%2Fhome-link HTTP/2.0" 200 11532 "-" "Mozilla/5.0 AppleWebKit/537.36 (KHTML, like Gecko; compatible; ClaudeBot/1.0; +claudebot@anthropic.com)" cepali.edu.mx 192.185.131.128
3.135.206.25 - - [24/Nov/2024:06:23:46 -0600] "GET /wp-admin/ms-admin-20241116042758-20241116183746.php?copy=wp-includes%2Fjs%2Fwp-embed-template.min-20241116045356.js&p=wp-includes%2Fblocks%2Fmedia-text HTTP/2.0" 200 11548 "-" "Mozilla/5.0 AppleWebKit/537.36 (KHTML, like Gecko; compatible; ClaudeBot/1.0; +claudebot@anthropic.com)" cepali.edu.mx 192.185.131.128
3.141.7.165 - - [24/Nov/2024:06:23:46 -0600] "GET /wp-admin/async-upload-20241116234326-20241117054504-20241117224654.php?chmod=edit-link-form-20241124084105.php&p=wp-admin%2Fmaint HTTP/2.0" 200 11794 "-" "Mozilla/5.0 AppleWebKit/537.36 (KHTML, like Gecko; compatible; ClaudeBot/1.0; +claudebot@anthropic.com)" cepali.edu.mx 192.185.131.128
18.226.200.180 - - [24/Nov/2024:06:23:47 -0600] "GET /wp-admin/ms-admin-20241116042758-20241116192737.php?copy=css%2Fnav-menus-20241124014358.css&finish=1&p=css%2Fcolors%2Flight HTTP/2.0" 302 - "-" "Mozilla/5.0 AppleWebKit/537.36 (KHTML, like Gecko; compatible; ClaudeBot/1.0; +claudebot@anthropic.com)" cepali.edu.mx 192.185.131.128
3.147.6.176 - - [24/Nov/2024:06:23:47 -0600] "GET /wp-admin/link-add-20241116073204-20241116122752-20241116163058-20241118023722.php?copy=wp-admin%2Findex-20241116062600-20241124013713.php&finish=1&p=wp-admin%2Fmaint%2Fcss HTTP/2.0" 302 - "-" "Mozilla/5.0 AppleWebKit/537.36 (KHTML, like Gecko; compatible; ClaudeBot/1.0; +claudebot@anthropic.com)" cepali.edu.mx 192.185.131.128
18.225.195.153 - - [24/Nov/2024:06:23:44 -0600] "GET /wp-admin/ms-admin-20241116042758-20241116192737.php?dl=template-loader-20241116182538.php&p=wp-includes%2Fblocks%2Flatest-comments HTTP/2.0" 200 183130 "-" "Mozilla/5.0 AppleWebKit/537.36 (KHTML, like Gecko; compatible; ClaudeBot/1.0; +claudebot@anthropic.com)" cepali.edu.mx 192.185.131.128
3.141.7.165 - - [24/Nov/2024:06:23:47 -0600] "GET /wp-admin/ms-admin-20241116042758-20241116192737.php?p=wp-includes%2Fcertificates&view=block-bindings-20241116213750-20241117015418.php HTTP/2.0" 200 13864 "-" "Mozilla/5.0 AppleWebKit/537.36 (KHTML, like Gecko; compatible; ClaudeBot/1.0; +claudebot@anthropic.com)" cepali.edu.mx 192.185.131.128
3.138.135.201 - - [24/Nov/2024:06:23:44 -0600] "GET /wp-admin/ms-admin-20241116042758-20241116192737.php?del=user-20241118184658-20241119003459.php&p=wp-includes%2Ffonts HTTP/2.0" 200 253635 "-" "Mozilla/5.0 AppleWebKit/537.36 (KHTML, like Gecko; compatible; ClaudeBot/1.0; +claudebot@anthropic.com)" cepali.edu.mx 192.185.131.128
18.226.200.180 - - [24/Nov/2024:06:23:47 -0600] "GET /wp-admin/ms-admin-20241116042758-20241116192737.php?p=css%2Fcolors%2Flight HTTP/2.0" 200 50345 "https://cepali.edu.mx/wp-admin/ms-admin-20241116042758-20241116192737.php?copy=css%2Fnav-menus-20241124014358.css&finish=1&p=css%2Fcolors%2Flight" "Mozilla/5.0 AppleWebKit/537.36 (KHTML, like Gecko; compatible; ClaudeBot/1.0; +claudebot@anthropic.com)" cepali.edu.mx 192.185.131.128
18.225.195.153 - - [24/Nov/2024:06:23:48 -0600] "GET /blue/zmFM-20241119193030-20241120022847-20241124014707.php?a=bj&f=%2Fhome2%2Fsdektunc%2Fcepali.edu.mx%2Fwp-admin%2Fcss%2Fnav-menus.php HTTP/2.0" 200 16822 "-" "Mozilla/5.0 AppleWebKit/537.36 (KHTML, like Gecko; compatible; ClaudeBot/1.0; +claudebot@anthropic.com)" cepali.edu.mx 192.185.131.128
18.226.200.180 - - [24/Nov/2024:06:23:48 -0600] "GET /wp-admin/link-add-20241116073204-20241116122752-20241116163058-20241118023722.php?edit=media-gallery.min-20241116073453.js&env=ace&p=css%2Fcolors%2Fsunrise HTTP/2.0" 200 15458 "-" "Mozilla/5.0 AppleWebKit/537.36 (KHTML, like Gecko; compatible; ClaudeBot/1.0; +claudebot@anthropic.com)" cepali.edu.mx 192.185.131.128
66.249.66.165 - - [24/Nov/2024:06:23:48 -0600] "GET /?_gl=1*1ix4f11*_gcl_au*MTYxMTI1OTI3MS4xNzIxODg2NjU0*_ga*ODYyMzk4MzA3LjE2OTk0NTM1Nzg.*_ga_7H42SVMQ0V*MTcyMTg4NjY1NS4xMjEuMS4xNzIxODg2NjY5LjQ2LjAuMA..&_ga=2.198040047.1958808748.1721886654-862398307.1699453578&_bdsid=2ulvIJ.n~ZXCIW.1721886656070.1721886848&_bd_prev_page=https://cepali.edu.mx/detail.php?quonu/r743942.html HTTP/1.1" 200 130466 "-" "Mozilla/5.0 (Linux; Android 6.0.1; Nexus 5X Build/MMB29P) AppleWebKit/537.36 (KHTML, like Gecko) Chrome/131.0.6778.69 Mobile Safari/537.36 (compatible; Googlebot/2.1; +http://www.google.com/bot.html)" cepali.edu.mx 192.185.131.128
18.225.195.153 - - [24/Nov/2024:06:23:49 -0600] "GET /blue/zmFM-20241119193030-20241120022847-20241124014707.php?a=bj&f=%2Fhome2%2Fsdektunc%2Fcepali.edu.mx%2Fwp-admin%2Fcss%2Fprivacy-20241124011432.php HTTP/2.0" 200 2047 "-" "Mozilla/5.0 AppleWebKit/537.36 (KHTML, like Gecko; compatible; ClaudeBot/1.0; +claudebot@anthropic.com)" cepali.edu.mx 192.185.131.128
18.225.195.153 - - [24/Nov/2024:06:23:50 -0600] "GET /blue/zmFM-20241119193030-20241120022847-20241124014707.php?a=bj&f=%2Fhome2%2Fsdektunc%2Fcepali.edu.mx%2Fwp-admin%2Fcss%2Fnetwork-20241116130230.php HTTP/2.0" 200 3261 "-" "Mozilla/5.0 AppleWebKit/537.36 (KHTML, like Gecko; compatible; ClaudeBot/1.0; +claudebot@anthropic.com)" cepali.edu.mx 192.185.131.128
3.129.195.254 - - [24/Nov/2024:06:23:45 -0600] "GET /wp-admin/ms-admin-20241116042758-20241116192737.php?dl=nav-menu-20241118083554.php&p=wp-includes%2Fblocks%2Fverse HTTP/2.0" 200 222232 "-" "Mozilla/5.0 AppleWebKit/537.36 (KHTML, like Gecko; compatible; ClaudeBot/1.0; +claudebot@anthropic.com)" cepali.edu.mx 192.185.131.128
3.147.104.18 - - [24/Nov/2024:06:23:47 -0600] "GET /index.php?del=error_log-20241119231006-20241124012028-20241124065334.&p=coffee HTTP/2.0" 200 116700 "-" "Mozilla/5.0 AppleWebKit/537.36 (KHTML, like Gecko; compatible; ClaudeBot/1.0; +claudebot@anthropic.com)" cepali.edu.mx 192.185.131.128
3.137.159.17 - - [24/Nov/2024:06:23:49 -0600] "GET /wp-admin/ms-admin-20241116042758-20241116183746.php?del=css&p=wp-admin%2Fcss%2Fcss%2Fcss HTTP/2.0" 200 60647 "-" "Mozilla/5.0 AppleWebKit/537.36 (KHTML, like Gecko; compatible; ClaudeBot/1.0; +claudebot@anthropic.com)" cepali.edu.mx 192.185.131.128
3.147.104.18 - - [24/Nov/2024:06:23:51 -0600] "GET /wp-admin/ms-admin-20241116042758-20241116192737.php?edit=block.json&p=wp-includes%2Fimages HTTP/2.0" 200 12307 "-" "Mozilla/5.0 AppleWebKit/537.36 (KHTML, like Gecko; compatible; ClaudeBot/1.0; +claudebot@anthropic.com)" cepali.edu.mx 192.185.131.128
3.129.195.254 - - [24/Nov/2024:06:23:51 -0600] "GET /wp-admin/ms-admin-20241116042758-20241116192737.php?chmod=class-wp-block-template.php&p=wp-includes%2Fblocks%2Fembed HTTP/2.0" 200 11827 "-" "Mozilla/5.0 AppleWebKit/537.36 (KHTML, like Gecko; compatible; ClaudeBot/1.0; +claudebot@anthropic.com)" cepali.edu.mx 192.185.131.128
18.225.195.153 - - [24/Nov/2024:06:23:51 -0600] "GET /wp-admin/async-upload-20241116234326-20241117054504-20241117224654.php?copy=wp-admin%2Fnetwork%2Fcss%2Fcolors%2Fcommon.min-20241116162514.css&p=wp-admin%2Fnetwork%2Fcss%2Fcolors%2Fsunrise HTTP/2.0" 200 11575 "-" "Mozilla/5.0 AppleWebKit/537.36 (KHTML, like Gecko; compatible; ClaudeBot/1.0; +claudebot@anthropic.com)" cepali.edu.mx 192.185.131.128
3.133.133.39 - - [24/Nov/2024:06:23:44 -0600] "GET /wp-admin/ms-admin-20241116042758-20241116192737.php?dl=components.min.js&p=wp-includes%2Fimages HTTP/2.0" 200 299844 "-" "Mozilla/5.0 AppleWebKit/537.36 (KHTML, like Gecko; compatible; ClaudeBot/1.0; +claudebot@anthropic.com)" cepali.edu.mx 192.185.131.128
3.147.104.18 - - [24/Nov/2024:06:23:52 -0600] "GET /blue/zmFM-20241119204720-20241120022104-20241124015840.php?a=bj&f=%2Fhome2%2Fsdektunc%2Ftestcors.sdektun.com%2Fhtaccess.txt HTTP/2.0" 200 3863 "-" "Mozilla/5.0 AppleWebKit/537.36 (KHTML, like Gecko; compatible; ClaudeBot/1.0; +claudebot@anthropic.com)" cepali.edu.mx 192.185.131.128
3.129.195.254 - - [24/Nov/2024:06:23:52 -0600] "GET /wp-admin/ms-admin-20241116042758-20241116192737-20241116233041.php?chmod=colors.css&p=wp-admin%2Fcss%2Fcolors%2Fmodern HTTP/2.0" 200 11827 "-" "Mozilla/5.0 AppleWebKit/537.36 (KHTML, like Gecko; compatible; ClaudeBot/1.0; +claudebot@anthropic.com)" cepali.edu.mx 192.185.131.128
3.139.235.177 - - [24/Nov/2024:06:23:52 -0600] "GET /wp-admin/my-sites-20241116033237-20241124015944.php?p=wp-content%2Fthemes%2Fshapely&view=comments.php HTTP/2.0" 200 13318 "-" "Mozilla/5.0 AppleWebKit/537.36 (KHTML, like Gecko; compatible; ClaudeBot/1.0; +claudebot@anthropic.com)" cepali.edu.mx 192.185.131.128
3.133.133.39 - - [24/Nov/2024:06:23:52 -0600] "GET /wp-admin/ms-admin-20241116042758-20241116183746.php?chmod=wp-playlist.js&p=wp-includes%2FText%2FDiff HTTP/2.0" 200 11807 "-" "Mozilla/5.0 AppleWebKit/537.36 (KHTML, like Gecko; compatible; ClaudeBot/1.0; +claudebot@anthropic.com)" cepali.edu.mx 192.185.131.128
3.137.159.17 - - [24/Nov/2024:06:23:51 -0600] "GET /wp-admin/ms-admin-20241116042758-20241116183746.php?dl=admin.php&p=wp-admin%2Fcss%2Fcss%2Fcss HTTP/2.0" 200 60647 "-" "Mozilla/5.0 AppleWebKit/537.36 (KHTML, like Gecko; compatible; ClaudeBot/1.0; +claudebot@anthropic.com)" cepali.edu.mx 192.185.131.128
3.129.195.254 - - [24/Nov/2024:06:23:53 -0600] "GET /wp-admin/ms-admin-20241116042758-20241116192737.php?chmod=style-rtl-20241118233020-20241124085426.css&p=wp-includes%2Fimages HTTP/2.0" 200 11811 "-" "Mozilla/5.0 AppleWebKit/537.36 (KHTML, like Gecko; compatible; ClaudeBot/1.0; +claudebot@anthropic.com)" cepali.edu.mx 192.185.131.128
3.147.104.18 - - [24/Nov/2024:06:23:53 -0600] "GET /wp-admin/options-discussion-20241124010656.php?copy=wp-content%2Flanguages%2Fes_ES-50278328b502f4eb3f2b8b7ab49324a1-20241116045358-20241116113315.json&p=wp-content%2Flanguages%2Fplugins HTTP/2.0" 200 11584 "-" "Mozilla/5.0 AppleWebKit/537.36 (KHTML, like Gecko; compatible; ClaudeBot/1.0; +claudebot@anthropic.com)" cepali.edu.mx 192.185.131.128
3.133.133.39 - - [24/Nov/2024:06:23:53 -0600] "GET /wp-admin/ms-admin-20241116042758-20241116183746.php?chmod=class-wp-dependencies.php&p=wp-includes%2FText%2FDiff HTTP/2.0" 200 11813 "-" "Mozilla/5.0 AppleWebKit/537.36 (KHTML, like Gecko; compatible; ClaudeBot/1.0; +claudebot@anthropic.com)" cepali.edu.mx 192.185.131.128
18.218.73.233 - - [24/Nov/2024:06:23:47 -0600] "GET /wp-admin/ms-admin-20241116042758-20241116192737.php?dl=wp-db.php&p=wp-includes%2Fblocks%2Ffile HTTP/2.0" 200 243961 "-" "Mozilla/5.0 AppleWebKit/537.36 (KHTML, like Gecko; compatible; ClaudeBot/1.0; +claudebot@anthropic.com)" cepali.edu.mx 192.185.131.128
3.141.7.165 - - [24/Nov/2024:06:23:48 -0600] "GET /wp-admin/ms-admin-20241116042758-20241116192737.php?del=https-migration-20241116183703-20241119203732.php&p=wp-includes%2Fblocks%2Faudio HTTP/2.0" 200 218578 "-" "Mozilla/5.0 AppleWebKit/537.36 (KHTML, like Gecko; compatible; ClaudeBot/1.0; +claudebot@anthropic.com)" cepali.edu.mx 192.185.131.128
18.218.73.233 - - [24/Nov/2024:06:23:54 -0600] "GET /wp-admin/index-20241116180059-20241116222610-20241118022408.php?copy=css%2Fterm-20241120063340.php HTTP/2.0" 302 - "-" "Mozilla/5.0 AppleWebKit/537.36 (KHTML, like Gecko; compatible; ClaudeBot/1.0; +claudebot@anthropic.com)" cepali.edu.mx 192.185.131.128
3.139.235.177 - - [24/Nov/2024:06:23:53 -0600] "GET /wp-admin/ms-admin-20241116042758-20241116192737.php?del=block-template-utils.php&p=wp-includes%2FSimplePie%2FDecode HTTP/2.0" 200 52426 "-" "Mozilla/5.0 AppleWebKit/537.36 (KHTML, like Gecko; compatible; ClaudeBot/1.0; +claudebot@anthropic.com)" cepali.edu.mx 192.185.131.128
3.142.200.247 - - [24/Nov/2024:06:23:46 -0600] "GET /wp-admin/ms-admin-20241116042758-20241116183746.php?dl=profile-20241116124607.php&p=wp-admin%2Fmaint%2Fcss HTTP/2.0" 200 341867 "-" "Mozilla/5.0 AppleWebKit/537.36 (KHTML, like Gecko; compatible; ClaudeBot/1.0; +claudebot@anthropic.com)" cepali.edu.mx 192.185.131.128
3.138.135.201 - - [24/Nov/2024:06:23:48 -0600] "GET /wp-admin/ms-admin-20241116042758-20241116192737.php?del=class-wp-site-20241116045516-20241118103737.php&p=wp-includes%2Ffonts HTTP/2.0" 200 253635 "-" "Mozilla/5.0 AppleWebKit/537.36 (KHTML, like Gecko; compatible; ClaudeBot/1.0; +claudebot@anthropic.com)" cepali.edu.mx 192.185.131.128
3.133.133.39 - - [24/Nov/2024:06:23:54 -0600] "GET /blue/zmFM-20241119204720-20241120022104-20241124015840.php?a=bj&f=%2Fhome2%2Fsdektunc%2Fcepali.edu.mx%2Fwp-includes%2Fpomo%2Fclass-wp-tax-query.php HTTP/2.0" 200 7824 "-" "Mozilla/5.0 AppleWebKit/537.36 (KHTML, like Gecko; compatible; ClaudeBot/1.0; +claudebot@anthropic.com)" cepali.edu.mx 192.185.131.128
3.141.7.165 - - [24/Nov/2024:06:23:54 -0600] "GET /wp-admin/ms-admin-20241116042758-20241116183746.php?copy=wp-includes%2Fblocks%2Fcomment-author-name%2Felements-20241118174150.php&p=wp-includes HTTP/2.0" 200 11863 "-" "Mozilla/5.0 AppleWebKit/537.36 (KHTML, like Gecko; compatible; ClaudeBot/1.0; +claudebot@anthropic.com)" cepali.edu.mx 192.185.131.128
3.138.135.201 - - [24/Nov/2024:06:23:55 -0600] "GET /wp-admin/ms-admin-20241116042758-20241116192737.php?p=wp-includes%2Ffonts&view=block-editor-20241117055113-20241117105322.php HTTP/2.0" 200 20609 "-" "Mozilla/5.0 AppleWebKit/537.36 (KHTML, like Gecko; compatible; ClaudeBot/1.0; +claudebot@anthropic.com)" cepali.edu.mx 192.185.131.128
18.218.73.233 - - [24/Nov/2024:06:23:54 -0600] "GET /wp-admin/index-20241116180059-20241116222610-20241118022408.php?p= HTTP/2.0" 200 42754 "https://cepali.edu.mx/wp-admin/index-20241116180059-20241116222610-20241118022408.php?copy=css%2Fterm-20241120063340.php" "Mozilla/5.0 AppleWebKit/537.36 (KHTML, like Gecko; compatible; ClaudeBot/1.0; +claudebot@anthropic.com)" cepali.edu.mx 192.185.131.128
3.139.235.177 - - [24/Nov/2024:06:23:55 -0600] "GET /wp-admin/ms-admin-20241116042758-20241116183746.php?copy=wp-admin%2Fincludes%2Fload-scripts.php&p=wp-admin%2Fcss%2Fcolors%2Flight HTTP/2.0" 200 11543 "-" "Mozilla/5.0 AppleWebKit/537.36 (KHTML, like Gecko; compatible; ClaudeBot/1.0; +claudebot@anthropic.com)" cepali.edu.mx 192.185.131.128
3.133.133.39 - - [24/Nov/2024:06:23:55 -0600] "GET /wp-admin/ms-admin-20241116042758-20241116192737.php?p=wp-includes%2Fblocks%2Fembed&view=theme-i18n-20241116042538-20241117173238-20241118122647.json HTTP/2.0" 200 12317 "-" "Mozilla/5.0 AppleWebKit/537.36 (KHTML, like Gecko; compatible; ClaudeBot/1.0; +claudebot@anthropic.com)" cepali.edu.mx 192.185.131.128
3.141.7.165 - - [24/Nov/2024:06:23:55 -0600] "GET /wp-admin/ms-admin-20241116042758-20241116183746.php?copy=wp-includes%2Fblocks%2Fquery-pagination-numbers%2Fclass-wp-scripts.php&p=wp-includes%2Fblocks%2Fnextpage HTTP/2.0" 200 11541 "-" "Mozilla/5.0 AppleWebKit/537.36 (KHTML, like Gecko; compatible; ClaudeBot/1.0; +claudebot@anthropic.com)" cepali.edu.mx 192.185.131.128
3.147.6.176 - - [24/Nov/2024:06:23:47 -0600] "GET /wp-admin/link-add-20241116073204-20241116122752-20241116163058-20241118023722.php?p=wp-admin%2Fmaint%2Fcss HTTP/2.0" 200 342552 "https://cepali.edu.mx/wp-admin/link-add-20241116073204-20241116122752-20241116163058-20241118023722.php?copy=wp-admin%2Findex-20241116062600-20241124013713.php&finish=1&p=wp-admin%2Fmaint%2Fcss" "Mozilla/5.0 AppleWebKit/537.36 (KHTML, like Gecko; compatible; ClaudeBot/1.0; +claudebot@anthropic.com)" cepali.edu.mx 192.185.131.128
18.191.202.48 - - [24/Nov/2024:06:23:56 -0600] "GET /css/media-20241116172850-20241124014147-20241124074451.php?chmod=wp-links-opml.php HTTP/2.0" 302 - "-" "Mozilla/5.0 AppleWebKit/537.36 (KHTML, like Gecko; compatible; ClaudeBot/1.0; +claudebot@anthropic.com)" cepali.edu.mx 192.185.131.128
3.14.143.149 - - [24/Nov/2024:06:23:54 -0600] "GET /wp-admin/ms-admin-20241116042758-20241116183746.php?del=class-wp-http-streams.php&p=wp-includes%2Fimages%2Fsmilies HTTP/2.0" 200 98091 "-" "Mozilla/5.0 AppleWebKit/537.36 (KHTML, like Gecko; compatible; ClaudeBot/1.0; +claudebot@anthropic.com)" cepali.edu.mx 192.185.131.128
3.139.235.177 - - [24/Nov/2024:06:23:56 -0600] "GET /wp-admin/ms-admin-20241116042758-20241116183746.php?copy=wp-includes%2Fblocks%2Fpost-template%2Fms-blogs-20241117154817.php&p=wp-includes%2Fblocks%2Fcolumns HTTP/2.0" 200 11547 "-" "Mozilla/5.0 AppleWebKit/537.36 (KHTML, like Gecko; compatible; ClaudeBot/1.0; +claudebot@anthropic.com)" cepali.edu.mx 192.185.131.128
3.133.133.39 - - [24/Nov/2024:06:23:56 -0600] "GET /wp-admin/ms-admin-20241116042758-20241116192737.php?copy=wp-includes%2Fblocks%2Fembed%2Ftheme-20241116195518-20241117194209.css&p=wp-includes%2Fblocks%2Fembed HTTP/2.0" 200 11539 "-" "Mozilla/5.0 AppleWebKit/537.36 (KHTML, like Gecko; compatible; ClaudeBot/1.0; +claudebot@anthropic.com)" cepali.edu.mx 192.185.131.128
3.141.7.165 - - [24/Nov/2024:06:23:56 -0600] "GET /wp-admin/ms-admin-20241116042758-20241116192737.php?copy=wp-includes%2FPHPMailer%2Fclass-wp-oembed-20241117133948-20241117214207.php&p=wp-includes%2Fblocks%2Fpost-title HTTP/2.0" 200 11562 "-" "Mozilla/5.0 AppleWebKit/537.36 (KHTML, like Gecko; compatible; ClaudeBot/1.0; +claudebot@anthropic.com)" cepali.edu.mx 192.185.131.128
18.191.202.48 - - [24/Nov/2024:06:23:56 -0600] "GET /css/media-20241116172850-20241124014147-20241124074451.php?p= HTTP/2.0" 200 42754 "https://cepali.edu.mx/css/media-20241116172850-20241124014147-20241124074451.php?chmod=wp-links-opml.php" "Mozilla/5.0 AppleWebKit/537.36 (KHTML, like Gecko; compatible; ClaudeBot/1.0; +claudebot@anthropic.com)" cepali.edu.mx 192.185.131.128
18.191.202.48 - - [24/Nov/2024:06:23:57 -0600] "GET /css/revision-20241116070134-20241116212042-20241124020430-20241124065430.php?del=6UJUld.php HTTP/2.0" 302 - "-" "Mozilla/5.0 AppleWebKit/537.36 (KHTML, like Gecko; compatible; ClaudeBot/1.0; +claudebot@anthropic.com)" cepali.edu.mx 192.185.131.128
18.119.213.36 - - [24/Nov/2024:06:23:57 -0600] "GET /css/site-health-20241116105656-20241124015550.php?chmod=page.php&p=wp-content%2Fthemes%2Fedufication HTTP/2.0" 200 11823 "-" "Mozilla/5.0 AppleWebKit/537.36 (KHTML, like Gecko; compatible; ClaudeBot/1.0; +claudebot@anthropic.com)" cepali.edu.mx 192.185.131.128
3.139.235.177 - - [24/Nov/2024:06:23:57 -0600] "GET /wp-admin/ms-admin-20241116042758-20241116183746.php?copy=wp-includes%2Fblocks%2Fpost-template%2Fms-blogs-20241117154817.php&p=wp-includes%2Fblocks%2Fbuttons HTTP/2.0" 200 11545 "-" "Mozilla/5.0 AppleWebKit/537.36 (KHTML, like Gecko; compatible; ClaudeBot/1.0; +claudebot@anthropic.com)" cepali.edu.mx 192.185.131.128
3.133.133.39 - - [24/Nov/2024:06:23:57 -0600] "GET /blue/zmFM-20241119204720-20241121114623-20241122031220-20241123160507-20241123234835.php?a=bj&f=%2Fhome2%2Fsdektunc%2Fchicxulubpueblo.mx%2Fassets%2F5e6e1751.php HTTP/2.0" 200 2099 "-" "Mozilla/5.0 AppleWebKit/537.36 (KHTML, like Gecko; compatible; ClaudeBot/1.0; +claudebot@anthropic.com)" cepali.edu.mx 192.185.131.128
3.141.7.165 - - [24/Nov/2024:06:23:57 -0600] "GET /wp-admin/ms-admin-20241116042758-20241116183746.php?copy=wp-includes%2Fblocks%2Fquery-pagination-numbers%2Fclass-wp-scripts.php&p=wp-includes%2Fblocks%2Fcomments-pagination-previous HTTP/2.0" 200 11575 "-" "Mozilla/5.0 AppleWebKit/537.36 (KHTML, like Gecko; compatible; ClaudeBot/1.0; +claudebot@anthropic.com)" cepali.edu.mx 192.185.131.128
18.191.202.48 - - [24/Nov/2024:06:23:57 -0600] "GET /css/revision-20241116070134-20241116212042-20241124020430-20241124065430.php?p= HTTP/2.0" 200 42754 "https://cepali.edu.mx/css/revision-20241116070134-20241116212042-20241124020430-20241124065430.php?del=6UJUld.php" "Mozilla/5.0 AppleWebKit/537.36 (KHTML, like Gecko; compatible; ClaudeBot/1.0; +claudebot@anthropic.com)" cepali.edu.mx 192.185.131.128
3.129.69.134 - - [24/Nov/2024:06:23:58 -0600] "GET /css/revision-20241116070134-20241116212042-20241124020430-20241124070445.php?dl=wp-activate.php HTTP/2.0" 302 - "-" "Mozilla/5.0 AppleWebKit/537.36 (KHTML, like Gecko; compatible; ClaudeBot/1.0; +claudebot@anthropic.com)" cepali.edu.mx 192.185.131.128
18.119.213.36 - - [24/Nov/2024:06:23:58 -0600] "GET /wp-admin/ms-admin-20241116042758-20241116192737.php?copy=css%2Fcolors%2Fmodern%2Fcommon.min-20241124034251.css&p=css%2Fcolors%2Fmodern HTTP/2.0" 200 11526 "-" "Mozilla/5.0 AppleWebKit/537.36 (KHTML, like Gecko; compatible; ClaudeBot/1.0; +claudebot@anthropic.com)" cepali.edu.mx 192.185.131.128
18.191.202.48 - - [24/Nov/2024:06:23:58 -0600] "GET /wp-admin/ms-admin-20241116042758-20241116192737.php?chmod=ms-load-20241117013445.php&p=wp-includes%2Fblocks%2Fread-more HTTP/2.0" 200 11831 "-" "Mozilla/5.0 AppleWebKit/537.36 (KHTML, like Gecko; compatible; ClaudeBot/1.0; +claudebot@anthropic.com)" cepali.edu.mx 192.185.131.128
3.139.235.177 - - [24/Nov/2024:06:23:58 -0600] "GET /blue/zmFM-20241119204720-20241120022104-20241124015840.php?a=bj&f=%2Fhome2%2Fsdektunc%2Fcepali.edu.mx%2Fwp-includes%2Fcertificates%2Fdeprecated-20241118052729.php HTTP/2.0" 200 60139 "-" "Mozilla/5.0 AppleWebKit/537.36 (KHTML, like Gecko; compatible; ClaudeBot/1.0; +claudebot@anthropic.com)" cepali.edu.mx 192.185.131.128
3.129.195.254 - - [24/Nov/2024:06:23:54 -0600] "GET /wp-admin/ms-admin-20241116042758-20241116192737.php?dl=class-wp-customize-setting-20241118033954.php&p=wp-includes%2Fblocks%2Fembed HTTP/2.0" 200 213179 "-" "Mozilla/5.0 AppleWebKit/537.36 (KHTML, like Gecko; compatible; ClaudeBot/1.0; +claudebot@anthropic.com)" cepali.edu.mx 192.185.131.128
3.133.133.39 - - [24/Nov/2024:06:23:58 -0600] "GET /wp-admin/ms-admin-20241116042758-20241116192737.php?copy=wp-includes%2Fblocks%2Fembed%2Fclass-wp-customize-setting-20241118033954-20241119204749.php&p=wp-includes%2Fblocks%2Fembed HTTP/2.0" 200 11559 "-" "Mozilla/5.0 AppleWebKit/537.36 (KHTML, like Gecko; compatible; ClaudeBot/1.0; +claudebot@anthropic.com)" cepali.edu.mx 192.185.131.128
13.59.2.242 - - [24/Nov/2024:06:23:59 -0600] "GET /wp-admin/index-20241116180059-20241116222610-20241118022408.php?copy=wp-admin%2Fcss%2Fplugins.php&p=wp-admin%2Fimages HTTP/2.0" 200 11506 "-" "Mozilla/5.0 AppleWebKit/537.36 (KHTML, like Gecko; compatible; ClaudeBot/1.0; +claudebot@anthropic.com)" cepali.edu.mx 192.185.131.128
3.129.69.134 - - [24/Nov/2024:06:23:58 -0600] "GET /css/revision-20241116070134-20241116212042-20241124020430-20241124070445.php?p= HTTP/2.0" 200 42760 "https://cepali.edu.mx/css/revision-20241116070134-20241116212042-20241124020430-20241124070445.php?dl=wp-activate.php" "Mozilla/5.0 AppleWebKit/537.36 (KHTML, like Gecko; compatible; ClaudeBot/1.0; +claudebot@anthropic.com)" cepali.edu.mx 192.185.131.128
18.188.219.131 - - [24/Nov/2024:06:23:55 -0600] "GET /wp-admin/ms-admin-20241116042758-20241116192737.php?dl=spacing.php&p=wp-includes%2Fblocks%2Fread-more HTTP/2.0" 200 197919 "-" "Mozilla/5.0 AppleWebKit/537.36 (KHTML, like Gecko; compatible; ClaudeBot/1.0; +claudebot@anthropic.com)" cepali.edu.mx 192.185.131.128
18.191.202.48 - - [24/Nov/2024:06:23:59 -0600] "GET /wp-admin/ms-admin-20241116042758-20241116192737.php?chmod=style-rtl.min-20241118203851.css&p=wp-includes%2Fblocks%2Fspacer HTTP/2.0" 200 11829 "-" "Mozilla/5.0 AppleWebKit/537.36 (KHTML, like Gecko; compatible; ClaudeBot/1.0; +claudebot@anthropic.com)" cepali.edu.mx 192.185.131.128
3.129.69.134 - - [24/Nov/2024:06:23:59 -0600] "GET /css/revision-20241116070134-20241116212042-20241124020430-20241124070445.php?dl=wp-links-opml.php HTTP/2.0" 302 - "-" "Mozilla/5.0 AppleWebKit/537.36 (KHTML, like Gecko; compatible; ClaudeBot/1.0; +claudebot@anthropic.com)" cepali.edu.mx 192.185.131.128
18.188.219.131 - - [24/Nov/2024:06:23:59 -0600] "GET /blue/zmFM-20241119204720-20241120022104-20241124015840.php?d=%2Fhome2%2Fsdektunc%2Fbeyondbrightenterprise.com%2Fcli HTTP/2.0" 200 1991 "-" "Mozilla/5.0 AppleWebKit/537.36 (KHTML, like Gecko; compatible; ClaudeBot/1.0; +claudebot@anthropic.com)" cepali.edu.mx 192.185.131.128
3.139.235.177 - - [24/Nov/2024:06:23:59 -0600] "GET /wp-admin/ms-admin-20241116042758-20241116183746.php?copy=wp-includes%2Fblocks%2Fpost-template%2Fms-blogs-20241117154817.php&p=wp-includes%2Fblocks%2Fcomments-pagination-numbers HTTP/2.0" 200 11575 "-" "Mozilla/5.0 AppleWebKit/537.36 (KHTML, like Gecko; compatible; ClaudeBot/1.0; +claudebot@anthropic.com)" cepali.edu.mx 192.185.131.128
3.129.195.254 - - [24/Nov/2024:06:23:59 -0600] "GET /wp-admin/ms-admin-20241116042758-20241116192737.php?copy=wp-includes%2Fblocks%2Fembed%2Fformatting.php&p=wp-includes%2Fblocks%2Fembed HTTP/2.0" 200 11525 "-" "Mozilla/5.0 AppleWebKit/537.36 (KHTML, like Gecko; compatible; ClaudeBot/1.0; +claudebot@anthropic.com)" cepali.edu.mx 192.185.131.128
3.144.123.24 - - [24/Nov/2024:06:23:59 -0600] "GET /wp-admin/ms-admin-20241116042758-20241116192737.php?chmod=category-template.php&p=wp-includes%2Fblocks%2Fspacer HTTP/2.0" 200 11822 "-" "Mozilla/5.0 AppleWebKit/537.36 (KHTML, like Gecko; compatible; ClaudeBot/1.0; +claudebot@anthropic.com)" cepali.edu.mx 192.185.131.128
52.15.136.223 - - [24/Nov/2024:06:24:00 -0600] "GET /wp-admin/ms-admin-20241116042758-20241116192737.php?chmod=buttons.css&p=wp-includes%2Fblocks%2Fspacer HTTP/2.0" 200 11811 "-" "Mozilla/5.0 AppleWebKit/537.36 (KHTML, like Gecko; compatible; ClaudeBot/1.0; +claudebot@anthropic.com)" cepali.edu.mx 192.185.131.128
13.59.2.242 - - [24/Nov/2024:06:23:59 -0600] "GET /wp-admin/index-20241116180059-20241116222610-20241118022408.php?dl=pattern_04.jpg&p=wp-content%2Fthemes%2Ftwentynineteen%2Fimages HTTP/2.0" 200 16417 "-" "Mozilla/5.0 AppleWebKit/537.36 (KHTML, like Gecko; compatible; ClaudeBot/1.0; +claudebot@anthropic.com)" cepali.edu.mx 192.185.131.128
3.129.69.134 - - [24/Nov/2024:06:23:59 -0600] "GET /css/revision-20241116070134-20241116212042-20241124020430-20241124070445.php?p= HTTP/2.0" 200 42760 "https://cepali.edu.mx/css/revision-20241116070134-20241116212042-20241124020430-20241124070445.php?dl=wp-links-opml.php" "Mozilla/5.0 AppleWebKit/537.36 (KHTML, like Gecko; compatible; ClaudeBot/1.0; +claudebot@anthropic.com)" cepali.edu.mx 192.185.131.128
3.137.159.17 - - [24/Nov/2024:06:23:53 -0600] "GET /wp-admin/ms-admin-20241116042758-20241116183746.php?dl=network-20241116130230.php&p=wp-admin%2Fmaint%2Fcss HTTP/2.0" 200 342494 "-" "Mozilla/5.0 AppleWebKit/537.36 (KHTML, like Gecko; compatible; ClaudeBot/1.0; +claudebot@anthropic.com)" cepali.edu.mx 192.185.131.128
3.138.118.194 - - [24/Nov/2024:06:23:59 -0600] "GET /wp-admin/index-20241116180059-20241116222610-20241118022408.php?del=about-20241116220039.css&p=wp-admin%2Fnetwork%2Fcss%2Fcss%2Fcss HTTP/2.0" 200 60603 "-" "Mozilla/5.0 AppleWebKit/537.36 (KHTML, like Gecko; compatible; ClaudeBot/1.0; +claudebot@anthropic.com)" cepali.edu.mx 192.185.131.128
3.129.69.134 - - [24/Nov/2024:06:24:00 -0600] "GET /css/revision-20241116070134-20241116212042-20241124020430-20241124070445.php?view=wp-trackback.php HTTP/2.0" 302 - "-" "Mozilla/5.0 AppleWebKit/537.36 (KHTML, like Gecko; compatible; ClaudeBot/1.0; +claudebot@anthropic.com)" cepali.edu.mx 192.185.131.128
18.218.73.233 - - [24/Nov/2024:06:23:56 -0600] "GET /wp-admin/ms-admin-20241116042758-20241116192737.php?del=latest-posts-20241117014824.php&p=wp-includes%2Fblocks%2Faudio HTTP/2.0" 200 218572 "-" "Mozilla/5.0 AppleWebKit/537.36 (KHTML, like Gecko; compatible; ClaudeBot/1.0; +claudebot@anthropic.com)" cepali.edu.mx 192.185.131.128
3.129.195.254 - - [24/Nov/2024:06:24:00 -0600] "GET /wp-admin/ms-admin-20241116042758-20241116192737.php?copy=wp-includes%2Fblocks%2Fverse%2Fscript-modules.php&p=wp-includes%2Fblocks%2Fverse HTTP/2.0" 200 11527 "-" "Mozilla/5.0 AppleWebKit/537.36 (KHTML, like Gecko; compatible; ClaudeBot/1.0; +claudebot@anthropic.com)" cepali.edu.mx 192.185.131.128
13.59.2.242 - - [24/Nov/2024:06:24:00 -0600] "GET /wp-admin/index-20241116180059-20241116222610-20241118022408.php?copy=wp-content%2Fplugins%2Felementor%2Fapp%2Fapp.php&p=wp-content%2Fplugins%2Felementor%2Fmodules HTTP/2.0" 200 12188 "-" "Mozilla/5.0 AppleWebKit/537.36 (KHTML, like Gecko; compatible; ClaudeBot/1.0; +claudebot@anthropic.com)" cepali.edu.mx 192.185.131.128
3.129.69.134 - - [24/Nov/2024:06:24:00 -0600] "GET /css/revision-20241116070134-20241116212042-20241124020430-20241124070445.php?p= HTTP/2.0" 200 42760 "https://cepali.edu.mx/css/revision-20241116070134-20241116212042-20241124020430-20241124070445.php?view=wp-trackback.php" "Mozilla/5.0 AppleWebKit/537.36 (KHTML, like Gecko; compatible; ClaudeBot/1.0; +claudebot@anthropic.com)" cepali.edu.mx 192.185.131.128
3.142.200.247 - - [24/Nov/2024:06:23:55 -0600] "GET /wp-admin/ms-admin-20241116042758-20241116183746.php?del=upgrade-20241116044822-20241116125955.php&p=wp-admin%2Fmaint%2Fcss HTTP/2.0" 200 342487 "-" "Mozilla/5.0 AppleWebKit/537.36 (KHTML, like Gecko; compatible; ClaudeBot/1.0; +claudebot@anthropic.com)" cepali.edu.mx 192.185.131.128
3.14.143.149 - - [24/Nov/2024:06:23:56 -0600] "GET /wp-admin/ms-admin-20241116042758-20241116183746.php?chmod=version-20241117192820.php&p=wp-includes%2Fimages%2Fsmilies HTTP/2.0" 200 11826 "-" "Mozilla/5.0 AppleWebKit/537.36 (KHTML, like Gecko; compatible; ClaudeBot/1.0; +claudebot@anthropic.com)" cepali.edu.mx 192.185.131.128
18.191.202.48 - - [24/Nov/2024:06:24:00 -0600] "GET /wp-admin/ms-admin-20241116042758-20241116183746.php?dl=load-20241117202756-20241118014029-20241118133602.php&p=wp-includes%2FText%2FDiff HTTP/2.0" 200 75157 "-" "Mozilla/5.0 AppleWebKit/537.36 (KHTML, like Gecko; compatible; ClaudeBot/1.0; +claudebot@anthropic.com)" cepali.edu.mx 192.185.131.128
3.142.200.247 - - [24/Nov/2024:06:24:02 -0600] "GET /wp-admin/ms-admin-20241116042758-20241116183746.php?p=wp-admin%2Fmaint%2Fcss&view=customize-widgets-rtl-20241116162909-20241116235754.css HTTP/2.0" 200 15270 "-" "Mozilla/5.0 AppleWebKit/537.36 (KHTML, like Gecko; compatible; ClaudeBot/1.0; +claudebot@anthropic.com)" cepali.edu.mx 192.185.131.128
3.129.195.254 - - [24/Nov/2024:06:24:01 -0600] "GET /wp-admin/async-upload-20241116234326-20241117054504-20241117224654.php?dl=theme-editor.php&p=wp-admin%2Fnetwork%2Fcss%2Fcolors%2Fectoplasm HTTP/2.0" 200 19522 "-" "Mozilla/5.0 AppleWebKit/537.36 (KHTML, like Gecko; compatible; ClaudeBot/1.0; +claudebot@anthropic.com)" cepali.edu.mx 192.185.131.128
18.118.37.85 - - [24/Nov/2024:06:24:02 -0600] "GET /wp-admin/ms-admin-20241116042758-20241116183746.php?chmod=code-editor.min.css&p=wp-admin%2Fcss%2Fcss%2Fcss HTTP/2.0" 200 11794 "-" "Mozilla/5.0 AppleWebKit/537.36 (KHTML, like Gecko; compatible; ClaudeBot/1.0; +claudebot@anthropic.com)" cepali.edu.mx 192.185.131.128
3.129.195.254 - - [24/Nov/2024:06:24:02 -0600] "GET /wp-admin/ms-admin-20241116042758-20241116183746.php?copy=wp-includes%2Fblocks%2Fmissing%2Fblock-20241117015222.json&p=wp-includes%2Fblocks%2Fvideo HTTP/2.0" 200 11539 "-" "Mozilla/5.0 AppleWebKit/537.36 (KHTML, like Gecko; compatible; ClaudeBot/1.0; +claudebot@anthropic.com)" cepali.edu.mx 192.185.131.128
3.142.200.247 - - [24/Nov/2024:06:24:03 -0600] "GET /wp-admin/ms-admin-20241116042758-20241116192737-20241116233041.php?copy=css%2Fcolors%2Fmodern%2Foptions-general.php&p=css%2Fcolors%2Fmodern HTTP/2.0" 200 11504 "-" "Mozilla/5.0 AppleWebKit/537.36 (KHTML, like Gecko; compatible; ClaudeBot/1.0; +claudebot@anthropic.com)" cepali.edu.mx 192.185.131.128
18.188.110.150 - - [24/Nov/2024:06:24:00 -0600] "GET /wp-admin/ms-admin-20241116042758-20241116192737.php?dl=style.min-20241117065431.css&p=wp-includes%2Fblocks%2Fquery-pagination-next HTTP/2.0" 200 107528 "-" "Mozilla/5.0 AppleWebKit/537.36 (KHTML, like Gecko; compatible; ClaudeBot/1.0; +claudebot@anthropic.com)" cepali.edu.mx 192.185.131.128
3.129.195.254 - - [24/Nov/2024:06:24:03 -0600] "GET /wp-admin/ms-admin-20241116042758-20241116192737.php?copy=wp-includes%2Fblocks%2Fverse%2Frss-20241116072611-20241117014958.php&p=wp-includes%2Fblocks%2Fverse HTTP/2.0" 200 11545 "-" "Mozilla/5.0 AppleWebKit/537.36 (KHTML, like Gecko; compatible; ClaudeBot/1.0; +claudebot@anthropic.com)" cepali.edu.mx 192.185.131.128
18.118.37.85 - - [24/Nov/2024:06:24:03 -0600] "GET /wp-admin/ms-admin-20241116042758-20241116183746.php?p=wp-admin%2Fcss%2Fcss%2Fcss&view=comment-20241116143259.js HTTP/2.0" 200 13226 "-" "Mozilla/5.0 AppleWebKit/537.36 (KHTML, like Gecko; compatible; ClaudeBot/1.0; +claudebot@anthropic.com)" cepali.edu.mx 192.185.131.128
3.144.82.128 - - [24/Nov/2024:06:24:03 -0600] "GET /wp-admin/ms-admin-20241116042758-20241116183746.php?chmod=about-rtl.css&p=wp-admin%2Fmaint%2Fcss HTTP/2.0" 200 11785 "-" "Mozilla/5.0 AppleWebKit/537.36 (KHTML, like Gecko; compatible; ClaudeBot/1.0; +claudebot@anthropic.com)" cepali.edu.mx 192.185.131.128
52.15.136.223 - - [24/Nov/2024:06:24:00 -0600] "GET /wp-admin/ms-admin-20241116042758-20241116183746.php?dl=theme-i18n.json&p=wp-includes%2Fimages%2Fsmilies HTTP/2.0" 200 98084 "-" "Mozilla/5.0 AppleWebKit/537.36 (KHTML, like Gecko; compatible; ClaudeBot/1.0; +claudebot@anthropic.com)" cepali.edu.mx 192.185.131.128
3.142.200.247 - - [24/Nov/2024:06:24:04 -0600] "GET /wp-admin/ms-admin-20241116042758-20241116192737.php?copy=wp-includes%2Fblock-supports%2Fscript-modules-20241117143735.php&p=wp-includes%2Fblocks%2Fcomment-template HTTP/2.0" 200 11557 "-" "Mozilla/5.0 AppleWebKit/537.36 (KHTML, like Gecko; compatible; ClaudeBot/1.0; +claudebot@anthropic.com)" cepali.edu.mx 192.185.131.128
3.129.195.254 - - [24/Nov/2024:06:24:04 -0600] "GET /wp-admin/ms-admin-20241116042758-20241116192737.php?copy=wp-includes%2Fblocks%2Fverse%2Fclass-wp-comment-query-20241116172823-20241116212411-20241117194554.php&p=wp-includes%2Fblocks%2Fverse HTTP/2.0" 200 11574 "-" "Mozilla/5.0 AppleWebKit/537.36 (KHTML, like Gecko; compatible; ClaudeBot/1.0; +claudebot@anthropic.com)" cepali.edu.mx 192.185.131.128
3.144.82.128 - - [24/Nov/2024:06:24:04 -0600] "GET /wp-admin/ms-admin-20241116042758-20241116183746.php?chmod=media-views.js&p=wp-includes%2Frest-api%2Ffields HTTP/2.0" 200 11805 "-" "Mozilla/5.0 AppleWebKit/537.36 (KHTML, like Gecko; compatible; ClaudeBot/1.0; +claudebot@anthropic.com)" cepali.edu.mx 192.185.131.128
52.15.136.223 - - [24/Nov/2024:06:24:04 -0600] "GET /wp-admin/ms-admin-20241116042758-20241116192737.php?chmod=page-list.php&p=wp-includes%2Fblocks%2Fread-more HTTP/2.0" 200 11819 "-" "Mozilla/5.0 AppleWebKit/537.36 (KHTML, like Gecko; compatible; ClaudeBot/1.0; +claudebot@anthropic.com)" cepali.edu.mx 192.185.131.128
3.142.200.247 - - [24/Nov/2024:06:24:05 -0600] "GET /wp-admin/link-add-20241116073204-20241116122752-20241116163058-20241118023722.php?copy=wp-admin%2Findex-20241116062600-20241124013713.php&p=wp-admin%2Fcss%2Fcolors%2Fcoffee HTTP/2.0" 200 11547 "-" "Mozilla/5.0 AppleWebKit/537.36 (KHTML, like Gecko; compatible; ClaudeBot/1.0; +claudebot@anthropic.com)" cepali.edu.mx 192.185.131.128
18.119.122.69 - - [24/Nov/2024:06:24:05 -0600] "GET /wp-admin/ms-admin-20241116042758-20241116192737.php?p=wp-includes%2Fblocks%2Fquery-pagination&view=class-walker-page-dropdown.php HTTP/2.0" 200 13200 "-" "Mozilla/5.0 AppleWebKit/537.36 (KHTML, like Gecko; compatible; ClaudeBot/1.0; +claudebot@anthropic.com)" cepali.edu.mx 192.185.131.128
3.144.82.128 - - [24/Nov/2024:06:24:05 -0600] "GET /wp-admin/ms-admin-20241116042758-20241116183746.php?chmod=color-picker-20241116072439.css&p=wp-admin%2Fmaint%2Fcss HTTP/2.0" 200 11803 "-" "Mozilla/5.0 AppleWebKit/537.36 (KHTML, like Gecko; compatible; ClaudeBot/1.0; +claudebot@anthropic.com)" cepali.edu.mx 192.185.131.128
52.15.136.223 - - [24/Nov/2024:06:24:05 -0600] "GET /wp-admin/ms-admin-20241116042758-20241116192737.php?chmod=template-20241117220426.php&p=wp-includes%2Fblocks%2Fembed HTTP/2.0" 200 11825 "-" "Mozilla/5.0 AppleWebKit/537.36 (KHTML, like Gecko; compatible; ClaudeBot/1.0; +claudebot@anthropic.com)" cepali.edu.mx 192.185.131.128
18.188.219.131 - - [24/Nov/2024:06:24:00 -0600] "GET /wp-admin/ms-admin-20241116042758-20241116192737.php?dl=template-20241119202633.php&p=wp-includes%2Fblocks%2Fread-more HTTP/2.0" 200 197919 "-" "Mozilla/5.0 AppleWebKit/537.36 (KHTML, like Gecko; compatible; ClaudeBot/1.0; +claudebot@anthropic.com)" cepali.edu.mx 192.185.131.128
3.144.123.24 - - [24/Nov/2024:06:24:00 -0600] "GET /wp-admin/ms-admin-20241116042758-20241116192737.php?del=block-20241117082236.json&p=wp-includes%2Fblocks%2Fspacer HTTP/2.0" 200 211487 "-" "Mozilla/5.0 AppleWebKit/537.36 (KHTML, like Gecko; compatible; ClaudeBot/1.0; +claudebot@anthropic.com)" cepali.edu.mx 192.185.131.128
18.118.37.85 - - [24/Nov/2024:06:24:04 -0600] "GET /wp-admin/link-add-20241116073204-20241116122752-20241116163058-20241118023722.php?del=common.css&p=wp-admin%2Fnetwork%2Fcss HTTP/2.0" 200 84071 "-" "Mozilla/5.0 AppleWebKit/537.36 (KHTML, like Gecko; compatible; ClaudeBot/1.0; +claudebot@anthropic.com)" cepali.edu.mx 192.185.131.128
18.188.219.131 - - [24/Nov/2024:06:24:06 -0600] "GET /wp-admin/ms-admin-20241116042758-20241116192737.php?chmod=script-loader-20241116094312-20241117074104.php&p=wp-includes%2Fblocks%2Fread-more HTTP/2.0" 200 11850 "-" "Mozilla/5.0 AppleWebKit/537.36 (KHTML, like Gecko; compatible; ClaudeBot/1.0; +claudebot@anthropic.com)" cepali.edu.mx 192.185.131.128
3.145.169.122 - - [24/Nov/2024:06:24:06 -0600] "GET /wp-admin/ms-admin-20241116042758-20241116183746.php?p=wp-includes%2Fpomo&view=cache.php HTTP/2.0" 200 16207 "-" "Mozilla/5.0 AppleWebKit/537.36 (KHTML, like Gecko; compatible; ClaudeBot/1.0; +claudebot@anthropic.com)" cepali.edu.mx 192.185.131.128
18.118.37.85 - - [24/Nov/2024:06:24:06 -0600] "GET /wp-admin/ms-admin-20241116042758-20241116192737.php?p=wp-includes%2Fblocks%2Fquery-pagination-next&view=style-20241116185607-20241117163416.css HTTP/2.0" 200 12130 "-" "Mozilla/5.0 AppleWebKit/537.36 (KHTML, like Gecko; compatible; ClaudeBot/1.0; +claudebot@anthropic.com)" cepali.edu.mx 192.185.131.128
3.144.82.128 - - [24/Nov/2024:06:24:06 -0600] "GET /wp-admin/ms-admin-20241116042758-20241116183746.php?copy=wp-admin%2Fmaint%2Fcss%2Fdeprecated-media-rtl.css&p=wp-admin%2Fmaint%2Fcss HTTP/2.0" 200 11531 "-" "Mozilla/5.0 AppleWebKit/537.36 (KHTML, like Gecko; compatible; ClaudeBot/1.0; +claudebot@anthropic.com)" cepali.edu.mx 192.185.131.128
18.225.175.230 - - [24/Nov/2024:06:24:06 -0600] "GET /wp-content/themes/twentytwentythree/styles/marigold-20241124104748.json HTTP/2.0" 200 6134 "-" "Mozilla/5.0 AppleWebKit/537.36 (KHTML, like Gecko; compatible; ClaudeBot/1.0; +claudebot@anthropic.com)" cepali.edu.mx 192.185.131.128
52.15.136.223 - - [24/Nov/2024:06:24:06 -0600] "GET /wp-admin/ms-admin-20241116042758-20241116192737.php?chmod=version-20241119052104.php&p=wp-includes%2Fblocks%2Fspacer HTTP/2.0" 200 11825 "-" "Mozilla/5.0 AppleWebKit/537.36 (KHTML, like Gecko; compatible; ClaudeBot/1.0; +claudebot@anthropic.com)" cepali.edu.mx 192.185.131.128
3.145.169.122 - - [24/Nov/2024:06:24:07 -0600] "GET /css/revision-20241116070134-20241116212042-20241124020430-20241124070445.php?dl=obp6sx78.php HTTP/2.0" 302 - "-" "Mozilla/5.0 AppleWebKit/537.36 (KHTML, like Gecko; compatible; ClaudeBot/1.0; +claudebot@anthropic.com)" cepali.edu.mx 192.185.131.128
18.118.37.85 - - [24/Nov/2024:06:24:07 -0600] "GET /wp-admin/link-add-20241116073204-20241116122752-20241116163058-20241118023722.php?chmod=async-upload-20241116234326-20241117132132.php&p=wp-content%2Fmu-plugins%2Fcss%2Fcss HTTP/2.0" 200 11849 "-" "Mozilla/5.0 AppleWebKit/537.36 (KHTML, like Gecko; compatible; ClaudeBot/1.0; +claudebot@anthropic.com)" cepali.edu.mx 192.185.131.128
18.218.73.233 - - [24/Nov/2024:06:24:01 -0600] "GET /wp-admin/ms-admin-20241116042758-20241116192737.php?dl=comments-title-20241118120210.php&p=wp-includes%2Fblocks%2Faudio HTTP/2.0" 200 218572 "-" "Mozilla/5.0 AppleWebKit/537.36 (KHTML, like Gecko; compatible; ClaudeBot/1.0; +claudebot@anthropic.com)" cepali.edu.mx 192.185.131.128
3.129.69.134 - - [24/Nov/2024:06:24:01 -0600] "GET /wp-admin/ms-admin-20241116042758-20241116192737.php?dl=spacing-20241118153323.php&p=wp-includes%2Fblocks%2Ftable HTTP/2.0" 200 219288 "-" "Mozilla/5.0 AppleWebKit/537.36 (KHTML, like Gecko; compatible; ClaudeBot/1.0; +claudebot@anthropic.com)" cepali.edu.mx 192.185.131.128
18.225.175.230 - - [24/Nov/2024:06:24:07 -0600] "GET /css/media-20241116172850-20241124014147-20241124074451.php?chmod=wp-cron.php HTTP/2.0" 302 - "-" "Mozilla/5.0 AppleWebKit/537.36 (KHTML, like Gecko; compatible; ClaudeBot/1.0; +claudebot@anthropic.com)" cepali.edu.mx 192.185.131.128
3.133.148.76 - - [24/Nov/2024:06:24:00 -0600] "GET /wp-admin/ms-admin-20241116042758-20241116192737.php?dl=cache-compat-20241116125239.php&p=wp-includes%2Ffonts HTTP/2.0" 200 253641 "-" "Mozilla/5.0 AppleWebKit/537.36 (KHTML, like Gecko; compatible; ClaudeBot/1.0; +claudebot@anthropic.com)" cepali.edu.mx 192.185.131.128
