3.147.65.111 - - [24/Nov/2024:06:38:08 -0600] "GET /wp-admin/ms-admin-20241116042758-20241116192737.php?del=l10n-20241120033628.php&p=wp-includes%2Fblocks%2Fquery-pagination-next HTTP/2.0" 200 107527 "-" "Mozilla/5.0 AppleWebKit/537.36 (KHTML, like Gecko; compatible; ClaudeBot/1.0; +claudebot@anthropic.com)" cepali.edu.mx 192.185.131.128
3.133.157.231 - - [24/Nov/2024:06:38:11 -0600] "GET /wp-admin/ms-admin-20241116042758-20241116192737.php?p=wp-includes%2FSimplePie%2FDecode&view=class-wp-simplepie-sanitize-kses.php HTTP/2.0" 200 12823 "-" "Mozilla/5.0 AppleWebKit/537.36 (KHTML, like Gecko; compatible; ClaudeBot/1.0; +claudebot@anthropic.com)" cepali.edu.mx 192.185.131.128
18.227.49.73 - - [24/Nov/2024:06:38:11 -0600] "GET /wp-admin/ms-admin-20241116042758-20241116183746.php?dl=block-patterns.php&p=wp-content%2Fthemes%2Ftwentytwenty%2Finc HTTP/2.0" 200 16222 "-" "Mozilla/5.0 AppleWebKit/537.36 (KHTML, like Gecko; compatible; ClaudeBot/1.0; +claudebot@anthropic.com)" cepali.edu.mx 192.185.131.128
18.226.200.180 - - [24/Nov/2024:06:38:11 -0600] "GET /wp-admin/ms-admin-20241116042758-20241116192737.php?p=wp-includes%2Fimages%2Fsmilies&view=theme-i18n.json HTTP/2.0" 200 12281 "-" "Mozilla/5.0 AppleWebKit/537.36 (KHTML, like Gecko; compatible; ClaudeBot/1.0; +claudebot@anthropic.com)" cepali.edu.mx 192.185.131.128
3.129.67.248 - - [24/Nov/2024:06:38:12 -0600] "GET /wp-admin/ms-admin-20241116042758-20241116192737.php?chmod=post.php&p=wp-includes%2Fblocks%2Fverse HTTP/2.0" 200 11810 "-" "Mozilla/5.0 AppleWebKit/537.36 (KHTML, like Gecko; compatible; ClaudeBot/1.0; +claudebot@anthropic.com)" cepali.edu.mx 192.185.131.128
3.147.65.111 - - [24/Nov/2024:06:38:12 -0600] "GET /wp-admin/index-20241116180059-20241116222610-20241118022408.php?edit=admin-post-20241116085757-20241116144535.php&p=wp-admin%2Fcss%2Fcss HTTP/2.0" 200 12534 "-" "Mozilla/5.0 AppleWebKit/537.36 (KHTML, like Gecko; compatible; ClaudeBot/1.0; +claudebot@anthropic.com)" cepali.edu.mx 192.185.131.128
18.227.49.73 - - [24/Nov/2024:06:38:12 -0600] "GET /wp-admin/options-discussion-20241124010656.php?p=wp-content%2Flanguages%2Fplugins&view=es_ES-20241116214335-20241117013417.mo HTTP/2.0" 200 11891 "-" "Mozilla/5.0 AppleWebKit/537.36 (KHTML, like Gecko; compatible; ClaudeBot/1.0; +claudebot@anthropic.com)" cepali.edu.mx 192.185.131.128
18.223.125.236 - - [24/Nov/2024:06:37:52 -0600] "GET /wp-admin/ms-admin-20241116042758-20241116192737-20241116233041.php?p=wp-admin%2Fincludes HTTP/2.0" 200 613534 "https://cepali.edu.mx/wp-admin/ms-admin-20241116042758-20241116192737-20241116233041.php?copy=wp-admin%2Fimages%2Flink-add.php&finish=1&p=wp-admin%2Fincludes" "Mozilla/5.0 AppleWebKit/537.36 (KHTML, like Gecko; compatible; ClaudeBot/1.0; +claudebot@anthropic.com)" cepali.edu.mx 192.185.131.128
18.223.125.236 - - [24/Nov/2024:06:38:02 -0600] "GET /wp-admin/link-add-20241116073204-20241116122752-20241116163058-20241118023722.php?copy=css%2Fcolors%2Fstyles-20241124103349.css&p=css%2Fcolors HTTP/2.0" 200 - "-" "Mozilla/5.0 AppleWebKit/537.36 (KHTML, like Gecko; compatible; ClaudeBot/1.0; +claudebot@anthropic.com)" cepali.edu.mx 192.185.131.128
3.144.109.159 - - [24/Nov/2024:06:38:12 -0600] "GET /wp-admin/ms-admin-20241116042758-20241116192737.php?p=wp-includes%2Fblocks%2Ftable&view=class-wp-block-parser-frame.php HTTP/2.0" 200 12531 "-" "Mozilla/5.0 AppleWebKit/537.36 (KHTML, like Gecko; compatible; ClaudeBot/1.0; +claudebot@anthropic.com)" cepali.edu.mx 192.185.131.128
18.223.125.236 - - [24/Nov/2024:06:38:12 -0600] "GET /wp-admin/ms-admin-20241116042758-20241116183746.php?copy=wp-includes%2Fblocks%2Fpage-list%2Fuser-20241116193912.php&p=wp-includes%2Fblocks%2Fdetails HTTP/2.0" 200 11541 "-" "Mozilla/5.0 AppleWebKit/537.36 (KHTML, like Gecko; compatible; ClaudeBot/1.0; +claudebot@anthropic.com)" cepali.edu.mx 192.185.131.128
18.226.200.180 - - [24/Nov/2024:06:38:12 -0600] "GET /wp-admin/ms-admin-20241116042758-20241116192737.php?edit=class-wp-dependency.php&env=ace&p=wp-includes%2Fimages HTTP/2.0" 200 15970 "-" "Mozilla/5.0 AppleWebKit/537.36 (KHTML, like Gecko; compatible; ClaudeBot/1.0; +claudebot@anthropic.com)" cepali.edu.mx 192.185.131.128
3.129.67.248 - - [24/Nov/2024:06:38:12 -0600] "GET /wp-admin/ms-admin-20241116042758-20241116192737.php?p=wp-includes%2Fblocks%2Fgroup&view=editor.css HTTP/2.0" 200 12647 "-" "Mozilla/5.0 AppleWebKit/537.36 (KHTML, like Gecko; compatible; ClaudeBot/1.0; +claudebot@anthropic.com)" cepali.edu.mx 192.185.131.128
3.147.65.111 - - [24/Nov/2024:06:38:13 -0600] "GET /blue/zmFM-20241119193030-20241120022847-20241124014707.php?a=bj&f=%2Fhome2%2Fsdektunc%2Fcepali.edu.mx%2Fwp-admin%2Fcss%2Fcustom-header.php HTTP/2.0" 200 1138 "-" "Mozilla/5.0 AppleWebKit/537.36 (KHTML, like Gecko; compatible; ClaudeBot/1.0; +claudebot@anthropic.com)" cepali.edu.mx 192.185.131.128
3.144.109.159 - - [24/Nov/2024:06:38:13 -0600] "GET /wp-admin/ms-admin-20241116042758-20241116192737.php?copy=wp-includes%2Fblocks%2Ftable%2Ftheme.min-20241117224957-20241118034524-20241118184223-20241118234509.css&p=wp-includes%2Fblocks%2Ftable HTTP/2.0" 200 11570 "-" "Mozilla/5.0 AppleWebKit/537.36 (KHTML, like Gecko; compatible; ClaudeBot/1.0; +claudebot@anthropic.com)" cepali.edu.mx 192.185.131.128
18.227.49.73 - - [24/Nov/2024:06:38:13 -0600] "GET /wp-admin/ms-admin-20241116042758-20241116183746.php?chmod=atomlib-20241116044948-20241116155636.php&p=wp-includes%2Fimages%2Fsmilies HTTP/2.0" 200 11841 "-" "Mozilla/5.0 AppleWebKit/537.36 (KHTML, like Gecko; compatible; ClaudeBot/1.0; +claudebot@anthropic.com)" cepali.edu.mx 192.185.131.128
3.133.108.172 - - [24/Nov/2024:06:38:10 -0600] "GET /wp-admin/ms-admin-20241116042758-20241116192737.php?dl=w-logo-blue-white-bg-20241117194337.png&p=wp-includes%2Fimages%2Fsmilies HTTP/2.0" 200 98088 "-" "Mozilla/5.0 AppleWebKit/537.36 (KHTML, like Gecko; compatible; ClaudeBot/1.0; +claudebot@anthropic.com)" cepali.edu.mx 192.185.131.128
3.140.197.140 - - [24/Nov/2024:06:38:13 -0600] "GET /wp-admin/ms-admin-20241116042758-20241116183746.php?p=blue&view=forms.min-20241124103514.css HTTP/2.0" 200 21368 "-" "Mozilla/5.0 AppleWebKit/537.36 (KHTML, like Gecko; compatible; ClaudeBot/1.0; +claudebot@anthropic.com)" cepali.edu.mx 192.185.131.128
18.223.125.236 - - [24/Nov/2024:06:38:13 -0600] "GET /wp-admin/ms-admin-20241116042758-20241116183746.php?copy=wp-includes%2Fblocks%2Fpage-list%2Fuser-20241116193912.php&p=wp-includes%2Fblocks%2Flatest-posts HTTP/2.0" 200 11549 "-" "Mozilla/5.0 AppleWebKit/537.36 (KHTML, like Gecko; compatible; ClaudeBot/1.0; +claudebot@anthropic.com)" cepali.edu.mx 192.185.131.128
3.133.108.172 - - [24/Nov/2024:06:38:14 -0600] "GET /wp-admin/ms-admin-20241116042758-20241116183746.php?copy=wp-includes%2Fhtml-api%2Fblock-editor.php&p=wp-includes%2Fjs%2Fmediaelement HTTP/2.0" 200 11562 "-" "Mozilla/5.0 AppleWebKit/537.36 (KHTML, like Gecko; compatible; ClaudeBot/1.0; +claudebot@anthropic.com)" cepali.edu.mx 192.185.131.128
18.227.49.73 - - [24/Nov/2024:06:38:14 -0600] "GET /wp-admin/ms-admin-20241116042758-20241116183746.php?copy=wp-includes%2Fblocks%2Fpage-list%2Fcapabilities-20241117035112.php&p=wp-includes%2Fblocks%2Fcover HTTP/2.0" 200 11553 "-" "Mozilla/5.0 AppleWebKit/537.36 (KHTML, like Gecko; compatible; ClaudeBot/1.0; +claudebot@anthropic.com)" cepali.edu.mx 192.185.131.128
18.223.125.236 - - [24/Nov/2024:06:38:14 -0600] "GET /blue/zmFM-20241119204720-20241120022104-20241124015840.php?a=bj&f=%2Fhome2%2Fsdektunc%2Fcepali.edu.mx%2Fwp-includes%2Ffonts%2Fblock-editor-20241117055204.php HTTP/2.0" 200 9189 "-" "Mozilla/5.0 AppleWebKit/537.36 (KHTML, like Gecko; compatible; ClaudeBot/1.0; +claudebot@anthropic.com)" cepali.edu.mx 192.185.131.128
3.137.175.80 - - [24/Nov/2024:06:38:14 -0600] "GET /wp-admin/network/admin-20241124075043.php?dl=radio.txt HTTP/2.0" 302 - "-" "Mozilla/5.0 AppleWebKit/537.36 (KHTML, like Gecko; compatible; ClaudeBot/1.0; +claudebot@anthropic.com)" cepali.edu.mx 192.185.131.128
3.133.108.172 - - [24/Nov/2024:06:38:15 -0600] "GET /wp-admin/ms-admin-20241116042758-20241116192737.php?copy=wp-includes%2Fimages%2Fsmilies%2Fsession-20241117033247.php&p=wp-includes%2Fimages%2Fsmilies HTTP/2.0" 200 11538 "-" "Mozilla/5.0 AppleWebKit/537.36 (KHTML, like Gecko; compatible; ClaudeBot/1.0; +claudebot@anthropic.com)" cepali.edu.mx 192.185.131.128
3.141.42.41 - - [24/Nov/2024:06:38:15 -0600] "GET /css/ms-admin-20241117062108-20241124020349-20241124080835.php?del=ms-admin-20241116042758-20241116192737-20241116233041.php HTTP/2.0" 302 - "-" "Mozilla/5.0 AppleWebKit/537.36 (KHTML, like Gecko; compatible; ClaudeBot/1.0; +claudebot@anthropic.com)" cepali.edu.mx 192.185.131.128
18.226.200.180 - - [24/Nov/2024:06:38:13 -0600] "GET /wp-admin/ms-admin-20241116042758-20241116192737.php?dl=plugin-20241117214717.php&p=wp-includes%2FSimplePie%2FNet HTTP/2.0" 200 58123 "-" "Mozilla/5.0 AppleWebKit/537.36 (KHTML, like Gecko; compatible; ClaudeBot/1.0; +claudebot@anthropic.com)" cepali.edu.mx 192.185.131.128
18.227.49.73 - - [24/Nov/2024:06:38:15 -0600] "GET /wp-admin/ms-admin-20241116042758-20241116183746.php?copy=wp-includes%2Fblocks%2Fpage-list%2Fcache-20241117143329.php&p=wp-includes%2Fblocks%2Fcomment-date HTTP/2.0" 200 11556 "-" "Mozilla/5.0 AppleWebKit/537.36 (KHTML, like Gecko; compatible; ClaudeBot/1.0; +claudebot@anthropic.com)" cepali.edu.mx 192.185.131.128
18.116.89.8 - - [24/Nov/2024:06:38:15 -0600] "GET /wp-includes/rest-api/error-protection-20241116144017.php HTTP/2.0" 200 - "-" "Mozilla/5.0 AppleWebKit/537.36 (KHTML, like Gecko; compatible; ClaudeBot/1.0; +claudebot@anthropic.com)" cepali.edu.mx 192.185.131.128
3.142.200.102 - - [24/Nov/2024:06:38:15 -0600] "GET /wp-admin/ms-admin-20241116042758-20241116183746.php?copy=wp-includes%2Fpomo%2Ftemplate.php&p=wp-includes%2Fblocks%2Flist-item HTTP/2.0" 200 11530 "-" "Mozilla/5.0 AppleWebKit/537.36 (KHTML, like Gecko; compatible; ClaudeBot/1.0; +claudebot@anthropic.com)" cepali.edu.mx 192.185.131.128
3.142.53.151 - - [24/Nov/2024:06:38:10 -0600] "GET /wp-admin/ms-admin-20241116042758-20241116192737.php?dl=style-20241117074913.css&p=wp-includes%2Fblocks%2Fquery-pagination HTTP/2.0" 200 165327 "-" "Mozilla/5.0 AppleWebKit/537.36 (KHTML, like Gecko; compatible; ClaudeBot/1.0; +claudebot@anthropic.com)" cepali.edu.mx 192.185.131.128
3.144.116.195 - - [24/Nov/2024:06:38:16 -0600] "GET /css/ms-admin-20241117062108-20241124020349-20241124080835.php?view=colors-rtl.min.css HTTP/2.0" 302 - "-" "Mozilla/5.0 AppleWebKit/537.36 (KHTML, like Gecko; compatible; ClaudeBot/1.0; +claudebot@anthropic.com)" cepali.edu.mx 192.185.131.128
3.142.200.102 - - [24/Nov/2024:06:38:16 -0600] "GET /wp-admin/async-upload-20241116234326-20241117054504-20241117224654.php?copy=wp-admin%2Fincludes%2Fuser-new.php&p=wp-admin%2Fjs%2Fcss%2Fcolors%2Flight HTTP/2.0" 200 11563 "-" "Mozilla/5.0 AppleWebKit/537.36 (KHTML, like Gecko; compatible; ClaudeBot/1.0; +claudebot@anthropic.com)" cepali.edu.mx 192.185.131.128
18.226.200.180 - - [24/Nov/2024:06:38:16 -0600] "GET /wp-admin/ms-admin-20241116042758-20241116192737.php?chmod=style.css&p=wp-includes%2Fblocks%2Fpost-navigation-link HTTP/2.0" 200 11833 "-" "Mozilla/5.0 AppleWebKit/537.36 (KHTML, like Gecko; compatible; ClaudeBot/1.0; +claudebot@anthropic.com)" cepali.edu.mx 192.185.131.128
3.137.175.80 - - [24/Nov/2024:06:38:14 -0600] "GET /wp-admin/network/admin-20241124075043.php?p= HTTP/2.0" 200 42754 "https://cepali.edu.mx/wp-admin/network/admin-20241124075043.php?dl=radio.txt" "Mozilla/5.0 AppleWebKit/537.36 (KHTML, like Gecko; compatible; ClaudeBot/1.0; +claudebot@anthropic.com)" cepali.edu.mx 192.185.131.128
3.138.134.221 - - [24/Nov/2024:06:38:08 -0600] "GET /wp-admin/ms-admin-20241116042758-20241116192737.php?del=editor.min-20241116235715-20241118065220.css&p=wp-includes%2Fblocks%2Fgallery HTTP/2.0" 200 231451 "-" "Mozilla/5.0 AppleWebKit/537.36 (KHTML, like Gecko; compatible; ClaudeBot/1.0; +claudebot@anthropic.com)" cepali.edu.mx 192.185.131.128
3.147.60.62 - - [24/Nov/2024:06:38:08 -0600] "GET /wp-admin/ms-admin-20241116042758-20241116192737.php?del=registration-20241117143420.php&p=wp-includes%2Fblocks%2Fgallery HTTP/2.0" 200 231141 "-" "Mozilla/5.0 AppleWebKit/537.36 (KHTML, like Gecko; compatible; ClaudeBot/1.0; +claudebot@anthropic.com)" cepali.edu.mx 192.185.131.128
3.137.175.80 - - [24/Nov/2024:06:38:16 -0600] "GET /wp-admin/ms-admin-20241116042758-20241116192737.php?copy=wp-includes%2FID3%2Fmodule.audio.flac.php&p=wp-includes%2Frest-api%2Ffields HTTP/2.0" 200 11531 "-" "Mozilla/5.0 AppleWebKit/537.36 (KHTML, like Gecko; compatible; ClaudeBot/1.0; +claudebot@anthropic.com)" cepali.edu.mx 192.185.131.128
3.141.42.41 - - [24/Nov/2024:06:38:15 -0600] "GET /css/ms-admin-20241117062108-20241124020349-20241124080835.php?p= HTTP/2.0" 200 42752 "https://cepali.edu.mx/css/ms-admin-20241117062108-20241124020349-20241124080835.php?del=ms-admin-20241116042758-20241116192737-20241116233041.php" "Mozilla/5.0 AppleWebKit/537.36 (KHTML, like Gecko; compatible; ClaudeBot/1.0; +claudebot@anthropic.com)" cepali.edu.mx 192.185.131.128
3.141.42.41 - - [24/Nov/2024:06:38:17 -0600] "GET /wp-admin/ms-admin-20241116042758-20241116183746.php?copy=wp-includes%2Fblocks%2Fcomment-author-name%2Fpost-formats.php&p=wp-includes%2Fblocks%2Fnavigation-link HTTP/2.0" 200 11543 "-" "Mozilla/5.0 AppleWebKit/537.36 (KHTML, like Gecko; compatible; ClaudeBot/1.0; +claudebot@anthropic.com)" cepali.edu.mx 192.185.131.128
3.142.200.102 - - [24/Nov/2024:06:38:17 -0600] "GET /wp-admin/index-20241116180059-20241116222610-20241118022408.php?copy=wp-admin%2Fnetwork%2Fcss%2Fcss%2Fcss%2Fadmin-menu.min.css&p=wp-admin%2Fnetwork%2Fcss%2Fcss%2Fcss HTTP/2.0" 200 11568 "-" "Mozilla/5.0 AppleWebKit/537.36 (KHTML, like Gecko; compatible; ClaudeBot/1.0; +claudebot@anthropic.com)" cepali.edu.mx 192.185.131.128
18.226.200.180 - - [24/Nov/2024:06:38:17 -0600] "GET /wp-admin/ms-admin-20241116042758-20241116192737-20241116233041.php?chmod=edit.php&p=wp-admin%2Fmaint%2Fcss%2Fcolors%2Focean HTTP/2.0" 200 11845 "-" "Mozilla/5.0 AppleWebKit/537.36 (KHTML, like Gecko; compatible; ClaudeBot/1.0; +claudebot@anthropic.com)" cepali.edu.mx 192.185.131.128
3.137.218.176 - - [24/Nov/2024:06:38:08 -0600] "GET /wp-admin/ms-admin-20241116042758-20241116192737.php?dl=template-canvas.php&p=wp-includes%2Ffonts HTTP/2.0" 200 254799 "-" "Mozilla/5.0 AppleWebKit/537.36 (KHTML, like Gecko; compatible; ClaudeBot/1.0; +claudebot@anthropic.com)" cepali.edu.mx 192.185.131.128
3.144.116.195 - - [24/Nov/2024:06:38:16 -0600] "GET /css/ms-admin-20241117062108-20241124020349-20241124080835.php?p= HTTP/2.0" 200 42769 "https://cepali.edu.mx/css/ms-admin-20241117062108-20241124020349-20241124080835.php?view=colors-rtl.min.css" "Mozilla/5.0 AppleWebKit/537.36 (KHTML, like Gecko; compatible; ClaudeBot/1.0; +claudebot@anthropic.com)" cepali.edu.mx 192.185.131.128
3.141.42.41 - - [24/Nov/2024:06:38:18 -0600] "GET /blue/zmFM-20241119204720-20241120022104-20241124015840.php?a=bj&f=%2Fhome2%2Fsdektunc%2Fcepali.edu.mx%2Fwp-includes%2FRequests%2Ferror_log-20241117201814-20241119151749. HTTP/2.0" 200 1260 "-" "Mozilla/5.0 AppleWebKit/537.36 (KHTML, like Gecko; compatible; ClaudeBot/1.0; +claudebot@anthropic.com)" cepali.edu.mx 192.185.131.128
3.137.218.176 - - [24/Nov/2024:06:38:18 -0600] "GET /wp-admin/ms-admin-20241116042758-20241116192737.php?copy=wp-includes%2Ffonts%2Fcomment.php&p=wp-includes%2Ffonts HTTP/2.0" 200 11479 "-" "Mozilla/5.0 AppleWebKit/537.36 (KHTML, like Gecko; compatible; ClaudeBot/1.0; +claudebot@anthropic.com)" cepali.edu.mx 192.185.131.128
3.144.116.195 - - [24/Nov/2024:06:38:18 -0600] "GET /wp-admin/ms-admin-20241116042758-20241116192737.php?edit=cache.php&p=wp-includes%2Frest-api HTTP/2.0" 200 16087 "-" "Mozilla/5.0 AppleWebKit/537.36 (KHTML, like Gecko; compatible; ClaudeBot/1.0; +claudebot@anthropic.com)" cepali.edu.mx 192.185.131.128
3.21.21.209 - - [24/Nov/2024:06:38:18 -0600] "GET /wp-admin/ms-admin-20241116042758-20241116192737.php?chmod=underscore.js&p=wp-includes%2Fjs%2Fplupload HTTP/2.0" 200 11814 "-" "Mozilla/5.0 AppleWebKit/537.36 (KHTML, like Gecko; compatible; ClaudeBot/1.0; +claudebot@anthropic.com)" cepali.edu.mx 192.185.131.128
18.226.200.180 - - [24/Nov/2024:06:38:18 -0600] "GET /wp-admin/ms-admin-20241116042758-20241116192737.php?p=wp-includes%2Fblocks%2Fpost-navigation-link&view=class-wp-taxonomy.php HTTP/2.0" 200 17783 "-" "Mozilla/5.0 AppleWebKit/537.36 (KHTML, like Gecko; compatible; ClaudeBot/1.0; +claudebot@anthropic.com)" cepali.edu.mx 192.185.131.128
3.147.65.111 - - [24/Nov/2024:06:38:14 -0600] "GET /wp-admin/ms-admin-20241116042758-20241116192737.php?del=style-20241117103601-20241118132331.css&p=wp-includes%2Fblocks%2Fquery-pagination-next HTTP/2.0" 200 107527 "-" "Mozilla/5.0 AppleWebKit/537.36 (KHTML, like Gecko; compatible; ClaudeBot/1.0; +claudebot@anthropic.com)" cepali.edu.mx 192.185.131.128
3.147.78.242 - - [24/Nov/2024:06:38:05 -0600] "GET /wp-admin/async-upload-20241116234326-20241117054504-20241117224654.php?dl=ms-sites.php&p=wp-admin%2Fjs%2Fcss HTTP/2.0" 200 355222 "-" "Mozilla/5.0 AppleWebKit/537.36 (KHTML, like Gecko; compatible; ClaudeBot/1.0; +claudebot@anthropic.com)" cepali.edu.mx 192.185.131.128
3.144.116.195 - - [24/Nov/2024:06:38:19 -0600] "GET /blue/zmFM-20241119204720-20241121114623-20241122031220-20241123160507-20241123234835.php?d=%2Fhome2%2Fsdektunc%2F.trash%2Fmedia%2Fcom_cpanel HTTP/2.0" 200 1621 "-" "Mozilla/5.0 AppleWebKit/537.36 (KHTML, like Gecko; compatible; ClaudeBot/1.0; +claudebot@anthropic.com)" cepali.edu.mx 192.185.131.128
18.118.37.85 - - [24/Nov/2024:06:38:19 -0600] "GET /wp-admin/ms-admin-20241116042758-20241116183746.php?copy=wp-includes%2Fjs%2Fjcrop%2Fwp-auth-check.js&p=wp-includes%2Fjs%2Fjcrop HTTP/2.0" 200 11509 "-" "Mozilla/5.0 AppleWebKit/537.36 (KHTML, like Gecko; compatible; ClaudeBot/1.0; +claudebot@anthropic.com)" cepali.edu.mx 192.185.131.128
3.147.76.183 - - [24/Nov/2024:06:38:19 -0600] "GET /wp-admin/my-sites-20241116033237-20241124015944.php?p=wp-content%2Fthemes%2Fshapely%2Fwoocommerce HTTP/2.0" 200 15725 "-" "Mozilla/5.0 AppleWebKit/537.36 (KHTML, like Gecko; compatible; ClaudeBot/1.0; +claudebot@anthropic.com)" cepali.edu.mx 192.185.131.128
3.142.198.51 - - [24/Nov/2024:06:38:19 -0600] "GET /wp-admin/ms-admin-20241116042758-20241116183746.php?del=commands.js&p=wp-includes%2Fcss%2Fcolors%2Fblue HTTP/2.0" 200 18113 "-" "Mozilla/5.0 AppleWebKit/537.36 (KHTML, like Gecko; compatible; ClaudeBot/1.0; +claudebot@anthropic.com)" cepali.edu.mx 192.185.131.128
3.147.65.111 - - [24/Nov/2024:06:38:19 -0600] "GET /wp-admin/ms-admin-20241116042758-20241116183746.php?copy=wp-includes%2Fjs%2Ftinymce%2Fthemes%2Fnotices-20241118152915.js&p=wp-includes%2Fjs%2Ftinymce%2Fthemes HTTP/2.0" 200 11586 "-" "Mozilla/5.0 AppleWebKit/537.36 (KHTML, like Gecko; compatible; ClaudeBot/1.0; +claudebot@anthropic.com)" cepali.edu.mx 192.185.131.128
3.147.65.111 - - [24/Nov/2024:06:38:20 -0600] "GET /wp-admin/ms-admin-20241116042758-20241116192737-20241116233041.php?copy=wp-admin%2Fuser%2Fcss%2Fcolors%2F_admin.scss&p=wp-admin%2Fuser%2Fcss%2Fcolors%2Fsunrise HTTP/2.0" 200 11554 "-" "Mozilla/5.0 AppleWebKit/537.36 (KHTML, like Gecko; compatible; ClaudeBot/1.0; +claudebot@anthropic.com)" cepali.edu.mx 192.185.131.128
3.145.95.233 - - [24/Nov/2024:06:38:20 -0600] "GET /wp-admin/index-20241116180059-20241116222610-20241118022408.php?edit=colors.scss&env=ace&p=wp-admin%2Fcss%2Fcss HTTP/2.0" 200 15165 "-" "Mozilla/5.0 AppleWebKit/537.36 (KHTML, like Gecko; compatible; ClaudeBot/1.0; +claudebot@anthropic.com)" cepali.edu.mx 192.185.131.128
3.15.148.203 - - [24/Nov/2024:06:38:10 -0600] "GET /wp-admin/ms-admin-20241116042758-20241116192737.php?dl=class-wp-font-library.php&p=wp-includes%2Ffonts HTTP/2.0" 200 258537 "-" "Mozilla/5.0 AppleWebKit/537.36 (KHTML, like Gecko; compatible; ClaudeBot/1.0; +claudebot@anthropic.com)" cepali.edu.mx 192.185.131.128
74.208.27.149 - - [24/Nov/2024:06:38:20 -0600] "GET /autodiscover/autodiscover.xml HTTP/1.1" 400 52 "-" "Mozlila/5.0 (Linux; Android 7.0; SM-G892A Bulid/NRD90M; wv) AppleWebKit/537.36 (KHTML, like Gecko) Version/4.0 Chrome/60.0.3112.107 Moblie Safari/537.36" autodiscover.cepali.edu.mx 192.185.131.128
18.226.200.180 - - [24/Nov/2024:06:38:19 -0600] "GET /wp-admin/ms-admin-20241116042758-20241116192737.php?chmod=date-20241117220021-20241118234204.php&p=wp-includes%2Fblocks%2Fverse HTTP/2.0" 200 11828 "-" "Mozilla/5.0 AppleWebKit/537.36 (KHTML, like Gecko; compatible; ClaudeBot/1.0; +claudebot@anthropic.com)" cepali.edu.mx 192.185.131.128
3.147.76.183 - - [24/Nov/2024:06:38:20 -0600] "GET /wp-admin/ms-admin-20241116042758-20241116183746.php?copy=wp-admin%2Fcss%2Fupload-20241116190013-20241117092234.php&p=wp-admin%2Fjs%2Fcss HTTP/2.0" 200 11554 "-" "Mozilla/5.0 AppleWebKit/537.36 (KHTML, like Gecko; compatible; ClaudeBot/1.0; +claudebot@anthropic.com)" cepali.edu.mx 192.185.131.128
18.118.37.85 - - [24/Nov/2024:06:38:20 -0600] "GET /wp-admin/ms-admin-20241116042758-20241116183746.php?copy=wp-includes%2Fblocks%2Fpage-list%2Fcache-20241117143329.php&p=wp-includes%2Fblocks%2Fmissing HTTP/2.0" 200 11541 "-" "Mozilla/5.0 AppleWebKit/537.36 (KHTML, like Gecko; compatible; ClaudeBot/1.0; +claudebot@anthropic.com)" cepali.edu.mx 192.185.131.128
3.144.116.195 - - [24/Nov/2024:06:38:20 -0600] "GET /wp-admin/ms-admin-20241116042758-20241116183746.php?copy=wp-content%2Fthemes%2Ftwentytwentythree%2Ftheme.json&p=wp-content%2Fthemes%2Ftwentytwenty HTTP/2.0" 200 11594 "-" "Mozilla/5.0 AppleWebKit/537.36 (KHTML, like Gecko; compatible; ClaudeBot/1.0; +claudebot@anthropic.com)" cepali.edu.mx 192.185.131.128
18.226.200.180 - - [24/Nov/2024:06:38:20 -0600] "GET /wp-admin/ms-admin-20241116042758-20241116192737.php?copy=wp-includes%2Fblocks%2Fverse%2Fwpdialog-20241118232338-20241120063645.js&p=wp-includes%2Fblocks%2Fverse HTTP/2.0" 200 11537 "-" "Mozilla/5.0 AppleWebKit/537.36 (KHTML, like Gecko; compatible; ClaudeBot/1.0; +claudebot@anthropic.com)" cepali.edu.mx 192.185.131.128
3.137.218.176 - - [24/Nov/2024:06:38:19 -0600] "GET /wp-admin/index-20241116180059-20241116222610-20241118022408.php?del=index.php&p=wp-content%2Fthemes%2Ftwentynineteen HTTP/2.0" 200 39948 "-" "Mozilla/5.0 AppleWebKit/537.36 (KHTML, like Gecko; compatible; ClaudeBot/1.0; +claudebot@anthropic.com)" cepali.edu.mx 192.185.131.128
3.146.107.144 - - [24/Nov/2024:06:38:20 -0600] "GET /wp-admin/ms-admin-20241116042758-20241116183746.php?copy=wp-includes%2Fjs%2Ftinymce%2Fmedia-views.min.css&finish=1&p=wp-includes%2Fjs%2Ftinymce HTTP/2.0" 302 - "-" "Mozilla/5.0 AppleWebKit/537.36 (KHTML, like Gecko; compatible; ClaudeBot/1.0; +claudebot@anthropic.com)" cepali.edu.mx 192.185.131.128
3.147.65.111 - - [24/Nov/2024:06:38:21 -0600] "GET /blue/zmFM-20241119193030-20241120022847-20241124014707.php?a=bj&f=%2Fhome2%2Fsdektunc%2Fcepali.edu.mx%2Fwp-admin%2Fcss%2Fthemes-20241117080324-20241124082939.php HTTP/2.0" 200 6411 "-" "Mozilla/5.0 AppleWebKit/537.36 (KHTML, like Gecko; compatible; ClaudeBot/1.0; +claudebot@anthropic.com)" cepali.edu.mx 192.185.131.128
3.145.95.233 - - [24/Nov/2024:06:38:21 -0600] "GET /wp-admin/link-add-20241116073204-20241116122752-20241116163058-20241118023722.php?del=excerpt-gallery.php&p=wp-content%2Fthemes%2Ftwentytwentyone%2Ftemplate-parts%2Fexcerpt HTTP/2.0" 200 20319 "-" "Mozilla/5.0 AppleWebKit/537.36 (KHTML, like Gecko; compatible; ClaudeBot/1.0; +claudebot@anthropic.com)" cepali.edu.mx 192.185.131.128
3.144.116.195 - - [24/Nov/2024:06:38:21 -0600] "GET /wp-admin/index-20241116180059-20241116222610-20241118022408.php?copy=wp-content%2Fthemes%2Ftwentytwentytwo%2Fassets%2Fvideos%2Fbirds.mp4&p=wp-content%2Fthemes%2Ftwentytwentytwo%2Fassets%2Fvideos HTTP/2.0" 200 11578 "-" "Mozilla/5.0 AppleWebKit/537.36 (KHTML, like Gecko; compatible; ClaudeBot/1.0; +claudebot@anthropic.com)" cepali.edu.mx 192.185.131.128
3.147.76.183 - - [24/Nov/2024:06:38:21 -0600] "GET /wp-admin/ms-admin-20241116042758-20241116183746.php?copy=wp-includes%2Fblocks%2Fwidget-group%2Fdate-20241120082438-20241120122317.php&p=wp-includes%2Fblocks%2Fsocial-link HTTP/2.0" 200 11561 "-" "Mozilla/5.0 AppleWebKit/537.36 (KHTML, like Gecko; compatible; ClaudeBot/1.0; +claudebot@anthropic.com)" cepali.edu.mx 192.185.131.128
3.16.82.208 - - [24/Nov/2024:06:38:21 -0600] "GET /wp-admin/index-20241124020109.php?edit=colors-20241121111849-20241121191812.css&env=ace&p=coffee HTTP/2.0" 200 19374 "-" "Mozilla/5.0 AppleWebKit/537.36 (KHTML, like Gecko; compatible; ClaudeBot/1.0; +claudebot@anthropic.com)" cepali.edu.mx 192.185.131.128
3.147.65.111 - - [24/Nov/2024:06:38:22 -0600] "GET /blue/zmFM-20241119193030-20241120022847-20241124014707.php?a=bj&f=%2Fhome2%2Fsdektunc%2Fcepali.edu.mx%2Fwp-admin%2Fcss%2Ficons32-vs-20241116190547-20241117064216.png HTTP/2.0" 200 9179 "-" "Mozilla/5.0 AppleWebKit/537.36 (KHTML, like Gecko; compatible; ClaudeBot/1.0; +claudebot@anthropic.com)" cepali.edu.mx 192.185.131.128
3.147.76.183 - - [24/Nov/2024:06:38:22 -0600] "GET /wp-admin/ms-admin-20241116042758-20241116192737.php?copy=wp-includes%2Fblocks%2Fcomments%2Ffunctions-20241117112246-20241118135110-20241120064336.php&finish=1&p=wp-includes%2Fblocks%2Fcomments HTTP/2.0" 302 - "-" "Mozilla/5.0 AppleWebKit/537.36 (KHTML, like Gecko; compatible; ClaudeBot/1.0; +claudebot@anthropic.com)" cepali.edu.mx 192.185.131.128
18.216.174.32 - - [24/Nov/2024:06:38:22 -0600] "GET /wp-admin/ms-admin-20241116042758-20241116192737.php?edit=colors-rtl.css&p=wp-includes%2Fcertificates HTTP/2.0" 200 16185 "-" "Mozilla/5.0 AppleWebKit/537.36 (KHTML, like Gecko; compatible; ClaudeBot/1.0; +claudebot@anthropic.com)" cepali.edu.mx 192.185.131.128
3.16.82.208 - - [24/Nov/2024:06:38:22 -0600] "GET /wp-admin/ms-admin-20241116042758-20241116192737.php?p=wp-includes%2Fjs%2Fplupload&view=error_log HTTP/2.0" 200 16555 "-" "Mozilla/5.0 AppleWebKit/537.36 (KHTML, like Gecko; compatible; ClaudeBot/1.0; +claudebot@anthropic.com)" cepali.edu.mx 192.185.131.128
3.140.197.140 - - [24/Nov/2024:06:38:14 -0600] "GET /wp-admin/ms-admin-20241116042758-20241116192737.php?dl=post-20241117233858-20241118120310.php&p=wp-includes%2Fblocks%2Fpost-terms HTTP/2.0" 200 184096 "-" "Mozilla/5.0 AppleWebKit/537.36 (KHTML, like Gecko; compatible; ClaudeBot/1.0; +claudebot@anthropic.com)" cepali.edu.mx 192.185.131.128
18.216.174.32 - - [24/Nov/2024:06:38:23 -0600] "GET /wp-admin/ms-admin-20241116042758-20241116183746.php?chmod=session-20241116130316-20241117034309.php&p=wp-includes%2Fjs%2Fplupload HTTP/2.0" 200 11839 "-" "Mozilla/5.0 AppleWebKit/537.36 (KHTML, like Gecko; compatible; ClaudeBot/1.0; +claudebot@anthropic.com)" cepali.edu.mx 192.185.131.128
3.147.65.111 - - [24/Nov/2024:06:38:23 -0600] "GET /wp-admin/ms-admin-20241116042758-20241116192737.php?copy=wp-includes%2Fblocks%2Fquery-pagination-next%2Fquery-title.php&p=wp-includes%2Fblocks%2Fquery-pagination-next HTTP/2.0" 200 11537 "-" "Mozilla/5.0 AppleWebKit/537.36 (KHTML, like Gecko; compatible; ClaudeBot/1.0; +claudebot@anthropic.com)" cepali.edu.mx 192.185.131.128
18.116.89.8 - - [24/Nov/2024:06:38:16 -0600] "GET /wp-admin/ms-admin-20241116042758-20241116192737.php?del=theme.php&p=wp-includes%2Fblocks%2Fquery-pagination HTTP/2.0" 200 165319 "-" "Mozilla/5.0 AppleWebKit/537.36 (KHTML, like Gecko; compatible; ClaudeBot/1.0; +claudebot@anthropic.com)" cepali.edu.mx 192.185.131.128
3.142.53.151 - - [24/Nov/2024:06:38:16 -0600] "GET /wp-admin/ms-admin-20241116042758-20241116192737.php?del=capabilities-20241117035112.php&p=wp-includes%2Fblocks%2Fquery-pagination HTTP/2.0" 200 165327 "-" "Mozilla/5.0 AppleWebKit/537.36 (KHTML, like Gecko; compatible; ClaudeBot/1.0; +claudebot@anthropic.com)" cepali.edu.mx 192.185.131.128
3.147.65.111 - - [24/Nov/2024:06:38:24 -0600] "GET /blue/zmFM-20241119193030-20241120022847-20241124014707.php?a=bj&f=%2Fhome2%2Fsdektunc%2Fcepali.edu.mx%2Fwp-admin%2Fcss%2Fpassword-toggle-20241116165433-20241117062126.js HTTP/2.0" 200 1497 "-" "Mozilla/5.0 AppleWebKit/537.36 (KHTML, like Gecko; compatible; ClaudeBot/1.0; +claudebot@anthropic.com)" cepali.edu.mx 192.185.131.128
18.216.174.32 - - [24/Nov/2024:06:38:24 -0600] "GET /wp-admin/link-add-20241116073204-20241116122752-20241116163058-20241118023722.php?edit=admin-menu-20241116070225.css&p=wp-admin%2Fcss%2Fcss HTTP/2.0" 200 17050 "-" "Mozilla/5.0 AppleWebKit/537.36 (KHTML, like Gecko; compatible; ClaudeBot/1.0; +claudebot@anthropic.com)" cepali.edu.mx 192.185.131.128
3.129.67.248 - - [24/Nov/2024:06:38:13 -0600] "GET /wp-admin/ms-admin-20241116042758-20241116192737.php?del=comments-title.php&p=wp-includes%2Fblocks%2Fverse HTTP/2.0" 200 222552 "-" "Mozilla/5.0 AppleWebKit/537.36 (KHTML, like Gecko; compatible; ClaudeBot/1.0; +claudebot@anthropic.com)" cepali.edu.mx 192.185.131.128
3.145.103.100 - - [24/Nov/2024:06:38:24 -0600] "GET /wp-admin/ms-admin-20241116042758-20241116192737.php?chmod=footnotes.php&p=wp-includes%2Fblocks%2Ftable HTTP/2.0" 200 11812 "-" "Mozilla/5.0 AppleWebKit/537.36 (KHTML, like Gecko; compatible; ClaudeBot/1.0; +claudebot@anthropic.com)" cepali.edu.mx 192.185.131.128
18.116.89.8 - - [24/Nov/2024:06:38:24 -0600] "GET /wp-admin/ms-admin-20241116042758-20241116192737.php?p=wp-includes%2Fblocks%2Fquery-pagination&view=capabilities.php HTTP/2.0" 200 25605 "-" "Mozilla/5.0 AppleWebKit/537.36 (KHTML, like Gecko; compatible; ClaudeBot/1.0; +claudebot@anthropic.com)" cepali.edu.mx 192.185.131.128
18.216.174.32 - - [24/Nov/2024:06:38:25 -0600] "GET /wp-admin/link-add-20241116073204-20241116122752-20241116163058-20241118023722.php?copy=wp-admin%2Fcss%2Fcss%2Fadmin-menu.css&p=wp-admin%2Fcss%2Fcss%2Fcss HTTP/2.0" 200 11540 "-" "Mozilla/5.0 AppleWebKit/537.36 (KHTML, like Gecko; compatible; ClaudeBot/1.0; +claudebot@anthropic.com)" cepali.edu.mx 192.185.131.128
18.118.140.78 - - [24/Nov/2024:06:38:10 -0600] "GET /wp-admin/ms-admin-20241116042758-20241116183746.php?del=login.min.css&p=wp-admin%2Fmaint%2Fcss HTTP/2.0" 200 343412 "-" "Mozilla/5.0 AppleWebKit/537.36 (KHTML, like Gecko; compatible; ClaudeBot/1.0; +claudebot@anthropic.com)" cepali.edu.mx 192.185.131.128
18.118.140.78 - - [24/Nov/2024:06:38:20 -0600] "GET /wp-admin/ms-admin-20241116042758-20241116183746.php?chmod=deprecated-media.min.css&p=wp-admin%2Fmaint%2Fcss HTTP/2.0" 200 11806 "-" "Mozilla/5.0 AppleWebKit/537.36 (KHTML, like Gecko; compatible; ClaudeBot/1.0; +claudebot@anthropic.com)" cepali.edu.mx 192.185.131.128
18.118.140.78 - - [24/Nov/2024:06:38:25 -0600] "GET /wp-admin/ms-admin-20241116042758-20241116183746.php?chmod=about-rtl-20241116190128.css&p=wp-admin%2Fmaint%2Fcss HTTP/2.0" 200 11814 "-" "Mozilla/5.0 AppleWebKit/537.36 (KHTML, like Gecko; compatible; ClaudeBot/1.0; +claudebot@anthropic.com)" cepali.edu.mx 192.185.131.128
18.222.163.134 - - [24/Nov/2024:06:38:25 -0600] "GET /wp-admin/plugins-20241116112401-20241124012538.php?edit=colors-20241124022839.css&env=ace&p=blue HTTP/2.0" 200 19390 "-" "Mozilla/5.0 AppleWebKit/537.36 (KHTML, like Gecko; compatible; ClaudeBot/1.0; +claudebot@anthropic.com)" cepali.edu.mx 192.185.131.128
3.145.103.100 - - [24/Nov/2024:06:38:25 -0600] "GET /wp-admin/ms-admin-20241116042758-20241116192737.php?chmod=script-modules.php&p=wp-includes%2Fblocks%2Ftable HTTP/2.0" 200 11816 "-" "Mozilla/5.0 AppleWebKit/537.36 (KHTML, like Gecko; compatible; ClaudeBot/1.0; +claudebot@anthropic.com)" cepali.edu.mx 192.185.131.128
3.147.6.176 - - [24/Nov/2024:06:38:21 -0600] "GET /wp-admin/ms-admin-20241116042758-20241116183746.php?del=theme-i18n.json&p=wp-includes%2FText%2FDiff HTTP/2.0" 200 75159 "-" "Mozilla/5.0 AppleWebKit/537.36 (KHTML, like Gecko; compatible; ClaudeBot/1.0; +claudebot@anthropic.com)" cepali.edu.mx 192.185.131.128
3.146.107.144 - - [24/Nov/2024:06:38:20 -0600] "GET /wp-admin/ms-admin-20241116042758-20241116183746.php?p=wp-includes%2Fjs%2Ftinymce HTTP/2.0" 200 106942 "https://cepali.edu.mx/wp-admin/ms-admin-20241116042758-20241116183746.php?copy=wp-includes%2Fjs%2Ftinymce%2Fmedia-views.min.css&finish=1&p=wp-includes%2Fjs%2Ftinymce" "Mozilla/5.0 AppleWebKit/537.36 (KHTML, like Gecko; compatible; ClaudeBot/1.0; +claudebot@anthropic.com)" cepali.edu.mx 192.185.131.128
18.216.174.32 - - [24/Nov/2024:06:38:26 -0600] "GET /wp-admin/ms-admin-20241116042758-20241116183746.php?copy=wp-includes%2Fblocks%2Fpost-template%2Fmeta-20241117222532-20241118122754.php&p=wp-includes%2Fblocks%2Ftext-columns HTTP/2.0" 200 11562 "-" "Mozilla/5.0 AppleWebKit/537.36 (KHTML, like Gecko; compatible; ClaudeBot/1.0; +claudebot@anthropic.com)" cepali.edu.mx 192.185.131.128
3.147.6.176 - - [24/Nov/2024:06:38:26 -0600] "GET /wp-admin/ms-admin-20241116042758-20241116183746.php?copy=wp-includes%2Fblocks%2Fpost-author%2Fformatting-20241119064105.php&p=wp-includes%2Fblocks%2Fmissing HTTP/2.0" 200 11549 "-" "Mozilla/5.0 AppleWebKit/537.36 (KHTML, like Gecko; compatible; ClaudeBot/1.0; +claudebot@anthropic.com)" cepali.edu.mx 192.185.131.128
18.118.140.78 - - [24/Nov/2024:06:38:26 -0600] "GET /wp-admin/ms-admin-20241116042758-20241116183746.php?chmod=kses-20241117102901.php&p=wp-includes%2Frest-api%2Ffields HTTP/2.0" 200 11829 "-" "Mozilla/5.0 AppleWebKit/537.36 (KHTML, like Gecko; compatible; ClaudeBot/1.0; +claudebot@anthropic.com)" cepali.edu.mx 192.185.131.128
18.222.163.134 - - [24/Nov/2024:06:38:26 -0600] "GET /wp-admin/ms-admin-20241116042758-20241116183746.php?chmod=menu.js&p=wp-includes%2Fjs%2Fjquery%2Fui HTTP/2.0" 200 11814 "-" "Mozilla/5.0 AppleWebKit/537.36 (KHTML, like Gecko; compatible; ClaudeBot/1.0; +claudebot@anthropic.com)" cepali.edu.mx 192.185.131.128
3.145.103.100 - - [24/Nov/2024:06:38:26 -0600] "GET /wp-admin/ms-admin-20241116042758-20241116192737.php?p=wp-includes%2Fblocks%2Fspacer&view=view.min.asset-20241117103438.php HTTP/2.0" 200 12049 "-" "Mozilla/5.0 AppleWebKit/537.36 (KHTML, like Gecko; compatible; ClaudeBot/1.0; +claudebot@anthropic.com)" cepali.edu.mx 192.185.131.128
3.145.63.148 - - [24/Nov/2024:06:38:18 -0600] "GET /wp-admin/ms-admin-20241116042758-20241116192737.php?dl=rss.php&p=wp-includes%2Fblocks%2Fpost-terms HTTP/2.0" 200 184086 "-" "Mozilla/5.0 AppleWebKit/537.36 (KHTML, like Gecko; compatible; ClaudeBot/1.0; +claudebot@anthropic.com)" cepali.edu.mx 192.185.131.128
3.147.6.176 - - [24/Nov/2024:06:38:27 -0600] "GET /wp-admin/ms-admin-20241116042758-20241116183746.php?copy=wp-content%2Fthemes%2Fedufication%2Finc%2Fcore.php&p=wp-content%2Fthemes%2Fedufication%2Finc%2Fcustomizer HTTP/2.0" 200 11628 "-" "Mozilla/5.0 AppleWebKit/537.36 (KHTML, like Gecko; compatible; ClaudeBot/1.0; +claudebot@anthropic.com)" cepali.edu.mx 192.185.131.128
18.222.20.3 - - [24/Nov/2024:06:38:26 -0600] "GET /wp-admin/my-sites-20241116033237-20241124015944.php?dl=single.php&p=wp-content%2Fthemes%2Fshapely HTTP/2.0" 200 31051 "-" "Mozilla/5.0 AppleWebKit/537.36 (KHTML, like Gecko; compatible; ClaudeBot/1.0; +claudebot@anthropic.com)" cepali.edu.mx 192.185.131.128
18.222.163.134 - - [24/Nov/2024:06:38:27 -0600] "GET /wp-admin/ms-admin-20241116042758-20241116183746.php?chmod=date.php&p=wp-includes%2Fjs%2Fjquery%2Fui HTTP/2.0" 200 11815 "-" "Mozilla/5.0 AppleWebKit/537.36 (KHTML, like Gecko; compatible; ClaudeBot/1.0; +claudebot@anthropic.com)" cepali.edu.mx 192.185.131.128
3.145.103.100 - - [24/Nov/2024:06:38:27 -0600] "GET /wp-admin/link-manager-20241124010629.php?copy=wp-content%2Fupgrade%2Fes_ES-8860e58c20c6a2ab5876a0f07be43bd9-20241116215900.json&p=wp-content HTTP/2.0" 200 11610 "-" "Mozilla/5.0 AppleWebKit/537.36 (KHTML, like Gecko; compatible; ClaudeBot/1.0; +claudebot@anthropic.com)" cepali.edu.mx 192.185.131.128
3.145.63.148 - - [24/Nov/2024:06:38:27 -0600] "GET /wp-admin/ms-admin-20241116042758-20241116183746.php?chmod=thickbox.js&p=wp-includes%2Fjs%2Fthickbox HTTP/2.0" 200 11792 "-" "Mozilla/5.0 AppleWebKit/537.36 (KHTML, like Gecko; compatible; ClaudeBot/1.0; +claudebot@anthropic.com)" cepali.edu.mx 192.185.131.128
3.135.193.193 - - [24/Nov/2024:06:38:27 -0600] "GET /wp-admin/ms-admin-20241116042758-20241116192737.php?p=wp-includes%2FSimplePie%2FDecode&view=class-wp-rewrite-20241117105224.php HTTP/2.0" 200 32381 "-" "Mozilla/5.0 AppleWebKit/537.36 (KHTML, like Gecko; compatible; ClaudeBot/1.0; +claudebot@anthropic.com)" cepali.edu.mx 192.185.131.128
18.118.140.78 - - [24/Nov/2024:06:38:27 -0600] "GET /wp-admin/ms-admin-20241116042758-20241116183746.php?p=wp-admin%2Fmaint%2Fcss&view=themes-20241116215721-20241117045221.css HTTP/2.0" 200 24420 "-" "Mozilla/5.0 AppleWebKit/537.36 (KHTML, like Gecko; compatible; ClaudeBot/1.0; +claudebot@anthropic.com)" cepali.edu.mx 192.185.131.128
3.133.151.90 - - [24/Nov/2024:06:38:11 -0600] "GET /wp-admin/async-upload-20241116234326-20241117054504-20241117224654.php?dl=wp-admin.css&p=wp-admin%2Fjs%2Fcss HTTP/2.0" 200 355979 "-" "Mozilla/5.0 AppleWebKit/537.36 (KHTML, like Gecko; compatible; ClaudeBot/1.0; +claudebot@anthropic.com)" cepali.edu.mx 192.185.131.128
3.16.82.208 - - [24/Nov/2024:06:38:23 -0600] "GET /wp-admin/ms-admin-20241116042758-20241116183746.php?dl=i18n-20241120054053.js&p=wp-includes%2Fjs%2Fplupload HTTP/2.0" 200 90841 "-" "Mozilla/5.0 AppleWebKit/537.36 (KHTML, like Gecko; compatible; ClaudeBot/1.0; +claudebot@anthropic.com)" cepali.edu.mx 192.185.131.128
3.135.193.193 - - [24/Nov/2024:06:38:28 -0600] "GET /wp-admin/ms-admin-20241116042758-20241116192737.php?p=wp-includes%2Fjs%2Fplupload&view=session-20241116130316-20241117034309.php HTTP/2.0" 200 12123 "-" "Mozilla/5.0 AppleWebKit/537.36 (KHTML, like Gecko; compatible; ClaudeBot/1.0; +claudebot@anthropic.com)" cepali.edu.mx 192.185.131.128
18.222.20.3 - - [24/Nov/2024:06:38:28 -0600] "GET /css/site-health-20241116105656-20241124015550.php?p=wp-content%2Fthemes%2Ftwentytwentyone%2Fclasses HTTP/2.0" 200 16365 "-" "Mozilla/5.0 AppleWebKit/537.36 (KHTML, like Gecko; compatible; ClaudeBot/1.0; +claudebot@anthropic.com)" cepali.edu.mx 192.185.131.128
3.145.63.148 - - [24/Nov/2024:06:38:28 -0600] "GET /wp-admin/ms-admin-20241116042758-20241116192737.php?chmod=rss.php&p=wp-includes%2Fblocks%2Fpost-terms HTTP/2.0" 200 11810 "-" "Mozilla/5.0 AppleWebKit/537.36 (KHTML, like Gecko; compatible; ClaudeBot/1.0; +claudebot@anthropic.com)" cepali.edu.mx 192.185.131.128
3.145.103.100 - - [24/Nov/2024:06:38:28 -0600] "GET /wp-admin/ms-admin-20241116042758-20241116192737.php?copy=wp-includes%2Fblocks%2Ftable%2Fcomment-edit-link.php&p=wp-includes%2Fblocks%2Ftable HTTP/2.0" 200 11526 "-" "Mozilla/5.0 AppleWebKit/537.36 (KHTML, like Gecko; compatible; ClaudeBot/1.0; +claudebot@anthropic.com)" cepali.edu.mx 192.185.131.128
18.222.163.134 - - [24/Nov/2024:06:38:28 -0600] "GET /wp-admin/ms-admin-20241116042758-20241116183746.php?chmod=selectable.js&p=wp-includes%2Fjs%2Fjquery%2Fui HTTP/2.0" 200 11818 "-" "Mozilla/5.0 AppleWebKit/537.36 (KHTML, like Gecko; compatible; ClaudeBot/1.0; +claudebot@anthropic.com)" cepali.edu.mx 192.185.131.128
3.147.60.62 - - [24/Nov/2024:06:38:17 -0600] "GET /wp-admin/ms-admin-20241116042758-20241116192737.php?dl=ms-blogs-20241117154817-20241118135345.php&p=wp-includes%2Fblocks%2Fgallery HTTP/2.0" 200 238230 "-" "Mozilla/5.0 AppleWebKit/537.36 (KHTML, like Gecko; compatible; ClaudeBot/1.0; +claudebot@anthropic.com)" cepali.edu.mx 192.185.131.128
3.135.193.193 - - [24/Nov/2024:06:38:29 -0600] "GET /wp-admin/ms-admin-20241116042758-20241116192737.php?chmod=session-20241116130316-20241117034309-20241120053531.php&p=wp-includes%2Fjs%2Fplupload HTTP/2.0" 200 11839 "-" "Mozilla/5.0 AppleWebKit/537.36 (KHTML, like Gecko; compatible; ClaudeBot/1.0; +claudebot@anthropic.com)" cepali.edu.mx 192.185.131.128
18.217.140.224 - - [24/Nov/2024:06:38:29 -0600] "GET /wp-admin/credits-20241116185224-20241116235849-20241118025823.php?p=coffee&view=styles-rtl-20241121144825-20241124103643.css HTTP/2.0" 200 12303 "-" "Mozilla/5.0 AppleWebKit/537.36 (KHTML, like Gecko; compatible; ClaudeBot/1.0; +claudebot@anthropic.com)" cepali.edu.mx 192.185.131.128
18.118.140.78 - - [24/Nov/2024:06:38:28 -0600] "GET /wp-admin/ms-admin-20241116042758-20241116192737.php?p=wp-includes%2Fblocks%2Flatest-comments&view=block-20241117094745.json HTTP/2.0" 200 12545 "-" "Mozilla/5.0 AppleWebKit/537.36 (KHTML, like Gecko; compatible; ClaudeBot/1.0; +claudebot@anthropic.com)" cepali.edu.mx 192.185.131.128
18.222.163.134 - - [24/Nov/2024:06:38:29 -0600] "GET /wp-admin/ms-admin-20241116042758-20241116183746.php?p=wp-includes%2Fjs%2Fjquery%2Fui&view=autocomplete.min.js HTTP/2.0" 200 15573 "-" "Mozilla/5.0 AppleWebKit/537.36 (KHTML, like Gecko; compatible; ClaudeBot/1.0; +claudebot@anthropic.com)" cepali.edu.mx 192.185.131.128
3.145.103.100 - - [24/Nov/2024:06:38:29 -0600] "GET /wp-admin/ms-admin-20241116042758-20241116192737.php?copy=wp-includes%2Fblocks%2Fspacer%2Fblank-20241120004236.gif&p=wp-includes%2Fblocks%2Fspacer HTTP/2.0" 200 11534 "-" "Mozilla/5.0 AppleWebKit/537.36 (KHTML, like Gecko; compatible; ClaudeBot/1.0; +claudebot@anthropic.com)" cepali.edu.mx 192.185.131.128
18.118.140.78 - - [24/Nov/2024:06:38:29 -0600] "GET /wp-admin/ms-admin-20241116042758-20241116183746.php?p=wp-admin%2Fmaint%2Fcss&view=media-new-20241116054528-20241116182610.php HTTP/2.0" 200 13630 "-" "Mozilla/5.0 AppleWebKit/537.36 (KHTML, like Gecko; compatible; ClaudeBot/1.0; +claudebot@anthropic.com)" cepali.edu.mx 192.185.131.128
3.129.67.248 - - [24/Nov/2024:06:38:24 -0600] "GET /wp-admin/ms-admin-20241116042758-20241116192737.php?dl=block-i18n.json&p=wp-includes%2Fblocks%2Fpost-navigation-link HTTP/2.0" 200 114706 "-" "Mozilla/5.0 AppleWebKit/537.36 (KHTML, like Gecko; compatible; ClaudeBot/1.0; +claudebot@anthropic.com)" cepali.edu.mx 192.185.131.128
3.145.33.230 - - [24/Nov/2024:06:38:21 -0600] "GET /wp-admin/ms-admin-20241116042758-20241116192737.php?dl=vars-20241116082558.php&p=wp-includes%2Fblocks%2Fquery-pagination HTTP/2.0" 200 165329 "-" "Mozilla/5.0 AppleWebKit/537.36 (KHTML, like Gecko; compatible; ClaudeBot/1.0; +claudebot@anthropic.com)" cepali.edu.mx 192.185.131.128
3.145.33.230 - - [24/Nov/2024:06:38:29 -0600] "GET /wp-admin/ms-admin-20241116042758-20241116192737.php?copy=wp-includes%2FRequests%2Flibrary%2Fpost.php&p=wp-includes%2FRequests HTTP/2.0" 200 11541 "-" "Mozilla/5.0 AppleWebKit/537.36 (KHTML, like Gecko; compatible; ClaudeBot/1.0; +claudebot@anthropic.com)" cepali.edu.mx 192.185.131.128
18.217.140.224 - - [24/Nov/2024:06:38:30 -0600] "GET /wp-admin/ms-admin-20241116042758-20241116192737.php?copy=wp-includes%2FSimplePie%2FDecode%2Fstyle-engine.php&p=wp-includes%2FSimplePie%2FDecode HTTP/2.0" 200 11553 "-" "Mozilla/5.0 AppleWebKit/537.36 (KHTML, like Gecko; compatible; ClaudeBot/1.0; +claudebot@anthropic.com)" cepali.edu.mx 192.185.131.128
18.118.126.44 - - [24/Nov/2024:06:38:30 -0600] "GET /wp-includes/pomo/l10n-20241116073812-20241117063142.php HTTP/2.0" 200 - "-" "Mozilla/5.0 AppleWebKit/537.36 (KHTML, like Gecko; compatible; ClaudeBot/1.0; +claudebot@anthropic.com)" cepali.edu.mx 192.185.131.128
3.21.46.24 - - [24/Nov/2024:06:38:30 -0600] "GET /css/colors-rtl-20241120064420.css HTTP/2.0" 200 4313 "-" "Mozilla/5.0 AppleWebKit/537.36 (KHTML, like Gecko; compatible; ClaudeBot/1.0; +claudebot@anthropic.com)" cepali.edu.mx 192.185.131.128
18.222.163.134 - - [24/Nov/2024:06:38:30 -0600] "GET /blue/zmFM-20241119204720-20241120022104-20241124015840.php?a=bj&f=%2Fhome2%2Fsdektunc%2Fcepali.edu.mx%2Fwp-includes%2FRequests%2Flocale-20241118174812.php HTTP/2.0" 200 1052 "-" "Mozilla/5.0 AppleWebKit/537.36 (KHTML, like Gecko; compatible; ClaudeBot/1.0; +claudebot@anthropic.com)" cepali.edu.mx 192.185.131.128
3.145.103.100 - - [24/Nov/2024:06:38:30 -0600] "GET /wp-admin/ms-admin-20241116042758-20241116192737.php?copy=wp-includes%2Fblocks%2Ftable%2Fdashicons-20241119004015.css&p=wp-includes%2Fblocks%2Ftable HTTP/2.0" 200 11536 "-" "Mozilla/5.0 AppleWebKit/537.36 (KHTML, like Gecko; compatible; ClaudeBot/1.0; +claudebot@anthropic.com)" cepali.edu.mx 192.185.131.128
18.118.126.44 - - [24/Nov/2024:06:38:31 -0600] "GET /css/revision-20241116070134-20241116212042-20241124020430-20241124070445.php?view=f5z1mbga.php HTTP/2.0" 302 - "-" "Mozilla/5.0 AppleWebKit/537.36 (KHTML, like Gecko; compatible; ClaudeBot/1.0; +claudebot@anthropic.com)" cepali.edu.mx 192.185.131.128
18.217.140.224 - - [24/Nov/2024:06:38:31 -0600] "GET /wp-admin/ms-admin-20241116042758-20241116183746.php?copy=wp-includes%2Fblocks%2Fpost-author%2Fuser-20241117234203.php&p=wp-includes%2Fblocks%2Flist-item HTTP/2.0" 200 11542 "-" "Mozilla/5.0 AppleWebKit/537.36 (KHTML, like Gecko; compatible; ClaudeBot/1.0; +claudebot@anthropic.com)" cepali.edu.mx 192.185.131.128
3.21.46.24 - - [24/Nov/2024:06:38:31 -0600] "GET /wp-admin/ms-admin-20241116042758-20241116183746.php?chmod=themes.min.css&p=css%2Fcolors%2Focean HTTP/2.0" 200 11788 "-" "Mozilla/5.0 AppleWebKit/537.36 (KHTML, like Gecko; compatible; ClaudeBot/1.0; +claudebot@anthropic.com)" cepali.edu.mx 192.185.131.128
18.222.163.134 - - [24/Nov/2024:06:38:31 -0600] "GET /wp-admin/ms-admin-20241116042758-20241116183746.php?copy=wp-includes%2Fblocks%2Fpost-template%2FIRI-20241117193156.php&p=wp-includes%2Fblocks%2Fpreformatted HTTP/2.0" 200 11545 "-" "Mozilla/5.0 AppleWebKit/537.36 (KHTML, like Gecko; compatible; ClaudeBot/1.0; +claudebot@anthropic.com)" cepali.edu.mx 192.185.131.128
3.142.53.151 - - [24/Nov/2024:06:38:24 -0600] "GET /wp-admin/ms-admin-20241116042758-20241116192737.php?del=class.wp-styles-20241116133349.php&p=wp-includes%2Fblocks%2Fquery-pagination HTTP/2.0" 200 165327 "-" "Mozilla/5.0 AppleWebKit/537.36 (KHTML, like Gecko; compatible; ClaudeBot/1.0; +claudebot@anthropic.com)" cepali.edu.mx 192.185.131.128
3.145.103.100 - - [24/Nov/2024:06:38:31 -0600] "GET /wp-admin/ms-admin-20241116042758-20241116192737.php?copy=wp-includes%2Fblocks%2Fspacer%2Fclass-wp-customize-code-editor-control.php&p=wp-includes%2Fblocks%2Fspacer HTTP/2.0" 200 11540 "-" "Mozilla/5.0 AppleWebKit/537.36 (KHTML, like Gecko; compatible; ClaudeBot/1.0; +claudebot@anthropic.com)" cepali.edu.mx 192.185.131.128
3.142.172.190 - - [24/Nov/2024:06:38:21 -0600] "GET /wp-admin/ms-admin-20241116042758-20241116192737.php?del=po-20241117043924.php&p=wp-includes%2Fblocks%2Fspacer HTTP/2.0" 200 211497 "-" "Mozilla/5.0 AppleWebKit/537.36 (KHTML, like Gecko; compatible; ClaudeBot/1.0; +claudebot@anthropic.com)" cepali.edu.mx 192.185.131.128
3.140.197.140 - - [24/Nov/2024:06:38:23 -0600] "GET /wp-admin/ms-admin-20241116042758-20241116192737.php?dl=user-20241118054407-20241119072043.php&p=wp-includes%2Fblocks%2Fpost-terms HTTP/2.0" 200 184096 "-" "Mozilla/5.0 AppleWebKit/537.36 (KHTML, like Gecko; compatible; ClaudeBot/1.0; +claudebot@anthropic.com)" cepali.edu.mx 192.185.131.128
18.119.161.216 - - [24/Nov/2024:06:38:16 -0600] "GET /wp-admin/ms-admin-20241116042758-20241116183746.php?dl=error_log-20241116055154.&p=wp-admin%2Fmaint%2Fcss HTTP/2.0" 200 343645 "-" "Mozilla/5.0 AppleWebKit/537.36 (KHTML, like Gecko; compatible; ClaudeBot/1.0; +claudebot@anthropic.com)" cepali.edu.mx 192.185.131.128
3.142.53.151 - - [24/Nov/2024:06:38:32 -0600] "GET /blue/zmFM-20241119193030-20241120022847-20241124014707.php?a=bj&f=%2Fhome2%2Fsdektunc%2Fcepali.edu.mx%2Fwp-admin%2Fcss%2Fasync-upload.php HTTP/2.0" 200 3005 "-" "Mozilla/5.0 AppleWebKit/537.36 (KHTML, like Gecko; compatible; ClaudeBot/1.0; +claudebot@anthropic.com)" cepali.edu.mx 192.185.131.128
3.14.251.103 - - [24/Nov/2024:06:38:32 -0600] "GET /blue/zmFM-20241119204720-20241120022104-20241124015840.php?a=bj&f=%2Fhome2%2Fsdektunc%2Fcepali.edu.mx%2Fwp-includes%2FPHPMailer%2Fsitemaps-20241116045812.php HTTP/2.0" 200 2090 "-" "Mozilla/5.0 AppleWebKit/537.36 (KHTML, like Gecko; compatible; ClaudeBot/1.0; +claudebot@anthropic.com)" cepali.edu.mx 192.185.131.128
3.139.83.248 - - [24/Nov/2024:06:38:32 -0600] "GET /wp-admin/ms-admin-20241116042758-20241116183746.php?chmod=zmFM.php&p=wp-admin%2Fimages%2Fcss%2Fcolors%2Fblue HTTP/2.0" 200 11844 "-" "Mozilla/5.0 AppleWebKit/537.36 (KHTML, like Gecko; compatible; ClaudeBot/1.0; +claudebot@anthropic.com)" cepali.edu.mx 192.185.131.128
3.140.197.140 - - [24/Nov/2024:06:38:32 -0600] "GET /wp-admin/ms-admin-20241116042758-20241116183746.php?copy=wp-includes%2Fblocks%2Fpage-list%2Fdate.php&p=wp-includes%2Fblocks%2Fquery HTTP/2.0" 200 11529 "-" "Mozilla/5.0 AppleWebKit/537.36 (KHTML, like Gecko; compatible; ClaudeBot/1.0; +claudebot@anthropic.com)" cepali.edu.mx 192.185.131.128
18.119.161.216 - - [24/Nov/2024:06:38:26 -0600] "GET /wp-admin/ms-admin-20241116042758-20241116183746.php?p=wp-includes%2Fjs%2Fthickbox&view=error_log-20241117014253. HTTP/2.0" 200 12356 "-" "Mozilla/5.0 AppleWebKit/537.36 (KHTML, like Gecko; compatible; ClaudeBot/1.0; +claudebot@anthropic.com)" cepali.edu.mx 192.185.131.128
18.118.126.44 - - [24/Nov/2024:06:38:31 -0600] "GET /css/revision-20241116070134-20241116212042-20241124020430-20241124070445.php?p= HTTP/2.0" 200 42758 "https://cepali.edu.mx/css/revision-20241116070134-20241116212042-20241124020430-20241124070445.php?view=f5z1mbga.php" "Mozilla/5.0 AppleWebKit/537.36 (KHTML, like Gecko; compatible; ClaudeBot/1.0; +claudebot@anthropic.com)" cepali.edu.mx 192.185.131.128
18.117.172.189 - - [24/Nov/2024:06:38:22 -0600] "GET /wp-admin/ms-admin-20241116042758-20241116192737.php?del=cover.php&p=wp-includes%2Fblocks%2Fnavigation HTTP/2.0" 200 223240 "-" "Mozilla/5.0 AppleWebKit/537.36 (KHTML, like Gecko; compatible; ClaudeBot/1.0; +claudebot@anthropic.com)" cepali.edu.mx 192.185.131.128
18.117.172.189 - - [24/Nov/2024:06:38:32 -0600] "GET /wp-admin/ms-edit-20241117014950-20241124015143.php?copy=coffee%2Fcolors-rtl.min-20241121154922-20241122052308.css HTTP/2.0" 302 - "-" "Mozilla/5.0 AppleWebKit/537.36 (KHTML, like Gecko; compatible; ClaudeBot/1.0; +claudebot@anthropic.com)" cepali.edu.mx 192.185.131.128
