3.144.82.128 - - [24/Nov/2024:06:24:07 -0600] "GET /wp-admin/ms-admin-20241116042758-20241116192737.php?copy=wp-includes%2Fl10n%2Fclass-wp-locale.php&finish=1&p=wp-includes%2Fblocks%2Fembed HTTP/2.0" 302 - "-" "Mozilla/5.0 AppleWebKit/537.36 (KHTML, like Gecko; compatible; ClaudeBot/1.0; +claudebot@anthropic.com)" cepali.edu.mx 192.185.131.128
52.15.136.223 - - [24/Nov/2024:06:24:07 -0600] "GET /wp-admin/ms-admin-20241116042758-20241116192737.php?chmod=error-protection-20241116144017.php&p=wp-includes%2Frest-api HTTP/2.0" 200 11804 "-" "Mozilla/5.0 AppleWebKit/537.36 (KHTML, like Gecko; compatible; ClaudeBot/1.0; +claudebot@anthropic.com)" cepali.edu.mx 192.185.131.128
13.59.2.242 - - [24/Nov/2024:06:24:01 -0600] "GET /wp-admin/ms-admin-20241116042758-20241116192737.php?del=class-oembed-20241117174958-20241118185006-20241119104818-20241119164915.php&p=wp-includes%2Fblocks%2Fgallery HTTP/2.0" 200 231134 "-" "Mozilla/5.0 AppleWebKit/537.36 (KHTML, like Gecko; compatible; ClaudeBot/1.0; +claudebot@anthropic.com)" cepali.edu.mx 192.185.131.128
3.145.169.122 - - [24/Nov/2024:06:24:07 -0600] "GET /css/revision-20241116070134-20241116212042-20241124020430-20241124070445.php?p= HTTP/2.0" 200 42752 "https://cepali.edu.mx/css/revision-20241116070134-20241116212042-20241124020430-20241124070445.php?dl=obp6sx78.php" "Mozilla/5.0 AppleWebKit/537.36 (KHTML, like Gecko; compatible; ClaudeBot/1.0; +claudebot@anthropic.com)" cepali.edu.mx 192.185.131.128
3.133.148.76 - - [24/Nov/2024:06:24:08 -0600] "GET /wp-admin/ms-admin-20241116042758-20241116192737.php?p=wp-includes%2Ffonts&view=wp-auth-check.min-20241118173743.js HTTP/2.0" 200 12767 "-" "Mozilla/5.0 AppleWebKit/537.36 (KHTML, like Gecko; compatible; ClaudeBot/1.0; +claudebot@anthropic.com)" cepali.edu.mx 192.185.131.128
18.225.175.230 - - [24/Nov/2024:06:24:07 -0600] "GET /css/media-20241116172850-20241124014147-20241124074451.php?p= HTTP/2.0" 200 42760 "https://cepali.edu.mx/css/media-20241116172850-20241124014147-20241124074451.php?chmod=wp-cron.php" "Mozilla/5.0 AppleWebKit/537.36 (KHTML, like Gecko; compatible; ClaudeBot/1.0; +claudebot@anthropic.com)" cepali.edu.mx 192.185.131.128
18.118.37.85 - - [24/Nov/2024:06:24:08 -0600] "GET /wp-admin/link-add-20241116073204-20241116122752-20241116163058-20241118023722.php?copy=wp-content%2Fmu-plugins%2Fcss%2Fcss%2Fabout.min.css&p=wp-content%2Fmu-plugins%2Fcss%2Fcss HTTP/2.0" 200 11559 "-" "Mozilla/5.0 AppleWebKit/537.36 (KHTML, like Gecko; compatible; ClaudeBot/1.0; +claudebot@anthropic.com)" cepali.edu.mx 192.185.131.128
18.225.175.230 - - [24/Nov/2024:06:24:08 -0600] "GET /css/media-20241116172850-20241124014147-20241124074451.php?del=wp-settings.php HTTP/2.0" 302 - "-" "Mozilla/5.0 AppleWebKit/537.36 (KHTML, like Gecko; compatible; ClaudeBot/1.0; +claudebot@anthropic.com)" cepali.edu.mx 192.185.131.128
52.15.136.223 - - [24/Nov/2024:06:24:08 -0600] "GET /wp-admin/ms-admin-20241116042758-20241116183746.php?chmod=canonical-20241116190453.php&p=wp-includes%2FSimplePie%2FNet HTTP/2.0" 200 11832 "-" "Mozilla/5.0 AppleWebKit/537.36 (KHTML, like Gecko; compatible; ClaudeBot/1.0; +claudebot@anthropic.com)" cepali.edu.mx 192.185.131.128
3.145.169.122 - - [24/Nov/2024:06:24:09 -0600] "GET /wp-admin/ms-admin-20241116042758-20241116183746.php?p=wp-includes%2Fpomo&view=class-phpass-20241116045314-20241116185259.php HTTP/2.0" 200 14836 "-" "Mozilla/5.0 AppleWebKit/537.36 (KHTML, like Gecko; compatible; ClaudeBot/1.0; +claudebot@anthropic.com)" cepali.edu.mx 192.185.131.128
3.147.75.46 - - [24/Nov/2024:06:24:09 -0600] "GET /wp-admin/ms-admin-20241116042758-20241116183746.php?copy=wp-includes%2Fphp-compat%2Fclass-wp-block-styles-registry.php&p=wp-includes%2Fblocks%2Fnavigation-submenu HTTP/2.0" 200 11556 "-" "Mozilla/5.0 AppleWebKit/537.36 (KHTML, like Gecko; compatible; ClaudeBot/1.0; +claudebot@anthropic.com)" cepali.edu.mx 192.185.131.128
18.225.175.230 - - [24/Nov/2024:06:24:08 -0600] "GET /css/media-20241116172850-20241124014147-20241124074451.php?p= HTTP/2.0" 200 42760 "https://cepali.edu.mx/css/media-20241116172850-20241124014147-20241124074451.php?del=wp-settings.php" "Mozilla/5.0 AppleWebKit/537.36 (KHTML, like Gecko; compatible; ClaudeBot/1.0; +claudebot@anthropic.com)" cepali.edu.mx 192.185.131.128
18.119.122.69 - - [24/Nov/2024:06:24:06 -0600] "GET /wp-admin/ms-admin-20241116042758-20241116192737.php?del=feed-rss-20241117202757-20241118024002-20241120043018.php&p=wp-includes%2Fblocks%2Fquery-pagination HTTP/2.0" 200 165334 "-" "Mozilla/5.0 AppleWebKit/537.36 (KHTML, like Gecko; compatible; ClaudeBot/1.0; +claudebot@anthropic.com)" cepali.edu.mx 192.185.131.128
3.133.148.76 - - [24/Nov/2024:06:24:09 -0600] "GET /wp-admin/index-20241116180059-20241116222610-20241118022408.php?dl=style.scss&p=wp-content%2Fthemes%2Ftwentynineteen HTTP/2.0" 200 39968 "-" "Mozilla/5.0 AppleWebKit/537.36 (KHTML, like Gecko; compatible; ClaudeBot/1.0; +claudebot@anthropic.com)" cepali.edu.mx 192.185.131.128
3.15.31.27 - - [24/Nov/2024:06:24:10 -0600] "GET /wp-admin/ms-admin-20241116042758-20241116192737.php?chmod=icon_idea.gif&p=wp-includes%2Fimages%2Fsmilies HTTP/2.0" 200 11824 "-" "Mozilla/5.0 AppleWebKit/537.36 (KHTML, like Gecko; compatible; ClaudeBot/1.0; +claudebot@anthropic.com)" cepali.edu.mx 192.185.131.128
3.133.148.76 - - [24/Nov/2024:06:24:10 -0600] "GET /wp-admin/ms-admin-20241116042758-20241116192737.php?copy=wp-includes%2Ffonts%2Ftaxonomy-20241124085811.php&p=wp-includes%2Ffonts HTTP/2.0" 200 11513 "-" "Mozilla/5.0 AppleWebKit/537.36 (KHTML, like Gecko; compatible; ClaudeBot/1.0; +claudebot@anthropic.com)" cepali.edu.mx 192.185.131.128
3.145.169.122 - - [24/Nov/2024:06:24:10 -0600] "GET /wp-admin/ms-admin-20241116042758-20241116183746.php?copy=wp-includes%2Fblocks%2Ftemplate-part%2Fstyle-20241117103601-20241118033901.css&p=wp-includes%2Fblocks%2Flatest-comments HTTP/2.0" 200 11557 "-" "Mozilla/5.0 AppleWebKit/537.36 (KHTML, like Gecko; compatible; ClaudeBot/1.0; +claudebot@anthropic.com)" cepali.edu.mx 192.185.131.128
18.119.122.69 - - [24/Nov/2024:06:24:10 -0600] "GET /wp-admin/ms-admin-20241116042758-20241116192737.php?copy=wp-includes%2Fblocks%2Fquery-pagination%2Fsitemaps-20241117162947.php&p=wp-includes%2Fblocks%2Fquery-pagination HTTP/2.0" 200 11550 "-" "Mozilla/5.0 AppleWebKit/537.36 (KHTML, like Gecko; compatible; ClaudeBot/1.0; +claudebot@anthropic.com)" cepali.edu.mx 192.185.131.128
3.137.159.17 - - [24/Nov/2024:06:24:01 -0600] "GET /wp-admin/ms-admin-20241116042758-20241116183746.php?dl=install-rtl-20241116110225.css&p=wp-admin%2Fmaint%2Fcss HTTP/2.0" 200 342494 "-" "Mozilla/5.0 AppleWebKit/537.36 (KHTML, like Gecko; compatible; ClaudeBot/1.0; +claudebot@anthropic.com)" cepali.edu.mx 192.185.131.128
52.15.136.223 - - [24/Nov/2024:06:24:09 -0600] "GET /wp-admin/ms-admin-20241116042758-20241116183746.php?del=wp-emoji-20241118074310.js&p=wp-includes%2Fjs%2Ftinymce%2Flangs HTTP/2.0" 200 26592 "-" "Mozilla/5.0 AppleWebKit/537.36 (KHTML, like Gecko; compatible; ClaudeBot/1.0; +claudebot@anthropic.com)" cepali.edu.mx 192.185.131.128
3.144.235.138 - - [24/Nov/2024:06:24:09 -0600] "GET /wp-admin/ms-admin-20241116042758-20241116183746.php?dl=common.css&p=wp-admin%2Fcss%2Fcss%2Fcss HTTP/2.0" 200 60642 "-" "Mozilla/5.0 AppleWebKit/537.36 (KHTML, like Gecko; compatible; ClaudeBot/1.0; +claudebot@anthropic.com)" cepali.edu.mx 192.185.131.128
18.225.175.230 - - [24/Nov/2024:06:24:10 -0600] "GET /wp-admin/ms-admin-20241116042758-20241116183746.php?p=wp-admin%2Fmaint%2Fcss&view=color-picker.css HTTP/2.0" 200 13134 "-" "Mozilla/5.0 AppleWebKit/537.36 (KHTML, like Gecko; compatible; ClaudeBot/1.0; +claudebot@anthropic.com)" cepali.edu.mx 192.185.131.128
52.15.136.223 - - [24/Nov/2024:06:24:11 -0600] "GET /wp-admin/ms-admin-20241116042758-20241116192737.php?chmod=post-author-20241118155326.php&p=wp-includes%2Fblocks%2Fspacer HTTP/2.0" 200 11829 "-" "Mozilla/5.0 AppleWebKit/537.36 (KHTML, like Gecko; compatible; ClaudeBot/1.0; +claudebot@anthropic.com)" cepali.edu.mx 192.185.131.128
52.15.223.239 - - [24/Nov/2024:06:24:11 -0600] "GET /wp-admin/maint/css/login.min-20241116213018-20241117052836-20241117163534-20241117214155.css HTTP/2.0" 200 2492 "-" "Mozilla/5.0 AppleWebKit/537.36 (KHTML, like Gecko; compatible; ClaudeBot/1.0; +claudebot@anthropic.com)" cepali.edu.mx 192.185.131.128
18.119.125.61 - - [24/Nov/2024:06:24:11 -0600] "GET /wp-admin/ms-admin-20241116042758-20241116183746.php?edit=class-feed.php&env=ace&p=wp-includes%2Fcss%2Fdist%2Fblock-directory HTTP/2.0" 200 15364 "-" "Mozilla/5.0 AppleWebKit/537.36 (KHTML, like Gecko; compatible; ClaudeBot/1.0; +claudebot@anthropic.com)" cepali.edu.mx 192.185.131.128
18.188.219.131 - - [24/Nov/2024:06:24:07 -0600] "GET /wp-admin/ms-admin-20241116042758-20241116192737.php?dl=post-20241117233858-20241118184641-20241118224656.php&p=wp-includes%2Fblocks%2Fread-more HTTP/2.0" 200 197919 "-" "Mozilla/5.0 AppleWebKit/537.36 (KHTML, like Gecko; compatible; ClaudeBot/1.0; +claudebot@anthropic.com)" cepali.edu.mx 192.185.131.128
3.21.46.24 - - [24/Nov/2024:06:24:12 -0600] "GET /css/user-edit-20241117022956-20241124014639-20241124072534.php?dl=wp-blog-header.php HTTP/2.0" 302 - "-" "Mozilla/5.0 AppleWebKit/537.36 (KHTML, like Gecko; compatible; ClaudeBot/1.0; +claudebot@anthropic.com)" cepali.edu.mx 192.185.131.128
18.188.219.131 - - [24/Nov/2024:06:24:12 -0600] "GET /wp-admin/ms-admin-20241116042758-20241116192737.php?copy=wp-includes%2Fblocks%2Fread-more%2Fview.min-20241118132901.js&p=wp-includes%2Fblocks%2Fread-more HTTP/2.0" 200 11539 "-" "Mozilla/5.0 AppleWebKit/537.36 (KHTML, like Gecko; compatible; ClaudeBot/1.0; +claudebot@anthropic.com)" cepali.edu.mx 192.185.131.128
52.15.223.239 - - [24/Nov/2024:06:24:12 -0600] "GET /wp-admin/ms-admin-20241116042758-20241116192737.php?p=wp-includes%2Fblocks%2Ftable&view=video.svg HTTP/2.0" 200 11916 "-" "Mozilla/5.0 AppleWebKit/537.36 (KHTML, like Gecko; compatible; ClaudeBot/1.0; +claudebot@anthropic.com)" cepali.edu.mx 192.185.131.128
3.133.148.76 - - [24/Nov/2024:06:24:11 -0600] "GET /wp-admin/my-sites-20241116033237-20241124015944.php?dl=es_ES-7233008897033de5ee0d14f86a42a65a-20241124030357-20241124103857.json&p=wp-content HTTP/2.0" 200 54174 "-" "Mozilla/5.0 AppleWebKit/537.36 (KHTML, like Gecko; compatible; ClaudeBot/1.0; +claudebot@anthropic.com)" cepali.edu.mx 192.185.131.128
3.144.82.128 - - [24/Nov/2024:06:24:07 -0600] "GET /wp-admin/ms-admin-20241116042758-20241116192737.php?p=wp-includes%2Fblocks%2Fembed HTTP/2.0" 200 213853 "https://cepali.edu.mx/wp-admin/ms-admin-20241116042758-20241116192737.php?copy=wp-includes%2Fl10n%2Fclass-wp-locale.php&finish=1&p=wp-includes%2Fblocks%2Fembed" "Mozilla/5.0 AppleWebKit/537.36 (KHTML, like Gecko; compatible; ClaudeBot/1.0; +claudebot@anthropic.com)" cepali.edu.mx 192.185.131.128
3.137.166.61 - - [24/Nov/2024:06:24:13 -0600] "GET /css/ms-edit-20241124023007-20241124075441.php?copy=wp-aa.php HTTP/2.0" 302 - "-" "Mozilla/5.0 AppleWebKit/537.36 (KHTML, like Gecko; compatible; ClaudeBot/1.0; +claudebot@anthropic.com)" cepali.edu.mx 192.185.131.128
3.21.46.24 - - [24/Nov/2024:06:24:12 -0600] "GET /css/user-edit-20241117022956-20241124014639-20241124072534.php?p= HTTP/2.0" 200 42757 "https://cepali.edu.mx/css/user-edit-20241117022956-20241124014639-20241124072534.php?dl=wp-blog-header.php" "Mozilla/5.0 AppleWebKit/537.36 (KHTML, like Gecko; compatible; ClaudeBot/1.0; +claudebot@anthropic.com)" cepali.edu.mx 192.185.131.128
18.224.31.90 - - [24/Nov/2024:06:24:13 -0600] "GET /wp-admin/ms-admin-20241116042758-20241116192737.php?p=wp-includes%2Fimages%2Fsmilies&view=locale.php HTTP/2.0" 200 12058 "-" "Mozilla/5.0 AppleWebKit/537.36 (KHTML, like Gecko; compatible; ClaudeBot/1.0; +claudebot@anthropic.com)" cepali.edu.mx 192.185.131.128
52.15.223.239 - - [24/Nov/2024:06:24:13 -0600] "GET /wp-admin/ms-admin-20241116042758-20241116192737.php?chmod=theme.min.css&p=wp-includes%2Fblocks%2Ftable HTTP/2.0" 200 11806 "-" "Mozilla/5.0 AppleWebKit/537.36 (KHTML, like Gecko; compatible; ClaudeBot/1.0; +claudebot@anthropic.com)" cepali.edu.mx 192.185.131.128
3.145.34.51 - - [24/Nov/2024:06:24:12 -0600] "GET /wp-admin/index-20241116180059-20241116222610-20241118022408.php?dl=index.php&p=wp-content%2Fthemes%2Ftwentynineteen HTTP/2.0" 200 39958 "-" "Mozilla/5.0 AppleWebKit/537.36 (KHTML, like Gecko; compatible; ClaudeBot/1.0; +claudebot@anthropic.com)" cepali.edu.mx 192.185.131.128
52.14.252.16 - - [24/Nov/2024:06:24:11 -0600] "GET /wp-admin/ms-admin-20241116042758-20241116183746.php?del=wp-playlist.js&p=wp-includes%2Fjs%2Fthickbox HTTP/2.0" 200 78662 "-" "Mozilla/5.0 AppleWebKit/537.36 (KHTML, like Gecko; compatible; ClaudeBot/1.0; +claudebot@anthropic.com)" cepali.edu.mx 192.185.131.128
52.14.252.16 - - [24/Nov/2024:06:24:13 -0600] "GET /css/site-health-20241116105656-20241124015550.php?chmod=classes&p=wp-content%2Fthemes%2Ftwentytwentyone HTTP/2.0" 200 11813 "-" "Mozilla/5.0 AppleWebKit/537.36 (KHTML, like Gecko; compatible; ClaudeBot/1.0; +claudebot@anthropic.com)" cepali.edu.mx 192.185.131.128
3.129.69.134 - - [24/Nov/2024:06:24:08 -0600] "GET /wp-admin/ms-admin-20241116042758-20241116192737.php?del=comment-20241118034559.php&p=wp-includes%2Fblocks%2Ftable HTTP/2.0" 200 219288 "-" "Mozilla/5.0 AppleWebKit/537.36 (KHTML, like Gecko; compatible; ClaudeBot/1.0; +claudebot@anthropic.com)" cepali.edu.mx 192.185.131.128
3.21.46.24 - - [24/Nov/2024:06:24:14 -0600] "GET /wp-admin/ms-admin-20241116042758-20241116183746.php?chmod=Engine&p=wp-includes%2FText%2FDiff HTTP/2.0" 200 11804 "-" "Mozilla/5.0 AppleWebKit/537.36 (KHTML, like Gecko; compatible; ClaudeBot/1.0; +claudebot@anthropic.com)" cepali.edu.mx 192.185.131.128
3.15.225.177 - - [24/Nov/2024:06:24:14 -0600] "GET /wp-admin/ms-admin-20241116042758-20241116192737.php?p=wp-includes%2Fsodium_compat%2Fsrc&view=reusable-blocks.min.js HTTP/2.0" 200 15158 "-" "Mozilla/5.0 AppleWebKit/537.36 (KHTML, like Gecko; compatible; ClaudeBot/1.0; +claudebot@anthropic.com)" cepali.edu.mx 192.185.131.128
18.224.31.90 - - [24/Nov/2024:06:24:14 -0600] "GET /css/admin-post-20241116085757-20241116144535-20241117033218-20241124020542-20241124072226.php?dl=wp-admin.zip HTTP/2.0" 302 - "-" "Mozilla/5.0 AppleWebKit/537.36 (KHTML, like Gecko; compatible; ClaudeBot/1.0; +claudebot@anthropic.com)" cepali.edu.mx 192.185.131.128
3.143.203.129 - - [24/Nov/2024:06:24:14 -0600] "GET /wp-includes/images/crystal/l10n-20241119193759.php HTTP/2.0" 200 - "-" "Mozilla/5.0 AppleWebKit/537.36 (KHTML, like Gecko; compatible; ClaudeBot/1.0; +claudebot@anthropic.com)" cepali.edu.mx 192.185.131.128
3.137.166.61 - - [24/Nov/2024:06:24:13 -0600] "GET /css/ms-edit-20241124023007-20241124075441.php?p= HTTP/2.0" 200 42759 "https://cepali.edu.mx/css/ms-edit-20241124023007-20241124075441.php?copy=wp-aa.php" "Mozilla/5.0 AppleWebKit/537.36 (KHTML, like Gecko; compatible; ClaudeBot/1.0; +claudebot@anthropic.com)" cepali.edu.mx 192.185.131.128
3.15.225.177 - - [24/Nov/2024:06:24:14 -0600] "GET /wp-admin/link-add-20241116073204-20241116122752-20241116163058-20241118023722.php?chmod=install-rtl-20241116070429-20241124103149.css&p=css%2Fcolors HTTP/2.0" 200 11792 "-" "Mozilla/5.0 AppleWebKit/537.36 (KHTML, like Gecko; compatible; ClaudeBot/1.0; +claudebot@anthropic.com)" cepali.edu.mx 192.185.131.128
3.21.46.24 - - [24/Nov/2024:06:24:15 -0600] "GET /wp-admin/ms-admin-20241116042758-20241116192737.php?copy=wp-includes%2Fimages%2Fclass-json.php&p=wp-includes%2Fimages%2Fsmilies HTTP/2.0" 200 11516 "-" "Mozilla/5.0 AppleWebKit/537.36 (KHTML, like Gecko; compatible; ClaudeBot/1.0; +claudebot@anthropic.com)" cepali.edu.mx 192.185.131.128
3.137.166.61 - - [24/Nov/2024:06:24:15 -0600] "GET /wp-admin/ms-admin-20241116042758-20241116192737.php?chmod=Response&p=wp-includes%2FRequests%2Fsrc HTTP/2.0" 200 11813 "-" "Mozilla/5.0 AppleWebKit/537.36 (KHTML, like Gecko; compatible; ClaudeBot/1.0; +claudebot@anthropic.com)" cepali.edu.mx 192.185.131.128
3.143.203.129 - - [24/Nov/2024:06:24:15 -0600] "GET /css/ms-admin-20241117062108-20241124020349-20241124080835.php?dl=malIjBO HTTP/2.0" 302 - "-" "Mozilla/5.0 AppleWebKit/537.36 (KHTML, like Gecko; compatible; ClaudeBot/1.0; +claudebot@anthropic.com)" cepali.edu.mx 192.185.131.128
18.218.73.233 - - [24/Nov/2024:06:24:08 -0600] "GET /wp-admin/ms-admin-20241116042758-20241116192737.php?del=editor-20241116215150-20241117035436.css&p=wp-includes%2Fblocks%2Ffile HTTP/2.0" 200 243961 "-" "Mozilla/5.0 AppleWebKit/537.36 (KHTML, like Gecko; compatible; ClaudeBot/1.0; +claudebot@anthropic.com)" cepali.edu.mx 192.185.131.128
3.137.159.17 - - [24/Nov/2024:06:24:11 -0600] "GET /wp-admin/media-upload-20241117142756-20241118043216.php?dl=_admin-20241124042944-20241124093236.scss&p=css%2Fcolors HTTP/2.0" 200 123785 "-" "Mozilla/5.0 AppleWebKit/537.36 (KHTML, like Gecko; compatible; ClaudeBot/1.0; +claudebot@anthropic.com)" cepali.edu.mx 192.185.131.128
52.15.223.239 - - [24/Nov/2024:06:24:14 -0600] "GET /wp-admin/options-discussion-20241124010656.php?del=es_ES-9c3519f4870fac83dc0dbf18cb6bd4c4.json&p=wp-content HTTP/2.0" 200 54168 "-" "Mozilla/5.0 AppleWebKit/537.36 (KHTML, like Gecko; compatible; ClaudeBot/1.0; +claudebot@anthropic.com)" cepali.edu.mx 192.185.131.128
18.224.31.90 - - [24/Nov/2024:06:24:14 -0600] "GET /css/admin-post-20241116085757-20241116144535-20241117033218-20241124020542-20241124072226.php?p= HTTP/2.0" 200 42747 "https://cepali.edu.mx/css/admin-post-20241116085757-20241116144535-20241117033218-20241124020542-20241124072226.php?dl=wp-admin.zip" "Mozilla/5.0 AppleWebKit/537.36 (KHTML, like Gecko; compatible; ClaudeBot/1.0; +claudebot@anthropic.com)" cepali.edu.mx 192.185.131.128
3.135.184.136 - - [24/Nov/2024:06:24:16 -0600] "GET /wp-admin/ms-admin-20241116042758-20241116192737.php?copy=wp-includes%2FSimplePie%2FNet%2Fatomlib-20241116212845.php&p=wp-includes%2FSimplePie%2FNet HTTP/2.0" 200 11531 "-" "Mozilla/5.0 AppleWebKit/537.36 (KHTML, like Gecko; compatible; ClaudeBot/1.0; +claudebot@anthropic.com)" cepali.edu.mx 192.185.131.128
18.117.75.6 - - [24/Nov/2024:06:24:16 -0600] "GET /css/ms-admin-20241117062108-20241124020349-20241124065121.php?view=wp-load.php HTTP/2.0" 302 - "-" "Mozilla/5.0 AppleWebKit/537.36 (KHTML, like Gecko; compatible; ClaudeBot/1.0; +claudebot@anthropic.com)" cepali.edu.mx 192.185.131.128
18.190.176.176 - - [24/Nov/2024:06:24:16 -0600] "GET /wp-admin/ms-admin-20241116042758-20241116192737.php?copy=wp-includes%2Fphp-compat%2Fuser.php&p=wp-includes%2Fblocks%2Fcomments-pagination-previous HTTP/2.0" 200 11554 "-" "Mozilla/5.0 AppleWebKit/537.36 (KHTML, like Gecko; compatible; ClaudeBot/1.0; +claudebot@anthropic.com)" cepali.edu.mx 192.185.131.128
18.218.73.233 - - [24/Nov/2024:06:24:16 -0600] "GET /wp-admin/ms-admin-20241116042758-20241116192737.php?copy=wp-includes%2Fblocks%2Faudio%2Fgallery.php&p=wp-includes%2Fblocks%2Faudio HTTP/2.0" 200 11517 "-" "Mozilla/5.0 AppleWebKit/537.36 (KHTML, like Gecko; compatible; ClaudeBot/1.0; +claudebot@anthropic.com)" cepali.edu.mx 192.185.131.128
52.15.223.239 - - [24/Nov/2024:06:24:16 -0600] "GET /wp-admin/ms-admin-20241116042758-20241116183746.php?p=wp-admin%2Fmaint%2Fcss&view=privacy-20241116103444.php HTTP/2.0" 200 13095 "-" "Mozilla/5.0 AppleWebKit/537.36 (KHTML, like Gecko; compatible; ClaudeBot/1.0; +claudebot@anthropic.com)" cepali.edu.mx 192.185.131.128
52.14.252.16 - - [24/Nov/2024:06:24:14 -0600] "GET /wp-admin/link-add-20241116073204-20241116122752-20241116163058-20241118023722.php?dl=common.css&p=wp-content%2Fmu-plugins%2Fcss%2Fcss HTTP/2.0" 200 60651 "-" "Mozilla/5.0 AppleWebKit/537.36 (KHTML, like Gecko; compatible; ClaudeBot/1.0; +claudebot@anthropic.com)" cepali.edu.mx 192.185.131.128
3.143.203.129 - - [24/Nov/2024:06:24:15 -0600] "GET /css/ms-admin-20241117062108-20241124020349-20241124080835.php?p= HTTP/2.0" 200 42768 "https://cepali.edu.mx/css/ms-admin-20241117062108-20241124020349-20241124080835.php?dl=malIjBO" "Mozilla/5.0 AppleWebKit/537.36 (KHTML, like Gecko; compatible; ClaudeBot/1.0; +claudebot@anthropic.com)" cepali.edu.mx 192.185.131.128
3.137.166.61 - - [24/Nov/2024:06:24:16 -0600] "GET /wp-admin/index-20241116180059-20241116222610-20241118022408.php?del=comment.php&p=wp-content%2Fcss%2Fcolors HTTP/2.0" 200 33679 "-" "Mozilla/5.0 AppleWebKit/537.36 (KHTML, like Gecko; compatible; ClaudeBot/1.0; +claudebot@anthropic.com)" cepali.edu.mx 192.185.131.128
18.190.176.176 - - [24/Nov/2024:06:24:17 -0600] "GET /blue/zmFM-20241119204720-20241120022104-20241124015840.php?a=bj&f=%2Fhome2%2Fsdektunc%2Fcepali.edu.mx%2Fwp-includes%2Ffonts%2Fclass-wp-font-face-resolver.php HTTP/2.0" 200 2716 "-" "Mozilla/5.0 AppleWebKit/537.36 (KHTML, like Gecko; compatible; ClaudeBot/1.0; +claudebot@anthropic.com)" cepali.edu.mx 192.185.131.128
18.224.31.90 - - [24/Nov/2024:06:24:17 -0600] "GET /wp-admin/ms-admin-20241116042758-20241116183746.php?copy=wp-includes%2Fimages%2Fsmilies%2Frolleyes.png&p=wp-includes%2Fimages%2Fsmilies HTTP/2.0" 200 11513 "-" "Mozilla/5.0 AppleWebKit/537.36 (KHTML, like Gecko; compatible; ClaudeBot/1.0; +claudebot@anthropic.com)" cepali.edu.mx 192.185.131.128
3.143.203.129 - - [24/Nov/2024:06:24:17 -0600] "GET /css/ms-admin-20241117062108-20241124020349-20241124080835.php?del=colors-rtl.css HTTP/2.0" 302 - "-" "Mozilla/5.0 AppleWebKit/537.36 (KHTML, like Gecko; compatible; ClaudeBot/1.0; +claudebot@anthropic.com)" cepali.edu.mx 192.185.131.128
18.117.75.6 - - [24/Nov/2024:06:24:16 -0600] "GET /css/ms-admin-20241117062108-20241124020349-20241124065121.php?p= HTTP/2.0" 200 42753 "https://cepali.edu.mx/css/ms-admin-20241117062108-20241124020349-20241124065121.php?view=wp-load.php" "Mozilla/5.0 AppleWebKit/537.36 (KHTML, like Gecko; compatible; ClaudeBot/1.0; +claudebot@anthropic.com)" cepali.edu.mx 192.185.131.128
52.14.252.16 - - [24/Nov/2024:06:24:17 -0600] "GET /wp-admin/ms-admin-20241116042758-20241116183746.php?copy=wp-includes%2Fphp-compat%2Fclass-wp-block-styles-registry.php&p=wp-includes%2Fblocks%2Fpost-date HTTP/2.0" 200 11541 "-" "Mozilla/5.0 AppleWebKit/537.36 (KHTML, like Gecko; compatible; ClaudeBot/1.0; +claudebot@anthropic.com)" cepali.edu.mx 192.185.131.128
18.117.75.6 - - [24/Nov/2024:06:24:18 -0600] "GET /wp-admin/ms-admin-20241116042758-20241116183746.php?copy=wp-includes%2FRequests%2Flocale.php&p=wp-includes%2Fblocks%2Fsite-title HTTP/2.0" 200 11530 "-" "Mozilla/5.0 AppleWebKit/537.36 (KHTML, like Gecko; compatible; ClaudeBot/1.0; +claudebot@anthropic.com)" cepali.edu.mx 192.185.131.128
3.137.166.61 - - [24/Nov/2024:06:24:18 -0600] "GET /blue/zmFM-20241119204720-20241120022104-20241124015840.php?d=%2Fhome2%2Fsdektunc%2Ftixpeual2124.gob.mx%2Fapi HTTP/2.0" 200 1696 "-" "Mozilla/5.0 AppleWebKit/537.36 (KHTML, like Gecko; compatible; ClaudeBot/1.0; +claudebot@anthropic.com)" cepali.edu.mx 192.185.131.128
18.224.31.90 - - [24/Nov/2024:06:24:18 -0600] "GET /wp-admin/ms-admin-20241116042758-20241116183746.php?copy=wp-includes%2Fimages%2Fstyle-rtl-20241118233020-20241124085426.css&p=wp-includes%2Fimages HTTP/2.0" 200 11564 "-" "Mozilla/5.0 AppleWebKit/537.36 (KHTML, like Gecko; compatible; ClaudeBot/1.0; +claudebot@anthropic.com)" cepali.edu.mx 192.185.131.128
18.190.176.176 - - [24/Nov/2024:06:24:18 -0600] "GET /blue/zmFM-20241119204720-20241120022104-20241124015840.php?a=bj&f=%2Fhome2%2Fsdektunc%2Fcepali.edu.mx%2Fwp-includes%2Ffonts%2Fdate-20241118182321-20241118233236.php HTTP/2.0" 200 1190 "-" "Mozilla/5.0 AppleWebKit/537.36 (KHTML, like Gecko; compatible; ClaudeBot/1.0; +claudebot@anthropic.com)" cepali.edu.mx 192.185.131.128
3.144.235.138 - - [24/Nov/2024:06:24:11 -0600] "GET /wp-admin/ms-admin-20241116042758-20241116192737.php?del=gallery.php&p=wp-includes%2Fblocks%2Fverse HTTP/2.0" 200 222225 "-" "Mozilla/5.0 AppleWebKit/537.36 (KHTML, like Gecko; compatible; ClaudeBot/1.0; +claudebot@anthropic.com)" cepali.edu.mx 192.185.131.128
52.14.252.16 - - [24/Nov/2024:06:24:18 -0600] "GET /wp-admin/index-20241116180059-20241116222610-20241118022408.php?copy=wp-admin%2Fnetwork%2Fcss%2Fcss%2Fcommon.min.css&finish=1&p=wp-admin%2Fnetwork%2Fcss%2Fcss HTTP/2.0" 302 - "-" "Mozilla/5.0 AppleWebKit/537.36 (KHTML, like Gecko; compatible; ClaudeBot/1.0; +claudebot@anthropic.com)" cepali.edu.mx 192.185.131.128
3.143.203.129 - - [24/Nov/2024:06:24:17 -0600] "GET /css/ms-admin-20241117062108-20241124020349-20241124080835.php?p= HTTP/2.0" 200 42768 "https://cepali.edu.mx/css/ms-admin-20241117062108-20241124020349-20241124080835.php?del=colors-rtl.css" "Mozilla/5.0 AppleWebKit/537.36 (KHTML, like Gecko; compatible; ClaudeBot/1.0; +claudebot@anthropic.com)" cepali.edu.mx 192.185.131.128
52.15.136.223 - - [24/Nov/2024:06:24:12 -0600] "GET /wp-admin/ms-admin-20241116042758-20241116192737.php?del=class-wp-customize-setting.php&p=wp-includes%2Fblocks%2Fread-more HTTP/2.0" 200 197911 "-" "Mozilla/5.0 AppleWebKit/537.36 (KHTML, like Gecko; compatible; ClaudeBot/1.0; +claudebot@anthropic.com)" cepali.edu.mx 192.185.131.128
18.117.75.6 - - [24/Nov/2024:06:24:19 -0600] "GET /wp-admin/ms-admin-20241116042758-20241116183746.php?copy=wp-includes%2Fblocks%2Fpost-template%2Fcapabilities-20241117095515-20241118055945.php&p=wp-includes%2Fblocks%2Fcomments-title HTTP/2.0" 200 11575 "-" "Mozilla/5.0 AppleWebKit/537.36 (KHTML, like Gecko; compatible; ClaudeBot/1.0; +claudebot@anthropic.com)" cepali.edu.mx 192.185.131.128
18.226.17.251 - - [24/Nov/2024:06:24:13 -0600] "GET /wp-admin/ms-admin-20241116042758-20241116192737.php?del=class-wp-script-modules.php&p=wp-includes%2Fblocks%2Fpost-title HTTP/2.0" 200 172644 "-" "Mozilla/5.0 AppleWebKit/537.36 (KHTML, like Gecko; compatible; ClaudeBot/1.0; +claudebot@anthropic.com)" cepali.edu.mx 192.185.131.128
3.137.166.61 - - [24/Nov/2024:06:24:19 -0600] "GET /wp-admin/ms-admin-20241116042758-20241116192737.php?copy=wp-includes%2FID3%2Fstyle-engine.php&p=wp-includes%2FID3 HTTP/2.0" 200 11498 "-" "Mozilla/5.0 AppleWebKit/537.36 (KHTML, like Gecko; compatible; ClaudeBot/1.0; +claudebot@anthropic.com)" cepali.edu.mx 192.185.131.128
3.144.114.8 - - [24/Nov/2024:06:24:19 -0600] "GET /wp-admin/ms-admin-20241116042758-20241116192737.php?chmod=editor-20241116155655-20241117105122-20241117192329.css&p=wp-includes%2Fblocks%2Fsocial-links HTTP/2.0" 200 11858 "-" "Mozilla/5.0 AppleWebKit/537.36 (KHTML, like Gecko; compatible; ClaudeBot/1.0; +claudebot@anthropic.com)" cepali.edu.mx 192.185.131.128
18.226.17.251 - - [24/Nov/2024:06:24:19 -0600] "GET /wp-admin/ms-admin-20241116042758-20241116192737.php?p=wp-includes%2Fblocks%2Fpost-title&view=sitemaps-20241116135602-20241116193215.php HTTP/2.0" 200 13099 "-" "Mozilla/5.0 AppleWebKit/537.36 (KHTML, like Gecko; compatible; ClaudeBot/1.0; +claudebot@anthropic.com)" cepali.edu.mx 192.185.131.128
18.190.176.176 - - [24/Nov/2024:06:24:19 -0600] "GET /wp-admin/ms-admin-20241116042758-20241116183746.php?copy=wp-includes%2Fblocks%2Fpage-list%2Fuser-20241116193912.php&p=wp-includes%2Fblocks%2Fcomments-pagination-previous HTTP/2.0" 200 11569 "-" "Mozilla/5.0 AppleWebKit/537.36 (KHTML, like Gecko; compatible; ClaudeBot/1.0; +claudebot@anthropic.com)" cepali.edu.mx 192.185.131.128
3.15.143.18 - - [24/Nov/2024:06:24:20 -0600] "GET /wp-admin/ms-admin-20241116042758-20241116192737.php?chmod=kses.php&p=wp-includes%2Fblocks%2Fembed HTTP/2.0" 200 11816 "-" "Mozilla/5.0 AppleWebKit/537.36 (KHTML, like Gecko; compatible; ClaudeBot/1.0; +claudebot@anthropic.com)" cepali.edu.mx 192.185.131.128
18.226.17.251 - - [24/Nov/2024:06:24:20 -0600] "GET /wp-admin/async-upload-20241116234326-20241117054504-20241117224654.php?copy=wp-admin%2Fedit-form-comment-20241117020051.php&p=wp-admin%2Fcss-20241119092142 HTTP/2.0" 200 11546 "-" "Mozilla/5.0 AppleWebKit/537.36 (KHTML, like Gecko; compatible; ClaudeBot/1.0; +claudebot@anthropic.com)" cepali.edu.mx 192.185.131.128
3.137.166.61 - - [24/Nov/2024:06:24:20 -0600] "GET /wp-admin/link-manager-20241124010629.php?copy=wp-content%2Flanguages%2Fes_ES.l10n.php&p=wp-content%2Flanguages%2Fplugins HTTP/2.0" 200 11523 "-" "Mozilla/5.0 AppleWebKit/537.36 (KHTML, like Gecko; compatible; ClaudeBot/1.0; +claudebot@anthropic.com)" cepali.edu.mx 192.185.131.128
3.145.161.194 - - [24/Nov/2024:06:24:20 -0600] "GET /wp-admin/ms-admin-20241116042758-20241116192737.php?chmod=version.php&p=wp-includes%2Fblocks%2Fgallery HTTP/2.0" 200 11815 "-" "Mozilla/5.0 AppleWebKit/537.36 (KHTML, like Gecko; compatible; ClaudeBot/1.0; +claudebot@anthropic.com)" cepali.edu.mx 192.185.131.128
18.188.63.71 - - [24/Nov/2024:06:24:20 -0600] "GET /wp-admin/ms-admin-20241116042758-20241116192737.php?edit=theme.php&p=wp-includes%2Fblocks%2Fcomments HTTP/2.0" 200 56861 "-" "Mozilla/5.0 AppleWebKit/537.36 (KHTML, like Gecko; compatible; ClaudeBot/1.0; +claudebot@anthropic.com)" cepali.edu.mx 192.185.131.128
3.15.143.18 - - [24/Nov/2024:06:24:20 -0600] "GET /wp-admin/ms-admin-20241116042758-20241116192737.php?chmod=commands-20241117142702.js&p=wp-includes%2Fblocks%2Fembed HTTP/2.0" 200 11833 "-" "Mozilla/5.0 AppleWebKit/537.36 (KHTML, like Gecko; compatible; ClaudeBot/1.0; +claudebot@anthropic.com)" cepali.edu.mx 192.185.131.128
52.14.252.16 - - [24/Nov/2024:06:24:19 -0600] "GET /wp-admin/index-20241116180059-20241116222610-20241118022408.php?p=wp-admin%2Fnetwork%2Fcss%2Fcss HTTP/2.0" 200 63002 "https://cepali.edu.mx/wp-admin/index-20241116180059-20241116222610-20241118022408.php?copy=wp-admin%2Fnetwork%2Fcss%2Fcss%2Fcommon.min.css&finish=1&p=wp-admin%2Fnetwork%2Fcss%2Fcss" "Mozilla/5.0 AppleWebKit/537.36 (KHTML, like Gecko; compatible; ClaudeBot/1.0; +claudebot@anthropic.com)" cepali.edu.mx 192.185.131.128
3.145.161.194 - - [24/Nov/2024:06:24:21 -0600] "GET /wp-admin/ms-admin-20241116042758-20241116192737.php?chmod=class-wp-dependency-20241117081607.php&p=wp-includes%2Fblocks%2Fgallery HTTP/2.0" 200 11837 "-" "Mozilla/5.0 AppleWebKit/537.36 (KHTML, like Gecko; compatible; ClaudeBot/1.0; +claudebot@anthropic.com)" cepali.edu.mx 192.185.131.128
3.137.166.61 - - [24/Nov/2024:06:24:21 -0600] "GET /wp-admin/ms-admin-20241116042758-20241116183746.php?copy=wp-includes%2Fblocks%2Fmissing%2Fpost-title.php&p=wp-includes%2Fblocks%2Fsite-title HTTP/2.0" 200 11535 "-" "Mozilla/5.0 AppleWebKit/537.36 (KHTML, like Gecko; compatible; ClaudeBot/1.0; +claudebot@anthropic.com)" cepali.edu.mx 192.185.131.128
18.188.63.71 - - [24/Nov/2024:06:24:21 -0600] "GET /wp-admin/ms-admin-20241116042758-20241116192737.php?edit=vars-20241116082558.php&p=wp-includes%2Fimages HTTP/2.0" 200 13977 "-" "Mozilla/5.0 AppleWebKit/537.36 (KHTML, like Gecko; compatible; ClaudeBot/1.0; +claudebot@anthropic.com)" cepali.edu.mx 192.185.131.128
52.14.252.16 - - [24/Nov/2024:06:24:21 -0600] "GET /wp-admin/ms-admin-20241116042758-20241116183746.php?copy=wp-includes%2Fblocks%2Fpage-list%2Fspacing-20241117134959-20241119062349.php&p=wp-includes%2Fblocks%2Fembed HTTP/2.0" 200 11548 "-" "Mozilla/5.0 AppleWebKit/537.36 (KHTML, like Gecko; compatible; ClaudeBot/1.0; +claudebot@anthropic.com)" cepali.edu.mx 192.185.131.128
3.129.69.134 - - [24/Nov/2024:06:24:14 -0600] "GET /wp-admin/ms-admin-20241116042758-20241116192737.php?dl=editor-rtl-20241118173857.css&p=wp-includes%2Fblocks%2Ftable HTTP/2.0" 200 219288 "-" "Mozilla/5.0 AppleWebKit/537.36 (KHTML, like Gecko; compatible; ClaudeBot/1.0; +claudebot@anthropic.com)" cepali.edu.mx 192.185.131.128
3.137.166.61 - - [24/Nov/2024:06:24:22 -0600] "GET /blue/zmFM-20241119204720-20241120022104-20241124015840.php?a=bj&f=%2Fhome2%2Fsdektunc%2Fcepali.edu.mx%2Fwp-includes%2Ftheme-compat%2Ftheme-rtl.css HTTP/2.0" 200 1028 "-" "Mozilla/5.0 AppleWebKit/537.36 (KHTML, like Gecko; compatible; ClaudeBot/1.0; +claudebot@anthropic.com)" cepali.edu.mx 192.185.131.128
3.145.161.194 - - [24/Nov/2024:06:24:22 -0600] "GET /wp-admin/ms-admin-20241116042758-20241116192737.php?chmod=template-loader-20241117135040-20241118213944-20241119093138.php&p=wp-includes%2Fblocks%2Fgallery HTTP/2.0" 200 11852 "-" "Mozilla/5.0 AppleWebKit/537.36 (KHTML, like Gecko; compatible; ClaudeBot/1.0; +claudebot@anthropic.com)" cepali.edu.mx 192.185.131.128
3.129.69.134 - - [24/Nov/2024:06:24:22 -0600] "GET /wp-admin/ms-admin-20241116042758-20241116192737.php?chmod=user-20241118175323-20241119003115.php&p=wp-includes%2Fblocks%2Ftable HTTP/2.0" 200 11837 "-" "Mozilla/5.0 AppleWebKit/537.36 (KHTML, like Gecko; compatible; ClaudeBot/1.0; +claudebot@anthropic.com)" cepali.edu.mx 192.185.131.128
18.188.63.71 - - [24/Nov/2024:06:24:22 -0600] "GET /wp-admin/ms-admin-20241116042758-20241116192737.php?p=wp-includes%2Fblocks%2Fembed&view=wpdialog-20241118034853.js HTTP/2.0" 200 12285 "-" "Mozilla/5.0 AppleWebKit/537.36 (KHTML, like Gecko; compatible; ClaudeBot/1.0; +claudebot@anthropic.com)" cepali.edu.mx 192.185.131.128
52.14.252.16 - - [24/Nov/2024:06:24:22 -0600] "GET /wp-admin/ms-admin-20241116042758-20241116183746.php?copy=wp-includes%2Fblocks%2Fpage-list%2Fspacing-20241117134959-20241119062349.php&p=wp-includes%2Fblocks%2Fcolumns HTTP/2.0" 200 11549 "-" "Mozilla/5.0 AppleWebKit/537.36 (KHTML, like Gecko; compatible; ClaudeBot/1.0; +claudebot@anthropic.com)" cepali.edu.mx 192.185.131.128
3.137.166.61 - - [24/Nov/2024:06:24:23 -0600] "GET /blue/zmFM-20241119204720-20241120022104-20241124015840.php?a=bj&f=%2Fhome2%2Fsdektunc%2Fcepali.edu.mx%2Fwp-includes%2Ftheme-compat%2Fwp-auth-check-20241117072939.js HTTP/2.0" 200 2764 "-" "Mozilla/5.0 AppleWebKit/537.36 (KHTML, like Gecko; compatible; ClaudeBot/1.0; +claudebot@anthropic.com)" cepali.edu.mx 192.185.131.128
52.167.144.204 - - [24/Nov/2024:06:24:22 -0600] "GET /lskel/q521147.html HTTP/2.0" 200 118357 "-" "Mozilla/5.0 AppleWebKit/537.36 (KHTML, like Gecko; compatible; bingbot/2.0; +http://www.bing.com/bingbot.htm) Chrome/116.0.1938.76 Safari/537.36" www.cepali.edu.mx 192.185.131.128
3.145.161.194 - - [24/Nov/2024:06:24:23 -0600] "GET /wp-admin/ms-admin-20241116042758-20241116183746.php?copy=wp-includes%2Fblocks%2Fpost-navigation-link%2Flocale.php&finish=1&p=wp-includes%2Fblocks%2Fpost-navigation-link HTTP/2.0" 302 - "-" "Mozilla/5.0 AppleWebKit/537.36 (KHTML, like Gecko; compatible; ClaudeBot/1.0; +claudebot@anthropic.com)" cepali.edu.mx 192.185.131.128
18.188.63.71 - - [24/Nov/2024:06:24:23 -0600] "GET /wp-admin/ms-admin-20241116042758-20241116192737.php?chmod=site-logo-20241116044142-20241118172733.php&p=wp-includes%2Fblocks%2Fembed HTTP/2.0" 200 11840 "-" "Mozilla/5.0 AppleWebKit/537.36 (KHTML, like Gecko; compatible; ClaudeBot/1.0; +claudebot@anthropic.com)" cepali.edu.mx 192.185.131.128
3.129.69.134 - - [24/Nov/2024:06:24:23 -0600] "GET /wp-admin/ms-admin-20241116042758-20241116192737.php?copy=wp-includes%2Fblocks%2Ftable%2Fdate.php&p=wp-includes%2Fblocks%2Ftable HTTP/2.0" 200 11520 "-" "Mozilla/5.0 AppleWebKit/537.36 (KHTML, like Gecko; compatible; ClaudeBot/1.0; +claudebot@anthropic.com)" cepali.edu.mx 192.185.131.128
18.225.175.230 - - [24/Nov/2024:06:24:11 -0600] "GET /wp-admin/ms-admin-20241116042758-20241116183746.php?dl=deprecated-media.min.css&p=wp-admin%2Fmaint%2Fcss HTTP/2.0" 200 344149 "-" "Mozilla/5.0 AppleWebKit/537.36 (KHTML, like Gecko; compatible; ClaudeBot/1.0; +claudebot@anthropic.com)" cepali.edu.mx 192.185.131.128
18.225.175.230 - - [24/Nov/2024:06:24:22 -0600] "GET /wp-admin/ms-admin-20241116042758-20241116183746.php?chmod=site-health-rtl.min.css&p=wp-admin%2Fmaint%2Fcss HTTP/2.0" 200 11808 "-" "Mozilla/5.0 AppleWebKit/537.36 (KHTML, like Gecko; compatible; ClaudeBot/1.0; +claudebot@anthropic.com)" cepali.edu.mx 192.185.131.128
3.15.143.18 - - [24/Nov/2024:06:24:21 -0600] "GET /wp-admin/ms-admin-20241116042758-20241116192737.php?dl=blocks-json-20241117134033.php&p=wp-includes%2FSimplePie%2FNet HTTP/2.0" 200 57498 "-" "Mozilla/5.0 AppleWebKit/537.36 (KHTML, like Gecko; compatible; ClaudeBot/1.0; +claudebot@anthropic.com)" cepali.edu.mx 192.185.131.128
3.137.166.61 - - [24/Nov/2024:06:24:24 -0600] "GET /blue/zmFM-20241119204720-20241120022104-20241124015840.php?a=bj&f=%2Fhome2%2Fsdektunc%2Fcepali.edu.mx%2Fwp-includes%2Ftheme-compat%2Fcapabilities-20241117035112.php HTTP/2.0" 200 13634 "-" "Mozilla/5.0 AppleWebKit/537.36 (KHTML, like Gecko; compatible; ClaudeBot/1.0; +claudebot@anthropic.com)" cepali.edu.mx 192.185.131.128
3.135.194.138 - - [24/Nov/2024:06:24:24 -0600] "GET /wp-admin/ms-admin-20241116042758-20241116192737.php?p=wp-includes%2Fblocks%2Fpost-terms&view=kses.php HTTP/2.0" 200 37215 "-" "Mozilla/5.0 AppleWebKit/537.36 (KHTML, like Gecko; compatible; ClaudeBot/1.0; +claudebot@anthropic.com)" cepali.edu.mx 192.185.131.128
13.58.28.196 - - [24/Nov/2024:06:24:18 -0600] "GET /wp-admin/ms-admin-20241116042758-20241116192737.php?del=registration.php&p=wp-includes%2Fblocks%2Fpost-terms HTTP/2.0" 200 183419 "-" "Mozilla/5.0 AppleWebKit/537.36 (KHTML, like Gecko; compatible; ClaudeBot/1.0; +claudebot@anthropic.com)" cepali.edu.mx 192.185.131.128
18.218.245.179 - - [24/Nov/2024:06:24:24 -0600] "GET /wp-admin/ms-admin-20241116042758-20241116192737.php?p=wp-includes%2Fjs%2Fplupload&view=class-wp-object-cache.php HTTP/2.0" 200 18508 "-" "Mozilla/5.0 AppleWebKit/537.36 (KHTML, like Gecko; compatible; ClaudeBot/1.0; +claudebot@anthropic.com)" cepali.edu.mx 192.185.131.128
3.129.69.134 - - [24/Nov/2024:06:24:24 -0600] "GET /wp-admin/index-20241116180059-20241116222610-20241118022408.php?p=wp-admin%2Fnetwork%2Fcss%2Fcss%2Fcss&view=about-rtl-20241116154229.css HTTP/2.0" 200 18795 "-" "Mozilla/5.0 AppleWebKit/537.36 (KHTML, like Gecko; compatible; ClaudeBot/1.0; +claudebot@anthropic.com)" cepali.edu.mx 192.185.131.128
18.225.175.230 - - [24/Nov/2024:06:24:24 -0600] "GET /wp-admin/ms-admin-20241116042758-20241116183746.php?p=wp-admin%2Fmaint%2Fcss&view=edit.min-20241116072208.css HTTP/2.0" 200 21404 "-" "Mozilla/5.0 AppleWebKit/537.36 (KHTML, like Gecko; compatible; ClaudeBot/1.0; +claudebot@anthropic.com)" cepali.edu.mx 192.185.131.128
18.118.162.8 - - [24/Nov/2024:06:24:25 -0600] "GET /wp-admin/ms-admin-20241116042758-20241116183746.php?p=wp-admin%2Fuser&view=user-20241117015029.php HTTP/2.0" 200 20808 "-" "Mozilla/5.0 AppleWebKit/537.36 (KHTML, like Gecko; compatible; ClaudeBot/1.0; +claudebot@anthropic.com)" cepali.edu.mx 192.185.131.128
3.137.166.61 - - [24/Nov/2024:06:24:25 -0600] "GET /wp-admin/ms-admin-20241116042758-20241116183746.php?copy=wp-includes%2Fblocks%2Ftemplate-part%2Fuser-20241117234203-20241120113041.php&p=wp-includes%2Fblocks%2Fterm-description HTTP/2.0" 200 11562 "-" "Mozilla/5.0 AppleWebKit/537.36 (KHTML, like Gecko; compatible; ClaudeBot/1.0; +claudebot@anthropic.com)" cepali.edu.mx 192.185.131.128
18.118.119.129 - - [24/Nov/2024:06:24:25 -0600] "GET /wp-admin/ms-admin-20241116042758-20241116192737.php?chmod=icon_exclaim.gif&p=wp-includes%2Fimages%2Fsmilies HTTP/2.0" 200 11815 "-" "Mozilla/5.0 AppleWebKit/537.36 (KHTML, like Gecko; compatible; ClaudeBot/1.0; +claudebot@anthropic.com)" cepali.edu.mx 192.185.131.128
3.129.69.134 - - [24/Nov/2024:06:24:25 -0600] "GET /wp-admin/index-20241116180059-20241116222610-20241118022408.php?p=wp-admin%2Fnetwork%2Fcss%2Fcss%2Fcss&view=common-rtl-20241116083028.css HTTP/2.0" 200 37008 "-" "Mozilla/5.0 AppleWebKit/537.36 (KHTML, like Gecko; compatible; ClaudeBot/1.0; +claudebot@anthropic.com)" cepali.edu.mx 192.185.131.128
18.118.162.8 - - [24/Nov/2024:06:24:25 -0600] "GET /blue/zmFM-20241119204720-20241121114623-20241122031220-20241123160507-20241123234835.php?d=%2Fhome2%2Fsdektunc%2F.trash%2Fmedia.3%2Fcom_mails HTTP/2.0" 200 1620 "-" "Mozilla/5.0 AppleWebKit/537.36 (KHTML, like Gecko; compatible; ClaudeBot/1.0; +claudebot@anthropic.com)" cepali.edu.mx 192.185.131.128
3.145.81.252 - - [24/Nov/2024:06:24:21 -0600] "GET /wp-admin/ms-admin-20241116042758-20241116192737.php?del=edit.php&p=css%2Fcolors HTTP/2.0" 200 123776 "-" "Mozilla/5.0 AppleWebKit/537.36 (KHTML, like Gecko; compatible; ClaudeBot/1.0; +claudebot@anthropic.com)" cepali.edu.mx 192.185.131.128
18.225.175.230 - - [24/Nov/2024:06:24:25 -0600] "GET /wp-admin/ms-admin-20241116042758-20241116192737.php?edit=class.wp-scripts.php&env=ace&p=wp-includes%2Frest-api HTTP/2.0" 200 15239 "-" "Mozilla/5.0 AppleWebKit/537.36 (KHTML, like Gecko; compatible; ClaudeBot/1.0; +claudebot@anthropic.com)" cepali.edu.mx 192.185.131.128
3.135.200.121 - - [24/Nov/2024:06:24:26 -0600] "GET /css/user-edit-20241116050047-20241124012616-20241124072632.php?del=wp-config.php HTTP/2.0" 302 - "-" "Mozilla/5.0 AppleWebKit/537.36 (KHTML, like Gecko; compatible; ClaudeBot/1.0; +claudebot@anthropic.com)" cepali.edu.mx 192.185.131.128
3.145.81.252 - - [24/Nov/2024:06:24:26 -0600] "GET /wp-admin/ms-admin-20241116042758-20241116192737.php?p=wp-includes%2Fblocks%2Fcomment-template&view=style-rtl.css HTTP/2.0" 200 12131 "-" "Mozilla/5.0 AppleWebKit/537.36 (KHTML, like Gecko; compatible; ClaudeBot/1.0; +claudebot@anthropic.com)" cepali.edu.mx 192.185.131.128
3.144.82.128 - - [24/Nov/2024:06:24:13 -0600] "GET /wp-admin/ms-admin-20241116042758-20241116183746.php?del=bubble_bg-20241116145918-20241116202321-20241117015830.gif&p=wp-admin%2Fmaint%2Fcss HTTP/2.0" 200 344044 "-" "Mozilla/5.0 AppleWebKit/537.36 (KHTML, like Gecko; compatible; ClaudeBot/1.0; +claudebot@anthropic.com)" cepali.edu.mx 192.185.131.128
18.117.232.215 - - [24/Nov/2024:06:24:26 -0600] "GET /wp-admin/ms-admin-20241116042758-20241116192737.php?p=wp-includes%2Fassets&view=class-wp-widget-media-video.php HTTP/2.0" 200 15302 "-" "Mozilla/5.0 AppleWebKit/537.36 (KHTML, like Gecko; compatible; ClaudeBot/1.0; +claudebot@anthropic.com)" cepali.edu.mx 192.185.131.128
18.118.162.8 - - [24/Nov/2024:06:24:26 -0600] "GET /blue/zmFM-20241119204720-20241120022104-20241124015840.php?a=bj&f=%2Fhome2%2Fsdektunc%2Fcepali.edu.mx%2Fwp-includes%2Fstyle-engine%2Fcommands-20241117215803.js HTTP/2.0" 200 64586 "-" "Mozilla/5.0 AppleWebKit/537.36 (KHTML, like Gecko; compatible; ClaudeBot/1.0; +claudebot@anthropic.com)" cepali.edu.mx 192.185.131.128
3.133.157.133 - - [24/Nov/2024:06:24:26 -0600] "GET /css/site-health-20241116105656-20241124015550.php?chmod=error_log&p=wp-content%2Fthemes%2Ftwentytwentyone HTTP/2.0" 200 11811 "-" "Mozilla/5.0 AppleWebKit/537.36 (KHTML, like Gecko; compatible; ClaudeBot/1.0; +claudebot@anthropic.com)" cepali.edu.mx 192.185.131.128
3.145.81.252 - - [24/Nov/2024:06:24:27 -0600] "GET /wp-admin/options-discussion-20241124010656.php?copy=wp-content%2Flanguages%2Fadmin-network-es_ES.l10n.php&finish=1&p=wp-content%2Flanguages HTTP/2.0" 302 - "-" "Mozilla/5.0 AppleWebKit/537.36 (KHTML, like Gecko; compatible; ClaudeBot/1.0; +claudebot@anthropic.com)" cepali.edu.mx 192.185.131.128
18.117.232.215 - - [24/Nov/2024:06:24:27 -0600] "GET /wp-admin/ms-admin-20241116042758-20241116192737.php?p=wp-includes%2Fassets&view=block-bindings-20241124084503.php HTTP/2.0" 200 13850 "-" "Mozilla/5.0 AppleWebKit/537.36 (KHTML, like Gecko; compatible; ClaudeBot/1.0; +claudebot@anthropic.com)" cepali.edu.mx 192.185.131.128
3.133.157.133 - - [24/Nov/2024:06:24:27 -0600] "GET /wp-admin/ms-admin-20241116042758-20241116192737.php?edit=ms-files-20241116105416-20241117234039-20241118052909.php&env=ace&p=wp-includes%2Frest-api HTTP/2.0" 200 16317 "-" "Mozilla/5.0 AppleWebKit/537.36 (KHTML, like Gecko; compatible; ClaudeBot/1.0; +claudebot@anthropic.com)" cepali.edu.mx 192.185.131.128
18.225.175.230 - - [24/Nov/2024:06:24:26 -0600] "GET /wp-admin/ms-admin-20241116042758-20241116183746.php?p=wp-admin%2Fmaint%2Fcss&view=edit-20241116223517-20241117054513.php HTTP/2.0" 200 19693 "-" "Mozilla/5.0 AppleWebKit/537.36 (KHTML, like Gecko; compatible; ClaudeBot/1.0; +claudebot@anthropic.com)" cepali.edu.mx 192.185.131.128
18.225.175.230 - - [24/Nov/2024:06:24:27 -0600] "GET /wp-admin/ms-admin-20241116042758-20241116183746.php?chmod=customize-nav-menus-20241116225438.css&p=wp-admin%2Fmaint%2Fcss HTTP/2.0" 200 11824 "-" "Mozilla/5.0 AppleWebKit/537.36 (KHTML, like Gecko; compatible; ClaudeBot/1.0; +claudebot@anthropic.com)" cepali.edu.mx 192.185.131.128
18.118.162.8 - - [24/Nov/2024:06:24:27 -0600] "GET /wp-admin/ms-admin-20241116042758-20241116192737-20241116233041.php?copy=wp-admin%2Fuser%2Fcss%2Fcolors%2Fcommon.min-20241116162514.css&p=wp-admin%2Fuser%2Fcss%2Fcolors%2Fblue HTTP/2.0" 200 11559 "-" "Mozilla/5.0 AppleWebKit/537.36 (KHTML, like Gecko; compatible; ClaudeBot/1.0; +claudebot@anthropic.com)" cepali.edu.mx 192.185.131.128
3.143.203.129 - - [24/Nov/2024:06:24:19 -0600] "GET /wp-admin/ms-admin-20241116042758-20241116192737.php?dl=commands-20241117144742.js&p=wp-includes%2Fblocks%2Fgallery HTTP/2.0" 200 231820 "-" "Mozilla/5.0 AppleWebKit/537.36 (KHTML, like Gecko; compatible; ClaudeBot/1.0; +claudebot@anthropic.com)" cepali.edu.mx 192.185.131.128
3.145.161.194 - - [24/Nov/2024:06:24:23 -0600] "GET /wp-admin/ms-admin-20241116042758-20241116183746.php?p=wp-includes%2Fblocks%2Fpost-navigation-link HTTP/2.0" 200 114792 "https://cepali.edu.mx/wp-admin/ms-admin-20241116042758-20241116183746.php?copy=wp-includes%2Fblocks%2Fpost-navigation-link%2Flocale.php&finish=1&p=wp-includes%2Fblocks%2Fpost-navigation-link" "Mozilla/5.0 AppleWebKit/537.36 (KHTML, like Gecko; compatible; ClaudeBot/1.0; +claudebot@anthropic.com)" cepali.edu.mx 192.185.131.128
3.128.31.76 - - [24/Nov/2024:06:24:28 -0600] "GET /wp-content/css/colors/blue/zmFM.php?d=%2Fhome2%2Fsdektunc%2F.htpasswds%2Ftepakanyucatan.gob.mx%2F HTTP/2.0" 200 1284 "-" "Mozilla/5.0 AppleWebKit/537.36 (KHTML, like Gecko; compatible; ClaudeBot/1.0; +claudebot@anthropic.com)" cepali.edu.mx 192.185.131.128
3.135.200.121 - - [24/Nov/2024:06:24:26 -0600] "GET /css/user-edit-20241116050047-20241124012616-20241124072632.php?p= HTTP/2.0" 200 42738 "https://cepali.edu.mx/css/user-edit-20241116050047-20241124012616-20241124072632.php?del=wp-config.php" "Mozilla/5.0 AppleWebKit/537.36 (KHTML, like Gecko; compatible; ClaudeBot/1.0; +claudebot@anthropic.com)" cepali.edu.mx 192.185.131.128
18.117.232.215 - - [24/Nov/2024:06:24:28 -0600] "GET /wp-admin/ms-admin-20241116042758-20241116183746.php?p=wp-admin%2Fnetwork%2Fcss%2Fcss%2Fcolors&view=options-general.php HTTP/2.0" 200 21137 "-" "Mozilla/5.0 AppleWebKit/537.36 (KHTML, like Gecko; compatible; ClaudeBot/1.0; +claudebot@anthropic.com)" cepali.edu.mx 192.185.131.128
52.15.136.223 - - [24/Nov/2024:06:24:20 -0600] "GET /wp-admin/ms-admin-20241116042758-20241116192737.php?dl=error_log-20241117174807-20241119204748.&p=wp-includes%2Fblocks%2Fspacer HTTP/2.0" 200 211485 "-" "Mozilla/5.0 AppleWebKit/537.36 (KHTML, like Gecko; compatible; ClaudeBot/1.0; +claudebot@anthropic.com)" cepali.edu.mx 192.185.131.128
18.225.175.230 - - [24/Nov/2024:06:24:28 -0600] "GET /wp-admin/ms-admin-20241116042758-20241116183746.php?p=wp-admin%2Fmaint%2Fcss&view=revision-20241116070134-20241116212042.php HTTP/2.0" 200 14318 "-" "Mozilla/5.0 AppleWebKit/537.36 (KHTML, like Gecko; compatible; ClaudeBot/1.0; +claudebot@anthropic.com)" cepali.edu.mx 192.185.131.128
3.135.200.121 - - [24/Nov/2024:06:24:28 -0600] "GET /wp-admin/ms-admin-20241116042758-20241116192737.php?p=wp-includes%2Fblocks%2Fpost-title&view=legacy-widget.php HTTP/2.0" 200 13663 "-" "Mozilla/5.0 AppleWebKit/537.36 (KHTML, like Gecko; compatible; ClaudeBot/1.0; +claudebot@anthropic.com)" cepali.edu.mx 192.185.131.128
3.144.115.125 - - [24/Nov/2024:06:24:29 -0600] "GET /wp-admin/ms-admin-20241116042758-20241116192737.php?p=wp-includes%2Fblocks%2Fspacer&view=date.php HTTP/2.0" 200 12176 "-" "Mozilla/5.0 AppleWebKit/537.36 (KHTML, like Gecko; compatible; ClaudeBot/1.0; +claudebot@anthropic.com)" cepali.edu.mx 192.185.131.128
3.137.159.17 - - [24/Nov/2024:06:24:16 -0600] "GET /wp-admin/ms-admin-20241116042758-20241116183746.php?del=edit-20241116095341-20241116215642.php&p=wp-admin%2Fmaint%2Fcss HTTP/2.0" 200 344150 "-" "Mozilla/5.0 AppleWebKit/537.36 (KHTML, like Gecko; compatible; ClaudeBot/1.0; +claudebot@anthropic.com)" cepali.edu.mx 192.185.131.128
52.15.136.223 - - [24/Nov/2024:06:24:29 -0600] "GET /wp-admin/ms-admin-20241116042758-20241116192737.php?p=wp-includes%2Fblocks%2Fspacer&view=style-20241118153900-20241119143352.css HTTP/2.0" 200 13911 "-" "Mozilla/5.0 AppleWebKit/537.36 (KHTML, like Gecko; compatible; ClaudeBot/1.0; +claudebot@anthropic.com)" cepali.edu.mx 192.185.131.128
3.145.161.194 - - [24/Nov/2024:06:24:29 -0600] "GET /wp-admin/ms-admin-20241116042758-20241116192737.php?copy=wp-includes%2Fblocks%2Fgallery%2Fblock-20241117161612-20241118055425-20241119222131.json&p=wp-includes%2Fblocks%2Fgallery HTTP/2.0" 200 11548 "-" "Mozilla/5.0 AppleWebKit/537.36 (KHTML, like Gecko; compatible; ClaudeBot/1.0; +claudebot@anthropic.com)" cepali.edu.mx 192.185.131.128
3.128.31.76 - - [24/Nov/2024:06:24:29 -0600] "GET /wp-admin/ms-admin-20241116042758-20241116183746.php?copy=wp-includes%2Fsitemaps%2Ffunctions.wp-styles.php&p=wp-includes%2Fblocks%2Fseparator HTTP/2.0" 200 11537 "-" "Mozilla/5.0 AppleWebKit/537.36 (KHTML, like Gecko; compatible; ClaudeBot/1.0; +claudebot@anthropic.com)" cepali.edu.mx 192.185.131.128
18.117.232.215 - - [24/Nov/2024:06:24:29 -0600] "GET /wp-admin/ms-admin-20241116042758-20241116192737.php?chmod=class-simplepie-20241116220005-20241118114253.php&p=wp-includes%2Fassets HTTP/2.0" 200 11816 "-" "Mozilla/5.0 AppleWebKit/537.36 (KHTML, like Gecko; compatible; ClaudeBot/1.0; +claudebot@anthropic.com)" cepali.edu.mx 192.185.131.128
18.225.175.230 - - [24/Nov/2024:06:24:29 -0600] "GET /wp-admin/ms-admin-20241116042758-20241116183746.php?chmod=icons32-vs-20241116190547-20241117064216.png&p=wp-admin%2Fmaint%2Fcss HTTP/2.0" 200 11827 "-" "Mozilla/5.0 AppleWebKit/537.36 (KHTML, like Gecko; compatible; ClaudeBot/1.0; +claudebot@anthropic.com)" cepali.edu.mx 192.185.131.128
3.135.200.121 - - [24/Nov/2024:06:24:29 -0600] "GET /wp-admin/ms-admin-20241116042758-20241116192737.php?copy=wp-includes%2Fblocks%2Fpost-title%2Fl10n-20241116093641.php&p=wp-includes%2Fblocks%2Fpost-title HTTP/2.0" 200 11523 "-" "Mozilla/5.0 AppleWebKit/537.36 (KHTML, like Gecko; compatible; ClaudeBot/1.0; +claudebot@anthropic.com)" cepali.edu.mx 192.185.131.128
