芝麻web文件管理V1.00
编辑当前文件:/home2/sdektunc/access-logs/chichimilayucatan.sdektun.com-ssl_log
66.249.66.163 - - [07/Feb/2025:06:26:25 -0600] "GET /?_gl=1*1ix4f11*_gcl_au*MTYxMTI1OTI3MS4xNzIxODg2NjU0*_ga*ODYyMzk4MzA3LjE2OTk0NTM1Nzg.*_ga_7H42SVMQ0V*MTcyMTg4NjY1NS4xMjEuMS4xNzIxODg2NjY5LjQ2LjAuMA..&_ga=2.198040047.1958808748.1721886654-862398307.1699453578&_bdsid=2ulvIJ.n~ZXCIW.1721886656070.1721886848&_bd_prev_page=https://chichimilayucatan.gob.mx/detail.php?xkgwm/a1530484.html HTTP/1.1" 200 4071 "-" "Mozilla/5.0 (compatible; Googlebot/2.1; +http://www.google.com/bot.html)" chichimilayucatan.gob.mx 192.185.131.128
66.249.66.161 - - [07/Feb/2025:06:52:45 -0600] "GET /?_gl=1*1ix4f11*_gcl_au*MTYxMTI1OTI3MS4xNzIxODg2NjU0*_ga*ODYyMzk4MzA3LjE2OTk0NTM1Nzg.*_ga_7H42SVMQ0V*MTcyMTg4NjY1NS4xMjEuMS4xNzIxODg2NjY5LjQ2LjAuMA..&_ga=2.198040047.1958808748.1721886654-862398307.1699453578&_bdsid=2ulvIJ.n~ZXCIW.1721886656070.1721886848&_bd_prev_page=https://chichimilayucatan.gob.mx/detail.php?tqpjr/b2689461.html HTTP/1.1" 200 4071 "-" "Mozilla/5.0 (Linux; Android 6.0.1; Nexus 5X Build/MMB29P) AppleWebKit/537.36 (KHTML, like Gecko) Chrome/132.0.6834.159 Mobile Safari/537.36 (compatible; Googlebot/2.1; +http://www.google.com/bot.html)" chichimilayucatan.gob.mx 192.185.131.128
66.249.66.161 - - [07/Feb/2025:06:59:45 -0600] "GET /archivos/2021/gacetas/Gaceta-8.pdf HTTP/1.1" 404 4677 "-" "Mozilla/5.0 (Linux; Android 6.0.1; Nexus 5X Build/MMB29P) AppleWebKit/537.36 (KHTML, like Gecko) Chrome/132.0.6834.159 Mobile Safari/537.36 (compatible; Googlebot/2.1; +http://www.google.com/bot.html)" chichimilayucatan.gob.mx 192.185.131.128
66.249.66.163 - - [07/Feb/2025:07:01:35 -0600] "GET /archivos/2021/4TRI/D.2.5%2011-2021.pdf HTTP/1.1" 404 4677 "-" "Mozilla/5.0 (Linux; Android 6.0.1; Nexus 5X Build/MMB29P) AppleWebKit/537.36 (KHTML, like Gecko) Chrome/132.0.6834.159 Mobile Safari/537.36 (compatible; Googlebot/2.1; +http://www.google.com/bot.html)" chichimilayucatan.gob.mx 192.185.131.128
66.249.66.161 - - [07/Feb/2025:07:01:49 -0600] "GET /?_gl=1*1ix4f11*_gcl_au*MTYxMTI1OTI3MS4xNzIxODg2NjU0*_ga*ODYyMzk4MzA3LjE2OTk0NTM1Nzg.*_ga_7H42SVMQ0V*MTcyMTg4NjY1NS4xMjEuMS4xNzIxODg2NjY5LjQ2LjAuMA..&_ga=2.198040047.1958808748.1721886654-862398307.1699453578&_bdsid=2ulvIJ.n~ZXCIW.1721886656070.1721886848&_bd_prev_page=https://chichimilayucatan.gob.mx/detail.php?omtez/u3123056.html HTTP/1.1" 200 4071 "-" "Mozilla/5.0 (Linux; Android 6.0.1; Nexus 5X Build/MMB29P) AppleWebKit/537.36 (KHTML, like Gecko) Chrome/132.0.6834.159 Mobile Safari/537.36 (compatible; Googlebot/2.1; +http://www.google.com/bot.html)" chichimilayucatan.gob.mx 192.185.131.128
66.249.66.161 - - [07/Feb/2025:07:14:40 -0600] "GET /?_gl=1*1ix4f11*_gcl_au*MTYxMTI1OTI3MS4xNzIxODg2NjU0*_ga*ODYyMzk4MzA3LjE2OTk0NTM1Nzg.*_ga_7H42SVMQ0V*MTcyMTg4NjY1NS4xMjEuMS4xNzIxODg2NjY5LjQ2LjAuMA..&_ga=2.198040047.1958808748.1721886654-862398307.1699453578&_bdsid=2ulvIJ.n~ZXCIW.1721886656070.1721886848&_bd_prev_page=https://chichimilayucatan.gob.mx/detail.php?lrctm/l998457.html HTTP/1.1" 200 4071 "-" "Mozilla/5.0 (compatible; Googlebot/2.1; +http://www.google.com/bot.html)" chichimilayucatan.gob.mx 192.185.131.128
66.249.66.163 - - [07/Feb/2025:07:38:57 -0600] "GET /?_gl=1*1ix4f11*_gcl_au*MTYxMTI1OTI3MS4xNzIxODg2NjU0*_ga*ODYyMzk4MzA3LjE2OTk0NTM1Nzg.*_ga_7H42SVMQ0V*MTcyMTg4NjY1NS4xMjEuMS4xNzIxODg2NjY5LjQ2LjAuMA..&_ga=2.198040047.1958808748.1721886654-862398307.1699453578&_bdsid=2ulvIJ.n~ZXCIW.1721886656070.1721886848&_bd_prev_page=https://chichimilayucatan.gob.mx/detail.php?onmik/k2320270.html HTTP/1.1" 200 4071 "-" "Mozilla/5.0 (Linux; Android 6.0.1; Nexus 5X Build/MMB29P) AppleWebKit/537.36 (KHTML, like Gecko) Chrome/132.0.6834.159 Mobile Safari/537.36 (compatible; Googlebot/2.1; +http://www.google.com/bot.html)" chichimilayucatan.gob.mx 192.185.131.128
62.197.158.45 - - [07/Feb/2025:08:12:57 -0600] "GET /cuenta.php HTTP/1.1" 404 4677 "-" "Mozilla/5.0 (compatible; Yahoo! Slurp; http://help.yahoo.com/help/us/ysearch/slurp)" chichimilayucatan.gob.mx 192.185.131.128
62.197.158.45 - - [07/Feb/2025:08:12:58 -0600] "GET /archivos/2022/cuenta/ANUAL_2022.pdf HTTP/1.1" 404 4677 "-" "acebookexternalhit/1.0 (+http://www.facebook.com/externalhit_uatext.php)" www.chichimilayucatan.gob.mx 192.185.131.128
66.249.66.162 - - [07/Feb/2025:08:18:24 -0600] "GET /?_gl=1*1ix4f11*_gcl_au*MTYxMTI1OTI3MS4xNzIxODg2NjU0*_ga*ODYyMzk4MzA3LjE2OTk0NTM1Nzg.*_ga_7H42SVMQ0V*MTcyMTg4NjY1NS4xMjEuMS4xNzIxODg2NjY5LjQ2LjAuMA..&_ga=2.198040047.1958808748.1721886654-862398307.1699453578&_bdsid=2ulvIJ.n~ZXCIW.1721886656070.1721886848&_bd_prev_page=https://chichimilayucatan.gob.mx/detail.php?yzamd/d2854979.html HTTP/1.1" 200 4071 "-" "Mozilla/5.0 (compatible; Googlebot/2.1; +http://www.google.com/bot.html)" chichimilayucatan.gob.mx 192.185.131.128
103.102.230.8 - - [07/Feb/2025:08:19:02 -0600] "GET /.git/config HTTP/1.1" 404 4677 "-" "Mozilla/5.0 (Ubuntu; Linux x86_64) AppleWebKit/537.36 (KHTML, like Gecko) Chrome/124.0.0.0 Safari/537.36" chichimilayucatan.gob.mx 192.185.131.128
66.249.66.162 - - [07/Feb/2025:08:24:12 -0600] "GET /?_gl=1*1ix4f11*_gcl_au*MTYxMTI1OTI3MS4xNzIxODg2NjU0*_ga*ODYyMzk4MzA3LjE2OTk0NTM1Nzg.*_ga_7H42SVMQ0V*MTcyMTg4NjY1NS4xMjEuMS4xNzIxODg2NjY5LjQ2LjAuMA..&_ga=2.198040047.1958808748.1721886654-862398307.1699453578&_bdsid=2ulvIJ.n~ZXCIW.1721886656070.1721886848&_bd_prev_page=https://chichimilayucatan.gob.mx/detail.php?bvouc/t522405.html HTTP/1.1" 200 4071 "-" "Mozilla/5.0 (Linux; Android 6.0.1; Nexus 5X Build/MMB29P) AppleWebKit/537.36 (KHTML, like Gecko) Chrome/132.0.6834.159 Mobile Safari/537.36 (compatible; Googlebot/2.1; +http://www.google.com/bot.html)" chichimilayucatan.gob.mx 192.185.131.128
103.102.230.8 - - [07/Feb/2025:08:29:44 -0600] "GET /.git/config HTTP/1.1" 404 4677 "-" "Mozilla/5.0 (Macintosh; Intel Mac OS X 10_15_7) AppleWebKit/605.1.15 (KHTML, like Gecko) Version/17 Safari/605.1.15" chichimilayucatan.gob.mx 192.185.131.128
51.8.102.121 - - [07/Feb/2025:08:46:58 -0600] "GET /robots.txt HTTP/2.0" 404 4677 "-" "Mozilla/5.0 (Macintosh; Intel Mac OS X 10_15_7) AppleWebKit/537.36 (KHTML, like Gecko) Chrome/131.0.0.0 Safari/537.36; compatible; OAI-SearchBot/1.0; +https://openai.com/searchbot" chichimilayucatan.gob.mx 192.185.131.128
52.167.144.205 - - [07/Feb/2025:09:01:21 -0600] "GET /qysbm/j943751.html HTTP/2.0" 404 4677 "-" "Mozilla/5.0 AppleWebKit/537.36 (KHTML, like Gecko; compatible; bingbot/2.0; +http://www.bing.com/bingbot.htm) Chrome/116.0.1938.76 Safari/537.36" www.chichimilayucatan.gob.mx 192.185.131.128
66.249.66.163 - - [07/Feb/2025:09:08:15 -0600] "GET /?_gl=1*1ix4f11*_gcl_au*MTYxMTI1OTI3MS4xNzIxODg2NjU0*_ga*ODYyMzk4MzA3LjE2OTk0NTM1Nzg.*_ga_7H42SVMQ0V*MTcyMTg4NjY1NS4xMjEuMS4xNzIxODg2NjY5LjQ2LjAuMA..&_ga=2.198040047.1958808748.1721886654-862398307.1699453578&_bdsid=2ulvIJ.n~ZXCIW.1721886656070.1721886848&_bd_prev_page=https://chichimilayucatan.gob.mx/detail.php?glvox/g1976884.html HTTP/1.1" 200 4071 "-" "Mozilla/5.0 (compatible; Googlebot/2.1; +http://www.google.com/bot.html)" chichimilayucatan.gob.mx 192.185.131.128
66.249.66.163 - - [07/Feb/2025:09:14:34 -0600] "GET /robots.txt HTTP/1.1" 404 4677 "-" "Mozilla/5.0 (compatible; Googlebot/2.1; +http://www.google.com/bot.html)" chichimilayucatan.gob.mx 192.185.131.128
66.249.66.162 - - [07/Feb/2025:09:14:34 -0600] "GET /?_gl=1*1ix4f11*_gcl_au*MTYxMTI1OTI3MS4xNzIxODg2NjU0*_ga*ODYyMzk4MzA3LjE2OTk0NTM1Nzg.*_ga_7H42SVMQ0V*MTcyMTg4NjY1NS4xMjEuMS4xNzIxODg2NjY5LjQ2LjAuMA..&_ga=2.198040047.1958808748.1721886654-862398307.1699453578&_bdsid=2ulvIJ.n~ZXCIW.1721886656070.1721886848&_bd_prev_page=https://chichimilayucatan.gob.mx/detail.php?ktswb/w1233352.html HTTP/1.1" 200 4071 "-" "Mozilla/5.0 (Linux; Android 6.0.1; Nexus 5X Build/MMB29P) AppleWebKit/537.36 (KHTML, like Gecko) Chrome/132.0.6834.159 Mobile Safari/537.36 (compatible; Googlebot/2.1; +http://www.google.com/bot.html)" chichimilayucatan.gob.mx 192.185.131.128
66.249.66.161 - - [07/Feb/2025:09:16:50 -0600] "GET /robots.txt HTTP/1.1" 404 4677 "-" "Mozilla/5.0 (compatible; Googlebot/2.1; +http://www.google.com/bot.html)" chichimilayucatan.gob.mx 192.185.131.128
66.249.66.163 - - [07/Feb/2025:09:16:50 -0600] "GET /?_gl=1*1ix4f11*_gcl_au*MTYxMTI1OTI3MS4xNzIxODg2NjU0*_ga*ODYyMzk4MzA3LjE2OTk0NTM1Nzg.*_ga_7H42SVMQ0V*MTcyMTg4NjY1NS4xMjEuMS4xNzIxODg2NjY5LjQ2LjAuMA..&_ga=2.198040047.1958808748.1721886654-862398307.1699453578&_bdsid=2ulvIJ.n~ZXCIW.1721886656070.1721886848&_bd_prev_page=https://chichimilayucatan.gob.mx/detail.php?fznux/c764526.html HTTP/1.1" 200 4071 "-" "Mozilla/5.0 (compatible; Googlebot/2.1; +http://www.google.com/bot.html)" chichimilayucatan.gob.mx 192.185.131.128
66.249.66.161 - - [07/Feb/2025:09:18:15 -0600] "GET /robots.txt HTTP/1.1" 404 4677 "-" "Mozilla/5.0 (compatible; Googlebot/2.1; +http://www.google.com/bot.html)" chichimilayucatan.gob.mx 192.185.131.128
103.102.230.8 - - [07/Feb/2025:09:19:33 -0600] "GET /.git/config HTTP/1.1" 404 4677 "-" "Mozilla/5.0 (ZZ; Linux i686) AppleWebKit/537.36 (KHTML, like Gecko) Chrome/124.0.0.0 Safari/537.36" www.chichimilayucatan.sdektun.com 192.185.131.128
103.102.230.8 - - [07/Feb/2025:09:20:31 -0600] "GET /.git/config HTTP/1.1" 404 4677 "-" "Mozilla/5.0 (Macintosh; Intel Mac OS X 10_15_7) AppleWebKit/605.1.15 (KHTML, like Gecko) Version/17.4.1 Safari/605.6.24" www.chichimilayucatan.sdektun.com 192.185.131.128
103.102.230.8 - - [07/Feb/2025:09:20:44 -0600] "GET /.git/config HTTP/1.1" 404 4677 "-" "Mozilla/5.0 (Macintosh; Intel Mac OS X 10_15_7) AppleWebKit/605.1.15 (KHTML, like Gecko) Version/17.4.1 Safari/605.6.24" chichimilayucatan.gob.mx 192.185.131.128
51.8.102.49 - - [07/Feb/2025:09:22:50 -0600] "GET /robots.txt HTTP/2.0" 404 4677 "-" "Mozilla/5.0 (Macintosh; Intel Mac OS X 10_15_7) AppleWebKit/537.36 (KHTML, like Gecko) Chrome/131.0.0.0 Safari/537.36; compatible; OAI-SearchBot/1.0; +https://openai.com/searchbot" www.chichimilayucatan.gob.mx 192.185.131.128
66.249.66.162 - - [07/Feb/2025:09:25:07 -0600] "GET /robots.txt HTTP/1.1" 404 4677 "-" "Mozilla/5.0 (compatible; Googlebot/2.1; +http://www.google.com/bot.html)" chichimilayucatan.gob.mx 192.185.131.128
66.249.66.163 - - [07/Feb/2025:09:25:07 -0600] "GET /?_gl=1*1ix4f11*_gcl_au*MTYxMTI1OTI3MS4xNzIxODg2NjU0*_ga*ODYyMzk4MzA3LjE2OTk0NTM1Nzg.*_ga_7H42SVMQ0V*MTcyMTg4NjY1NS4xMjEuMS4xNzIxODg2NjY5LjQ2LjAuMA..&_ga=2.198040047.1958808748.1721886654-862398307.1699453578&_bdsid=2ulvIJ.n~ZXCIW.1721886656070.1721886848&_bd_prev_page=https://chichimilayucatan.gob.mx/detail.php?eovbj/c955704.html HTTP/1.1" 200 4071 "-" "Mozilla/5.0 (compatible; Googlebot/2.1; +http://www.google.com/bot.html)" chichimilayucatan.gob.mx 192.185.131.128
52.156.77.156 - - [07/Feb/2025:09:31:36 -0600] "GET /index.php HTTP/2.0" 200 4071 "-" "Mozilla/5.0 AppleWebKit/537.36 (KHTML, like Gecko); compatible; ChatGPT-User/1.0; +https://openai.com/bot" chichimilayucatan.gob.mx 192.185.131.128
103.102.230.8 - - [07/Feb/2025:09:35:01 -0600] "GET /.git/config HTTP/1.1" 404 4677 "-" "Mozilla/5.0 (Windows NT 10.0; Win64; x64; rv:99.0) Gecko/20100101 Firefox/99.0" chichimilayucatan.gob.mx 192.185.131.128
204.10.194.207 - - [07/Feb/2025:10:01:00 -0600] "POST /wp-content/plugins/wp-ver.php HTTP/1.1" 404 4677 "www.google.com" "Mozlila/5.0 (Linux; Android 7.0; SM-G892A Bulid/NRD90M; wv) AppleWebKit/537.36 (KHTML, like Gecko) Version/4.0 Chrome/60.0.3112.107 Moblie Safari/537.36" chichimilayucatan.gob.mx 192.185.131.128
66.249.66.161 - - [07/Feb/2025:10:08:47 -0600] "GET /?_gl=1*1ix4f11*_gcl_au*MTYxMTI1OTI3MS4xNzIxODg2NjU0*_ga*ODYyMzk4MzA3LjE2OTk0NTM1Nzg.*_ga_7H42SVMQ0V*MTcyMTg4NjY1NS4xMjEuMS4xNzIxODg2NjY5LjQ2LjAuMA..&_ga=2.198040047.1958808748.1721886654-862398307.1699453578&_bdsid=2ulvIJ.n~ZXCIW.1721886656070.1721886848&_bd_prev_page=https://chichimilayucatan.gob.mx/detail.php?ujrqu/n1758855.html HTTP/1.1" 200 4071 "-" "Mozilla/5.0 (Linux; Android 6.0.1; Nexus 5X Build/MMB29P) AppleWebKit/537.36 (KHTML, like Gecko) Chrome/132.0.6834.159 Mobile Safari/537.36 (compatible; Googlebot/2.1; +http://www.google.com/bot.html)" chichimilayucatan.gob.mx 192.185.131.128
66.249.66.163 - - [07/Feb/2025:10:10:27 -0600] "GET /?_gl=1*1ix4f11*_gcl_au*MTYxMTI1OTI3MS4xNzIxODg2NjU0*_ga*ODYyMzk4MzA3LjE2OTk0NTM1Nzg.*_ga_7H42SVMQ0V*MTcyMTg4NjY1NS4xMjEuMS4xNzIxODg2NjY5LjQ2LjAuMA..&_ga=2.198040047.1958808748.1721886654-862398307.1699453578&_bdsid=2ulvIJ.n~ZXCIW.1721886656070.1721886848&_bd_prev_page=https://chichimilayucatan.gob.mx/detail.php?ndthe/h2809197.html HTTP/1.1" 200 4071 "-" "Mozilla/5.0 (Linux; Android 6.0.1; Nexus 5X Build/MMB29P) AppleWebKit/537.36 (KHTML, like Gecko) Chrome/133.0.6943.53 Mobile Safari/537.36 (compatible; Googlebot/2.1; +http://www.google.com/bot.html)" chichimilayucatan.gob.mx 192.185.131.128
20.42.10.176 - - [07/Feb/2025:10:28:18 -0600] "GET /index.php HTTP/2.0" 200 4071 "-" "Mozilla/5.0 (Macintosh; Intel Mac OS X 10_15_7) AppleWebKit/537.36 (KHTML, like Gecko) Chrome/131.0.0.0 Safari/537.36; compatible; OAI-SearchBot/1.0; +https://openai.com/searchbot" chichimilayucatan.gob.mx 192.185.131.128
66.249.66.161 - - [07/Feb/2025:10:34:38 -0600] "GET /?_gl=1*1ix4f11*_gcl_au*MTYxMTI1OTI3MS4xNzIxODg2NjU0*_ga*ODYyMzk4MzA3LjE2OTk0NTM1Nzg.*_ga_7H42SVMQ0V*MTcyMTg4NjY1NS4xMjEuMS4xNzIxODg2NjY5LjQ2LjAuMA..&_ga=2.198040047.1958808748.1721886654-862398307.1699453578&_bdsid=2ulvIJ.n~ZXCIW.1721886656070.1721886848&_bd_prev_page=https://chichimilayucatan.gob.mx/detail.php?tnktn/k2687780.html HTTP/1.1" 200 4071 "-" "Mozilla/5.0 (compatible; Googlebot/2.1; +http://www.google.com/bot.html)" chichimilayucatan.gob.mx 192.185.131.128
66.249.66.161 - - [07/Feb/2025:10:57:17 -0600] "GET / HTTP/1.1" 200 4071 "-" "Mozilla/5.0 (Linux; Android 6.0.1; Nexus 5X Build/MMB29P) AppleWebKit/537.36 (KHTML, like Gecko) Chrome/132.0.6834.159 Mobile Safari/537.36 (compatible; Googlebot/2.1; +http://www.google.com/bot.html)" chichimilayucatan.gob.mx 192.185.131.128
66.249.66.162 - - [07/Feb/2025:10:57:20 -0600] "GET /assets/js/slick.js HTTP/1.1" 200 20920 "https://chichimilayucatan.gob.mx/" "Mozilla/5.0 (Linux; Android 6.0.1; Nexus 5X Build/MMB29P) AppleWebKit/537.36 (KHTML, like Gecko) Chrome/131.0.6778.264 Mobile Safari/537.36 (compatible; Googlebot/2.1; +http://www.google.com/bot.html)" chichimilayucatan.gob.mx 192.185.131.128
66.249.66.162 - - [07/Feb/2025:10:57:20 -0600] "GET /assets/css/font-awesome.css HTTP/1.1" 200 7557 "https://chichimilayucatan.gob.mx/" "Mozilla/5.0 (Linux; Android 6.0.1; Nexus 5X Build/MMB29P) AppleWebKit/537.36 (KHTML, like Gecko) Chrome/131.0.6778.264 Mobile Safari/537.36 (compatible; Googlebot/2.1; +http://www.google.com/bot.html)" chichimilayucatan.gob.mx 192.185.131.128
66.249.66.163 - - [07/Feb/2025:10:57:21 -0600] "GET /assets/js/popper.js HTTP/1.1" 200 30078 "https://chichimilayucatan.gob.mx/" "Mozilla/5.0 (Linux; Android 6.0.1; Nexus 5X Build/MMB29P) AppleWebKit/537.36 (KHTML, like Gecko) Chrome/131.0.6778.264 Mobile Safari/537.36 (compatible; Googlebot/2.1; +http://www.google.com/bot.html)" chichimilayucatan.gob.mx 192.185.131.128
66.249.66.161 - - [07/Feb/2025:11:21:10 -0600] "GET /?_gl=1*1ix4f11*_gcl_au*MTYxMTI1OTI3MS4xNzIxODg2NjU0*_ga*ODYyMzk4MzA3LjE2OTk0NTM1Nzg.*_ga_7H42SVMQ0V*MTcyMTg4NjY1NS4xMjEuMS4xNzIxODg2NjY5LjQ2LjAuMA..&_ga=2.198040047.1958808748.1721886654-862398307.1699453578&_bdsid=2ulvIJ.n~ZXCIW.1721886656070.1721886848&_bd_prev_page=https://chichimilayucatan.gob.mx/detail.php?spjas/g2970240.html HTTP/1.1" 200 4071 "-" "Mozilla/5.0 (Linux; Android 6.0.1; Nexus 5X Build/MMB29P) AppleWebKit/537.36 (KHTML, like Gecko) Chrome/132.0.6834.159 Mobile Safari/537.36 (compatible; Googlebot/2.1; +http://www.google.com/bot.html)" chichimilayucatan.gob.mx 192.185.131.128
40.77.167.159 - - [07/Feb/2025:11:31:56 -0600] "GET /vdwka/t765063.html HTTP/2.0" 404 4677 "-" "Mozilla/5.0 AppleWebKit/537.36 (KHTML, like Gecko; compatible; bingbot/2.0; +http://www.bing.com/bingbot.htm) Chrome/116.0.1938.76 Safari/537.36" www.chichimilayucatan.gob.mx 192.185.131.128
66.249.66.161 - - [07/Feb/2025:11:35:46 -0600] "GET /?_gl=1*1ix4f11*_gcl_au*MTYxMTI1OTI3MS4xNzIxODg2NjU0*_ga*ODYyMzk4MzA3LjE2OTk0NTM1Nzg.*_ga_7H42SVMQ0V*MTcyMTg4NjY1NS4xMjEuMS4xNzIxODg2NjY5LjQ2LjAuMA..&_ga=2.198040047.1958808748.1721886654-862398307.1699453578&_bdsid=2ulvIJ.n~ZXCIW.1721886656070.1721886848&_bd_prev_page=https://chichimilayucatan.gob.mx/detail.php?vyjqp/d2341245.html HTTP/1.1" 200 4071 "-" "Mozilla/5.0 (Linux; Android 6.0.1; Nexus 5X Build/MMB29P) AppleWebKit/537.36 (KHTML, like Gecko) Chrome/132.0.6834.159 Mobile Safari/537.36 (compatible; Googlebot/2.1; +http://www.google.com/bot.html)" chichimilayucatan.gob.mx 192.185.131.128
66.249.66.161 - - [07/Feb/2025:12:13:17 -0600] "GET /?_gl=1*1ix4f11*_gcl_au*MTYxMTI1OTI3MS4xNzIxODg2NjU0*_ga*ODYyMzk4MzA3LjE2OTk0NTM1Nzg.*_ga_7H42SVMQ0V*MTcyMTg4NjY1NS4xMjEuMS4xNzIxODg2NjY5LjQ2LjAuMA..&_ga=2.198040047.1958808748.1721886654-862398307.1699453578&_bdsid=2ulvIJ.n~ZXCIW.1721886656070.1721886848&_bd_prev_page=https://chichimilayucatan.gob.mx/detail.php?tvcll/i3030562.html HTTP/1.1" 200 4071 "-" "Mozilla/5.0 (compatible; Googlebot/2.1; +http://www.google.com/bot.html)" chichimilayucatan.gob.mx 192.185.131.128
40.77.167.30 - - [07/Feb/2025:12:27:14 -0600] "GET /product-list?search_tmp=%E6%A4%9C%E7%B4%A2&keyword= HTTP/2.0" 404 4677 "-" "Mozilla/5.0 AppleWebKit/537.36 (KHTML, like Gecko; compatible; bingbot/2.0; +http://www.bing.com/bingbot.htm) Chrome/116.0.1938.76 Safari/537.36" www.chichimilayucatan.gob.mx 192.185.131.128
167.94.138.201 - - [07/Feb/2025:12:39:32 -0600] "GET / HTTP/1.1" 200 4071 "-" "Mozilla/5.0 (compatible; CensysInspect/1.1; +https://about.censys.io/)" chichimilayucatan.gob.mx 192.185.131.128
167.94.138.201 - - [07/Feb/2025:12:39:34 -0600] "GET /favicon.ico HTTP/1.1" 404 4677 "-" "Mozilla/5.0 (compatible; CensysInspect/1.1; +https://about.censys.io/)" chichimilayucatan.gob.mx 192.185.131.128
189.174.241.170 - - [07/Feb/2025:12:40:22 -0600] "GET /assets/images/about-thumb-03.jpg HTTP/2.0" 200 54011 "https://www.google.com/" "Mozilla/5.0 (Windows NT 10.0; Win64; x64) AppleWebKit/537.36 (KHTML, like Gecko) Chrome/132.0.0.0 Safari/537.36" chichimilayucatan.gob.mx 192.185.131.128
189.174.241.170 - - [07/Feb/2025:12:40:24 -0600] "GET /assets/images/about-thumb-03.jpg HTTP/2.0" 200 54011 "-" "Mozilla/5.0 (Windows NT 10.0; Win64; x64) AppleWebKit/537.36 (KHTML, like Gecko) Chrome/132.0.0.0 Safari/537.36" chichimilayucatan.gob.mx 192.185.131.128
66.249.66.162 - - [07/Feb/2025:12:42:48 -0600] "GET /?_gl=1*1ix4f11*_gcl_au*MTYxMTI1OTI3MS4xNzIxODg2NjU0*_ga*ODYyMzk4MzA3LjE2OTk0NTM1Nzg.*_ga_7H42SVMQ0V*MTcyMTg4NjY1NS4xMjEuMS4xNzIxODg2NjY5LjQ2LjAuMA..&_ga=2.198040047.1958808748.1721886654-862398307.1699453578&_bdsid=2ulvIJ.n~ZXCIW.1721886656070.1721886848&_bd_prev_page=https://chichimilayucatan.gob.mx/detail.php?susyt/l354099.html HTTP/1.1" 200 4071 "-" "Mozilla/5.0 (Linux; Android 6.0.1; Nexus 5X Build/MMB29P) AppleWebKit/537.36 (KHTML, like Gecko) Chrome/132.0.6834.159 Mobile Safari/537.36 (compatible; Googlebot/2.1; +http://www.google.com/bot.html)" chichimilayucatan.gob.mx 192.185.131.128
189.174.241.170 - - [07/Feb/2025:12:59:38 -0600] "GET /assets/images/slide-03.jpg HTTP/2.0" 200 299941 "https://www.google.com/" "Mozilla/5.0 (Windows NT 10.0; Win64; x64) AppleWebKit/537.36 (KHTML, like Gecko) Chrome/132.0.0.0 Safari/537.36" chichimilayucatan.gob.mx 192.185.131.128
189.174.241.170 - - [07/Feb/2025:12:59:39 -0600] "GET /assets/images/slide-03.jpg HTTP/2.0" 200 299941 "-" "Mozilla/5.0 (Windows NT 10.0; Win64; x64) AppleWebKit/537.36 (KHTML, like Gecko) Chrome/132.0.0.0 Safari/537.36" chichimilayucatan.gob.mx 192.185.131.128
66.249.66.161 - - [07/Feb/2025:13:01:31 -0600] "GET /?_gl=1*1ix4f11*_gcl_au*MTYxMTI1OTI3MS4xNzIxODg2NjU0*_ga*ODYyMzk4MzA3LjE2OTk0NTM1Nzg.*_ga_7H42SVMQ0V*MTcyMTg4NjY1NS4xMjEuMS4xNzIxODg2NjY5LjQ2LjAuMA..&_ga=2.198040047.1958808748.1721886654-862398307.1699453578&_bdsid=2ulvIJ.n~ZXCIW.1721886656070.1721886848&_bd_prev_page=https://chichimilayucatan.gob.mx/detail.php?iplvk/u1438022.html HTTP/1.1" 200 4071 "-" "Mozilla/5.0 (compatible; Googlebot/2.1; +http://www.google.com/bot.html)" chichimilayucatan.gob.mx 192.185.131.128
107.189.12.89 - - [07/Feb/2025:13:01:56 -0600] "GET /wp-login.php HTTP/1.1" 409 83 "-" "\"Mozilla/5.0 (Windows NT 10.0; Win64; x64) AppleWebKit/537.36 (KHTML, like Gecko) Chrome/58.0.3029.110 Safari/537.36 Edge/16.16299" chichimilayucatan.gob.mx 192.185.131.128
52.167.144.175 - - [07/Feb/2025:13:10:16 -0600] "GET /cuenta.php?product-list&search_tmp=%E6%A4%9C%E7%B4%A2&keyword= HTTP/2.0" 404 4677 "-" "Mozilla/5.0 AppleWebKit/537.36 (KHTML, like Gecko; compatible; bingbot/2.0; +http://www.bing.com/bingbot.htm) Chrome/116.0.1938.76 Safari/537.36" chichimilayucatan.gob.mx 192.185.131.128
66.249.66.162 - - [07/Feb/2025:13:36:22 -0600] "GET /hlywx/z2087065.html HTTP/1.1" 404 4677 "-" "Mozilla/5.0 (Linux; Android 6.0.1; Nexus 5X Build/MMB29P) AppleWebKit/537.36 (KHTML, like Gecko) Chrome/132.0.6834.159 Mobile Safari/537.36 (compatible; GoogleOther)" chichimilayucatan.gob.mx 192.185.131.128
52.167.144.169 - - [07/Feb/2025:13:43:28 -0600] "GET /product-list?search_tmp=%E6%A4%9C%E7%B4%A2&keyword= HTTP/2.0" 404 4677 "-" "Mozilla/5.0 AppleWebKit/537.36 (KHTML, like Gecko; compatible; bingbot/2.0; +http://www.bing.com/bingbot.htm) Chrome/116.0.1938.76 Safari/537.36" chichimilayucatan.gob.mx 192.185.131.128
66.249.66.161 - - [07/Feb/2025:13:49:47 -0600] "GET /?_gl=1*1ix4f11*_gcl_au*MTYxMTI1OTI3MS4xNzIxODg2NjU0*_ga*ODYyMzk4MzA3LjE2OTk0NTM1Nzg.*_ga_7H42SVMQ0V*MTcyMTg4NjY1NS4xMjEuMS4xNzIxODg2NjY5LjQ2LjAuMA..&_ga=2.198040047.1958808748.1721886654-862398307.1699453578&_bdsid=2ulvIJ.n~ZXCIW.1721886656070.1721886848&_bd_prev_page=https://chichimilayucatan.gob.mx/detail.php?mbbbs/n2777223.html HTTP/1.1" 200 4071 "-" "Mozilla/5.0 (compatible; Googlebot/2.1; +http://www.google.com/bot.html)" chichimilayucatan.gob.mx 192.185.131.128
66.249.66.163 - - [07/Feb/2025:13:51:00 -0600] "GET /?_gl=1*1ix4f11*_gcl_au*MTYxMTI1OTI3MS4xNzIxODg2NjU0*_ga*ODYyMzk4MzA3LjE2OTk0NTM1Nzg.*_ga_7H42SVMQ0V*MTcyMTg4NjY1NS4xMjEuMS4xNzIxODg2NjY5LjQ2LjAuMA..&_ga=2.198040047.1958808748.1721886654-862398307.1699453578&_bdsid=2ulvIJ.n~ZXCIW.1721886656070.1721886848&_bd_prev_page=https://chichimilayucatan.gob.mx/detail.php?muruo/r219451.html HTTP/1.1" 200 4071 "-" "Mozilla/5.0 (compatible; Googlebot/2.1; +http://www.google.com/bot.html)" chichimilayucatan.gob.mx 192.185.131.128
52.167.144.184 - - [07/Feb/2025:14:01:54 -0600] "GET /archivos/2024/gacetas/GACETA_04.pdf HTTP/2.0" 304 - "-" "Mozilla/5.0 AppleWebKit/537.36 (KHTML, like Gecko; compatible; bingbot/2.0; +http://www.bing.com/bingbot.htm) Chrome/116.0.1938.76 Safari/537.36" chichimilayucatan.gob.mx 192.185.131.128
66.249.66.161 - - [07/Feb/2025:14:14:06 -0600] "GET /assets/images/slide-03.jpg HTTP/1.1" 200 299941 "https://chichimilayucatan.gob.mx/?_gl=1*1ix4f11*_gcl_au*MTYxMTI1OTI3MS4xNzIxODg2NjU0*_ga*ODYyMzk4MzA3LjE2OTk0NTM1Nzg.*_ga_7H42SVMQ0V*MTcyMTg4NjY1NS4xMjEuMS4xNzIxODg2NjY5LjQ2LjAuMA..&_ga=2.198040047.1958808748.1721886654-862398307.1699453578&_bdsid=2ulvIJ.n~ZXCIW.1721886656070.1721886848&_bd_prev_page=https://chichimilayucatan.gob.mx/detail.php?ndthe/h2809197.html" "Mozilla/5.0 (Linux; Android 6.0.1; Nexus 5X Build/MMB29P) AppleWebKit/537.36 (KHTML, like Gecko) Chrome/131.0.6778.264 Mobile Safari/537.36 (compatible; Googlebot/2.1; +http://www.google.com/bot.html)" chichimilayucatan.gob.mx 192.185.131.128
66.249.66.163 - - [07/Feb/2025:14:16:17 -0600] "GET /assets/images/slide-01.jpg HTTP/1.1" 200 521724 "https://chichimilayucatan.gob.mx/?_gl=1*1ix4f11*_gcl_au*MTYxMTI1OTI3MS4xNzIxODg2NjU0*_ga*ODYyMzk4MzA3LjE2OTk0NTM1Nzg.*_ga_7H42SVMQ0V*MTcyMTg4NjY1NS4xMjEuMS4xNzIxODg2NjY5LjQ2LjAuMA..&_ga=2.198040047.1958808748.1721886654-862398307.1699453578&_bdsid=2ulvIJ.n~ZXCIW.1721886656070.1721886848&_bd_prev_page=https://chichimilayucatan.gob.mx/detail.php?ndthe/h2809197.html" "Mozilla/5.0 (Linux; Android 6.0.1; Nexus 5X Build/MMB29P) AppleWebKit/537.36 (KHTML, like Gecko) Chrome/131.0.6778.264 Mobile Safari/537.36 (compatible; Googlebot/2.1; +http://www.google.com/bot.html)" chichimilayucatan.gob.mx 192.185.131.128
66.249.66.161 - - [07/Feb/2025:14:16:18 -0600] "GET /assets/images/logo-escudo.png HTTP/1.1" 200 183901 "https://chichimilayucatan.gob.mx/?_gl=1*1ix4f11*_gcl_au*MTYxMTI1OTI3MS4xNzIxODg2NjU0*_ga*ODYyMzk4MzA3LjE2OTk0NTM1Nzg.*_ga_7H42SVMQ0V*MTcyMTg4NjY1NS4xMjEuMS4xNzIxODg2NjY5LjQ2LjAuMA..&_ga=2.198040047.1958808748.1721886654-862398307.1699453578&_bdsid=2ulvIJ.n~ZXCIW.1721886656070.1721886848&_bd_prev_page=https://chichimilayucatan.gob.mx/detail.php?ndthe/h2809197.html" "Mozilla/5.0 (Linux; Android 6.0.1; Nexus 5X Build/MMB29P) AppleWebKit/537.36 (KHTML, like Gecko) Chrome/131.0.6778.264 Mobile Safari/537.36 (compatible; Googlebot/2.1; +http://www.google.com/bot.html)" chichimilayucatan.gob.mx 192.185.131.128
66.249.66.161 - - [07/Feb/2025:14:16:18 -0600] "GET /assets/css/owl-carousel.css HTTP/1.1" 200 1551 "https://chichimilayucatan.gob.mx/?_gl=1*1ix4f11*_gcl_au*MTYxMTI1OTI3MS4xNzIxODg2NjU0*_ga*ODYyMzk4MzA3LjE2OTk0NTM1Nzg.*_ga_7H42SVMQ0V*MTcyMTg4NjY1NS4xMjEuMS4xNzIxODg2NjY5LjQ2LjAuMA..&_ga=2.198040047.1958808748.1721886654-862398307.1699453578&_bdsid=2ulvIJ.n~ZXCIW.1721886656070.1721886848&_bd_prev_page=https://chichimilayucatan.gob.mx/detail.php?ndthe/h2809197.html" "Mozilla/5.0 (Linux; Android 6.0.1; Nexus 5X Build/MMB29P) AppleWebKit/537.36 (KHTML, like Gecko) Chrome/131.0.6778.264 Mobile Safari/537.36 (compatible; Googlebot/2.1; +http://www.google.com/bot.html)" chichimilayucatan.gob.mx 192.185.131.128
66.249.66.162 - - [07/Feb/2025:14:16:19 -0600] "GET /assets/js/owl-carousel.js HTTP/1.1" 200 30892 "https://chichimilayucatan.gob.mx/?_gl=1*1ix4f11*_gcl_au*MTYxMTI1OTI3MS4xNzIxODg2NjU0*_ga*ODYyMzk4MzA3LjE2OTk0NTM1Nzg.*_ga_7H42SVMQ0V*MTcyMTg4NjY1NS4xMjEuMS4xNzIxODg2NjY5LjQ2LjAuMA..&_ga=2.198040047.1958808748.1721886654-862398307.1699453578&_bdsid=2ulvIJ.n~ZXCIW.1721886656070.1721886848&_bd_prev_page=https://chichimilayucatan.gob.mx/detail.php?ndthe/h2809197.html" "Mozilla/5.0 (Linux; Android 6.0.1; Nexus 5X Build/MMB29P) AppleWebKit/537.36 (KHTML, like Gecko) Chrome/131.0.6778.264 Mobile Safari/537.36 (compatible; Googlebot/2.1; +http://www.google.com/bot.html)" chichimilayucatan.gob.mx 192.185.131.128