57.141.6.12 - - [17/May/2025:09:50:01 -0600] "GET /109458181.shtml HTTP/1.1" 500 - "-" "meta-externalagent/1.1 (+https://developers.facebook.com/docs/sharing/webmasters/crawler)" cepali.sdektun.com 192.185.131.128
57.141.6.19 - - [17/May/2025:09:51:01 -0600] "GET /569231579.phtml HTTP/1.1" 500 - "-" "meta-externalagent/1.1 (+https://developers.facebook.com/docs/sharing/webmasters/crawler)" cepali.edu.mx 192.185.131.128
40.77.167.10 - - [17/May/2025:09:52:03 -0600] "GET /263576814.shtml HTTP/1.1" 200 120737 "-" "Mozilla/5.0 AppleWebKit/537.36 (KHTML, like Gecko; compatible; bingbot/2.0; +http://www.bing.com/bingbot.htm) Chrome/116.0.1938.76 Safari/537.36" www.cepali.edu.mx 192.185.131.128
57.141.6.17 - - [17/May/2025:09:52:15 -0600] "GET /270358789.shtml HTTP/1.1" 500 - "-" "meta-externalagent/1.1 (+https://developers.facebook.com/docs/sharing/webmasters/crawler)" cepali.sdektun.com 192.185.131.128
57.141.6.2 - - [17/May/2025:09:53:21 -0600] "GET /349087285.shtml HTTP/1.1" 500 - "-" "meta-externalagent/1.1 (+https://developers.facebook.com/docs/sharing/webmasters/crawler)" cepali.sdektun.com 192.185.131.128
57.141.6.24 - - [17/May/2025:09:54:28 -0600] "GET /362915869.shtml HTTP/1.1" 500 - "-" "meta-externalagent/1.1 (+https://developers.facebook.com/docs/sharing/webmasters/crawler)" cepali.sdektun.com 192.185.131.128
57.141.6.12 - - [17/May/2025:09:55:35 -0600] "GET /224548453.shtml HTTP/1.1" 500 - "-" "meta-externalagent/1.1 (+https://developers.facebook.com/docs/sharing/webmasters/crawler)" cepali.sdektun.com 192.185.131.128
57.141.6.24 - - [17/May/2025:09:56:42 -0600] "GET /236274937.shtml HTTP/1.1" 500 - "-" "meta-externalagent/1.1 (+https://developers.facebook.com/docs/sharing/webmasters/crawler)" cepali.sdektun.com 192.185.131.128
54.209.60.63 - - [17/May/2025:09:57:21 -0600] "GET /robots.txt HTTP/1.1" 200 153 "-" "Mozilla/5.0 (Macintosh; Intel Mac OS X 10_10_1) AppleWebKit/600.1.25 (KHTML, like Gecko) Version/8.0 Safari/600.1.25" www.cepali.edu.mx 192.185.131.128
57.141.6.15 - - [17/May/2025:09:57:51 -0600] "GET /25032433.shtml HTTP/1.1" 500 - "-" "meta-externalagent/1.1 (+https://developers.facebook.com/docs/sharing/webmasters/crawler)" cepali.sdektun.com 192.185.131.128
57.141.6.21 - - [17/May/2025:09:58:56 -0600] "GET /259293889.shtml HTTP/1.1" 500 - "-" "meta-externalagent/1.1 (+https://developers.facebook.com/docs/sharing/webmasters/crawler)" cepali.sdektun.com 192.185.131.128
57.141.6.24 - - [17/May/2025:10:00:04 -0600] "GET /183746329.shtml HTTP/1.1" 500 - "-" "meta-externalagent/1.1 (+https://developers.facebook.com/docs/sharing/webmasters/crawler)" cepali.sdektun.com 192.185.131.128
57.141.6.22 - - [17/May/2025:10:01:28 -0600] "GET /169609261.shtml HTTP/1.1" 404 - "-" "meta-externalagent/1.1 (+https://developers.facebook.com/docs/sharing/webmasters/crawler)" cepali.sdektun.com 192.185.131.128
57.141.6.10 - - [17/May/2025:10:02:08 -0600] "GET /184070543.phtml HTTP/1.1" 404 - "-" "meta-externalagent/1.1 (+https://developers.facebook.com/docs/sharing/webmasters/crawler)" cepali.edu.mx 192.185.131.128
57.141.6.22 - - [17/May/2025:10:02:16 -0600] "GET /316816453.shtml HTTP/1.1" 404 - "-" "meta-externalagent/1.1 (+https://developers.facebook.com/docs/sharing/webmasters/crawler)" cepali.sdektun.com 192.185.131.128
57.141.6.30 - - [17/May/2025:10:03:26 -0600] "GET /6977209.shtml HTTP/1.1" 500 - "-" "meta-externalagent/1.1 (+https://developers.facebook.com/docs/sharing/webmasters/crawler)" cepali.sdektun.com 192.185.131.128
213.180.203.206 - - [17/May/2025:10:03:28 -0600] "GET /368612745.phtml HTTP/1.1" 500 - "-" "Mozilla/5.0 (compatible; YandexBot/3.0; +http://yandex.com/bots)" cepali.edu.mx 192.185.131.128
95.108.213.105 - - [17/May/2025:10:04:00 -0600] "GET /270663036.phtml HTTP/1.1" 500 - "-" "Mozilla/5.0 (compatible; YandexBot/3.0; +http://yandex.com/bots)" cepali.edu.mx 192.185.131.128
52.167.144.138 - - [17/May/2025:10:04:27 -0600] "GET /6777838.shtml HTTP/1.1" 200 118811 "-" "Mozilla/5.0 AppleWebKit/537.36 (KHTML, like Gecko; compatible; bingbot/2.0; +http://www.bing.com/bingbot.htm) Chrome/116.0.1938.76 Safari/537.36" www.cepali.edu.mx 192.185.131.128
57.141.6.29 - - [17/May/2025:10:04:28 -0600] "GET /275928661.shtml HTTP/1.1" 500 - "-" "meta-externalagent/1.1 (+https://developers.facebook.com/docs/sharing/webmasters/crawler)" cepali.sdektun.com 192.185.131.128
5.255.231.176 - - [17/May/2025:10:05:29 -0600] "GET /806430970.phtml HTTP/1.1" 500 - "-" "Mozilla/5.0 (compatible; YandexBot/3.0; +http://yandex.com/bots)" cepali.edu.mx 192.185.131.128
57.141.6.14 - - [17/May/2025:10:06:35 -0600] "GET /146029371.phtml HTTP/1.1" 500 - "-" "meta-externalagent/1.1 (+https://developers.facebook.com/docs/sharing/webmasters/crawler)" cepali.edu.mx 192.185.131.128
57.141.6.21 - - [17/May/2025:10:06:48 -0600] "GET /306573121.shtml HTTP/1.1" 500 - "-" "meta-externalagent/1.1 (+https://developers.facebook.com/docs/sharing/webmasters/crawler)" cepali.sdektun.com 192.185.131.128
57.141.6.29 - - [17/May/2025:10:07:48 -0600] "GET /292633393.shtml HTTP/1.1" 500 - "-" "meta-externalagent/1.1 (+https://developers.facebook.com/docs/sharing/webmasters/crawler)" cepali.sdektun.com 192.185.131.128
57.141.6.14 - - [17/May/2025:10:09:00 -0600] "GET /412588170.phtml HTTP/1.1" 500 - "-" "meta-externalagent/1.1 (+https://developers.facebook.com/docs/sharing/webmasters/crawler)" cepali.edu.mx 192.185.131.128
57.141.6.10 - - [17/May/2025:10:10:03 -0600] "GET /121708113.phtml HTTP/1.1" 500 - "-" "meta-externalagent/1.1 (+https://developers.facebook.com/docs/sharing/webmasters/crawler)" cepali.edu.mx 192.185.131.128
57.141.6.23 - - [17/May/2025:10:11:19 -0600] "GET /181548793.shtml HTTP/1.1" 500 - "-" "meta-externalagent/1.1 (+https://developers.facebook.com/docs/sharing/webmasters/crawler)" cepali.sdektun.com 192.185.131.128
57.141.6.10 - - [17/May/2025:10:12:16 -0600] "GET /80962021.shtml HTTP/1.1" 500 - "-" "meta-externalagent/1.1 (+https://developers.facebook.com/docs/sharing/webmasters/crawler)" cepali.sdektun.com 192.185.131.128
57.141.6.21 - - [17/May/2025:10:13:23 -0600] "GET /289085365.shtml HTTP/1.1" 500 - "-" "meta-externalagent/1.1 (+https://developers.facebook.com/docs/sharing/webmasters/crawler)" cepali.sdektun.com 192.185.131.128
57.141.6.5 - - [17/May/2025:10:14:26 -0600] "GET /316526048.phtml HTTP/1.1" 500 - "-" "meta-externalagent/1.1 (+https://developers.facebook.com/docs/sharing/webmasters/crawler)" cepali.edu.mx 192.185.131.128
57.141.6.21 - - [17/May/2025:10:14:36 -0600] "GET /392925673.shtml HTTP/1.1" 500 - "-" "meta-externalagent/1.1 (+https://developers.facebook.com/docs/sharing/webmasters/crawler)" cepali.sdektun.com 192.185.131.128
52.167.144.231 - - [17/May/2025:10:15:39 -0600] "GET /253465986.shtml HTTP/1.1" 200 119912 "-" "Mozilla/5.0 AppleWebKit/537.36 (KHTML, like Gecko; compatible; bingbot/2.0; +http://www.bing.com/bingbot.htm) Chrome/116.0.1938.76 Safari/537.36" www.cepali.edu.mx 192.185.131.128
57.141.6.23 - - [17/May/2025:10:15:53 -0600] "GET /312338089.shtml HTTP/1.1" 500 - "-" "meta-externalagent/1.1 (+https://developers.facebook.com/docs/sharing/webmasters/crawler)" cepali.sdektun.com 192.185.131.128
57.141.6.8 - - [17/May/2025:10:17:58 -0600] "GET /23845712.phtml HTTP/1.1" 500 - "-" "meta-externalagent/1.1 (+https://developers.facebook.com/docs/sharing/webmasters/crawler)" cepali.edu.mx 192.185.131.128
57.141.6.5 - - [17/May/2025:10:18:06 -0600] "GET /19481305.shtml HTTP/1.1" 500 - "-" "meta-externalagent/1.1 (+https://developers.facebook.com/docs/sharing/webmasters/crawler)" cepali.sdektun.com 192.185.131.128
40.77.167.22 - - [17/May/2025:10:18:14 -0600] "GET /508654179.phtml HTTP/1.1" 200 120256 "-" "Mozilla/5.0 AppleWebKit/537.36 (KHTML, like Gecko; compatible; bingbot/2.0; +http://www.bing.com/bingbot.htm) Chrome/116.0.1938.76 Safari/537.36" cepali.edu.mx 192.185.131.128
57.141.6.6 - - [17/May/2025:10:20:27 -0600] "GET /304463233.shtml HTTP/1.1" 500 - "-" "meta-externalagent/1.1 (+https://developers.facebook.com/docs/sharing/webmasters/crawler)" cepali.sdektun.com 192.185.131.128
57.141.6.14 - - [17/May/2025:10:21:15 -0600] "GET /303443797.shtml HTTP/1.1" 500 - "-" "meta-externalagent/1.1 (+https://developers.facebook.com/docs/sharing/webmasters/crawler)" cepali.sdektun.com 192.185.131.128
95.108.213.148 - - [17/May/2025:10:21:35 -0600] "GET /583937595.phtml HTTP/1.1" 500 - "-" "Mozilla/5.0 (compatible; YandexBot/3.0; +http://yandex.com/bots)" cepali.edu.mx 192.185.131.128
40.77.167.42 - - [17/May/2025:10:21:36 -0600] "GET /543555250.shtml HTTP/1.1" 200 120780 "-" "Mozilla/5.0 AppleWebKit/537.36 (KHTML, like Gecko; compatible; bingbot/2.0; +http://www.bing.com/bingbot.htm) Chrome/116.0.1938.76 Safari/537.36" www.cepali.edu.mx 192.185.131.128
57.141.6.15 - - [17/May/2025:10:22:09 -0600] "GET /91427187.phtml HTTP/1.1" 404 - "-" "meta-externalagent/1.1 (+https://developers.facebook.com/docs/sharing/webmasters/crawler)" cepali.edu.mx 192.185.131.128
57.141.6.22 - - [17/May/2025:10:22:31 -0600] "GET /327491029.shtml HTTP/1.1" 500 - "-" "meta-externalagent/1.1 (+https://developers.facebook.com/docs/sharing/webmasters/crawler)" cepali.sdektun.com 192.185.131.128
87.250.224.40 - - [17/May/2025:10:23:17 -0600] "GET /773154961.phtml HTTP/1.1" 404 - "-" "Mozilla/5.0 (compatible; YandexBot/3.0; +http://yandex.com/bots)" cepali.edu.mx 192.185.131.128
57.141.6.1 - - [17/May/2025:10:23:20 -0600] "GET /104359535.phtml HTTP/1.1" 500 - "-" "meta-externalagent/1.1 (+https://developers.facebook.com/docs/sharing/webmasters/crawler)" cepali.edu.mx 192.185.131.128
57.141.6.29 - - [17/May/2025:10:24:45 -0600] "GET /156841693.shtml HTTP/1.1" 500 - "-" "meta-externalagent/1.1 (+https://developers.facebook.com/docs/sharing/webmasters/crawler)" cepali.sdektun.com 192.185.131.128
57.141.6.23 - - [17/May/2025:10:25:40 -0600] "GET /816084185.phtml HTTP/1.1" 500 - "-" "meta-externalagent/1.1 (+https://developers.facebook.com/docs/sharing/webmasters/crawler)" cepali.edu.mx 192.185.131.128
52.167.144.138 - - [17/May/2025:10:25:43 -0600] "GET /76321858.shtml HTTP/1.1" 200 119879 "-" "Mozilla/5.0 AppleWebKit/537.36 (KHTML, like Gecko; compatible; bingbot/2.0; +http://www.bing.com/bingbot.htm) Chrome/116.0.1938.76 Safari/537.36" www.cepali.edu.mx 192.185.131.128
57.141.6.11 - - [17/May/2025:10:25:52 -0600] "GET /38376841.shtml HTTP/1.1" 500 - "-" "meta-externalagent/1.1 (+https://developers.facebook.com/docs/sharing/webmasters/crawler)" cepali.sdektun.com 192.185.131.128
57.141.6.1 - - [17/May/2025:10:26:53 -0600] "GET /792539131.phtml HTTP/1.1" 500 - "-" "meta-externalagent/1.1 (+https://developers.facebook.com/docs/sharing/webmasters/crawler)" cepali.edu.mx 192.185.131.128
57.141.6.17 - - [17/May/2025:10:26:54 -0600] "GET /246406597.shtml HTTP/1.1" 500 - "-" "meta-externalagent/1.1 (+https://developers.facebook.com/docs/sharing/webmasters/crawler)" cepali.sdektun.com 192.185.131.128
95.108.213.221 - - [17/May/2025:10:27:33 -0600] "GET /888737896.phtml HTTP/1.1" 500 - "-" "Mozilla/5.0 (compatible; YandexBot/3.0; +http://yandex.com/bots)" cepali.edu.mx 192.185.131.128
57.141.6.14 - - [17/May/2025:10:27:47 -0600] "GET /423855387.phtml HTTP/1.1" 500 - "-" "meta-externalagent/1.1 (+https://developers.facebook.com/docs/sharing/webmasters/crawler)" cepali.edu.mx 192.185.131.128
57.141.6.28 - - [17/May/2025:10:28:02 -0600] "GET /188739493.shtml HTTP/1.1" 500 - "-" "meta-externalagent/1.1 (+https://developers.facebook.com/docs/sharing/webmasters/crawler)" cepali.sdektun.com 192.185.131.128
57.141.6.31 - - [17/May/2025:10:28:54 -0600] "GET /653678448.phtml HTTP/1.1" 500 - "-" "meta-externalagent/1.1 (+https://developers.facebook.com/docs/sharing/webmasters/crawler)" cepali.edu.mx 192.185.131.128
57.141.6.23 - - [17/May/2025:10:28:57 -0600] "GET /109420957.shtml HTTP/1.1" 500 - "-" "meta-externalagent/1.1 (+https://developers.facebook.com/docs/sharing/webmasters/crawler)" cepali.sdektun.com 192.185.131.128
57.141.6.11 - - [17/May/2025:10:30:02 -0600] "GET /681897769.phtml HTTP/1.1" 500 - "-" "meta-externalagent/1.1 (+https://developers.facebook.com/docs/sharing/webmasters/crawler)" cepali.edu.mx 192.185.131.128
57.141.6.23 - - [17/May/2025:10:30:04 -0600] "GET /384693361.shtml HTTP/1.1" 500 - "-" "meta-externalagent/1.1 (+https://developers.facebook.com/docs/sharing/webmasters/crawler)" cepali.sdektun.com 192.185.131.128
57.141.6.1 - - [17/May/2025:10:31:24 -0600] "GET /267643417.shtml HTTP/1.1" 500 - "-" "meta-externalagent/1.1 (+https://developers.facebook.com/docs/sharing/webmasters/crawler)" cepali.sdektun.com 192.185.131.128
66.249.66.162 - - [17/May/2025:10:32:11 -0600] "GET /sitemap-7.xml HTTP/1.1" 200 11773 "-" "Mozilla/5.0 (compatible; Googlebot/2.1; +http://www.google.com/bot.html)" cepali.edu.mx 192.185.131.128
57.141.6.8 - - [17/May/2025:10:32:27 -0600] "GET /394368961.shtml HTTP/1.1" 500 - "-" "meta-externalagent/1.1 (+https://developers.facebook.com/docs/sharing/webmasters/crawler)" cepali.sdektun.com 192.185.131.128
57.141.6.29 - - [17/May/2025:10:33:18 -0600] "GET /227473682.phtml HTTP/1.1" 500 - "-" "meta-externalagent/1.1 (+https://developers.facebook.com/docs/sharing/webmasters/crawler)" cepali.edu.mx 192.185.131.128
40.77.167.6 - - [17/May/2025:10:34:28 -0600] "GET /567634478.shtml HTTP/1.1" 200 118839 "-" "Mozilla/5.0 AppleWebKit/537.36 (KHTML, like Gecko; compatible; bingbot/2.0; +http://www.bing.com/bingbot.htm) Chrome/116.0.1938.76 Safari/537.36" www.cepali.edu.mx 192.185.131.128
57.141.6.2 - - [17/May/2025:10:34:36 -0600] "GET /255576637.shtml HTTP/1.1" 500 - "-" "meta-externalagent/1.1 (+https://developers.facebook.com/docs/sharing/webmasters/crawler)" cepali.sdektun.com 192.185.131.128
57.141.6.3 - - [17/May/2025:10:34:42 -0600] "GET /556922945.phtml HTTP/1.1" 500 - "-" "meta-externalagent/1.1 (+https://developers.facebook.com/docs/sharing/webmasters/crawler)" cepali.edu.mx 192.185.131.128
95.108.213.107 - - [17/May/2025:10:35:05 -0600] "GET /330329981.phtml HTTP/1.1" 500 - "-" "Mozilla/5.0 (compatible; YandexBot/3.0; +http://yandex.com/bots)" cepali.edu.mx 192.185.131.128
57.141.6.14 - - [17/May/2025:10:35:36 -0600] "GET /349281721.shtml HTTP/1.1" 500 - "-" "meta-externalagent/1.1 (+https://developers.facebook.com/docs/sharing/webmasters/crawler)" cepali.sdektun.com 192.185.131.128
40.77.167.6 - - [17/May/2025:10:36:22 -0600] "GET /28955070.shtml HTTP/1.1" 200 119499 "-" "Mozilla/5.0 AppleWebKit/537.36 (KHTML, like Gecko; compatible; bingbot/2.0; +http://www.bing.com/bingbot.htm) Chrome/116.0.1938.76 Safari/537.36" www.cepali.edu.mx 192.185.131.128
57.141.6.11 - - [17/May/2025:10:36:41 -0600] "GET /268964716.phtml HTTP/1.1" 500 - "-" "meta-externalagent/1.1 (+https://developers.facebook.com/docs/sharing/webmasters/crawler)" cepali.edu.mx 192.185.131.128
57.141.6.23 - - [17/May/2025:10:36:47 -0600] "GET /136498117.shtml HTTP/1.1" 500 - "-" "meta-externalagent/1.1 (+https://developers.facebook.com/docs/sharing/webmasters/crawler)" cepali.sdektun.com 192.185.131.128
40.77.167.33 - - [17/May/2025:10:36:52 -0600] "GET /377630774.shtml HTTP/1.1" 200 120370 "-" "Mozilla/5.0 AppleWebKit/537.36 (KHTML, like Gecko; compatible; bingbot/2.0; +http://www.bing.com/bingbot.htm) Chrome/116.0.1938.76 Safari/537.36" www.cepali.edu.mx 192.185.131.128
57.141.6.10 - - [17/May/2025:10:37:51 -0600] "GET /404536698.phtml HTTP/1.1" 500 - "-" "meta-externalagent/1.1 (+https://developers.facebook.com/docs/sharing/webmasters/crawler)" cepali.edu.mx 192.185.131.128
57.141.6.16 - - [17/May/2025:10:37:55 -0600] "GET /361015993.shtml HTTP/1.1" 500 - "-" "meta-externalagent/1.1 (+https://developers.facebook.com/docs/sharing/webmasters/crawler)" cepali.sdektun.com 192.185.131.128
57.141.6.22 - - [17/May/2025:10:38:49 -0600] "GET /691062119.phtml HTTP/1.1" 500 - "-" "meta-externalagent/1.1 (+https://developers.facebook.com/docs/sharing/webmasters/crawler)" cepali.edu.mx 192.185.131.128
57.141.6.27 - - [17/May/2025:10:38:56 -0600] "GET /13194277.shtml HTTP/1.1" 500 - "-" "meta-externalagent/1.1 (+https://developers.facebook.com/docs/sharing/webmasters/crawler)" cepali.sdektun.com 192.185.131.128
57.141.6.11 - - [17/May/2025:10:40:22 -0600] "GET /320735533.shtml HTTP/1.1" 500 - "-" "meta-externalagent/1.1 (+https://developers.facebook.com/docs/sharing/webmasters/crawler)" cepali.sdektun.com 192.185.131.128
57.141.6.24 - - [17/May/2025:10:41:13 -0600] "GET /662470543.phtml HTTP/1.1" 500 - "-" "meta-externalagent/1.1 (+https://developers.facebook.com/docs/sharing/webmasters/crawler)" cepali.edu.mx 192.185.131.128
57.141.6.12 - - [17/May/2025:10:41:23 -0600] "GET /31824757.shtml HTTP/1.1" 500 - "-" "meta-externalagent/1.1 (+https://developers.facebook.com/docs/sharing/webmasters/crawler)" cepali.sdektun.com 192.185.131.128
57.141.6.10 - - [17/May/2025:10:42:11 -0600] "GET /33538096.phtml HTTP/1.1" 404 - "-" "meta-externalagent/1.1 (+https://developers.facebook.com/docs/sharing/webmasters/crawler)" cepali.edu.mx 192.185.131.128
57.141.6.2 - - [17/May/2025:10:42:16 -0600] "GET /12550117.shtml HTTP/1.1" 500 - "-" "meta-externalagent/1.1 (+https://developers.facebook.com/docs/sharing/webmasters/crawler)" cepali.sdektun.com 192.185.131.128
57.141.6.24 - - [17/May/2025:10:43:25 -0600] "GET /394997941.shtml HTTP/1.1" 404 - "-" "meta-externalagent/1.1 (+https://developers.facebook.com/docs/sharing/webmasters/crawler)" cepali.sdektun.com 192.185.131.128
78.159.131.148 - - [17/May/2025:10:44:05 -0600] "GET / HTTP/1.1" 200 347 "https://www.google.com" "Mozilla/5.0 (Linux; Android 7.0; SM-G892A Build/NRD90M; wv) AppleWebKit/537.36 (KHTML, like Gecko) Version/4.0 Chrome/60.0.3112.107 Mobile Safari/537.36" cepali.edu.mx 192.185.131.128
57.141.6.15 - - [17/May/2025:10:44:30 -0600] "GET /26085265.shtml HTTP/1.1" 500 - "-" "meta-externalagent/1.1 (+https://developers.facebook.com/docs/sharing/webmasters/crawler)" cepali.sdektun.com 192.185.131.128
57.141.6.2 - - [17/May/2025:10:45:48 -0600] "GET /374073169.shtml HTTP/1.1" 500 - "-" "meta-externalagent/1.1 (+https://developers.facebook.com/docs/sharing/webmasters/crawler)" cepali.sdektun.com 192.185.131.128
57.141.6.20 - - [17/May/2025:10:46:44 -0600] "GET /570839900.phtml HTTP/1.1" 500 - "-" "meta-externalagent/1.1 (+https://developers.facebook.com/docs/sharing/webmasters/crawler)" cepali.edu.mx 192.185.131.128
57.141.6.24 - - [17/May/2025:10:46:44 -0600] "GET /390127537.shtml HTTP/1.1" 500 - "-" "meta-externalagent/1.1 (+https://developers.facebook.com/docs/sharing/webmasters/crawler)" cepali.sdektun.com 192.185.131.128
57.141.6.12 - - [17/May/2025:10:48:57 -0600] "GET /137735410.phtml HTTP/1.1" 500 - "-" "meta-externalagent/1.1 (+https://developers.facebook.com/docs/sharing/webmasters/crawler)" cepali.edu.mx 192.185.131.128
57.141.6.1 - - [17/May/2025:10:48:58 -0600] "GET /35133205.shtml HTTP/1.1" 500 - "-" "meta-externalagent/1.1 (+https://developers.facebook.com/docs/sharing/webmasters/crawler)" cepali.sdektun.com 192.185.131.128
57.141.6.31 - - [17/May/2025:10:50:14 -0600] "GET /53598289.shtml HTTP/1.1" 500 - "-" "meta-externalagent/1.1 (+https://developers.facebook.com/docs/sharing/webmasters/crawler)" cepali.sdektun.com 192.185.131.128
40.77.167.67 - - [17/May/2025:10:51:15 -0600] "GET /310025410.shtml HTTP/1.1" 200 119279 "-" "Mozilla/5.0 AppleWebKit/537.36 (KHTML, like Gecko; compatible; bingbot/2.0; +http://www.bing.com/bingbot.htm) Chrome/116.0.1938.76 Safari/537.36" www.cepali.edu.mx 192.185.131.128
57.141.6.28 - - [17/May/2025:10:51:20 -0600] "GET /28818193.shtml HTTP/1.1" 500 - "-" "meta-externalagent/1.1 (+https://developers.facebook.com/docs/sharing/webmasters/crawler)" cepali.sdektun.com 192.185.131.128
57.141.6.21 - - [17/May/2025:10:52:26 -0600] "GET /47286049.shtml HTTP/1.1" 500 - "-" "meta-externalagent/1.1 (+https://developers.facebook.com/docs/sharing/webmasters/crawler)" cepali.sdektun.com 192.185.131.128
57.141.6.6 - - [17/May/2025:10:53:16 -0600] "GET /804839094.phtml HTTP/1.1" 500 - "-" "meta-externalagent/1.1 (+https://developers.facebook.com/docs/sharing/webmasters/crawler)" cepali.edu.mx 192.185.131.128
40.77.167.116 - - [17/May/2025:10:53:20 -0600] "GET /pulgs/c2770523.html HTTP/1.1" 200 118862 "-" "Mozilla/5.0 AppleWebKit/537.36 (KHTML, like Gecko; compatible; bingbot/2.0; +http://www.bing.com/bingbot.htm) Chrome/116.0.1938.76 Safari/537.36" cepali.edu.mx 192.185.131.128
57.141.6.9 - - [17/May/2025:10:53:33 -0600] "GET /154676497.shtml HTTP/1.1" 500 - "-" "meta-externalagent/1.1 (+https://developers.facebook.com/docs/sharing/webmasters/crawler)" cepali.sdektun.com 192.185.131.128
5.255.231.190 - - [17/May/2025:10:54:11 -0600] "GET /54715967.phtml HTTP/1.1" 500 - "-" "Mozilla/5.0 (compatible; YandexBot/3.0; +http://yandex.com/bots)" cepali.edu.mx 192.185.131.128
57.141.6.4 - - [17/May/2025:10:54:23 -0600] "GET /808594534.phtml HTTP/1.1" 500 - "-" "meta-externalagent/1.1 (+https://developers.facebook.com/docs/sharing/webmasters/crawler)" cepali.edu.mx 192.185.131.128
57.141.6.2 - - [17/May/2025:10:54:42 -0600] "GET /242626381.shtml HTTP/1.1" 500 - "-" "meta-externalagent/1.1 (+https://developers.facebook.com/docs/sharing/webmasters/crawler)" cepali.sdektun.com 192.185.131.128
57.141.6.22 - - [17/May/2025:10:55:47 -0600] "GET /197700577.shtml HTTP/1.1" 500 - "-" "meta-externalagent/1.1 (+https://developers.facebook.com/docs/sharing/webmasters/crawler)" cepali.sdektun.com 192.185.131.128
57.141.6.29 - - [17/May/2025:10:56:45 -0600] "GET /48615025.shtml HTTP/1.1" 500 - "-" "meta-externalagent/1.1 (+https://developers.facebook.com/docs/sharing/webmasters/crawler)" cepali.sdektun.com 192.185.131.128
57.141.6.21 - - [17/May/2025:10:57:56 -0600] "GET /241735982.phtml HTTP/1.1" 500 - "-" "meta-externalagent/1.1 (+https://developers.facebook.com/docs/sharing/webmasters/crawler)" cepali.edu.mx 192.185.131.128
57.141.6.31 - - [17/May/2025:10:58:56 -0600] "GET /198338269.shtml HTTP/1.1" 500 - "-" "meta-externalagent/1.1 (+https://developers.facebook.com/docs/sharing/webmasters/crawler)" cepali.sdektun.com 192.185.131.128
57.141.6.5 - - [17/May/2025:10:59:56 -0600] "GET /904280514.phtml HTTP/1.1" 500 - "-" "meta-externalagent/1.1 (+https://developers.facebook.com/docs/sharing/webmasters/crawler)" cepali.edu.mx 192.185.131.128
40.77.167.156 - - [17/May/2025:10:59:57 -0600] "GET /540075934.shtml HTTP/1.1" 200 118973 "-" "Mozilla/5.0 AppleWebKit/537.36 (KHTML, like Gecko; compatible; bingbot/2.0; +http://www.bing.com/bingbot.htm) Chrome/116.0.1938.76 Safari/537.36" www.cepali.edu.mx 192.185.131.128
57.141.6.1 - - [17/May/2025:11:00:03 -0600] "GET /142889293.shtml HTTP/1.1" 500 - "-" "meta-externalagent/1.1 (+https://developers.facebook.com/docs/sharing/webmasters/crawler)" cepali.sdektun.com 192.185.131.128
52.167.144.223 - - [17/May/2025:11:00:21 -0600] "GET /113606582.shtml HTTP/1.1" 200 119304 "-" "Mozilla/5.0 AppleWebKit/537.36 (KHTML, like Gecko; compatible; bingbot/2.0; +http://www.bing.com/bingbot.htm) Chrome/116.0.1938.76 Safari/537.36" www.cepali.edu.mx 192.185.131.128
57.141.6.22 - - [17/May/2025:11:01:04 -0600] "GET /768645144.phtml HTTP/1.1" 500 - "-" "meta-externalagent/1.1 (+https://developers.facebook.com/docs/sharing/webmasters/crawler)" cepali.edu.mx 192.185.131.128
57.141.6.14 - - [17/May/2025:11:01:21 -0600] "GET /174466069.shtml HTTP/1.1" 500 - "-" "meta-externalagent/1.1 (+https://developers.facebook.com/docs/sharing/webmasters/crawler)" cepali.sdektun.com 192.185.131.128
40.77.167.156 - - [17/May/2025:11:01:55 -0600] "GET /516407674.shtml HTTP/1.1" 200 119590 "-" "Mozilla/5.0 AppleWebKit/537.36 (KHTML, like Gecko; compatible; bingbot/2.0; +http://www.bing.com/bingbot.htm) Chrome/116.0.1938.76 Safari/537.36" www.cepali.edu.mx 192.185.131.128
57.141.6.26 - - [17/May/2025:11:02:17 -0600] "GET /212569717.shtml HTTP/1.1" 500 - "-" "meta-externalagent/1.1 (+https://developers.facebook.com/docs/sharing/webmasters/crawler)" cepali.sdektun.com 192.185.131.128
216.244.66.237 - - [17/May/2025:11:03:49 -0600] "GET /robots.txt HTTP/1.1" 406 226 "-" "Mozilla/5.0 (compatible; DotBot/1.2; +https://opensiteexplorer.org/dotbot; help@moz.com)" cepali.edu.mx 192.185.131.128
57.141.6.6 - - [17/May/2025:11:04:23 -0600] "GET /634184246.phtml HTTP/1.1" 404 - "-" "meta-externalagent/1.1 (+https://developers.facebook.com/docs/sharing/webmasters/crawler)" cepali.edu.mx 192.185.131.128
57.141.6.12 - - [17/May/2025:11:04:47 -0600] "GET /49944133.shtml HTTP/1.1" 500 - "-" "meta-externalagent/1.1 (+https://developers.facebook.com/docs/sharing/webmasters/crawler)" cepali.sdektun.com 192.185.131.128
57.141.6.24 - - [17/May/2025:11:05:37 -0600] "GET /546939634.phtml HTTP/1.1" 404 - "-" "meta-externalagent/1.1 (+https://developers.facebook.com/docs/sharing/webmasters/crawler)" cepali.edu.mx 192.185.131.128
57.141.6.29 - - [17/May/2025:11:05:53 -0600] "GET /289994185.shtml HTTP/1.1" 404 - "-" "meta-externalagent/1.1 (+https://developers.facebook.com/docs/sharing/webmasters/crawler)" cepali.sdektun.com 192.185.131.128
216.244.66.237 - - [17/May/2025:11:06:10 -0600] "GET /?_gl=1*1ix4f11*_gcl_au*MTYxMTI1OTI3MS4xNzIxODg2NjU0*_ga*ODYyMzk4MzA3LjE2OTk0NTM1Nzg.*_ga_7H42SVMQ0V*MTcyMTg4NjY1NS4xMjEuMS4xNzIxODg2NjY5LjQ2LjAuMA..&_ga=2.198040047.1958808748.1721886654-862398307.1699453578&_bdsid=2ulvIJ.n%7EZXCIW.1721886656070.1721886848&_bd_prev_page=https://cepali.edu.mx/detail.php?ovmyr/m1904239.html HTTP/1.1" 406 226 "-" "Mozilla/5.0 (compatible; DotBot/1.2; +https://opensiteexplorer.org/dotbot; help@moz.com)" cepali.edu.mx 192.185.131.128
40.77.167.156 - - [17/May/2025:11:06:48 -0600] "GET /116423762.shtml HTTP/1.1" 200 119020 "-" "Mozilla/5.0 AppleWebKit/537.36 (KHTML, like Gecko; compatible; bingbot/2.0; +http://www.bing.com/bingbot.htm) Chrome/116.0.1938.76 Safari/537.36" www.cepali.edu.mx 192.185.131.128
57.141.6.29 - - [17/May/2025:11:06:54 -0600] "GET /60517861.shtml HTTP/1.1" 500 - "-" "meta-externalagent/1.1 (+https://developers.facebook.com/docs/sharing/webmasters/crawler)" cepali.sdektun.com 192.185.131.128
57.141.6.16 - - [17/May/2025:11:07:38 -0600] "GET /435023934.phtml HTTP/1.1" 500 - "-" "meta-externalagent/1.1 (+https://developers.facebook.com/docs/sharing/webmasters/crawler)" cepali.edu.mx 192.185.131.128
57.141.6.7 - - [17/May/2025:11:07:52 -0600] "GET /275286174.phtml HTTP/1.1" 500 - "-" "meta-externalagent/1.1 (+https://developers.facebook.com/docs/sharing/webmasters/crawler)" cepali.edu.mx 192.185.131.128
57.141.6.1 - - [17/May/2025:11:08:03 -0600] "GET /70114261.shtml HTTP/1.1" 500 - "-" "meta-externalagent/1.1 (+https://developers.facebook.com/docs/sharing/webmasters/crawler)" cepali.sdektun.com 192.185.131.128
57.141.6.23 - - [17/May/2025:11:08:54 -0600] "GET /88613597.phtml HTTP/1.1" 500 - "-" "meta-externalagent/1.1 (+https://developers.facebook.com/docs/sharing/webmasters/crawler)" cepali.edu.mx 192.185.131.128
57.141.6.15 - - [17/May/2025:11:08:56 -0600] "GET /138763897.shtml HTTP/1.1" 500 - "-" "meta-externalagent/1.1 (+https://developers.facebook.com/docs/sharing/webmasters/crawler)" cepali.sdektun.com 192.185.131.128
57.141.6.29 - - [17/May/2025:11:10:06 -0600] "GET /229389973.phtml HTTP/1.1" 500 - "-" "meta-externalagent/1.1 (+https://developers.facebook.com/docs/sharing/webmasters/crawler)" cepali.edu.mx 192.185.131.128
57.141.6.3 - - [17/May/2025:11:11:04 -0600] "GET /3458881.shtml HTTP/1.1" 500 - "-" "meta-externalagent/1.1 (+https://developers.facebook.com/docs/sharing/webmasters/crawler)" cepali.sdektun.com 192.185.131.128
57.141.6.23 - - [17/May/2025:11:11:05 -0600] "GET /870104814.phtml HTTP/1.1" 500 - "-" "meta-externalagent/1.1 (+https://developers.facebook.com/docs/sharing/webmasters/crawler)" cepali.edu.mx 192.185.131.128
57.141.6.6 - - [17/May/2025:11:11:29 -0600] "GET /84907105.shtml HTTP/1.1" 500 - "-" "meta-externalagent/1.1 (+https://developers.facebook.com/docs/sharing/webmasters/crawler)" cepali.sdektun.com 192.185.131.128
57.141.6.11 - - [17/May/2025:11:12:27 -0600] "GET /381216349.shtml HTTP/1.1" 500 - "-" "meta-externalagent/1.1 (+https://developers.facebook.com/docs/sharing/webmasters/crawler)" cepali.sdektun.com 192.185.131.128
57.141.6.1 - - [17/May/2025:11:13:29 -0600] "GET /854225522.phtml HTTP/1.1" 500 - "-" "meta-externalagent/1.1 (+https://developers.facebook.com/docs/sharing/webmasters/crawler)" cepali.edu.mx 192.185.131.128
52.167.144.214 - - [17/May/2025:11:14:28 -0600] "GET /203469830.shtml HTTP/1.1" 200 119403 "-" "Mozilla/5.0 AppleWebKit/537.36 (KHTML, like Gecko; compatible; bingbot/2.0; +http://www.bing.com/bingbot.htm) Chrome/116.0.1938.76 Safari/537.36" www.cepali.edu.mx 192.185.131.128
57.141.6.9 - - [17/May/2025:11:14:33 -0600] "GET /342227377.shtml HTTP/1.1" 500 - "-" "meta-externalagent/1.1 (+https://developers.facebook.com/docs/sharing/webmasters/crawler)" cepali.sdektun.com 192.185.131.128
57.141.6.23 - - [17/May/2025:11:15:19 -0600] "GET /858842381.phtml HTTP/1.1" 500 - "-" "meta-externalagent/1.1 (+https://developers.facebook.com/docs/sharing/webmasters/crawler)" cepali.edu.mx 192.185.131.128
40.77.167.25 - - [17/May/2025:11:16:32 -0600] "GET /131413190.shtml HTTP/1.1" 200 119156 "-" "Mozilla/5.0 AppleWebKit/537.36 (KHTML, like Gecko; compatible; bingbot/2.0; +http://www.bing.com/bingbot.htm) Chrome/116.0.1938.76 Safari/537.36" www.cepali.edu.mx 192.185.131.128
95.108.213.226 - - [17/May/2025:11:16:33 -0600] "GET /495023068.phtml HTTP/1.1" 500 - "-" "Mozilla/5.0 (compatible; YandexBot/3.0; +http://yandex.com/bots)" cepali.edu.mx 192.185.131.128
57.141.6.23 - - [17/May/2025:11:16:45 -0600] "GET /34524157.shtml HTTP/1.1" 500 - "-" "meta-externalagent/1.1 (+https://developers.facebook.com/docs/sharing/webmasters/crawler)" cepali.sdektun.com 192.185.131.128
57.141.6.26 - - [17/May/2025:11:16:48 -0600] "GET /350333978.phtml HTTP/1.1" 500 - "-" "meta-externalagent/1.1 (+https://developers.facebook.com/docs/sharing/webmasters/crawler)" cepali.edu.mx 192.185.131.128
52.167.144.195 - - [17/May/2025:11:17:29 -0600] "GET /542459774.shtml HTTP/1.1" 200 119314 "-" "Mozilla/5.0 AppleWebKit/537.36 (KHTML, like Gecko; compatible; bingbot/2.0; +http://www.bing.com/bingbot.htm) Chrome/116.0.1938.76 Safari/537.36" www.cepali.edu.mx 192.185.131.128
66.249.66.162 - - [17/May/2025:11:17:58 -0600] "GET /sitemap-4.xml HTTP/1.1" 200 12768 "-" "Mozilla/5.0 (compatible; Googlebot/2.1; +http://www.google.com/bot.html)" cepali.edu.mx 192.185.131.128
57.141.6.16 - - [17/May/2025:11:19:19 -0600] "GET /524726027.phtml HTTP/1.1" 500 - "-" "meta-externalagent/1.1 (+https://developers.facebook.com/docs/sharing/webmasters/crawler)" cepali.edu.mx 192.185.131.128
57.141.6.31 - - [17/May/2025:11:21:08 -0600] "GET /650286592.phtml HTTP/1.1" 500 - "-" "meta-externalagent/1.1 (+https://developers.facebook.com/docs/sharing/webmasters/crawler)" cepali.edu.mx 192.185.131.128
52.167.144.195 - - [17/May/2025:11:21:11 -0600] "GET /16067858.shtml HTTP/1.1" 200 118874 "-" "Mozilla/5.0 AppleWebKit/537.36 (KHTML, like Gecko; compatible; bingbot/2.0; +http://www.bing.com/bingbot.htm) Chrome/116.0.1938.76 Safari/537.36" www.cepali.edu.mx 192.185.131.128
40.77.167.152 - - [17/May/2025:11:21:48 -0600] "GET /411810302.shtml HTTP/1.1" 200 119067 "-" "Mozilla/5.0 AppleWebKit/537.36 (KHTML, like Gecko; compatible; bingbot/2.0; +http://www.bing.com/bingbot.htm) Chrome/116.0.1938.76 Safari/537.36" www.cepali.edu.mx 192.185.131.128
57.141.6.18 - - [17/May/2025:11:22:14 -0600] "GET /80277776.phtml HTTP/1.1" 500 - "-" "meta-externalagent/1.1 (+https://developers.facebook.com/docs/sharing/webmasters/crawler)" cepali.edu.mx 192.185.131.128
40.77.167.156 - - [17/May/2025:11:23:24 -0600] "GET /557885550.shtml HTTP/1.1" 200 119441 "-" "Mozilla/5.0 AppleWebKit/537.36 (KHTML, like Gecko; compatible; bingbot/2.0; +http://www.bing.com/bingbot.htm) Chrome/116.0.1938.76 Safari/537.36" www.cepali.edu.mx 192.185.131.128
57.141.6.8 - - [17/May/2025:11:23:26 -0600] "GET /218226808.phtml HTTP/1.1" 500 - "-" "meta-externalagent/1.1 (+https://developers.facebook.com/docs/sharing/webmasters/crawler)" cepali.edu.mx 192.185.131.128
57.141.6.20 - - [17/May/2025:11:24:31 -0600] "GET /98069353.shtml HTTP/1.1" 500 - "-" "meta-externalagent/1.1 (+https://developers.facebook.com/docs/sharing/webmasters/crawler)" cepali.sdektun.com 192.185.131.128
87.250.224.124 - - [17/May/2025:11:24:35 -0600] "GET /568786368.phtml HTTP/1.1" 500 - "-" "Mozilla/5.0 (compatible; YandexBot/3.0; +http://yandex.com/bots)" cepali.edu.mx 192.185.131.128
57.141.6.23 - - [17/May/2025:11:26:29 -0600] "GET /158680849.shtml HTTP/1.1" 500 - "-" "meta-externalagent/1.1 (+https://developers.facebook.com/docs/sharing/webmasters/crawler)" cepali.sdektun.com 192.185.131.128
57.141.6.15 - - [17/May/2025:11:27:06 -0600] "GET /8701393.shtml HTTP/1.1" 500 - "-" "meta-externalagent/1.1 (+https://developers.facebook.com/docs/sharing/webmasters/crawler)" cepali.sdektun.com 192.185.131.128
40.77.167.152 - - [17/May/2025:11:27:11 -0600] "GET /147042194.shtml HTTP/1.1" 200 120056 "-" "Mozilla/5.0 AppleWebKit/537.36 (KHTML, like Gecko; compatible; bingbot/2.0; +http://www.bing.com/bingbot.htm) Chrome/116.0.1938.76 Safari/537.36" www.cepali.edu.mx 192.185.131.128
57.141.6.8 - - [17/May/2025:11:27:58 -0600] "GET /83521029.phtml HTTP/1.1" 500 - "-" "meta-externalagent/1.1 (+https://developers.facebook.com/docs/sharing/webmasters/crawler)" cepali.edu.mx 192.185.131.128
57.141.6.2 - - [17/May/2025:11:28:56 -0600] "GET /402436522.phtml HTTP/1.1" 404 - "-" "meta-externalagent/1.1 (+https://developers.facebook.com/docs/sharing/webmasters/crawler)" cepali.edu.mx 192.185.131.128
57.141.6.23 - - [17/May/2025:11:29:13 -0600] "GET /199988533.shtml HTTP/1.1" 500 - "-" "meta-externalagent/1.1 (+https://developers.facebook.com/docs/sharing/webmasters/crawler)" cepali.sdektun.com 192.185.131.128
57.141.6.21 - - [17/May/2025:11:30:07 -0600] "GET /222800377.shtml HTTP/1.1" 500 - "-" "meta-externalagent/1.1 (+https://developers.facebook.com/docs/sharing/webmasters/crawler)" cepali.sdektun.com 192.185.131.128
213.180.203.176 - - [17/May/2025:11:30:09 -0600] "GET /492879537.phtml HTTP/1.1" 500 - "-" "Mozilla/5.0 (compatible; YandexBot/3.0; +http://yandex.com/bots)" cepali.edu.mx 192.185.131.128
95.108.213.169 - - [17/May/2025:11:31:03 -0600] "GET /686438682.phtml HTTP/1.1" 500 - "-" "Mozilla/5.0 (compatible; YandexBot/3.0; +http://yandex.com/bots)" cepali.edu.mx 192.185.131.128
57.141.6.1 - - [17/May/2025:11:31:22 -0600] "GET /350349733.shtml HTTP/1.1" 500 - "-" "meta-externalagent/1.1 (+https://developers.facebook.com/docs/sharing/webmasters/crawler)" cepali.sdektun.com 192.185.131.128
57.141.6.26 - - [17/May/2025:11:32:31 -0600] "GET /453940767.phtml HTTP/1.1" 500 - "-" "meta-externalagent/1.1 (+https://developers.facebook.com/docs/sharing/webmasters/crawler)" cepali.edu.mx 192.185.131.128
57.141.6.17 - - [17/May/2025:11:33:31 -0600] "GET /712530618.phtml HTTP/1.1" 500 - "-" "meta-externalagent/1.1 (+https://developers.facebook.com/docs/sharing/webmasters/crawler)" cepali.edu.mx 192.185.131.128
57.141.6.10 - - [17/May/2025:11:33:37 -0600] "GET /160687777.shtml HTTP/1.1" 500 - "-" "meta-externalagent/1.1 (+https://developers.facebook.com/docs/sharing/webmasters/crawler)" cepali.sdektun.com 192.185.131.128
40.77.167.28 - - [17/May/2025:11:34:30 -0600] "GET /34071490.shtml HTTP/1.1" 200 119509 "-" "Mozilla/5.0 AppleWebKit/537.36 (KHTML, like Gecko; compatible; bingbot/2.0; +http://www.bing.com/bingbot.htm) Chrome/116.0.1938.76 Safari/537.36" www.cepali.edu.mx 192.185.131.128
57.141.6.24 - - [17/May/2025:11:34:36 -0600] "GET /76220053.shtml HTTP/1.1" 500 - "-" "meta-externalagent/1.1 (+https://developers.facebook.com/docs/sharing/webmasters/crawler)" cepali.sdektun.com 192.185.131.128
57.141.6.22 - - [17/May/2025:11:35:44 -0600] "GET /83997625.shtml HTTP/1.1" 500 - "-" "meta-externalagent/1.1 (+https://developers.facebook.com/docs/sharing/webmasters/crawler)" cepali.sdektun.com 192.185.131.128
5.255.231.51 - - [17/May/2025:11:36:18 -0600] "GET /499316409.phtml HTTP/1.1" 500 - "-" "Mozilla/5.0 (compatible; YandexBot/3.0; +http://yandex.com/bots)" cepali.edu.mx 192.185.131.128
57.141.6.10 - - [17/May/2025:11:36:51 -0600] "GET /90134305.shtml HTTP/1.1" 500 - "-" "meta-externalagent/1.1 (+https://developers.facebook.com/docs/sharing/webmasters/crawler)" cepali.sdektun.com 192.185.131.128
57.141.6.8 - - [17/May/2025:11:37:49 -0600] "GET /283382496.phtml HTTP/1.1" 500 - "-" "meta-externalagent/1.1 (+https://developers.facebook.com/docs/sharing/webmasters/crawler)" cepali.edu.mx 192.185.131.128
57.141.6.24 - - [17/May/2025:11:38:09 -0600] "GET /225773809.shtml HTTP/1.1" 500 - "-" "meta-externalagent/1.1 (+https://developers.facebook.com/docs/sharing/webmasters/crawler)" cepali.sdektun.com 192.185.131.128
57.141.6.16 - - [17/May/2025:11:38:55 -0600] "GET /247235190.phtml HTTP/1.1" 500 - "-" "meta-externalagent/1.1 (+https://developers.facebook.com/docs/sharing/webmasters/crawler)" cepali.edu.mx 192.185.131.128
57.141.6.24 - - [17/May/2025:11:39:23 -0600] "GET /355443349.shtml HTTP/1.1" 500 - "-" "meta-externalagent/1.1 (+https://developers.facebook.com/docs/sharing/webmasters/crawler)" cepali.sdektun.com 192.185.131.128
40.77.167.37 - - [17/May/2025:11:40:03 -0600] "GET /64917214.shtml HTTP/1.1" 200 120082 "-" "Mozilla/5.0 AppleWebKit/537.36 (KHTML, like Gecko; compatible; bingbot/2.0; +http://www.bing.com/bingbot.htm) Chrome/116.0.1938.76 Safari/537.36" www.cepali.edu.mx 192.185.131.128
57.141.6.12 - - [17/May/2025:11:40:05 -0600] "GET /477722031.phtml HTTP/1.1" 500 - "-" "meta-externalagent/1.1 (+https://developers.facebook.com/docs/sharing/webmasters/crawler)" cepali.edu.mx 192.185.131.128
57.141.6.21 - - [17/May/2025:11:40:19 -0600] "GET /91428169.shtml HTTP/1.1" 500 - "-" "meta-externalagent/1.1 (+https://developers.facebook.com/docs/sharing/webmasters/crawler)" cepali.sdektun.com 192.185.131.128
57.141.6.30 - - [17/May/2025:11:41:29 -0600] "GET /265121029.shtml HTTP/1.1" 500 - "-" "meta-externalagent/1.1 (+https://developers.facebook.com/docs/sharing/webmasters/crawler)" cepali.sdektun.com 192.185.131.128
213.180.203.67 - - [17/May/2025:11:41:48 -0600] "GET /41043594.phtml HTTP/1.1" 500 - "-" "Mozilla/5.0 (compatible; YandexBot/3.0; +http://yandex.com/bots)" cepali.edu.mx 192.185.131.128
57.141.6.12 - - [17/May/2025:11:42:24 -0600] "GET /138332812.phtml HTTP/1.1" 500 - "-" "meta-externalagent/1.1 (+https://developers.facebook.com/docs/sharing/webmasters/crawler)" cepali.edu.mx 192.185.131.128
57.141.6.23 - - [17/May/2025:11:43:23 -0600] "GET /184409310.phtml HTTP/1.1" 500 - "-" "meta-externalagent/1.1 (+https://developers.facebook.com/docs/sharing/webmasters/crawler)" cepali.edu.mx 192.185.131.128
57.141.6.5 - - [17/May/2025:11:43:44 -0600] "GET /347941129.shtml HTTP/1.1" 500 - "-" "meta-externalagent/1.1 (+https://developers.facebook.com/docs/sharing/webmasters/crawler)" cepali.sdektun.com 192.185.131.128
57.141.6.5 - - [17/May/2025:11:44:44 -0600] "GET /244553977.shtml HTTP/1.1" 500 - "-" "meta-externalagent/1.1 (+https://developers.facebook.com/docs/sharing/webmasters/crawler)" cepali.sdektun.com 192.185.131.128
5.255.231.178 - - [17/May/2025:11:45:49 -0600] "GET /376518604.phtml HTTP/1.1" 500 - "-" "Mozilla/5.0 (compatible; YandexBot/3.0; +http://yandex.com/bots)" cepali.edu.mx 192.185.131.128
57.141.6.10 - - [17/May/2025:11:46:02 -0600] "GET /145851373.shtml HTTP/1.1" 500 - "-" "meta-externalagent/1.1 (+https://developers.facebook.com/docs/sharing/webmasters/crawler)" cepali.sdektun.com 192.185.131.128
57.141.6.16 - - [17/May/2025:11:47:02 -0600] "GET /40878637.shtml HTTP/1.1" 500 - "-" "meta-externalagent/1.1 (+https://developers.facebook.com/docs/sharing/webmasters/crawler)" cepali.sdektun.com 192.185.131.128
57.141.6.24 - - [17/May/2025:11:47:52 -0600] "GET /574973575.phtml HTTP/1.1" 500 - "-" "meta-externalagent/1.1 (+https://developers.facebook.com/docs/sharing/webmasters/crawler)" cepali.edu.mx 192.185.131.128
159.89.161.234 - - [17/May/2025:11:48:05 -0600] "GET /wp-login.php HTTP/1.1" 409 83 "" "Mozilla/5.0 (Windows NT 10.0; Win64; x64; rv:137.0) Gecko/20100101 Firefox/137.0" cepali.edu.mx 192.185.131.128
159.89.161.234 - - [17/May/2025:11:48:06 -0600] "GET /wp-login.php HTTP/1.1" 409 83 "" "Mozilla/5.0 (Windows NT 10.0; Win64; x64; rv:137.0) Gecko/20100101 Firefox/137.0" www.cepali.edu.mx 192.185.131.128
57.141.6.23 - - [17/May/2025:11:48:19 -0600] "GET /219644257.shtml HTTP/1.1" 500 - "-" "meta-externalagent/1.1 (+https://developers.facebook.com/docs/sharing/webmasters/crawler)" cepali.sdektun.com 192.185.131.128
40.77.167.72 - - [17/May/2025:11:48:48 -0600] "GET /197450822.shtml HTTP/1.1" 200 119722 "-" "Mozilla/5.0 AppleWebKit/537.36 (KHTML, like Gecko; compatible; bingbot/2.0; +http://www.bing.com/bingbot.htm) Chrome/116.0.1938.76 Safari/537.36" www.cepali.edu.mx 192.185.131.128
213.180.203.206 - - [17/May/2025:11:49:00 -0600] "GET /322857074.phtml HTTP/1.1" 500 - "-" "Mozilla/5.0 (compatible; YandexBot/3.0; +http://yandex.com/bots)" cepali.edu.mx 192.185.131.128
57.141.6.5 - - [17/May/2025:11:49:59 -0600] "GET /360975997.shtml HTTP/1.1" 500 - "-" "meta-externalagent/1.1 (+https://developers.facebook.com/docs/sharing/webmasters/crawler)" cepali.sdektun.com 192.185.131.128
57.141.6.15 - - [17/May/2025:11:50:15 -0600] "GET /125048833.shtml HTTP/1.1" 500 - "-" "meta-externalagent/1.1 (+https://developers.facebook.com/docs/sharing/webmasters/crawler)" cepali.sdektun.com 192.185.131.128
57.141.6.20 - - [17/May/2025:11:51:39 -0600] "GET /345331225.shtml HTTP/1.1" 404 - "-" "meta-externalagent/1.1 (+https://developers.facebook.com/docs/sharing/webmasters/crawler)" cepali.sdektun.com 192.185.131.128
95.108.213.105 - - [17/May/2025:11:51:54 -0600] "GET /715782243.phtml HTTP/1.1" 404 - "-" "Mozilla/5.0 (compatible; YandexBot/3.0; +http://yandex.com/bots)" cepali.edu.mx 192.185.131.128
57.141.6.15 - - [17/May/2025:11:52:28 -0600] "GET /136877485.shtml HTTP/1.1" 404 - "-" "meta-externalagent/1.1 (+https://developers.facebook.com/docs/sharing/webmasters/crawler)" cepali.sdektun.com 192.185.131.128
57.141.6.29 - - [17/May/2025:11:52:28 -0600] "GET /604116806.phtml HTTP/1.1" 404 - "-" "meta-externalagent/1.1 (+https://developers.facebook.com/docs/sharing/webmasters/crawler)" cepali.edu.mx 192.185.131.128
57.141.6.24 - - [17/May/2025:11:53:25 -0600] "GET /310677608.phtml HTTP/1.1" 404 - "-" "meta-externalagent/1.1 (+https://developers.facebook.com/docs/sharing/webmasters/crawler)" cepali.edu.mx 192.185.131.128
57.141.6.11 - - [17/May/2025:11:53:35 -0600] "GET /193484761.shtml HTTP/1.1" 404 - "-" "meta-externalagent/1.1 (+https://developers.facebook.com/docs/sharing/webmasters/crawler)" cepali.sdektun.com 192.185.131.128
57.141.6.16 - - [17/May/2025:11:54:45 -0600] "GET /194511325.shtml HTTP/1.1" 500 - "-" "meta-externalagent/1.1 (+https://developers.facebook.com/docs/sharing/webmasters/crawler)" cepali.sdektun.com 192.185.131.128
40.77.167.75 - - [17/May/2025:11:55:44 -0600] "GET /470580606.shtml HTTP/1.1" 200 119607 "-" "Mozilla/5.0 AppleWebKit/537.36 (KHTML, like Gecko; compatible; bingbot/2.0; +http://www.bing.com/bingbot.htm) Chrome/116.0.1938.76 Safari/537.36" www.cepali.edu.mx 192.185.131.128
57.141.6.22 - - [17/May/2025:11:57:02 -0600] "GET /262436051.phtml HTTP/1.1" 500 - "-" "meta-externalagent/1.1 (+https://developers.facebook.com/docs/sharing/webmasters/crawler)" cepali.edu.mx 192.185.131.128
57.141.6.3 - - [17/May/2025:11:57:07 -0600] "GET /81867805.shtml HTTP/1.1" 500 - "-" "meta-externalagent/1.1 (+https://developers.facebook.com/docs/sharing/webmasters/crawler)" cepali.sdektun.com 192.185.131.128
57.141.6.5 - - [17/May/2025:11:58:01 -0600] "GET /69857917.shtml HTTP/1.1" 500 - "-" "meta-externalagent/1.1 (+https://developers.facebook.com/docs/sharing/webmasters/crawler)" cepali.sdektun.com 192.185.131.128
57.141.6.10 - - [17/May/2025:11:59:12 -0600] "GET /242804907.phtml HTTP/1.1" 500 - "-" "meta-externalagent/1.1 (+https://developers.facebook.com/docs/sharing/webmasters/crawler)" cepali.edu.mx 192.185.131.128
40.77.167.75 - - [17/May/2025:11:59:13 -0600] "GET /278065222.shtml HTTP/1.1" 200 119327 "-" "Mozilla/5.0 AppleWebKit/537.36 (KHTML, like Gecko; compatible; bingbot/2.0; +http://www.bing.com/bingbot.htm) Chrome/116.0.1938.76 Safari/537.36" www.cepali.edu.mx 192.185.131.128
57.141.6.20 - - [17/May/2025:11:59:41 -0600] "GET /47267569.shtml HTTP/1.1" 500 - "-" "meta-externalagent/1.1 (+https://developers.facebook.com/docs/sharing/webmasters/crawler)" cepali.sdektun.com 192.185.131.128
57.141.6.21 - - [17/May/2025:12:00:21 -0600] "GET /193346689.shtml HTTP/1.1" 500 - "-" "meta-externalagent/1.1 (+https://developers.facebook.com/docs/sharing/webmasters/crawler)" cepali.sdektun.com 192.185.131.128
57.141.6.4 - - [17/May/2025:12:01:16 -0600] "GET /428799950.phtml HTTP/1.1" 500 - "-" "meta-externalagent/1.1 (+https://developers.facebook.com/docs/sharing/webmasters/crawler)" cepali.edu.mx 192.185.131.128
57.141.6.27 - - [17/May/2025:12:02:30 -0600] "GET /121066657.shtml HTTP/1.1" 500 - "-" "meta-externalagent/1.1 (+https://developers.facebook.com/docs/sharing/webmasters/crawler)" cepali.sdektun.com 192.185.131.128
57.141.6.1 - - [17/May/2025:12:03:26 -0600] "GET /429858111.phtml HTTP/1.1" 500 - "-" "meta-externalagent/1.1 (+https://developers.facebook.com/docs/sharing/webmasters/crawler)" cepali.edu.mx 192.185.131.128
57.141.6.30 - - [17/May/2025:12:04:17 -0600] "GET /315216877.shtml HTTP/1.1" 500 - "-" "meta-externalagent/1.1 (+https://developers.facebook.com/docs/sharing/webmasters/crawler)" cepali.sdektun.com 192.185.131.128
5.255.231.176 - - [17/May/2025:12:05:40 -0600] "GET /290478663.phtml HTTP/1.1" 500 - "-" "Mozilla/5.0 (compatible; YandexBot/3.0; +http://yandex.com/bots)" cepali.edu.mx 192.185.131.128
57.141.6.2 - - [17/May/2025:12:05:52 -0600] "GET /259594981.shtml HTTP/1.1" 500 - "-" "meta-externalagent/1.1 (+https://developers.facebook.com/docs/sharing/webmasters/crawler)" cepali.sdektun.com 192.185.131.128
57.141.6.13 - - [17/May/2025:12:07:00 -0600] "GET /279418213.shtml HTTP/1.1" 500 - "-" "meta-externalagent/1.1 (+https://developers.facebook.com/docs/sharing/webmasters/crawler)" cepali.sdektun.com 192.185.131.128
40.77.167.4 - - [17/May/2025:12:07:55 -0600] "GET /401402246.shtml HTTP/1.1" 200 119448 "-" "Mozilla/5.0 AppleWebKit/537.36 (KHTML, like Gecko; compatible; bingbot/2.0; +http://www.bing.com/bingbot.htm) Chrome/116.0.1938.76 Safari/537.36" www.cepali.edu.mx 192.185.131.128
57.141.6.27 - - [17/May/2025:12:09:06 -0600] "GET /435446122.phtml HTTP/1.1" 500 - "-" "meta-externalagent/1.1 (+https://developers.facebook.com/docs/sharing/webmasters/crawler)" cepali.edu.mx 192.185.131.128
57.141.6.24 - - [17/May/2025:12:09:09 -0600] "GET /172123597.shtml HTTP/1.1" 500 - "-" "meta-externalagent/1.1 (+https://developers.facebook.com/docs/sharing/webmasters/crawler)" cepali.sdektun.com 192.185.131.128
57.141.6.26 - - [17/May/2025:12:09:26 -0600] "GET /128638837.shtml HTTP/1.1" 500 - "-" "meta-externalagent/1.1 (+https://developers.facebook.com/docs/sharing/webmasters/crawler)" cepali.sdektun.com 192.185.131.128
57.141.6.21 - - [17/May/2025:12:11:14 -0600] "GET /352266505.shtml HTTP/1.1" 500 - "-" "meta-externalagent/1.1 (+https://developers.facebook.com/docs/sharing/webmasters/crawler)" cepali.sdektun.com 192.185.131.128
57.141.6.20 - - [17/May/2025:12:11:18 -0600] "GET /586980518.phtml HTTP/1.1" 500 - "-" "meta-externalagent/1.1 (+https://developers.facebook.com/docs/sharing/webmasters/crawler)" cepali.edu.mx 192.185.131.128
57.141.6.21 - - [17/May/2025:12:11:20 -0600] "GET /58837897.shtml HTTP/1.1" 500 - "-" "meta-externalagent/1.1 (+https://developers.facebook.com/docs/sharing/webmasters/crawler)" cepali.sdektun.com 192.185.131.128
57.141.6.4 - - [17/May/2025:12:12:56 -0600] "GET /123831265.shtml HTTP/1.1" 500 - "-" "meta-externalagent/1.1 (+https://developers.facebook.com/docs/sharing/webmasters/crawler)" cepali.sdektun.com 192.185.131.128
57.141.6.13 - - [17/May/2025:12:14:41 -0600] "GET /118696729.shtml HTTP/1.1" 404 - "-" "meta-externalagent/1.1 (+https://developers.facebook.com/docs/sharing/webmasters/crawler)" cepali.sdektun.com 192.185.131.128
57.141.6.29 - - [17/May/2025:12:14:51 -0600] "GET /351834659.phtml HTTP/1.1" 500 - "-" "meta-externalagent/1.1 (+https://developers.facebook.com/docs/sharing/webmasters/crawler)" cepali.edu.mx 192.185.131.128
40.77.167.22 - - [17/May/2025:12:15:48 -0600] "GET /286145274.shtml HTTP/1.1" 404 - "-" "Mozilla/5.0 AppleWebKit/537.36 (KHTML, like Gecko; compatible; bingbot/2.0; +http://www.bing.com/bingbot.htm) Chrome/116.0.1938.76 Safari/537.36" www.cepali.edu.mx 192.185.131.128
57.141.6.8 - - [17/May/2025:12:16:05 -0600] "GET /171448021.shtml HTTP/1.1" 404 - "-" "meta-externalagent/1.1 (+https://developers.facebook.com/docs/sharing/webmasters/crawler)" cepali.sdektun.com 192.185.131.128
57.141.6.14 - - [17/May/2025:12:17:15 -0600] "GET /621896542.phtml HTTP/1.1" 404 - "-" "meta-externalagent/1.1 (+https://developers.facebook.com/docs/sharing/webmasters/crawler)" cepali.edu.mx 192.185.131.128
57.141.6.10 - - [17/May/2025:12:18:03 -0600] "GET /122885485.shtml HTTP/1.1" 500 - "-" "meta-externalagent/1.1 (+https://developers.facebook.com/docs/sharing/webmasters/crawler)" cepali.sdektun.com 192.185.131.128
57.141.6.15 - - [17/May/2025:12:18:09 -0600] "GET /343420201.phtml HTTP/1.1" 500 - "-" "meta-externalagent/1.1 (+https://developers.facebook.com/docs/sharing/webmasters/crawler)" cepali.edu.mx 192.185.131.128
57.141.6.2 - - [17/May/2025:12:19:18 -0600] "GET /259852392.phtml HTTP/1.1" 500 - "-" "meta-externalagent/1.1 (+https://developers.facebook.com/docs/sharing/webmasters/crawler)" cepali.edu.mx 192.185.131.128
57.141.6.19 - - [17/May/2025:12:20:19 -0600] "GET /145985221.shtml HTTP/1.1" 500 - "-" "meta-externalagent/1.1 (+https://developers.facebook.com/docs/sharing/webmasters/crawler)" cepali.sdektun.com 192.185.131.128
92.205.215.142 - - [17/May/2025:12:22:28 -0600] "GET /wp-login.php HTTP/1.1" 409 83 "" "Mozilla/5.0 (Windows NT 10.0; Win64; x64; rv:137.0) Gecko/20100101 Firefox/137.0" cepali.edu.mx 192.185.131.128
