207.46.13.116 - - [24/Feb/2025:17:59:11 -0600] "GET /pnbpk/p239862.html HTTP/2.0" 200 67468 "-" "Mozilla/5.0 AppleWebKit/537.36 (KHTML, like Gecko; compatible; bingbot/2.0; +http://www.bing.com/bingbot.htm) Chrome/116.0.1938.76 Safari/537.36" ixilyucatan.gob.mx 192.185.131.128
35.180.85.82 - - [24/Feb/2025:17:59:13 -0600] "GET /autodiscover/autodiscover.xml HTTP/1.1" 400 52 "www.google.com" "Mozilla/5.0 (Linux; Android 7.0; SM-G892A Build/NRD90M; wv) AppleWebKit/537.36 (KHTML, like Gecko) Version/4.0 Chrome/60.0.3112.107 Mobile Safari/537.36" autodiscover.ixilyucatan.gob.mx 192.185.131.128
35.180.85.82 - - [24/Feb/2025:17:59:16 -0600] "GET /autodiscover/autodiscover.xml HTTP/1.1" 400 52 "www.google.com" "Mozilla/5.0 (Linux; Android 7.0; SM-G892A Build/NRD90M; wv) AppleWebKit/537.36 (KHTML, like Gecko) Version/4.0 Chrome/60.0.3112.107 Mobile Safari/537.36" autodiscover.ixilyucatan.gob.mx 192.185.131.128
35.180.85.82 - - [24/Feb/2025:17:59:20 -0600] "GET /autodiscover/autodiscover.xml HTTP/1.1" 400 52 "www.google.com" "Mozilla/5.0 (Linux; Android 7.0; SM-G892A Build/NRD90M; wv) AppleWebKit/537.36 (KHTML, like Gecko) Version/4.0 Chrome/60.0.3112.107 Mobile Safari/537.36" autodiscover.ixilyucatan.gob.mx 192.185.131.128
40.77.167.241 - - [24/Feb/2025:17:59:22 -0600] "GET /tcdpc/a2444387.html HTTP/2.0" 200 67468 "-" "Mozilla/5.0 AppleWebKit/537.36 (KHTML, like Gecko; compatible; bingbot/2.0; +http://www.bing.com/bingbot.htm) Chrome/116.0.1938.76 Safari/537.36" ixilyucatan.gob.mx 192.185.131.128
35.180.85.82 - - [24/Feb/2025:17:59:24 -0600] "GET /autodiscover/autodiscover.xml HTTP/1.1" 400 52 "www.google.com" "Mozilla/5.0 (Linux; Android 7.0; SM-G892A Build/NRD90M; wv) AppleWebKit/537.36 (KHTML, like Gecko) Version/4.0 Chrome/60.0.3112.107 Mobile Safari/537.36" autodiscover.ixilyucatan.gob.mx 192.185.131.128
35.180.85.82 - - [24/Feb/2025:17:59:26 -0600] "GET /autodiscover/autodiscover.xml HTTP/1.1" 400 52 "www.google.com" "Mozilla/5.0 (Linux; Android 7.0; SM-G892A Build/NRD90M; wv) AppleWebKit/537.36 (KHTML, like Gecko) Version/4.0 Chrome/60.0.3112.107 Mobile Safari/537.36" autodiscover.ixilyucatan.gob.mx 192.185.131.128
40.77.167.51 - - [24/Feb/2025:17:59:26 -0600] "GET /dmabf/e890397.html HTTP/2.0" 200 67468 "-" "Mozilla/5.0 AppleWebKit/537.36 (KHTML, like Gecko; compatible; bingbot/2.0; +http://www.bing.com/bingbot.htm) Chrome/116.0.1938.76 Safari/537.36" ixilyucatan.gob.mx 192.185.131.128
35.180.85.82 - - [24/Feb/2025:17:59:28 -0600] "GET /autodiscover/autodiscover.xml HTTP/1.1" 400 52 "www.google.com" "Mozilla/5.0 (Linux; Android 7.0; SM-G892A Build/NRD90M; wv) AppleWebKit/537.36 (KHTML, like Gecko) Version/4.0 Chrome/60.0.3112.107 Mobile Safari/537.36" autodiscover.ixilyucatan.gob.mx 192.185.131.128
35.180.85.82 - - [24/Feb/2025:17:59:33 -0600] "GET /autodiscover/autodiscover.xml HTTP/1.1" 400 52 "www.google.com" "Mozilla/5.0 (Linux; Android 7.0; SM-G892A Build/NRD90M; wv) AppleWebKit/537.36 (KHTML, like Gecko) Version/4.0 Chrome/60.0.3112.107 Mobile Safari/537.36" autodiscover.ixilyucatan.gob.mx 192.185.131.128
35.180.85.82 - - [24/Feb/2025:17:59:35 -0600] "GET /autodiscover/autodiscover.xml HTTP/1.1" 400 52 "www.google.com" "Mozilla/5.0 (Linux; Android 7.0; SM-G892A Build/NRD90M; wv) AppleWebKit/537.36 (KHTML, like Gecko) Version/4.0 Chrome/60.0.3112.107 Mobile Safari/537.36" autodiscover.ixilyucatan.gob.mx 192.185.131.128
35.180.85.82 - - [24/Feb/2025:17:59:38 -0600] "GET /autodiscover/autodiscover.xml HTTP/1.1" 400 52 "www.google.com" "Mozilla/5.0 (Linux; Android 7.0; SM-G892A Build/NRD90M; wv) AppleWebKit/537.36 (KHTML, like Gecko) Version/4.0 Chrome/60.0.3112.107 Mobile Safari/537.36" autodiscover.ixilyucatan.gob.mx 192.185.131.128
40.77.167.7 - - [24/Feb/2025:17:59:39 -0600] "GET /mablw/d814918.html HTTP/2.0" 200 67468 "-" "Mozilla/5.0 AppleWebKit/537.36 (KHTML, like Gecko; compatible; bingbot/2.0; +http://www.bing.com/bingbot.htm) Chrome/116.0.1938.76 Safari/537.36" ixilyucatan.gob.mx 192.185.131.128
35.180.85.82 - - [24/Feb/2025:17:59:41 -0600] "GET /autodiscover/autodiscover.xml HTTP/1.1" 400 52 "www.google.com" "Mozilla/5.0 (Linux; Android 7.0; SM-G892A Build/NRD90M; wv) AppleWebKit/537.36 (KHTML, like Gecko) Version/4.0 Chrome/60.0.3112.107 Mobile Safari/537.36" autodiscover.ixilyucatan.gob.mx 192.185.131.128
35.180.85.82 - - [24/Feb/2025:17:59:46 -0600] "GET /autodiscover/autodiscover.xml HTTP/1.1" 400 52 "www.google.com" "Mozilla/5.0 (Linux; Android 7.0; SM-G892A Build/NRD90M; wv) AppleWebKit/537.36 (KHTML, like Gecko) Version/4.0 Chrome/60.0.3112.107 Mobile Safari/537.36" autodiscover.ixilyucatan.gob.mx 192.185.131.128
35.180.85.82 - - [24/Feb/2025:17:59:50 -0600] "GET /autodiscover/autodiscover.xml HTTP/1.1" 400 52 "www.google.com" "Mozilla/5.0 (Linux; Android 7.0; SM-G892A Build/NRD90M; wv) AppleWebKit/537.36 (KHTML, like Gecko) Version/4.0 Chrome/60.0.3112.107 Mobile Safari/537.36" autodiscover.ixilyucatan.gob.mx 192.185.131.128
52.167.144.161 - - [24/Feb/2025:17:59:51 -0600] "GET /ujfcu/r1229034.html HTTP/2.0" 200 67468 "-" "Mozilla/5.0 AppleWebKit/537.36 (KHTML, like Gecko; compatible; bingbot/2.0; +http://www.bing.com/bingbot.htm) Chrome/116.0.1938.76 Safari/537.36" ixilyucatan.gob.mx 192.185.131.128
207.46.13.151 - - [24/Feb/2025:18:00:10 -0600] "GET /ctnbs/f1001600.html HTTP/2.0" 200 67468 "-" "Mozilla/5.0 AppleWebKit/537.36 (KHTML, like Gecko; compatible; bingbot/2.0; +http://www.bing.com/bingbot.htm) Chrome/116.0.1938.76 Safari/537.36" ixilyucatan.gob.mx 192.185.131.128
52.167.144.225 - - [24/Feb/2025:18:00:13 -0600] "GET /xurua/z1374798.html HTTP/2.0" 200 67468 "-" "Mozilla/5.0 AppleWebKit/537.36 (KHTML, like Gecko; compatible; bingbot/2.0; +http://www.bing.com/bingbot.htm) Chrome/116.0.1938.76 Safari/537.36" ixilyucatan.gob.mx 192.185.131.128
157.55.39.63 - - [24/Feb/2025:18:00:34 -0600] "GET /sebor/i445125.html HTTP/2.0" 200 67468 "-" "Mozilla/5.0 AppleWebKit/537.36 (KHTML, like Gecko; compatible; bingbot/2.0; +http://www.bing.com/bingbot.htm) Chrome/116.0.1938.76 Safari/537.36" ixilyucatan.gob.mx 192.185.131.128
207.46.13.116 - - [24/Feb/2025:18:00:38 -0600] "GET /tilho/e1748475.html HTTP/2.0" 200 67468 "-" "Mozilla/5.0 AppleWebKit/537.36 (KHTML, like Gecko; compatible; bingbot/2.0; +http://www.bing.com/bingbot.htm) Chrome/116.0.1938.76 Safari/537.36" ixilyucatan.gob.mx 192.185.131.128
40.77.167.2 - - [24/Feb/2025:18:00:53 -0600] "GET /pylie/q647933.html HTTP/2.0" 200 67468 "-" "Mozilla/5.0 AppleWebKit/537.36 (KHTML, like Gecko; compatible; bingbot/2.0; +http://www.bing.com/bingbot.htm) Chrome/116.0.1938.76 Safari/537.36" ixilyucatan.gob.mx 192.185.131.128
157.55.39.193 - - [24/Feb/2025:18:01:16 -0600] "GET /jgltb/s1361271.html HTTP/2.0" 200 67468 "-" "Mozilla/5.0 AppleWebKit/537.36 (KHTML, like Gecko; compatible; bingbot/2.0; +http://www.bing.com/bingbot.htm) Chrome/116.0.1938.76 Safari/537.36" ixilyucatan.gob.mx 192.185.131.128
207.46.13.116 - - [24/Feb/2025:18:01:32 -0600] "GET /nkdxp/c2422315.html HTTP/2.0" 200 67468 "-" "Mozilla/5.0 AppleWebKit/537.36 (KHTML, like Gecko; compatible; bingbot/2.0; +http://www.bing.com/bingbot.htm) Chrome/116.0.1938.76 Safari/537.36" ixilyucatan.gob.mx 192.185.131.128
157.55.39.193 - - [24/Feb/2025:18:02:22 -0600] "GET /vzwio/b2426656.html HTTP/2.0" 200 67468 "-" "Mozilla/5.0 AppleWebKit/537.36 (KHTML, like Gecko; compatible; bingbot/2.0; +http://www.bing.com/bingbot.htm) Chrome/116.0.1938.76 Safari/537.36" ixilyucatan.gob.mx 192.185.131.128
40.77.167.7 - - [24/Feb/2025:18:02:38 -0600] "GET /hcafl/k1795333.html HTTP/2.0" 200 67468 "-" "Mozilla/5.0 AppleWebKit/537.36 (KHTML, like Gecko; compatible; bingbot/2.0; +http://www.bing.com/bingbot.htm) Chrome/116.0.1938.76 Safari/537.36" ixilyucatan.gob.mx 192.185.131.128
40.77.167.9 - - [24/Feb/2025:18:03:08 -0600] "GET /epjso/p1055430.html HTTP/2.0" 200 67468 "-" "Mozilla/5.0 AppleWebKit/537.36 (KHTML, like Gecko; compatible; bingbot/2.0; +http://www.bing.com/bingbot.htm) Chrome/116.0.1938.76 Safari/537.36" ixilyucatan.gob.mx 192.185.131.128
40.77.167.9 - - [24/Feb/2025:18:03:26 -0600] "GET /lrhwm/p2259984.html HTTP/2.0" 200 67468 "-" "Mozilla/5.0 AppleWebKit/537.36 (KHTML, like Gecko; compatible; bingbot/2.0; +http://www.bing.com/bingbot.htm) Chrome/116.0.1938.76 Safari/537.36" ixilyucatan.gob.mx 192.185.131.128
40.77.167.9 - - [24/Feb/2025:18:03:27 -0600] "GET /kdhgo/k1979673.html HTTP/2.0" 200 67468 "-" "Mozilla/5.0 AppleWebKit/537.36 (KHTML, like Gecko; compatible; bingbot/2.0; +http://www.bing.com/bingbot.htm) Chrome/116.0.1938.76 Safari/537.36" ixilyucatan.gob.mx 192.185.131.128
40.77.167.11 - - [24/Feb/2025:18:03:31 -0600] "GET /gmlqr/k2847137.html HTTP/2.0" 200 67468 "-" "Mozilla/5.0 AppleWebKit/537.36 (KHTML, like Gecko; compatible; bingbot/2.0; +http://www.bing.com/bingbot.htm) Chrome/116.0.1938.76 Safari/537.36" ixilyucatan.gob.mx 192.185.131.128
40.77.167.7 - - [24/Feb/2025:18:03:49 -0600] "GET /qstvo/v1214088.html HTTP/2.0" 200 67468 "-" "Mozilla/5.0 AppleWebKit/537.36 (KHTML, like Gecko; compatible; bingbot/2.0; +http://www.bing.com/bingbot.htm) Chrome/116.0.1938.76 Safari/537.36" ixilyucatan.gob.mx 192.185.131.128
40.77.167.7 - - [24/Feb/2025:18:04:09 -0600] "GET /bdgcl/v1882340.html HTTP/2.0" 200 67468 "-" "Mozilla/5.0 AppleWebKit/537.36 (KHTML, like Gecko; compatible; bingbot/2.0; +http://www.bing.com/bingbot.htm) Chrome/116.0.1938.76 Safari/537.36" ixilyucatan.gob.mx 192.185.131.128
207.46.13.151 - - [24/Feb/2025:18:04:39 -0600] "GET /jfwre/f1810876.html HTTP/2.0" 200 67468 "-" "Mozilla/5.0 AppleWebKit/537.36 (KHTML, like Gecko; compatible; bingbot/2.0; +http://www.bing.com/bingbot.htm) Chrome/116.0.1938.76 Safari/537.36" ixilyucatan.gob.mx 192.185.131.128
66.249.66.68 - - [24/Feb/2025:18:04:48 -0600] "GET /?_gl=1*1ix4f11*_gcl_au*MTYxMTI1OTI3MS4xNzIxODg2NjU0*_ga*ODYyMzk4MzA3LjE2OTk0NTM1Nzg.*_ga_7H42SVMQ0V*MTcyMTg4NjY1NS4xMjEuMS4xNzIxODg2NjY5LjQ2LjAuMA..&_ga=2.198040047.1958808748.1721886654-862398307.1699453578&_bdsid=2ulvIJ.n~ZXCIW.1721886656070.1721886848&_bd_prev_page=https://ixilyucatan.gob.mx/detail.php?ucvaf/t2533560.html HTTP/1.1" 200 67468 "-" "Mozilla/5.0 (Linux; Android 6.0.1; Nexus 5X Build/MMB29P) AppleWebKit/537.36 (KHTML, like Gecko) Chrome/133.0.6943.126 Mobile Safari/537.36 (compatible; Googlebot/2.1; +http://www.google.com/bot.html)" ixilyucatan.gob.mx 192.185.131.128
157.55.39.16 - - [24/Feb/2025:18:04:54 -0600] "GET /wlkar/t825594.html HTTP/2.0" 200 67468 "-" "Mozilla/5.0 AppleWebKit/537.36 (KHTML, like Gecko; compatible; bingbot/2.0; +http://www.bing.com/bingbot.htm) Chrome/116.0.1938.76 Safari/537.36" ixilyucatan.gob.mx 192.185.131.128
66.249.66.68 - - [24/Feb/2025:18:05:09 -0600] "GET /?_gl=1*1ix4f11*_gcl_au*MTYxMTI1OTI3MS4xNzIxODg2NjU0*_ga*ODYyMzk4MzA3LjE2OTk0NTM1Nzg.*_ga_7H42SVMQ0V*MTcyMTg4NjY1NS4xMjEuMS4xNzIxODg2NjY5LjQ2LjAuMA..&_ga=2.198040047.1958808748.1721886654-862398307.1699453578&_bdsid=2ulvIJ.n~ZXCIW.1721886656070.1721886848&_bd_prev_page=https://ixilyucatan.gob.mx/detail.php?utzqy/s2595413.html HTTP/1.1" 200 67468 "-" "Mozilla/5.0 (Linux; Android 6.0.1; Nexus 5X Build/MMB29P) AppleWebKit/537.36 (KHTML, like Gecko) Chrome/133.0.6943.126 Mobile Safari/537.36 (compatible; Googlebot/2.1; +http://www.google.com/bot.html)" ixilyucatan.gob.mx 192.185.131.128
66.249.66.68 - - [24/Feb/2025:18:05:10 -0600] "GET /?_gl=1*1ix4f11*_gcl_au*MTYxMTI1OTI3MS4xNzIxODg2NjU0*_ga*ODYyMzk4MzA3LjE2OTk0NTM1Nzg.*_ga_7H42SVMQ0V*MTcyMTg4NjY1NS4xMjEuMS4xNzIxODg2NjY5LjQ2LjAuMA..&_ga=2.198040047.1958808748.1721886654-862398307.1699453578&_bdsid=2ulvIJ.n~ZXCIW.1721886656070.1721886848&_bd_prev_page=https://ixilyucatan.gob.mx/detail.php?aagpd/f1871482.html HTTP/1.1" 200 67468 "-" "Mozilla/5.0 (Linux; Android 6.0.1; Nexus 5X Build/MMB29P) AppleWebKit/537.36 (KHTML, like Gecko) Chrome/133.0.6943.126 Mobile Safari/537.36 (compatible; Googlebot/2.1; +http://www.google.com/bot.html)" ixilyucatan.gob.mx 192.185.131.128
66.249.66.68 - - [24/Feb/2025:18:05:16 -0600] "GET /?_gl=1*1ix4f11*_gcl_au*MTYxMTI1OTI3MS4xNzIxODg2NjU0*_ga*ODYyMzk4MzA3LjE2OTk0NTM1Nzg.*_ga_7H42SVMQ0V*MTcyMTg4NjY1NS4xMjEuMS4xNzIxODg2NjY5LjQ2LjAuMA..&_ga=2.198040047.1958808748.1721886654-862398307.1699453578&_bdsid=2ulvIJ.n~ZXCIW.1721886656070.1721886848&_bd_prev_page=https://ixilyucatan.gob.mx/detail.php?otvrf/v656648.html HTTP/1.1" 200 67468 "-" "Mozilla/5.0 (Linux; Android 6.0.1; Nexus 5X Build/MMB29P) AppleWebKit/537.36 (KHTML, like Gecko) Chrome/133.0.6943.126 Mobile Safari/537.36 (compatible; Googlebot/2.1; +http://www.google.com/bot.html)" ixilyucatan.gob.mx 192.185.131.128
66.249.66.68 - - [24/Feb/2025:18:05:16 -0600] "GET /?_gl=1*1ix4f11*_gcl_au*MTYxMTI1OTI3MS4xNzIxODg2NjU0*_ga*ODYyMzk4MzA3LjE2OTk0NTM1Nzg.*_ga_7H42SVMQ0V*MTcyMTg4NjY1NS4xMjEuMS4xNzIxODg2NjY5LjQ2LjAuMA..&_ga=2.198040047.1958808748.1721886654-862398307.1699453578&_bdsid=2ulvIJ.n~ZXCIW.1721886656070.1721886848&_bd_prev_page=https://ixilyucatan.gob.mx/detail.php?nbvwj/v1607208.html HTTP/1.1" 200 67468 "-" "Mozilla/5.0 (Linux; Android 6.0.1; Nexus 5X Build/MMB29P) AppleWebKit/537.36 (KHTML, like Gecko) Chrome/133.0.6943.126 Mobile Safari/537.36 (compatible; Googlebot/2.1; +http://www.google.com/bot.html)" ixilyucatan.gob.mx 192.185.131.128
66.249.66.68 - - [24/Feb/2025:18:05:25 -0600] "GET /?_gl=1*1ix4f11*_gcl_au*MTYxMTI1OTI3MS4xNzIxODg2NjU0*_ga*ODYyMzk4MzA3LjE2OTk0NTM1Nzg.*_ga_7H42SVMQ0V*MTcyMTg4NjY1NS4xMjEuMS4xNzIxODg2NjY5LjQ2LjAuMA..&_ga=2.198040047.1958808748.1721886654-862398307.1699453578&_bdsid=2ulvIJ.n~ZXCIW.1721886656070.1721886848&_bd_prev_page=https://ixilyucatan.gob.mx/detail.php?tjkxg/p829568.html HTTP/1.1" 200 67468 "-" "Mozilla/5.0 (Linux; Android 6.0.1; Nexus 5X Build/MMB29P) AppleWebKit/537.36 (KHTML, like Gecko) Chrome/133.0.6943.126 Mobile Safari/537.36 (compatible; Googlebot/2.1; +http://www.google.com/bot.html)" ixilyucatan.gob.mx 192.185.131.128
66.249.66.7 - - [24/Feb/2025:18:05:26 -0600] "GET /?_gl=1*1ix4f11*_gcl_au*MTYxMTI1OTI3MS4xNzIxODg2NjU0*_ga*ODYyMzk4MzA3LjE2OTk0NTM1Nzg.*_ga_7H42SVMQ0V*MTcyMTg4NjY1NS4xMjEuMS4xNzIxODg2NjY5LjQ2LjAuMA..&_ga=2.198040047.1958808748.1721886654-862398307.1699453578&_bdsid=2ulvIJ.n~ZXCIW.1721886656070.1721886848&_bd_prev_page=https://www.ixilyucatan.gob.mx/detail.php?afcei/r1179712.html HTTP/1.1" 200 67468 "-" "Mozilla/5.0 (Linux; Android 6.0.1; Nexus 5X Build/MMB29P) AppleWebKit/537.36 (KHTML, like Gecko) Chrome/133.0.6943.126 Mobile Safari/537.36 (compatible; Googlebot/2.1; +http://www.google.com/bot.html)" www.ixilyucatan.gob.mx 192.185.131.128
66.249.66.68 - - [24/Feb/2025:18:05:27 -0600] "GET /?_gl=1*1ix4f11*_gcl_au*MTYxMTI1OTI3MS4xNzIxODg2NjU0*_ga*ODYyMzk4MzA3LjE2OTk0NTM1Nzg.*_ga_7H42SVMQ0V*MTcyMTg4NjY1NS4xMjEuMS4xNzIxODg2NjY5LjQ2LjAuMA..&_ga=2.198040047.1958808748.1721886654-862398307.1699453578&_bdsid=2ulvIJ.n~ZXCIW.1721886656070.1721886848&_bd_prev_page=https://ixilyucatan.gob.mx/detail.php?efulp/q1948791.html HTTP/1.1" 200 67468 "-" "Mozilla/5.0 (Linux; Android 6.0.1; Nexus 5X Build/MMB29P) AppleWebKit/537.36 (KHTML, like Gecko) Chrome/133.0.6943.126 Mobile Safari/537.36 (compatible; Googlebot/2.1; +http://www.google.com/bot.html)" ixilyucatan.gob.mx 192.185.131.128
66.249.66.68 - - [24/Feb/2025:18:05:27 -0600] "GET /?_gl=1*1ix4f11*_gcl_au*MTYxMTI1OTI3MS4xNzIxODg2NjU0*_ga*ODYyMzk4MzA3LjE2OTk0NTM1Nzg.*_ga_7H42SVMQ0V*MTcyMTg4NjY1NS4xMjEuMS4xNzIxODg2NjY5LjQ2LjAuMA..&_ga=2.198040047.1958808748.1721886654-862398307.1699453578&_bdsid=2ulvIJ.n~ZXCIW.1721886656070.1721886848&_bd_prev_page=https://ixilyucatan.gob.mx/detail.php?ndenl/j694960.html HTTP/1.1" 200 67468 "-" "Mozilla/5.0 (Linux; Android 6.0.1; Nexus 5X Build/MMB29P) AppleWebKit/537.36 (KHTML, like Gecko) Chrome/133.0.6943.126 Mobile Safari/537.36 (compatible; Googlebot/2.1; +http://www.google.com/bot.html)" ixilyucatan.gob.mx 192.185.131.128
66.249.66.7 - - [24/Feb/2025:18:05:33 -0600] "GET /?_gl=1*1ix4f11*_gcl_au*MTYxMTI1OTI3MS4xNzIxODg2NjU0*_ga*ODYyMzk4MzA3LjE2OTk0NTM1Nzg.*_ga_7H42SVMQ0V*MTcyMTg4NjY1NS4xMjEuMS4xNzIxODg2NjY5LjQ2LjAuMA..&_ga=2.198040047.1958808748.1721886654-862398307.1699453578&_bdsid=2ulvIJ.n~ZXCIW.1721886656070.1721886848&_bd_prev_page=https://www.ixilyucatan.gob.mx/detail.php?nftxm/i1383595.html HTTP/1.1" 200 67468 "-" "Mozilla/5.0 (Linux; Android 6.0.1; Nexus 5X Build/MMB29P) AppleWebKit/537.36 (KHTML, like Gecko) Chrome/133.0.6943.126 Mobile Safari/537.36 (compatible; Googlebot/2.1; +http://www.google.com/bot.html)" www.ixilyucatan.gob.mx 192.185.131.128
157.55.39.16 - - [24/Feb/2025:18:05:40 -0600] "GET /soceg/t126402.html HTTP/2.0" 200 67468 "-" "Mozilla/5.0 AppleWebKit/537.36 (KHTML, like Gecko; compatible; bingbot/2.0; +http://www.bing.com/bingbot.htm) Chrome/116.0.1938.76 Safari/537.36" ixilyucatan.gob.mx 192.185.131.128
66.249.66.68 - - [24/Feb/2025:18:05:47 -0600] "GET /?_gl=1*1ix4f11*_gcl_au*MTYxMTI1OTI3MS4xNzIxODg2NjU0*_ga*ODYyMzk4MzA3LjE2OTk0NTM1Nzg.*_ga_7H42SVMQ0V*MTcyMTg4NjY1NS4xMjEuMS4xNzIxODg2NjY5LjQ2LjAuMA..&_ga=2.198040047.1958808748.1721886654-862398307.1699453578&_bdsid=2ulvIJ.n~ZXCIW.1721886656070.1721886848&_bd_prev_page=https://ixilyucatan.gob.mx/detail.php?xjzzt/f867206.html HTTP/1.1" 200 67468 "-" "Mozilla/5.0 (Linux; Android 6.0.1; Nexus 5X Build/MMB29P) AppleWebKit/537.36 (KHTML, like Gecko) Chrome/133.0.6943.126 Mobile Safari/537.36 (compatible; Googlebot/2.1; +http://www.google.com/bot.html)" ixilyucatan.gob.mx 192.185.131.128
66.249.66.69 - - [24/Feb/2025:18:05:47 -0600] "GET /?_gl=1*1ix4f11*_gcl_au*MTYxMTI1OTI3MS4xNzIxODg2NjU0*_ga*ODYyMzk4MzA3LjE2OTk0NTM1Nzg.*_ga_7H42SVMQ0V*MTcyMTg4NjY1NS4xMjEuMS4xNzIxODg2NjY5LjQ2LjAuMA..&_ga=2.198040047.1958808748.1721886654-862398307.1699453578&_bdsid=2ulvIJ.n~ZXCIW.1721886656070.1721886848&_bd_prev_page=https://ixilyucatan.gob.mx/detail.php?wtdzt/e868739.html HTTP/1.1" 200 67468 "-" "Mozilla/5.0 (Linux; Android 6.0.1; Nexus 5X Build/MMB29P) AppleWebKit/537.36 (KHTML, like Gecko) Chrome/133.0.6943.126 Mobile Safari/537.36 (compatible; Googlebot/2.1; +http://www.google.com/bot.html)" ixilyucatan.gob.mx 192.185.131.128
40.77.167.22 - - [24/Feb/2025:18:05:48 -0600] "GET /qunbq/j1407542.html HTTP/2.0" 200 67468 "-" "Mozilla/5.0 AppleWebKit/537.36 (KHTML, like Gecko; compatible; bingbot/2.0; +http://www.bing.com/bingbot.htm) Chrome/116.0.1938.76 Safari/537.36" ixilyucatan.gob.mx 192.185.131.128
40.77.167.9 - - [24/Feb/2025:18:06:36 -0600] "GET /eszqp/g1965499.html HTTP/2.0" 200 67468 "-" "Mozilla/5.0 AppleWebKit/537.36 (KHTML, like Gecko; compatible; bingbot/2.0; +http://www.bing.com/bingbot.htm) Chrome/116.0.1938.76 Safari/537.36" ixilyucatan.gob.mx 192.185.131.128
66.249.66.68 - - [24/Feb/2025:18:07:16 -0600] "GET /?_gl=1*1ix4f11*_gcl_au*MTYxMTI1OTI3MS4xNzIxODg2NjU0*_ga*ODYyMzk4MzA3LjE2OTk0NTM1Nzg.*_ga_7H42SVMQ0V*MTcyMTg4NjY1NS4xMjEuMS4xNzIxODg2NjY5LjQ2LjAuMA..&_ga=2.198040047.1958808748.1721886654-862398307.1699453578&_bdsid=2ulvIJ.n~ZXCIW.1721886656070.1721886848&_bd_prev_page=https://ixilyucatan.gob.mx/detail.php?shfyo/x229522.html HTTP/1.1" 200 67468 "-" "Mozilla/5.0 (Linux; Android 6.0.1; Nexus 5X Build/MMB29P) AppleWebKit/537.36 (KHTML, like Gecko) Chrome/133.0.6943.126 Mobile Safari/537.36 (compatible; Googlebot/2.1; +http://www.google.com/bot.html)" ixilyucatan.gob.mx 192.185.131.128
66.249.66.69 - - [24/Feb/2025:18:07:17 -0600] "GET /kayys/k1134413.html HTTP/1.1" 200 67468 "-" "Mozilla/5.0 (Linux; Android 6.0.1; Nexus 5X Build/MMB29P) AppleWebKit/537.36 (KHTML, like Gecko) Chrome/133.0.6943.126 Mobile Safari/537.36 (compatible; Googlebot/2.1; +http://www.google.com/bot.html)" ixilyucatan.gob.mx 192.185.131.128
66.249.66.68 - - [24/Feb/2025:18:07:25 -0600] "GET /?_gl=1*1ix4f11*_gcl_au*MTYxMTI1OTI3MS4xNzIxODg2NjU0*_ga*ODYyMzk4MzA3LjE2OTk0NTM1Nzg.*_ga_7H42SVMQ0V*MTcyMTg4NjY1NS4xMjEuMS4xNzIxODg2NjY5LjQ2LjAuMA..&_ga=2.198040047.1958808748.1721886654-862398307.1699453578&_bdsid=2ulvIJ.n~ZXCIW.1721886656070.1721886848&_bd_prev_page=https://ixilyucatan.gob.mx/detail.php?cupsn/o208453.html HTTP/1.1" 200 67468 "-" "Mozilla/5.0 (Linux; Android 6.0.1; Nexus 5X Build/MMB29P) AppleWebKit/537.36 (KHTML, like Gecko) Chrome/133.0.6943.126 Mobile Safari/537.36 (compatible; Googlebot/2.1; +http://www.google.com/bot.html)" ixilyucatan.gob.mx 192.185.131.128
40.77.167.9 - - [24/Feb/2025:18:07:29 -0600] "GET /dlxsu/v490118.html HTTP/2.0" 200 67468 "-" "Mozilla/5.0 AppleWebKit/537.36 (KHTML, like Gecko; compatible; bingbot/2.0; +http://www.bing.com/bingbot.htm) Chrome/116.0.1938.76 Safari/537.36" ixilyucatan.gob.mx 192.185.131.128
207.46.13.151 - - [24/Feb/2025:18:07:34 -0600] "GET /vhtos/k1424417.html HTTP/2.0" 200 67468 "-" "Mozilla/5.0 AppleWebKit/537.36 (KHTML, like Gecko; compatible; bingbot/2.0; +http://www.bing.com/bingbot.htm) Chrome/116.0.1938.76 Safari/537.36" ixilyucatan.gob.mx 192.185.131.128
66.249.66.68 - - [24/Feb/2025:18:07:47 -0600] "GET /?_gl=1*1ix4f11*_gcl_au*MTYxMTI1OTI3MS4xNzIxODg2NjU0*_ga*ODYyMzk4MzA3LjE2OTk0NTM1Nzg.*_ga_7H42SVMQ0V*MTcyMTg4NjY1NS4xMjEuMS4xNzIxODg2NjY5LjQ2LjAuMA..&_ga=2.198040047.1958808748.1721886654-862398307.1699453578&_bdsid=2ulvIJ.n~ZXCIW.1721886656070.1721886848&_bd_prev_page=https://ixilyucatan.gob.mx/detail.php?fbuti/p258972.html HTTP/1.1" 200 67468 "-" "Mozilla/5.0 (Linux; Android 6.0.1; Nexus 5X Build/MMB29P) AppleWebKit/537.36 (KHTML, like Gecko) Chrome/133.0.6943.126 Mobile Safari/537.36 (compatible; Googlebot/2.1; +http://www.google.com/bot.html)" ixilyucatan.gob.mx 192.185.131.128
40.77.167.2 - - [24/Feb/2025:18:07:47 -0600] "GET /uzgnh/s674871.html HTTP/2.0" 200 67468 "-" "Mozilla/5.0 AppleWebKit/537.36 (KHTML, like Gecko; compatible; bingbot/2.0; +http://www.bing.com/bingbot.htm) Chrome/116.0.1938.76 Safari/537.36" ixilyucatan.gob.mx 192.185.131.128
207.46.13.14 - - [24/Feb/2025:18:07:53 -0600] "GET /sgrxn/y2726615.html HTTP/2.0" 200 67468 "-" "Mozilla/5.0 AppleWebKit/537.36 (KHTML, like Gecko; compatible; bingbot/2.0; +http://www.bing.com/bingbot.htm) Chrome/116.0.1938.76 Safari/537.36" ixilyucatan.gob.mx 192.185.131.128
66.249.66.68 - - [24/Feb/2025:18:07:57 -0600] "GET /?_gl=1*1ix4f11*_gcl_au*MTYxMTI1OTI3MS4xNzIxODg2NjU0*_ga*ODYyMzk4MzA3LjE2OTk0NTM1Nzg.*_ga_7H42SVMQ0V*MTcyMTg4NjY1NS4xMjEuMS4xNzIxODg2NjY5LjQ2LjAuMA..&_ga=2.198040047.1958808748.1721886654-862398307.1699453578&_bdsid=2ulvIJ.n~ZXCIW.1721886656070.1721886848&_bd_prev_page=https://ixilyucatan.gob.mx/detail.php?shjtb/q1183013.html HTTP/1.1" 200 67468 "-" "Mozilla/5.0 (Linux; Android 6.0.1; Nexus 5X Build/MMB29P) AppleWebKit/537.36 (KHTML, like Gecko) Chrome/133.0.6943.126 Mobile Safari/537.36 (compatible; Googlebot/2.1; +http://www.google.com/bot.html)" ixilyucatan.gob.mx 192.185.131.128
66.249.66.68 - - [24/Feb/2025:18:07:59 -0600] "GET /?_gl=1*1ix4f11*_gcl_au*MTYxMTI1OTI3MS4xNzIxODg2NjU0*_ga*ODYyMzk4MzA3LjE2OTk0NTM1Nzg.*_ga_7H42SVMQ0V*MTcyMTg4NjY1NS4xMjEuMS4xNzIxODg2NjY5LjQ2LjAuMA..&_ga=2.198040047.1958808748.1721886654-862398307.1699453578&_bdsid=2ulvIJ.n~ZXCIW.1721886656070.1721886848&_bd_prev_page=https://ixilyucatan.gob.mx/detail.php?kfrlu/r1777686.html HTTP/1.1" 200 67468 "-" "Mozilla/5.0 (Linux; Android 6.0.1; Nexus 5X Build/MMB29P) AppleWebKit/537.36 (KHTML, like Gecko) Chrome/133.0.6943.126 Mobile Safari/537.36 (compatible; Googlebot/2.1; +http://www.google.com/bot.html)" ixilyucatan.gob.mx 192.185.131.128
66.249.66.7 - - [24/Feb/2025:18:08:00 -0600] "GET /?_gl=1*1ix4f11*_gcl_au*MTYxMTI1OTI3MS4xNzIxODg2NjU0*_ga*ODYyMzk4MzA3LjE2OTk0NTM1Nzg.*_ga_7H42SVMQ0V*MTcyMTg4NjY1NS4xMjEuMS4xNzIxODg2NjY5LjQ2LjAuMA..&_ga=2.198040047.1958808748.1721886654-862398307.1699453578&_bdsid=2ulvIJ.n~ZXCIW.1721886656070.1721886848&_bd_prev_page=https://www.ixilyucatan.gob.mx/detail.php?hqxhf/e1675597.html HTTP/1.1" 200 67468 "-" "Mozilla/5.0 (Linux; Android 6.0.1; Nexus 5X Build/MMB29P) AppleWebKit/537.36 (KHTML, like Gecko) Chrome/133.0.6943.126 Mobile Safari/537.36 (compatible; Googlebot/2.1; +http://www.google.com/bot.html)" www.ixilyucatan.gob.mx 192.185.131.128
66.249.66.7 - - [24/Feb/2025:18:08:09 -0600] "GET /?_gl=1*1ix4f11*_gcl_au*MTYxMTI1OTI3MS4xNzIxODg2NjU0*_ga*ODYyMzk4MzA3LjE2OTk0NTM1Nzg.*_ga_7H42SVMQ0V*MTcyMTg4NjY1NS4xMjEuMS4xNzIxODg2NjY5LjQ2LjAuMA..&_ga=2.198040047.1958808748.1721886654-862398307.1699453578&_bdsid=2ulvIJ.n~ZXCIW.1721886656070.1721886848&_bd_prev_page=https://www.ixilyucatan.gob.mx/detail.php?bngfr/h1786308.html HTTP/1.1" 200 67468 "-" "Mozilla/5.0 (Linux; Android 6.0.1; Nexus 5X Build/MMB29P) AppleWebKit/537.36 (KHTML, like Gecko) Chrome/133.0.6943.126 Mobile Safari/537.36 (compatible; Googlebot/2.1; +http://www.google.com/bot.html)" www.ixilyucatan.gob.mx 192.185.131.128
66.249.66.68 - - [24/Feb/2025:18:08:10 -0600] "GET /?_gl=1*1ix4f11*_gcl_au*MTYxMTI1OTI3MS4xNzIxODg2NjU0*_ga*ODYyMzk4MzA3LjE2OTk0NTM1Nzg.*_ga_7H42SVMQ0V*MTcyMTg4NjY1NS4xMjEuMS4xNzIxODg2NjY5LjQ2LjAuMA..&_ga=2.198040047.1958808748.1721886654-862398307.1699453578&_bdsid=2ulvIJ.n~ZXCIW.1721886656070.1721886848&_bd_prev_page=https://ixilyucatan.gob.mx/detail.php?hrqyc/h1621962.html HTTP/1.1" 200 67468 "-" "Mozilla/5.0 (Linux; Android 6.0.1; Nexus 5X Build/MMB29P) AppleWebKit/537.36 (KHTML, like Gecko) Chrome/133.0.6943.126 Mobile Safari/537.36 (compatible; Googlebot/2.1; +http://www.google.com/bot.html)" ixilyucatan.gob.mx 192.185.131.128
66.249.66.68 - - [24/Feb/2025:18:08:20 -0600] "GET /?_gl=1*1ix4f11*_gcl_au*MTYxMTI1OTI3MS4xNzIxODg2NjU0*_ga*ODYyMzk4MzA3LjE2OTk0NTM1Nzg.*_ga_7H42SVMQ0V*MTcyMTg4NjY1NS4xMjEuMS4xNzIxODg2NjY5LjQ2LjAuMA..&_ga=2.198040047.1958808748.1721886654-862398307.1699453578&_bdsid=2ulvIJ.n~ZXCIW.1721886656070.1721886848&_bd_prev_page=https://ixilyucatan.gob.mx/detail.php?cwjoh/h1763610.html HTTP/1.1" 200 67468 "-" "Mozilla/5.0 (Linux; Android 6.0.1; Nexus 5X Build/MMB29P) AppleWebKit/537.36 (KHTML, like Gecko) Chrome/133.0.6943.126 Mobile Safari/537.36 (compatible; Googlebot/2.1; +http://www.google.com/bot.html)" ixilyucatan.gob.mx 192.185.131.128
66.249.66.68 - - [24/Feb/2025:18:08:22 -0600] "GET /?_gl=1*1ix4f11*_gcl_au*MTYxMTI1OTI3MS4xNzIxODg2NjU0*_ga*ODYyMzk4MzA3LjE2OTk0NTM1Nzg.*_ga_7H42SVMQ0V*MTcyMTg4NjY1NS4xMjEuMS4xNzIxODg2NjY5LjQ2LjAuMA..&_ga=2.198040047.1958808748.1721886654-862398307.1699453578&_bdsid=2ulvIJ.n~ZXCIW.1721886656070.1721886848&_bd_prev_page=https://ixilyucatan.gob.mx/detail.php?dtfcc/l551026.html HTTP/1.1" 200 67468 "-" "Mozilla/5.0 (Linux; Android 6.0.1; Nexus 5X Build/MMB29P) AppleWebKit/537.36 (KHTML, like Gecko) Chrome/133.0.6943.126 Mobile Safari/537.36 (compatible; Googlebot/2.1; +http://www.google.com/bot.html)" ixilyucatan.gob.mx 192.185.131.128
66.249.66.68 - - [24/Feb/2025:18:08:25 -0600] "GET /?_gl=1*1ix4f11*_gcl_au*MTYxMTI1OTI3MS4xNzIxODg2NjU0*_ga*ODYyMzk4MzA3LjE2OTk0NTM1Nzg.*_ga_7H42SVMQ0V*MTcyMTg4NjY1NS4xMjEuMS4xNzIxODg2NjY5LjQ2LjAuMA..&_ga=2.198040047.1958808748.1721886654-862398307.1699453578&_bdsid=2ulvIJ.n~ZXCIW.1721886656070.1721886848&_bd_prev_page=https://ixilyucatan.gob.mx/detail.php?qxhlf/n2387460.html HTTP/1.1" 200 67468 "-" "Mozilla/5.0 (Linux; Android 6.0.1; Nexus 5X Build/MMB29P) AppleWebKit/537.36 (KHTML, like Gecko) Chrome/133.0.6943.126 Mobile Safari/537.36 (compatible; Googlebot/2.1; +http://www.google.com/bot.html)" ixilyucatan.gob.mx 192.185.131.128
40.77.167.22 - - [24/Feb/2025:18:08:35 -0600] "GET /gnrun/s2591955.html HTTP/2.0" 200 67468 "-" "Mozilla/5.0 AppleWebKit/537.36 (KHTML, like Gecko; compatible; bingbot/2.0; +http://www.bing.com/bingbot.htm) Chrome/116.0.1938.76 Safari/537.36" ixilyucatan.gob.mx 192.185.131.128
52.167.144.20 - - [24/Feb/2025:18:08:48 -0600] "GET /smpcs/x3034454.html HTTP/2.0" 200 67468 "-" "Mozilla/5.0 AppleWebKit/537.36 (KHTML, like Gecko; compatible; bingbot/2.0; +http://www.bing.com/bingbot.htm) Chrome/116.0.1938.76 Safari/537.36" ixilyucatan.gob.mx 192.185.131.128
40.77.167.7 - - [24/Feb/2025:18:08:52 -0600] "GET /nbruh/q632567.html HTTP/2.0" 200 67468 "-" "Mozilla/5.0 AppleWebKit/537.36 (KHTML, like Gecko; compatible; bingbot/2.0; +http://www.bing.com/bingbot.htm) Chrome/116.0.1938.76 Safari/537.36" ixilyucatan.gob.mx 192.185.131.128
66.249.66.68 - - [24/Feb/2025:18:08:58 -0600] "GET /?_gl=1*1ix4f11*_gcl_au*MTYxMTI1OTI3MS4xNzIxODg2NjU0*_ga*ODYyMzk4MzA3LjE2OTk0NTM1Nzg.*_ga_7H42SVMQ0V*MTcyMTg4NjY1NS4xMjEuMS4xNzIxODg2NjY5LjQ2LjAuMA..&_ga=2.198040047.1958808748.1721886654-862398307.1699453578&_bdsid=2ulvIJ.n~ZXCIW.1721886656070.1721886848&_bd_prev_page=https://ixilyucatan.gob.mx/detail.php?giiqx/x151678.html HTTP/1.1" 200 67468 "-" "Mozilla/5.0 (Linux; Android 6.0.1; Nexus 5X Build/MMB29P) AppleWebKit/537.36 (KHTML, like Gecko) Chrome/133.0.6943.126 Mobile Safari/537.36 (compatible; Googlebot/2.1; +http://www.google.com/bot.html)" ixilyucatan.gob.mx 192.185.131.128
52.167.144.221 - - [24/Feb/2025:18:09:01 -0600] "GET /ikbrp/a2352321.html HTTP/2.0" 200 67468 "-" "Mozilla/5.0 AppleWebKit/537.36 (KHTML, like Gecko; compatible; bingbot/2.0; +http://www.bing.com/bingbot.htm) Chrome/116.0.1938.76 Safari/537.36" ixilyucatan.gob.mx 192.185.131.128
157.55.39.48 - - [24/Feb/2025:18:09:29 -0600] "GET /fsygd/z2412484.html HTTP/2.0" 200 67468 "-" "Mozilla/5.0 AppleWebKit/537.36 (KHTML, like Gecko; compatible; bingbot/2.0; +http://www.bing.com/bingbot.htm) Chrome/116.0.1938.76 Safari/537.36" ixilyucatan.gob.mx 192.185.131.128
40.77.167.22 - - [24/Feb/2025:18:09:48 -0600] "GET /wmzuz/e153973.html HTTP/2.0" 200 67468 "-" "Mozilla/5.0 AppleWebKit/537.36 (KHTML, like Gecko; compatible; bingbot/2.0; +http://www.bing.com/bingbot.htm) Chrome/116.0.1938.76 Safari/537.36" ixilyucatan.gob.mx 192.185.131.128
157.55.39.61 - - [24/Feb/2025:18:10:06 -0600] "GET /nqixs/n323580.html HTTP/2.0" 200 67468 "-" "Mozilla/5.0 AppleWebKit/537.36 (KHTML, like Gecko; compatible; bingbot/2.0; +http://www.bing.com/bingbot.htm) Chrome/116.0.1938.76 Safari/537.36" ixilyucatan.gob.mx 192.185.131.128
52.167.144.191 - - [24/Feb/2025:18:10:12 -0600] "GET /bmdhp/r2741532.html HTTP/2.0" 200 67468 "-" "Mozilla/5.0 AppleWebKit/537.36 (KHTML, like Gecko; compatible; bingbot/2.0; +http://www.bing.com/bingbot.htm) Chrome/116.0.1938.76 Safari/537.36" ixilyucatan.gob.mx 192.185.131.128
40.77.167.50 - - [24/Feb/2025:18:10:22 -0600] "GET /kypci/e2863927.html HTTP/2.0" 200 67468 "-" "Mozilla/5.0 AppleWebKit/537.36 (KHTML, like Gecko; compatible; bingbot/2.0; +http://www.bing.com/bingbot.htm) Chrome/116.0.1938.76 Safari/537.36" ixilyucatan.gob.mx 192.185.131.128
157.55.39.48 - - [24/Feb/2025:18:10:27 -0600] "GET /psgdf/h458540.html HTTP/2.0" 200 67468 "-" "Mozilla/5.0 AppleWebKit/537.36 (KHTML, like Gecko; compatible; bingbot/2.0; +http://www.bing.com/bingbot.htm) Chrome/116.0.1938.76 Safari/537.36" ixilyucatan.gob.mx 192.185.131.128
52.167.144.20 - - [24/Feb/2025:18:10:31 -0600] "GET /lmyet/a1488861.html HTTP/2.0" 200 67468 "-" "Mozilla/5.0 AppleWebKit/537.36 (KHTML, like Gecko; compatible; bingbot/2.0; +http://www.bing.com/bingbot.htm) Chrome/116.0.1938.76 Safari/537.36" ixilyucatan.gob.mx 192.185.131.128
157.55.39.197 - - [24/Feb/2025:18:10:49 -0600] "GET /qqhpi/r1514566.html HTTP/2.0" 200 67468 "-" "Mozilla/5.0 AppleWebKit/537.36 (KHTML, like Gecko; compatible; bingbot/2.0; +http://www.bing.com/bingbot.htm) Chrome/116.0.1938.76 Safari/537.36" ixilyucatan.gob.mx 192.185.131.128
157.55.39.6 - - [24/Feb/2025:18:11:05 -0600] "GET /iaezv/b793544.html HTTP/2.0" 200 67468 "-" "Mozilla/5.0 AppleWebKit/537.36 (KHTML, like Gecko; compatible; bingbot/2.0; +http://www.bing.com/bingbot.htm) Chrome/116.0.1938.76 Safari/537.36" ixilyucatan.gob.mx 192.185.131.128
52.167.144.18 - - [24/Feb/2025:18:12:01 -0600] "GET /limkg/v1551204.html HTTP/2.0" 200 67468 "-" "Mozilla/5.0 AppleWebKit/537.36 (KHTML, like Gecko; compatible; bingbot/2.0; +http://www.bing.com/bingbot.htm) Chrome/116.0.1938.76 Safari/537.36" ixilyucatan.gob.mx 192.185.131.128
157.55.39.61 - - [24/Feb/2025:18:12:24 -0600] "GET /rublf/p602016.html HTTP/2.0" 200 67468 "-" "Mozilla/5.0 AppleWebKit/537.36 (KHTML, like Gecko; compatible; bingbot/2.0; +http://www.bing.com/bingbot.htm) Chrome/116.0.1938.76 Safari/537.36" ixilyucatan.gob.mx 192.185.131.128
207.46.13.14 - - [24/Feb/2025:18:12:45 -0600] "GET /otajo/a2608655.html HTTP/2.0" 200 67468 "-" "Mozilla/5.0 AppleWebKit/537.36 (KHTML, like Gecko; compatible; bingbot/2.0; +http://www.bing.com/bingbot.htm) Chrome/116.0.1938.76 Safari/537.36" ixilyucatan.gob.mx 192.185.131.128
52.167.144.18 - - [24/Feb/2025:18:13:01 -0600] "GET /kgraw/v1649120.html HTTP/2.0" 503 428 "-" "Mozilla/5.0 AppleWebKit/537.36 (KHTML, like Gecko; compatible; bingbot/2.0; +http://www.bing.com/bingbot.htm) Chrome/116.0.1938.76 Safari/537.36" ixilyucatan.gob.mx 192.185.131.128
157.55.39.6 - - [24/Feb/2025:18:13:12 -0600] "GET /aobft/q1860599.html HTTP/2.0" 200 67468 "-" "Mozilla/5.0 AppleWebKit/537.36 (KHTML, like Gecko; compatible; bingbot/2.0; +http://www.bing.com/bingbot.htm) Chrome/116.0.1938.76 Safari/537.36" ixilyucatan.gob.mx 192.185.131.128
40.77.167.42 - - [24/Feb/2025:18:13:45 -0600] "GET /aqdep/h108242.html HTTP/2.0" 200 67468 "-" "Mozilla/5.0 AppleWebKit/537.36 (KHTML, like Gecko; compatible; bingbot/2.0; +http://www.bing.com/bingbot.htm) Chrome/116.0.1938.76 Safari/537.36" ixilyucatan.gob.mx 192.185.131.128
157.55.39.6 - - [24/Feb/2025:18:13:50 -0600] "GET /fwkbd/t1353602.html HTTP/2.0" 200 67468 "-" "Mozilla/5.0 AppleWebKit/537.36 (KHTML, like Gecko; compatible; bingbot/2.0; +http://www.bing.com/bingbot.htm) Chrome/116.0.1938.76 Safari/537.36" ixilyucatan.gob.mx 192.185.131.128
157.55.39.61 - - [24/Feb/2025:18:13:54 -0600] "GET /ppqoe/r989054.html HTTP/2.0" 200 67468 "-" "Mozilla/5.0 AppleWebKit/537.36 (KHTML, like Gecko; compatible; bingbot/2.0; +http://www.bing.com/bingbot.htm) Chrome/116.0.1938.76 Safari/537.36" ixilyucatan.gob.mx 192.185.131.128
52.167.144.170 - - [24/Feb/2025:18:14:00 -0600] "GET /cwlwf/k2994531.html HTTP/2.0" 200 67468 "-" "Mozilla/5.0 AppleWebKit/537.36 (KHTML, like Gecko; compatible; bingbot/2.0; +http://www.bing.com/bingbot.htm) Chrome/116.0.1938.76 Safari/537.36" ixilyucatan.gob.mx 192.185.131.128
40.77.167.42 - - [24/Feb/2025:18:14:06 -0600] "GET /ighib/o2926857.html HTTP/2.0" 200 67468 "-" "Mozilla/5.0 AppleWebKit/537.36 (KHTML, like Gecko; compatible; bingbot/2.0; +http://www.bing.com/bingbot.htm) Chrome/116.0.1938.76 Safari/537.36" ixilyucatan.gob.mx 192.185.131.128
207.46.13.14 - - [24/Feb/2025:18:14:09 -0600] "GET /pccus/z645550.html HTTP/2.0" 200 67468 "-" "Mozilla/5.0 AppleWebKit/537.36 (KHTML, like Gecko; compatible; bingbot/2.0; +http://www.bing.com/bingbot.htm) Chrome/116.0.1938.76 Safari/537.36" ixilyucatan.gob.mx 192.185.131.128
157.55.39.9 - - [24/Feb/2025:18:14:10 -0600] "GET /rgcgo/d1222104.html HTTP/2.0" 200 67468 "-" "Mozilla/5.0 AppleWebKit/537.36 (KHTML, like Gecko; compatible; bingbot/2.0; +http://www.bing.com/bingbot.htm) Chrome/116.0.1938.76 Safari/537.36" ixilyucatan.gob.mx 192.185.131.128
157.55.39.6 - - [24/Feb/2025:18:14:22 -0600] "GET /wzvmz/k1591155.html HTTP/2.0" 200 67468 "-" "Mozilla/5.0 AppleWebKit/537.36 (KHTML, like Gecko; compatible; bingbot/2.0; +http://www.bing.com/bingbot.htm) Chrome/116.0.1938.76 Safari/537.36" ixilyucatan.gob.mx 192.185.131.128
52.167.144.20 - - [24/Feb/2025:18:14:37 -0600] "GET /okyci/u2340277.html HTTP/2.0" 200 67468 "-" "Mozilla/5.0 AppleWebKit/537.36 (KHTML, like Gecko; compatible; bingbot/2.0; +http://www.bing.com/bingbot.htm) Chrome/116.0.1938.76 Safari/537.36" ixilyucatan.gob.mx 192.185.131.128
157.55.39.6 - - [24/Feb/2025:18:14:59 -0600] "GET /apnwy/x1768800.html HTTP/2.0" 200 67468 "-" "Mozilla/5.0 AppleWebKit/537.36 (KHTML, like Gecko; compatible; bingbot/2.0; +http://www.bing.com/bingbot.htm) Chrome/116.0.1938.76 Safari/537.36" ixilyucatan.gob.mx 192.185.131.128
157.55.39.197 - - [24/Feb/2025:18:15:10 -0600] "GET /rhmzq/l2783984.html HTTP/2.0" 200 67468 "-" "Mozilla/5.0 AppleWebKit/537.36 (KHTML, like Gecko; compatible; bingbot/2.0; +http://www.bing.com/bingbot.htm) Chrome/116.0.1938.76 Safari/537.36" ixilyucatan.gob.mx 192.185.131.128
207.46.13.14 - - [24/Feb/2025:18:15:18 -0600] "GET /gbrub/z519138.html HTTP/2.0" 200 67468 "-" "Mozilla/5.0 AppleWebKit/537.36 (KHTML, like Gecko; compatible; bingbot/2.0; +http://www.bing.com/bingbot.htm) Chrome/116.0.1938.76 Safari/537.36" ixilyucatan.gob.mx 192.185.131.128
66.249.66.69 - - [24/Feb/2025:18:15:32 -0600] "GET /?_gl=1*1ix4f11*_gcl_au*MTYxMTI1OTI3MS4xNzIxODg2NjU0*_ga*ODYyMzk4MzA3LjE2OTk0NTM1Nzg.*_ga_7H42SVMQ0V*MTcyMTg4NjY1NS4xMjEuMS4xNzIxODg2NjY5LjQ2LjAuMA..&_ga=2.198040047.1958808748.1721886654-862398307.1699453578&_bdsid=2ulvIJ.n~ZXCIW.1721886656070.1721886848&_bd_prev_page=https://ixilyucatan.gob.mx/detail.php?czaud/k387823.html HTTP/1.1" 200 67468 "-" "Mozilla/5.0 (Linux; Android 6.0.1; Nexus 5X Build/MMB29P) AppleWebKit/537.36 (KHTML, like Gecko) Chrome/133.0.6943.126 Mobile Safari/537.36 (compatible; Googlebot/2.1; +http://www.google.com/bot.html)" ixilyucatan.gob.mx 192.185.131.128
40.77.167.50 - - [24/Feb/2025:18:15:32 -0600] "GET /mrqfw/x1342400.html HTTP/2.0" 200 67468 "-" "Mozilla/5.0 AppleWebKit/537.36 (KHTML, like Gecko; compatible; bingbot/2.0; +http://www.bing.com/bingbot.htm) Chrome/116.0.1938.76 Safari/537.36" ixilyucatan.gob.mx 192.185.131.128
205.210.31.232 - - [24/Feb/2025:18:16:01 -0600] "GET / HTTP/1.1" 403 - "-" "Expanse, a Palo Alto Networks company, searches across the global IPv4 space multiple times per day to identify customers' presences on the Internet. If you would like to be excluded from our scans, please send IP addresses/domains to: scaninfo@paloaltonetworks.com" ixilyucatan.sdektun.com 192.185.131.128
52.167.144.235 - - [24/Feb/2025:18:16:09 -0600] "GET /tlavq/y585333.html HTTP/2.0" 200 67468 "-" "Mozilla/5.0 AppleWebKit/537.36 (KHTML, like Gecko; compatible; bingbot/2.0; +http://www.bing.com/bingbot.htm) Chrome/116.0.1938.76 Safari/537.36" ixilyucatan.gob.mx 192.185.131.128
157.55.39.9 - - [24/Feb/2025:18:16:58 -0600] "GET /wdbkw/c949649.html HTTP/2.0" 200 67468 "-" "Mozilla/5.0 AppleWebKit/537.36 (KHTML, like Gecko; compatible; bingbot/2.0; +http://www.bing.com/bingbot.htm) Chrome/116.0.1938.76 Safari/537.36" ixilyucatan.gob.mx 192.185.131.128
157.55.39.197 - - [24/Feb/2025:18:17:02 -0600] "GET /pbgne/e2506739.html HTTP/2.0" 200 67468 "-" "Mozilla/5.0 AppleWebKit/537.36 (KHTML, like Gecko; compatible; bingbot/2.0; +http://www.bing.com/bingbot.htm) Chrome/116.0.1938.76 Safari/537.36" ixilyucatan.gob.mx 192.185.131.128
157.55.39.6 - - [24/Feb/2025:18:17:10 -0600] "GET /hlohd/b2829500.html HTTP/2.0" 200 67468 "-" "Mozilla/5.0 AppleWebKit/537.36 (KHTML, like Gecko; compatible; bingbot/2.0; +http://www.bing.com/bingbot.htm) Chrome/116.0.1938.76 Safari/537.36" ixilyucatan.gob.mx 192.185.131.128
52.167.144.18 - - [24/Feb/2025:18:17:14 -0600] "GET /fdmao/o403739.html HTTP/2.0" 200 67468 "-" "Mozilla/5.0 AppleWebKit/537.36 (KHTML, like Gecko; compatible; bingbot/2.0; +http://www.bing.com/bingbot.htm) Chrome/116.0.1938.76 Safari/537.36" ixilyucatan.gob.mx 192.185.131.128
52.167.144.235 - - [24/Feb/2025:18:17:51 -0600] "GET /jcqrw/t432630.html HTTP/2.0" 200 67468 "-" "Mozilla/5.0 AppleWebKit/537.36 (KHTML, like Gecko; compatible; bingbot/2.0; +http://www.bing.com/bingbot.htm) Chrome/116.0.1938.76 Safari/537.36" ixilyucatan.gob.mx 192.185.131.128
157.55.39.6 - - [24/Feb/2025:18:18:01 -0600] "GET /subrn/l429034.html HTTP/2.0" 200 67468 "-" "Mozilla/5.0 AppleWebKit/537.36 (KHTML, like Gecko; compatible; bingbot/2.0; +http://www.bing.com/bingbot.htm) Chrome/116.0.1938.76 Safari/537.36" ixilyucatan.gob.mx 192.185.131.128
207.46.13.14 - - [24/Feb/2025:18:18:06 -0600] "GET /mghkq/e2401465.html HTTP/2.0" 200 67468 "-" "Mozilla/5.0 AppleWebKit/537.36 (KHTML, like Gecko; compatible; bingbot/2.0; +http://www.bing.com/bingbot.htm) Chrome/116.0.1938.76 Safari/537.36" ixilyucatan.gob.mx 192.185.131.128
66.249.66.68 - - [24/Feb/2025:18:18:09 -0600] "GET /?_gl=1*1ix4f11*_gcl_au*MTYxMTI1OTI3MS4xNzIxODg2NjU0*_ga*ODYyMzk4MzA3LjE2OTk0NTM1Nzg.*_ga_7H42SVMQ0V*MTcyMTg4NjY1NS4xMjEuMS4xNzIxODg2NjY5LjQ2LjAuMA..&_ga=2.198040047.1958808748.1721886654-862398307.1699453578&_bdsid=2ulvIJ.n~ZXCIW.1721886656070.1721886848&_bd_prev_page=https://ixilyucatan.gob.mx/detail.php?fomor/t2026664.html HTTP/1.1" 200 67468 "-" "Mozilla/5.0 (Linux; Android 6.0.1; Nexus 5X Build/MMB29P) AppleWebKit/537.36 (KHTML, like Gecko) Chrome/133.0.6943.126 Mobile Safari/537.36 (compatible; Googlebot/2.1; +http://www.google.com/bot.html)" ixilyucatan.gob.mx 192.185.131.128
40.77.167.63 - - [24/Feb/2025:18:18:11 -0600] "GET /rqniu/i2827713.html HTTP/2.0" 200 67468 "-" "Mozilla/5.0 AppleWebKit/537.36 (KHTML, like Gecko; compatible; bingbot/2.0; +http://www.bing.com/bingbot.htm) Chrome/116.0.1938.76 Safari/537.36" ixilyucatan.gob.mx 192.185.131.128
40.77.167.8 - - [24/Feb/2025:18:18:18 -0600] "GET /qdchv/z3045038.html HTTP/2.0" 200 67468 "-" "Mozilla/5.0 AppleWebKit/537.36 (KHTML, like Gecko; compatible; bingbot/2.0; +http://www.bing.com/bingbot.htm) Chrome/116.0.1938.76 Safari/537.36" ixilyucatan.gob.mx 192.185.131.128
157.55.39.6 - - [24/Feb/2025:18:18:19 -0600] "GET /jgkyz/c482403.html HTTP/2.0" 200 67468 "-" "Mozilla/5.0 AppleWebKit/537.36 (KHTML, like Gecko; compatible; bingbot/2.0; +http://www.bing.com/bingbot.htm) Chrome/116.0.1938.76 Safari/537.36" ixilyucatan.gob.mx 192.185.131.128
40.77.167.159 - - [24/Feb/2025:18:18:53 -0600] "GET /bjlrk/x2034052.html HTTP/2.0" 200 67468 "-" "Mozilla/5.0 AppleWebKit/537.36 (KHTML, like Gecko; compatible; bingbot/2.0; +http://www.bing.com/bingbot.htm) Chrome/116.0.1938.76 Safari/537.36" ixilyucatan.gob.mx 192.185.131.128
52.167.144.234 - - [24/Feb/2025:18:19:02 -0600] "GET /vjkdj/y2599345.html HTTP/2.0" 200 67468 "-" "Mozilla/5.0 AppleWebKit/537.36 (KHTML, like Gecko; compatible; bingbot/2.0; +http://www.bing.com/bingbot.htm) Chrome/116.0.1938.76 Safari/537.36" ixilyucatan.gob.mx 192.185.131.128
40.77.167.8 - - [24/Feb/2025:18:19:30 -0600] "GET /dbdqa/c752335.html HTTP/2.0" 200 67468 "-" "Mozilla/5.0 AppleWebKit/537.36 (KHTML, like Gecko; compatible; bingbot/2.0; +http://www.bing.com/bingbot.htm) Chrome/116.0.1938.76 Safari/537.36" ixilyucatan.gob.mx 192.185.131.128
157.55.39.197 - - [24/Feb/2025:18:19:40 -0600] "GET /ydkxw/t2182014.html HTTP/2.0" 200 67468 "-" "Mozilla/5.0 AppleWebKit/537.36 (KHTML, like Gecko; compatible; bingbot/2.0; +http://www.bing.com/bingbot.htm) Chrome/116.0.1938.76 Safari/537.36" ixilyucatan.gob.mx 192.185.131.128
157.55.39.6 - - [24/Feb/2025:18:20:50 -0600] "GET /fhpnt/n2665088.html HTTP/2.0" 200 67468 "-" "Mozilla/5.0 AppleWebKit/537.36 (KHTML, like Gecko; compatible; bingbot/2.0; +http://www.bing.com/bingbot.htm) Chrome/116.0.1938.76 Safari/537.36" ixilyucatan.gob.mx 192.185.131.128
207.46.13.168 - - [24/Feb/2025:18:20:53 -0600] "GET /fkner/i971209.html HTTP/2.0" 200 67468 "-" "Mozilla/5.0 AppleWebKit/537.36 (KHTML, like Gecko; compatible; bingbot/2.0; +http://www.bing.com/bingbot.htm) Chrome/116.0.1938.76 Safari/537.36" ixilyucatan.gob.mx 192.185.131.128
52.167.144.225 - - [24/Feb/2025:18:20:59 -0600] "GET /vxcfd/m641273.html HTTP/2.0" 200 67468 "-" "Mozilla/5.0 AppleWebKit/537.36 (KHTML, like Gecko; compatible; bingbot/2.0; +http://www.bing.com/bingbot.htm) Chrome/116.0.1938.76 Safari/537.36" ixilyucatan.gob.mx 192.185.131.128
40.77.167.8 - - [24/Feb/2025:18:21:19 -0600] "GET /jzykj/d439946.html HTTP/2.0" 200 67468 "-" "Mozilla/5.0 AppleWebKit/537.36 (KHTML, like Gecko; compatible; bingbot/2.0; +http://www.bing.com/bingbot.htm) Chrome/116.0.1938.76 Safari/537.36" ixilyucatan.gob.mx 192.185.131.128
40.77.167.8 - - [24/Feb/2025:18:21:38 -0600] "GET /ktjlp/a109353.html HTTP/2.0" 200 67468 "-" "Mozilla/5.0 AppleWebKit/537.36 (KHTML, like Gecko; compatible; bingbot/2.0; +http://www.bing.com/bingbot.htm) Chrome/116.0.1938.76 Safari/537.36" ixilyucatan.gob.mx 192.185.131.128
157.55.39.60 - - [24/Feb/2025:18:21:42 -0600] "GET /bsqco/v341840.html HTTP/2.0" 200 67468 "-" "Mozilla/5.0 AppleWebKit/537.36 (KHTML, like Gecko; compatible; bingbot/2.0; +http://www.bing.com/bingbot.htm) Chrome/116.0.1938.76 Safari/537.36" ixilyucatan.gob.mx 192.185.131.128
40.77.167.159 - - [24/Feb/2025:18:21:53 -0600] "GET /jdbig/r1826020.html HTTP/2.0" 200 67468 "-" "Mozilla/5.0 AppleWebKit/537.36 (KHTML, like Gecko; compatible; bingbot/2.0; +http://www.bing.com/bingbot.htm) Chrome/116.0.1938.76 Safari/537.36" ixilyucatan.gob.mx 192.185.131.128
40.77.167.159 - - [24/Feb/2025:18:21:57 -0600] "GET /adbim/w996235.html HTTP/2.0" 200 67468 "-" "Mozilla/5.0 AppleWebKit/537.36 (KHTML, like Gecko; compatible; bingbot/2.0; +http://www.bing.com/bingbot.htm) Chrome/116.0.1938.76 Safari/537.36" ixilyucatan.gob.mx 192.185.131.128
52.167.144.205 - - [24/Feb/2025:18:22:38 -0600] "GET /lrmtc/t1252540.html HTTP/2.0" 200 67468 "-" "Mozilla/5.0 AppleWebKit/537.36 (KHTML, like Gecko; compatible; bingbot/2.0; +http://www.bing.com/bingbot.htm) Chrome/116.0.1938.76 Safari/537.36" ixilyucatan.gob.mx 192.185.131.128
52.167.144.234 - - [24/Feb/2025:18:23:13 -0600] "GET /xjdvv/y2424365.html HTTP/2.0" 200 67468 "-" "Mozilla/5.0 AppleWebKit/537.36 (KHTML, like Gecko; compatible; bingbot/2.0; +http://www.bing.com/bingbot.htm) Chrome/116.0.1938.76 Safari/537.36" ixilyucatan.gob.mx 192.185.131.128
207.46.13.151 - - [24/Feb/2025:18:23:18 -0600] "GET /pxmkz/s216829.html HTTP/2.0" 200 67468 "-" "Mozilla/5.0 AppleWebKit/537.36 (KHTML, like Gecko; compatible; bingbot/2.0; +http://www.bing.com/bingbot.htm) Chrome/116.0.1938.76 Safari/537.36" ixilyucatan.gob.mx 192.185.131.128
157.55.39.6 - - [24/Feb/2025:18:23:23 -0600] "GET /cdzit/f1965420.html HTTP/2.0" 200 67468 "-" "Mozilla/5.0 AppleWebKit/537.36 (KHTML, like Gecko; compatible; bingbot/2.0; +http://www.bing.com/bingbot.htm) Chrome/116.0.1938.76 Safari/537.36" ixilyucatan.gob.mx 192.185.131.128
157.55.39.54 - - [24/Feb/2025:18:24:29 -0600] "GET /ioaue/r1432224.html HTTP/2.0" 200 67468 "-" "Mozilla/5.0 AppleWebKit/537.36 (KHTML, like Gecko; compatible; bingbot/2.0; +http://www.bing.com/bingbot.htm) Chrome/116.0.1938.76 Safari/537.36" ixilyucatan.gob.mx 192.185.131.128
52.167.144.235 - - [24/Feb/2025:18:24:33 -0600] "GET /pfley/h3065794.html HTTP/2.0" 200 67468 "-" "Mozilla/5.0 AppleWebKit/537.36 (KHTML, like Gecko; compatible; bingbot/2.0; +http://www.bing.com/bingbot.htm) Chrome/116.0.1938.76 Safari/537.36" ixilyucatan.gob.mx 192.185.131.128
207.46.13.102 - - [24/Feb/2025:18:24:38 -0600] "GET /lthwc/h1975068.html HTTP/2.0" 200 67468 "-" "Mozilla/5.0 AppleWebKit/537.36 (KHTML, like Gecko; compatible; bingbot/2.0; +http://www.bing.com/bingbot.htm) Chrome/116.0.1938.76 Safari/537.36" ixilyucatan.gob.mx 192.185.131.128
52.167.144.234 - - [24/Feb/2025:18:24:54 -0600] "GET /qdfhu/b933632.html HTTP/2.0" 200 67468 "-" "Mozilla/5.0 AppleWebKit/537.36 (KHTML, like Gecko; compatible; bingbot/2.0; +http://www.bing.com/bingbot.htm) Chrome/116.0.1938.76 Safari/537.36" ixilyucatan.gob.mx 192.185.131.128
40.77.167.22 - - [24/Feb/2025:18:25:42 -0600] "GET /qglmu/h1993268.html HTTP/2.0" 200 67468 "-" "Mozilla/5.0 AppleWebKit/537.36 (KHTML, like Gecko; compatible; bingbot/2.0; +http://www.bing.com/bingbot.htm) Chrome/116.0.1938.76 Safari/537.36" ixilyucatan.gob.mx 192.185.131.128
52.167.144.234 - - [24/Feb/2025:18:26:04 -0600] "GET /nzkja/r2319084.html HTTP/2.0" 200 67468 "-" "Mozilla/5.0 AppleWebKit/537.36 (KHTML, like Gecko; compatible; bingbot/2.0; +http://www.bing.com/bingbot.htm) Chrome/116.0.1938.76 Safari/537.36" ixilyucatan.gob.mx 192.185.131.128
52.167.144.234 - - [24/Feb/2025:18:26:05 -0600] "GET /vnwnd/e2743261.html HTTP/2.0" 200 67468 "-" "Mozilla/5.0 AppleWebKit/537.36 (KHTML, like Gecko; compatible; bingbot/2.0; +http://www.bing.com/bingbot.htm) Chrome/116.0.1938.76 Safari/537.36" ixilyucatan.gob.mx 192.185.131.128
207.46.13.168 - - [24/Feb/2025:18:26:14 -0600] "GET /nrfbi/z253600.html HTTP/2.0" 200 67468 "-" "Mozilla/5.0 AppleWebKit/537.36 (KHTML, like Gecko; compatible; bingbot/2.0; +http://www.bing.com/bingbot.htm) Chrome/116.0.1938.76 Safari/537.36" ixilyucatan.gob.mx 192.185.131.128
157.55.39.60 - - [24/Feb/2025:18:26:33 -0600] "GET /kfaki/j2442030.html HTTP/2.0" 200 67468 "-" "Mozilla/5.0 AppleWebKit/537.36 (KHTML, like Gecko; compatible; bingbot/2.0; +http://www.bing.com/bingbot.htm) Chrome/116.0.1938.76 Safari/537.36" ixilyucatan.gob.mx 192.185.131.128
40.77.167.159 - - [24/Feb/2025:18:26:52 -0600] "GET /jvuxz/g2435839.html HTTP/2.0" 200 67468 "-" "Mozilla/5.0 AppleWebKit/537.36 (KHTML, like Gecko; compatible; bingbot/2.0; +http://www.bing.com/bingbot.htm) Chrome/116.0.1938.76 Safari/537.36" ixilyucatan.gob.mx 192.185.131.128
40.77.167.22 - - [24/Feb/2025:18:27:02 -0600] "GET /nkwym/m754139.html HTTP/2.0" 200 67468 "-" "Mozilla/5.0 AppleWebKit/537.36 (KHTML, like Gecko; compatible; bingbot/2.0; +http://www.bing.com/bingbot.htm) Chrome/116.0.1938.76 Safari/537.36" ixilyucatan.gob.mx 192.185.131.128
40.77.167.22 - - [24/Feb/2025:18:27:02 -0600] "GET /iamyi/d350948.html HTTP/2.0" 200 67468 "-" "Mozilla/5.0 AppleWebKit/537.36 (KHTML, like Gecko; compatible; bingbot/2.0; +http://www.bing.com/bingbot.htm) Chrome/116.0.1938.76 Safari/537.36" ixilyucatan.gob.mx 192.185.131.128
207.46.13.7 - - [24/Feb/2025:18:27:12 -0600] "GET /iukeb/w125027.html HTTP/2.0" 200 67468 "-" "Mozilla/5.0 AppleWebKit/537.36 (KHTML, like Gecko; compatible; bingbot/2.0; +http://www.bing.com/bingbot.htm) Chrome/116.0.1938.76 Safari/537.36" ixilyucatan.gob.mx 192.185.131.128
207.46.13.102 - - [24/Feb/2025:18:27:38 -0600] "GET /mvdlo/d2007798.html HTTP/2.0" 200 67468 "-" "Mozilla/5.0 AppleWebKit/537.36 (KHTML, like Gecko; compatible; bingbot/2.0; +http://www.bing.com/bingbot.htm) Chrome/116.0.1938.76 Safari/537.36" ixilyucatan.gob.mx 192.185.131.128
207.46.13.151 - - [24/Feb/2025:18:28:16 -0600] "GET /afshj/o2798729.html HTTP/2.0" 200 67468 "-" "Mozilla/5.0 AppleWebKit/537.36 (KHTML, like Gecko; compatible; bingbot/2.0; +http://www.bing.com/bingbot.htm) Chrome/116.0.1938.76 Safari/537.36" ixilyucatan.gob.mx 192.185.131.128
52.167.144.179 - - [24/Feb/2025:18:28:23 -0600] "GET /hfshx/b325648.html HTTP/2.0" 200 67468 "-" "Mozilla/5.0 AppleWebKit/537.36 (KHTML, like Gecko; compatible; bingbot/2.0; +http://www.bing.com/bingbot.htm) Chrome/116.0.1938.76 Safari/537.36" ixilyucatan.gob.mx 192.185.131.128
