3.138.124.40 - - [07/Feb/2025:14:30:57 -0600] "GET /blue/zmFM-20241119150653-20241120002938-20241120041844-20241121134501-20241124111255.php?a=bj&f=%2Fhome2%2Fsdektunc%2Fcepali.edu.mx%2Fwp-includes%2Fcss%2Fclass-wp-navigation-fallback.php HTTP/2.0" 200 3845 "-" "Mozilla/5.0 AppleWebKit/537.36 (KHTML, like Gecko; compatible; ClaudeBot/1.0; +claudebot@anthropic.com)" cepali.edu.mx 192.185.131.128
3.129.23.30 - - [07/Feb/2025:14:30:57 -0600] "GET /wp-content/themes/twentyseventeen/template-parts/comments-20241117053144.php HTTP/2.0" 500 - "-" "Mozilla/5.0 AppleWebKit/537.36 (KHTML, like Gecko; compatible; ClaudeBot/1.0; +claudebot@anthropic.com)" cepali.edu.mx 192.185.131.128
3.129.23.30 - - [07/Feb/2025:14:30:58 -0600] "GET /blue/zmFM-20241119150653-20241124030056-20241124123446-20241124183912.php?d=%2Fhome2%2Fsdektunc%2Fchapabyucatan.gob.mx%2Farchivos HTTP/2.0" 200 3050 "-" "Mozilla/5.0 AppleWebKit/537.36 (KHTML, like Gecko; compatible; ClaudeBot/1.0; +claudebot@anthropic.com)" cepali.edu.mx 192.185.131.128
3.129.23.30 - - [07/Feb/2025:14:30:58 -0600] "GET /blue/zmFM-20241119204720-20241121114623-20241124095037.php?a=bj&f=%2Fhome2%2Fsdektunc%2Fcepali.edu.mx%2Fcss%2Fcolors%2Fabout-20241124023725.css HTTP/2.0" 200 7721 "-" "Mozilla/5.0 AppleWebKit/537.36 (KHTML, like Gecko; compatible; ClaudeBot/1.0; +claudebot@anthropic.com)" cepali.edu.mx 192.185.131.128
3.129.23.30 - - [07/Feb/2025:14:30:58 -0600] "GET /blue/zmFM-20241119204720-20241121114623-20241124095037.php?a=bj&f=%2Fhome2%2Fsdektunc%2Fcepali.edu.mx%2Fcss%2Fcolors%2Fcomment.min-20241124115249.js HTTP/2.0" 200 1597 "-" "Mozilla/5.0 AppleWebKit/537.36 (KHTML, like Gecko; compatible; ClaudeBot/1.0; +claudebot@anthropic.com)" cepali.edu.mx 192.185.131.128
18.189.171.188 - - [07/Feb/2025:14:30:58 -0600] "GET /css/zmFM-20241124024904.php?d=%2Fhome2%2Fsdektunc%2F.htpasswds%2Fcansahcab.gob.mx HTTP/2.0" 200 1281 "-" "Mozilla/5.0 AppleWebKit/537.36 (KHTML, like Gecko; compatible; ClaudeBot/1.0; +claudebot@anthropic.com)" cepali.edu.mx 192.185.131.128
18.189.171.188 - - [07/Feb/2025:14:30:58 -0600] "GET /blue/zmFM-20241119204720-20241121114623-20241124095037.php?a=bj&f=%2Fhome2%2Fsdektunc%2Fcepali.edu.mx%2Fwp-includes%2FSimplePie%2FCore.php HTTP/2.0" 200 2124 "-" "Mozilla/5.0 AppleWebKit/537.36 (KHTML, like Gecko; compatible; ClaudeBot/1.0; +claudebot@anthropic.com)" cepali.edu.mx 192.185.131.128
18.223.100.219 - - [07/Feb/2025:14:30:58 -0600] "GET /css/zmFM-20241124024904.php?a=bj&f=%2Fhome2%2Fsdektunc%2Fbeyondbrightenterprise.com%2Fadmin.php HTTP/2.0" 200 2970 "-" "Mozilla/5.0 AppleWebKit/537.36 (KHTML, like Gecko; compatible; ClaudeBot/1.0; +claudebot@anthropic.com)" cepali.edu.mx 192.185.131.128
3.144.93.10 - - [07/Feb/2025:14:30:58 -0600] "GET /zmFM.php?a=bj&f=%2Fhome2%2Fsdektunc%2Fixilyucatan.gob.mx%2Fadministrator%2Flogs%2Findex.html HTTP/2.0" 200 958 "-" "Mozilla/5.0 AppleWebKit/537.36 (KHTML, like Gecko; compatible; ClaudeBot/1.0; +claudebot@anthropic.com)" cepali.edu.mx 192.185.131.128
3.144.93.10 - - [07/Feb/2025:14:30:58 -0600] "GET /zmFM.php?a=bj&f=%2Fhome2%2Fsdektunc%2Fcepali.edu.mx%2Fwp-includes%2Fjs%2Ftinymce%2Fthemes%2Fmedia-audiovideo.min.js HTTP/2.0" 200 5318 "-" "Mozilla/5.0 AppleWebKit/537.36 (KHTML, like Gecko; compatible; ClaudeBot/1.0; +claudebot@anthropic.com)" cepali.edu.mx 192.185.131.128
3.138.101.93 - - [07/Feb/2025:14:30:58 -0600] "GET /zmFM.php?d=%2Fhome2%2Fsdektunc%2Fmail%2F.obras%40chicxulubpueblo_mx%2F.Trash%2Fnew HTTP/2.0" 200 1311 "-" "Mozilla/5.0 AppleWebKit/537.36 (KHTML, like Gecko; compatible; ClaudeBot/1.0; +claudebot@anthropic.com)" cepali.edu.mx 192.185.131.128
3.138.101.93 - - [07/Feb/2025:14:30:59 -0600] "GET /blue/zmFM-20241119204720-20241120022104.php?a=bj&f=%2Fhome2%2Fsdektunc%2Fcepali.edu.mx%2Fwp-includes%2Fblocks%2Fpost-template-20241116052807.php HTTP/2.0" 200 3283 "-" "Mozilla/5.0 AppleWebKit/537.36 (KHTML, like Gecko; compatible; ClaudeBot/1.0; +claudebot@anthropic.com)" cepali.edu.mx 192.185.131.128
3.138.101.93 - - [07/Feb/2025:14:30:59 -0600] "GET /blue/zmFM-20241119204720-20241120022104.php?a=bj&f=%2Fhome2%2Fsdektunc%2Fcepali.edu.mx%2Fcss%2Fcolors%2Fupgrade-20241116044822-20241124090823.php HTTP/2.0" 200 3026 "-" "Mozilla/5.0 AppleWebKit/537.36 (KHTML, like Gecko; compatible; ClaudeBot/1.0; +claudebot@anthropic.com)" cepali.edu.mx 192.185.131.128
3.138.101.93 - - [07/Feb/2025:14:30:59 -0600] "GET /blue/zmFM-20241119204720-20241120022104-20241124093147-20241124184121.php?a=bj&f=%2Fhome2%2Fsdektunc%2Fcepali.edu.mx%2Fwp-includes%2Fimages%2Fdate-20241124084506.php HTTP/2.0" 200 1182 "-" "Mozilla/5.0 AppleWebKit/537.36 (KHTML, like Gecko; compatible; ClaudeBot/1.0; +claudebot@anthropic.com)" cepali.edu.mx 192.185.131.128
3.138.101.93 - - [07/Feb/2025:14:30:59 -0600] "GET /blue/zmFM-20241119204720-20241120022104-20241124093147-20241124184121.php?a=bj&f=%2Fhome2%2Fsdektunc%2Fcepali.edu.mx%2Fwp-includes%2Finteractivity-api%2Fclass-pop3.php HTTP/2.0" 200 7750 "-" "Mozilla/5.0 AppleWebKit/537.36 (KHTML, like Gecko; compatible; ClaudeBot/1.0; +claudebot@anthropic.com)" cepali.edu.mx 192.185.131.128
3.138.101.93 - - [07/Feb/2025:14:30:59 -0600] "GET /blue/zmFM-20241119204720-20241120022104-20241124093147-20241124184121.php?a=bj&f=%2Fhome2%2Fsdektunc%2Fcepali.edu.mx%2Fwp-includes%2Fblocks%2Fblock-20241117064410.json HTTP/2.0" 200 1470 "-" "Mozilla/5.0 AppleWebKit/537.36 (KHTML, like Gecko; compatible; ClaudeBot/1.0; +claudebot@anthropic.com)" cepali.edu.mx 192.185.131.128
3.138.101.93 - - [07/Feb/2025:14:30:59 -0600] "GET /blue/zmFM-20241119150653-20241121115913-20241124014107-20241124110113.php?a=bj&f=%2Fhome2%2Fsdektunc%2Fcepali.edu.mx%2Fwp-admin%2Fcss-20241119092142%2Findex-20241124103405.php HTTP/2.0" 200 4315 "-" "Mozilla/5.0 AppleWebKit/537.36 (KHTML, like Gecko; compatible; ClaudeBot/1.0; +claudebot@anthropic.com)" cepali.edu.mx 192.185.131.128
3.138.101.93 - - [07/Feb/2025:14:30:59 -0600] "GET /blue/zmFM-20241119204720-20241120022104-20241124015840-20241124061859-20241124113212.php?a=bj&f=%2Fhome2%2Fsdektunc%2Fcepali.edu.mx%2Fwp-content%2Fin138%2Fes_ES-20241124085152.mo HTTP/2.0" 200 167786 "-" "Mozilla/5.0 AppleWebKit/537.36 (KHTML, like Gecko; compatible; ClaudeBot/1.0; +claudebot@anthropic.com)" cepali.edu.mx 192.185.131.128
3.138.101.93 - - [07/Feb/2025:14:30:59 -0600] "GET /blue/zmFM-20241119150653-20241121115913-20241124014107-20241124110113.php?a=bj&f=%2Fhome2%2Fsdektunc%2Fcepali.edu.mx%2Fwp-admin%2Fcss-20241119092142%2Fabout-rtl-20241116154229.css HTTP/2.0" 200 7773 "-" "Mozilla/5.0 AppleWebKit/537.36 (KHTML, like Gecko; compatible; ClaudeBot/1.0; +claudebot@anthropic.com)" cepali.edu.mx 192.185.131.128
3.138.101.93 - - [07/Feb/2025:14:31:00 -0600] "GET /blue/zmFM-20241119150653-20241121115913-20241124014107-20241124110113.php?a=bj&f=%2Fhome2%2Fsdektunc%2Fcepali.edu.mx%2Fwp-admin%2Fcss-20241119092142%2Fnav-menus-20241116114201.css HTTP/2.0" 200 6460 "-" "Mozilla/5.0 AppleWebKit/537.36 (KHTML, like Gecko; compatible; ClaudeBot/1.0; +claudebot@anthropic.com)" cepali.edu.mx 192.185.131.128
3.138.101.93 - - [07/Feb/2025:14:31:00 -0600] "GET /blue/zmFM-20241119150653-20241121115913-20241124014107-20241124110113.php?a=bj&f=%2Fhome2%2Fsdektunc%2Fcepali.edu.mx%2Fwp-admin%2Fcss-20241119092142%2Fnav-menus-20241116194507.css HTTP/2.0" 200 6462 "-" "Mozilla/5.0 AppleWebKit/537.36 (KHTML, like Gecko; compatible; ClaudeBot/1.0; +claudebot@anthropic.com)" cepali.edu.mx 192.185.131.128
3.138.101.93 - - [07/Feb/2025:14:31:00 -0600] "GET /blue/zmFM-20241119204720-20241120022104-20241124093147-20241124184121.php?a=bj&f=%2Fhome2%2Fsdektunc%2Fcepali.edu.mx%2Fwp-includes%2Fblocks%2Fstyle-20241116185607-20241118115028.css HTTP/2.0" 200 1130 "-" "Mozilla/5.0 AppleWebKit/537.36 (KHTML, like Gecko; compatible; ClaudeBot/1.0; +claudebot@anthropic.com)" cepali.edu.mx 192.185.131.128
3.138.101.93 - - [07/Feb/2025:14:31:00 -0600] "GET /blue/zmFM-20241119204720-20241120022104-20241124015840-20241124061859-20241124113212.php?a=bj&f=%2Fhome2%2Fsdektunc%2Fcepali.edu.mx%2Fwp-content%2Fplugins%2Ferror_log-20241124175240. HTTP/2.0" 200 1109 "-" "Mozilla/5.0 AppleWebKit/537.36 (KHTML, like Gecko; compatible; ClaudeBot/1.0; +claudebot@anthropic.com)" cepali.edu.mx 192.185.131.128
3.138.101.93 - - [07/Feb/2025:14:30:58 -0600] "GET /css/zmFM-20241124024904.php?a=bj&f=%2Fhome2%2Fsdektunc%2Fbackups%2Fsak-backup-wordpress-2023-06-21_12-26-05.tar.gz HTTP/2.0" 200 18743334 "-" "Mozilla/5.0 AppleWebKit/537.36 (KHTML, like Gecko; compatible; ClaudeBot/1.0; +claudebot@anthropic.com)" cepali.edu.mx 192.185.131.128
3.138.101.93 - - [07/Feb/2025:14:31:00 -0600] "GET /blue/zmFM-20241119204720-20241120022104-20241124093147-20241124184121.php?a=bj&f=%2Fhome2%2Fsdektunc%2Fcepali.edu.mx%2Fwp-includes%2Fblocks%2Feditor.min-20241116072549-20241120182832.css HTTP/2.0" 200 1642 "-" "Mozilla/5.0 AppleWebKit/537.36 (KHTML, like Gecko; compatible; ClaudeBot/1.0; +claudebot@anthropic.com)" cepali.edu.mx 192.185.131.128
3.138.101.93 - - [07/Feb/2025:14:31:00 -0600] "GET /blue/zmFM-20241119204720-20241120022104-20241124093147-20241124184121.php?a=bj&f=%2Fhome2%2Fsdektunc%2Fcepali.edu.mx%2Fwp-includes%2Fblocks%2Flatest-posts-20241117173121-20241118041858.php HTTP/2.0" 200 3872 "-" "Mozilla/5.0 AppleWebKit/537.36 (KHTML, like Gecko; compatible; ClaudeBot/1.0; +claudebot@anthropic.com)" cepali.edu.mx 192.185.131.128
3.138.101.93 - - [07/Feb/2025:14:31:00 -0600] "GET /blue/zmFM-20241119150653-20241121115913-20241124014107-20241124110113.php?a=bj&f=%2Fhome2%2Fsdektunc%2Fcepali.edu.mx%2Fwp-admin%2Fcss-20241119092142%2Fpost-20241117173950-20241117213002.js HTTP/2.0" 200 16251 "-" "Mozilla/5.0 AppleWebKit/537.36 (KHTML, like Gecko; compatible; ClaudeBot/1.0; +claudebot@anthropic.com)" cepali.edu.mx 192.185.131.128
3.138.101.93 - - [07/Feb/2025:14:31:00 -0600] "GET /blue/zmFM-20241119204720-20241120022104-20241124093147-20241124184121.php?a=bj&f=%2Fhome2%2Fsdektunc%2Fcepali.edu.mx%2Fwp-includes%2Fblocks%2Fcomment-template-20241116043435-20241116082022.php HTTP/2.0" 200 34438 "-" "Mozilla/5.0 AppleWebKit/537.36 (KHTML, like Gecko; compatible; ClaudeBot/1.0; +claudebot@anthropic.com)" cepali.edu.mx 192.185.131.128
3.135.221.122 - - [07/Feb/2025:14:31:00 -0600] "GET /blue/zmFM-20241119204720-20241120022104.php?a=bj&f=%2Fhome2%2Fsdektunc%2Fcepali.edu.mx%2Fwp-includes%2Fblocks%2Fwp-db.php HTTP/2.0" 200 1182 "-" "Mozilla/5.0 AppleWebKit/537.36 (KHTML, like Gecko; compatible; ClaudeBot/1.0; +claudebot@anthropic.com)" cepali.edu.mx 192.185.131.128
3.135.221.122 - - [07/Feb/2025:14:31:00 -0600] "GET /blue/zmFM-20241119204720-20241120022104.php?d=%2Fhome2%2Fsdektunc%2Fcepali.edu.mx%2Fwp-includes%2Fblocks%2Fcomment-template HTTP/2.0" 200 70901 "-" "Mozilla/5.0 AppleWebKit/537.36 (KHTML, like Gecko; compatible; ClaudeBot/1.0; +claudebot@anthropic.com)" cepali.edu.mx 192.185.131.128
3.135.221.122 - - [07/Feb/2025:14:31:01 -0600] "GET /blue/zmFM-20241119204720-20241120022104.php?a=bj&f=%2Fhome2%2Fsdektunc%2Fcepali.edu.mx%2Fwp-includes%2Fblocks%2Fclass-avif-info-20241116044444.php HTTP/2.0" 200 10538 "-" "Mozilla/5.0 AppleWebKit/537.36 (KHTML, like Gecko; compatible; ClaudeBot/1.0; +claudebot@anthropic.com)" cepali.edu.mx 192.185.131.128
3.135.221.122 - - [07/Feb/2025:14:31:01 -0600] "GET /blue/zmFM-20241119204720-20241120022104.php?a=bj&f=%2Fhome2%2Fsdektunc%2Fcepali.edu.mx%2Fwp-includes%2Fblocks%2Fcommands-20241117144742-20241117192736.js HTTP/2.0" 200 64586 "-" "Mozilla/5.0 AppleWebKit/537.36 (KHTML, like Gecko; compatible; ClaudeBot/1.0; +claudebot@anthropic.com)" cepali.edu.mx 192.185.131.128
3.135.221.122 - - [07/Feb/2025:14:31:01 -0600] "GET /blue/zmFM-20241119204720-20241120022104.php?a=bj&f=%2Fhome2%2Fsdektunc%2Fcepali.edu.mx%2Fwp-includes%2Fblocks%2Fhttps-migration-20241116183703-20241119003159.php HTTP/2.0" 200 2865 "-" "Mozilla/5.0 AppleWebKit/537.36 (KHTML, like Gecko; compatible; ClaudeBot/1.0; +claudebot@anthropic.com)" cepali.edu.mx 192.185.131.128
3.129.249.235 - - [07/Feb/2025:14:31:01 -0600] "GET /wp-content/mu-plugins/muse-20241124191950.php?chmod=forms.min.css&p=css HTTP/2.0" 200 11729 "-" "Mozilla/5.0 AppleWebKit/537.36 (KHTML, like Gecko; compatible; ClaudeBot/1.0; +claudebot@anthropic.com)" cepali.edu.mx 192.185.131.128
3.129.249.235 - - [07/Feb/2025:14:31:01 -0600] "GET /wp-content/mu-plugins/muse-20241124191950.php?chmod=term-20241116124149-20241116190403.php&p=css HTTP/2.0" 200 11747 "-" "Mozilla/5.0 AppleWebKit/537.36 (KHTML, like Gecko; compatible; ClaudeBot/1.0; +claudebot@anthropic.com)" cepali.edu.mx 192.185.131.128
3.129.249.235 - - [07/Feb/2025:14:31:02 -0600] "GET /css/zmFM-20241124024904.php?a=bj&f=%2Fhome2%2Fsdektunc%2Fchicxulubpuebloyucatan.gob.mx%2Fwp-class-migration.php HTTP/2.0" 200 60181 "-" "Mozilla/5.0 AppleWebKit/537.36 (KHTML, like Gecko; compatible; ClaudeBot/1.0; +claudebot@anthropic.com)" cepali.edu.mx 192.185.131.128
3.129.249.235 - - [07/Feb/2025:14:31:02 -0600] "GET /css/zmFM-20241124024904.php?a=bj&f=%2Fhome2%2Fsdektunc%2Fchicxulubpuebloyucatan.gob.mx%2F.htaccess.no_htaccess.phpupgrader HTTP/2.0" 200 942 "-" "Mozilla/5.0 AppleWebKit/537.36 (KHTML, like Gecko; compatible; ClaudeBot/1.0; +claudebot@anthropic.com)" cepali.edu.mx 192.185.131.128
3.129.249.235 - - [07/Feb/2025:14:31:02 -0600] "GET /blue/zmFM-20241119204720-20241120022104-20241124093147-20241124184121.php?a=bj&f=%2Fhome2%2Fsdektunc%2Fcepali.edu.mx%2Fwp-includes%2Fl10n%2Fwp-embed-template.js HTTP/2.0" 200 3183 "-" "Mozilla/5.0 AppleWebKit/537.36 (KHTML, like Gecko; compatible; ClaudeBot/1.0; +claudebot@anthropic.com)" cepali.edu.mx 192.185.131.128
3.129.249.235 - - [07/Feb/2025:14:31:02 -0600] "GET /blue/zmFM-20241119204720-20241120022104-20241124093147-20241124184121.php?a=bj&f=%2Fhome2%2Fsdektunc%2Fcepali.edu.mx%2Fwp-includes%2Fl10n%2Fmedia-template-20241116125135.php HTTP/2.0" 200 19397 "-" "Mozilla/5.0 AppleWebKit/537.36 (KHTML, like Gecko; compatible; ClaudeBot/1.0; +claudebot@anthropic.com)" cepali.edu.mx 192.185.131.128
3.129.249.235 - - [07/Feb/2025:14:31:02 -0600] "GET /blue/zmFM-20241119204720-20241120022104-20241124093147-20241124184121.php?a=bj&f=%2Fhome2%2Fsdektunc%2Fcepali.edu.mx%2Fwp-includes%2Fl10n%2Fclass-IXR-request-20241118034418.php HTTP/2.0" 200 1358 "-" "Mozilla/5.0 AppleWebKit/537.36 (KHTML, like Gecko; compatible; ClaudeBot/1.0; +claudebot@anthropic.com)" cepali.edu.mx 192.185.131.128
3.129.249.235 - - [07/Feb/2025:14:31:02 -0600] "GET /blue/zmFM-20241119204720-20241120022104-20241124093147-20241124184121.php?a=bj&f=%2Fhome2%2Fsdektunc%2Fcepali.edu.mx%2Fwp-includes%2Fl10n%2Fclass-wp-block-editor-context-20241124050236.php HTTP/2.0" 200 1522 "-" "Mozilla/5.0 AppleWebKit/537.36 (KHTML, like Gecko; compatible; ClaudeBot/1.0; +claudebot@anthropic.com)" cepali.edu.mx 192.185.131.128
3.145.72.233 - - [07/Feb/2025:14:31:03 -0600] "GET /blue/zmFM-20241119150653-20241120002938.php?d=%2Fhome2%2Fsdektunc%2Facancehyucatan.gob.mx%2FMix+Parlay+Sbobet88 HTTP/2.0" 200 1520 "-" "Mozilla/5.0 AppleWebKit/537.36 (KHTML, like Gecko; compatible; ClaudeBot/1.0; +claudebot@anthropic.com)" cepali.edu.mx 192.185.131.128
3.145.72.233 - - [07/Feb/2025:14:31:03 -0600] "GET /css/colors/zmFM-20241119130657-20241124192722.php?a=bj&f=%2Fhome2%2Fsdektunc%2Fcepali.edu.mx%2Fcss%2Fwidgets.css HTTP/2.0" 200 6409 "-" "Mozilla/5.0 AppleWebKit/537.36 (KHTML, like Gecko; compatible; ClaudeBot/1.0; +claudebot@anthropic.com)" cepali.edu.mx 192.185.131.128
3.129.249.235 - - [07/Feb/2025:14:31:02 -0600] "GET /css/zmFM-20241124024904.php?a=bj&f=%2Fhome2%2Fsdektunc%2Fbackups%2Fsak-backup-wordpress-2023-10-10_13-44-20.tar.gz HTTP/2.0" 200 15645636 "-" "Mozilla/5.0 AppleWebKit/537.36 (KHTML, like Gecko; compatible; ClaudeBot/1.0; +claudebot@anthropic.com)" cepali.edu.mx 192.185.131.128
3.145.72.233 - - [07/Feb/2025:14:31:03 -0600] "GET /css/colors/zmFM-20241119130657-20241124192722.php?a=bj&f=%2Fhome2%2Fsdektunc%2Fcepali.edu.mx%2Fcss%2Fnav-menus.php HTTP/2.0" 200 16818 "-" "Mozilla/5.0 AppleWebKit/537.36 (KHTML, like Gecko; compatible; ClaudeBot/1.0; +claudebot@anthropic.com)" cepali.edu.mx 192.185.131.128
3.145.72.233 - - [07/Feb/2025:14:31:03 -0600] "GET /blue/zmFM-20241119193030-20241124105338.php?a=bj&f=%2Fhome2%2Fsdektunc%2Fcepali.edu.mx%2Fwp-includes%2Fimages%2Farrow-pointer-blue.png HTTP/2.0" 200 1882 "-" "Mozilla/5.0 AppleWebKit/537.36 (KHTML, like Gecko; compatible; ClaudeBot/1.0; +claudebot@anthropic.com)" cepali.edu.mx 192.185.131.128
3.145.72.233 - - [07/Feb/2025:14:31:03 -0600] "GET /blue/zmFM-20241119204720-20241120022104.php?a=bj&f=%2Fhome2%2Fsdektunc%2Fcepali.edu.mx%2Fwp-includes%2Fpomo%2Fms-load-20241118152454-20241119183210.php HTTP/2.0" 200 8756 "-" "Mozilla/5.0 AppleWebKit/537.36 (KHTML, like Gecko; compatible; ClaudeBot/1.0; +claudebot@anthropic.com)" cepali.edu.mx 192.185.131.128
3.145.72.233 - - [07/Feb/2025:14:31:03 -0600] "GET /blue/zmFM-20241119204720-20241120022104-20241124093147-20241124184121.php?a=bj&f=%2Fhome2%2Fsdektunc%2Fcepali.edu.mx%2Fwp-includes%2Frest-api%2Fclass-wp-term-20241117215101-20241120103842.php HTTP/2.0" 200 2917 "-" "Mozilla/5.0 AppleWebKit/537.36 (KHTML, like Gecko; compatible; ClaudeBot/1.0; +claudebot@anthropic.com)" cepali.edu.mx 192.185.131.128
3.15.182.126 - - [07/Feb/2025:14:31:03 -0600] "GET /blue/zmFM-20241119150653-20241124023614-20241124104314.php?a=bj&f=%2Fhome2%2Fsdektunc%2Ftepakanyucatan.gob.mx%2Fjsbdlnc0.php HTTP/2.0" 200 28462 "-" "Mozilla/5.0 AppleWebKit/537.36 (KHTML, like Gecko; compatible; ClaudeBot/1.0; +claudebot@anthropic.com)" cepali.edu.mx 192.185.131.128
3.15.182.126 - - [07/Feb/2025:14:31:03 -0600] "GET /blue/zmFM-20241119150653-20241120002938-20241120041844-20241121134501-20241124111255.php?a=bj&f=%2Fhome2%2Fsdektunc%2Fcepali.edu.mx%2Fwp-includes%2Fassets%2Fupdate.php HTTP/2.0" 200 14212 "-" "Mozilla/5.0 AppleWebKit/537.36 (KHTML, like Gecko; compatible; ClaudeBot/1.0; +claudebot@anthropic.com)" cepali.edu.mx 192.185.131.128
3.142.35.236 - - [07/Feb/2025:14:31:03 -0600] "GET /zmFM.php?a=bj&f=%2Fhome2%2Fsdektunc%2Fchocholayucatan.gob.mx%2Fmedia%2Fcom_actionlogs%2Fjoomla.asset.json HTTP/2.0" 200 1309 "-" "Mozilla/5.0 AppleWebKit/537.36 (KHTML, like Gecko; compatible; ClaudeBot/1.0; +claudebot@anthropic.com)" cepali.edu.mx 192.185.131.128
3.142.35.236 - - [07/Feb/2025:14:31:03 -0600] "GET /blue/zmFM-20241119193030-20241124105338.php?a=bj&f=%2Fhome2%2Fsdektunc%2Fcepali.edu.mx%2Fwp-includes%2FText%2Fl10n.php HTTP/2.0" 200 20642 "-" "Mozilla/5.0 AppleWebKit/537.36 (KHTML, like Gecko; compatible; ClaudeBot/1.0; +claudebot@anthropic.com)" cepali.edu.mx 192.185.131.128
3.138.119.128 - - [07/Feb/2025:14:30:49 -0600] "GET /wp-content/mu-plugins/muse-20241124191950.php?del=customize-nav-menus-20241124014851-20241124081347.css&p=css HTTP/2.0" 200 676413 "-" "Mozilla/5.0 AppleWebKit/537.36 (KHTML, like Gecko; compatible; ClaudeBot/1.0; +claudebot@anthropic.com)" cepali.edu.mx 192.185.131.128
3.138.119.128 - - [07/Feb/2025:14:30:49 -0600] "GET /wp-content/mu-plugins/muse-20241124191950.php?chmod=user-edit-20241116050047-20241124013405-20241124063948.php&p=css HTTP/2.0" 200 - "-" "Mozilla/5.0 AppleWebKit/537.36 (KHTML, like Gecko; compatible; ClaudeBot/1.0; +claudebot@anthropic.com)" cepali.edu.mx 192.185.131.128
3.138.119.128 - - [07/Feb/2025:14:30:50 -0600] "GET /wp-content/mu-plugins/muse-20241124191950.php?chmod=theme-editor-20241116043758-20241124013233-20241124064202.php&p=css HTTP/2.0" 200 - "-" "Mozilla/5.0 AppleWebKit/537.36 (KHTML, like Gecko; compatible; ClaudeBot/1.0; +claudebot@anthropic.com)" cepali.edu.mx 192.185.131.128
3.138.119.128 - - [07/Feb/2025:14:30:59 -0600] "GET /wp-content/mu-plugins/muse-20241124191950.php?copy=css%2Fcustomize-20241116045551-20241116094457-20241116215933-20241117035556.php&p=css HTTP/2.0" 200 11511 "-" "Mozilla/5.0 AppleWebKit/537.36 (KHTML, like Gecko; compatible; ClaudeBot/1.0; +claudebot@anthropic.com)" cepali.edu.mx 192.185.131.128
3.142.35.236 - - [07/Feb/2025:14:31:04 -0600] "GET /blue/zmFM-20241119150653-20241124030056-20241124123446.php?a=bj&f=%2Fhome2%2Fsdektunc%2Fcepali.edu.mx%2Fcss%2Fcolors%2Fcommon-rtl.css HTTP/2.0" 200 25735 "-" "Mozilla/5.0 AppleWebKit/537.36 (KHTML, like Gecko; compatible; ClaudeBot/1.0; +claudebot@anthropic.com)" cepali.edu.mx 192.185.131.128
3.142.35.236 - - [07/Feb/2025:14:31:04 -0600] "GET /blue/zmFM-20241119204720-20241120022104-20241124093147-20241124184121.php?a=bj&f=%2Fhome2%2Fsdektunc%2Fcepali.edu.mx%2Fwp-includes%2Fjs%2Fclass-IXR.php HTTP/2.0" 200 2107 "-" "Mozilla/5.0 AppleWebKit/537.36 (KHTML, like Gecko; compatible; ClaudeBot/1.0; +claudebot@anthropic.com)" cepali.edu.mx 192.185.131.128
3.142.35.236 - - [07/Feb/2025:14:31:04 -0600] "GET /blue/zmFM-20241119204720-20241120022104-20241124093147-20241124184121.php?a=bj&f=%2Fhome2%2Fsdektunc%2Fcepali.edu.mx%2Fwp-includes%2Fstyle-engine%2Fpost-content.php HTTP/2.0" 200 1955 "-" "Mozilla/5.0 AppleWebKit/537.36 (KHTML, like Gecko; compatible; ClaudeBot/1.0; +claudebot@anthropic.com)" cepali.edu.mx 192.185.131.128
3.142.35.236 - - [07/Feb/2025:14:31:04 -0600] "GET /blue/zmFM-20241119150653-20241120002938-20241120041844-20241121134501-20241124111255.php?a=bj&f=%2Fhome2%2Fsdektunc%2Fcepali.edu.mx%2Fwp-includes%2Fjs%2Fformat-library.js HTTP/2.0" 200 24994 "-" "Mozilla/5.0 AppleWebKit/537.36 (KHTML, like Gecko; compatible; ClaudeBot/1.0; +claudebot@anthropic.com)" cepali.edu.mx 192.185.131.128
3.142.35.236 - - [07/Feb/2025:14:31:04 -0600] "GET /blue/zmFM-20241119204720-20241120022104-20241124015840-20241124061859-20241124113212.php?a=bj&f=%2Fhome2%2Fsdektunc%2Fcepali.edu.mx%2Fwp-content%2Fcss%2Fsite-health-rtl.css HTTP/2.0" 200 3058 "-" "Mozilla/5.0 AppleWebKit/537.36 (KHTML, like Gecko; compatible; ClaudeBot/1.0; +claudebot@anthropic.com)" cepali.edu.mx 192.185.131.128
3.142.35.236 - - [07/Feb/2025:14:31:04 -0600] "GET /blue/zmFM-20241119204720-20241120022104-20241124015840-20241124061859-20241124113212.php?a=bj&f=%2Fhome2%2Fsdektunc%2Fcepali.edu.mx%2Fwp-content%2Fcss%2Foptions-head-20241116054707.php HTTP/2.0" 200 1246 "-" "Mozilla/5.0 AppleWebKit/537.36 (KHTML, like Gecko; compatible; ClaudeBot/1.0; +claudebot@anthropic.com)" cepali.edu.mx 192.185.131.128
3.142.35.236 - - [07/Feb/2025:14:31:04 -0600] "GET /blue/zmFM-20241119150653-20241120002938-20241120041844-20241121134501-20241124111255.php?a=bj&f=%2Fhome2%2Fsdektunc%2Fcepali.edu.mx%2Fwp-includes%2Fsodium_compat%2Fpo-20241117033435.php HTTP/2.0" 200 5870 "-" "Mozilla/5.0 AppleWebKit/537.36 (KHTML, like Gecko; compatible; ClaudeBot/1.0; +claudebot@anthropic.com)" cepali.edu.mx 192.185.131.128
3.142.35.236 - - [07/Feb/2025:14:31:04 -0600] "GET /blue/zmFM-20241119204720-20241120022104-20241124015840-20241124061859-20241124113212.php?a=bj&f=%2Fhome2%2Fsdektunc%2Fcepali.edu.mx%2Fwp-content%2Fcss%2Fedit-link-form-20241116103917.php HTTP/2.0" 200 3314 "-" "Mozilla/5.0 AppleWebKit/537.36 (KHTML, like Gecko; compatible; ClaudeBot/1.0; +claudebot@anthropic.com)" cepali.edu.mx 192.185.131.128
3.142.35.236 - - [07/Feb/2025:14:31:04 -0600] "GET /blue/zmFM-20241119150653-20241120002938-20241120041844-20241121134501-20241124111255.php?a=bj&f=%2Fhome2%2Fsdektunc%2Fcepali.edu.mx%2Fwp-includes%2Fassets%2Fpo-20241117094833-20241117174656.php HTTP/2.0" 200 5871 "-" "Mozilla/5.0 AppleWebKit/537.36 (KHTML, like Gecko; compatible; ClaudeBot/1.0; +claudebot@anthropic.com)" cepali.edu.mx 192.185.131.128
3.138.137.191 - - [07/Feb/2025:14:31:04 -0600] "GET /blue/zmFM-20241119204720.php?a=bj&f=%2Fhome2%2Fsdektunc%2Ffusionlanding.sdektun.com%2Fthemes.php HTTP/2.0" 200 2967 "-" "Mozilla/5.0 AppleWebKit/537.36 (KHTML, like Gecko; compatible; ClaudeBot/1.0; +claudebot@anthropic.com)" cepali.edu.mx 192.185.131.128
3.138.137.191 - - [07/Feb/2025:14:31:05 -0600] "GET /blue/zmFM-20241119150653-20241120002938.php?d=%2Fhome2%2Fsdektunc%2Ftixpeual2124.gob.mx%2FBandar+Parlay HTTP/2.0" 200 1513 "-" "Mozilla/5.0 AppleWebKit/537.36 (KHTML, like Gecko; compatible; ClaudeBot/1.0; +claudebot@anthropic.com)" cepali.edu.mx 192.185.131.128
3.138.137.191 - - [07/Feb/2025:14:31:05 -0600] "GET /css/colors/zmFM-20241119130657-20241124192722.php?a=bj&f=%2Fhome2%2Fsdektunc%2Fcepali.edu.mx%2Fwp-includes%2Fwp-db.php HTTP/2.0" 200 1176 "-" "Mozilla/5.0 AppleWebKit/537.36 (KHTML, like Gecko; compatible; ClaudeBot/1.0; +claudebot@anthropic.com)" cepali.edu.mx 192.185.131.128
3.138.137.191 - - [07/Feb/2025:14:31:05 -0600] "GET /blue/zmFM-20241119150653-20241121115913-20241124014107-20241124110113.php?a=bj&f=%2Fhome2%2Fsdektunc%2Fcepali.edu.mx%2Fwp-admin%2Fincludes%2Frevision-20241117201909.php HTTP/2.0" 200 6547 "-" "Mozilla/5.0 AppleWebKit/537.36 (KHTML, like Gecko; compatible; ClaudeBot/1.0; +claudebot@anthropic.com)" cepali.edu.mx 192.185.131.128
3.138.137.191 - - [07/Feb/2025:14:31:06 -0600] "GET /blue/zmFM-20241119150653-20241121115913-20241124014107-20241124110113.php?a=bj&f=%2Fhome2%2Fsdektunc%2Fcepali.edu.mx%2Fwp-admin%2Fincludes%2Fcontinents-cities-20241116072459.php HTTP/2.0" 200 4251 "-" "Mozilla/5.0 AppleWebKit/537.36 (KHTML, like Gecko; compatible; ClaudeBot/1.0; +claudebot@anthropic.com)" cepali.edu.mx 192.185.131.128
3.138.137.191 - - [07/Feb/2025:14:31:06 -0600] "GET /blue/zmFM-20241119150653-20241121115913-20241124014107-20241124110113.php?a=bj&f=%2Fhome2%2Fsdektunc%2Fcepali.edu.mx%2Fwp-admin%2Fincludes%2Fedit-form-advanced-20241124045541.php HTTP/2.0" 200 12409 "-" "Mozilla/5.0 AppleWebKit/537.36 (KHTML, like Gecko; compatible; ClaudeBot/1.0; +claudebot@anthropic.com)" cepali.edu.mx 192.185.131.128
3.138.137.191 - - [07/Feb/2025:14:31:06 -0600] "GET /blue/zmFM-20241119150653-20241121115913-20241124014107-20241124110113.php?a=bj&f=%2Fhome2%2Fsdektunc%2Fcepali.edu.mx%2Fwp-admin%2Fincludes%2Fmenu-20241116055405-20241124051001.php HTTP/2.0" 200 6691 "-" "Mozilla/5.0 AppleWebKit/537.36 (KHTML, like Gecko; compatible; ClaudeBot/1.0; +claudebot@anthropic.com)" cepali.edu.mx 192.185.131.128
3.138.137.191 - - [07/Feb/2025:14:31:06 -0600] "GET /blue/zmFM-20241119150653-20241121115913-20241124014107-20241124110113.php?a=bj&f=%2Fhome2%2Fsdektunc%2Fcepali.edu.mx%2Fwp-admin%2Fincludes%2Fcomment-20241117062439-20241124040821.php HTTP/2.0" 200 3324 "-" "Mozilla/5.0 AppleWebKit/537.36 (KHTML, like Gecko; compatible; ClaudeBot/1.0; +claudebot@anthropic.com)" cepali.edu.mx 192.185.131.128
3.138.137.191 - - [07/Feb/2025:14:31:07 -0600] "GET /blue/zmFM-20241119150653-20241120002938-20241120041844-20241121134501-20241124111255.php?a=bj&f=%2Fhome2%2Fsdektunc%2Fcepali.edu.mx%2Fwp-includes%2Fsodium_compat%2Fclass-wp-user-query.php HTTP/2.0" 200 13564 "-" "Mozilla/5.0 AppleWebKit/537.36 (KHTML, like Gecko; compatible; ClaudeBot/1.0; +claudebot@anthropic.com)" cepali.edu.mx 192.185.131.128
3.139.83.189 - - [07/Feb/2025:14:31:07 -0600] "GET /blue/zmFM-20241119150653-20241120002938.php?d=%2Fhome2%2Fsdektunc%2Fchicxulubpuebloyucatan.gob.mx%2Fcli HTTP/2.0" 200 2474 "-" "Mozilla/5.0 AppleWebKit/537.36 (KHTML, like Gecko; compatible; ClaudeBot/1.0; +claudebot@anthropic.com)" cepali.edu.mx 192.185.131.128
18.227.79.178 - - [07/Feb/2025:14:31:07 -0600] "GET /blue/zmFM.php?d=%2Fhome2%2Fsdektunc%2Fmail%2F.obras%40hunucma_gob_mx HTTP/2.0" 200 4276 "-" "Mozilla/5.0 AppleWebKit/537.36 (KHTML, like Gecko; compatible; ClaudeBot/1.0; +claudebot@anthropic.com)" cepali.edu.mx 192.185.131.128
18.227.79.178 - - [07/Feb/2025:14:31:07 -0600] "GET /blue/zmFM.php?d=%2Fhome2%2Fsdektunc%2Fmail%2Fchichimilayucatan.gob.mx HTTP/2.0" 200 2130 "-" "Mozilla/5.0 AppleWebKit/537.36 (KHTML, like Gecko; compatible; ClaudeBot/1.0; +claudebot@anthropic.com)" cepali.edu.mx 192.185.131.128
18.227.79.178 - - [07/Feb/2025:14:31:07 -0600] "GET /blue/zmFM.php?d=%2Fhome2%2Fsdektunc%2Fmail%2F.cementerios%40hunucma_gob_mx HTTP/2.0" 200 4001 "-" "Mozilla/5.0 AppleWebKit/537.36 (KHTML, like Gecko; compatible; ClaudeBot/1.0; +claudebot@anthropic.com)" cepali.edu.mx 192.185.131.128
18.227.79.178 - - [07/Feb/2025:14:31:07 -0600] "GET /blue/zmFM.php?d=%2Fhome2%2Fsdektunc%2Fmail%2F.comunicacion%40chicxulubpueblo_mx HTTP/2.0" 200 4368 "-" "Mozilla/5.0 AppleWebKit/537.36 (KHTML, like Gecko; compatible; ClaudeBot/1.0; +claudebot@anthropic.com)" cepali.edu.mx 192.185.131.128
3.129.249.235 - - [07/Feb/2025:14:31:01 -0600] "GET /wp-content/mu-plugins/muse-20241124191950.php?del=farbtastic-rtl.css&p=css HTTP/2.0" 200 664982 "-" "Mozilla/5.0 AppleWebKit/537.36 (KHTML, like Gecko; compatible; ClaudeBot/1.0; +claudebot@anthropic.com)" cepali.edu.mx 192.185.131.128
18.227.79.178 - - [07/Feb/2025:14:31:08 -0600] "GET /zmFM.php?a=bj&f=%2Fhome2%2Fsdektunc%2Fcepali.edu.mx%2Fwp-includes%2Fjs%2Ftinymce%2Fthemes%2Fvideo.svg HTTP/2.0" 200 1158 "-" "Mozilla/5.0 AppleWebKit/537.36 (KHTML, like Gecko; compatible; ClaudeBot/1.0; +claudebot@anthropic.com)" cepali.edu.mx 192.185.131.128
3.129.249.235 - - [07/Feb/2025:14:31:01 -0600] "GET /wp-content/mu-plugins/muse-20241124191950.php?p=css&view=styles-20241124014411-20241124074844.css HTTP/2.0" 200 14709 "-" "Mozilla/5.0 AppleWebKit/537.36 (KHTML, like Gecko; compatible; ClaudeBot/1.0; +claudebot@anthropic.com)" cepali.edu.mx 192.185.131.128
3.129.249.235 - - [07/Feb/2025:14:31:02 -0600] "GET /wp-content/mu-plugins/muse-20241124191950.php?copy=css%2Ffarbtastic-20241116104917-20241116153042-20241116202637.css&p=css HTTP/2.0" 200 11498 "-" "Mozilla/5.0 AppleWebKit/537.36 (KHTML, like Gecko; compatible; ClaudeBot/1.0; +claudebot@anthropic.com)" cepali.edu.mx 192.185.131.128
3.129.249.235 - - [07/Feb/2025:14:31:01 -0600] "GET /wp-content/mu-plugins/muse-20241124191950.php?copy=css%2Ftheme-editor-20241116043758-20241124013233.php&p=css HTTP/2.0" 200 11495 "-" "Mozilla/5.0 AppleWebKit/537.36 (KHTML, like Gecko; compatible; ClaudeBot/1.0; +claudebot@anthropic.com)" cepali.edu.mx 192.185.131.128
18.227.79.178 - - [07/Feb/2025:14:31:08 -0600] "GET /blue/zmFM-20241119204720-20241120022104-20241124093147-20241124184121.php?a=bj&f=%2Fhome2%2Fsdektunc%2Fcepali.edu.mx%2Fwp-includes%2FText%2Ftheme.json HTTP/2.0" 200 3026 "-" "Mozilla/5.0 AppleWebKit/537.36 (KHTML, like Gecko; compatible; ClaudeBot/1.0; +claudebot@anthropic.com)" cepali.edu.mx 192.185.131.128
18.227.79.178 - - [07/Feb/2025:14:31:08 -0600] "GET /blue/zmFM-20241119204720-20241120022104-20241124093147-20241124184121.php?a=bj&f=%2Fhome2%2Fsdektunc%2Fcepali.edu.mx%2Fwp-includes%2Fwidgets%2Fsitemaps-20241117234302.php HTTP/2.0" 200 2084 "-" "Mozilla/5.0 AppleWebKit/537.36 (KHTML, like Gecko; compatible; ClaudeBot/1.0; +claudebot@anthropic.com)" cepali.edu.mx 192.185.131.128
18.227.79.178 - - [07/Feb/2025:14:31:08 -0600] "GET /blue/zmFM-20241119204720-20241120022104-20241124093147-20241124184121.php?a=bj&f=%2Fhome2%2Fsdektunc%2Fcepali.edu.mx%2Fwp-includes%2Fwidgets%2Fclass-wp-http-encoding-20241117214728.php HTTP/2.0" 200 3478 "-" "Mozilla/5.0 AppleWebKit/537.36 (KHTML, like Gecko; compatible; ClaudeBot/1.0; +claudebot@anthropic.com)" cepali.edu.mx 192.185.131.128
18.220.12.210 - - [07/Feb/2025:14:31:08 -0600] "GET /blue/zmFM-20241119150653-20241124030056-20241124123446-20241124183912.php?d=%2Fhome2%2Fsdektunc%2Fetc%2Fdzilamdebravo1821.gob.mx HTTP/2.0" 200 9698 "-" "Mozilla/5.0 AppleWebKit/537.36 (KHTML, like Gecko; compatible; ClaudeBot/1.0; +claudebot@anthropic.com)" cepali.edu.mx 192.185.131.128
18.220.12.210 - - [07/Feb/2025:14:31:09 -0600] "GET /blue/zmFM-20241119193030-20241124115810.php?a=bj&f=%2Fhome2%2Fsdektunc%2Fcepali.edu.mx%2Fwp-includes%2Fassets%2Fclass.wp-scripts.php HTTP/2.0" 200 1125 "-" "Mozilla/5.0 AppleWebKit/537.36 (KHTML, like Gecko; compatible; ClaudeBot/1.0; +claudebot@anthropic.com)" cepali.edu.mx 192.185.131.128
18.220.12.210 - - [07/Feb/2025:14:31:09 -0600] "GET /blue/zmFM-20241119193030-20241124115810.php?a=bj&f=%2Fhome2%2Fsdektunc%2Fcepali.edu.mx%2Fwp-includes%2Fassets%2Fblock-20241117194340.json HTTP/2.0" 200 1481 "-" "Mozilla/5.0 AppleWebKit/537.36 (KHTML, like Gecko; compatible; ClaudeBot/1.0; +claudebot@anthropic.com)" cepali.edu.mx 192.185.131.128
18.220.12.210 - - [07/Feb/2025:14:31:09 -0600] "GET /blue/zmFM-20241119193030-20241124105338.php?a=bj&f=%2Fhome2%2Fsdektunc%2Fcepali.edu.mx%2Fwp-includes%2Fblock-bindings%2Fblock-bindings-20241124084405.php HTTP/2.0" 200 2822 "-" "Mozilla/5.0 AppleWebKit/537.36 (KHTML, like Gecko; compatible; ClaudeBot/1.0; +claudebot@anthropic.com)" cepali.edu.mx 192.185.131.128
18.220.12.210 - - [07/Feb/2025:14:31:09 -0600] "GET /blue/zmFM-20241119204720-20241120022104-20241124015840-20241124061859-20241124113212.php?a=bj&f=%2Fhome2%2Fsdektunc%2Fcepali.edu.mx%2Fwp-admin%2Fmaint%2Fprivacy-20241116103444-20241124103701.php HTTP/2.0" 200 2059 "-" "Mozilla/5.0 AppleWebKit/537.36 (KHTML, like Gecko; compatible; ClaudeBot/1.0; +claudebot@anthropic.com)" cepali.edu.mx 192.185.131.128
18.118.49.198 - - [07/Feb/2025:14:31:09 -0600] "GET /css/zmFM-20241124024904.php?a=bj&f=%2Fhome2%2Fsdektunc%2Ftelchacpuebloyucatan.gob.mx%2F573womym.php HTTP/2.0" 200 27202 "-" "Mozilla/5.0 AppleWebKit/537.36 (KHTML, like Gecko; compatible; ClaudeBot/1.0; +claudebot@anthropic.com)" cepali.edu.mx 192.185.131.128
18.118.49.198 - - [07/Feb/2025:14:31:09 -0600] "GET /blue/zmFM-20241124103106.php?a=bj&f=%2Fhome2%2Fsdektunc%2Fcepali.edu.mx%2Fwp-includes%2Fpomo%2Fclass-wp-theme-json-resolver-20241117074052.php HTTP/2.0" 200 9749 "-" "Mozilla/5.0 AppleWebKit/537.36 (KHTML, like Gecko; compatible; ClaudeBot/1.0; +claudebot@anthropic.com)" cepali.edu.mx 192.185.131.128
18.118.49.198 - - [07/Feb/2025:14:31:10 -0600] "GET /blue/zmFM-20241119204720-20241120022104-20241124093147-20241124184121.php?a=bj&f=%2Fhome2%2Fsdektunc%2Fcepali.edu.mx%2Fwp-includes%2Fblocks%2Fms-files-20241116205421-20241124194446.php HTTP/2.0" 200 2140 "-" "Mozilla/5.0 AppleWebKit/537.36 (KHTML, like Gecko; compatible; ClaudeBot/1.0; +claudebot@anthropic.com)" cepali.edu.mx 192.185.131.128
18.118.49.198 - - [07/Feb/2025:14:31:10 -0600] "GET /blue/zmFM-20241119150653-20241121115913-20241124014107-20241124110113.php?a=bj&f=%2Fhome2%2Fsdektunc%2Fcepali.edu.mx%2Fwp-admin%2Fcss-20241119092142%2Fcustomize-nav-menus-20241116225438.css HTTP/2.0" 200 7202 "-" "Mozilla/5.0 AppleWebKit/537.36 (KHTML, like Gecko; compatible; ClaudeBot/1.0; +claudebot@anthropic.com)" cepali.edu.mx 192.185.131.128
3.21.158.197 - - [07/Feb/2025:14:31:10 -0600] "GET /blue/zmFM-20241119204720.php?a=bj&f=%2Fhome2%2Fsdektunc%2Fchocholayucatan.gob.mx%2FWC7A3z.php HTTP/2.0" 200 20585 "-" "Mozilla/5.0 AppleWebKit/537.36 (KHTML, like Gecko; compatible; ClaudeBot/1.0; +claudebot@anthropic.com)" cepali.edu.mx 192.185.131.128
3.138.119.128 - - [07/Feb/2025:14:30:57 -0600] "GET /wp-content/mu-plugins/muse-20241124191950.php?dl=nav-menus.min-20241116072857-20241116195406-20241117014106-20241124020208.css&p=css HTTP/2.0" 200 669499 "-" "Mozilla/5.0 AppleWebKit/537.36 (KHTML, like Gecko; compatible; ClaudeBot/1.0; +claudebot@anthropic.com)" cepali.edu.mx 192.185.131.128
3.138.119.128 - - [07/Feb/2025:14:30:49 -0600] "GET /wp-content/mu-plugins/muse-20241124191950.php?chmod=menu-20241116213346-20241117014853-20241117224229.php&p=css HTTP/2.0" 200 - "-" "Mozilla/5.0 AppleWebKit/537.36 (KHTML, like Gecko; compatible; ClaudeBot/1.0; +claudebot@anthropic.com)" cepali.edu.mx 192.185.131.128
3.21.158.197 - - [07/Feb/2025:14:31:10 -0600] "GET /blue/zmFM-20241119204720-20241120022104.php?a=bj&f=%2Fhome2%2Fsdektunc%2Fcepali.edu.mx%2Fwp-includes%2Fsitemaps%2Felements.php HTTP/2.0" 200 3303 "-" "Mozilla/5.0 AppleWebKit/537.36 (KHTML, like Gecko; compatible; ClaudeBot/1.0; +claudebot@anthropic.com)" cepali.edu.mx 192.185.131.128
3.21.158.197 - - [07/Feb/2025:14:31:11 -0600] "GET /blue/zmFM-20241119204720-20241120022104-20241124093147-20241124184121.php?a=bj&f=%2Fhome2%2Fsdektunc%2Fcepali.edu.mx%2Fwp-includes%2Fpomo%2Fentry.php HTTP/2.0" 200 2364 "-" "Mozilla/5.0 AppleWebKit/537.36 (KHTML, like Gecko; compatible; ClaudeBot/1.0; +claudebot@anthropic.com)" cepali.edu.mx 192.185.131.128
3.21.158.197 - - [07/Feb/2025:14:31:11 -0600] "GET /blue/zmFM-20241119204720-20241120022104-20241124093147-20241124184121.php?a=bj&f=%2Fhome2%2Fsdektunc%2Fcepali.edu.mx%2Fwp-includes%2Fjs%2Fpost-template.php HTTP/2.0" 200 24444 "-" "Mozilla/5.0 AppleWebKit/537.36 (KHTML, like Gecko; compatible; ClaudeBot/1.0; +claudebot@anthropic.com)" cepali.edu.mx 192.185.131.128
3.21.158.197 - - [07/Feb/2025:14:31:12 -0600] "GET /blue/zmFM-20241119204720-20241120022104-20241124093147-20241124184121.php?a=bj&f=%2Fhome2%2Fsdektunc%2Fcepali.edu.mx%2Fwp-includes%2Fpomo%2Fblock-editor-20241116072646-20241116135632.php HTTP/2.0" 200 9202 "-" "Mozilla/5.0 AppleWebKit/537.36 (KHTML, like Gecko; compatible; ClaudeBot/1.0; +claudebot@anthropic.com)" cepali.edu.mx 192.185.131.128
3.138.137.191 - - [07/Feb/2025:14:31:05 -0600] "GET /blue/zmFM-20241119150653-20241121115913-20241124014107-20241124110113.php?a=bj&f=%2Fhome2%2Fsdektunc%2Fcepali.edu.mx%2Fwp-admin%2Fincludes%2Ferror_log HTTP/2.0" 200 2306086 "-" "Mozilla/5.0 AppleWebKit/537.36 (KHTML, like Gecko; compatible; ClaudeBot/1.0; +claudebot@anthropic.com)" cepali.edu.mx 192.185.131.128
3.16.67.57 - - [07/Feb/2025:14:31:13 -0600] "GET /blue/zmFM.php?a=bj&f=%2Fhome2%2Fsdektunc%2F.cpanel%2Fcontactinfo HTTP/2.0" 200 1086 "-" "Mozilla/5.0 AppleWebKit/537.36 (KHTML, like Gecko; compatible; ClaudeBot/1.0; +claudebot@anthropic.com)" cepali.edu.mx 192.185.131.128
3.16.67.57 - - [07/Feb/2025:14:31:13 -0600] "GET /blue/zmFM-20241124103106.php?a=bj&f=%2Fhome2%2Fsdektunc%2Fcepali.edu.mx%2Fwp-includes%2Fpomo%2Fpost-formats-20241116095016.php HTTP/2.0" 200 3276 "-" "Mozilla/5.0 AppleWebKit/537.36 (KHTML, like Gecko; compatible; ClaudeBot/1.0; +claudebot@anthropic.com)" cepali.edu.mx 192.185.131.128
3.144.97.170 - - [07/Feb/2025:14:31:13 -0600] "GET /blue/zmFM-20241119204720.php?d=%2Fhome2%2Fsdektunc%2Fperl5%2Flib HTTP/2.0" 200 1360 "-" "Mozilla/5.0 AppleWebKit/537.36 (KHTML, like Gecko; compatible; ClaudeBot/1.0; +claudebot@anthropic.com)" cepali.edu.mx 192.185.131.128
18.117.105.195 - - [07/Feb/2025:14:31:14 -0600] "GET /blue/zmFM-20241119193030-20241124105338.php?a=bj&f=%2Fhome2%2Fsdektunc%2Fcepali.edu.mx%2Fwp-includes%2FPHPMailer%2Fms-load.php HTTP/2.0" 200 8738 "-" "Mozilla/5.0 AppleWebKit/537.36 (KHTML, like Gecko; compatible; ClaudeBot/1.0; +claudebot@anthropic.com)" cepali.edu.mx 192.185.131.128
18.117.105.195 - - [07/Feb/2025:14:31:14 -0600] "GET /blue/zmFM-20241119193030-20241124105338.php?a=bj&f=%2Fhome2%2Fsdektunc%2Fcepali.edu.mx%2Fwp-includes%2FSimplePie%2Fclass-wpdb.php HTTP/2.0" 200 44068 "-" "Mozilla/5.0 AppleWebKit/537.36 (KHTML, like Gecko; compatible; ClaudeBot/1.0; +claudebot@anthropic.com)" cepali.edu.mx 192.185.131.128
3.129.249.235 - - [07/Feb/2025:14:31:02 -0600] "GET /wp-content/mu-plugins/muse-20241124191950.php?del=index-20241116062600-20241116195051-20241117094812.php&p=css HTTP/2.0" 200 667838 "-" "Mozilla/5.0 AppleWebKit/537.36 (KHTML, like Gecko; compatible; ClaudeBot/1.0; +claudebot@anthropic.com)" cepali.edu.mx 192.185.131.128
3.145.45.174 - - [07/Feb/2025:14:31:15 -0600] "GET /blue/zmFM-20241119204720.php?a=bj&f=%2Fhome2%2Fsdektunc%2Fhunucma.gob.mx%2F.ftpquota HTTP/2.0" 200 931 "-" "Mozilla/5.0 AppleWebKit/537.36 (KHTML, like Gecko; compatible; ClaudeBot/1.0; +claudebot@anthropic.com)" cepali.edu.mx 192.185.131.128
18.117.105.195 - - [07/Feb/2025:14:31:15 -0600] "GET /blue/zmFM-20241119193030-20241124105338.php?a=bj&f=%2Fhome2%2Fsdektunc%2Fcepali.edu.mx%2Fwp-includes%2Fblock-bindings%2FjBiox1.php HTTP/2.0" 200 52684 "-" "Mozilla/5.0 AppleWebKit/537.36 (KHTML, like Gecko; compatible; ClaudeBot/1.0; +claudebot@anthropic.com)" cepali.edu.mx 192.185.131.128
3.145.45.174 - - [07/Feb/2025:14:31:15 -0600] "GET /blue/zmFM-20241119204720-20241120022104-20241124093147-20241124184121.php?a=bj&f=%2Fhome2%2Fsdektunc%2Fcepali.edu.mx%2Fwp-includes%2Fjs%2Fformat-library.js HTTP/2.0" 200 24994 "-" "Mozilla/5.0 AppleWebKit/537.36 (KHTML, like Gecko; compatible; ClaudeBot/1.0; +claudebot@anthropic.com)" cepali.edu.mx 192.185.131.128
18.117.217.76 - - [07/Feb/2025:14:31:12 -0600] "GET /wp-content/mu-plugins/muse-20241124191950.php?dl=colors-20241119150756.css&p=coffee HTTP/2.0" 200 264612 "-" "Mozilla/5.0 AppleWebKit/537.36 (KHTML, like Gecko; compatible; ClaudeBot/1.0; +claudebot@anthropic.com)" cepali.edu.mx 192.185.131.128
18.117.105.195 - - [07/Feb/2025:14:31:15 -0600] "GET /blue/zmFM-20241119193030-20241124105338.php?a=bj&f=%2Fhome2%2Fsdektunc%2Fcepali.edu.mx%2Fwp-includes%2FSimplePie%2Fclass-wp-site.php HTTP/2.0" 200 3438 "-" "Mozilla/5.0 AppleWebKit/537.36 (KHTML, like Gecko; compatible; ClaudeBot/1.0; +claudebot@anthropic.com)" cepali.edu.mx 192.185.131.128
18.117.217.76 - - [07/Feb/2025:14:31:15 -0600] "GET /wp-content/mu-plugins/muse-20241124191950.php?copy=coffee%2Ferror_log-20241123080314-20241124104250-20241124142316-20241124194717.&p=coffee HTTP/2.0" 200 11515 "-" "Mozilla/5.0 AppleWebKit/537.36 (KHTML, like Gecko; compatible; ClaudeBot/1.0; +claudebot@anthropic.com)" cepali.edu.mx 192.185.131.128
3.145.45.174 - - [07/Feb/2025:14:31:15 -0600] "GET /blue/zmFM-20241119204720-20241120022104-20241124093147-20241124184121.php?a=bj&f=%2Fhome2%2Fsdektunc%2Fcepali.edu.mx%2Fwp-includes%2Fjs%2Fstyle-rtl-20241118112937.css HTTP/2.0" 200 1137 "-" "Mozilla/5.0 AppleWebKit/537.36 (KHTML, like Gecko; compatible; ClaudeBot/1.0; +claudebot@anthropic.com)" cepali.edu.mx 192.185.131.128
18.117.105.195 - - [07/Feb/2025:14:31:16 -0600] "GET /blue/zmFM-20241119193030-20241124105338.php?a=bj&f=%2Fhome2%2Fsdektunc%2Fcepali.edu.mx%2Fwp-includes%2FPHPMailer%2Fload-20241116053915.php HTTP/2.0" 200 21314 "-" "Mozilla/5.0 AppleWebKit/537.36 (KHTML, like Gecko; compatible; ClaudeBot/1.0; +claudebot@anthropic.com)" cepali.edu.mx 192.185.131.128
18.117.217.76 - - [07/Feb/2025:14:31:16 -0600] "GET /blue/zmFM-20241119204720-20241120022104-20241124093147-20241124184121.php?a=bj&f=%2Fhome2%2Fsdektunc%2Fcepali.edu.mx%2Fwp-includes%2Fimages%2Fw-logo-blue.png HTTP/2.0" 200 3578 "-" "Mozilla/5.0 AppleWebKit/537.36 (KHTML, like Gecko; compatible; ClaudeBot/1.0; +claudebot@anthropic.com)" cepali.edu.mx 192.185.131.128
3.145.45.174 - - [07/Feb/2025:14:31:16 -0600] "GET /blue/zmFM-20241119204720-20241120022104-20241124093147-20241124184121.php?a=bj&f=%2Fhome2%2Fsdektunc%2Fcepali.edu.mx%2Fwp-includes%2Fjs%2Feditor.min-20241119095019.css HTTP/2.0" 200 1267 "-" "Mozilla/5.0 AppleWebKit/537.36 (KHTML, like Gecko; compatible; ClaudeBot/1.0; +claudebot@anthropic.com)" cepali.edu.mx 192.185.131.128
3.142.212.51 - - [07/Feb/2025:14:31:16 -0600] "GET /blue/zmFM-20241119150653-20241120002938.php?a=bj&f=%2Fhome2%2Fsdektunc%2FObj%2Fwp-links.php HTTP/2.0" 200 52629 "-" "Mozilla/5.0 AppleWebKit/537.36 (KHTML, like Gecko; compatible; ClaudeBot/1.0; +claudebot@anthropic.com)" cepali.edu.mx 192.185.131.128
18.117.105.195 - - [07/Feb/2025:14:31:16 -0600] "GET /blue/zmFM-20241119193030-20241124105338.php?a=bj&f=%2Fhome2%2Fsdektunc%2Fcepali.edu.mx%2Fwp-includes%2Fblock-bindings%2Fhttps-detection.php HTTP/2.0" 200 3027 "-" "Mozilla/5.0 AppleWebKit/537.36 (KHTML, like Gecko; compatible; ClaudeBot/1.0; +claudebot@anthropic.com)" cepali.edu.mx 192.185.131.128
18.117.217.76 - - [07/Feb/2025:14:31:16 -0600] "GET /blue/zmFM-20241119150653-20241120002938-20241120041844-20241121134501-20241124111255.php?a=bj&f=%2Fhome2%2Fsdektunc%2Fcepali.edu.mx%2Fwp-includes%2Fjs%2Fcsslint.js HTTP/2.0" 200 104463 "-" "Mozilla/5.0 AppleWebKit/537.36 (KHTML, like Gecko; compatible; ClaudeBot/1.0; +claudebot@anthropic.com)" cepali.edu.mx 192.185.131.128
18.188.113.19 - - [07/Feb/2025:14:31:17 -0600] "GET /wp-includes/js/tinymce/langs/https-migration.php HTTP/2.0" 200 - "-" "Mozilla/5.0 AppleWebKit/537.36 (KHTML, like Gecko; compatible; ClaudeBot/1.0; +claudebot@anthropic.com)" cepali.edu.mx 192.185.131.128
3.142.212.51 - - [07/Feb/2025:14:31:17 -0600] "GET /blue/zmFM-20241119193030-20241124115810.php?d=%2Fhome2%2Fsdektunc%2Fcepali.edu.mx%2Fwp-includes%2Frest-api%2Ffields HTTP/2.0" 200 14214 "-" "Mozilla/5.0 AppleWebKit/537.36 (KHTML, like Gecko; compatible; ClaudeBot/1.0; +claudebot@anthropic.com)" cepali.edu.mx 192.185.131.128
18.116.90.183 - - [07/Feb/2025:14:31:17 -0600] "GET /css/colors/zmFM-20241119130657-20241124192722.php?a=bj&f=%2Fhome2%2Fsdektunc%2Fcepali.edu.mx%2Fcss%2Fprofile.php HTTP/2.0" 200 1109 "-" "Mozilla/5.0 AppleWebKit/537.36 (KHTML, like Gecko; compatible; ClaudeBot/1.0; +claudebot@anthropic.com)" cepali.edu.mx 192.185.131.128
18.117.217.76 - - [07/Feb/2025:14:31:17 -0600] "GET /blue/zmFM-20241119204720-20241120022104-20241124093147-20241124184121.php?a=bj&f=%2Fhome2%2Fsdektunc%2Fcepali.edu.mx%2Fwp-includes%2Fimages%2Fxit-2x-20241116110036.gif HTTP/2.0" 200 1764 "-" "Mozilla/5.0 AppleWebKit/537.36 (KHTML, like Gecko; compatible; ClaudeBot/1.0; +claudebot@anthropic.com)" cepali.edu.mx 192.185.131.128
18.188.113.19 - - [07/Feb/2025:14:31:17 -0600] "GET /blue/zmFM-20241119150653-20241120002938.php?a=bj&f=%2Fhome2%2Fsdektunc%2Fnectar.sdektun.com%2Fapple-touch-icon.png HTTP/2.0" 200 19950 "-" "Mozilla/5.0 AppleWebKit/537.36 (KHTML, like Gecko; compatible; ClaudeBot/1.0; +claudebot@anthropic.com)" cepali.edu.mx 192.185.131.128
3.142.212.51 - - [07/Feb/2025:14:31:17 -0600] "GET /blue/zmFM-20241119204720-20241120022104-20241124093147-20241124184121.php?a=bj&f=%2Fhome2%2Fsdektunc%2Fcepali.edu.mx%2Fwp-includes%2Fjs%2Fzxcvbn-async.js HTTP/2.0" 200 1361 "-" "Mozilla/5.0 AppleWebKit/537.36 (KHTML, like Gecko; compatible; ClaudeBot/1.0; +claudebot@anthropic.com)" cepali.edu.mx 192.185.131.128
18.116.90.183 - - [07/Feb/2025:14:31:17 -0600] "GET /css/colors/zmFM-20241119130657-20241124192722.php?a=bj&f=%2Fhome2%2Fsdektunc%2Fcepali.edu.mx%2Fcss%2Fdashboard.min.css HTTP/2.0" 200 7801 "-" "Mozilla/5.0 AppleWebKit/537.36 (KHTML, like Gecko; compatible; ClaudeBot/1.0; +claudebot@anthropic.com)" cepali.edu.mx 192.185.131.128
18.117.217.76 - - [07/Feb/2025:14:31:17 -0600] "GET /blue/zmFM-20241119150653-20241120002938-20241120041844-20241121134501-20241124111255.php?a=bj&f=%2Fhome2%2Fsdektunc%2Fcepali.edu.mx%2Fwp-includes%2Fjs%2Fload-20241117193937-20241118022745.php HTTP/2.0" 200 21319 "-" "Mozilla/5.0 AppleWebKit/537.36 (KHTML, like Gecko; compatible; ClaudeBot/1.0; +claudebot@anthropic.com)" cepali.edu.mx 192.185.131.128
3.138.119.128 - - [07/Feb/2025:14:30:57 -0600] "GET /wp-content/mu-plugins/muse-20241124191950.php?dl=admin-post-20241116085757-20241116144535-20241117033218-20241124020542.php&p=css HTTP/2.0" 200 - "-" "Mozilla/5.0 AppleWebKit/537.36 (KHTML, like Gecko; compatible; ClaudeBot/1.0; +claudebot@anthropic.com)" cepali.edu.mx 192.185.131.128
3.138.119.128 - - [07/Feb/2025:14:31:09 -0600] "GET /blue/zmFM-20241119204720-20241120022104-20241124093147-20241124184121.php?a=bj&f=%2Fhome2%2Fsdektunc%2Fcepali.edu.mx%2Fwp-includes%2FSimplePie%2Ferror_log-20241116073529-20241116125914. HTTP/2.0" 200 4802 "-" "Mozilla/5.0 AppleWebKit/537.36 (KHTML, like Gecko; compatible; ClaudeBot/1.0; +claudebot@anthropic.com)" cepali.edu.mx 192.185.131.128
18.188.113.19 - - [07/Feb/2025:14:31:18 -0600] "GET /blue/zmFM-20241124103106.php?a=bj&f=%2Fhome2%2Fsdektunc%2Fcepali.edu.mx%2Fwp-includes%2Fblock-bindings%2Fcompat.php HTTP/2.0" 200 6710 "-" "Mozilla/5.0 AppleWebKit/537.36 (KHTML, like Gecko; compatible; ClaudeBot/1.0; +claudebot@anthropic.com)" cepali.edu.mx 192.185.131.128
3.142.212.51 - - [07/Feb/2025:14:31:18 -0600] "GET /blue/zmFM-20241119204720-20241120022104-20241124093147-20241124184121.php?a=bj&f=%2Fhome2%2Fsdektunc%2Fcepali.edu.mx%2Fwp-includes%2Fjs%2Futils.min-20241116073230.js HTTP/2.0" 200 1799 "-" "Mozilla/5.0 AppleWebKit/537.36 (KHTML, like Gecko; compatible; ClaudeBot/1.0; +claudebot@anthropic.com)" cepali.edu.mx 192.185.131.128
18.116.90.183 - - [07/Feb/2025:14:31:18 -0600] "GET /blue/zmFM-20241119204720-20241120022104.php?a=bj&f=%2Fhome2%2Fsdektunc%2Fcepali.edu.mx%2Fwp-includes%2FPHPMailer%2Fnav-menu-20241116045848.php HTTP/2.0" 200 14419 "-" "Mozilla/5.0 AppleWebKit/537.36 (KHTML, like Gecko; compatible; ClaudeBot/1.0; +claudebot@anthropic.com)" cepali.edu.mx 192.185.131.128
18.188.113.19 - - [07/Feb/2025:14:31:18 -0600] "GET /blue/zmFM-20241124103106.php?a=bj&f=%2Fhome2%2Fsdektunc%2Fcepali.edu.mx%2Fwp-includes%2Fblock-bindings%2Fclass-wp-user.php HTTP/2.0" 200 8785 "-" "Mozilla/5.0 AppleWebKit/537.36 (KHTML, like Gecko; compatible; ClaudeBot/1.0; +claudebot@anthropic.com)" cepali.edu.mx 192.185.131.128
3.149.242.75 - - [07/Feb/2025:14:31:18 -0600] "GET /blue/zmFM-20241119150653-20241121115913-20241124014107-20241124110113.php?a=bj&f=%2Fhome2%2Fsdektunc%2Fcepali.edu.mx%2Fwp-admin%2Fcss-20241119092142%2Fcomment.min.js HTTP/2.0" 200 1617 "-" "Mozilla/5.0 AppleWebKit/537.36 (KHTML, like Gecko; compatible; ClaudeBot/1.0; +claudebot@anthropic.com)" cepali.edu.mx 192.185.131.128
3.142.212.51 - - [07/Feb/2025:14:31:18 -0600] "GET /blue/zmFM-20241119204720-20241120022104-20241124093147-20241124184121.php?a=bj&f=%2Fhome2%2Fsdektunc%2Fcepali.edu.mx%2Fwp-includes%2Fjs%2Funderscore-20241116074730.js HTTP/2.0" 200 25977 "-" "Mozilla/5.0 AppleWebKit/537.36 (KHTML, like Gecko; compatible; ClaudeBot/1.0; +claudebot@anthropic.com)" cepali.edu.mx 192.185.131.128
18.191.93.201 - - [07/Feb/2025:14:31:18 -0600] "GET /blue/zmFM-20241119150653-20241120002938.php?a=bj&f=%2Fhome2%2Fsdektunc%2Fhocabayucatan.gob.mx%2Fhtaccess.txt HTTP/2.0" 200 3870 "-" "Mozilla/5.0 AppleWebKit/537.36 (KHTML, like Gecko; compatible; ClaudeBot/1.0; +claudebot@anthropic.com)" cepali.edu.mx 192.185.131.128
18.188.113.19 - - [07/Feb/2025:14:31:19 -0600] "GET /blue/zmFM-20241119150653-20241124030056-20241124123446-20241124183912.php?d=%2Fhome2%2Fsdektunc%2Facancehyucatan.gob.mx%2FLink+Judi+Sbobet88 HTTP/2.0" 200 1519 "-" "Mozilla/5.0 AppleWebKit/537.36 (KHTML, like Gecko; compatible; ClaudeBot/1.0; +claudebot@anthropic.com)" cepali.edu.mx 192.185.131.128
18.118.166.142 - - [07/Feb/2025:14:31:19 -0600] "GET /blue/zmFM-20241119193030-20241124115810.php?a=bj&f=%2Fhome2%2Fsdektunc%2Fcepali.edu.mx%2Fwp-includes%2Fhtml-api%2Fembed-template.php HTTP/2.0" 200 1133 "-" "Mozilla/5.0 AppleWebKit/537.36 (KHTML, like Gecko; compatible; ClaudeBot/1.0; +claudebot@anthropic.com)" cepali.edu.mx 192.185.131.128
