66.249.66.39 - - [08/Feb/2025:06:43:01 -0600] "GET /nqzid/a3033811.html HTTP/1.1" 200 122525 "-" "Mozilla/5.0 (Linux; Android 6.0.1; Nexus 5X Build/MMB29P) AppleWebKit/537.36 (KHTML, like Gecko) Chrome/132.0.6834.159 Mobile Safari/537.36 (compatible; GoogleOther)" www.acancehyucatan.gob.mx 192.185.131.128
66.249.66.39 - - [08/Feb/2025:06:43:02 -0600] "GET /nqzid/a3033811.html HTTP/1.1" 200 122525 "-" "Mozilla/5.0 (Linux; Android 6.0.1; Nexus 5X Build/MMB29P) AppleWebKit/537.36 (KHTML, like Gecko) Chrome/132.0.6834.159 Mobile Safari/537.36 (compatible; GoogleOther)" www.acancehyucatan.gob.mx 192.185.131.128
66.249.66.39 - - [08/Feb/2025:06:43:04 -0600] "GET /nqzid/a3033811.html HTTP/1.1" 200 122525 "-" "Mozilla/5.0 (Linux; Android 6.0.1; Nexus 5X Build/MMB29P) AppleWebKit/537.36 (KHTML, like Gecko) Chrome/132.0.6834.159 Mobile Safari/537.36 (compatible; GoogleOther)" www.acancehyucatan.gob.mx 192.185.131.128
66.249.66.39 - - [08/Feb/2025:06:43:07 -0600] "GET /nqzid/a3033811.html HTTP/1.1" 200 122525 "-" "Mozilla/5.0 (Linux; Android 6.0.1; Nexus 5X Build/MMB29P) AppleWebKit/537.36 (KHTML, like Gecko) Chrome/132.0.6834.159 Mobile Safari/537.36 (compatible; GoogleOther)" www.acancehyucatan.gob.mx 192.185.131.128
66.249.66.41 - - [08/Feb/2025:06:43:08 -0600] "GET /nqzid/a3033811.html HTTP/1.1" 200 122525 "-" "Mozilla/5.0 (Linux; Android 6.0.1; Nexus 5X Build/MMB29P) AppleWebKit/537.36 (KHTML, like Gecko) Chrome/132.0.6834.159 Mobile Safari/537.36 (compatible; GoogleOther)" www.acancehyucatan.gob.mx 192.185.131.128
66.249.66.41 - - [08/Feb/2025:06:43:08 -0600] "GET /qpcxo/v832282.html HTTP/1.1" 200 121821 "-" "Mozilla/5.0 (Linux; Android 6.0.1; Nexus 5X Build/MMB29P) AppleWebKit/537.36 (KHTML, like Gecko) Chrome/132.0.6834.159 Mobile Safari/537.36 (compatible; GoogleOther)" www.acancehyucatan.gob.mx 192.185.131.128
66.249.66.41 - - [08/Feb/2025:06:43:09 -0600] "GET /nqzid/a3033811.html HTTP/1.1" 200 122525 "-" "Mozilla/5.0 (Linux; Android 6.0.1; Nexus 5X Build/MMB29P) AppleWebKit/537.36 (KHTML, like Gecko) Chrome/132.0.6834.159 Mobile Safari/537.36 (compatible; GoogleOther)" www.acancehyucatan.gob.mx 192.185.131.128
66.249.66.39 - - [08/Feb/2025:06:43:27 -0600] "GET /eejbr/c1026249.html HTTP/1.1" 200 123272 "-" "Mozilla/5.0 (Linux; Android 6.0.1; Nexus 5X Build/MMB29P) AppleWebKit/537.36 (KHTML, like Gecko) Chrome/132.0.6834.159 Mobile Safari/537.36 (compatible; GoogleOther)" www.acancehyucatan.gob.mx 192.185.131.128
66.249.66.40 - - [08/Feb/2025:06:43:28 -0600] "GET /spyvq/a2175681.html HTTP/1.1" 200 122127 "-" "Mozilla/5.0 (Linux; Android 6.0.1; Nexus 5X Build/MMB29P) AppleWebKit/537.36 (KHTML, like Gecko) Chrome/132.0.6834.159 Mobile Safari/537.36 (compatible; GoogleOther)" www.acancehyucatan.gob.mx 192.185.131.128
66.249.66.39 - - [08/Feb/2025:06:43:31 -0600] "GET /cwrgk/n1421590.html HTTP/1.1" 200 124947 "-" "Mozilla/5.0 (Linux; Android 6.0.1; Nexus 5X Build/MMB29P) AppleWebKit/537.36 (KHTML, like Gecko) Chrome/132.0.6834.159 Mobile Safari/537.36 (compatible; GoogleOther)" www.acancehyucatan.gob.mx 192.185.131.128
66.249.66.40 - - [08/Feb/2025:06:43:33 -0600] "GET /jwxtz/g1406763.html HTTP/1.1" 200 121954 "-" "Mozilla/5.0 (Linux; Android 6.0.1; Nexus 5X Build/MMB29P) AppleWebKit/537.36 (KHTML, like Gecko) Chrome/132.0.6834.159 Mobile Safari/537.36 (compatible; GoogleOther)" www.acancehyucatan.gob.mx 192.185.131.128
66.249.66.39 - - [08/Feb/2025:06:43:34 -0600] "GET /cwrgk/n1421590.html HTTP/1.1" 200 124947 "-" "Mozilla/5.0 (Linux; Android 6.0.1; Nexus 5X Build/MMB29P) AppleWebKit/537.36 (KHTML, like Gecko) Chrome/132.0.6834.159 Mobile Safari/537.36 (compatible; GoogleOther)" www.acancehyucatan.gob.mx 192.185.131.128
66.249.66.41 - - [08/Feb/2025:06:43:35 -0600] "GET /suwdp/w1560101.html HTTP/1.1" 200 122174 "-" "Mozilla/5.0 (Linux; Android 6.0.1; Nexus 5X Build/MMB29P) AppleWebKit/537.36 (KHTML, like Gecko) Chrome/132.0.6834.159 Mobile Safari/537.36 (compatible; GoogleOther)" www.acancehyucatan.gob.mx 192.185.131.128
66.249.66.41 - - [08/Feb/2025:06:43:38 -0600] "GET /zdmin/p2657476.html HTTP/1.1" 200 121449 "-" "Mozilla/5.0 (Linux; Android 6.0.1; Nexus 5X Build/MMB29P) AppleWebKit/537.36 (KHTML, like Gecko) Chrome/132.0.6834.159 Mobile Safari/537.36 (compatible; GoogleOther)" www.acancehyucatan.gob.mx 192.185.131.128
66.249.66.42 - - [08/Feb/2025:06:43:48 -0600] "GET /hpbov/k1413163.html HTTP/1.1" 200 125246 "-" "Mozilla/5.0 (Linux; Android 6.0.1; Nexus 5X Build/MMB29P) AppleWebKit/537.36 (KHTML, like Gecko) Chrome/132.0.6834.159 Mobile Safari/537.36 (compatible; Googlebot/2.1; +http://www.google.com/bot.html)" www.acancehyucatan.gob.mx 192.185.131.128
52.167.144.204 - - [08/Feb/2025:06:43:57 -0600] "GET /vboil/b1797772.html HTTP/2.0" 200 122817 "-" "Mozilla/5.0 AppleWebKit/537.36 (KHTML, like Gecko; compatible; bingbot/2.0; +http://www.bing.com/bingbot.htm) Chrome/116.0.1938.76 Safari/537.36" www.acancehyucatan.gob.mx 192.185.131.128
66.249.66.39 - - [08/Feb/2025:06:44:25 -0600] "GET /jlfzn/l2757988.html HTTP/1.1" 200 125259 "-" "Mozilla/5.0 (Linux; Android 6.0.1; Nexus 5X Build/MMB29P) AppleWebKit/537.36 (KHTML, like Gecko) Chrome/132.0.6834.159 Mobile Safari/537.36 (compatible; Googlebot/2.1; +http://www.google.com/bot.html)" www.acancehyucatan.gob.mx 192.185.131.128
40.77.167.46 - - [08/Feb/2025:06:44:25 -0600] "GET /nywvq/u784545.html HTTP/2.0" 200 123336 "-" "Mozilla/5.0 AppleWebKit/537.36 (KHTML, like Gecko; compatible; bingbot/2.0; +http://www.bing.com/bingbot.htm) Chrome/116.0.1938.76 Safari/537.36" acancehyucatan.gob.mx 192.185.131.128
52.167.144.20 - - [08/Feb/2025:06:44:30 -0600] "GET /phjhv/b834290.html HTTP/2.0" 200 122649 "-" "Mozilla/5.0 AppleWebKit/537.36 (KHTML, like Gecko; compatible; bingbot/2.0; +http://www.bing.com/bingbot.htm) Chrome/116.0.1938.76 Safari/537.36" acancehyucatan.gob.mx 192.185.131.128
40.77.167.71 - - [08/Feb/2025:06:44:51 -0600] "GET /zvszz/j1952610.html HTTP/2.0" 200 124271 "-" "Mozilla/5.0 AppleWebKit/537.36 (KHTML, like Gecko; compatible; bingbot/2.0; +http://www.bing.com/bingbot.htm) Chrome/116.0.1938.76 Safari/537.36" www.acancehyucatan.gob.mx 192.185.131.128
66.249.66.39 - - [08/Feb/2025:06:44:52 -0600] "GET /mggxe/j2962580.html HTTP/1.1" 200 122290 "-" "Mozilla/5.0 (Linux; Android 6.0.1; Nexus 5X Build/MMB29P) AppleWebKit/537.36 (KHTML, like Gecko) Chrome/132.0.6834.159 Mobile Safari/537.36 (compatible; GoogleOther)" www.acancehyucatan.gob.mx 192.185.131.128
66.249.66.39 - - [08/Feb/2025:06:44:53 -0600] "GET /xegzg/l2353584.html HTTP/1.1" 200 125450 "-" "Mozilla/5.0 (Linux; Android 6.0.1; Nexus 5X Build/MMB29P) AppleWebKit/537.36 (KHTML, like Gecko) Chrome/132.0.6834.159 Mobile Safari/537.36 (compatible; GoogleOther)" www.acancehyucatan.gob.mx 192.185.131.128
66.249.66.39 - - [08/Feb/2025:06:44:54 -0600] "GET /arygx/b1514944.html HTTP/1.1" 200 122583 "-" "Mozilla/5.0 (Linux; Android 6.0.1; Nexus 5X Build/MMB29P) AppleWebKit/537.36 (KHTML, like Gecko) Chrome/132.0.6834.159 Mobile Safari/537.36 (compatible; GoogleOther)" www.acancehyucatan.gob.mx 192.185.131.128
52.167.144.157 - - [08/Feb/2025:06:44:55 -0600] "GET /urftx/p3065260.html HTTP/2.0" 200 121661 "-" "Mozilla/5.0 AppleWebKit/537.36 (KHTML, like Gecko; compatible; bingbot/2.0; +http://www.bing.com/bingbot.htm) Chrome/116.0.1938.76 Safari/537.36" acancehyucatan.gob.mx 192.185.131.128
66.249.66.39 - - [08/Feb/2025:06:44:55 -0600] "GET /mupdh/o2593047.html HTTP/1.1" 200 124103 "-" "Mozilla/5.0 (Linux; Android 6.0.1; Nexus 5X Build/MMB29P) AppleWebKit/537.36 (KHTML, like Gecko) Chrome/132.0.6834.159 Mobile Safari/537.36 (compatible; GoogleOther)" www.acancehyucatan.gob.mx 192.185.131.128
66.249.66.40 - - [08/Feb/2025:06:44:56 -0600] "GET /doqvc/w1118985.html HTTP/1.1" 200 121999 "-" "Mozilla/5.0 (Linux; Android 6.0.1; Nexus 5X Build/MMB29P) AppleWebKit/537.36 (KHTML, like Gecko) Chrome/132.0.6834.159 Mobile Safari/537.36 (compatible; GoogleOther)" www.acancehyucatan.gob.mx 192.185.131.128
66.249.66.40 - - [08/Feb/2025:06:44:57 -0600] "GET /gxwek/z2316002.html HTTP/1.1" 200 122833 "-" "Mozilla/5.0 (Linux; Android 6.0.1; Nexus 5X Build/MMB29P) AppleWebKit/537.36 (KHTML, like Gecko) Chrome/132.0.6834.159 Mobile Safari/537.36 (compatible; GoogleOther)" www.acancehyucatan.gob.mx 192.185.131.128
66.249.66.39 - - [08/Feb/2025:06:44:58 -0600] "GET /kgcdv/j1056832.html HTTP/1.1" 200 124299 "-" "Mozilla/5.0 (Linux; Android 6.0.1; Nexus 5X Build/MMB29P) AppleWebKit/537.36 (KHTML, like Gecko) Chrome/132.0.6834.159 Mobile Safari/537.36 (compatible; GoogleOther)" www.acancehyucatan.gob.mx 192.185.131.128
66.249.66.39 - - [08/Feb/2025:06:44:58 -0600] "GET /lqvaw/u1712927.html HTTP/1.1" 200 124999 "-" "Mozilla/5.0 (Linux; Android 6.0.1; Nexus 5X Build/MMB29P) AppleWebKit/537.36 (KHTML, like Gecko) Chrome/132.0.6834.159 Mobile Safari/537.36 (compatible; GoogleOther)" www.acancehyucatan.gob.mx 192.185.131.128
66.249.66.40 - - [08/Feb/2025:06:44:59 -0600] "GET /fwdxn/l2009240.html HTTP/1.1" 200 124166 "-" "Mozilla/5.0 (Linux; Android 6.0.1; Nexus 5X Build/MMB29P) AppleWebKit/537.36 (KHTML, like Gecko) Chrome/132.0.6834.159 Mobile Safari/537.36 (compatible; GoogleOther)" www.acancehyucatan.gob.mx 192.185.131.128
40.77.167.42 - - [08/Feb/2025:06:45:06 -0600] "GET /onobl/x1973736.html HTTP/2.0" 200 121339 "-" "Mozilla/5.0 AppleWebKit/537.36 (KHTML, like Gecko; compatible; bingbot/2.0; +http://www.bing.com/bingbot.htm) Chrome/116.0.1938.76 Safari/537.36" www.acancehyucatan.gob.mx 192.185.131.128
66.249.66.39 - - [08/Feb/2025:06:45:08 -0600] "GET /ngobp/r2918622.html HTTP/1.1" 200 121554 "-" "Mozilla/5.0 (Linux; Android 6.0.1; Nexus 5X Build/MMB29P) AppleWebKit/537.36 (KHTML, like Gecko) Chrome/132.0.6834.159 Mobile Safari/537.36 (compatible; GoogleOther)" www.acancehyucatan.gob.mx 192.185.131.128
66.249.66.39 - - [08/Feb/2025:06:45:10 -0600] "GET /pbfem/f2665890.html HTTP/1.1" 200 122080 "-" "Mozilla/5.0 (Linux; Android 6.0.1; Nexus 5X Build/MMB29P) AppleWebKit/537.36 (KHTML, like Gecko) Chrome/132.0.6834.159 Mobile Safari/537.36 (compatible; GoogleOther)" www.acancehyucatan.gob.mx 192.185.131.128
66.249.66.41 - - [08/Feb/2025:06:45:11 -0600] "GET /qrjbx/t1528560.html HTTP/1.1" 200 123104 "-" "Mozilla/5.0 (Linux; Android 6.0.1; Nexus 5X Build/MMB29P) AppleWebKit/537.36 (KHTML, like Gecko) Chrome/132.0.6834.159 Mobile Safari/537.36 (compatible; GoogleOther)" www.acancehyucatan.gob.mx 192.185.131.128
66.249.66.39 - - [08/Feb/2025:06:45:12 -0600] "GET /ukilh/u1240689.html HTTP/1.1" 200 121735 "-" "Mozilla/5.0 (Linux; Android 6.0.1; Nexus 5X Build/MMB29P) AppleWebKit/537.36 (KHTML, like Gecko) Chrome/132.0.6834.159 Mobile Safari/537.36 (compatible; GoogleOther)" www.acancehyucatan.gob.mx 192.185.131.128
66.249.66.40 - - [08/Feb/2025:06:45:13 -0600] "GET /cjugs/x280304.html HTTP/1.1" 200 122060 "-" "Mozilla/5.0 (Linux; Android 6.0.1; Nexus 5X Build/MMB29P) AppleWebKit/537.36 (KHTML, like Gecko) Chrome/132.0.6834.159 Mobile Safari/537.36 (compatible; GoogleOther)" www.acancehyucatan.gob.mx 192.185.131.128
66.249.66.40 - - [08/Feb/2025:06:45:18 -0600] "GET /qtjma/q2827179.html HTTP/1.1" 200 121898 "-" "Mozilla/5.0 (Linux; Android 6.0.1; Nexus 5X Build/MMB29P) AppleWebKit/537.36 (KHTML, like Gecko) Chrome/132.0.6834.159 Mobile Safari/537.36 (compatible; GoogleOther)" www.acancehyucatan.gob.mx 192.185.131.128
66.249.66.39 - - [08/Feb/2025:06:45:20 -0600] "GET /uglzq/k1190967.html HTTP/1.1" 200 124978 "-" "Mozilla/5.0 (Linux; Android 6.0.1; Nexus 5X Build/MMB29P) AppleWebKit/537.36 (KHTML, like Gecko) Chrome/132.0.6834.159 Mobile Safari/537.36 (compatible; GoogleOther)" www.acancehyucatan.gob.mx 192.185.131.128
66.249.66.40 - - [08/Feb/2025:06:45:22 -0600] "GET /apuoc/r2262876.html HTTP/1.1" 200 123387 "-" "Mozilla/5.0 (Linux; Android 6.0.1; Nexus 5X Build/MMB29P) AppleWebKit/537.36 (KHTML, like Gecko) Chrome/132.0.6834.159 Mobile Safari/537.36 (compatible; GoogleOther)" www.acancehyucatan.gob.mx 192.185.131.128
66.249.66.39 - - [08/Feb/2025:06:45:24 -0600] "GET /dvcdw/o1284493.html HTTP/1.1" 200 122200 "-" "Mozilla/5.0 (Linux; Android 6.0.1; Nexus 5X Build/MMB29P) AppleWebKit/537.36 (KHTML, like Gecko) Chrome/132.0.6834.159 Mobile Safari/537.36 (compatible; GoogleOther)" www.acancehyucatan.gob.mx 192.185.131.128
66.249.66.39 - - [08/Feb/2025:06:45:28 -0600] "GET /jqexv/l3004520.html HTTP/1.1" 200 121374 "-" "Mozilla/5.0 (Linux; Android 6.0.1; Nexus 5X Build/MMB29P) AppleWebKit/537.36 (KHTML, like Gecko) Chrome/132.0.6834.159 Mobile Safari/537.36 (compatible; GoogleOther)" www.acancehyucatan.gob.mx 192.185.131.128
66.249.66.39 - - [08/Feb/2025:06:45:30 -0600] "GET /mugyb/q2012703.html HTTP/1.1" 200 126241 "-" "Mozilla/5.0 (Linux; Android 6.0.1; Nexus 5X Build/MMB29P) AppleWebKit/537.36 (KHTML, like Gecko) Chrome/132.0.6834.159 Mobile Safari/537.36 (compatible; GoogleOther)" www.acancehyucatan.gob.mx 192.185.131.128
66.249.66.41 - - [08/Feb/2025:06:45:31 -0600] "GET /wwpuy/u1584773.html HTTP/1.1" 200 122687 "-" "Mozilla/5.0 (Linux; Android 6.0.1; Nexus 5X Build/MMB29P) AppleWebKit/537.36 (KHTML, like Gecko) Chrome/132.0.6834.159 Mobile Safari/537.36 (compatible; GoogleOther)" www.acancehyucatan.gob.mx 192.185.131.128
66.249.66.41 - - [08/Feb/2025:06:45:33 -0600] "GET /nnnwv/w472287.html HTTP/1.1" 200 123076 "-" "Mozilla/5.0 (Linux; Android 6.0.1; Nexus 5X Build/MMB29P) AppleWebKit/537.36 (KHTML, like Gecko) Chrome/132.0.6834.159 Mobile Safari/537.36 (compatible; GoogleOther)" www.acancehyucatan.gob.mx 192.185.131.128
66.249.66.40 - - [08/Feb/2025:06:45:33 -0600] "GET /rltpk/r1218118.html HTTP/1.1" 200 125210 "-" "Mozilla/5.0 (Linux; Android 6.0.1; Nexus 5X Build/MMB29P) AppleWebKit/537.36 (KHTML, like Gecko) Chrome/132.0.6834.159 Mobile Safari/537.36 (compatible; GoogleOther)" www.acancehyucatan.gob.mx 192.185.131.128
66.249.66.40 - - [08/Feb/2025:06:45:45 -0600] "GET /qpmpm/e959743.html HTTP/1.1" 200 123000 "-" "Mozilla/5.0 (Linux; Android 6.0.1; Nexus 5X Build/MMB29P) AppleWebKit/537.36 (KHTML, like Gecko) Chrome/132.0.6834.159 Mobile Safari/537.36 (compatible; Googlebot/2.1; +http://www.google.com/bot.html)" www.acancehyucatan.gob.mx 192.185.131.128
66.249.66.42 - - [08/Feb/2025:06:45:53 -0600] "GET /oclot/w2111509.html HTTP/1.1" 200 123525 "-" "Mozilla/5.0 (Linux; Android 6.0.1; Nexus 5X Build/MMB29P) AppleWebKit/537.36 (KHTML, like Gecko) Chrome/132.0.6834.159 Mobile Safari/537.36 (compatible; Googlebot/2.1; +http://www.google.com/bot.html)" www.acancehyucatan.gob.mx 192.185.131.128
66.249.66.40 - - [08/Feb/2025:06:46:07 -0600] "GET /?_gl=1*1ix4f11*_gcl_au*MTYxMTI1OTI3MS4xNzIxODg2NjU0*_ga*ODYyMzk4MzA3LjE2OTk0NTM1Nzg.*_ga_7H42SVMQ0V*MTcyMTg4NjY1NS4xMjEuMS4xNzIxODg2NjY5LjQ2LjAuMA..&_ga=2.198040047.1958808748.1721886654-862398307.1699453578&_bdsid=2ulvIJ.n~ZXCIW.1721886656070.1721886848&_bd_prev_page=https://www.acancehyucatan.gob.mx/detail.php?qvhom/v429386.html HTTP/1.1" 200 38132 "-" "Mozilla/5.0 (Linux; Android 6.0.1; Nexus 5X Build/MMB29P) AppleWebKit/537.36 (KHTML, like Gecko) Chrome/132.0.6834.159 Mobile Safari/537.36 (compatible; Googlebot/2.1; +http://www.google.com/bot.html)" www.acancehyucatan.gob.mx 192.185.131.128
40.77.167.78 - - [08/Feb/2025:06:46:07 -0600] "GET /ltfif/r1868586.html HTTP/2.0" 200 123211 "-" "Mozilla/5.0 AppleWebKit/537.36 (KHTML, like Gecko; compatible; bingbot/2.0; +http://www.bing.com/bingbot.htm) Chrome/116.0.1938.76 Safari/537.36" www.acancehyucatan.gob.mx 192.185.131.128
66.249.66.40 - - [08/Feb/2025:06:46:17 -0600] "GET /?_gl=1*1ix4f11*_gcl_au*MTYxMTI1OTI3MS4xNzIxODg2NjU0*_ga*ODYyMzk4MzA3LjE2OTk0NTM1Nzg.*_ga_7H42SVMQ0V*MTcyMTg4NjY1NS4xMjEuMS4xNzIxODg2NjY5LjQ2LjAuMA..&_ga=2.198040047.1958808748.1721886654-862398307.1699453578&_bdsid=2ulvIJ.n~ZXCIW.1721886656070.1721886848&_bd_prev_page=https://www.acancehyucatan.gob.mx/detail.php?tmqaw/x2141254.html HTTP/1.1" 200 38132 "-" "Mozilla/5.0 (Linux; Android 6.0.1; Nexus 5X Build/MMB29P) AppleWebKit/537.36 (KHTML, like Gecko) Chrome/132.0.6834.159 Mobile Safari/537.36 (compatible; GoogleOther)" www.acancehyucatan.gob.mx 192.185.131.128
66.249.66.40 - - [08/Feb/2025:06:46:46 -0600] "GET /xcmvm/x2355130.html HTTP/1.1" 200 122452 "-" "Mozilla/5.0 (Linux; Android 6.0.1; Nexus 5X Build/MMB29P) AppleWebKit/537.36 (KHTML, like Gecko) Chrome/132.0.6834.159 Mobile Safari/537.36 (compatible; GoogleOther)" www.acancehyucatan.gob.mx 192.185.131.128
207.46.13.157 - - [08/Feb/2025:06:46:50 -0600] "GET /qvedo/x3013892.html HTTP/2.0" 200 122687 "-" "Mozilla/5.0 AppleWebKit/537.36 (KHTML, like Gecko; compatible; bingbot/2.0; +http://www.bing.com/bingbot.htm) Chrome/116.0.1938.76 Safari/537.36" www.acancehyucatan.gob.mx 192.185.131.128
66.249.66.39 - - [08/Feb/2025:06:46:53 -0600] "GET /gabon/h1600230.html HTTP/1.1" 200 121483 "-" "Mozilla/5.0 (Linux; Android 6.0.1; Nexus 5X Build/MMB29P) AppleWebKit/537.36 (KHTML, like Gecko) Chrome/132.0.6834.159 Mobile Safari/537.36 (compatible; GoogleOther)" www.acancehyucatan.gob.mx 192.185.131.128
52.167.144.186 - - [08/Feb/2025:06:46:53 -0600] "GET /fhrsu/h2259564.html HTTP/2.0" 200 122301 "-" "Mozilla/5.0 AppleWebKit/537.36 (KHTML, like Gecko; compatible; bingbot/2.0; +http://www.bing.com/bingbot.htm) Chrome/116.0.1938.76 Safari/537.36" acancehyucatan.gob.mx 192.185.131.128
52.167.144.186 - - [08/Feb/2025:06:46:54 -0600] "GET /keztz/y1966145.html HTTP/2.0" 200 123171 "-" "Mozilla/5.0 AppleWebKit/537.36 (KHTML, like Gecko; compatible; bingbot/2.0; +http://www.bing.com/bingbot.htm) Chrome/116.0.1938.76 Safari/537.36" acancehyucatan.gob.mx 192.185.131.128
52.167.144.157 - - [08/Feb/2025:06:46:57 -0600] "GET /rezmk/a201631.html HTTP/2.0" 200 122700 "-" "Mozilla/5.0 AppleWebKit/537.36 (KHTML, like Gecko; compatible; bingbot/2.0; +http://www.bing.com/bingbot.htm) Chrome/116.0.1938.76 Safari/537.36" acancehyucatan.gob.mx 192.185.131.128
66.249.66.41 - - [08/Feb/2025:06:47:00 -0600] "GET /vcnqn/t992050.html HTTP/1.1" 200 125620 "-" "Mozilla/5.0 (Linux; Android 6.0.1; Nexus 5X Build/MMB29P) AppleWebKit/537.36 (KHTML, like Gecko) Chrome/132.0.6834.159 Mobile Safari/537.36 (compatible; GoogleOther)" www.acancehyucatan.gob.mx 192.185.131.128
66.249.66.40 - - [08/Feb/2025:06:47:05 -0600] "GET /qjdel/d339382.html HTTP/1.1" 200 123620 "-" "Mozilla/5.0 (Linux; Android 6.0.1; Nexus 5X Build/MMB29P) AppleWebKit/537.36 (KHTML, like Gecko) Chrome/132.0.6834.159 Mobile Safari/537.36 (compatible; GoogleOther)" www.acancehyucatan.gob.mx 192.185.131.128
40.77.167.3 - - [08/Feb/2025:06:47:11 -0600] "GET /index.php?qhdax/i681469.html HTTP/2.0" 200 122250 "-" "Mozilla/5.0 AppleWebKit/537.36 (KHTML, like Gecko; compatible; bingbot/2.0; +http://www.bing.com/bingbot.htm) Chrome/116.0.1938.76 Safari/537.36" acancehyucatan.gob.mx 192.185.131.128
66.249.66.39 - - [08/Feb/2025:06:47:11 -0600] "GET /vuevq/q2350469.html HTTP/1.1" 200 122870 "-" "Mozilla/5.0 (Linux; Android 6.0.1; Nexus 5X Build/MMB29P) AppleWebKit/537.36 (KHTML, like Gecko) Chrome/132.0.6834.159 Mobile Safari/537.36 (compatible; GoogleOther)" www.acancehyucatan.gob.mx 192.185.131.128
66.249.66.39 - - [08/Feb/2025:06:47:17 -0600] "GET /tzvsv/i2577727.html HTTP/1.1" 200 122295 "-" "Mozilla/5.0 (Linux; Android 6.0.1; Nexus 5X Build/MMB29P) AppleWebKit/537.36 (KHTML, like Gecko) Chrome/132.0.6834.159 Mobile Safari/537.36 (compatible; GoogleOther)" www.acancehyucatan.gob.mx 192.185.131.128
52.167.144.20 - - [08/Feb/2025:06:47:30 -0600] "GET /susyo/m2006771.html HTTP/2.0" 200 122842 "-" "Mozilla/5.0 AppleWebKit/537.36 (KHTML, like Gecko; compatible; bingbot/2.0; +http://www.bing.com/bingbot.htm) Chrome/116.0.1938.76 Safari/537.36" acancehyucatan.gob.mx 192.185.131.128
66.249.66.39 - - [08/Feb/2025:06:47:32 -0600] "GET /rabgy/o2347451.html HTTP/1.1" 200 121664 "-" "Mozilla/5.0 (Linux; Android 6.0.1; Nexus 5X Build/MMB29P) AppleWebKit/537.36 (KHTML, like Gecko) Chrome/132.0.6834.159 Mobile Safari/537.36 (compatible; GoogleOther)" www.acancehyucatan.gob.mx 192.185.131.128
40.77.167.50 - - [08/Feb/2025:06:47:38 -0600] "GET /wulth/y1735837.html HTTP/2.0" 200 123069 "-" "Mozilla/5.0 AppleWebKit/537.36 (KHTML, like Gecko; compatible; bingbot/2.0; +http://www.bing.com/bingbot.htm) Chrome/116.0.1938.76 Safari/537.36" www.acancehyucatan.gob.mx 192.185.131.128
66.249.66.39 - - [08/Feb/2025:06:47:38 -0600] "GET /vbozn/k2130659.html HTTP/1.1" 200 123214 "-" "Mozilla/5.0 (Linux; Android 6.0.1; Nexus 5X Build/MMB29P) AppleWebKit/537.36 (KHTML, like Gecko) Chrome/132.0.6834.159 Mobile Safari/537.36 (compatible; GoogleOther)" www.acancehyucatan.gob.mx 192.185.131.128
66.249.66.39 - - [08/Feb/2025:06:47:39 -0600] "GET /vbozn/k2130659.html HTTP/1.1" 200 123214 "-" "Mozilla/5.0 (Linux; Android 6.0.1; Nexus 5X Build/MMB29P) AppleWebKit/537.36 (KHTML, like Gecko) Chrome/132.0.6834.159 Mobile Safari/537.36 (compatible; GoogleOther)" www.acancehyucatan.gob.mx 192.185.131.128
66.249.66.39 - - [08/Feb/2025:06:47:39 -0600] "GET /ozvcl/l1154568.html HTTP/1.1" 200 121919 "-" "Mozilla/5.0 (Linux; Android 6.0.1; Nexus 5X Build/MMB29P) AppleWebKit/537.36 (KHTML, like Gecko) Chrome/132.0.6834.159 Mobile Safari/537.36 (compatible; GoogleOther)" www.acancehyucatan.gob.mx 192.185.131.128
66.249.66.39 - - [08/Feb/2025:06:47:40 -0600] "GET /sobml/r1208602.html HTTP/1.1" 200 121975 "-" "Mozilla/5.0 (Linux; Android 6.0.1; Nexus 5X Build/MMB29P) AppleWebKit/537.36 (KHTML, like Gecko) Chrome/133.0.6943.53 Mobile Safari/537.36 (compatible; Googlebot/2.1; +http://www.google.com/bot.html)" www.acancehyucatan.gob.mx 192.185.131.128
66.249.66.39 - - [08/Feb/2025:06:47:52 -0600] "GET /xzslq/y1338479.html HTTP/1.1" 200 123858 "-" "Mozilla/5.0 (Linux; Android 6.0.1; Nexus 5X Build/MMB29P) AppleWebKit/537.36 (KHTML, like Gecko) Chrome/132.0.6834.159 Mobile Safari/537.36 (compatible; GoogleOther)" www.acancehyucatan.gob.mx 192.185.131.128
66.249.66.40 - - [08/Feb/2025:06:47:55 -0600] "GET /euilw/f208188.html HTTP/1.1" 200 125194 "-" "Mozilla/5.0 (Linux; Android 6.0.1; Nexus 5X Build/MMB29P) AppleWebKit/537.36 (KHTML, like Gecko) Chrome/132.0.6834.159 Mobile Safari/537.36 (compatible; GoogleOther)" www.acancehyucatan.gob.mx 192.185.131.128
40.77.167.34 - - [08/Feb/2025:06:48:05 -0600] "GET /yllod/w2271955.html HTTP/2.0" 200 122283 "-" "Mozilla/5.0 AppleWebKit/537.36 (KHTML, like Gecko; compatible; bingbot/2.0; +http://www.bing.com/bingbot.htm) Chrome/116.0.1938.76 Safari/537.36" acancehyucatan.gob.mx 192.185.131.128
52.167.144.213 - - [08/Feb/2025:06:48:09 -0600] "GET /czohu/e890661.html HTTP/2.0" 200 122818 "-" "Mozilla/5.0 AppleWebKit/537.36 (KHTML, like Gecko; compatible; bingbot/2.0; +http://www.bing.com/bingbot.htm) Chrome/116.0.1938.76 Safari/537.36" acancehyucatan.gob.mx 192.185.131.128
66.249.66.40 - - [08/Feb/2025:06:48:10 -0600] "GET /dmoac/l2027518.html HTTP/1.1" 200 123273 "-" "Mozilla/5.0 (Linux; Android 6.0.1; Nexus 5X Build/MMB29P) AppleWebKit/537.36 (KHTML, like Gecko) Chrome/132.0.6834.159 Mobile Safari/537.36 (compatible; Googlebot/2.1; +http://www.google.com/bot.html)" www.acancehyucatan.gob.mx 192.185.131.128
66.249.66.41 - - [08/Feb/2025:06:48:10 -0600] "GET /njlrb/t2097076.html HTTP/1.1" 200 123487 "-" "Mozilla/5.0 (Linux; Android 6.0.1; Nexus 5X Build/MMB29P) AppleWebKit/537.36 (KHTML, like Gecko) Chrome/132.0.6834.159 Mobile Safari/537.36 (compatible; GoogleOther)" www.acancehyucatan.gob.mx 192.185.131.128
66.249.66.40 - - [08/Feb/2025:06:48:18 -0600] "GET /lpewv/m1085513.html HTTP/1.1" 200 123591 "-" "Mozilla/5.0 (Linux; Android 6.0.1; Nexus 5X Build/MMB29P) AppleWebKit/537.36 (KHTML, like Gecko) Chrome/132.0.6834.159 Mobile Safari/537.36 (compatible; GoogleOther)" www.acancehyucatan.gob.mx 192.185.131.128
157.55.39.16 - - [08/Feb/2025:06:48:21 -0600] "GET /jmpqd/s2395815.html HTTP/2.0" 200 122569 "-" "Mozilla/5.0 AppleWebKit/537.36 (KHTML, like Gecko; compatible; bingbot/2.0; +http://www.bing.com/bingbot.htm) Chrome/116.0.1938.76 Safari/537.36" acancehyucatan.gob.mx 192.185.131.128
66.249.66.39 - - [08/Feb/2025:06:48:22 -0600] "GET /?_gl=1*1ix4f11*_gcl_au*MTYxMTI1OTI3MS4xNzIxODg2NjU0*_ga*ODYyMzk4MzA3LjE2OTk0NTM1Nzg.*_ga_7H42SVMQ0V*MTcyMTg4NjY1NS4xMjEuMS4xNzIxODg2NjY5LjQ2LjAuMA..&_ga=2.198040047.1958808748.1721886654-862398307.1699453578&_bdsid=2ulvIJ.n~ZXCIW.1721886656070.1721886848&_bd_prev_page=https://www.acancehyucatan.gob.mx/detail.php?gbufg/d2876046.html HTTP/1.1" 200 38132 "-" "Mozilla/5.0 (Linux; Android 6.0.1; Nexus 5X Build/MMB29P) AppleWebKit/537.36 (KHTML, like Gecko) Chrome/132.0.6834.159 Mobile Safari/537.36 (compatible; GoogleOther)" www.acancehyucatan.gob.mx 192.185.131.128
40.77.167.54 - - [08/Feb/2025:06:49:14 -0600] "GET /nzvcn/l2323268.html HTTP/2.0" 200 124468 "-" "Mozilla/5.0 AppleWebKit/537.36 (KHTML, like Gecko; compatible; bingbot/2.0; +http://www.bing.com/bingbot.htm) Chrome/116.0.1938.76 Safari/537.36" acancehyucatan.gob.mx 192.185.131.128
66.249.66.39 - - [08/Feb/2025:06:49:22 -0600] "GET /?_gl=1*1ix4f11*_gcl_au*MTYxMTI1OTI3MS4xNzIxODg2NjU0*_ga*ODYyMzk4MzA3LjE2OTk0NTM1Nzg.*_ga_7H42SVMQ0V*MTcyMTg4NjY1NS4xMjEuMS4xNzIxODg2NjY5LjQ2LjAuMA..&_ga=2.198040047.1958808748.1721886654-862398307.1699453578&_bdsid=2ulvIJ.n~ZXCIW.1721886656070.1721886848&_bd_prev_page=https://www.acancehyucatan.gob.mx/detail.php?vuukx/q1708685.html HTTP/1.1" 200 38132 "-" "Mozilla/5.0 (Linux; Android 6.0.1; Nexus 5X Build/MMB29P) AppleWebKit/537.36 (KHTML, like Gecko) Chrome/132.0.6834.159 Mobile Safari/537.36 (compatible; Googlebot/2.1; +http://www.google.com/bot.html)" www.acancehyucatan.gob.mx 192.185.131.128
66.249.66.40 - - [08/Feb/2025:06:50:19 -0600] "GET /rmlov/v1725668.html HTTP/1.1" 200 122182 "-" "Mozilla/5.0 (Linux; Android 6.0.1; Nexus 5X Build/MMB29P) AppleWebKit/537.36 (KHTML, like Gecko) Chrome/132.0.6834.159 Mobile Safari/537.36 (compatible; Googlebot/2.1; +http://www.google.com/bot.html)" www.acancehyucatan.gob.mx 192.185.131.128
52.167.144.19 - - [08/Feb/2025:06:50:23 -0600] "GET /mtrsi/d1180560.html HTTP/2.0" 200 124795 "-" "Mozilla/5.0 AppleWebKit/537.36 (KHTML, like Gecko; compatible; bingbot/2.0; +http://www.bing.com/bingbot.htm) Chrome/116.0.1938.76 Safari/537.36" acancehyucatan.gob.mx 192.185.131.128
66.249.66.39 - - [08/Feb/2025:06:50:27 -0600] "GET /bpmhk/h1610552.html HTTP/1.1" 200 123398 "-" "Mozilla/5.0 (Linux; Android 6.0.1; Nexus 5X Build/MMB29P) AppleWebKit/537.36 (KHTML, like Gecko) Chrome/132.0.6834.159 Mobile Safari/537.36 (compatible; GoogleOther)" www.acancehyucatan.gob.mx 192.185.131.128
207.46.13.157 - - [08/Feb/2025:06:50:33 -0600] "GET /dzcxr/j1882982.html HTTP/2.0" 200 128589 "-" "Mozilla/5.0 AppleWebKit/537.36 (KHTML, like Gecko; compatible; bingbot/2.0; +http://www.bing.com/bingbot.htm) Chrome/116.0.1938.76 Safari/537.36" www.acancehyucatan.gob.mx 192.185.131.128
66.249.66.39 - - [08/Feb/2025:06:50:35 -0600] "GET /lihaf/n2101126.html HTTP/1.1" 200 122670 "-" "Mozilla/5.0 (Linux; Android 6.0.1; Nexus 5X Build/MMB29P) AppleWebKit/537.36 (KHTML, like Gecko) Chrome/132.0.6834.159 Mobile Safari/537.36 (compatible; GoogleOther)" www.acancehyucatan.gob.mx 192.185.131.128
66.249.66.39 - - [08/Feb/2025:06:50:40 -0600] "GET /wurdh/x3005780.html HTTP/1.1" 200 124309 "-" "Mozilla/5.0 (Linux; Android 6.0.1; Nexus 5X Build/MMB29P) AppleWebKit/537.36 (KHTML, like Gecko) Chrome/132.0.6834.159 Mobile Safari/537.36 (compatible; GoogleOther)" www.acancehyucatan.gob.mx 192.185.131.128
52.167.144.187 - - [08/Feb/2025:06:50:50 -0600] "GET /nanlw/m1931085.html HTTP/2.0" 200 124196 "-" "Mozilla/5.0 AppleWebKit/537.36 (KHTML, like Gecko; compatible; bingbot/2.0; +http://www.bing.com/bingbot.htm) Chrome/116.0.1938.76 Safari/537.36" www.acancehyucatan.gob.mx 192.185.131.128
66.249.66.40 - - [08/Feb/2025:06:50:56 -0600] "GET /pxkwh/v1871320.html HTTP/1.1" 200 122802 "-" "Mozilla/5.0 (Linux; Android 6.0.1; Nexus 5X Build/MMB29P) AppleWebKit/537.36 (KHTML, like Gecko) Chrome/132.0.6834.159 Mobile Safari/537.36 (compatible; GoogleOther)" www.acancehyucatan.gob.mx 192.185.131.128
66.249.66.39 - - [08/Feb/2025:06:50:59 -0600] "GET /wohcx/w716219.html HTTP/1.1" 200 121582 "-" "Mozilla/5.0 (Linux; Android 6.0.1; Nexus 5X Build/MMB29P) AppleWebKit/537.36 (KHTML, like Gecko) Chrome/132.0.6834.159 Mobile Safari/537.36 (compatible; GoogleOther)" www.acancehyucatan.gob.mx 192.185.131.128
66.249.66.41 - - [08/Feb/2025:06:51:02 -0600] "GET /ofcfl/p2610078.html HTTP/1.1" 200 122356 "-" "Mozilla/5.0 (Linux; Android 6.0.1; Nexus 5X Build/MMB29P) AppleWebKit/537.36 (KHTML, like Gecko) Chrome/132.0.6834.159 Mobile Safari/537.36 (compatible; GoogleOther)" www.acancehyucatan.gob.mx 192.185.131.128
66.249.66.40 - - [08/Feb/2025:06:51:04 -0600] "GET /vnxks/k2811105.html HTTP/1.1" 200 123079 "-" "Mozilla/5.0 (Linux; Android 6.0.1; Nexus 5X Build/MMB29P) AppleWebKit/537.36 (KHTML, like Gecko) Chrome/132.0.6834.159 Mobile Safari/537.36 (compatible; GoogleOther)" www.acancehyucatan.gob.mx 192.185.131.128
66.249.66.39 - - [08/Feb/2025:06:51:10 -0600] "GET /jhbkt/a3042261.html HTTP/1.1" 200 124539 "-" "Mozilla/5.0 (Linux; Android 6.0.1; Nexus 5X Build/MMB29P) AppleWebKit/537.36 (KHTML, like Gecko) Chrome/132.0.6834.159 Mobile Safari/537.36 (compatible; GoogleOther)" www.acancehyucatan.gob.mx 192.185.131.128
40.77.167.55 - - [08/Feb/2025:06:51:26 -0600] "GET /ptgiu/q645259.html HTTP/2.0" 200 123119 "-" "Mozilla/5.0 AppleWebKit/537.36 (KHTML, like Gecko; compatible; bingbot/2.0; +http://www.bing.com/bingbot.htm) Chrome/116.0.1938.76 Safari/537.36" www.acancehyucatan.gob.mx 192.185.131.128
66.249.66.39 - - [08/Feb/2025:06:51:38 -0600] "GET /kcatm/j1105842.html HTTP/1.1" 200 122148 "-" "Mozilla/5.0 (Linux; Android 6.0.1; Nexus 5X Build/MMB29P) AppleWebKit/537.36 (KHTML, like Gecko) Chrome/132.0.6834.159 Mobile Safari/537.36 (compatible; GoogleOther)" www.acancehyucatan.gob.mx 192.185.131.128
66.249.66.39 - - [08/Feb/2025:06:51:42 -0600] "GET /qtfcg/l2724474.html HTTP/1.1" 200 121500 "-" "Mozilla/5.0 (Linux; Android 6.0.1; Nexus 5X Build/MMB29P) AppleWebKit/537.36 (KHTML, like Gecko) Chrome/132.0.6834.159 Mobile Safari/537.36 (compatible; GoogleOther)" www.acancehyucatan.gob.mx 192.185.131.128
40.77.167.54 - - [08/Feb/2025:06:51:45 -0600] "GET /sqvyb/u2698665.html HTTP/2.0" 200 122709 "-" "Mozilla/5.0 AppleWebKit/537.36 (KHTML, like Gecko; compatible; bingbot/2.0; +http://www.bing.com/bingbot.htm) Chrome/116.0.1938.76 Safari/537.36" acancehyucatan.gob.mx 192.185.131.128
66.249.66.40 - - [08/Feb/2025:06:51:52 -0600] "GET /euilw/f208188.html HTTP/1.1" 200 125194 "-" "Mozilla/5.0 (Linux; Android 6.0.1; Nexus 5X Build/MMB29P) AppleWebKit/537.36 (KHTML, like Gecko) Chrome/132.0.6834.159 Mobile Safari/537.36 (compatible; Googlebot/2.1; +http://www.google.com/bot.html)" www.acancehyucatan.gob.mx 192.185.131.128
66.249.66.40 - - [08/Feb/2025:06:51:58 -0600] "GET /otuvv/b516232.html HTTP/1.1" 200 133203 "-" "Mozilla/5.0 (Linux; Android 6.0.1; Nexus 5X Build/MMB29P) AppleWebKit/537.36 (KHTML, like Gecko) Chrome/132.0.6834.159 Mobile Safari/537.36 (compatible; GoogleOther)" www.acancehyucatan.gob.mx 192.185.131.128
66.249.66.41 - - [08/Feb/2025:06:52:30 -0600] "GET /?_gl=1*1ix4f11*_gcl_au*MTYxMTI1OTI3MS4xNzIxODg2NjU0*_ga*ODYyMzk4MzA3LjE2OTk0NTM1Nzg.*_ga_7H42SVMQ0V*MTcyMTg4NjY1NS4xMjEuMS4xNzIxODg2NjY5LjQ2LjAuMA..&_ga=2.198040047.1958808748.1721886654-862398307.1699453578&_bdsid=2ulvIJ.n~ZXCIW.1721886656070.1721886848&_bd_prev_page=https://www.acancehyucatan.gob.mx/detail.php?dglol/r381958.html HTTP/1.1" 200 38132 "-" "Mozilla/5.0 (Linux; Android 6.0.1; Nexus 5X Build/MMB29P) AppleWebKit/537.36 (KHTML, like Gecko) Chrome/132.0.6834.159 Mobile Safari/537.36 (compatible; Googlebot/2.1; +http://www.google.com/bot.html)" www.acancehyucatan.gob.mx 192.185.131.128
66.249.66.40 - - [08/Feb/2025:06:52:41 -0600] "GET /oyowi/q2192363.html HTTP/1.1" 200 123003 "-" "Mozilla/5.0 (Linux; Android 6.0.1; Nexus 5X Build/MMB29P) AppleWebKit/537.36 (KHTML, like Gecko) Chrome/132.0.6834.159 Mobile Safari/537.36 (compatible; GoogleOther)" www.acancehyucatan.gob.mx 192.185.131.128
66.249.66.39 - - [08/Feb/2025:06:52:46 -0600] "GET /uenqg/k1939091.html HTTP/1.1" 200 125434 "-" "Mozilla/5.0 (Linux; Android 6.0.1; Nexus 5X Build/MMB29P) AppleWebKit/537.36 (KHTML, like Gecko) Chrome/132.0.6834.159 Mobile Safari/537.36 (compatible; GoogleOther)" www.acancehyucatan.gob.mx 192.185.131.128
66.249.66.39 - - [08/Feb/2025:06:52:48 -0600] "GET /oyowi/q2192363.html HTTP/1.1" 200 123003 "-" "Mozilla/5.0 (Linux; Android 6.0.1; Nexus 5X Build/MMB29P) AppleWebKit/537.36 (KHTML, like Gecko) Chrome/132.0.6834.159 Mobile Safari/537.36 (compatible; GoogleOther)" www.acancehyucatan.gob.mx 192.185.131.128
66.249.66.39 - - [08/Feb/2025:06:52:49 -0600] "GET /oyowi/q2192363.html HTTP/1.1" 200 123003 "-" "Mozilla/5.0 (Linux; Android 6.0.1; Nexus 5X Build/MMB29P) AppleWebKit/537.36 (KHTML, like Gecko) Chrome/132.0.6834.159 Mobile Safari/537.36 (compatible; GoogleOther)" www.acancehyucatan.gob.mx 192.185.131.128
66.249.66.39 - - [08/Feb/2025:06:52:52 -0600] "GET /oyowi/q2192363.html HTTP/1.1" 200 123003 "-" "Mozilla/5.0 (Linux; Android 6.0.1; Nexus 5X Build/MMB29P) AppleWebKit/537.36 (KHTML, like Gecko) Chrome/132.0.6834.159 Mobile Safari/537.36 (compatible; GoogleOther)" www.acancehyucatan.gob.mx 192.185.131.128
66.249.66.39 - - [08/Feb/2025:06:52:53 -0600] "GET /oyowi/q2192363.html HTTP/1.1" 200 123003 "-" "Mozilla/5.0 (Linux; Android 6.0.1; Nexus 5X Build/MMB29P) AppleWebKit/537.36 (KHTML, like Gecko) Chrome/132.0.6834.159 Mobile Safari/537.36 (compatible; GoogleOther)" www.acancehyucatan.gob.mx 192.185.131.128
66.249.66.40 - - [08/Feb/2025:06:52:55 -0600] "GET /wcqhe/d333662.html HTTP/1.1" 200 123633 "-" "Mozilla/5.0 (Linux; Android 6.0.1; Nexus 5X Build/MMB29P) AppleWebKit/537.36 (KHTML, like Gecko) Chrome/132.0.6834.159 Mobile Safari/537.36 (compatible; GoogleOther)" www.acancehyucatan.gob.mx 192.185.131.128
66.249.66.39 - - [08/Feb/2025:06:52:58 -0600] "GET /oyowi/q2192363.html HTTP/1.1" 200 123003 "-" "Mozilla/5.0 (Linux; Android 6.0.1; Nexus 5X Build/MMB29P) AppleWebKit/537.36 (KHTML, like Gecko) Chrome/132.0.6834.159 Mobile Safari/537.36 (compatible; GoogleOther)" www.acancehyucatan.gob.mx 192.185.131.128
66.249.66.40 - - [08/Feb/2025:06:53:01 -0600] "GET /oyowi/q2192363.html HTTP/1.1" 200 123003 "-" "Mozilla/5.0 (Linux; Android 6.0.1; Nexus 5X Build/MMB29P) AppleWebKit/537.36 (KHTML, like Gecko) Chrome/132.0.6834.159 Mobile Safari/537.36 (compatible; GoogleOther)" www.acancehyucatan.gob.mx 192.185.131.128
66.249.66.39 - - [08/Feb/2025:06:53:03 -0600] "GET /oyowi/q2192363.html HTTP/1.1" 200 123003 "-" "Mozilla/5.0 (Linux; Android 6.0.1; Nexus 5X Build/MMB29P) AppleWebKit/537.36 (KHTML, like Gecko) Chrome/132.0.6834.159 Mobile Safari/537.36 (compatible; GoogleOther)" www.acancehyucatan.gob.mx 192.185.131.128
52.167.144.19 - - [08/Feb/2025:06:53:04 -0600] "GET /ekmzj/k2422145.html HTTP/2.0" 200 123363 "-" "Mozilla/5.0 AppleWebKit/537.36 (KHTML, like Gecko; compatible; bingbot/2.0; +http://www.bing.com/bingbot.htm) Chrome/116.0.1938.76 Safari/537.36" acancehyucatan.gob.mx 192.185.131.128
66.249.66.39 - - [08/Feb/2025:06:53:05 -0600] "GET /xidwr/j2291936.html HTTP/1.1" 200 122675 "-" "Mozilla/5.0 (Linux; Android 6.0.1; Nexus 5X Build/MMB29P) AppleWebKit/537.36 (KHTML, like Gecko) Chrome/132.0.6834.159 Mobile Safari/537.36 (compatible; GoogleOther)" www.acancehyucatan.gob.mx 192.185.131.128
66.249.66.39 - - [08/Feb/2025:06:53:06 -0600] "GET /xidwr/j2291936.html HTTP/1.1" 200 122675 "-" "Mozilla/5.0 (Linux; Android 6.0.1; Nexus 5X Build/MMB29P) AppleWebKit/537.36 (KHTML, like Gecko) Chrome/132.0.6834.159 Mobile Safari/537.36 (compatible; GoogleOther)" www.acancehyucatan.gob.mx 192.185.131.128
66.249.66.39 - - [08/Feb/2025:06:53:10 -0600] "GET /?_gl=1*1ix4f11*_gcl_au*MTYxMTI1OTI3MS4xNzIxODg2NjU0*_ga*ODYyMzk4MzA3LjE2OTk0NTM1Nzg.*_ga_7H42SVMQ0V*MTcyMTg4NjY1NS4xMjEuMS4xNzIxODg2NjY5LjQ2LjAuMA..&_ga=2.198040047.1958808748.1721886654-862398307.1699453578&_bdsid=2ulvIJ.n~ZXCIW.1721886656070.1721886848&_bd_prev_page=https://www.acancehyucatan.gob.mx/detail.php?ofnaa/g1066345.html HTTP/1.1" 200 38132 "-" "Mozilla/5.0 (Linux; Android 6.0.1; Nexus 5X Build/MMB29P) AppleWebKit/537.36 (KHTML, like Gecko) Chrome/132.0.6834.159 Mobile Safari/537.36 (compatible; GoogleOther)" www.acancehyucatan.gob.mx 192.185.131.128
66.249.66.40 - - [08/Feb/2025:06:53:10 -0600] "GET /xidwr/j2291936.html HTTP/1.1" 200 122675 "-" "Mozilla/5.0 (Linux; Android 6.0.1; Nexus 5X Build/MMB29P) AppleWebKit/537.36 (KHTML, like Gecko) Chrome/132.0.6834.159 Mobile Safari/537.36 (compatible; GoogleOther)" www.acancehyucatan.gob.mx 192.185.131.128
66.249.66.39 - - [08/Feb/2025:06:53:14 -0600] "GET /nvggy/j3094348.html HTTP/1.1" 200 124023 "-" "Mozilla/5.0 (Linux; Android 6.0.1; Nexus 5X Build/MMB29P) AppleWebKit/537.36 (KHTML, like Gecko) Chrome/132.0.6834.159 Mobile Safari/537.36 (compatible; GoogleOther)" www.acancehyucatan.gob.mx 192.185.131.128
66.249.66.40 - - [08/Feb/2025:06:53:19 -0600] "GET /ymplb/m1979315.html HTTP/1.1" 200 122501 "-" "Mozilla/5.0 (Linux; Android 6.0.1; Nexus 5X Build/MMB29P) AppleWebKit/537.36 (KHTML, like Gecko) Chrome/132.0.6834.159 Mobile Safari/537.36 (compatible; GoogleOther)" www.acancehyucatan.gob.mx 192.185.131.128
66.249.66.40 - - [08/Feb/2025:06:53:20 -0600] "GET /uvpnt/l1337270.html HTTP/1.1" 200 124230 "-" "Mozilla/5.0 (Linux; Android 6.0.1; Nexus 5X Build/MMB29P) AppleWebKit/537.36 (KHTML, like Gecko) Chrome/132.0.6834.159 Mobile Safari/537.36 (compatible; GoogleOther)" www.acancehyucatan.gob.mx 192.185.131.128
157.55.39.16 - - [08/Feb/2025:06:53:22 -0600] "GET /titulov.php?zirtc/e544289.html HTTP/2.0" 200 122279 "-" "Mozilla/5.0 AppleWebKit/537.36 (KHTML, like Gecko; compatible; bingbot/2.0; +http://www.bing.com/bingbot.htm) Chrome/116.0.1938.76 Safari/537.36" acancehyucatan.gob.mx 192.185.131.128
52.167.144.167 - - [08/Feb/2025:06:54:22 -0600] "GET /ropeo/g608537.html HTTP/2.0" 200 121901 "-" "Mozilla/5.0 AppleWebKit/537.36 (KHTML, like Gecko; compatible; bingbot/2.0; +http://www.bing.com/bingbot.htm) Chrome/116.0.1938.76 Safari/537.36" acancehyucatan.gob.mx 192.185.131.128
40.77.167.30 - - [08/Feb/2025:06:54:28 -0600] "GET /rbspf/p436504.html HTTP/2.0" 200 121961 "-" "Mozilla/5.0 AppleWebKit/537.36 (KHTML, like Gecko; compatible; bingbot/2.0; +http://www.bing.com/bingbot.htm) Chrome/116.0.1938.76 Safari/537.36" acancehyucatan.gob.mx 192.185.131.128
66.249.66.41 - - [08/Feb/2025:06:55:47 -0600] "GET /wcqhe/d333662.html HTTP/1.1" 200 123633 "-" "Mozilla/5.0 (Linux; Android 6.0.1; Nexus 5X Build/MMB29P) AppleWebKit/537.36 (KHTML, like Gecko) Chrome/132.0.6834.159 Mobile Safari/537.36 (compatible; Googlebot/2.1; +http://www.google.com/bot.html)" www.acancehyucatan.gob.mx 192.185.131.128
66.249.66.41 - - [08/Feb/2025:06:56:22 -0600] "GET /ztwbs/j2612620.html HTTP/1.1" 200 127311 "-" "Mozilla/5.0 (Linux; Android 6.0.1; Nexus 5X Build/MMB29P) AppleWebKit/537.36 (KHTML, like Gecko) Chrome/132.0.6834.159 Mobile Safari/537.36 (compatible; GoogleOther)" www.acancehyucatan.gob.mx 192.185.131.128
40.77.167.34 - - [08/Feb/2025:06:56:26 -0600] "GET /mcirx/q2641331.html HTTP/2.0" 200 121400 "-" "Mozilla/5.0 AppleWebKit/537.36 (KHTML, like Gecko; compatible; bingbot/2.0; +http://www.bing.com/bingbot.htm) Chrome/116.0.1938.76 Safari/537.36" acancehyucatan.gob.mx 192.185.131.128
52.167.144.25 - - [08/Feb/2025:06:56:42 -0600] "GET /hfhag/l1843386.html HTTP/2.0" 200 122120 "-" "Mozilla/5.0 AppleWebKit/537.36 (KHTML, like Gecko; compatible; bingbot/2.0; +http://www.bing.com/bingbot.htm) Chrome/116.0.1938.76 Safari/537.36" www.acancehyucatan.gob.mx 192.185.131.128
66.249.66.40 - - [08/Feb/2025:06:57:27 -0600] "GET /khgyr/h1543576.html HTTP/1.1" 200 123796 "-" "Mozilla/5.0 (Linux; Android 6.0.1; Nexus 5X Build/MMB29P) AppleWebKit/537.36 (KHTML, like Gecko) Chrome/132.0.6834.159 Mobile Safari/537.36 (compatible; Googlebot/2.1; +http://www.google.com/bot.html)" www.acancehyucatan.gob.mx 192.185.131.128
52.167.144.212 - - [08/Feb/2025:06:57:47 -0600] "GET /pipfw/z2015286.html HTTP/2.0" 200 122602 "-" "Mozilla/5.0 AppleWebKit/537.36 (KHTML, like Gecko; compatible; bingbot/2.0; +http://www.bing.com/bingbot.htm) Chrome/116.0.1938.76 Safari/537.36" www.acancehyucatan.gob.mx 192.185.131.128
40.77.167.45 - - [08/Feb/2025:06:59:08 -0600] "GET /index.php?ohdoz/x1659682.html HTTP/2.0" 200 121934 "-" "Mozilla/5.0 AppleWebKit/537.36 (KHTML, like Gecko; compatible; bingbot/2.0; +http://www.bing.com/bingbot.htm) Chrome/116.0.1938.76 Safari/537.36" acancehyucatan.gob.mx 192.185.131.128
52.167.144.167 - - [08/Feb/2025:06:59:23 -0600] "GET /enjwo/e411637.html HTTP/2.0" 200 124202 "-" "Mozilla/5.0 AppleWebKit/537.36 (KHTML, like Gecko; compatible; bingbot/2.0; +http://www.bing.com/bingbot.htm) Chrome/116.0.1938.76 Safari/537.36" acancehyucatan.gob.mx 192.185.131.128
40.77.167.159 - - [08/Feb/2025:06:59:29 -0600] "GET /hlcph/u194007.html HTTP/2.0" 200 122011 "-" "Mozilla/5.0 AppleWebKit/537.36 (KHTML, like Gecko; compatible; bingbot/2.0; +http://www.bing.com/bingbot.htm) Chrome/116.0.1938.76 Safari/537.36" acancehyucatan.gob.mx 192.185.131.128
66.249.66.40 - - [08/Feb/2025:06:59:43 -0600] "GET /wdbyu/l2549650.html HTTP/1.1" 200 121930 "-" "Mozilla/5.0 (Linux; Android 6.0.1; Nexus 5X Build/MMB29P) AppleWebKit/537.36 (KHTML, like Gecko) Chrome/132.0.6834.159 Mobile Safari/537.36 (compatible; GoogleOther)" www.acancehyucatan.gob.mx 192.185.131.128
66.249.66.39 - - [08/Feb/2025:06:59:44 -0600] "GET /vgruh/y2870451.html HTTP/1.1" 200 122887 "-" "Mozilla/5.0 (Linux; Android 6.0.1; Nexus 5X Build/MMB29P) AppleWebKit/537.36 (KHTML, like Gecko) Chrome/132.0.6834.159 Mobile Safari/537.36 (compatible; GoogleOther)" www.acancehyucatan.gob.mx 192.185.131.128
52.167.144.157 - - [08/Feb/2025:07:00:47 -0600] "GET /dqzwz/j1277390.html HTTP/2.0" 200 121953 "-" "Mozilla/5.0 AppleWebKit/537.36 (KHTML, like Gecko; compatible; bingbot/2.0; +http://www.bing.com/bingbot.htm) Chrome/116.0.1938.76 Safari/537.36" acancehyucatan.gob.mx 192.185.131.128
52.167.144.167 - - [08/Feb/2025:07:01:23 -0600] "GET /qwgzn/q696349.html HTTP/2.0" 200 121008 "-" "Mozilla/5.0 AppleWebKit/537.36 (KHTML, like Gecko; compatible; bingbot/2.0; +http://www.bing.com/bingbot.htm) Chrome/116.0.1938.76 Safari/537.36" acancehyucatan.gob.mx 192.185.131.128
40.77.167.1 - - [08/Feb/2025:07:01:50 -0600] "GET /wvhzm/m2603939.html HTTP/2.0" 200 124989 "-" "Mozilla/5.0 AppleWebKit/537.36 (KHTML, like Gecko; compatible; bingbot/2.0; +http://www.bing.com/bingbot.htm) Chrome/116.0.1938.76 Safari/537.36" acancehyucatan.gob.mx 192.185.131.128
66.249.66.41 - - [08/Feb/2025:07:02:21 -0600] "GET /dhrrq/l2453788.html HTTP/1.1" 200 121542 "-" "Mozilla/5.0 (Linux; Android 6.0.1; Nexus 5X Build/MMB29P) AppleWebKit/537.36 (KHTML, like Gecko) Chrome/132.0.6834.159 Mobile Safari/537.36 (compatible; Googlebot/2.1; +http://www.google.com/bot.html)" www.acancehyucatan.gob.mx 192.185.131.128
52.167.144.169 - - [08/Feb/2025:07:02:46 -0600] "GET /zeded/d1219508.html HTTP/2.0" 200 125451 "-" "Mozilla/5.0 AppleWebKit/537.36 (KHTML, like Gecko; compatible; bingbot/2.0; +http://www.bing.com/bingbot.htm) Chrome/116.0.1938.76 Safari/537.36" acancehyucatan.gob.mx 192.185.131.128
66.249.66.40 - - [08/Feb/2025:07:02:55 -0600] "GET /yzxyj/z961272.html HTTP/1.1" 200 126976 "-" "Mozilla/5.0 (Linux; Android 6.0.1; Nexus 5X Build/MMB29P) AppleWebKit/537.36 (KHTML, like Gecko) Chrome/132.0.6834.159 Mobile Safari/537.36 (compatible; GoogleOther)" www.acancehyucatan.gob.mx 192.185.131.128
66.249.66.40 - - [08/Feb/2025:07:02:56 -0600] "GET /vjjkv/q434373.html HTTP/1.1" 200 122022 "-" "Mozilla/5.0 (Linux; Android 6.0.1; Nexus 5X Build/MMB29P) AppleWebKit/537.36 (KHTML, like Gecko) Chrome/132.0.6834.159 Mobile Safari/537.36 (compatible; GoogleOther)" www.acancehyucatan.gob.mx 192.185.131.128
40.77.167.72 - - [08/Feb/2025:07:03:46 -0600] "GET /txlal/x1532490.html HTTP/2.0" 200 122146 "-" "Mozilla/5.0 AppleWebKit/537.36 (KHTML, like Gecko; compatible; bingbot/2.0; +http://www.bing.com/bingbot.htm) Chrome/116.0.1938.76 Safari/537.36" www.acancehyucatan.gob.mx 192.185.131.128
66.249.66.41 - - [08/Feb/2025:07:04:29 -0600] "GET /?_gl=1*1ix4f11*_gcl_au*MTYxMTI1OTI3MS4xNzIxODg2NjU0*_ga*ODYyMzk4MzA3LjE2OTk0NTM1Nzg.*_ga_7H42SVMQ0V*MTcyMTg4NjY1NS4xMjEuMS4xNzIxODg2NjY5LjQ2LjAuMA..&_ga=2.198040047.1958808748.1721886654-862398307.1699453578&_bdsid=2ulvIJ.n~ZXCIW.1721886656070.1721886848&_bd_prev_page=https://www.acancehyucatan.gob.mx/detail.php?qcvya/c852465.html HTTP/1.1" 200 38132 "-" "Mozilla/5.0 (Linux; Android 6.0.1; Nexus 5X Build/MMB29P) AppleWebKit/537.36 (KHTML, like Gecko) Chrome/132.0.6834.159 Mobile Safari/537.36 (compatible; Googlebot/2.1; +http://www.google.com/bot.html)" www.acancehyucatan.gob.mx 192.185.131.128
66.249.66.40 - - [08/Feb/2025:07:04:34 -0600] "GET /iaagd/l2023306.html HTTP/1.1" 200 122843 "-" "Mozilla/5.0 (Linux; Android 6.0.1; Nexus 5X Build/MMB29P) AppleWebKit/537.36 (KHTML, like Gecko) Chrome/132.0.6834.159 Mobile Safari/537.36 (compatible; Googlebot/2.1; +http://www.google.com/bot.html)" www.acancehyucatan.gob.mx 192.185.131.128
52.167.144.146 - - [08/Feb/2025:07:04:56 -0600] "GET /brajb/k1906903.html HTTP/2.0" 200 121403 "-" "Mozilla/5.0 AppleWebKit/537.36 (KHTML, like Gecko; compatible; bingbot/2.0; +http://www.bing.com/bingbot.htm) Chrome/116.0.1938.76 Safari/537.36" acancehyucatan.gob.mx 192.185.131.128
66.249.66.39 - - [08/Feb/2025:07:05:04 -0600] "GET /skjno/i2883149.html HTTP/1.1" 200 122172 "-" "Mozilla/5.0 (Linux; Android 6.0.1; Nexus 5X Build/MMB29P) AppleWebKit/537.36 (KHTML, like Gecko) Chrome/132.0.6834.159 Mobile Safari/537.36 (compatible; Googlebot/2.1; +http://www.google.com/bot.html)" www.acancehyucatan.gob.mx 192.185.131.128
52.167.144.25 - - [08/Feb/2025:07:05:31 -0600] "GET /awphj/s2988537.html HTTP/2.0" 200 122931 "-" "Mozilla/5.0 AppleWebKit/537.36 (KHTML, like Gecko; compatible; bingbot/2.0; +http://www.bing.com/bingbot.htm) Chrome/116.0.1938.76 Safari/537.36" www.acancehyucatan.gob.mx 192.185.131.128
40.77.167.45 - - [08/Feb/2025:07:05:58 -0600] "GET /uwwvb/j1377074.html HTTP/2.0" 200 123484 "-" "Mozilla/5.0 AppleWebKit/537.36 (KHTML, like Gecko; compatible; bingbot/2.0; +http://www.bing.com/bingbot.htm) Chrome/116.0.1938.76 Safari/537.36" acancehyucatan.gob.mx 192.185.131.128
66.249.66.39 - - [08/Feb/2025:07:06:09 -0600] "GET /xbgoq/h588596.html HTTP/1.1" 200 124186 "-" "Mozilla/5.0 (Linux; Android 6.0.1; Nexus 5X Build/MMB29P) AppleWebKit/537.36 (KHTML, like Gecko) Chrome/132.0.6834.159 Mobile Safari/537.36 (compatible; GoogleOther)" www.acancehyucatan.gob.mx 192.185.131.128
66.249.66.39 - - [08/Feb/2025:07:06:17 -0600] "GET /onlip/a714533.html HTTP/1.1" 200 121970 "-" "Mozilla/5.0 (Linux; Android 6.0.1; Nexus 5X Build/MMB29P) AppleWebKit/537.36 (KHTML, like Gecko) Chrome/132.0.6834.159 Mobile Safari/537.36 (compatible; GoogleOther)" www.acancehyucatan.gob.mx 192.185.131.128
66.249.66.39 - - [08/Feb/2025:07:06:30 -0600] "GET /kuhnh/o1276589.html HTTP/1.1" 200 125809 "-" "Mozilla/5.0 (Linux; Android 6.0.1; Nexus 5X Build/MMB29P) AppleWebKit/537.36 (KHTML, like Gecko) Chrome/132.0.6834.159 Mobile Safari/537.36 (compatible; GoogleOther)" www.acancehyucatan.gob.mx 192.185.131.128
66.249.66.39 - - [08/Feb/2025:07:06:38 -0600] "GET /lheqz/p869820.html HTTP/1.1" 200 126308 "-" "Mozilla/5.0 (Linux; Android 6.0.1; Nexus 5X Build/MMB29P) AppleWebKit/537.36 (KHTML, like Gecko) Chrome/132.0.6834.159 Mobile Safari/537.36 (compatible; Googlebot/2.1; +http://www.google.com/bot.html)" www.acancehyucatan.gob.mx 192.185.131.128
52.167.144.25 - - [08/Feb/2025:07:06:57 -0600] "GET /swthm/a2346423.html HTTP/2.0" 200 123397 "-" "Mozilla/5.0 AppleWebKit/537.36 (KHTML, like Gecko; compatible; bingbot/2.0; +http://www.bing.com/bingbot.htm) Chrome/116.0.1938.76 Safari/537.36" acancehyucatan.gob.mx 192.185.131.128
52.167.144.215 - - [08/Feb/2025:07:07:28 -0600] "GET /txzys/d713444.html HTTP/2.0" 200 124482 "-" "Mozilla/5.0 AppleWebKit/537.36 (KHTML, like Gecko; compatible; bingbot/2.0; +http://www.bing.com/bingbot.htm) Chrome/116.0.1938.76 Safari/537.36" acancehyucatan.gob.mx 192.185.131.128
52.167.144.25 - - [08/Feb/2025:07:07:35 -0600] "GET /jcvjb/p1847784.html HTTP/2.0" 200 124481 "-" "Mozilla/5.0 AppleWebKit/537.36 (KHTML, like Gecko; compatible; bingbot/2.0; +http://www.bing.com/bingbot.htm) Chrome/116.0.1938.76 Safari/537.36" acancehyucatan.gob.mx 192.185.131.128
52.167.144.156 - - [08/Feb/2025:07:08:00 -0600] "GET /bdglr/z2438020.html HTTP/2.0" 200 122170 "-" "Mozilla/5.0 AppleWebKit/537.36 (KHTML, like Gecko; compatible; bingbot/2.0; +http://www.bing.com/bingbot.htm) Chrome/116.0.1938.76 Safari/537.36" acancehyucatan.gob.mx 192.185.131.128
66.249.66.39 - - [08/Feb/2025:07:09:01 -0600] "GET /qpmpm/e959743.html HTTP/1.1" 200 123000 "-" "Mozilla/5.0 (Linux; Android 6.0.1; Nexus 5X Build/MMB29P) AppleWebKit/537.36 (KHTML, like Gecko) Chrome/132.0.6834.159 Mobile Safari/537.36 (compatible; Googlebot/2.1; +http://www.google.com/bot.html)" www.acancehyucatan.gob.mx 192.185.131.128
40.77.167.3 - - [08/Feb/2025:07:09:10 -0600] "GET /qnjeg/i1499611.html HTTP/2.0" 200 122065 "-" "Mozilla/5.0 AppleWebKit/537.36 (KHTML, like Gecko; compatible; bingbot/2.0; +http://www.bing.com/bingbot.htm) Chrome/116.0.1938.76 Safari/537.36" www.acancehyucatan.gob.mx 192.185.131.128
52.167.144.157 - - [08/Feb/2025:07:09:18 -0600] "GET /umszk/q2524409.html HTTP/2.0" 200 123147 "-" "Mozilla/5.0 AppleWebKit/537.36 (KHTML, like Gecko; compatible; bingbot/2.0; +http://www.bing.com/bingbot.htm) Chrome/116.0.1938.76 Safari/537.36" acancehyucatan.gob.mx 192.185.131.128
66.249.66.40 - - [08/Feb/2025:07:09:53 -0600] "GET /fvejn/t2397766.html HTTP/1.1" 200 122150 "-" "Mozilla/5.0 (Linux; Android 6.0.1; Nexus 5X Build/MMB29P) AppleWebKit/537.36 (KHTML, like Gecko) Chrome/132.0.6834.159 Mobile Safari/537.36 (compatible; GoogleOther)" www.acancehyucatan.gob.mx 192.185.131.128
66.249.66.40 - - [08/Feb/2025:07:10:16 -0600] "GET /qnnfg/d3064182.html HTTP/1.1" 200 125113 "-" "Mozilla/5.0 (Linux; Android 6.0.1; Nexus 5X Build/MMB29P) AppleWebKit/537.36 (KHTML, like Gecko) Chrome/132.0.6834.159 Mobile Safari/537.36 (compatible; GoogleOther)" www.acancehyucatan.gob.mx 192.185.131.128
