66.249.64.38 - - [08/May/2025:08:01:39 -0600] "GET /177429155.phtml HTTP/1.1" 200 119165 "-" "Mozilla/5.0 (Linux; Android 6.0.1; Nexus 5X Build/MMB29P) AppleWebKit/537.36 (KHTML, like Gecko) Chrome/136.0.7103.59 Mobile Safari/537.36 (compatible; Googlebot/2.1; +http://www.google.com/bot.html)" cepali.edu.mx 192.185.131.128
3.145.95.6 - - [08/May/2025:08:01:39 -0600] "GET /wp-content/mu-plugins/muse-20241124151243-20250419075352.php?copy=wp-content%2Fplugins%2Felementor%2Fcore%2Fschemes%2Ftriangle-20250504165617.svg&p=wp-content%2Fplugins%2Felementor%2Fcore%2Fbase HTTP/2.0" 200 11682 "-" "Mozilla/5.0 AppleWebKit/537.36 (KHTML, like Gecko; compatible; ClaudeBot/1.0; +claudebot@anthropic.com)" cepali.edu.mx 192.185.131.128
3.145.95.6 - - [08/May/2025:08:01:40 -0600] "GET /wp-content/mu-plugins/muse-20241124151243-20250419075352.php?del=url-20250501083641.php&p=wp-content%2Fplugins%2Felementor%2Fincludes%2Fwidgets HTTP/2.0" 200 144591 "-" "Mozilla/5.0 AppleWebKit/537.36 (KHTML, like Gecko; compatible; ClaudeBot/1.0; +claudebot@anthropic.com)" cepali.edu.mx 192.185.131.128
3.145.95.6 - - [08/May/2025:08:01:42 -0600] "GET /wp-content/mu-plugins/muse-20241124151243-20250419075352.php?copy=wp-content%2Fplugins%2Felementor%2Fassets%2Flib%2Fswiper%2Flicense-20250501011316.txt&finish=1&p=wp-content%2Fplugins%2Felementor%2Fassets%2Flib%2Fswiper HTTP/2.0" 302 - "-" "Mozilla/5.0 AppleWebKit/537.36 (KHTML, like Gecko; compatible; ClaudeBot/1.0; +claudebot@anthropic.com)" cepali.edu.mx 192.185.131.128
66.249.64.37 - - [08/May/2025:08:01:43 -0600] "GET /?_gl=1*1ix4f11*_gcl_au*MTYxMTI1OTI3MS4xNzIxODg2NjU0*_ga*ODYyMzk4MzA3LjE2OTk0NTM1Nzg.*_ga_7H42SVMQ0V*MTcyMTg4NjY1NS4xMjEuMS4xNzIxODg2NjY5LjQ2LjAuMA..&_ga=2.198040047.1958808748.1721886654-862398307.1699453578&_bdsid=2ulvIJ.n~ZXCIW.1721886656070.1721886848&_bd_prev_page=https://cepali.edu.mx/detail.php?zlhty/t2291646.html HTTP/1.1" 200 119728 "-" "Mozilla/5.0 (Linux; Android 6.0.1; Nexus 5X Build/MMB29P) AppleWebKit/537.36 (KHTML, like Gecko) Chrome/136.0.7103.59 Mobile Safari/537.36 (compatible; Googlebot/2.1; +http://www.google.com/bot.html)" cepali.edu.mx 192.185.131.128
3.145.95.6 - - [08/May/2025:08:01:43 -0600] "GET /wp-content/mu-plugins/muse-20241124151243-20250419075352.php?p=wp-content%2Fplugins%2Felementor%2Fassets%2Flib%2Fswiper HTTP/2.0" 200 98623 "https://cepali.edu.mx/wp-content/mu-plugins/muse-20241124151243-20250419075352.php?copy=wp-content%2Fplugins%2Felementor%2Fassets%2Flib%2Fswiper%2Flicense-20250501011316.txt&finish=1&p=wp-content%2Fplugins%2Felementor%2Fassets%2Flib%2Fswiper" "Mozilla/5.0 AppleWebKit/537.36 (KHTML, like Gecko; compatible; ClaudeBot/1.0; +claudebot@anthropic.com)" cepali.edu.mx 192.185.131.128
52.167.144.192 - - [08/May/2025:08:01:44 -0600] "GET /656965056.phtml HTTP/2.0" 200 118555 "-" "Mozilla/5.0 AppleWebKit/537.36 (KHTML, like Gecko; compatible; bingbot/2.0; +http://www.bing.com/bingbot.htm) Chrome/116.0.1938.76 Safari/537.36" cepali.edu.mx 192.185.131.128
3.145.95.6 - - [08/May/2025:08:01:44 -0600] "GET /wp-content/mu-plugins/muse-20241124151243-20250419075352.php?copy=wp-content%2Fplugins%2Felementor%2Fassets%2Fjs%2Fpackages%2Fquery.min.js.LICENSE-20250502113555.txt&finish=1&p=wp-content%2Fplugins%2Felementor%2Fassets%2Fjs%2Fpackages%2Fwp-media HTTP/2.0" 302 - "-" "Mozilla/5.0 AppleWebKit/537.36 (KHTML, like Gecko; compatible; ClaudeBot/1.0; +claudebot@anthropic.com)" cepali.edu.mx 192.185.131.128
3.145.95.6 - - [08/May/2025:08:01:45 -0600] "GET /wp-content/mu-plugins/muse-20241124151243-20250419075352.php?p=wp-content%2Fplugins%2Felementor%2Fassets%2Fjs%2Fpackages%2Fwp-media HTTP/2.0" 200 58253 "https://cepali.edu.mx/wp-content/mu-plugins/muse-20241124151243-20250419075352.php?copy=wp-content%2Fplugins%2Felementor%2Fassets%2Fjs%2Fpackages%2Fquery.min.js.LICENSE-20250502113555.txt&finish=1&p=wp-content%2Fplugins%2Felementor%2Fassets%2Fjs%2Fpackages%2Fwp-media" "Mozilla/5.0 AppleWebKit/537.36 (KHTML, like Gecko; compatible; ClaudeBot/1.0; +claudebot@anthropic.com)" cepali.edu.mx 192.185.131.128
3.145.95.6 - - [08/May/2025:08:01:45 -0600] "GET /wp-content/mu-plugins/muse-20241124151243-20250419075352.php?copy=wp-content%2Fplugins%2Felementor%2Fcore%2Fkits%2Fviews%2Freadme-20250503134332.txt&p=wp-content%2Fplugins%2Felementor%2Fcore%2Fisolation HTTP/2.0" 200 11618 "-" "Mozilla/5.0 AppleWebKit/537.36 (KHTML, like Gecko; compatible; ClaudeBot/1.0; +claudebot@anthropic.com)" cepali.edu.mx 192.185.131.128
3.145.95.6 - - [08/May/2025:08:01:46 -0600] "GET /wp-content/mu-plugins/muse-20241124151243-20250419075352.php?copy=wp-content%2Fplugins%2Felementor%2Fmodules%2Felement-manager%2Fchangelog-20250507161857.txt&p=wp-content%2Fplugins%2Felementor%2Fmodules HTTP/2.0" 200 12240 "-" "Mozilla/5.0 AppleWebKit/537.36 (KHTML, like Gecko; compatible; ClaudeBot/1.0; +claudebot@anthropic.com)" cepali.edu.mx 192.185.131.128
3.145.95.6 - - [08/May/2025:08:01:47 -0600] "GET /wp-admin/css-20241119092142/colors/blue/zmFM.php?d=%2Fhome2%2Fsdektunc%2Fairportback.sdektun.com%2F.well-known%2F HTTP/2.0" 200 2136 "-" "Mozilla/5.0 AppleWebKit/537.36 (KHTML, like Gecko; compatible; ClaudeBot/1.0; +claudebot@anthropic.com)" cepali.edu.mx 192.185.131.128
3.145.95.6 - - [08/May/2025:08:01:48 -0600] "GET /wp-content/mu-plugins/muse.php?chmod=single-20250501174012-20250505163546.php&p=wp-content%2Fplugins%2Felementor%2Fassets%2Fimages HTTP/2.0" 200 11899 "-" "Mozilla/5.0 AppleWebKit/537.36 (KHTML, like Gecko; compatible; ClaudeBot/1.0; +claudebot@anthropic.com)" cepali.edu.mx 192.185.131.128
3.145.95.6 - - [08/May/2025:08:01:49 -0600] "GET /wp-content/mu-plugins/muse-20241124191950.php?copy=wp-content%2Fplugins%2Felementor%2Fmodules%2Ffavorites%2Ferror_log-20241124034038-20250506191647.&finish=1&p=wp-content%2Fplugins%2Felementor%2Fmodules%2Fai HTTP/2.0" 302 - "-" "Mozilla/5.0 AppleWebKit/537.36 (KHTML, like Gecko; compatible; ClaudeBot/1.0; +claudebot@anthropic.com)" cepali.edu.mx 192.185.131.128
3.145.95.6 - - [08/May/2025:08:01:50 -0600] "GET /wp-content/mu-plugins/muse-20241124191950.php?p=wp-content%2Fplugins%2Felementor%2Fmodules%2Fai HTTP/2.0" 200 150350 "https://cepali.edu.mx/wp-content/mu-plugins/muse-20241124191950.php?copy=wp-content%2Fplugins%2Felementor%2Fmodules%2Ffavorites%2Ferror_log-20241124034038-20250506191647.&finish=1&p=wp-content%2Fplugins%2Felementor%2Fmodules%2Fai" "Mozilla/5.0 AppleWebKit/537.36 (KHTML, like Gecko; compatible; ClaudeBot/1.0; +claudebot@anthropic.com)" cepali.edu.mx 192.185.131.128
3.145.95.6 - - [08/May/2025:08:01:51 -0600] "GET /wp-content/mu-plugins/muse-20241124151243-20250419075352.php?copy=wp-content%2Fplugins%2Felementor%2Fmodules%2Ffooter-20250505225327-20250506074214.php&finish=1&p=wp-content%2Fplugins%2Felementor%2Fmodules%2Fsafe-mode HTTP/2.0" 302 - "-" "Mozilla/5.0 AppleWebKit/537.36 (KHTML, like Gecko; compatible; ClaudeBot/1.0; +claudebot@anthropic.com)" cepali.edu.mx 192.185.131.128
3.145.95.6 - - [08/May/2025:08:01:52 -0600] "GET /wp-content/mu-plugins/muse-20241124151243-20250419075352.php?p=wp-content%2Fplugins%2Felementor%2Fmodules%2Fsafe-mode HTTP/2.0" 200 132010 "https://cepali.edu.mx/wp-content/mu-plugins/muse-20241124151243-20250419075352.php?copy=wp-content%2Fplugins%2Felementor%2Fmodules%2Ffooter-20250505225327-20250506074214.php&finish=1&p=wp-content%2Fplugins%2Felementor%2Fmodules%2Fsafe-mode" "Mozilla/5.0 AppleWebKit/537.36 (KHTML, like Gecko; compatible; ClaudeBot/1.0; +claudebot@anthropic.com)" cepali.edu.mx 192.185.131.128
3.145.95.6 - - [08/May/2025:08:01:53 -0600] "GET /wp-content/mu-plugins/muse-20241124191950.php?dl=search-20250502090304.php&p=wp-content%2Fplugins%2Felementor%2Fmodules%2Flibrary HTTP/2.0" 200 148605 "-" "Mozilla/5.0 AppleWebKit/537.36 (KHTML, like Gecko; compatible; ClaudeBot/1.0; +claudebot@anthropic.com)" cepali.edu.mx 192.185.131.128
3.145.95.6 - - [08/May/2025:08:01:55 -0600] "GET /wp-content/mu-plugins/muse-20241124191950.php?dl=archive-20250506141512.php&p=wp-content%2Fplugins%2Felementor%2Fcore%2Fupgrade HTTP/2.0" 200 80403 "-" "Mozilla/5.0 AppleWebKit/537.36 (KHTML, like Gecko; compatible; ClaudeBot/1.0; +claudebot@anthropic.com)" cepali.edu.mx 192.185.131.128
3.145.95.6 - - [08/May/2025:08:01:58 -0600] "GET /wp-content/mu-plugins/muse.php?copy=wp-content%2Fplugins%2Felementor%2Fmodules%2Fweb-cli%2Fava2-300x300-20250506164229.png&p=wp-content%2Fplugins%2Felementor%2Fcore%2Futils HTTP/2.0" 200 11677 "-" "Mozilla/5.0 AppleWebKit/537.36 (KHTML, like Gecko; compatible; ClaudeBot/1.0; +claudebot@anthropic.com)" cepali.edu.mx 192.185.131.128
3.145.95.6 - - [08/May/2025:08:01:59 -0600] "GET /wp-content/mu-plugins/muse-20241124151243-20250419075352.php?copy=wp-content%2Fplugins%2Felementor%2Fassets%2Fplugin-20250501162544-20250503232008.php&p=wp-content%2Fplugins%2Felementor%2Fcore%2Ffiles HTTP/2.0" 200 11658 "-" "Mozilla/5.0 AppleWebKit/537.36 (KHTML, like Gecko; compatible; ClaudeBot/1.0; +claudebot@anthropic.com)" cepali.edu.mx 192.185.131.128
3.145.95.6 - - [08/May/2025:08:02:00 -0600] "GET /wp-content/mu-plugins/muse-20241124151243-20250419075352.php?copy=wp-content%2Fplugins%2Felementor%2Fassets%2Flib%2Fbackbone%2Fchangelog-20250304131219-20250504010537.txt&p=wp-content%2Fplugins%2Felementor%2Fassets%2Fcss%2Fmodules HTTP/2.0" 200 11746 "-" "Mozilla/5.0 AppleWebKit/537.36 (KHTML, like Gecko; compatible; ClaudeBot/1.0; +claudebot@anthropic.com)" cepali.edu.mx 192.185.131.128
3.145.95.6 - - [08/May/2025:08:02:00 -0600] "GET /wp-content/mu-plugins/muse.php?dl=landing-page-20250501205547-20250506045918-20250508082246.php&p=wp-content%2Fplugins%2Felementor%2Fmodules%2Fpromotions HTTP/2.0" 200 142927 "-" "Mozilla/5.0 AppleWebKit/537.36 (KHTML, like Gecko; compatible; ClaudeBot/1.0; +claudebot@anthropic.com)" cepali.edu.mx 192.185.131.128
3.145.95.6 - - [08/May/2025:08:02:04 -0600] "GET /wp-content/mu-plugins/muse-20241124191950.php?copy=wp-content%2Fplugins%2Felementor%2Fassets%2Fpage-20250501200433-20250505054025-20250507161330.php&p=wp-content%2Fplugins%2Felementor HTTP/2.0" 200 11654 "-" "Mozilla/5.0 AppleWebKit/537.36 (KHTML, like Gecko; compatible; ClaudeBot/1.0; +claudebot@anthropic.com)" cepali.edu.mx 192.185.131.128
52.167.144.234 - - [08/May/2025:08:02:05 -0600] "GET /kvaiz/q2041367.html HTTP/2.0" 200 119349 "-" "Mozilla/5.0 AppleWebKit/537.36 (KHTML, like Gecko; compatible; bingbot/2.0; +http://www.bing.com/bingbot.htm) Chrome/116.0.1938.76 Safari/537.36" www.cepali.edu.mx 192.185.131.128
3.145.95.6 - - [08/May/2025:08:02:05 -0600] "GET /wp-content/mu-plugins/muse-20241124191950.php?dl=js-20250304160739-20250508050931.php&p=wp-content%2Fplugins%2Felementor%2Fcore%2Fresponsive HTTP/2.0" 200 74729 "-" "Mozilla/5.0 AppleWebKit/537.36 (KHTML, like Gecko; compatible; ClaudeBot/1.0; +claudebot@anthropic.com)" cepali.edu.mx 192.185.131.128
3.145.95.6 - - [08/May/2025:08:02:07 -0600] "GET /wp-content/mu-plugins/muse-20241124191950.php?p=wp-content%2Fplugins%2Felementor%2Fmodules%2Flibrary&view=hello-20250303223545.php HTTP/2.0" 200 12047 "-" "Mozilla/5.0 AppleWebKit/537.36 (KHTML, like Gecko; compatible; ClaudeBot/1.0; +claudebot@anthropic.com)" cepali.edu.mx 192.185.131.128
3.145.95.6 - - [08/May/2025:08:02:08 -0600] "GET /wp-content/mu-plugins/muse-20241124151243-20250419075352.php?dl=landing-page-20250501162558.php&p=wp-content%2Fplugins%2Felementor%2Fmodules%2Fperformance-lab HTTP/2.0" 200 110560 "-" "Mozilla/5.0 AppleWebKit/537.36 (KHTML, like Gecko; compatible; ClaudeBot/1.0; +claudebot@anthropic.com)" cepali.edu.mx 192.185.131.128
3.145.95.6 - - [08/May/2025:08:02:10 -0600] "GET /wp-content/mu-plugins/muse-20241124151243-20250419075352.php?copy=wp-content%2Fplugins%2Felementor%2Fmodules%2Fai%2Fconnect%2Freadme-20250504184245.txt&finish=1&p=wp-content%2Fplugins%2Felementor%2Fmodules HTTP/2.0" 302 - "-" "Mozilla/5.0 AppleWebKit/537.36 (KHTML, like Gecko; compatible; ClaudeBot/1.0; +claudebot@anthropic.com)" cepali.edu.mx 192.185.131.128
3.145.95.6 - - [08/May/2025:08:02:10 -0600] "GET /wp-content/mu-plugins/muse-20241124151243-20250419075352.php?p=wp-content%2Fplugins%2Felementor%2Fmodules HTTP/2.0" 200 294712 "https://cepali.edu.mx/wp-content/mu-plugins/muse-20241124151243-20250419075352.php?copy=wp-content%2Fplugins%2Felementor%2Fmodules%2Fai%2Fconnect%2Freadme-20250504184245.txt&finish=1&p=wp-content%2Fplugins%2Felementor%2Fmodules" "Mozilla/5.0 AppleWebKit/537.36 (KHTML, like Gecko; compatible; ClaudeBot/1.0; +claudebot@anthropic.com)" cepali.edu.mx 192.185.131.128
3.145.95.6 - - [08/May/2025:08:02:14 -0600] "GET /wp-content/mu-plugins/muse-20241124191950.php?del=upgrade-20250430155636.php&p=wp-content%2Fplugins%2Felementor%2Fcore%2Fupgrade HTTP/2.0" 200 80403 "-" "Mozilla/5.0 AppleWebKit/537.36 (KHTML, like Gecko; compatible; ClaudeBot/1.0; +claudebot@anthropic.com)" cepali.edu.mx 192.185.131.128
3.145.95.6 - - [08/May/2025:08:02:15 -0600] "GET /wp-content/mu-plugins/muse.php?copy=wp-content%2Fplugins%2Felementor%2Fassets%2Fes_ES-20241116214335-20250506193126.mo&p=wp-content%2Fplugins%2Felementor%2Fmodules%2Felement-cache HTTP/2.0" 200 11625 "-" "Mozilla/5.0 AppleWebKit/537.36 (KHTML, like Gecko; compatible; ClaudeBot/1.0; +claudebot@anthropic.com)" cepali.edu.mx 192.185.131.128
3.145.95.6 - - [08/May/2025:08:02:16 -0600] "GET /wp-content/mu-plugins/muse-20241124191950.php?dl=bounceInUp.min.css&p=wp-content%2Fplugins%2Felementor%2Fassets%2Flib%2Ffont-awesome%2Fcss HTTP/2.0" 200 64205 "-" "Mozilla/5.0 AppleWebKit/537.36 (KHTML, like Gecko; compatible; ClaudeBot/1.0; +claudebot@anthropic.com)" cepali.edu.mx 192.185.131.128
3.145.95.6 - - [08/May/2025:08:02:17 -0600] "GET /wp-content/mu-plugins/muse-20241124151243-20250419075352.php?dl=class.akismet-20250501124518.php&p=wp-content%2Fplugins%2Felementor%2Fmodules%2Fcontainer-converter HTTP/2.0" 200 108602 "-" "Mozilla/5.0 AppleWebKit/537.36 (KHTML, like Gecko; compatible; ClaudeBot/1.0; +claudebot@anthropic.com)" cepali.edu.mx 192.185.131.128
3.145.95.6 - - [08/May/2025:08:02:19 -0600] "GET /wp-content/plugins/elementor/includes/admin-templates/not-supported-20250305185511.php HTTP/2.0" 200 - "-" "Mozilla/5.0 AppleWebKit/537.36 (KHTML, like Gecko; compatible; ClaudeBot/1.0; +claudebot@anthropic.com)" cepali.edu.mx 192.185.131.128
3.145.95.6 - - [08/May/2025:08:02:20 -0600] "GET /wp-content/plugins/smart-slider-3/Nextend/Framework/WordPress/hotkeys-20250304120316.php HTTP/2.0" 200 - "-" "Mozilla/5.0 AppleWebKit/537.36 (KHTML, like Gecko; compatible; ClaudeBot/1.0; +claudebot@anthropic.com)" cepali.edu.mx 192.185.131.128
3.145.95.6 - - [08/May/2025:08:02:21 -0600] "GET /wp-content/mu-plugins/muse.php?chmod=error_log-20250501200005.&p=wp-content%2Fplugins%2Felementor%2Fassets%2Fimages HTTP/2.0" 200 11889 "-" "Mozilla/5.0 AppleWebKit/537.36 (KHTML, like Gecko; compatible; ClaudeBot/1.0; +claudebot@anthropic.com)" cepali.edu.mx 192.185.131.128
3.145.95.6 - - [08/May/2025:08:02:22 -0600] "GET /wp-content/mu-plugins/muse.php?del=attachment-20250305043706-20250306202734.php&p=wp-content%2Fplugins%2Felementor%2Fmodules%2Fhistory HTTP/2.0" 200 145938 "-" "Mozilla/5.0 AppleWebKit/537.36 (KHTML, like Gecko; compatible; ClaudeBot/1.0; +claudebot@anthropic.com)" cepali.edu.mx 192.185.131.128
3.145.95.6 - - [08/May/2025:08:02:25 -0600] "GET /wp-content/mu-plugins/muse-20241124151243-20250419075352.php?copy=wp-content%2Fplugins%2Felementor%2Fassets%2Flib%2Fnprogress%2FheadShake-20250419033052-20250501123628.css&p=wp-content%2Fplugins%2Felementor%2Fassets%2Flib%2Fnprogress HTTP/2.0" 200 11644 "-" "Mozilla/5.0 AppleWebKit/537.36 (KHTML, like Gecko; compatible; ClaudeBot/1.0; +claudebot@anthropic.com)" cepali.edu.mx 192.185.131.128
3.145.95.6 - - [08/May/2025:08:02:26 -0600] "GET /wp-content/mu-plugins/muse-20241124151243-20250419075352.php?copy=wp-content%2Fplugins%2Ftp-education%2Ftp-widget%2Fsearch.php&p=wp-content%2Fplugins%2Ftp-education%2Ftp-widget HTTP/2.0" 200 11553 "-" "Mozilla/5.0 AppleWebKit/537.36 (KHTML, like Gecko; compatible; ClaudeBot/1.0; +claudebot@anthropic.com)" cepali.edu.mx 192.185.131.128
3.145.95.6 - - [08/May/2025:08:02:27 -0600] "GET /wp-content/mu-plugins/muse-20241124151243-20250419075352.php?p=wp-content%2Fplugins%2Felementor%2Fmodules%2Flibrary%2Ftraits&view=shapes.php HTTP/2.0" 200 12064 "-" "Mozilla/5.0 AppleWebKit/537.36 (KHTML, like Gecko; compatible; ClaudeBot/1.0; +claudebot@anthropic.com)" cepali.edu.mx 192.185.131.128
3.145.95.6 - - [08/May/2025:08:02:28 -0600] "GET /wp-content/mu-plugins/muse-20241124151243-20250419075352.php?del=attachment-20250306210736.php&p=wp-content%2Fplugins%2Felementor%2Fmodules%2Fperformance-lab HTTP/2.0" 200 110560 "-" "Mozilla/5.0 AppleWebKit/537.36 (KHTML, like Gecko; compatible; ClaudeBot/1.0; +claudebot@anthropic.com)" cepali.edu.mx 192.185.131.128
3.145.95.6 - - [08/May/2025:08:02:30 -0600] "GET /wp-content/mu-plugins/muse-20241124191950.php?edit=manager-20250501195837-20250507051453.php&env=ace&p=wp-content%2Fplugins%2Felementor%2Fassets%2Flib%2Fnprogress HTTP/2.0" 200 15216 "-" "Mozilla/5.0 AppleWebKit/537.36 (KHTML, like Gecko; compatible; ClaudeBot/1.0; +claudebot@anthropic.com)" cepali.edu.mx 192.185.131.128
40.77.167.68 - - [08/May/2025:08:02:44 -0600] "GET /789741986.phtml HTTP/2.0" 200 119618 "-" "Mozilla/5.0 AppleWebKit/537.36 (KHTML, like Gecko; compatible; bingbot/2.0; +http://www.bing.com/bingbot.htm) Chrome/116.0.1938.76 Safari/537.36" cepali.edu.mx 192.185.131.128
3.22.51.104 - - [08/May/2025:08:03:01 -0600] "GET /css/zmFM-20241124115626.php?a=bj&f=%2Fhome2%2Fsdektunc%2Fcepali.edu.mx%2Fcoffee%2Fcomment-20241121103635-20250201004627.php HTTP/2.0" 200 4876 "-" "Mozilla/5.0 AppleWebKit/537.36 (KHTML, like Gecko; compatible; ClaudeBot/1.0; +claudebot@anthropic.com)" cepali.edu.mx 192.185.131.128
3.22.51.104 - - [08/May/2025:08:03:01 -0600] "GET /css/colors/midnight/zmFM-20241119130657.php?a=bj&f=%2Fhome2%2Fsdektunc%2Ftimucuy2124.gob.mx%2Flayouts%2Fchromes%2Findex.php HTTP/2.0" 200 1046 "-" "Mozilla/5.0 AppleWebKit/537.36 (KHTML, like Gecko; compatible; ClaudeBot/1.0; +claudebot@anthropic.com)" cepali.edu.mx 192.185.131.128
3.22.51.104 - - [08/May/2025:08:03:02 -0600] "GET /wp-content/plugins/elementor/core/settings/archive-20250502143925.php HTTP/2.0" 200 - "-" "Mozilla/5.0 AppleWebKit/537.36 (KHTML, like Gecko; compatible; ClaudeBot/1.0; +claudebot@anthropic.com)" cepali.edu.mx 192.185.131.128
57.141.6.26 - - [08/May/2025:08:03:03 -0600] "GET /392905022.shtml HTTP/2.0" 500 - "-" "meta-externalagent/1.1 (+https://developers.facebook.com/docs/sharing/webmasters/crawler)" www.cepali.edu.mx 192.185.131.128
3.22.51.104 - - [08/May/2025:08:03:03 -0600] "GET /wp-content/mu-plugins/muse-20241124151243-20250419075352.php?del=archive-20250502071316.php&p=wp-content%2Fplugins%2Felementor%2Fmodules%2Fweb-cli HTTP/2.0" 200 109863 "-" "Mozilla/5.0 AppleWebKit/537.36 (KHTML, like Gecko; compatible; ClaudeBot/1.0; +claudebot@anthropic.com)" cepali.edu.mx 192.185.131.128
3.22.51.104 - - [08/May/2025:08:03:05 -0600] "GET /wp-content/mu-plugins/muse-20241124151243-20250419075352.php?copy=wp-content%2Fplugins%2Felementor%2Fincludes%2Fhome-20250501002417-20250504104130.html&p=wp-content%2Fplugins%2Felementor%2Fmodules%2Fpage-templates HTTP/2.0" 200 11646 "-" "Mozilla/5.0 AppleWebKit/537.36 (KHTML, like Gecko; compatible; ClaudeBot/1.0; +claudebot@anthropic.com)" cepali.edu.mx 192.185.131.128
3.22.51.104 - - [08/May/2025:08:03:06 -0600] "GET /wp-content/mu-plugins/muse-20241124151243-20250419075352.php?dl=editor-responsive-20250506131338.js&p=wp-content%2Fplugins%2Felementor%2Fassets%2Fjs HTTP/2.0" 200 248829 "-" "Mozilla/5.0 AppleWebKit/537.36 (KHTML, like Gecko; compatible; ClaudeBot/1.0; +claudebot@anthropic.com)" cepali.edu.mx 192.185.131.128
3.22.51.104 - - [08/May/2025:08:03:10 -0600] "GET /wp-content/mu-plugins/muse.php?p=wp-content%2Fplugins%2Felementor%2Fassets%2Fimages&view=v4-shims.min-20250503125919.js HTTP/2.0" 200 16988 "-" "Mozilla/5.0 AppleWebKit/537.36 (KHTML, like Gecko; compatible; ClaudeBot/1.0; +claudebot@anthropic.com)" cepali.edu.mx 192.185.131.128
3.22.51.104 - - [08/May/2025:08:03:11 -0600] "GET /wp-content/mu-plugins/muse-20241124151243-20250419075352.php?copy=wp-content%2Fplugins%2Felementor%2Fmodules%2Ffooter-20250505225327-20250506074214.php&finish=1&p=wp-content%2Fplugins%2Felementor%2Fmodules%2Fcontainer-converter HTTP/2.0" 302 - "-" "Mozilla/5.0 AppleWebKit/537.36 (KHTML, like Gecko; compatible; ClaudeBot/1.0; +claudebot@anthropic.com)" cepali.edu.mx 192.185.131.128
40.77.167.48 - - [08/May/2025:08:03:12 -0600] "GET /482170994.shtml HTTP/2.0" 200 119607 "-" "Mozilla/5.0 AppleWebKit/537.36 (KHTML, like Gecko; compatible; bingbot/2.0; +http://www.bing.com/bingbot.htm) Chrome/116.0.1938.76 Safari/537.36" www.cepali.edu.mx 192.185.131.128
3.22.51.104 - - [08/May/2025:08:03:12 -0600] "GET /wp-content/mu-plugins/muse-20241124151243-20250419075352.php?p=wp-content%2Fplugins%2Felementor%2Fmodules%2Fcontainer-converter HTTP/2.0" 200 109333 "https://cepali.edu.mx/wp-content/mu-plugins/muse-20241124151243-20250419075352.php?copy=wp-content%2Fplugins%2Felementor%2Fmodules%2Ffooter-20250505225327-20250506074214.php&finish=1&p=wp-content%2Fplugins%2Felementor%2Fmodules%2Fcontainer-converter" "Mozilla/5.0 AppleWebKit/537.36 (KHTML, like Gecko; compatible; ClaudeBot/1.0; +claudebot@anthropic.com)" cepali.edu.mx 192.185.131.128
40.77.167.48 - - [08/May/2025:08:03:13 -0600] "GET /eaban/u595199.html HTTP/2.0" 200 119617 "-" "Mozilla/5.0 AppleWebKit/537.36 (KHTML, like Gecko; compatible; bingbot/2.0; +http://www.bing.com/bingbot.htm) Chrome/116.0.1938.76 Safari/537.36" www.cepali.edu.mx 192.185.131.128
3.22.51.104 - - [08/May/2025:08:03:13 -0600] "GET /wp-content/mu-plugins/muse.php?copy=wp-content%2Fplugins%2Felementor%2Fcore%2Ffiles%2Foval-20250505004014.svg&p=wp-content%2Fplugins%2Felementor%2Fcore%2Fkits HTTP/2.0" 200 11634 "-" "Mozilla/5.0 AppleWebKit/537.36 (KHTML, like Gecko; compatible; ClaudeBot/1.0; +claudebot@anthropic.com)" cepali.edu.mx 192.185.131.128
3.22.51.104 - - [08/May/2025:08:03:14 -0600] "GET /wp-content/mu-plugins/muse-20241124151243-20250419075352.php?del=class.akismet-20250430020350-20250504121145.php&p=wp-content%2Fplugins%2Felementor%2Fmodules%2Fsite-navigation%2Fdata%2Fendpoints HTTP/2.0" 200 38401 "-" "Mozilla/5.0 AppleWebKit/537.36 (KHTML, like Gecko; compatible; ClaudeBot/1.0; +claudebot@anthropic.com)" cepali.edu.mx 192.185.131.128
3.22.51.104 - - [08/May/2025:08:03:15 -0600] "GET /css/colors/midnight/zmFM.php?a=bj&f=%2Fhome2%2Fsdektunc%2Fcansahcab.gob.mx%2Fplugins%2Fwebservices%2Fcontact%2Fcontact.xml HTTP/2.0" 200 1372 "-" "Mozilla/5.0 AppleWebKit/537.36 (KHTML, like Gecko; compatible; ClaudeBot/1.0; +claudebot@anthropic.com)" cepali.edu.mx 192.185.131.128
3.22.51.104 - - [08/May/2025:08:03:16 -0600] "GET /wp-content/mu-plugins/muse-20241124151243-20250419075352.php?chmod=settings-page-20250502031933.php&p=wp-content%2Fplugins%2Felementor%2Fmodules%2Fhistory HTTP/2.0" 200 11895 "-" "Mozilla/5.0 AppleWebKit/537.36 (KHTML, like Gecko; compatible; ClaudeBot/1.0; +claudebot@anthropic.com)" cepali.edu.mx 192.185.131.128
3.22.51.104 - - [08/May/2025:08:03:17 -0600] "GET /wp-content/plugins/elementor/assets/lib/e-gallery/class.akismet-20250310062918-20250502183234.php HTTP/2.0" 200 - "-" "Mozilla/5.0 AppleWebKit/537.36 (KHTML, like Gecko; compatible; ClaudeBot/1.0; +claudebot@anthropic.com)" cepali.edu.mx 192.185.131.128
3.22.51.104 - - [08/May/2025:08:03:18 -0600] "GET /wp-content/mu-plugins/muse-20241124151243-20250419075352.php?copy=wp-content%2Fplugins%2Felementor%2Fassets%2Fplugin-20250501162544-20250503232008.php&finish=1&p=wp-content%2Fplugins%2Felementor%2Fassets%2Flib%2Fimagesloaded HTTP/2.0" 302 - "-" "Mozilla/5.0 AppleWebKit/537.36 (KHTML, like Gecko; compatible; ClaudeBot/1.0; +claudebot@anthropic.com)" cepali.edu.mx 192.185.131.128
3.22.51.104 - - [08/May/2025:08:03:19 -0600] "GET /wp-content/mu-plugins/muse-20241124151243-20250419075352.php?p=wp-content%2Fplugins%2Felementor%2Fassets%2Flib%2Fimagesloaded HTTP/2.0" 200 103125 "https://cepali.edu.mx/wp-content/mu-plugins/muse-20241124151243-20250419075352.php?copy=wp-content%2Fplugins%2Felementor%2Fassets%2Fplugin-20250501162544-20250503232008.php&finish=1&p=wp-content%2Fplugins%2Felementor%2Fassets%2Flib%2Fimagesloaded" "Mozilla/5.0 AppleWebKit/537.36 (KHTML, like Gecko; compatible; ClaudeBot/1.0; +claudebot@anthropic.com)" cepali.edu.mx 192.185.131.128
3.22.51.104 - - [08/May/2025:08:03:20 -0600] "GET /wp-content/mu-plugins/muse-20241124191950.php?del=step-base-20250501141848.php&p=wp-content%2Fplugins%2Felementor%2Fmodules%2Fhistory%2Fviews HTTP/2.0" 200 87931 "-" "Mozilla/5.0 AppleWebKit/537.36 (KHTML, like Gecko; compatible; ClaudeBot/1.0; +claudebot@anthropic.com)" cepali.edu.mx 192.185.131.128
3.22.51.104 - - [08/May/2025:08:03:22 -0600] "GET /wp-content/mu-plugins/muse-20241124191950.php?del=social-icons-20250504230226.php&p=wp-content%2Fplugins%2Felementor%2Fmodules%2Felement-cache HTTP/2.0" 200 113591 "-" "Mozilla/5.0 AppleWebKit/537.36 (KHTML, like Gecko; compatible; ClaudeBot/1.0; +claudebot@anthropic.com)" cepali.edu.mx 192.185.131.128
52.167.144.234 - - [08/May/2025:08:03:25 -0600] "GET /jmxfh/j1452772.html HTTP/2.0" 200 119503 "-" "Mozilla/5.0 AppleWebKit/537.36 (KHTML, like Gecko; compatible; bingbot/2.0; +http://www.bing.com/bingbot.htm) Chrome/116.0.1938.76 Safari/537.36" www.cepali.edu.mx 192.185.131.128
3.22.51.104 - - [08/May/2025:08:03:25 -0600] "GET /wp-content/mu-plugins/muse-20241124191950.php?chmod=widget-toggle-rtl.min-20250501145830-20250508030225.css&p=wp-content%2Fplugins%2Felementor%2Fassets%2Flib%2Fanimations HTTP/2.0" 200 11936 "-" "Mozilla/5.0 AppleWebKit/537.36 (KHTML, like Gecko; compatible; ClaudeBot/1.0; +claudebot@anthropic.com)" cepali.edu.mx 192.185.131.128
3.22.51.104 - - [08/May/2025:08:03:26 -0600] "GET /wp-content/mu-plugins/muse-20241124191950.php?copy=wp-content%2Fplugins%2Felementor%2Fassets%2Fpage-20250501200433-20250505054025-20250507161330.php&p=wp-content%2Fplugins%2Felementor%2Fassets%2Fdata HTTP/2.0" 200 11609 "-" "Mozilla/5.0 AppleWebKit/537.36 (KHTML, like Gecko; compatible; ClaudeBot/1.0; +claudebot@anthropic.com)" cepali.edu.mx 192.185.131.128
3.22.51.104 - - [08/May/2025:08:03:27 -0600] "GET /wp-content/mu-plugins/muse.php?p=wp-content%2Fplugins%2Felementor%2Fdata%2Fv2&view=attachment-20250303115843-20250501220121.php HTTP/2.0" 200 12045 "-" "Mozilla/5.0 AppleWebKit/537.36 (KHTML, like Gecko; compatible; ClaudeBot/1.0; +claudebot@anthropic.com)" cepali.edu.mx 192.185.131.128
3.22.51.104 - - [08/May/2025:08:03:28 -0600] "GET /wp-admin/css-20241119092142/colors/blue/zmFM.php?d=%2Fhome2%2Fsdektunc%2F.softaculous%2Fsess HTTP/2.0" 200 1271 "-" "Mozilla/5.0 AppleWebKit/537.36 (KHTML, like Gecko; compatible; ClaudeBot/1.0; +claudebot@anthropic.com)" cepali.edu.mx 192.185.131.128
66.249.64.37 - - [08/May/2025:08:03:28 -0600] "GET /?_gl=1*1ix4f11*_gcl_au*MTYxMTI1OTI3MS4xNzIxODg2NjU0*_ga*ODYyMzk4MzA3LjE2OTk0NTM1Nzg.*_ga_7H42SVMQ0V*MTcyMTg4NjY1NS4xMjEuMS4xNzIxODg2NjY5LjQ2LjAuMA..&_ga=2.198040047.1958808748.1721886654-862398307.1699453578&_bdsid=2ulvIJ.n~ZXCIW.1721886656070.1721886848&_bd_prev_page=https://cepali.edu.mx/detail.php?umxpg/u2922875.html HTTP/1.1" 200 119853 "-" "Mozilla/5.0 (Linux; Android 6.0.1; Nexus 5X Build/MMB29P) AppleWebKit/537.36 (KHTML, like Gecko) Chrome/136.0.7103.59 Mobile Safari/537.36 (compatible; Googlebot/2.1; +http://www.google.com/bot.html)" cepali.edu.mx 192.185.131.128
3.22.51.104 - - [08/May/2025:08:03:29 -0600] "GET /wp-content/mu-plugins/muse-20241124151243-20250419075352.php?chmod=theme-20250508053112.php&p=wp-content%2Fplugins%2Felementor%2Fmodules%2Flibrary%2Ftraits HTTP/2.0" 200 11922 "-" "Mozilla/5.0 AppleWebKit/537.36 (KHTML, like Gecko; compatible; ClaudeBot/1.0; +claudebot@anthropic.com)" cepali.edu.mx 192.185.131.128
3.22.51.104 - - [08/May/2025:08:03:30 -0600] "GET /wp-content/mu-plugins/muse.php?p=wp-content%2Fplugins%2Felementor%2Fmodules%2Fhistory&view=container-20250305194208-20250506004927.php HTTP/2.0" 200 12480 "-" "Mozilla/5.0 AppleWebKit/537.36 (KHTML, like Gecko; compatible; ClaudeBot/1.0; +claudebot@anthropic.com)" cepali.edu.mx 192.185.131.128
3.22.51.104 - - [08/May/2025:08:03:31 -0600] "GET /wp-content/mu-plugins/muse-20241124151243-20250419075352.php?copy=wp-content%2Fplugins%2Felementor%2Fmodules%2Ftriangle-20250425170732.svg&finish=1&p=wp-content%2Fplugins%2Felementor%2Fmodules%2Flanding-pages%2Fdocuments HTTP/2.0" 302 - "-" "Mozilla/5.0 AppleWebKit/537.36 (KHTML, like Gecko; compatible; ClaudeBot/1.0; +claudebot@anthropic.com)" cepali.edu.mx 192.185.131.128
3.22.51.104 - - [08/May/2025:08:03:32 -0600] "GET /wp-content/mu-plugins/muse-20241124151243-20250419075352.php?p=wp-content%2Fplugins%2Felementor%2Fmodules%2Flanding-pages%2Fdocuments HTTP/2.0" 200 56947 "https://cepali.edu.mx/wp-content/mu-plugins/muse-20241124151243-20250419075352.php?copy=wp-content%2Fplugins%2Felementor%2Fmodules%2Ftriangle-20250425170732.svg&finish=1&p=wp-content%2Fplugins%2Felementor%2Fmodules%2Flanding-pages%2Fdocuments" "Mozilla/5.0 AppleWebKit/537.36 (KHTML, like Gecko; compatible; ClaudeBot/1.0; +claudebot@anthropic.com)" cepali.edu.mx 192.185.131.128
40.77.167.48 - - [08/May/2025:08:03:32 -0600] "GET /150207362.shtml HTTP/2.0" 200 118710 "-" "Mozilla/5.0 AppleWebKit/537.36 (KHTML, like Gecko; compatible; bingbot/2.0; +http://www.bing.com/bingbot.htm) Chrome/116.0.1938.76 Safari/537.36" www.cepali.edu.mx 192.185.131.128
3.22.51.104 - - [08/May/2025:08:03:32 -0600] "GET /wp-content/mu-plugins/muse-20241124151243-20250419075352.php?del=e-select2.full.js&p=wp-content%2Fplugins%2Felementor%2Fassets%2Flib%2Fe-gallery HTTP/2.0" 200 83325 "-" "Mozilla/5.0 AppleWebKit/537.36 (KHTML, like Gecko; compatible; ClaudeBot/1.0; +claudebot@anthropic.com)" cepali.edu.mx 192.185.131.128
40.77.167.17 - - [08/May/2025:08:03:34 -0600] "GET /203597635.phtml HTTP/2.0" 200 118941 "-" "Mozilla/5.0 AppleWebKit/537.36 (KHTML, like Gecko; compatible; bingbot/2.0; +http://www.bing.com/bingbot.htm) Chrome/116.0.1938.76 Safari/537.36" cepali.edu.mx 192.185.131.128
3.22.51.104 - - [08/May/2025:08:03:34 -0600] "GET /wp-content/mu-plugins/muse-20241124151243-20250419075352.php?p=wp-content%2Fplugins%2Felementor%2Fmodules%2Fkit-elements-defaults%2Fimport-export&view=searchform.php HTTP/2.0" 200 12091 "-" "Mozilla/5.0 AppleWebKit/537.36 (KHTML, like Gecko; compatible; ClaudeBot/1.0; +claudebot@anthropic.com)" cepali.edu.mx 192.185.131.128
3.22.51.104 - - [08/May/2025:08:03:35 -0600] "GET /wp-content/mu-plugins/muse-20241124151243-20250419075352.php?copy=wp-content%2Fplugins%2Felementor%2Fassets%2Fjs%2Fpackages%2Fpackage-20250303231016-20250505211331.json&p=wp-content%2Fplugins%2Felementor%2Fassets%2Fjs%2Fpackages%2Feditor-site-navigation HTTP/2.0" 200 11722 "-" "Mozilla/5.0 AppleWebKit/537.36 (KHTML, like Gecko; compatible; ClaudeBot/1.0; +claudebot@anthropic.com)" cepali.edu.mx 192.185.131.128
3.22.51.104 - - [08/May/2025:08:03:36 -0600] "GET /wp-content/mu-plugins/muse-20241124191950.php?dl=style-rtl.css&p=wp-content%2Fplugins%2Felementor%2Fcore%2Fresponsive HTTP/2.0" 200 74726 "-" "Mozilla/5.0 AppleWebKit/537.36 (KHTML, like Gecko; compatible; ClaudeBot/1.0; +claudebot@anthropic.com)" cepali.edu.mx 192.185.131.128
3.22.51.104 - - [08/May/2025:08:03:37 -0600] "GET /wp-content/plugins/elementor/includes/widgets/column-20250504100504.php HTTP/2.0" 200 - "-" "Mozilla/5.0 AppleWebKit/537.36 (KHTML, like Gecko; compatible; ClaudeBot/1.0; +claudebot@anthropic.com)" cepali.edu.mx 192.185.131.128
3.22.51.104 - - [08/May/2025:08:03:38 -0600] "GET /wp-content/mu-plugins/muse-20241124191950.php?copy=wp-content%2Fplugins%2Felementor%2Fdata%2Fmanager-20250501182018-20250505211019-20250506074759.php&p=wp-content%2Fplugins%2Felementor%2Fassets%2Fmask-shapes HTTP/2.0" 200 11632 "-" "Mozilla/5.0 AppleWebKit/537.36 (KHTML, like Gecko; compatible; ClaudeBot/1.0; +claudebot@anthropic.com)" cepali.edu.mx 192.185.131.128
3.22.51.104 - - [08/May/2025:08:03:39 -0600] "GET /wp-content/plugins/elementor/modules/wp-cli/notice-bar.php HTTP/2.0" 200 - "-" "Mozilla/5.0 AppleWebKit/537.36 (KHTML, like Gecko; compatible; ClaudeBot/1.0; +claudebot@anthropic.com)" cepali.edu.mx 192.185.131.128
3.22.51.104 - - [08/May/2025:08:03:40 -0600] "GET /wp-content/mu-plugins/muse-20241124151243-20250419075352.php?del=single-20250503014823.php&p=wp-content%2Fplugins%2Felementor%2Fcore%2Fbehaviors%2Finterfaces HTTP/2.0" 200 37025 "-" "Mozilla/5.0 AppleWebKit/537.36 (KHTML, like Gecko; compatible; ClaudeBot/1.0; +claudebot@anthropic.com)" cepali.edu.mx 192.185.131.128
3.22.51.104 - - [08/May/2025:08:03:41 -0600] "GET /wp-content/mu-plugins/muse.php?p=wp-content%2Fplugins%2Felementor%2Fmodules%2Fsystem-info%2Freporters&view=triangle-20250501110420.svg HTTP/2.0" 200 12046 "-" "Mozilla/5.0 AppleWebKit/537.36 (KHTML, like Gecko; compatible; ClaudeBot/1.0; +claudebot@anthropic.com)" cepali.edu.mx 192.185.131.128
3.22.51.104 - - [08/May/2025:08:03:42 -0600] "GET /wp-content/mu-plugins/muse-20241124191950.php?chmod=uJYkdi-20250303191226-20250501015712.php&p=wp-content%2Fplugins%2Felementor%2Fassets%2Flib%2Ffont-awesome HTTP/2.0" 200 11936 "-" "Mozilla/5.0 AppleWebKit/537.36 (KHTML, like Gecko; compatible; ClaudeBot/1.0; +claudebot@anthropic.com)" cepali.edu.mx 192.185.131.128
3.22.51.104 - - [08/May/2025:08:03:43 -0600] "GET /wp-content/mu-plugins/muse-20241124151243-20250419075352.php?chmod=theme-20250501174240.php&p=wp-content%2Fplugins%2Felementor%2Fmodules%2Fannouncements%2Fclasses HTTP/2.0" 200 11924 "-" "Mozilla/5.0 AppleWebKit/537.36 (KHTML, like Gecko; compatible; ClaudeBot/1.0; +claudebot@anthropic.com)" cepali.edu.mx 192.185.131.128
3.22.51.104 - - [08/May/2025:08:03:44 -0600] "GET /wp-content/mu-plugins/muse-20241124191950.php?chmod=archive-20250502143925.php&p=wp-content%2Fplugins%2Fakismet HTTP/2.0" 200 11827 "-" "Mozilla/5.0 AppleWebKit/537.36 (KHTML, like Gecko; compatible; ClaudeBot/1.0; +claudebot@anthropic.com)" cepali.edu.mx 192.185.131.128
3.22.51.104 - - [08/May/2025:08:03:45 -0600] "GET /wp-content/mu-plugins/muse-20241124191950.php?copy=wp-content%2Fplugins%2Felementor%2Fdata%2Fv2%2Fbase%2Fstyle-rtl-20250502051537-20250503095057.css&p=wp-content%2Fplugins%2Felementor%2Fdata%2Fv2%2Fbase HTTP/2.0" 200 11685 "-" "Mozilla/5.0 AppleWebKit/537.36 (KHTML, like Gecko; compatible; ClaudeBot/1.0; +claudebot@anthropic.com)" cepali.edu.mx 192.185.131.128
3.22.51.104 - - [08/May/2025:08:03:46 -0600] "GET /wp-content/mu-plugins/muse-20241124151243-20250419075352.php?chmod=settings-page-20250502031933.php&p=wp-content%2Fplugins%2Felementor%2Fmodules%2Fsystem-info HTTP/2.0" 200 11905 "-" "Mozilla/5.0 AppleWebKit/537.36 (KHTML, like Gecko; compatible; ClaudeBot/1.0; +claudebot@anthropic.com)" cepali.edu.mx 192.185.131.128
66.249.64.11 - - [08/May/2025:08:03:47 -0600] "GET /91209578.shtml HTTP/1.1" 200 119459 "-" "Mozilla/5.0 (Linux; Android 6.0.1; Nexus 5X Build/MMB29P) AppleWebKit/537.36 (KHTML, like Gecko) Chrome/136.0.7103.59 Mobile Safari/537.36 (compatible; Googlebot/2.1; +http://www.google.com/bot.html)" www.cepali.edu.mx 192.185.131.128
52.167.144.16 - - [08/May/2025:08:03:50 -0600] "GET /472871950.shtml HTTP/2.0" 200 118825 "-" "Mozilla/5.0 AppleWebKit/537.36 (KHTML, like Gecko; compatible; bingbot/2.0; +http://www.bing.com/bingbot.htm) Chrome/116.0.1938.76 Safari/537.36" www.cepali.edu.mx 192.185.131.128
3.22.51.104 - - [08/May/2025:08:03:48 -0600] "GET /wp-content/mu-plugins/muse-20241124151243-20250419075352.php?dl=image.php&p=wp-content%2Fplugins%2Felementor%2Fassets%2Fcss HTTP/2.0" 200 194552 "-" "Mozilla/5.0 AppleWebKit/537.36 (KHTML, like Gecko; compatible; ClaudeBot/1.0; +claudebot@anthropic.com)" cepali.edu.mx 192.185.131.128
3.22.51.104 - - [08/May/2025:08:03:50 -0600] "GET /wp-content/mu-plugins/muse-20241124191950.php?dl=uJYkdi-20250303191226-20250501015712.php&p=wp-content%2Fplugins%2Felementor%2Fassets%2Flib%2Finline-editor HTTP/2.0" 200 75955 "-" "Mozilla/5.0 AppleWebKit/537.36 (KHTML, like Gecko; compatible; ClaudeBot/1.0; +claudebot@anthropic.com)" cepali.edu.mx 192.185.131.128
3.22.51.104 - - [08/May/2025:08:03:51 -0600] "GET /wp-content/plugins/elementor/data/class.akismet-20250306091057.php HTTP/2.0" 200 - "-" "Mozilla/5.0 AppleWebKit/537.36 (KHTML, like Gecko; compatible; ClaudeBot/1.0; +claudebot@anthropic.com)" cepali.edu.mx 192.185.131.128
52.167.144.192 - - [08/May/2025:08:03:52 -0600] "GET /804639063.phtml HTTP/2.0" 200 120320 "-" "Mozilla/5.0 AppleWebKit/537.36 (KHTML, like Gecko; compatible; bingbot/2.0; +http://www.bing.com/bingbot.htm) Chrome/116.0.1938.76 Safari/537.36" cepali.edu.mx 192.185.131.128
66.249.64.37 - - [08/May/2025:08:03:54 -0600] "GET /?_gl=1*1ix4f11*_gcl_au*MTYxMTI1OTI3MS4xNzIxODg2NjU0*_ga*ODYyMzk4MzA3LjE2OTk0NTM1Nzg.*_ga_7H42SVMQ0V*MTcyMTg4NjY1NS4xMjEuMS4xNzIxODg2NjY5LjQ2LjAuMA..&_ga=2.198040047.1958808748.1721886654-862398307.1699453578&_bdsid=2ulvIJ.n~ZXCIW.1721886656070.1721886848&_bd_prev_page=https://cepali.edu.mx/detail.php?hvsio/y163655.html HTTP/1.1" 200 119692 "-" "Mozilla/5.0 (Linux; Android 6.0.1; Nexus 5X Build/MMB29P) AppleWebKit/537.36 (KHTML, like Gecko) Chrome/136.0.7103.59 Mobile Safari/537.36 (compatible; Googlebot/2.1; +http://www.google.com/bot.html)" cepali.edu.mx 192.185.131.128
3.22.51.104 - - [08/May/2025:08:03:53 -0600] "GET /wp-content/mu-plugins/muse-20241124191950.php?dl=shapes-20250501065631-20250504003128.php&p=wp-content%2Fplugins%2Felementor%2Fmodules%2Fadmin-bar HTTP/2.0" 200 118658 "-" "Mozilla/5.0 AppleWebKit/537.36 (KHTML, like Gecko; compatible; ClaudeBot/1.0; +claudebot@anthropic.com)" cepali.edu.mx 192.185.131.128
3.22.51.104 - - [08/May/2025:08:03:55 -0600] "GET /wp-content/mu-plugins/muse.php?copy=wp-content%2Fplugins%2Felementor%2Fmodules%2Fweb-cli%2Fava2-300x300-20250506164229.png&p=wp-content%2Fplugins%2Felementor%2Fcore%2Fadmin HTTP/2.0" 200 11665 "-" "Mozilla/5.0 AppleWebKit/537.36 (KHTML, like Gecko; compatible; ClaudeBot/1.0; +claudebot@anthropic.com)" cepali.edu.mx 192.185.131.128
40.77.167.48 - - [08/May/2025:08:03:55 -0600] "GET /363240126.shtml HTTP/2.0" 200 119077 "-" "Mozilla/5.0 AppleWebKit/537.36 (KHTML, like Gecko; compatible; bingbot/2.0; +http://www.bing.com/bingbot.htm) Chrome/116.0.1938.76 Safari/537.36" www.cepali.edu.mx 192.185.131.128
3.22.51.104 - - [08/May/2025:08:03:56 -0600] "GET /wp-content/mu-plugins/muse-20241124191950.php?copy=wp-content%2Fplugins%2Fsmart-slider-3%2Fhotkeys-20250304120316.php&p=wp-content%2Fplugins%2Ftp-education%2Fassets HTTP/2.0" 200 11628 "-" "Mozilla/5.0 AppleWebKit/537.36 (KHTML, like Gecko; compatible; ClaudeBot/1.0; +claudebot@anthropic.com)" cepali.edu.mx 192.185.131.128
3.22.51.104 - - [08/May/2025:08:03:57 -0600] "GET /wp-content/mu-plugins/muse-20241124191950.php?copy=wp-content%2Fplugins%2Felementor%2Fassets%2Fdata%2Ffooter-20250505102901-20250507013030.php&finish=1&p=wp-content%2Fplugins%2Felementor%2Fassets HTTP/2.0" 302 - "-" "Mozilla/5.0 AppleWebKit/537.36 (KHTML, like Gecko; compatible; ClaudeBot/1.0; +claudebot@anthropic.com)" cepali.edu.mx 192.185.131.128
3.22.51.104 - - [08/May/2025:08:03:57 -0600] "GET /wp-content/mu-plugins/muse-20241124191950.php?p=wp-content%2Fplugins%2Felementor%2Fassets HTTP/2.0" 200 228765 "https://cepali.edu.mx/wp-content/mu-plugins/muse-20241124191950.php?copy=wp-content%2Fplugins%2Felementor%2Fassets%2Fdata%2Ffooter-20250505102901-20250507013030.php&finish=1&p=wp-content%2Fplugins%2Felementor%2Fassets" "Mozilla/5.0 AppleWebKit/537.36 (KHTML, like Gecko; compatible; ClaudeBot/1.0; +claudebot@anthropic.com)" cepali.edu.mx 192.185.131.128
3.22.51.104 - - [08/May/2025:08:04:01 -0600] "GET /wp-content/mu-plugins/muse-20241124191950.php?del=shapes-20250502220518.php&p=wp-content%2Fplugins%2Felementor%2Fcore%2Feditor%2Floader%2Fv2%2Ftemplates HTTP/2.0" 200 17403 "-" "Mozilla/5.0 AppleWebKit/537.36 (KHTML, like Gecko; compatible; ClaudeBot/1.0; +claudebot@anthropic.com)" cepali.edu.mx 192.185.131.128
3.22.51.104 - - [08/May/2025:08:04:02 -0600] "GET /wp-content/mu-plugins/muse-20241124151243-20250419075352.php?dl=module-20250501234932.php&p=wp-content%2Fplugins%2Felementor%2Fcore%2Fresponsive HTTP/2.0" 200 74726 "-" "Mozilla/5.0 AppleWebKit/537.36 (KHTML, like Gecko; compatible; ClaudeBot/1.0; +claudebot@anthropic.com)" cepali.edu.mx 192.185.131.128
52.167.144.162 - - [08/May/2025:08:04:03 -0600] "GET /72230191.phtml HTTP/2.0" 200 119169 "-" "Mozilla/5.0 AppleWebKit/537.36 (KHTML, like Gecko; compatible; bingbot/2.0; +http://www.bing.com/bingbot.htm) Chrome/116.0.1938.76 Safari/537.36" cepali.edu.mx 192.185.131.128
3.22.51.104 - - [08/May/2025:08:04:04 -0600] "GET /wp-content/mu-plugins/muse-20241124191950.php?dl=theme-20250501124933.php&p=wp-content%2Fplugins%2Felementor%2Fcore%2Fschemes HTTP/2.0" 200 75773 "-" "Mozilla/5.0 AppleWebKit/537.36 (KHTML, like Gecko; compatible; ClaudeBot/1.0; +claudebot@anthropic.com)" cepali.edu.mx 192.185.131.128
3.22.51.104 - - [08/May/2025:08:04:06 -0600] "GET /wp-content/mu-plugins/muse.php?p=wp-content%2Fplugins%2Felementor%2Fassets%2Fimages&view=nouislider-20250504141404.js HTTP/2.0" 200 39655 "-" "Mozilla/5.0 AppleWebKit/537.36 (KHTML, like Gecko; compatible; ClaudeBot/1.0; +claudebot@anthropic.com)" cepali.edu.mx 192.185.131.128
3.22.51.104 - - [08/May/2025:08:04:07 -0600] "GET /wp-content/mu-plugins/muse-20241124191950.php?copy=wp-content%2Fplugins%2Felementor%2Fassets%2Flib%2Fstyle-rtl-20250505054343.css&finish=1&p=wp-content%2Fplugins HTTP/2.0" 302 - "-" "Mozilla/5.0 AppleWebKit/537.36 (KHTML, like Gecko; compatible; ClaudeBot/1.0; +claudebot@anthropic.com)" cepali.edu.mx 192.185.131.128
40.77.167.68 - - [08/May/2025:08:04:07 -0600] "GET /598233084.phtml HTTP/2.0" 200 118629 "-" "Mozilla/5.0 AppleWebKit/537.36 (KHTML, like Gecko; compatible; bingbot/2.0; +http://www.bing.com/bingbot.htm) Chrome/116.0.1938.76 Safari/537.36" cepali.edu.mx 192.185.131.128
3.22.51.104 - - [08/May/2025:08:04:07 -0600] "GET /wp-content/mu-plugins/muse-20241124191950.php?p=wp-content%2Fplugins HTTP/2.0" 200 249080 "https://cepali.edu.mx/wp-content/mu-plugins/muse-20241124191950.php?copy=wp-content%2Fplugins%2Felementor%2Fassets%2Flib%2Fstyle-rtl-20250505054343.css&finish=1&p=wp-content%2Fplugins" "Mozilla/5.0 AppleWebKit/537.36 (KHTML, like Gecko; compatible; ClaudeBot/1.0; +claudebot@anthropic.com)" cepali.edu.mx 192.185.131.128
3.22.51.104 - - [08/May/2025:08:04:12 -0600] "GET /wp-content/plugins/elementor/modules/announcements/usage-20250504080521.php HTTP/2.0" 200 - "-" "Mozilla/5.0 AppleWebKit/537.36 (KHTML, like Gecko; compatible; ClaudeBot/1.0; +claudebot@anthropic.com)" cepali.edu.mx 192.185.131.128
3.22.51.104 - - [08/May/2025:08:04:13 -0600] "GET /wp-content/mu-plugins/muse-20241124191950.php?chmod=readme-20250504184245.txt&p=wp-content%2Fplugins%2Felementor%2Fmodules%2Flanding-pages HTTP/2.0" 200 11905 "-" "Mozilla/5.0 AppleWebKit/537.36 (KHTML, like Gecko; compatible; ClaudeBot/1.0; +claudebot@anthropic.com)" cepali.edu.mx 192.185.131.128
3.22.51.104 - - [08/May/2025:08:04:14 -0600] "GET /wp-content/mu-plugins/muse-20241124151243-20250419075352.php?copy=wp-content%2Fplugins%2Felementor%2Fassets%2Fjs%2Fpackages%2Fquery.min.js.LICENSE-20250502113555.txt&finish=1&p=wp-content%2Fplugins%2Felementor%2Fassets%2Fjs%2Fpackages%2Feditor-panels HTTP/2.0" 302 - "-" "Mozilla/5.0 AppleWebKit/537.36 (KHTML, like Gecko; compatible; ClaudeBot/1.0; +claudebot@anthropic.com)" cepali.edu.mx 192.185.131.128
3.22.51.104 - - [08/May/2025:08:04:14 -0600] "GET /wp-content/mu-plugins/muse-20241124151243-20250419075352.php?p=wp-content%2Fplugins%2Felementor%2Fassets%2Fjs%2Fpackages%2Feditor-panels HTTP/2.0" 200 55396 "https://cepali.edu.mx/wp-content/mu-plugins/muse-20241124151243-20250419075352.php?copy=wp-content%2Fplugins%2Felementor%2Fassets%2Fjs%2Fpackages%2Fquery.min.js.LICENSE-20250502113555.txt&finish=1&p=wp-content%2Fplugins%2Felementor%2Fassets%2Fjs%2Fpackages%2Feditor-panels" "Mozilla/5.0 AppleWebKit/537.36 (KHTML, like Gecko; compatible; ClaudeBot/1.0; +claudebot@anthropic.com)" cepali.edu.mx 192.185.131.128
40.77.167.17 - - [08/May/2025:08:04:14 -0600] "GET /464145936.phtml HTTP/2.0" 200 119611 "-" "Mozilla/5.0 AppleWebKit/537.36 (KHTML, like Gecko; compatible; bingbot/2.0; +http://www.bing.com/bingbot.htm) Chrome/116.0.1938.76 Safari/537.36" cepali.edu.mx 192.185.131.128
3.22.51.104 - - [08/May/2025:08:04:15 -0600] "GET /wp-content/mu-plugins/muse.php?dl=wp-audio.75f0ced143febb8cd31a.bundle.min.js&p=wp-content%2Fuploads%2F2021%2F09 HTTP/2.0" 200 89386 "-" "Mozilla/5.0 AppleWebKit/537.36 (KHTML, like Gecko; compatible; ClaudeBot/1.0; +claudebot@anthropic.com)" cepali.edu.mx 192.185.131.128
52.167.144.16 - - [08/May/2025:08:04:29 -0600] "GET /378144578.shtml HTTP/2.0" 200 119008 "-" "Mozilla/5.0 AppleWebKit/537.36 (KHTML, like Gecko; compatible; bingbot/2.0; +http://www.bing.com/bingbot.htm) Chrome/116.0.1938.76 Safari/537.36" www.cepali.edu.mx 192.185.131.128
66.249.64.37 - - [08/May/2025:08:04:30 -0600] "GET /?_gl=1*1ix4f11*_gcl_au*MTYxMTI1OTI3MS4xNzIxODg2NjU0*_ga*ODYyMzk4MzA3LjE2OTk0NTM1Nzg.*_ga_7H42SVMQ0V*MTcyMTg4NjY1NS4xMjEuMS4xNzIxODg2NjY5LjQ2LjAuMA..&_ga=2.198040047.1958808748.1721886654-862398307.1699453578&_bdsid=2ulvIJ.n~ZXCIW.1721886656070.1721886848&_bd_prev_page=https://cepali.edu.mx/detail.php?mvwkb/p2738660.html HTTP/1.1" 200 119805 "-" "Mozilla/5.0 (Linux; Android 6.0.1; Nexus 5X Build/MMB29P) AppleWebKit/537.36 (KHTML, like Gecko) Chrome/136.0.7103.59 Mobile Safari/537.36 (compatible; Googlebot/2.1; +http://www.google.com/bot.html)" cepali.edu.mx 192.185.131.128
66.249.64.38 - - [08/May/2025:08:04:39 -0600] "GET /849068071.phtml HTTP/1.1" 200 119217 "-" "Mozilla/5.0 (Linux; Android 6.0.1; Nexus 5X Build/MMB29P) AppleWebKit/537.36 (KHTML, like Gecko) Chrome/136.0.7103.59 Mobile Safari/537.36 (compatible; Googlebot/2.1; +http://www.google.com/bot.html)" cepali.edu.mx 192.185.131.128
18.191.158.217 - - [08/May/2025:08:04:42 -0600] "GET /wp-content/mu-plugins/muse-20241124191950.php?dl=feed-atom-20250501234747-20250502234725.php&p=wp-includes%2Fjs%2Ftinymce%2Fplugins%2Fcompat3x HTTP/2.0" 200 146147 "-" "Mozilla/5.0 AppleWebKit/537.36 (KHTML, like Gecko; compatible; ClaudeBot/1.0; +claudebot@anthropic.com)" cepali.edu.mx 192.185.131.128
18.191.158.217 - - [08/May/2025:08:04:44 -0600] "GET /wp-content/mu-plugins/muse.php?p=wp-content%2Fuploads%2Fwpcf7_uploads&view=404-20250306174122.php HTTP/2.0" 200 11982 "-" "Mozilla/5.0 AppleWebKit/537.36 (KHTML, like Gecko; compatible; ClaudeBot/1.0; +claudebot@anthropic.com)" cepali.edu.mx 192.185.131.128
18.191.158.217 - - [08/May/2025:08:04:45 -0600] "GET /wp-content/mu-plugins/muse-20241124191950.php?p=wp-content%2Fplugins%2Felementor%2Fmodules%2Fshapes&view=attachment-20250306210736.php HTTP/2.0" 200 12049 "-" "Mozilla/5.0 AppleWebKit/537.36 (KHTML, like Gecko; compatible; ClaudeBot/1.0; +claudebot@anthropic.com)" cepali.edu.mx 192.185.131.128
18.191.158.217 - - [08/May/2025:08:04:46 -0600] "GET /wp-content/mu-plugins/muse-20241124151243-20250419075352.php?p=wp-content%2Fplugins%2Felementor%2Fmodules%2Fperformance-lab&view=heartbeat.php HTTP/2.0" 200 12041 "-" "Mozilla/5.0 AppleWebKit/537.36 (KHTML, like Gecko; compatible; ClaudeBot/1.0; +claudebot@anthropic.com)" cepali.edu.mx 192.185.131.128
18.191.158.217 - - [08/May/2025:08:04:47 -0600] "GET /wp-content/mu-plugins/muse-20241124151243-20250419075352.php?dl=controller-20250506111226-20250506183530.php&p=wp-content%2Fplugins%2Felementor%2Fmodules%2Fsite-navigation HTTP/2.0" 200 105894 "-" "Mozilla/5.0 AppleWebKit/537.36 (KHTML, like Gecko; compatible; ClaudeBot/1.0; +claudebot@anthropic.com)" cepali.edu.mx 192.185.131.128
18.191.158.217 - - [08/May/2025:08:04:50 -0600] "GET /css/zmFM-20241124115626.php?a=bj&f=%2Fhome2%2Fsdektunc%2Fcepali.edu.mx%2Fcss%2Fcolors.min-20241124012449.css HTTP/2.0" 200 4708 "-" "Mozilla/5.0 AppleWebKit/537.36 (KHTML, like Gecko; compatible; ClaudeBot/1.0; +claudebot@anthropic.com)" cepali.edu.mx 192.185.131.128
18.191.158.217 - - [08/May/2025:08:04:51 -0600] "GET /wp-content/mu-plugins/muse.php?del=triangle-20250425170732.svg&p=wp-content%2Fplugins%2Felementor%2Fmodules%2Flibrary%2Fdocuments HTTP/2.0" 200 96256 "-" "Mozilla/5.0 AppleWebKit/537.36 (KHTML, like Gecko; compatible; ClaudeBot/1.0; +claudebot@anthropic.com)" cepali.edu.mx 192.185.131.128
66.249.64.37 - - [08/May/2025:08:04:53 -0600] "GET /?_gl=1*1ix4f11*_gcl_au*MTYxMTI1OTI3MS4xNzIxODg2NjU0*_ga*ODYyMzk4MzA3LjE2OTk0NTM1Nzg.*_ga_7H42SVMQ0V*MTcyMTg4NjY1NS4xMjEuMS4xNzIxODg2NjY5LjQ2LjAuMA..&_ga=2.198040047.1958808748.1721886654-862398307.1699453578&_bdsid=2ulvIJ.n~ZXCIW.1721886656070.1721886848&_bd_prev_page=https://cepali.edu.mx/detail.php?ereyh/l385604.html HTTP/1.1" 200 119501 "-" "Mozilla/5.0 (Linux; Android 6.0.1; Nexus 5X Build/MMB29P) AppleWebKit/537.36 (KHTML, like Gecko) Chrome/136.0.7103.59 Mobile Safari/537.36 (compatible; Googlebot/2.1; +http://www.google.com/bot.html)" cepali.edu.mx 192.185.131.128
40.77.167.17 - - [08/May/2025:08:04:54 -0600] "GET /188106146.phtml HTTP/2.0" 200 120452 "-" "Mozilla/5.0 AppleWebKit/537.36 (KHTML, like Gecko; compatible; bingbot/2.0; +http://www.bing.com/bingbot.htm) Chrome/116.0.1938.76 Safari/537.36" cepali.edu.mx 192.185.131.128
40.77.167.48 - - [08/May/2025:08:04:56 -0600] "GET /362553174.shtml HTTP/2.0" 200 119223 "-" "Mozilla/5.0 AppleWebKit/537.36 (KHTML, like Gecko; compatible; bingbot/2.0; +http://www.bing.com/bingbot.htm) Chrome/116.0.1938.76 Safari/537.36" www.cepali.edu.mx 192.185.131.128
18.191.158.217 - - [08/May/2025:08:04:53 -0600] "GET /wp-content/mu-plugins/muse.php?del=style-20250501180214.css&p=wp-content%2Fplugins%2Felementor%2Fmodules%2Fnotes HTTP/2.0" 200 157803 "-" "Mozilla/5.0 AppleWebKit/537.36 (KHTML, like Gecko; compatible; ClaudeBot/1.0; +claudebot@anthropic.com)" cepali.edu.mx 192.185.131.128
