3.128.173.223 - - [08/May/2025:07:25:38 -0600] "GET /wp-content/mu-plugins/muse.php?p=wp-content%2Fplugins%2Felementor%2Fmodules%2Fannouncements%2Fclasses&view=single-20250501141608.php HTTP/2.0" 200 12077 "-" "Mozilla/5.0 AppleWebKit/537.36 (KHTML, like Gecko; compatible; ClaudeBot/1.0; +claudebot@anthropic.com)" cepali.edu.mx 192.185.131.128
66.249.64.10 - - [08/May/2025:07:25:38 -0600] "GET /413275950.shtml HTTP/1.1" 200 119138 "-" "Mozilla/5.0 (Linux; Android 6.0.1; Nexus 5X Build/MMB29P) AppleWebKit/537.36 (KHTML, like Gecko) Chrome/136.0.7103.59 Mobile Safari/537.36 (compatible; Googlebot/2.1; +http://www.google.com/bot.html)" www.cepali.edu.mx 192.185.131.128
52.167.144.186 - - [08/May/2025:07:25:38 -0600] "GET /36024058.shtml HTTP/2.0" 200 118833 "-" "Mozilla/5.0 AppleWebKit/537.36 (KHTML, like Gecko; compatible; bingbot/2.0; +http://www.bing.com/bingbot.htm) Chrome/116.0.1938.76 Safari/537.36" www.cepali.edu.mx 192.185.131.128
3.128.173.223 - - [08/May/2025:07:25:39 -0600] "GET /wp-content/mu-plugins/muse-20241124151243-20250419075352.php?copy=wp-content%2Fplugins%2Felementor%2Fmodules%2Fcontainer-converter%2Fsingle-20241124174051.php&p=wp-content%2Fplugins%2Felementor%2Fmodules%2Fsystem-info%2Ftemplates HTTP/2.0" 200 11648 "-" "Mozilla/5.0 AppleWebKit/537.36 (KHTML, like Gecko; compatible; ClaudeBot/1.0; +claudebot@anthropic.com)" cepali.edu.mx 192.185.131.128
3.128.173.223 - - [08/May/2025:07:25:40 -0600] "GET /wp-content/mu-plugins/muse.php?copy=wp-content%2Fplugins%2Fakismet%2F_inc%2Fimg%2Fupgrade-20250507033841.php&finish=1&p=wp-content%2Fplugins%2Fakismet%2F_inc%2Fimg HTTP/2.0" 302 - "-" "Mozilla/5.0 AppleWebKit/537.36 (KHTML, like Gecko; compatible; ClaudeBot/1.0; +claudebot@anthropic.com)" cepali.edu.mx 192.185.131.128
3.128.173.223 - - [08/May/2025:07:25:40 -0600] "GET /wp-content/mu-plugins/muse.php?p=wp-content%2Fplugins%2Fakismet%2F_inc%2Fimg HTTP/2.0" 200 44785 "https://cepali.edu.mx/wp-content/mu-plugins/muse.php?copy=wp-content%2Fplugins%2Fakismet%2F_inc%2Fimg%2Fupgrade-20250507033841.php&finish=1&p=wp-content%2Fplugins%2Fakismet%2F_inc%2Fimg" "Mozilla/5.0 AppleWebKit/537.36 (KHTML, like Gecko; compatible; ClaudeBot/1.0; +claudebot@anthropic.com)" cepali.edu.mx 192.185.131.128
3.128.173.223 - - [08/May/2025:07:25:41 -0600] "GET /wp-content/mu-plugins/muse.php?dl=js-20250304160739-20250508080826.php&p=wp-content%2Fplugins%2Felementor%2Fcore%2Fcommon HTTP/2.0" 200 68931 "-" "Mozilla/5.0 AppleWebKit/537.36 (KHTML, like Gecko; compatible; ClaudeBot/1.0; +claudebot@anthropic.com)" cepali.edu.mx 192.185.131.128
3.128.173.223 - - [08/May/2025:07:25:43 -0600] "GET /wp-content/mu-plugins/muse-20241124191950.php?copy=wp-content%2Fplugins%2Felementor%2Fnotice-bar-20250506184224.php&p=wp-content%2Fplugins%2Felementor%2Fmodules%2Fai%2Fconnect HTTP/2.0" 200 11604 "-" "Mozilla/5.0 AppleWebKit/537.36 (KHTML, like Gecko; compatible; ClaudeBot/1.0; +claudebot@anthropic.com)" cepali.edu.mx 192.185.131.128
3.128.173.223 - - [08/May/2025:07:25:44 -0600] "GET /wp-content/mu-plugins/muse-20241124151243-20250419075352.php?copy=wp-content%2Fplugins%2Felementor%2Farchive-20250502143925.php&finish=1&p=wp-content%2Fplugins%2Felementor%2Fmodules%2Fsite-navigation%2Fdata HTTP/2.0" 302 - "-" "Mozilla/5.0 AppleWebKit/537.36 (KHTML, like Gecko; compatible; ClaudeBot/1.0; +claudebot@anthropic.com)" cepali.edu.mx 192.185.131.128
3.128.173.223 - - [08/May/2025:07:25:44 -0600] "GET /wp-content/mu-plugins/muse-20241124151243-20250419075352.php?p=wp-content%2Fplugins%2Felementor%2Fmodules%2Fsite-navigation%2Fdata HTTP/2.0" 200 61787 "https://cepali.edu.mx/wp-content/mu-plugins/muse-20241124151243-20250419075352.php?copy=wp-content%2Fplugins%2Felementor%2Farchive-20250502143925.php&finish=1&p=wp-content%2Fplugins%2Felementor%2Fmodules%2Fsite-navigation%2Fdata" "Mozilla/5.0 AppleWebKit/537.36 (KHTML, like Gecko; compatible; ClaudeBot/1.0; +claudebot@anthropic.com)" cepali.edu.mx 192.185.131.128
66.249.64.37 - - [08/May/2025:07:25:45 -0600] "GET /458785763.phtml HTTP/1.1" 200 119389 "-" "Mozilla/5.0 (Linux; Android 6.0.1; Nexus 5X Build/MMB29P) AppleWebKit/537.36 (KHTML, like Gecko) Chrome/136.0.7103.59 Mobile Safari/537.36 (compatible; Googlebot/2.1; +http://www.google.com/bot.html)" cepali.edu.mx 192.185.131.128
3.128.173.223 - - [08/May/2025:07:25:46 -0600] "GET /wp-content/mu-plugins/muse-20241124191950.php?copy=wp-content%2Fplugins%2Felementor%2Fmodules%2Fcontent-sanitizer%2Fsingle-20250306041254-20250502184933.php&p=wp-content%2Fplugins%2Felementor%2Fmodules%2Fcontent-sanitizer HTTP/2.0" 200 11651 "-" "Mozilla/5.0 AppleWebKit/537.36 (KHTML, like Gecko; compatible; ClaudeBot/1.0; +claudebot@anthropic.com)" cepali.edu.mx 192.185.131.128
52.167.144.186 - - [08/May/2025:07:25:46 -0600] "GET /utiay/d1440052.html HTTP/2.0" 200 119033 "-" "Mozilla/5.0 AppleWebKit/537.36 (KHTML, like Gecko; compatible; bingbot/2.0; +http://www.bing.com/bingbot.htm) Chrome/116.0.1938.76 Safari/537.36" www.cepali.edu.mx 192.185.131.128
3.128.173.223 - - [08/May/2025:07:25:47 -0600] "GET /wp-content/mu-plugins/muse-20241124191950.php?copy=wp-content%2Fplugins%2Felementor%2Fcore%2Fisolation%2Fsearchform-20250310005413-20250507081629.php&p=wp-content%2Fplugins%2Felementor%2Fcore%2Fisolation HTTP/2.0" 200 11615 "-" "Mozilla/5.0 AppleWebKit/537.36 (KHTML, like Gecko; compatible; ClaudeBot/1.0; +claudebot@anthropic.com)" cepali.edu.mx 192.185.131.128
3.128.173.223 - - [08/May/2025:07:25:48 -0600] "GET /wp-content/mu-plugins/muse.php?copy=wp-content%2Fplugins%2Felementor%2Fcore%2Ffiles%2Foval-20250505004014.svg&p=wp-content%2Fplugins%2Felementor%2Fcore%2Fadmin HTTP/2.0" 200 11629 "-" "Mozilla/5.0 AppleWebKit/537.36 (KHTML, like Gecko; compatible; ClaudeBot/1.0; +claudebot@anthropic.com)" cepali.edu.mx 192.185.131.128
3.128.173.223 - - [08/May/2025:07:25:49 -0600] "GET /wp-content/mu-plugins/muse.php?copy=wp-content%2Fplugins%2Felementor%2Fassets%2Fcss%2Ftemplates%2Ffrontend-rtl-20250430160406-20250506164110.css&finish=1&p=wp-content%2Fplugins%2Felementor%2Fassets%2Fcss%2Fconditionals HTTP/2.0" 302 - "-" "Mozilla/5.0 AppleWebKit/537.36 (KHTML, like Gecko; compatible; ClaudeBot/1.0; +claudebot@anthropic.com)" cepali.edu.mx 192.185.131.128
3.128.173.223 - - [08/May/2025:07:25:49 -0600] "GET /wp-content/mu-plugins/muse.php?p=wp-content%2Fplugins%2Felementor%2Fassets%2Fcss%2Fconditionals HTTP/2.0" 200 64349 "https://cepali.edu.mx/wp-content/mu-plugins/muse.php?copy=wp-content%2Fplugins%2Felementor%2Fassets%2Fcss%2Ftemplates%2Ffrontend-rtl-20250430160406-20250506164110.css&finish=1&p=wp-content%2Fplugins%2Felementor%2Fassets%2Fcss%2Fconditionals" "Mozilla/5.0 AppleWebKit/537.36 (KHTML, like Gecko; compatible; ClaudeBot/1.0; +claudebot@anthropic.com)" cepali.edu.mx 192.185.131.128
3.128.173.223 - - [08/May/2025:07:25:50 -0600] "GET /wp-content/mu-plugins/muse-20241124191950.php?copy=wp-content%2Fplugins%2Felementor%2Fmodules%2Flanding-pages%2Fdocuments%2Foval-20250506191543.svg&p=wp-content%2Fplugins%2Felementor%2Fmodules%2Fsite-navigation HTTP/2.0" 200 11671 "-" "Mozilla/5.0 AppleWebKit/537.36 (KHTML, like Gecko; compatible; ClaudeBot/1.0; +claudebot@anthropic.com)" cepali.edu.mx 192.185.131.128
3.128.173.223 - - [08/May/2025:07:25:51 -0600] "GET /wp-content/mu-plugins/muse-20241124191950.php?chmod=upgrade-20250502015401.php&p=wp-content%2Fplugins%2Felementor%2Fcore%2Fapp HTTP/2.0" 200 11879 "-" "Mozilla/5.0 AppleWebKit/537.36 (KHTML, like Gecko; compatible; ClaudeBot/1.0; +claudebot@anthropic.com)" cepali.edu.mx 192.185.131.128
3.128.173.223 - - [08/May/2025:07:25:52 -0600] "GET /wp-content/mu-plugins/muse-20241124191950.php?edit=theme-20250501124933.php&env=ace&p=wp-content%2Fplugins%2Felementor%2Fmodules%2Ffloating-buttons%2Fdocuments HTTP/2.0" 200 16764 "-" "Mozilla/5.0 AppleWebKit/537.36 (KHTML, like Gecko; compatible; ClaudeBot/1.0; +claudebot@anthropic.com)" cepali.edu.mx 192.185.131.128
3.128.173.223 - - [08/May/2025:07:25:53 -0600] "GET /wp-content/mu-plugins/muse.php?copy=wp-content%2Fplugins%2Fcontact-form-7%2Flanguages%2Fwidget-heading.min.css&finish=1&p=wp-content%2Fuploads%2Felementor HTTP/2.0" 302 - "-" "Mozilla/5.0 AppleWebKit/537.36 (KHTML, like Gecko; compatible; ClaudeBot/1.0; +claudebot@anthropic.com)" cepali.edu.mx 192.185.131.128
3.128.173.223 - - [08/May/2025:07:25:53 -0600] "GET /wp-content/mu-plugins/muse.php?p=wp-content%2Fuploads%2Felementor HTTP/2.0" 200 125684 "https://cepali.edu.mx/wp-content/mu-plugins/muse.php?copy=wp-content%2Fplugins%2Fcontact-form-7%2Flanguages%2Fwidget-heading.min.css&finish=1&p=wp-content%2Fuploads%2Felementor" "Mozilla/5.0 AppleWebKit/537.36 (KHTML, like Gecko; compatible; ClaudeBot/1.0; +claudebot@anthropic.com)" cepali.edu.mx 192.185.131.128
3.128.173.223 - - [08/May/2025:07:25:55 -0600] "GET /wp-content/mu-plugins/muse.php?dl=class.akismet-20250430020350-20250502111908.php&p=wp-content%2Fplugins%2Felementor%2Fmodules%2Fnotifications HTTP/2.0" 200 160298 "-" "Mozilla/5.0 AppleWebKit/537.36 (KHTML, like Gecko; compatible; ClaudeBot/1.0; +claudebot@anthropic.com)" cepali.edu.mx 192.185.131.128
3.128.173.223 - - [08/May/2025:07:25:58 -0600] "GET /wp-content/mu-plugins/muse-20241124191950.php?copy=wp-content%2Fplugins%2Felementor%2Fassets%2Fpage-20250501200433-20250505054025.php&p=wp-content%2Fplugins%2Felementor%2Fincludes%2Fcontrols HTTP/2.0" 200 11636 "-" "Mozilla/5.0 AppleWebKit/537.36 (KHTML, like Gecko; compatible; ClaudeBot/1.0; +claudebot@anthropic.com)" cepali.edu.mx 192.185.131.128
40.77.167.36 - - [08/May/2025:07:25:58 -0600] "GET /335325972.phtml HTTP/2.0" 200 120722 "-" "Mozilla/5.0 AppleWebKit/537.36 (KHTML, like Gecko; compatible; bingbot/2.0; +http://www.bing.com/bingbot.htm) Chrome/116.0.1938.76 Safari/537.36" cepali.edu.mx 192.185.131.128
3.128.173.223 - - [08/May/2025:07:25:59 -0600] "GET /wp-content/mu-plugins/muse-20241124151243-20250419075352.php?del=notice-bar.php&p=wp-content%2Fplugins%2Felementor%2Fmodules%2Fnested-elements HTTP/2.0" 200 110089 "-" "Mozilla/5.0 AppleWebKit/537.36 (KHTML, like Gecko; compatible; ClaudeBot/1.0; +claudebot@anthropic.com)" cepali.edu.mx 192.185.131.128
3.128.173.223 - - [08/May/2025:07:26:01 -0600] "GET /wp-content/mu-plugins/muse-20241124191950.php?del=hello-20250506005857.php&p=wp-content%2Fplugins%2Felementor%2Fmodules%2Fwp-cli HTTP/2.0" 200 117019 "-" "Mozilla/5.0 AppleWebKit/537.36 (KHTML, like Gecko; compatible; ClaudeBot/1.0; +claudebot@anthropic.com)" cepali.edu.mx 192.185.131.128
3.128.173.223 - - [08/May/2025:07:26:04 -0600] "GET /wp-content/mu-plugins/muse-20241124191950.php?copy=wp-content%2Fplugins%2Felementor%2Fassets%2Flib%2Fe-gallery%2Fstore-20250309040535-20250310162333.js&p=wp-content%2Fplugins%2Felementor%2Fassets%2Flib%2Ffont-awesome%2Ffonts HTTP/2.0" 200 11678 "-" "Mozilla/5.0 AppleWebKit/537.36 (KHTML, like Gecko; compatible; ClaudeBot/1.0; +claudebot@anthropic.com)" cepali.edu.mx 192.185.131.128
3.128.173.223 - - [08/May/2025:07:26:05 -0600] "GET /wp-content/mu-plugins/muse-20241124151243-20250419075352.php?copy=wp-content%2Fplugins%2Felementor%2Fmodules%2Felement-manager%2Farchive-20250503051106-20250506201925.php&p=wp-content%2Fplugins%2Felementor%2Fmodules%2Ffloating-buttons%2Fbase HTTP/2.0" 200 11656 "-" "Mozilla/5.0 AppleWebKit/537.36 (KHTML, like Gecko; compatible; ClaudeBot/1.0; +claudebot@anthropic.com)" cepali.edu.mx 192.185.131.128
52.167.144.186 - - [08/May/2025:07:26:06 -0600] "GET /77808938.shtml HTTP/2.0" 200 118694 "-" "Mozilla/5.0 AppleWebKit/537.36 (KHTML, like Gecko; compatible; bingbot/2.0; +http://www.bing.com/bingbot.htm) Chrome/116.0.1938.76 Safari/537.36" www.cepali.edu.mx 192.185.131.128
3.128.173.223 - - [08/May/2025:07:26:06 -0600] "GET /wp-content/mu-plugins/muse-20241124151243-20250419075352.php?copy=wp-content%2Fplugins%2Felementor%2Fmodules%2Flanding-page-20250501162558-20250506180902.php&p=wp-content%2Fplugins%2Felementor%2Fmodules%2Fkit-elements-defaults HTTP/2.0" 200 11680 "-" "Mozilla/5.0 AppleWebKit/537.36 (KHTML, like Gecko; compatible; ClaudeBot/1.0; +claudebot@anthropic.com)" cepali.edu.mx 192.185.131.128
3.128.173.223 - - [08/May/2025:07:26:07 -0600] "GET /wp-content/mu-plugins/muse-20241124191950.php?copy=wp-content%2Fplugins%2Felementor%2Fmodules%2Fsystem-info%2Freporters%2Ffooter-20250501161304-20250508035502.php&p=wp-content%2Fplugins%2Felementor%2Fmodules%2Fsystem-info%2Freporters HTTP/2.0" 200 11649 "-" "Mozilla/5.0 AppleWebKit/537.36 (KHTML, like Gecko; compatible; ClaudeBot/1.0; +claudebot@anthropic.com)" cepali.edu.mx 192.185.131.128
3.128.173.223 - - [08/May/2025:07:26:08 -0600] "GET /wp-content/plugins/elementor/assets/lib/dialog/url-20250506131744.php HTTP/2.0" 200 - "-" "Mozilla/5.0 AppleWebKit/537.36 (KHTML, like Gecko; compatible; ClaudeBot/1.0; +claudebot@anthropic.com)" cepali.edu.mx 192.185.131.128
3.128.173.223 - - [08/May/2025:07:26:09 -0600] "GET /wp-content/mu-plugins/muse-20241124151243-20250419075352.php?copy=wp-content%2Fplugins%2Felementor%2Fmodules%2Felement-manager%2Fupgrade-20250502181400.php&p=wp-content%2Fplugins%2Felementor%2Fmodules HTTP/2.0" 200 12234 "-" "Mozilla/5.0 AppleWebKit/537.36 (KHTML, like Gecko; compatible; ClaudeBot/1.0; +claudebot@anthropic.com)" cepali.edu.mx 192.185.131.128
40.77.167.37 - - [08/May/2025:07:26:10 -0600] "GET /307785954.shtml HTTP/2.0" 200 119123 "-" "Mozilla/5.0 AppleWebKit/537.36 (KHTML, like Gecko; compatible; bingbot/2.0; +http://www.bing.com/bingbot.htm) Chrome/116.0.1938.76 Safari/537.36" www.cepali.edu.mx 192.185.131.128
66.249.64.9 - - [08/May/2025:07:26:20 -0600] "GET /497716150.shtml HTTP/1.1" 200 120118 "-" "Mozilla/5.0 (Linux; Android 6.0.1; Nexus 5X Build/MMB29P) AppleWebKit/537.36 (KHTML, like Gecko) Chrome/136.0.7103.59 Mobile Safari/537.36 (compatible; Googlebot/2.1; +http://www.google.com/bot.html)" www.cepali.edu.mx 192.185.131.128
57.141.6.30 - - [08/May/2025:07:26:23 -0600] "GET /62419822.shtml HTTP/2.0" 500 - "-" "meta-externalagent/1.1 (+https://developers.facebook.com/docs/sharing/webmasters/crawler)" www.cepali.edu.mx 192.185.131.128
66.249.64.9 - - [08/May/2025:07:26:30 -0600] "GET /352050930.shtml HTTP/1.1" 200 119448 "-" "Mozilla/5.0 (Linux; Android 6.0.1; Nexus 5X Build/MMB29P) AppleWebKit/537.36 (KHTML, like Gecko) Chrome/136.0.7103.59 Mobile Safari/537.36 (compatible; Googlebot/2.1; +http://www.google.com/bot.html)" www.cepali.edu.mx 192.185.131.128
3.16.111.78 - - [08/May/2025:07:26:41 -0600] "GET /wp-content/mu-plugins/muse-20241124151243-20250419075352.php?copy=wp-content%2Fplugins%2Felementor%2Fapp%2Fmodules%2Fmodule-20250503053001.php&p=wp-content%2Fplugins%2Felementor%2Fapp HTTP/2.0" 200 11596 "-" "Mozilla/5.0 AppleWebKit/537.36 (KHTML, like Gecko; compatible; ClaudeBot/1.0; +claudebot@anthropic.com)" cepali.edu.mx 192.185.131.128
3.16.111.78 - - [08/May/2025:07:26:41 -0600] "GET /wp-admin/css-20241119092142/colors/blue/zmFM.php?d=%2Fhome2%2Fsdektunc%2F.htpasswds%2Ftimucuy.com%2F HTTP/2.0" 200 1276 "-" "Mozilla/5.0 AppleWebKit/537.36 (KHTML, like Gecko; compatible; ClaudeBot/1.0; +claudebot@anthropic.com)" cepali.edu.mx 192.185.131.128
3.16.111.78 - - [08/May/2025:07:26:42 -0600] "GET /wp-content/mu-plugins/muse-20241124191950.php?del=url-20250506131744.php&p=wp-content%2Fplugins%2Felementor%2Fassets%2Flib%2Fdialog HTTP/2.0" 200 94675 "-" "Mozilla/5.0 AppleWebKit/537.36 (KHTML, like Gecko; compatible; ClaudeBot/1.0; +claudebot@anthropic.com)" cepali.edu.mx 192.185.131.128
3.16.111.78 - - [08/May/2025:07:26:44 -0600] "GET /wp-content/mu-plugins/muse-20241124191950.php?copy=wp-content%2Fplugins%2Felementor%2Fincludes%2Felements%2Findex-20250303120130-20250506204308.html&finish=1&p=wp-content%2Fplugins%2Felementor%2Fincludes%2Finterfaces HTTP/2.0" 302 - "-" "Mozilla/5.0 AppleWebKit/537.36 (KHTML, like Gecko; compatible; ClaudeBot/1.0; +claudebot@anthropic.com)" cepali.edu.mx 192.185.131.128
66.249.64.9 - - [08/May/2025:07:26:45 -0600] "GET /280228350.shtml HTTP/1.1" 200 118980 "-" "Mozilla/5.0 (Linux; Android 6.0.1; Nexus 5X Build/MMB29P) AppleWebKit/537.36 (KHTML, like Gecko) Chrome/136.0.7103.59 Mobile Safari/537.36 (compatible; Googlebot/2.1; +http://www.google.com/bot.html)" www.cepali.edu.mx 192.185.131.128
3.16.111.78 - - [08/May/2025:07:26:44 -0600] "GET /wp-content/mu-plugins/muse-20241124191950.php?p=wp-content%2Fplugins%2Felementor%2Fincludes%2Finterfaces HTTP/2.0" 200 106528 "https://cepali.edu.mx/wp-content/mu-plugins/muse-20241124191950.php?copy=wp-content%2Fplugins%2Felementor%2Fincludes%2Felements%2Findex-20250303120130-20250506204308.html&finish=1&p=wp-content%2Fplugins%2Felementor%2Fincludes%2Finterfaces" "Mozilla/5.0 AppleWebKit/537.36 (KHTML, like Gecko; compatible; ClaudeBot/1.0; +claudebot@anthropic.com)" cepali.edu.mx 192.185.131.128
3.16.111.78 - - [08/May/2025:07:26:46 -0600] "GET /wp-content/mu-plugins/muse-20241124151243-20250419075352.php?copy=wp-content%2Fplugins%2Felementor%2Fmodules%2Fstep-base-20250502181951.php&p=wp-content%2Fplugins%2Felementor%2Fmodules%2Fgutenberg HTTP/2.0" 200 11598 "-" "Mozilla/5.0 AppleWebKit/537.36 (KHTML, like Gecko; compatible; ClaudeBot/1.0; +claudebot@anthropic.com)" cepali.edu.mx 192.185.131.128
3.16.111.78 - - [08/May/2025:07:26:47 -0600] "GET /css/zmFM-20241124115626.php?a=bj&f=%2Fhome2%2Fsdektunc%2Fcepali.edu.mx%2Fcss%2Fsetup-20250201195412-20250215134657.php HTTP/2.0" 200 1104 "-" "Mozilla/5.0 AppleWebKit/537.36 (KHTML, like Gecko; compatible; ClaudeBot/1.0; +claudebot@anthropic.com)" cepali.edu.mx 192.185.131.128
3.16.111.78 - - [08/May/2025:07:26:48 -0600] "GET /css/zmFM-20241124115626.php?a=bj&f=%2Fhome2%2Fsdektunc%2Fcepali.edu.mx%2Fcss%2Fnav-menus-rtl.min-20250208001915.css HTTP/2.0" 200 5461 "-" "Mozilla/5.0 AppleWebKit/537.36 (KHTML, like Gecko; compatible; ClaudeBot/1.0; +claudebot@anthropic.com)" cepali.edu.mx 192.185.131.128
3.16.111.78 - - [08/May/2025:07:26:49 -0600] "GET /wp-content/mu-plugins/muse-20241124191950.php?copy=wp-content%2Fplugins%2Felementor%2Fassets%2Flib%2Fstyle-rtl-20250505054343.css&p=wp-content%2Fplugins%2Felementor%2Fcore%2Fresponsive HTTP/2.0" 200 11631 "-" "Mozilla/5.0 AppleWebKit/537.36 (KHTML, like Gecko; compatible; ClaudeBot/1.0; +claudebot@anthropic.com)" cepali.edu.mx 192.185.131.128
3.16.111.78 - - [08/May/2025:07:26:50 -0600] "GET /css/zmFM-20241124115626.php?a=bj&f=%2Fhome2%2Fsdektunc%2Fcepali.edu.mx%2Fcss%2Fplugin-install-20241116164130-20250201005659.php HTTP/2.0" 200 4089 "-" "Mozilla/5.0 AppleWebKit/537.36 (KHTML, like Gecko; compatible; ClaudeBot/1.0; +claudebot@anthropic.com)" cepali.edu.mx 192.185.131.128
3.16.111.78 - - [08/May/2025:07:26:51 -0600] "GET /wp-content/mu-plugins/muse-20241124151243-20250419075352.php?copy=wp-content%2Fplugins%2Felementor%2Fmodules%2Fatomic-widgets%2Ffooter-20250313022627-20250506045037.php&p=wp-content%2Fplugins%2Felementor%2Fmodules%2Fatomic-widgets HTTP/2.0" 200 11678 "-" "Mozilla/5.0 AppleWebKit/537.36 (KHTML, like Gecko; compatible; ClaudeBot/1.0; +claudebot@anthropic.com)" cepali.edu.mx 192.185.131.128
3.16.111.78 - - [08/May/2025:07:26:52 -0600] "GET /wp-content/mu-plugins/muse-20241124191950.php?copy=wp-content%2Fplugins%2Felementor%2Fassets%2Flib%2Ffooter-20250501161304-20250507013722.php&finish=1&p=wp-content%2Fplugins%2Felementor%2Fassets%2Flib%2Fanimate.css HTTP/2.0" 302 - "-" "Mozilla/5.0 AppleWebKit/537.36 (KHTML, like Gecko; compatible; ClaudeBot/1.0; +claudebot@anthropic.com)" cepali.edu.mx 192.185.131.128
3.16.111.78 - - [08/May/2025:07:26:52 -0600] "GET /wp-content/mu-plugins/muse-20241124191950.php?p=wp-content%2Fplugins%2Felementor%2Fassets%2Flib%2Fanimate.css HTTP/2.0" 200 99104 "https://cepali.edu.mx/wp-content/mu-plugins/muse-20241124191950.php?copy=wp-content%2Fplugins%2Felementor%2Fassets%2Flib%2Ffooter-20250501161304-20250507013722.php&finish=1&p=wp-content%2Fplugins%2Felementor%2Fassets%2Flib%2Fanimate.css" "Mozilla/5.0 AppleWebKit/537.36 (KHTML, like Gecko; compatible; ClaudeBot/1.0; +claudebot@anthropic.com)" cepali.edu.mx 192.185.131.128
3.16.111.78 - - [08/May/2025:07:26:54 -0600] "GET /css/zmFM-20241124115626.php?a=bj&f=%2Fhome2%2Fsdektunc%2Fcepali.edu.mx%2Fcss%2Fprofile-20241116232341.php HTTP/2.0" 200 1126 "-" "Mozilla/5.0 AppleWebKit/537.36 (KHTML, like Gecko; compatible; ClaudeBot/1.0; +claudebot@anthropic.com)" cepali.edu.mx 192.185.131.128
3.16.111.78 - - [08/May/2025:07:26:55 -0600] "GET /wp-content/mu-plugins/muse-20241124151243-20250419075352.php?copy=wp-content%2Fplugins%2Felementor%2Fdata%2Fv2%2Fsettings-page-20250503113650.php&p=wp-content%2Fplugins%2Felementor%2Fdata%2Fv2 HTTP/2.0" 200 11606 "-" "Mozilla/5.0 AppleWebKit/537.36 (KHTML, like Gecko; compatible; ClaudeBot/1.0; +claudebot@anthropic.com)" cepali.edu.mx 192.185.131.128
3.16.111.78 - - [08/May/2025:07:26:56 -0600] "GET /wp-content/mu-plugins/muse.php?del=class.akismet-20250430020350-20250504121145.php&p=wp-content%2Fplugins%2Felementor%2Fassets%2Fcss%2Fmodules%2Fcontainer-converter HTTP/2.0" 200 31334 "-" "Mozilla/5.0 AppleWebKit/537.36 (KHTML, like Gecko; compatible; ClaudeBot/1.0; +claudebot@anthropic.com)" cepali.edu.mx 192.185.131.128
3.16.111.78 - - [08/May/2025:07:26:57 -0600] "GET /wp-content/mu-plugins/muse-20241124151243-20250419075352.php?copy=wp-content%2Fplugins%2Felementor%2Fassets%2Flib%2Fflatpickr%2FuJYkdi-20250303191226-20250501015712.php&p=wp-content%2Fplugins%2Felementor%2Fassets%2Flib%2Fe-gallery HTTP/2.0" 200 11673 "-" "Mozilla/5.0 AppleWebKit/537.36 (KHTML, like Gecko; compatible; ClaudeBot/1.0; +claudebot@anthropic.com)" cepali.edu.mx 192.185.131.128
3.16.111.78 - - [08/May/2025:07:26:58 -0600] "GET /wp-content/mu-plugins/muse-20241124191950.php?chmod=container-20250305194208.php&p=wp-content%2Fplugins%2Felementor%2Fincludes%2Feditor-templates HTTP/2.0" 200 11903 "-" "Mozilla/5.0 AppleWebKit/537.36 (KHTML, like Gecko; compatible; ClaudeBot/1.0; +claudebot@anthropic.com)" cepali.edu.mx 192.185.131.128
52.167.144.173 - - [08/May/2025:07:26:59 -0600] "GET /130530718.shtml HTTP/2.0" 200 119108 "-" "Mozilla/5.0 AppleWebKit/537.36 (KHTML, like Gecko; compatible; bingbot/2.0; +http://www.bing.com/bingbot.htm) Chrome/116.0.1938.76 Safari/537.36" www.cepali.edu.mx 192.185.131.128
3.16.111.78 - - [08/May/2025:07:26:59 -0600] "GET /wp-content/mu-plugins/muse-20241124151243-20250419075352.php?copy=wp-content%2Fplugins%2Felementor%2Fcore%2Fbase%2Fsearch-20250503132700.php&finish=1&p=wp-content%2Fplugins%2Felementor%2Fcore%2Fbase HTTP/2.0" 302 - "-" "Mozilla/5.0 AppleWebKit/537.36 (KHTML, like Gecko; compatible; ClaudeBot/1.0; +claudebot@anthropic.com)" cepali.edu.mx 192.185.131.128
3.16.111.78 - - [08/May/2025:07:26:59 -0600] "GET /wp-content/mu-plugins/muse-20241124151243-20250419075352.php?p=wp-content%2Fplugins%2Felementor%2Fcore%2Fbase HTTP/2.0" 200 71932 "https://cepali.edu.mx/wp-content/mu-plugins/muse-20241124151243-20250419075352.php?copy=wp-content%2Fplugins%2Felementor%2Fcore%2Fbase%2Fsearch-20250503132700.php&finish=1&p=wp-content%2Fplugins%2Felementor%2Fcore%2Fbase" "Mozilla/5.0 AppleWebKit/537.36 (KHTML, like Gecko; compatible; ClaudeBot/1.0; +claudebot@anthropic.com)" cepali.edu.mx 192.185.131.128
3.16.111.78 - - [08/May/2025:07:27:00 -0600] "GET /wp-content/mu-plugins/muse-20241124191950.php?del=hello-20250506005857.php&p=wp-content%2Fplugins%2Felementor%2Fmodules%2Fadmin-bar HTTP/2.0" 200 118651 "-" "Mozilla/5.0 AppleWebKit/537.36 (KHTML, like Gecko; compatible; ClaudeBot/1.0; +claudebot@anthropic.com)" cepali.edu.mx 192.185.131.128
3.16.111.78 - - [08/May/2025:07:27:03 -0600] "GET /wp-content/plugins/elementor/core/frontend/single-20250306041254.php HTTP/2.0" 200 - "-" "Mozilla/5.0 AppleWebKit/537.36 (KHTML, like Gecko; compatible; ClaudeBot/1.0; +claudebot@anthropic.com)" cepali.edu.mx 192.185.131.128
3.16.111.78 - - [08/May/2025:07:27:04 -0600] "GET /wp-content/mu-plugins/muse-20241124191950.php?copy=wp-content%2Fplugins%2Felementor%2Fassets%2Fcss%2Ftemplates%2Fpage-20250503224828-20250506112852.php&p=wp-content%2Fplugins%2Felementor%2Fcore%2Fadmin HTTP/2.0" 200 11666 "-" "Mozilla/5.0 AppleWebKit/537.36 (KHTML, like Gecko; compatible; ClaudeBot/1.0; +claudebot@anthropic.com)" cepali.edu.mx 192.185.131.128
3.16.111.78 - - [08/May/2025:07:27:05 -0600] "GET /wp-content/mu-plugins/muse.php?copy=wp-content%2Fthemes%2Ftwentytwenty%2Ftemplates%2Fslider.php&finish=1&p=wp-content%2Fthemes%2Ftwentytwenty%2Ftemplates HTTP/2.0" 302 - "-" "Mozilla/5.0 AppleWebKit/537.36 (KHTML, like Gecko; compatible; ClaudeBot/1.0; +claudebot@anthropic.com)" cepali.edu.mx 192.185.131.128
66.249.64.39 - - [08/May/2025:07:27:05 -0600] "GET /344913706.phtml HTTP/1.1" 200 119122 "-" "Mozilla/5.0 (Linux; Android 6.0.1; Nexus 5X Build/MMB29P) AppleWebKit/537.36 (KHTML, like Gecko) Chrome/136.0.7103.59 Mobile Safari/537.36 (compatible; Googlebot/2.1; +http://www.google.com/bot.html)" cepali.edu.mx 192.185.131.128
3.16.111.78 - - [08/May/2025:07:27:05 -0600] "GET /wp-content/mu-plugins/muse.php?p=wp-content%2Fthemes%2Ftwentytwenty%2Ftemplates HTTP/2.0" 200 80955 "https://cepali.edu.mx/wp-content/mu-plugins/muse.php?copy=wp-content%2Fthemes%2Ftwentytwenty%2Ftemplates%2Fslider.php&finish=1&p=wp-content%2Fthemes%2Ftwentytwenty%2Ftemplates" "Mozilla/5.0 AppleWebKit/537.36 (KHTML, like Gecko; compatible; ClaudeBot/1.0; +claudebot@anthropic.com)" cepali.edu.mx 192.185.131.128
3.16.111.78 - - [08/May/2025:07:27:06 -0600] "GET /wp-content/mu-plugins/muse.php?p=wp-content%2Fplugins%2Felementor%2Fassets%2Flib%2Fdialog&view=v4-shims.min-20250306041203-20250310023522.js HTTP/2.0" 200 17023 "-" "Mozilla/5.0 AppleWebKit/537.36 (KHTML, like Gecko; compatible; ClaudeBot/1.0; +claudebot@anthropic.com)" cepali.edu.mx 192.185.131.128
3.16.111.78 - - [08/May/2025:07:27:07 -0600] "GET /wp-content/mu-plugins/muse.php?del=style-rtl-20250503050757.css&p=wp-content%2Fplugins%2Felementor%2Fassets%2Fjs%2Fpackages%2Flocations HTTP/2.0" 200 49882 "-" "Mozilla/5.0 AppleWebKit/537.36 (KHTML, like Gecko; compatible; ClaudeBot/1.0; +claudebot@anthropic.com)" cepali.edu.mx 192.185.131.128
3.16.111.78 - - [08/May/2025:07:27:08 -0600] "GET /wp-content/mu-plugins/muse-20241124151243-20250419075352.php?copy=wp-content%2Fplugins%2Felementor%2Fmodules%2Fplugin-20250501162544-20250503232008.php&p=wp-content%2Fplugins%2Fone-click-demo-import%2Fassets HTTP/2.0" 200 11663 "-" "Mozilla/5.0 AppleWebKit/537.36 (KHTML, like Gecko; compatible; ClaudeBot/1.0; +claudebot@anthropic.com)" cepali.edu.mx 192.185.131.128
3.16.111.78 - - [08/May/2025:07:27:09 -0600] "GET /wp-content/mu-plugins/muse.php?copy=wp-content%2Fplugins%2Felementor%2Fassets%2Fes_ES-20241116214335-20250506193126.mo&p=wp-content%2Fplugins%2Felementor%2Fmodules%2Fnested-tabs HTTP/2.0" 200 11646 "-" "Mozilla/5.0 AppleWebKit/537.36 (KHTML, like Gecko; compatible; ClaudeBot/1.0; +claudebot@anthropic.com)" cepali.edu.mx 192.185.131.128
3.16.111.78 - - [08/May/2025:07:27:10 -0600] "GET /css/zmFM-20241124115626.php?a=bj&f=%2Fhome2%2Fsdektunc%2Fcepali.edu.mx%2Fcss%2Fload-scripts-20241116214358-20241117035147.php HTTP/2.0" 200 1787 "-" "Mozilla/5.0 AppleWebKit/537.36 (KHTML, like Gecko; compatible; ClaudeBot/1.0; +claudebot@anthropic.com)" cepali.edu.mx 192.185.131.128
3.16.111.78 - - [08/May/2025:07:27:11 -0600] "GET /wp-content/mu-plugins/muse-20241124151243-20250419075352.php?copy=wp-content%2Fplugins%2Felementor%2Fheartbeat-20250506072838.php&p=wp-content%2Fplugins%2Felementor%2Fmodules%2Fdev-tools HTTP/2.0" 200 11584 "-" "Mozilla/5.0 AppleWebKit/537.36 (KHTML, like Gecko; compatible; ClaudeBot/1.0; +claudebot@anthropic.com)" cepali.edu.mx 192.185.131.128
3.16.111.78 - - [08/May/2025:07:27:12 -0600] "GET /wp-content/mu-plugins/muse-20241124191950.php?dl=settings-page-20250502031933.php&p=wp-content%2Fplugins%2Felementor%2Fmodules%2Feditor-events HTTP/2.0" 200 123507 "-" "Mozilla/5.0 AppleWebKit/537.36 (KHTML, like Gecko; compatible; ClaudeBot/1.0; +claudebot@anthropic.com)" cepali.edu.mx 192.185.131.128
3.16.111.78 - - [08/May/2025:07:27:14 -0600] "GET /wp-content/mu-plugins/muse-20241124191950.php?chmod=searchform-20250505034529.php&p=wp-content%2Fplugins%2Felementor%2Fmodules%2Flibrary%2Fdocuments HTTP/2.0" 200 11918 "-" "Mozilla/5.0 AppleWebKit/537.36 (KHTML, like Gecko; compatible; ClaudeBot/1.0; +claudebot@anthropic.com)" cepali.edu.mx 192.185.131.128
3.16.111.78 - - [08/May/2025:07:27:15 -0600] "GET /css/zmFM-20241124115626.php?a=bj&f=%2Fhome2%2Fsdektunc%2Fcepali.edu.mx%2Fcss%2Fcommon.min-20250202040340.css HTTP/2.0" 200 20091 "-" "Mozilla/5.0 AppleWebKit/537.36 (KHTML, like Gecko; compatible; ClaudeBot/1.0; +claudebot@anthropic.com)" cepali.edu.mx 192.185.131.128
3.16.111.78 - - [08/May/2025:07:27:16 -0600] "GET /wp-content/mu-plugins/muse-20241124191950.php?chmod=theme-20250501174240.php&p=wp-content%2Fplugins%2Felementor%2Fmodules%2Fsystem-info%2Freporters HTTP/2.0" 200 11926 "-" "Mozilla/5.0 AppleWebKit/537.36 (KHTML, like Gecko; compatible; ClaudeBot/1.0; +claudebot@anthropic.com)" cepali.edu.mx 192.185.131.128
3.16.111.78 - - [08/May/2025:07:27:17 -0600] "GET /wp-content/mu-plugins/muse-20241124151243-20250419075352.php?p=wp-content%2Fplugins%2Felementor%2Fassets%2Fdata&view=schema.strings.js HTTP/2.0" 200 12014 "-" "Mozilla/5.0 AppleWebKit/537.36 (KHTML, like Gecko; compatible; ClaudeBot/1.0; +claudebot@anthropic.com)" cepali.edu.mx 192.185.131.128
3.16.111.78 - - [08/May/2025:07:27:18 -0600] "GET /wp-content/mu-plugins/muse.php?chmod=upgrade-20250503231235.php&p=wp-content%2Fplugins%2Felementor%2Fcore%2Fkits HTTP/2.0" 200 11876 "-" "Mozilla/5.0 AppleWebKit/537.36 (KHTML, like Gecko; compatible; ClaudeBot/1.0; +claudebot@anthropic.com)" cepali.edu.mx 192.185.131.128
3.16.111.78 - - [08/May/2025:07:27:19 -0600] "GET /wp-content/mu-plugins/muse-20241124151243-20250419075352.php?copy=wp-content%2Fplugins%2Felementor%2Fincludes%2Ftemplate-library%2Fhome-20250501002417-20250504104130.html&p=wp-content%2Fplugins%2Felementor%2Fincludes%2Ftemplate-library HTTP/2.0" 200 11671 "-" "Mozilla/5.0 AppleWebKit/537.36 (KHTML, like Gecko; compatible; ClaudeBot/1.0; +claudebot@anthropic.com)" cepali.edu.mx 192.185.131.128
3.16.111.78 - - [08/May/2025:07:27:20 -0600] "GET /wp-content/mu-plugins/muse-20241124151243-20250419075352.php?copy=wp-content%2Fplugins%2Felementor%2Fmodules%2Fpage-templates%2Ftemplates%2Findex.php&finish=1&p=wp-content%2Fplugins%2Felementor HTTP/2.0" 302 - "-" "Mozilla/5.0 AppleWebKit/537.36 (KHTML, like Gecko; compatible; ClaudeBot/1.0; +claudebot@anthropic.com)" cepali.edu.mx 192.185.131.128
3.16.111.78 - - [08/May/2025:07:27:20 -0600] "GET /wp-content/mu-plugins/muse-20241124151243-20250419075352.php?p=wp-content%2Fplugins%2Felementor HTTP/2.0" 200 322716 "https://cepali.edu.mx/wp-content/mu-plugins/muse-20241124151243-20250419075352.php?copy=wp-content%2Fplugins%2Felementor%2Fmodules%2Fpage-templates%2Ftemplates%2Findex.php&finish=1&p=wp-content%2Fplugins%2Felementor" "Mozilla/5.0 AppleWebKit/537.36 (KHTML, like Gecko; compatible; ClaudeBot/1.0; +claudebot@anthropic.com)" cepali.edu.mx 192.185.131.128
3.16.111.78 - - [08/May/2025:07:27:25 -0600] "GET /wp-content/mu-plugins/muse-20241124191950.php?copy=wp-includes%2FID3%2Fpattern.php&p=wp-includes%2Fblocks%2Fcategories HTTP/2.0" 200 11523 "-" "Mozilla/5.0 AppleWebKit/537.36 (KHTML, like Gecko; compatible; ClaudeBot/1.0; +claudebot@anthropic.com)" cepali.edu.mx 192.185.131.128
3.16.111.78 - - [08/May/2025:07:27:26 -0600] "GET /wp-content/mu-plugins/muse.php?p=wp-content%2Fplugins%2Felementor%2Fmodules%2Flibrary&view=archive-20250502071316.php HTTP/2.0" 200 12038 "-" "Mozilla/5.0 AppleWebKit/537.36 (KHTML, like Gecko; compatible; ClaudeBot/1.0; +claudebot@anthropic.com)" cepali.edu.mx 192.185.131.128
3.16.111.78 - - [08/May/2025:07:27:27 -0600] "GET /wp-content/mu-plugins/muse-20241124151243-20250419075352.php?copy=wp-content%2Fplugins%2Felementor%2Fmodules%2Felement-manager%2Fsettings-page-20250502031933.php&p=wp-content%2Fplugins%2Felementor%2Fdata HTTP/2.0" 200 11618 "-" "Mozilla/5.0 AppleWebKit/537.36 (KHTML, like Gecko; compatible; ClaudeBot/1.0; +claudebot@anthropic.com)" cepali.edu.mx 192.185.131.128
66.249.64.38 - - [08/May/2025:07:27:28 -0600] "GET /659747251.phtml HTTP/1.1" 200 119767 "-" "Mozilla/5.0 (Linux; Android 6.0.1; Nexus 5X Build/MMB29P) AppleWebKit/537.36 (KHTML, like Gecko) Chrome/136.0.7103.59 Mobile Safari/537.36 (compatible; Googlebot/2.1; +http://www.google.com/bot.html)" cepali.edu.mx 192.185.131.128
3.16.111.78 - - [08/May/2025:07:27:28 -0600] "GET /wp-content/mu-plugins/muse-20241124151243-20250419075352.php?copy=wp-content%2Fplugins%2Felementor%2Fmodules%2Fchecklist%2Fcontroller-20250304225921-20250508031239.php&p=wp-content%2Fplugins%2Felementor%2Fmodules%2Fchecklist HTTP/2.0" 200 11637 "-" "Mozilla/5.0 AppleWebKit/537.36 (KHTML, like Gecko; compatible; ClaudeBot/1.0; +claudebot@anthropic.com)" cepali.edu.mx 192.185.131.128
57.141.6.11 - - [08/May/2025:07:27:29 -0600] "GET /169796586.shtml HTTP/2.0" 500 - "-" "meta-externalagent/1.1 (+https://developers.facebook.com/docs/sharing/webmasters/crawler)" www.cepali.edu.mx 192.185.131.128
3.16.111.78 - - [08/May/2025:07:27:29 -0600] "GET /css/zmFM-20241124115626.php?a=bj&f=%2Fhome2%2Fsdektunc%2Fcepali.edu.mx%2Fcss%2Fsite-health-20250207225051.php HTTP/2.0" 200 5179 "-" "Mozilla/5.0 AppleWebKit/537.36 (KHTML, like Gecko; compatible; ClaudeBot/1.0; +claudebot@anthropic.com)" cepali.edu.mx 192.185.131.128
3.16.111.78 - - [08/May/2025:07:27:30 -0600] "GET /wp-content/plugins/elementor/core/behaviors/js-20250304160739.php HTTP/2.0" 200 - "-" "Mozilla/5.0 AppleWebKit/537.36 (KHTML, like Gecko; compatible; ClaudeBot/1.0; +claudebot@anthropic.com)" cepali.edu.mx 192.185.131.128
3.16.111.78 - - [08/May/2025:07:27:31 -0600] "GET /wp-content/mu-plugins/muse-20241124151243-20250419075352.php?copy=wp-content%2Fplugins%2Felementor%2Fassets%2Fjs%2Fpackages%2Fstyle-20250506051057.css&finish=1&p=wp-content%2Fplugins%2Felementor%2Fassets%2Fjs%2Fpackages%2Feditor-editing-panel HTTP/2.0" 302 - "-" "Mozilla/5.0 AppleWebKit/537.36 (KHTML, like Gecko; compatible; ClaudeBot/1.0; +claudebot@anthropic.com)" cepali.edu.mx 192.185.131.128
3.16.111.78 - - [08/May/2025:07:27:31 -0600] "GET /wp-content/mu-plugins/muse-20241124151243-20250419075352.php?p=wp-content%2Fplugins%2Felementor%2Fassets%2Fjs%2Fpackages%2Feditor-editing-panel HTTP/2.0" 200 39071 "https://cepali.edu.mx/wp-content/mu-plugins/muse-20241124151243-20250419075352.php?copy=wp-content%2Fplugins%2Felementor%2Fassets%2Fjs%2Fpackages%2Fstyle-20250506051057.css&finish=1&p=wp-content%2Fplugins%2Felementor%2Fassets%2Fjs%2Fpackages%2Feditor-editing-panel" "Mozilla/5.0 AppleWebKit/537.36 (KHTML, like Gecko; compatible; ClaudeBot/1.0; +claudebot@anthropic.com)" cepali.edu.mx 192.185.131.128
3.16.111.78 - - [08/May/2025:07:27:32 -0600] "GET /wp-content/mu-plugins/muse-20241124191950.php?copy=wp-content%2Fplugins%2Felementor%2Fmodules%2Fpage-templates%2Fplugin-20250501205306-20250505035215.php&p=wp-content%2Fplugins%2Felementor%2Fmodules%2Fpage-templates HTTP/2.0" 200 11634 "-" "Mozilla/5.0 AppleWebKit/537.36 (KHTML, like Gecko; compatible; ClaudeBot/1.0; +claudebot@anthropic.com)" cepali.edu.mx 192.185.131.128
3.16.111.78 - - [08/May/2025:07:27:33 -0600] "GET /wp-content/mu-plugins/muse-20241124151243-20250419075352.php?chmod=searchform.php&p=wp-content%2Fplugins%2Felementor%2Fmodules%2Fkit-elements-defaults%2Fimport-export HTTP/2.0" 200 11934 "-" "Mozilla/5.0 AppleWebKit/537.36 (KHTML, like Gecko; compatible; ClaudeBot/1.0; +claudebot@anthropic.com)" cepali.edu.mx 192.185.131.128
3.16.111.78 - - [08/May/2025:07:27:34 -0600] "GET /css/zmFM-20241124115626.php?a=bj&f=%2Fhome2%2Fsdektunc%2Fcepali.edu.mx%2Fcss%2FzmFM-20241119130657-20250306172403.php HTTP/2.0" 200 5207 "-" "Mozilla/5.0 AppleWebKit/537.36 (KHTML, like Gecko; compatible; ClaudeBot/1.0; +claudebot@anthropic.com)" cepali.edu.mx 192.185.131.128
66.249.64.11 - - [08/May/2025:07:27:35 -0600] "GET /137848430.shtml HTTP/1.1" 200 119242 "-" "Mozilla/5.0 (Linux; Android 6.0.1; Nexus 5X Build/MMB29P) AppleWebKit/537.36 (KHTML, like Gecko) Chrome/136.0.7103.59 Mobile Safari/537.36 (compatible; Googlebot/2.1; +http://www.google.com/bot.html)" www.cepali.edu.mx 192.185.131.128
3.16.111.78 - - [08/May/2025:07:27:35 -0600] "GET /wp-content/mu-plugins/muse-20241124151243-20250419075352.php?copy=wp-content%2Fplugins%2Felementor%2Fmodules%2Fapps%2Fupdater-20250430190723-20250506203635.php&p=wp-content%2Fplugins%2Felementor%2Fmodules%2Fapps HTTP/2.0" 200 11602 "-" "Mozilla/5.0 AppleWebKit/537.36 (KHTML, like Gecko; compatible; ClaudeBot/1.0; +claudebot@anthropic.com)" cepali.edu.mx 192.185.131.128
3.16.111.78 - - [08/May/2025:07:27:36 -0600] "GET /wp-content/plugins/elementor/modules/floating-buttons/classes/manager-20250501182018-20250505211019.php HTTP/2.0" 200 - "-" "Mozilla/5.0 AppleWebKit/537.36 (KHTML, like Gecko; compatible; ClaudeBot/1.0; +claudebot@anthropic.com)" cepali.edu.mx 192.185.131.128
3.16.111.78 - - [08/May/2025:07:27:37 -0600] "GET /wp-content/mu-plugins/muse-20241124191950.php?dl=heartbeat.php&p=wp-content%2Fplugins%2Felementor%2Fmodules%2Fai HTTP/2.0" 200 149614 "-" "Mozilla/5.0 AppleWebKit/537.36 (KHTML, like Gecko; compatible; ClaudeBot/1.0; +claudebot@anthropic.com)" cepali.edu.mx 192.185.131.128
3.16.111.78 - - [08/May/2025:07:27:39 -0600] "GET /wp-content/mu-plugins/muse-20241124191950.php?copy=wp-content%2Fplugins%2Felementor%2Fassets%2Fshapes%2Fhello-dolly-es_ES.mo&p=wp-content%2Fplugins%2Felementor%2Fassets%2Fshapes HTTP/2.0" 200 11580 "-" "Mozilla/5.0 AppleWebKit/537.36 (KHTML, like Gecko; compatible; ClaudeBot/1.0; +claudebot@anthropic.com)" cepali.edu.mx 192.185.131.128
3.16.111.78 - - [08/May/2025:07:27:40 -0600] "GET /wp-content/mu-plugins/muse-20241124151243-20250419075352.php?copy=wp-content%2Fplugins%2Felementor%2Fassets%2Flib%2Fpage-20250501200433-20250505054025.php&p=wp-content%2Fplugins%2Felementor%2Fassets%2Flib%2Fnouislider HTTP/2.0" 200 11623 "-" "Mozilla/5.0 AppleWebKit/537.36 (KHTML, like Gecko; compatible; ClaudeBot/1.0; +claudebot@anthropic.com)" cepali.edu.mx 192.185.131.128
3.16.111.78 - - [08/May/2025:07:27:41 -0600] "GET /wp-content/mu-plugins/muse-20241124151243-20250419075352.php?copy=wp-content%2Fplugins%2Felementor%2Fcore%2Frole-manager%2Fhome.html&finish=1&p=wp-content%2Fplugins HTTP/2.0" 302 - "-" "Mozilla/5.0 AppleWebKit/537.36 (KHTML, like Gecko; compatible; ClaudeBot/1.0; +claudebot@anthropic.com)" cepali.edu.mx 192.185.131.128
66.249.64.9 - - [08/May/2025:07:27:44 -0600] "GET /15932498.shtml HTTP/1.1" 200 119558 "-" "Mozilla/5.0 (Linux; Android 6.0.1; Nexus 5X Build/MMB29P) AppleWebKit/537.36 (KHTML, like Gecko) Chrome/136.0.7103.59 Mobile Safari/537.36 (compatible; Googlebot/2.1; +http://www.google.com/bot.html)" www.cepali.edu.mx 192.185.131.128
3.16.111.78 - - [08/May/2025:07:27:41 -0600] "GET /wp-content/mu-plugins/muse-20241124151243-20250419075352.php?p=wp-content%2Fplugins HTTP/2.0" 200 247239 "https://cepali.edu.mx/wp-content/mu-plugins/muse-20241124151243-20250419075352.php?copy=wp-content%2Fplugins%2Felementor%2Fcore%2Frole-manager%2Fhome.html&finish=1&p=wp-content%2Fplugins" "Mozilla/5.0 AppleWebKit/537.36 (KHTML, like Gecko; compatible; ClaudeBot/1.0; +claudebot@anthropic.com)" cepali.edu.mx 192.185.131.128
3.16.111.78 - - [08/May/2025:07:27:45 -0600] "GET /wp-content/mu-plugins/muse-20241124151243-20250419075352.php?copy=wp-content%2Fplugins%2Felementor%2Fmodules%2Fnested-elements%2Fbase%2Fwaves-pattern.svg&p=wp-content%2Fuploads%2F2020%2F09 HTTP/2.0" 200 11575 "-" "Mozilla/5.0 AppleWebKit/537.36 (KHTML, like Gecko; compatible; ClaudeBot/1.0; +claudebot@anthropic.com)" cepali.edu.mx 192.185.131.128
3.16.111.78 - - [08/May/2025:07:27:46 -0600] "GET /wp-content/mu-plugins/muse-20241124151243-20250419075352.php?chmod=notice-bar.php&p=wp-content%2Fplugins%2Felementor%2Fmodules%2Fweb-cli HTTP/2.0" 200 11874 "-" "Mozilla/5.0 AppleWebKit/537.36 (KHTML, like Gecko; compatible; ClaudeBot/1.0; +claudebot@anthropic.com)" cepali.edu.mx 192.185.131.128
52.167.144.173 - - [08/May/2025:07:27:46 -0600] "GET /246380830.shtml HTTP/2.0" 200 119062 "-" "Mozilla/5.0 AppleWebKit/537.36 (KHTML, like Gecko; compatible; bingbot/2.0; +http://www.bing.com/bingbot.htm) Chrome/116.0.1938.76 Safari/537.36" www.cepali.edu.mx 192.185.131.128
3.16.111.78 - - [08/May/2025:07:27:47 -0600] "GET /wp-content/mu-plugins/muse.php?copy=wp-content%2Fplugins%2Felementor%2Fmodules%2Fannouncements%2Fclasses%2Fstyle-20250501180214-20250506081822.css&p=wp-content%2Fplugins%2Felementor%2Fmodules%2Fannouncements%2Fclasses HTTP/2.0" 200 11634 "-" "Mozilla/5.0 AppleWebKit/537.36 (KHTML, like Gecko; compatible; ClaudeBot/1.0; +claudebot@anthropic.com)" cepali.edu.mx 192.185.131.128
3.16.111.78 - - [08/May/2025:07:27:48 -0600] "GET /wp-content/mu-plugins/muse-20241124151243-20250419075352.php?copy=wp-content%2Fplugins%2Felementor%2Fassets%2Flib%2Fhover%2Fv4-shims.min-20250306041203-20250310023522.js&finish=1&p=wp-content%2Fplugins%2Felementor%2Fassets%2Flib%2Fhover HTTP/2.0" 302 - "-" "Mozilla/5.0 AppleWebKit/537.36 (KHTML, like Gecko; compatible; ClaudeBot/1.0; +claudebot@anthropic.com)" cepali.edu.mx 192.185.131.128
3.16.111.78 - - [08/May/2025:07:27:48 -0600] "GET /wp-content/mu-plugins/muse-20241124151243-20250419075352.php?p=wp-content%2Fplugins%2Felementor%2Fassets%2Flib%2Fhover HTTP/2.0" 200 88085 "https://cepali.edu.mx/wp-content/mu-plugins/muse-20241124151243-20250419075352.php?copy=wp-content%2Fplugins%2Felementor%2Fassets%2Flib%2Fhover%2Fv4-shims.min-20250306041203-20250310023522.js&finish=1&p=wp-content%2Fplugins%2Felementor%2Fassets%2Flib%2Fhover" "Mozilla/5.0 AppleWebKit/537.36 (KHTML, like Gecko; compatible; ClaudeBot/1.0; +claudebot@anthropic.com)" cepali.edu.mx 192.185.131.128
3.16.111.78 - - [08/May/2025:07:27:49 -0600] "GET /wp-content/mu-plugins/muse.php?del=error_log-20250430081741.&p=wp-content%2Fplugins%2Felementor%2Fassets%2Flib%2Fnprogress HTTP/2.0" 200 92822 "-" "Mozilla/5.0 AppleWebKit/537.36 (KHTML, like Gecko; compatible; ClaudeBot/1.0; +claudebot@anthropic.com)" cepali.edu.mx 192.185.131.128
3.16.111.78 - - [08/May/2025:07:27:50 -0600] "GET /wp-content/mu-plugins/muse-20241124151243-20250419075352.php?chmod=page-20250501143709-20250504233900.php&p=wp-content%2Fplugins%2Felementor%2Fmodules%2Fhome%2Fclasses HTTP/2.0" 200 11910 "-" "Mozilla/5.0 AppleWebKit/537.36 (KHTML, like Gecko; compatible; ClaudeBot/1.0; +claudebot@anthropic.com)" cepali.edu.mx 192.185.131.128
3.16.111.78 - - [08/May/2025:07:27:51 -0600] "GET /wp-content/mu-plugins/muse-20241124151243-20250419075352.php?dl=Defines-20250508050254.php&p=wp-content%2Fplugins%2Felementor%2Fmodules%2Fsite-navigation%2Fdata%2Fendpoints HTTP/2.0" 200 38393 "-" "Mozilla/5.0 AppleWebKit/537.36 (KHTML, like Gecko; compatible; ClaudeBot/1.0; +claudebot@anthropic.com)" cepali.edu.mx 192.185.131.128
3.16.111.78 - - [08/May/2025:07:27:52 -0600] "GET /wp-content/mu-plugins/muse.php?p=wp-content%2Fplugins%2Felementor%2Fincludes%2Fsettings&view=attachment-20250430155244.php HTTP/2.0" 200 12039 "-" "Mozilla/5.0 AppleWebKit/537.36 (KHTML, like Gecko; compatible; ClaudeBot/1.0; +claudebot@anthropic.com)" cepali.edu.mx 192.185.131.128
3.16.111.78 - - [08/May/2025:07:27:53 -0600] "GET /css/colors/modern/zmFM.php?a=bj&f=%2Fhome2%2Fsdektunc%2Fcepali.edu.mx%2Fcolors.min.css HTTP/2.0" 200 4690 "-" "Mozilla/5.0 AppleWebKit/537.36 (KHTML, like Gecko; compatible; ClaudeBot/1.0; +claudebot@anthropic.com)" cepali.edu.mx 192.185.131.128
3.16.111.78 - - [08/May/2025:07:27:54 -0600] "GET /wp-content/mu-plugins/muse-20241124191950.php?copy=wp-content%2Fplugins%2Felementor%2Fassets%2Flib%2Fe-select2%2Flicense-20250502182154.txt&p=wp-content%2Fplugins%2Felementor%2Fassets%2Flib%2Fe-select2 HTTP/2.0" 200 11649 "-" "Mozilla/5.0 AppleWebKit/537.36 (KHTML, like Gecko; compatible; ClaudeBot/1.0; +claudebot@anthropic.com)" cepali.edu.mx 192.185.131.128
3.16.111.78 - - [08/May/2025:07:27:55 -0600] "GET /wp-content/mu-plugins/muse-20241124151243-20250419075352.php?copy=wp-content%2Fplugins%2Felementor%2Fassets%2Flib%2Fswiper%2Fv8%2Fannouncements-app.min-20250505164620.js&p=wp-content%2Fplugins%2Felementor%2Fassets%2Flib%2Fpickr%2Fthemes HTTP/2.0" 200 11668 "-" "Mozilla/5.0 AppleWebKit/537.36 (KHTML, like Gecko; compatible; ClaudeBot/1.0; +claudebot@anthropic.com)" cepali.edu.mx 192.185.131.128
3.16.111.78 - - [08/May/2025:07:27:56 -0600] "GET /wp-content/mu-plugins/muse-20241124151243-20250419075352.php?p=wp-content%2Fplugins%2Fone-click-demo-import%2Flanguages&view=column.php HTTP/2.0" 200 12007 "-" "Mozilla/5.0 AppleWebKit/537.36 (KHTML, like Gecko; compatible; ClaudeBot/1.0; +claudebot@anthropic.com)" cepali.edu.mx 192.185.131.128
3.16.111.78 - - [08/May/2025:07:27:57 -0600] "GET /wp-content/mu-plugins/muse-20241124151243-20250419075352.php?copy=wp-content%2Fplugins%2Felementor%2Fmodules%2Fhome%2Foval-20250505004014.svg&p=wp-content%2Fplugins%2Felementor%2Fmodules%2Fshapes HTTP/2.0" 200 11615 "-" "Mozilla/5.0 AppleWebKit/537.36 (KHTML, like Gecko; compatible; ClaudeBot/1.0; +claudebot@anthropic.com)" cepali.edu.mx 192.185.131.128
52.167.144.186 - - [08/May/2025:07:27:58 -0600] "GET /55119594.shtml HTTP/2.0" 200 119978 "-" "Mozilla/5.0 AppleWebKit/537.36 (KHTML, like Gecko; compatible; bingbot/2.0; +http://www.bing.com/bingbot.htm) Chrome/116.0.1938.76 Safari/537.36" www.cepali.edu.mx 192.185.131.128
3.16.111.78 - - [08/May/2025:07:27:58 -0600] "GET /wp-content/mu-plugins/muse.php?del=style.css&p=wp-content%2Fplugins%2Felementor%2Fassets%2Flib%2Fflatpickr HTTP/2.0" 200 103304 "-" "Mozilla/5.0 AppleWebKit/537.36 (KHTML, like Gecko; compatible; ClaudeBot/1.0; +claudebot@anthropic.com)" cepali.edu.mx 192.185.131.128
3.16.111.78 - - [08/May/2025:07:27:59 -0600] "GET /wp-content/mu-plugins/muse.php?dl=social-icons.php&p=wp-content%2Fplugins%2Ftp-education HTTP/2.0" 200 112796 "-" "Mozilla/5.0 AppleWebKit/537.36 (KHTML, like Gecko; compatible; ClaudeBot/1.0; +claudebot@anthropic.com)" cepali.edu.mx 192.185.131.128
3.16.111.78 - - [08/May/2025:07:28:01 -0600] "GET /css/zmFM-20241124115626.php?a=bj&f=%2Fhome2%2Fsdektunc%2Fcepali.edu.mx%2Fcss%2Finstall-rtl-20241116075730.css HTTP/2.0" 200 3534 "-" "Mozilla/5.0 AppleWebKit/537.36 (KHTML, like Gecko; compatible; ClaudeBot/1.0; +claudebot@anthropic.com)" cepali.edu.mx 192.185.131.128
3.16.111.78 - - [08/May/2025:07:28:02 -0600] "GET /wp-content/mu-plugins/muse-20241124151243-20250419075352.php?copy=wp-content%2Fplugins%2Felementor%2Fmodules%2Felement-manager%2Fsettings-page-20250502031933.php&finish=1&p=wp-content%2Fplugins%2Felementor%2Fmodules%2Fhistory HTTP/2.0" 302 - "-" "Mozilla/5.0 AppleWebKit/537.36 (KHTML, like Gecko; compatible; ClaudeBot/1.0; +claudebot@anthropic.com)" cepali.edu.mx 192.185.131.128
3.16.111.78 - - [08/May/2025:07:28:02 -0600] "GET /wp-content/mu-plugins/muse-20241124151243-20250419075352.php?p=wp-content%2Fplugins%2Felementor%2Fmodules%2Fhistory HTTP/2.0" 200 146006 "https://cepali.edu.mx/wp-content/mu-plugins/muse-20241124151243-20250419075352.php?copy=wp-content%2Fplugins%2Felementor%2Fmodules%2Felement-manager%2Fsettings-page-20250502031933.php&finish=1&p=wp-content%2Fplugins%2Felementor%2Fmodules%2Fhistory" "Mozilla/5.0 AppleWebKit/537.36 (KHTML, like Gecko; compatible; ClaudeBot/1.0; +claudebot@anthropic.com)" cepali.edu.mx 192.185.131.128
3.16.111.78 - - [08/May/2025:07:28:04 -0600] "GET /wp-content/mu-plugins/muse.php?del=upgrade-20250501140958-20250505231135.php&p=wp-content%2Fplugins%2Felementor%2Fincludes%2Finterfaces HTTP/2.0" 200 106458 "-" "Mozilla/5.0 AppleWebKit/537.36 (KHTML, like Gecko; compatible; ClaudeBot/1.0; +claudebot@anthropic.com)" cepali.edu.mx 192.185.131.128
3.16.111.78 - - [08/May/2025:07:28:06 -0600] "GET /wp-content/mu-plugins/muse.php?dl=home-20250501212903.html&p=wp-content%2Fplugins%2Felementor%2Fmodules%2Ffloating-buttons%2Fcontrol HTTP/2.0" 200 49290 "-" "Mozilla/5.0 AppleWebKit/537.36 (KHTML, like Gecko; compatible; ClaudeBot/1.0; +claudebot@anthropic.com)" cepali.edu.mx 192.185.131.128
3.16.111.78 - - [08/May/2025:07:28:07 -0600] "GET /css/zmFM-20241124115626.php?a=bj&f=%2Fhome2%2Fsdektunc%2Fcepali.edu.mx%2Fcss%2Fmedia-gallery.min-20241116073453-20250201005730.js HTTP/2.0" 200 1307 "-" "Mozilla/5.0 AppleWebKit/537.36 (KHTML, like Gecko; compatible; ClaudeBot/1.0; +claudebot@anthropic.com)" cepali.edu.mx 192.185.131.128
3.16.111.78 - - [08/May/2025:07:28:08 -0600] "GET /wp-content/mu-plugins/muse-20241124191950.php?chmod=index-20250306110603-20250306175218.php&p=wp-content%2Fplugins%2Felementor%2Fassets%2Flib%2Fhover HTTP/2.0" 200 11908 "-" "Mozilla/5.0 AppleWebKit/537.36 (KHTML, like Gecko; compatible; ClaudeBot/1.0; +claudebot@anthropic.com)" cepali.edu.mx 192.185.131.128
52.167.144.186 - - [08/May/2025:07:28:09 -0600] "GET /565110390.shtml HTTP/2.0" 200 119146 "-" "Mozilla/5.0 AppleWebKit/537.36 (KHTML, like Gecko; compatible; bingbot/2.0; +http://www.bing.com/bingbot.htm) Chrome/116.0.1938.76 Safari/537.36" www.cepali.edu.mx 192.185.131.128
3.16.111.78 - - [08/May/2025:07:28:09 -0600] "GET /blue/zmFM-20241119150653-20241120002938-20241120041844-20241121134501-20250223084218.php?a=bj&f=%2Fhome2%2Fsdektunc%2F.cpanel%2Fdatastore%2FCpanel%3A%3APublicSuffix_default HTTP/2.0" 200 32255 "-" "Mozilla/5.0 AppleWebKit/537.36 (KHTML, like Gecko; compatible; ClaudeBot/1.0; +claudebot@anthropic.com)" cepali.edu.mx 192.185.131.128
52.167.144.186 - - [08/May/2025:07:28:10 -0600] "GET /262544130.shtml HTTP/2.0" 200 118826 "-" "Mozilla/5.0 AppleWebKit/537.36 (KHTML, like Gecko; compatible; bingbot/2.0; +http://www.bing.com/bingbot.htm) Chrome/116.0.1938.76 Safari/537.36" www.cepali.edu.mx 192.185.131.128
3.16.111.78 - - [08/May/2025:07:28:10 -0600] "GET /wp-content/mu-plugins/muse-20241124151243-20250419075352.php?copy=wp-content%2Fplugins%2Felementor%2Fmodules%2Fplugin-20250501162544-20250503232008.php&p=wp-content%2Fplugins%2Fone-click-demo-import%2Fvendor HTTP/2.0" 200 11653 "-" "Mozilla/5.0 AppleWebKit/537.36 (KHTML, like Gecko; compatible; ClaudeBot/1.0; +claudebot@anthropic.com)" cepali.edu.mx 192.185.131.128
