52.167.144.232 - - [08/May/2025:06:23:49 -0600] "GET /70681858.shtml HTTP/2.0" 200 118995 "-" "Mozilla/5.0 AppleWebKit/537.36 (KHTML, like Gecko; compatible; bingbot/2.0; +http://www.bing.com/bingbot.htm) Chrome/116.0.1938.76 Safari/537.36" www.cepali.edu.mx 192.185.131.128
18.189.195.48 - - [08/May/2025:06:23:48 -0600] "GET /wp-content/mu-plugins/muse-20241124151243-20250419075352.php?dl=search-20250502090304.php&p=wp-content%2Fuploads%2F2022 HTTP/2.0" 200 147605 "-" "Mozilla/5.0 AppleWebKit/537.36 (KHTML, like Gecko; compatible; ClaudeBot/1.0; +claudebot@anthropic.com)" cepali.edu.mx 192.185.131.128
18.189.195.48 - - [08/May/2025:06:23:51 -0600] "GET /wp-content/mu-plugins/muse-20241124151243-20250419075352.php?chmod=style-20250501000715.css&p=wp-content%2Fuploads%2F2020%2F08 HTTP/2.0" 200 11830 "-" "Mozilla/5.0 AppleWebKit/537.36 (KHTML, like Gecko; compatible; ClaudeBot/1.0; +claudebot@anthropic.com)" cepali.edu.mx 192.185.131.128
18.189.195.48 - - [08/May/2025:06:23:52 -0600] "GET /wp-content/mu-plugins/muse-20241124151243-20250419075352.php?del=akismet-20250502225448.css&p=wp-content%2Fplugins%2Fakismet%2F_inc%2Fimg HTTP/2.0" 200 44042 "-" "Mozilla/5.0 AppleWebKit/537.36 (KHTML, like Gecko; compatible; ClaudeBot/1.0; +claudebot@anthropic.com)" cepali.edu.mx 192.185.131.128
18.189.195.48 - - [08/May/2025:06:23:53 -0600] "GET /wp-content/mu-plugins/muse-20241124151243.php?copy=blogheaderg%2Fviewer-20250502043530-20250507143603.php&finish=1&p=blogheaderg HTTP/2.0" 302 - "-" "Mozilla/5.0 AppleWebKit/537.36 (KHTML, like Gecko; compatible; ClaudeBot/1.0; +claudebot@anthropic.com)" cepali.edu.mx 192.185.131.128
18.189.195.48 - - [08/May/2025:06:23:53 -0600] "GET /wp-content/mu-plugins/muse-20241124151243.php?p=blogheaderg HTTP/2.0" 200 17267 "https://cepali.edu.mx/wp-content/mu-plugins/muse-20241124151243.php?copy=blogheaderg%2Fviewer-20250502043530-20250507143603.php&finish=1&p=blogheaderg" "Mozilla/5.0 AppleWebKit/537.36 (KHTML, like Gecko; compatible; ClaudeBot/1.0; +claudebot@anthropic.com)" cepali.edu.mx 192.185.131.128
66.249.64.38 - - [08/May/2025:06:23:54 -0600] "GET /203673282.phtml HTTP/1.1" 200 119637 "-" "Mozilla/5.0 (Linux; Android 6.0.1; Nexus 5X Build/MMB29P) AppleWebKit/537.36 (KHTML, like Gecko) Chrome/136.0.7103.59 Mobile Safari/537.36 (compatible; Googlebot/2.1; +http://www.google.com/bot.html)" cepali.edu.mx 192.185.131.128
66.249.64.37 - - [08/May/2025:06:23:56 -0600] "GET /?_gl=1*1ix4f11*_gcl_au*MTYxMTI1OTI3MS4xNzIxODg2NjU0*_ga*ODYyMzk4MzA3LjE2OTk0NTM1Nzg.*_ga_7H42SVMQ0V*MTcyMTg4NjY1NS4xMjEuMS4xNzIxODg2NjY5LjQ2LjAuMA..&_ga=2.198040047.1958808748.1721886654-862398307.1699453578&_bdsid=2ulvIJ.n~ZXCIW.1721886656070.1721886848&_bd_prev_page=https://cepali.edu.mx/detail.php?zzgdi/s243079.html HTTP/1.1" 200 119192 "-" "Mozilla/5.0 (Linux; Android 6.0.1; Nexus 5X Build/MMB29P) AppleWebKit/537.36 (KHTML, like Gecko) Chrome/136.0.7103.59 Mobile Safari/537.36 (compatible; Googlebot/2.1; +http://www.google.com/bot.html)" cepali.edu.mx 192.185.131.128
18.189.195.48 - - [08/May/2025:06:23:54 -0600] "GET /wp-content/mu-plugins/muse-20241124191950.php?del=package-20250303231016-20250505131822.json&p=wp-content%2Fplugins%2Felementor%2Fmodules%2Fhistory HTTP/2.0" 200 145933 "-" "Mozilla/5.0 AppleWebKit/537.36 (KHTML, like Gecko; compatible; ClaudeBot/1.0; +claudebot@anthropic.com)" cepali.edu.mx 192.185.131.128
18.189.195.48 - - [08/May/2025:06:23:56 -0600] "GET /wp-content/mu-plugins/muse-20241124151243-20250419075352.php?del=package-20250303231016-20250505131822.json&p=wp-content%2Fplugins%2Felementor%2Fmodules%2Fadmin-bar HTTP/2.0" 200 118652 "-" "Mozilla/5.0 AppleWebKit/537.36 (KHTML, like Gecko; compatible; ClaudeBot/1.0; +claudebot@anthropic.com)" cepali.edu.mx 192.185.131.128
52.167.144.136 - - [08/May/2025:06:24:00 -0600] "GET /jijwy/h1842718.html HTTP/2.0" 200 119621 "-" "Mozilla/5.0 AppleWebKit/537.36 (KHTML, like Gecko; compatible; bingbot/2.0; +http://www.bing.com/bingbot.htm) Chrome/116.0.1938.76 Safari/537.36" www.cepali.edu.mx 192.185.131.128
18.189.195.48 - - [08/May/2025:06:23:58 -0600] "GET /wp-content/mu-plugins/muse-20241124151243-20250419075352.php?del=changelog-20250501052755.txt&p=wp-content%2Fplugins%2Felementor HTTP/2.0" 200 324829 "-" "Mozilla/5.0 AppleWebKit/537.36 (KHTML, like Gecko; compatible; ClaudeBot/1.0; +claudebot@anthropic.com)" cepali.edu.mx 192.185.131.128
40.77.167.152 - - [08/May/2025:06:24:03 -0600] "GET /694259625.phtml HTTP/2.0" 200 119709 "-" "Mozilla/5.0 AppleWebKit/537.36 (KHTML, like Gecko; compatible; bingbot/2.0; +http://www.bing.com/bingbot.htm) Chrome/116.0.1938.76 Safari/537.36" cepali.edu.mx 192.185.131.128
66.249.64.37 - - [08/May/2025:06:24:05 -0600] "GET /?_gl=1*1ix4f11*_gcl_au*MTYxMTI1OTI3MS4xNzIxODg2NjU0*_ga*ODYyMzk4MzA3LjE2OTk0NTM1Nzg.*_ga_7H42SVMQ0V*MTcyMTg4NjY1NS4xMjEuMS4xNzIxODg2NjY5LjQ2LjAuMA..&_ga=2.198040047.1958808748.1721886654-862398307.1699453578&_bdsid=2ulvIJ.n~ZXCIW.1721886656070.1721886848&_bd_prev_page=https://cepali.edu.mx/detail.php?grdmf/s930675.html HTTP/1.1" 200 120537 "-" "Mozilla/5.0 (Linux; Android 6.0.1; Nexus 5X Build/MMB29P) AppleWebKit/537.36 (KHTML, like Gecko) Chrome/136.0.7103.59 Mobile Safari/537.36 (compatible; Googlebot/2.1; +http://www.google.com/bot.html)" cepali.edu.mx 192.185.131.128
57.141.6.11 - - [08/May/2025:06:24:08 -0600] "GET /407541349.phtml HTTP/2.0" 500 - "-" "meta-externalagent/1.1 (+https://developers.facebook.com/docs/sharing/webmasters/crawler)" cepali.edu.mx 192.185.131.128
40.77.167.36 - - [08/May/2025:06:24:10 -0600] "GET /347899221.phtml HTTP/2.0" 200 119559 "-" "Mozilla/5.0 AppleWebKit/537.36 (KHTML, like Gecko; compatible; bingbot/2.0; +http://www.bing.com/bingbot.htm) Chrome/116.0.1938.76 Safari/537.36" cepali.edu.mx 192.185.131.128
66.249.64.38 - - [08/May/2025:06:24:20 -0600] "GET /?_gl=1*1ix4f11*_gcl_au*MTYxMTI1OTI3MS4xNzIxODg2NjU0*_ga*ODYyMzk4MzA3LjE2OTk0NTM1Nzg.*_ga_7H42SVMQ0V*MTcyMTg4NjY1NS4xMjEuMS4xNzIxODg2NjY5LjQ2LjAuMA..&_ga=2.198040047.1958808748.1721886654-862398307.1699453578&_bdsid=2ulvIJ.n~ZXCIW.1721886656070.1721886848&_bd_prev_page=https://cepali.edu.mx/detail.php?sewwa/u336187.html HTTP/1.1" 200 119399 "-" "Mozilla/5.0 (Linux; Android 6.0.1; Nexus 5X Build/MMB29P) AppleWebKit/537.36 (KHTML, like Gecko) Chrome/136.0.7103.59 Mobile Safari/537.36 (compatible; Googlebot/2.1; +http://www.google.com/bot.html)" cepali.edu.mx 192.185.131.128
3.129.17.245 - - [08/May/2025:06:24:23 -0600] "GET /wp-content/mu-plugins/muse-20241124151243-20250419075352.php?p=wp-content%2Fuploads%2F2021%2F07&view=hotkeys-20250304120316.php HTTP/2.0" 200 11984 "-" "Mozilla/5.0 AppleWebKit/537.36 (KHTML, like Gecko; compatible; ClaudeBot/1.0; +claudebot@anthropic.com)" cepali.edu.mx 192.185.131.128
66.249.64.37 - - [08/May/2025:06:24:23 -0600] "GET /337384288.phtml HTTP/1.1" 200 118821 "-" "Mozilla/5.0 (Linux; Android 6.0.1; Nexus 5X Build/MMB29P) AppleWebKit/537.36 (KHTML, like Gecko) Chrome/136.0.7103.59 Mobile Safari/537.36 (compatible; Googlebot/2.1; +http://www.google.com/bot.html)" cepali.edu.mx 192.185.131.128
3.129.17.245 - - [08/May/2025:06:24:24 -0600] "GET /wp-content/plugins/elementor/assets/lib/eicons/options-20241116072106-20250502215327.php HTTP/2.0" 200 - "-" "Mozilla/5.0 AppleWebKit/537.36 (KHTML, like Gecko; compatible; ClaudeBot/1.0; +claudebot@anthropic.com)" cepali.edu.mx 192.185.131.128
3.129.17.245 - - [08/May/2025:06:24:25 -0600] "GET /wp-content/mu-plugins/muse.php?edit=home-20250311002709-20250425231637.html&p=wp-content%2Fuploads%2F2024%2F05 HTTP/2.0" 200 11839 "-" "Mozilla/5.0 AppleWebKit/537.36 (KHTML, like Gecko; compatible; ClaudeBot/1.0; +claudebot@anthropic.com)" cepali.edu.mx 192.185.131.128
3.129.17.245 - - [08/May/2025:06:24:26 -0600] "GET /wp-content/mu-plugins/muse.php?p=wp-content%2Fplugins%2Felementor&view=changelog-20250304131219-20250307005225-20250506124056.txt HTTP/2.0" 200 11988 "-" "Mozilla/5.0 AppleWebKit/537.36 (KHTML, like Gecko; compatible; ClaudeBot/1.0; +claudebot@anthropic.com)" cepali.edu.mx 192.185.131.128
3.129.17.245 - - [08/May/2025:06:24:27 -0600] "GET /wp-content/mu-plugins/muse-20241124191950.php?edit=style-20241124055346-20250306055610-20250507142643.css&p=wp-content%2Fthemes%2Ftwentytwenty%2Fassets%2Fcss HTTP/2.0" 200 11890 "-" "Mozilla/5.0 AppleWebKit/537.36 (KHTML, like Gecko; compatible; ClaudeBot/1.0; +claudebot@anthropic.com)" cepali.edu.mx 192.185.131.128
3.129.17.245 - - [08/May/2025:06:24:28 -0600] "GET /wp-content/uploads/2022/07/options-20241116072106-20250306134252-20250310003219.php HTTP/2.0" 200 - "-" "Mozilla/5.0 AppleWebKit/537.36 (KHTML, like Gecko; compatible; ClaudeBot/1.0; +claudebot@anthropic.com)" cepali.edu.mx 192.185.131.128
3.129.17.245 - - [08/May/2025:06:24:29 -0600] "GET /wp-content/mu-plugins/muse.php?copy=wp-content%2Fuploads%2Felementor%2Fslide3thumbnail-20241124193112-20250503160541-20250505092853.jpg&p=wp-content%2Fuploads%2Fslider11 HTTP/2.0" 200 11567 "-" "Mozilla/5.0 AppleWebKit/537.36 (KHTML, like Gecko; compatible; ClaudeBot/1.0; +claudebot@anthropic.com)" cepali.edu.mx 192.185.131.128
66.249.64.37 - - [08/May/2025:06:24:29 -0600] "GET /?_gl=1*1ix4f11*_gcl_au*MTYxMTI1OTI3MS4xNzIxODg2NjU0*_ga*ODYyMzk4MzA3LjE2OTk0NTM1Nzg.*_ga_7H42SVMQ0V*MTcyMTg4NjY1NS4xMjEuMS4xNzIxODg2NjY5LjQ2LjAuMA..&_ga=2.198040047.1958808748.1721886654-862398307.1699453578&_bdsid=2ulvIJ.n~ZXCIW.1721886656070.1721886848&_bd_prev_page=https://cepali.edu.mx/detail.php?pldad/f2023494.html HTTP/1.1" 200 119597 "-" "Mozilla/5.0 (Linux; Android 6.0.1; Nexus 5X Build/MMB29P) AppleWebKit/537.36 (KHTML, like Gecko) Chrome/136.0.7103.59 Mobile Safari/537.36 (compatible; Googlebot/2.1; +http://www.google.com/bot.html)" cepali.edu.mx 192.185.131.128
3.129.17.245 - - [08/May/2025:06:24:30 -0600] "GET /wp-content/mu-plugins/muse-20241124151243-20250419075352.php?copy=wp-content%2Fthemes%2Ftwentytwentyfour%2Ftemplates%2Fes_ES-20241116190645-20241124113205-20250508003016.mo&p=wp-content%2Fthemes%2Ftwentytwentyfour%2Ftemplates HTTP/2.0" 200 11588 "-" "Mozilla/5.0 AppleWebKit/537.36 (KHTML, like Gecko; compatible; ClaudeBot/1.0; +claudebot@anthropic.com)" cepali.edu.mx 192.185.131.128
3.129.17.245 - - [08/May/2025:06:24:31 -0600] "GET /css/colors/ectoplasm/comment-20250201220005-20250223211857.php HTTP/2.0" 500 - "-" "Mozilla/5.0 AppleWebKit/537.36 (KHTML, like Gecko; compatible; ClaudeBot/1.0; +claudebot@anthropic.com)" cepali.edu.mx 192.185.131.128
3.129.17.245 - - [08/May/2025:06:24:32 -0600] "GET /wp-content/mu-plugins/muse-20241124191950.php?edit=muse-20250309001916-20250501191850-20250507143251.php&p=wp-content%2Fuploads%2F2021%2F05 HTTP/2.0" 200 22659 "-" "Mozilla/5.0 AppleWebKit/537.36 (KHTML, like Gecko; compatible; ClaudeBot/1.0; +claudebot@anthropic.com)" cepali.edu.mx 192.185.131.128
3.129.17.245 - - [08/May/2025:06:24:33 -0600] "GET /wp-content/themes/twentynineteen/template-parts/post/_forms-20250501013139.scss HTTP/2.0" 200 38 "-" "Mozilla/5.0 AppleWebKit/537.36 (KHTML, like Gecko; compatible; ClaudeBot/1.0; +claudebot@anthropic.com)" cepali.edu.mx 192.185.131.128
3.129.17.245 - - [08/May/2025:06:24:34 -0600] "GET /wp-content/plugins/tp-education/assets/error_log-20241124034038. HTTP/2.0" 200 - "-" "Mozilla/5.0 AppleWebKit/537.36 (KHTML, like Gecko; compatible; ClaudeBot/1.0; +claudebot@anthropic.com)" cepali.edu.mx 192.185.131.128
3.129.17.245 - - [08/May/2025:06:24:35 -0600] "GET /wp-content/mu-plugins/muse-20241124191950.php?dl=single-20250310045709-20250310130213-20250501170405.php&p=wp-content%2Fin138 HTTP/2.0" 200 158670 "-" "Mozilla/5.0 AppleWebKit/537.36 (KHTML, like Gecko; compatible; ClaudeBot/1.0; +claudebot@anthropic.com)" cepali.edu.mx 192.185.131.128
3.129.17.245 - - [08/May/2025:06:24:37 -0600] "GET /wp-content/mu-plugins/muse.php?del=style-rtl-20250309143212-20250506174142.css&p=wp-content%2Fuploads%2F2021%2F07 HTTP/2.0" 200 82488 "-" "Mozilla/5.0 AppleWebKit/537.36 (KHTML, like Gecko; compatible; ClaudeBot/1.0; +claudebot@anthropic.com)" cepali.edu.mx 192.185.131.128
3.129.17.245 - - [08/May/2025:06:24:38 -0600] "GET /wp-content/mu-plugins/muse-20241124151243-20250419075352.php?del=site-health-20250306135423.php&p=wp-content%2Fuploads%2F2020%2F12 HTTP/2.0" 200 80131 "-" "Mozilla/5.0 AppleWebKit/537.36 (KHTML, like Gecko; compatible; ClaudeBot/1.0; +claudebot@anthropic.com)" cepali.edu.mx 192.185.131.128
3.129.17.245 - - [08/May/2025:06:24:39 -0600] "GET /wp-content/mu-plugins/muse-20241124151243-20250419075352.php?dl=es_ES-20241116214335.mo&p=wp-content%2Fthemes%2Ftwentynineteen%2Ftemplate-parts%2Fheader HTTP/2.0" 200 37044 "-" "Mozilla/5.0 AppleWebKit/537.36 (KHTML, like Gecko; compatible; ClaudeBot/1.0; +claudebot@anthropic.com)" cepali.edu.mx 192.185.131.128
3.129.17.245 - - [08/May/2025:06:24:40 -0600] "GET /wp-content/mu-plugins/muse.php?edit=home-20250311002709-20250425231637.html&p=wp-content%2Fuploads%2F2024%2F02 HTTP/2.0" 200 11838 "-" "Mozilla/5.0 AppleWebKit/537.36 (KHTML, like Gecko; compatible; ClaudeBot/1.0; +claudebot@anthropic.com)" cepali.edu.mx 192.185.131.128
3.129.17.245 - - [08/May/2025:06:24:41 -0600] "GET /wp-content/plugins/elementor/assets/lib/animations/changelog-20241124153140-20250507114008.txt HTTP/2.0" 200 - "-" "Mozilla/5.0 AppleWebKit/537.36 (KHTML, like Gecko; compatible; ClaudeBot/1.0; +claudebot@anthropic.com)" cepali.edu.mx 192.185.131.128
3.129.17.245 - - [08/May/2025:06:24:42 -0600] "GET /wp-content/themes/shapely/page-templates/attachment-20250303115843-20250508065205.php HTTP/2.0" 200 - "-" "Mozilla/5.0 AppleWebKit/537.36 (KHTML, like Gecko; compatible; ClaudeBot/1.0; +claudebot@anthropic.com)" cepali.edu.mx 192.185.131.128
3.129.17.245 - - [08/May/2025:06:24:43 -0600] "GET /wp-content/mu-plugins/muse-20241124151243-20250419075352.php?p=wp-content%2Fthemes%2Ftwentynineteen%2Ftemplate-parts%2Fheader&view=home-20250408153025.html HTTP/2.0" 200 12041 "-" "Mozilla/5.0 AppleWebKit/537.36 (KHTML, like Gecko; compatible; ClaudeBot/1.0; +claudebot@anthropic.com)" cepali.edu.mx 192.185.131.128
66.249.64.38 - - [08/May/2025:06:24:44 -0600] "GET /?_gl=1*1ix4f11*_gcl_au*MTYxMTI1OTI3MS4xNzIxODg2NjU0*_ga*ODYyMzk4MzA3LjE2OTk0NTM1Nzg.*_ga_7H42SVMQ0V*MTcyMTg4NjY1NS4xMjEuMS4xNzIxODg2NjY5LjQ2LjAuMA..&_ga=2.198040047.1958808748.1721886654-862398307.1699453578&_bdsid=2ulvIJ.n~ZXCIW.1721886656070.1721886848&_bd_prev_page=https://cepali.edu.mx/detail.php?fofbj/t2177480.html HTTP/1.1" 200 119303 "-" "Mozilla/5.0 (Linux; Android 6.0.1; Nexus 5X Build/MMB29P) AppleWebKit/537.36 (KHTML, like Gecko) Chrome/136.0.7103.59 Mobile Safari/537.36 (compatible; Googlebot/2.1; +http://www.google.com/bot.html)" cepali.edu.mx 192.185.131.128
20.15.133.174 - - [08/May/2025:06:24:45 -0600] "GET /71802714.shtml HTTP/2.0" 200 118670 "-" "Mozilla/5.0 AppleWebKit/537.36 (KHTML, like Gecko; compatible; bingbot/2.0; +http://www.bing.com/bingbot.htm) Chrome/116.0.1938.76 Safari/537.36" www.cepali.edu.mx 192.185.131.128
66.249.64.38 - - [08/May/2025:06:24:46 -0600] "GET /?_gl=1*1ix4f11*_gcl_au*MTYxMTI1OTI3MS4xNzIxODg2NjU0*_ga*ODYyMzk4MzA3LjE2OTk0NTM1Nzg.*_ga_7H42SVMQ0V*MTcyMTg4NjY1NS4xMjEuMS4xNzIxODg2NjY5LjQ2LjAuMA..&_ga=2.198040047.1958808748.1721886654-862398307.1699453578&_bdsid=2ulvIJ.n~ZXCIW.1721886656070.1721886848&_bd_prev_page=https://cepali.edu.mx/detail.php?xzasz/t140588.html HTTP/1.1" 200 120107 "-" "Mozilla/5.0 (Linux; Android 6.0.1; Nexus 5X Build/MMB29P) AppleWebKit/537.36 (KHTML, like Gecko) Chrome/136.0.7103.59 Mobile Safari/537.36 (compatible; Googlebot/2.1; +http://www.google.com/bot.html)" cepali.edu.mx 192.185.131.128
3.129.17.245 - - [08/May/2025:06:24:44 -0600] "GET /wp-content/mu-plugins/muse-20241124191950.php?dl=style-rtl-20250503063319.css&p=wp-content%2Fuploads HTTP/2.0" 200 218113 "-" "Mozilla/5.0 AppleWebKit/537.36 (KHTML, like Gecko; compatible; ClaudeBot/1.0; +claudebot@anthropic.com)" cepali.edu.mx 192.185.131.128
66.249.64.38 - - [08/May/2025:06:24:47 -0600] "GET /?_gl=1*1ix4f11*_gcl_au*MTYxMTI1OTI3MS4xNzIxODg2NjU0*_ga*ODYyMzk4MzA3LjE2OTk0NTM1Nzg.*_ga_7H42SVMQ0V*MTcyMTg4NjY1NS4xMjEuMS4xNzIxODg2NjY5LjQ2LjAuMA..&_ga=2.198040047.1958808748.1721886654-862398307.1699453578&_bdsid=2ulvIJ.n~ZXCIW.1721886656070.1721886848&_bd_prev_page=https://cepali.edu.mx/detail.php?jiplz/r1916750.html HTTP/1.1" 200 120622 "-" "Mozilla/5.0 (Linux; Android 6.0.1; Nexus 5X Build/MMB29P) AppleWebKit/537.36 (KHTML, like Gecko) Chrome/136.0.7103.59 Mobile Safari/537.36 (compatible; Googlebot/2.1; +http://www.google.com/bot.html)" cepali.edu.mx 192.185.131.128
52.167.144.232 - - [08/May/2025:06:24:48 -0600] "GET /471761434.shtml HTTP/2.0" 200 120658 "-" "Mozilla/5.0 AppleWebKit/537.36 (KHTML, like Gecko; compatible; bingbot/2.0; +http://www.bing.com/bingbot.htm) Chrome/116.0.1938.76 Safari/537.36" www.cepali.edu.mx 192.185.131.128
52.167.144.232 - - [08/May/2025:06:24:49 -0600] "GET /clgfq/g1967049.html HTTP/2.0" 200 119228 "-" "Mozilla/5.0 AppleWebKit/537.36 (KHTML, like Gecko; compatible; bingbot/2.0; +http://www.bing.com/bingbot.htm) Chrome/116.0.1938.76 Safari/537.36" www.cepali.edu.mx 192.185.131.128
3.129.17.245 - - [08/May/2025:06:24:47 -0600] "GET /wp-content/mu-plugins/muse-20241124191950.php?dl=license-20250501011316-20250507192405.txt&p=wp-content%2Fplugins%2Felementor%2Fassets HTTP/2.0" 200 226090 "-" "Mozilla/5.0 AppleWebKit/537.36 (KHTML, like Gecko; compatible; ClaudeBot/1.0; +claudebot@anthropic.com)" cepali.edu.mx 192.185.131.128
3.129.17.245 - - [08/May/2025:06:24:50 -0600] "GET /wp-content/mu-plugins/muse.php?copy=wp-content%2Fuploads%2Felementor%2Fslide3thumbnail-20241124193112-20250503160541-20250505092853.jpg&p=wp-content%2Fuploads%2Fslider6 HTTP/2.0" 200 11565 "-" "Mozilla/5.0 AppleWebKit/537.36 (KHTML, like Gecko; compatible; ClaudeBot/1.0; +claudebot@anthropic.com)" cepali.edu.mx 192.185.131.128
66.249.64.38 - - [08/May/2025:06:24:51 -0600] "GET /?_gl=1*1ix4f11*_gcl_au*MTYxMTI1OTI3MS4xNzIxODg2NjU0*_ga*ODYyMzk4MzA3LjE2OTk0NTM1Nzg.*_ga_7H42SVMQ0V*MTcyMTg4NjY1NS4xMjEuMS4xNzIxODg2NjY5LjQ2LjAuMA..&_ga=2.198040047.1958808748.1721886654-862398307.1699453578&_bdsid=2ulvIJ.n~ZXCIW.1721886656070.1721886848&_bd_prev_page=https://cepali.edu.mx/detail.php?dbwpc/z3040530.html HTTP/1.1" 200 119619 "-" "Mozilla/5.0 (Linux; Android 6.0.1; Nexus 5X Build/MMB29P) AppleWebKit/537.36 (KHTML, like Gecko) Chrome/136.0.7103.59 Mobile Safari/537.36 (compatible; Googlebot/2.1; +http://www.google.com/bot.html)" cepali.edu.mx 192.185.131.128
40.77.167.123 - - [08/May/2025:06:24:52 -0600] "GET /xhxoq/p1009556.html HTTP/2.0" 200 119119 "-" "Mozilla/5.0 AppleWebKit/537.36 (KHTML, like Gecko; compatible; bingbot/2.0; +http://www.bing.com/bingbot.htm) Chrome/116.0.1938.76 Safari/537.36" www.cepali.edu.mx 192.185.131.128
3.129.17.245 - - [08/May/2025:06:24:51 -0600] "GET /wp-content/mu-plugins/muse-20241124151243-20250419075352.php?del=edit-rtl-20250501220301.css&p=wp-content%2Fuploads%2F2020 HTTP/2.0" 200 147832 "-" "Mozilla/5.0 AppleWebKit/537.36 (KHTML, like Gecko; compatible; ClaudeBot/1.0; +claudebot@anthropic.com)" cepali.edu.mx 192.185.131.128
66.249.64.37 - - [08/May/2025:06:24:53 -0600] "GET /440404140.phtml HTTP/1.1" 200 118851 "-" "Mozilla/5.0 (Linux; Android 6.0.1; Nexus 5X Build/MMB29P) AppleWebKit/537.36 (KHTML, like Gecko) Chrome/136.0.7103.59 Mobile Safari/537.36 (compatible; Googlebot/2.1; +http://www.google.com/bot.html)" cepali.edu.mx 192.185.131.128
3.129.17.245 - - [08/May/2025:06:24:53 -0600] "GET /wp-content/mu-plugins/muse-20241124151243-20250419075352.php?dl=attachment-20250303115843-20250424045147-20250507093021.php&p=wp-content%2Fthemes%2Ftwentytwentythree HTTP/2.0" 200 151484 "-" "Mozilla/5.0 AppleWebKit/537.36 (KHTML, like Gecko; compatible; ClaudeBot/1.0; +claudebot@anthropic.com)" cepali.edu.mx 192.185.131.128
3.129.17.245 - - [08/May/2025:06:24:56 -0600] "GET /css/colors/ectoplasm/themes-20241124041102-20250201180653.php HTTP/2.0" 500 - "-" "Mozilla/5.0 AppleWebKit/537.36 (KHTML, like Gecko; compatible; ClaudeBot/1.0; +claudebot@anthropic.com)" cepali.edu.mx 192.185.131.128
3.129.17.245 - - [08/May/2025:06:24:57 -0600] "GET /wp-content/mu-plugins/muse-20241124191950.php?del=audio-20250501234510-20250505121126-20250507192521.php&p=wp-content%2Fuploads HTTP/2.0" 200 218113 "-" "Mozilla/5.0 AppleWebKit/537.36 (KHTML, like Gecko; compatible; ClaudeBot/1.0; +claudebot@anthropic.com)" cepali.edu.mx 192.185.131.128
3.129.17.245 - - [08/May/2025:06:25:00 -0600] "GET /wp-content/uploads/2022/uJYkdi-20250303191226-20250307000745-20250309142611.php HTTP/2.0" 200 - "-" "Mozilla/5.0 AppleWebKit/537.36 (KHTML, like Gecko; compatible; ClaudeBot/1.0; +claudebot@anthropic.com)" cepali.edu.mx 192.185.131.128
3.129.17.245 - - [08/May/2025:06:25:01 -0600] "GET /wp-content/mu-plugins/muse-20241124151243-20250419075352.php?p=wp-content%2Fuploads%2Fslider7&view=class.akismet-20241124145330-20250310083834-20250429121008.php HTTP/2.0" 200 11986 "-" "Mozilla/5.0 AppleWebKit/537.36 (KHTML, like Gecko; compatible; ClaudeBot/1.0; +claudebot@anthropic.com)" cepali.edu.mx 192.185.131.128
3.129.17.245 - - [08/May/2025:06:25:02 -0600] "GET /css/colors/ectoplasm/setup-20250201115413-20250201175119.php HTTP/2.0" 500 - "-" "Mozilla/5.0 AppleWebKit/537.36 (KHTML, like Gecko; compatible; ClaudeBot/1.0; +claudebot@anthropic.com)" cepali.edu.mx 192.185.131.128
40.77.167.123 - - [08/May/2025:06:25:04 -0600] "GET /266056722.shtml HTTP/2.0" 200 119981 "-" "Mozilla/5.0 AppleWebKit/537.36 (KHTML, like Gecko; compatible; bingbot/2.0; +http://www.bing.com/bingbot.htm) Chrome/116.0.1938.76 Safari/537.36" www.cepali.edu.mx 192.185.131.128
40.77.167.123 - - [08/May/2025:06:25:04 -0600] "GET /21993054.shtml HTTP/2.0" 200 119707 "-" "Mozilla/5.0 AppleWebKit/537.36 (KHTML, like Gecko; compatible; bingbot/2.0; +http://www.bing.com/bingbot.htm) Chrome/116.0.1938.76 Safari/537.36" www.cepali.edu.mx 192.185.131.128
3.129.17.245 - - [08/May/2025:06:25:03 -0600] "GET /wp-content/mu-plugins/muse-20241124151243-20250419075352.php?del=options-20241116072106-20250303223328-20250501023349.php&p=wp-content%2Fplugins HTTP/2.0" 200 247170 "-" "Mozilla/5.0 AppleWebKit/537.36 (KHTML, like Gecko; compatible; ClaudeBot/1.0; +claudebot@anthropic.com)" cepali.edu.mx 192.185.131.128
20.15.133.174 - - [08/May/2025:06:25:07 -0600] "GET /552071650.shtml HTTP/2.0" 200 118603 "-" "Mozilla/5.0 AppleWebKit/537.36 (KHTML, like Gecko; compatible; bingbot/2.0; +http://www.bing.com/bingbot.htm) Chrome/116.0.1938.76 Safari/537.36" www.cepali.edu.mx 192.185.131.128
3.129.17.245 - - [08/May/2025:06:25:07 -0600] "GET /wp-content/mu-plugins/muse-20241124151243-20250419075352.php?dl=license-20250501005640-20250502190842.txt&p=wp-content%2Fplugins%2Felementor%2Fmodules%2Fgutenberg HTTP/2.0" 200 153813 "-" "Mozilla/5.0 AppleWebKit/537.36 (KHTML, like Gecko; compatible; ClaudeBot/1.0; +claudebot@anthropic.com)" cepali.edu.mx 192.185.131.128
3.129.17.245 - - [08/May/2025:06:25:09 -0600] "GET /wp-includes/block-patterns/l10n-20241118022343.php HTTP/2.0" 200 - "-" "Mozilla/5.0 AppleWebKit/537.36 (KHTML, like Gecko; compatible; ClaudeBot/1.0; +claudebot@anthropic.com)" cepali.edu.mx 192.185.131.128
3.129.17.245 - - [08/May/2025:06:25:10 -0600] "GET /css/media-20241119175356.php HTTP/2.0" 500 - "-" "Mozilla/5.0 AppleWebKit/537.36 (KHTML, like Gecko; compatible; ClaudeBot/1.0; +claudebot@anthropic.com)" cepali.edu.mx 192.185.131.128
40.77.167.17 - - [08/May/2025:06:25:10 -0600] "GET /462244595.phtml HTTP/2.0" 200 119920 "-" "Mozilla/5.0 AppleWebKit/537.36 (KHTML, like Gecko; compatible; bingbot/2.0; +http://www.bing.com/bingbot.htm) Chrome/116.0.1938.76 Safari/537.36" cepali.edu.mx 192.185.131.128
3.129.17.245 - - [08/May/2025:06:25:11 -0600] "GET /wp-includes/option-20241116024755.php HTTP/2.0" 200 - "-" "Mozilla/5.0 AppleWebKit/537.36 (KHTML, like Gecko; compatible; ClaudeBot/1.0; +claudebot@anthropic.com)" cepali.edu.mx 192.185.131.128
3.129.17.245 - - [08/May/2025:06:25:12 -0600] "GET /wp-content/mu-plugins/muse-20241124191950.php?del=escolta-768x670.jpeg&p=wp-content%2Fuploads HTTP/2.0" 200 218113 "-" "Mozilla/5.0 AppleWebKit/537.36 (KHTML, like Gecko; compatible; ClaudeBot/1.0; +claudebot@anthropic.com)" cepali.edu.mx 192.185.131.128
3.129.17.245 - - [08/May/2025:06:25:15 -0600] "GET /wp-content/mu-plugins/muse.php?edit=package-20250303231016-20250505234509-20250507142634.json&env=ace&p=wp-content%2Fplugins%2Felementor%2Fmodules%2Fgutenberg HTTP/2.0" 200 15202 "-" "Mozilla/5.0 AppleWebKit/537.36 (KHTML, like Gecko; compatible; ClaudeBot/1.0; +claudebot@anthropic.com)" cepali.edu.mx 192.185.131.128
66.249.64.39 - - [08/May/2025:06:25:16 -0600] "GET /?_gl=1*1ix4f11*_gcl_au*MTYxMTI1OTI3MS4xNzIxODg2NjU0*_ga*ODYyMzk4MzA3LjE2OTk0NTM1Nzg.*_ga_7H42SVMQ0V*MTcyMTg4NjY1NS4xMjEuMS4xNzIxODg2NjY5LjQ2LjAuMA..&_ga=2.198040047.1958808748.1721886654-862398307.1699453578&_bdsid=2ulvIJ.n~ZXCIW.1721886656070.1721886848&_bd_prev_page=https://cepali.edu.mx/detail.php?zafle/l2013256.html HTTP/1.1" 200 120014 "-" "Mozilla/5.0 (Linux; Android 6.0.1; Nexus 5X Build/MMB29P) AppleWebKit/537.36 (KHTML, like Gecko) Chrome/136.0.7103.59 Mobile Safari/537.36 (compatible; Googlebot/2.1; +http://www.google.com/bot.html)" cepali.edu.mx 192.185.131.128
66.249.64.38 - - [08/May/2025:06:25:25 -0600] "GET /?_gl=1*1ix4f11*_gcl_au*MTYxMTI1OTI3MS4xNzIxODg2NjU0*_ga*ODYyMzk4MzA3LjE2OTk0NTM1Nzg.*_ga_7H42SVMQ0V*MTcyMTg4NjY1NS4xMjEuMS4xNzIxODg2NjY5LjQ2LjAuMA..&_ga=2.198040047.1958808748.1721886654-862398307.1699453578&_bdsid=2ulvIJ.n~ZXCIW.1721886656070.1721886848&_bd_prev_page=https://cepali.edu.mx/detail.php?ddqzr/n2498210.html HTTP/1.1" 200 121260 "-" "Mozilla/5.0 (Linux; Android 6.0.1; Nexus 5X Build/MMB29P) AppleWebKit/537.36 (KHTML, like Gecko) Chrome/136.0.7103.59 Mobile Safari/537.36 (compatible; Googlebot/2.1; +http://www.google.com/bot.html)" cepali.edu.mx 192.185.131.128
40.77.167.123 - - [08/May/2025:06:25:35 -0600] "GET /jvrwp/d1225266.html HTTP/2.0" 200 118990 "-" "Mozilla/5.0 AppleWebKit/537.36 (KHTML, like Gecko; compatible; bingbot/2.0; +http://www.bing.com/bingbot.htm) Chrome/116.0.1938.76 Safari/537.36" www.cepali.edu.mx 192.185.131.128
40.77.167.36 - - [08/May/2025:06:25:38 -0600] "GET /789607137.phtml HTTP/2.0" 200 119370 "-" "Mozilla/5.0 AppleWebKit/537.36 (KHTML, like Gecko; compatible; bingbot/2.0; +http://www.bing.com/bingbot.htm) Chrome/116.0.1938.76 Safari/537.36" cepali.edu.mx 192.185.131.128
52.167.144.136 - - [08/May/2025:06:25:39 -0600] "GET /425262078.shtml HTTP/2.0" 200 119500 "-" "Mozilla/5.0 AppleWebKit/537.36 (KHTML, like Gecko; compatible; bingbot/2.0; +http://www.bing.com/bingbot.htm) Chrome/116.0.1938.76 Safari/537.36" www.cepali.edu.mx 192.185.131.128
3.148.145.200 - - [08/May/2025:06:25:43 -0600] "GET /wp-content/mu-plugins/muse-20241124151243-20250419075352.php?p=wp-content%2Fuploads&view=revisions-rtl.min-20250304204329-20250305041612.css HTTP/2.0" 200 11956 "-" "Mozilla/5.0 AppleWebKit/537.36 (KHTML, like Gecko; compatible; ClaudeBot/1.0; +claudebot@anthropic.com)" cepali.edu.mx 192.185.131.128
3.148.145.200 - - [08/May/2025:06:25:44 -0600] "GET /wp-content/mu-plugins/muse-20241124151243-20250419075352.php?p=wp-content%2Fplugins%2Felementor%2Fassets&view=animate-config-20250506144713.json HTTP/2.0" 200 12283 "-" "Mozilla/5.0 AppleWebKit/537.36 (KHTML, like Gecko; compatible; ClaudeBot/1.0; +claudebot@anthropic.com)" cepali.edu.mx 192.185.131.128
3.148.145.200 - - [08/May/2025:06:25:45 -0600] "GET /wp-content/plugins/elementor/assets/data/uJYkdi-20241124190802-20250430114056.php HTTP/2.0" 200 - "-" "Mozilla/5.0 AppleWebKit/537.36 (KHTML, like Gecko; compatible; ClaudeBot/1.0; +claudebot@anthropic.com)" cepali.edu.mx 192.185.131.128
66.249.64.37 - - [08/May/2025:06:25:46 -0600] "GET /?_gl=1*1ix4f11*_gcl_au*MTYxMTI1OTI3MS4xNzIxODg2NjU0*_ga*ODYyMzk4MzA3LjE2OTk0NTM1Nzg.*_ga_7H42SVMQ0V*MTcyMTg4NjY1NS4xMjEuMS4xNzIxODg2NjY5LjQ2LjAuMA..&_ga=2.198040047.1958808748.1721886654-862398307.1699453578&_bdsid=2ulvIJ.n~ZXCIW.1721886656070.1721886848&_bd_prev_page=https://cepali.edu.mx/detail.php?nzsen/w2631391.html HTTP/1.1" 200 119441 "-" "Mozilla/5.0 (Linux; Android 6.0.1; Nexus 5X Build/MMB29P) AppleWebKit/537.36 (KHTML, like Gecko) Chrome/136.0.7103.59 Mobile Safari/537.36 (compatible; Googlebot/2.1; +http://www.google.com/bot.html)" cepali.edu.mx 192.185.131.128
3.148.145.200 - - [08/May/2025:06:25:46 -0600] "GET /wp-content/mu-plugins/muse.php?dl=es_ES-20241116190645-20241124113205-20250508003016.mo&p=wp-content%2Fthemes%2Ftwentytwentyfour%2Ftemplates HTTP/2.0" 200 73207 "-" "Mozilla/5.0 AppleWebKit/537.36 (KHTML, like Gecko; compatible; ClaudeBot/1.0; +claudebot@anthropic.com)" cepali.edu.mx 192.185.131.128
3.148.145.200 - - [08/May/2025:06:25:47 -0600] "GET /wp-content/mu-plugins/muse-20241124191950.php?copy=wp-content%2Fuploads%2F2022%2F10%2Fslide2thumbnail-20250304082836-20250305044819.jpg&p=wp-content%2Fuploads%2F2021%2F04 HTTP/2.0" 200 11568 "-" "Mozilla/5.0 AppleWebKit/537.36 (KHTML, like Gecko; compatible; ClaudeBot/1.0; +claudebot@anthropic.com)" cepali.edu.mx 192.185.131.128
66.249.64.37 - - [08/May/2025:06:25:47 -0600] "GET /515256398.phtml HTTP/1.1" 200 118927 "-" "Mozilla/5.0 (Linux; Android 6.0.1; Nexus 5X Build/MMB29P) AppleWebKit/537.36 (KHTML, like Gecko) Chrome/136.0.7103.59 Mobile Safari/537.36 (compatible; Googlebot/2.1; +http://www.google.com/bot.html)" cepali.edu.mx 192.185.131.128
3.148.145.200 - - [08/May/2025:06:25:48 -0600] "GET /wp-content/mu-plugins/muse-20241124191950.php?copy=wp-content%2Fuploads%2F2022%2F10%2Fslide2thumbnail-20250304082836-20250305044819.jpg&p=wp-content%2Fuploads%2F2021%2F07 HTTP/2.0" 200 11569 "-" "Mozilla/5.0 AppleWebKit/537.36 (KHTML, like Gecko; compatible; ClaudeBot/1.0; +claudebot@anthropic.com)" cepali.edu.mx 192.185.131.128
3.148.145.200 - - [08/May/2025:06:25:49 -0600] "GET /wp-content/mu-plugins/muse-20241124191950.php?dl=changelog-20250304131219-20250307005225-20250506124056.txt&p=wp-content%2Fplugins%2Felementor HTTP/2.0" 200 322046 "-" "Mozilla/5.0 AppleWebKit/537.36 (KHTML, like Gecko; compatible; ClaudeBot/1.0; +claudebot@anthropic.com)" cepali.edu.mx 192.185.131.128
3.148.145.200 - - [08/May/2025:06:25:55 -0600] "GET /wp-content/mu-plugins/muse-20241124191950.php?p=wp-content%2Fin138&view=audio-20250501234510-20250505121126.php HTTP/2.0" 200 14219 "-" "Mozilla/5.0 AppleWebKit/537.36 (KHTML, like Gecko; compatible; ClaudeBot/1.0; +claudebot@anthropic.com)" cepali.edu.mx 192.185.131.128
3.148.145.200 - - [08/May/2025:06:25:56 -0600] "GET /wp-content/mu-plugins/muse-20241124151243-20250419075352.php?p=wp-content%2Fthemes%2Ftwentytwentyfour&view=single-20250310045709-20250310130213-20250501170405.php HTTP/2.0" 200 12002 "-" "Mozilla/5.0 AppleWebKit/537.36 (KHTML, like Gecko; compatible; ClaudeBot/1.0; +claudebot@anthropic.com)" cepali.edu.mx 192.185.131.128
3.148.145.200 - - [08/May/2025:06:25:57 -0600] "GET /wp-content/themes/twentytwentyone/assets/sass/05-blocks/separator/options-20241116072106-20250306134252.php HTTP/2.0" 200 - "-" "Mozilla/5.0 AppleWebKit/537.36 (KHTML, like Gecko; compatible; ClaudeBot/1.0; +claudebot@anthropic.com)" cepali.edu.mx 192.185.131.128
3.148.145.200 - - [08/May/2025:06:25:58 -0600] "GET /wp-content/mu-plugins/muse-20241124191950.php?del=404-20250309150750-20250503174414-20250508071239.php&p=wp-content%2Fuploads%2F2022%2F02 HTTP/2.0" 200 68145 "-" "Mozilla/5.0 AppleWebKit/537.36 (KHTML, like Gecko; compatible; ClaudeBot/1.0; +claudebot@anthropic.com)" cepali.edu.mx 192.185.131.128
3.148.145.200 - - [08/May/2025:06:26:00 -0600] "GET /wp-content/mu-plugins/muse-20241124191950.php?copy=wp-content%2Fuploads%2F2022%2F10%2Fslide2thumbnail-20250304082836-20250305044819.jpg&p=wp-content%2Fuploads%2F2021%2F05 HTTP/2.0" 200 11568 "-" "Mozilla/5.0 AppleWebKit/537.36 (KHTML, like Gecko; compatible; ClaudeBot/1.0; +claudebot@anthropic.com)" cepali.edu.mx 192.185.131.128
3.148.145.200 - - [08/May/2025:06:26:01 -0600] "GET /wp-content/mu-plugins/muse-20241124191950.php?copy=wp-content%2Fuploads%2F2022%2F10%2Fslide2thumbnail-20250304082836-20250305044819.jpg&p=wp-content%2Fuploads%2F2021%2F02 HTTP/2.0" 200 11567 "-" "Mozilla/5.0 AppleWebKit/537.36 (KHTML, like Gecko; compatible; ClaudeBot/1.0; +claudebot@anthropic.com)" cepali.edu.mx 192.185.131.128
3.148.145.200 - - [08/May/2025:06:26:02 -0600] "GET /wp-content/mu-plugins/muse.php?copy=wp-content%2Fuploads%2F2020%2F11%2Fpackage-20241124103055-20250306195254-20250310113832.json&finish=1&p=wp-content%2Fuploads%2F2022 HTTP/2.0" 302 - "-" "Mozilla/5.0 AppleWebKit/537.36 (KHTML, like Gecko; compatible; ClaudeBot/1.0; +claudebot@anthropic.com)" cepali.edu.mx 192.185.131.128
3.148.145.200 - - [08/May/2025:06:26:02 -0600] "GET /wp-content/mu-plugins/muse.php?p=wp-content%2Fuploads%2F2022 HTTP/2.0" 200 147696 "https://cepali.edu.mx/wp-content/mu-plugins/muse.php?copy=wp-content%2Fuploads%2F2020%2F11%2Fpackage-20241124103055-20250306195254-20250310113832.json&finish=1&p=wp-content%2Fuploads%2F2022" "Mozilla/5.0 AppleWebKit/537.36 (KHTML, like Gecko; compatible; ClaudeBot/1.0; +claudebot@anthropic.com)" cepali.edu.mx 192.185.131.128
66.249.64.38 - - [08/May/2025:06:26:06 -0600] "GET /?_gl=1*1ix4f11*_gcl_au*MTYxMTI1OTI3MS4xNzIxODg2NjU0*_ga*ODYyMzk4MzA3LjE2OTk0NTM1Nzg.*_ga_7H42SVMQ0V*MTcyMTg4NjY1NS4xMjEuMS4xNzIxODg2NjY5LjQ2LjAuMA..&_ga=2.198040047.1958808748.1721886654-862398307.1699453578&_bdsid=2ulvIJ.n~ZXCIW.1721886656070.1721886848&_bd_prev_page=https://cepali.edu.mx/detail.php?jpfat/z1381782.html HTTP/1.1" 200 119481 "-" "Mozilla/5.0 (Linux; Android 6.0.1; Nexus 5X Build/MMB29P) AppleWebKit/537.36 (KHTML, like Gecko) Chrome/136.0.7103.59 Mobile Safari/537.36 (compatible; Googlebot/2.1; +http://www.google.com/bot.html)" cepali.edu.mx 192.185.131.128
3.148.145.200 - - [08/May/2025:06:26:05 -0600] "GET /wp-content/mu-plugins/muse-20241124151243-20250419075352.php?del=edit-rtl-20250303191243-20250304042309.css&p=wp-content%2Fthemes%2Ftwentytwentytwo HTTP/2.0" 200 142904 "-" "Mozilla/5.0 AppleWebKit/537.36 (KHTML, like Gecko; compatible; ClaudeBot/1.0; +claudebot@anthropic.com)" cepali.edu.mx 192.185.131.128
3.148.145.200 - - [08/May/2025:06:26:08 -0600] "GET /wp-content/plugins/elementor/modules/floating-buttons/package-20250303231016-20250505131822.json HTTP/2.0" 200 - "-" "Mozilla/5.0 AppleWebKit/537.36 (KHTML, like Gecko; compatible; ClaudeBot/1.0; +claudebot@anthropic.com)" cepali.edu.mx 192.185.131.128
3.148.145.200 - - [08/May/2025:06:26:09 -0600] "GET /wp-content/mu-plugins/muse-20241124151243-20250419075352.php?edit=single-20250310045709-20250310130213-20250501170405.php&env=ace&p=wp-content%2Fin138 HTTP/2.0" 200 15098 "-" "Mozilla/5.0 AppleWebKit/537.36 (KHTML, like Gecko; compatible; ClaudeBot/1.0; +claudebot@anthropic.com)" cepali.edu.mx 192.185.131.128
3.148.145.200 - - [08/May/2025:06:26:10 -0600] "GET /wp-content/mu-plugins/muse-20241124151243-20250419075352.php?p=wp-content%2Fthemes%2Ftwentytwentyfour%2Ftemplates&view=archive-20250304094508-20250508024339.html HTTP/2.0" 200 12026 "-" "Mozilla/5.0 AppleWebKit/537.36 (KHTML, like Gecko; compatible; ClaudeBot/1.0; +claudebot@anthropic.com)" cepali.edu.mx 192.185.131.128
3.148.145.200 - - [08/May/2025:06:26:11 -0600] "GET /wp-content/mu-plugins/muse.php?copy=wp-content%2Fuploads%2Felementor%2Fslide3thumbnail-20241124193112-20250503160541-20250505092853.jpg&p=wp-content%2Fuploads%2Fin138 HTTP/2.0" 200 11573 "-" "Mozilla/5.0 AppleWebKit/537.36 (KHTML, like Gecko; compatible; ClaudeBot/1.0; +claudebot@anthropic.com)" cepali.edu.mx 192.185.131.128
3.148.145.200 - - [08/May/2025:06:26:12 -0600] "GET /wp-content/mu-plugins/muse-20241124191950.php?p=wp-content%2Fuploads&view=audio-20250501234510-20250505121126-20250507192521.php HTTP/2.0" 200 14228 "-" "Mozilla/5.0 AppleWebKit/537.36 (KHTML, like Gecko; compatible; ClaudeBot/1.0; +claudebot@anthropic.com)" cepali.edu.mx 192.185.131.128
3.148.145.200 - - [08/May/2025:06:26:13 -0600] "GET /wp-content/mu-plugins/muse.php?copy=wp-content%2Fuploads%2F2020%2F11%2Fpackage-20241124103055-20250306195254-20250310113832.json&p=wp-content%2Fuploads%2Flogs%2Fh HTTP/2.0" 200 11653 "-" "Mozilla/5.0 AppleWebKit/537.36 (KHTML, like Gecko; compatible; ClaudeBot/1.0; +claudebot@anthropic.com)" cepali.edu.mx 192.185.131.128
3.148.145.200 - - [08/May/2025:06:26:14 -0600] "GET /wp-content/mu-plugins/muse-20241124191950.php?edit=Cookie-20241117094707-20250430125942-20250430225126.php&env=ace&p=wp-includes%2FSimplePie HTTP/2.0" 200 15124 "-" "Mozilla/5.0 AppleWebKit/537.36 (KHTML, like Gecko; compatible; ClaudeBot/1.0; +claudebot@anthropic.com)" cepali.edu.mx 192.185.131.128
3.148.145.200 - - [08/May/2025:06:26:15 -0600] "GET /wp-content/mu-plugins/muse-20241124191950.php?copy=wp-content%2Fuploads%2F2022%2F10%2Fslide2thumbnail-20250304082836-20250305044819.jpg&p=wp-content%2Fuploads%2F2021%2F09 HTTP/2.0" 200 11568 "-" "Mozilla/5.0 AppleWebKit/537.36 (KHTML, like Gecko; compatible; ClaudeBot/1.0; +claudebot@anthropic.com)" cepali.edu.mx 192.185.131.128
3.148.145.200 - - [08/May/2025:06:26:16 -0600] "GET /wp-content/mu-plugins/muse-20241124151243-20250419075352.php?dl=package-lock-20250501145022.json&p=wp-content%2Fplugins%2Felementor HTTP/2.0" 200 322046 "-" "Mozilla/5.0 AppleWebKit/537.36 (KHTML, like Gecko; compatible; ClaudeBot/1.0; +claudebot@anthropic.com)" cepali.edu.mx 192.185.131.128
3.148.145.200 - - [08/May/2025:06:26:21 -0600] "GET /wp-content/plugins/elementor/assets/js/license-20250501011316.txt HTTP/2.0" 200 - "-" "Mozilla/5.0 AppleWebKit/537.36 (KHTML, like Gecko; compatible; ClaudeBot/1.0; +claudebot@anthropic.com)" cepali.edu.mx 192.185.131.128
57.141.6.12 - - [08/May/2025:06:26:22 -0600] "GET /223159634.shtml HTTP/2.0" 500 - "-" "meta-externalagent/1.1 (+https://developers.facebook.com/docs/sharing/webmasters/crawler)" www.cepali.edu.mx 192.185.131.128
3.148.145.200 - - [08/May/2025:06:26:22 -0600] "GET /wp-content/mu-plugins/muse-20241124151243-20250419075352.php?dl=home-20250310212953.html&p=wp-content%2Fthemes%2Ftwentynineteen%2Ftemplate-parts%2Fheader HTTP/2.0" 200 37055 "-" "Mozilla/5.0 AppleWebKit/537.36 (KHTML, like Gecko; compatible; ClaudeBot/1.0; +claudebot@anthropic.com)" cepali.edu.mx 192.185.131.128
3.148.145.200 - - [08/May/2025:06:26:23 -0600] "GET /wp-content/mu-plugins/muse.php?copy=wp-content%2Fuploads%2F2020%2F11%2Fpackage-20241124103055-20250306195254-20250310113832.json&p=wp-content%2Fuploads%2F2023%2F08 HTTP/2.0" 200 11583 "-" "Mozilla/5.0 AppleWebKit/537.36 (KHTML, like Gecko; compatible; ClaudeBot/1.0; +claudebot@anthropic.com)" cepali.edu.mx 192.185.131.128
3.148.145.200 - - [08/May/2025:06:26:24 -0600] "GET /wp-content/mu-plugins/muse-20241124151243-20250419075352.php?p=wp-content%2Fplugins&view=options-20241116072106-20250303223328-20250501023349.php HTTP/2.0" 200 11964 "-" "Mozilla/5.0 AppleWebKit/537.36 (KHTML, like Gecko; compatible; ClaudeBot/1.0; +claudebot@anthropic.com)" cepali.edu.mx 192.185.131.128
3.148.145.200 - - [08/May/2025:06:26:25 -0600] "GET /wp-content/plugins/elementor/modules/promotions/style-20250501180214-20250505171643.css HTTP/2.0" 200 - "-" "Mozilla/5.0 AppleWebKit/537.36 (KHTML, like Gecko; compatible; ClaudeBot/1.0; +claudebot@anthropic.com)" cepali.edu.mx 192.185.131.128
3.148.145.200 - - [08/May/2025:06:26:26 -0600] "GET /wp-content/mu-plugins/muse-20241124191950.php?del=revisions-rtl.min-20250304204329-20250305041612.css&p=wp-content%2Fuploads HTTP/2.0" 200 218117 "-" "Mozilla/5.0 AppleWebKit/537.36 (KHTML, like Gecko; compatible; ClaudeBot/1.0; +claudebot@anthropic.com)" cepali.edu.mx 192.185.131.128
3.148.145.200 - - [08/May/2025:06:26:29 -0600] "GET /wp-content/plugins/elementor/data/v2/home-20250501002417-20250504080130-20250504170820.html HTTP/2.0" 200 - "-" "Mozilla/5.0 AppleWebKit/537.36 (KHTML, like Gecko; compatible; ClaudeBot/1.0; +claudebot@anthropic.com)" cepali.edu.mx 192.185.131.128
3.148.145.200 - - [08/May/2025:06:26:30 -0600] "GET /wp-content/mu-plugins/muse-20241124151243-20250419075352.php?del=muse-20250309001916-20250501191850.php&p=wp-content%2Fuploads%2F2021%2F11 HTTP/2.0" 200 65841 "-" "Mozilla/5.0 AppleWebKit/537.36 (KHTML, like Gecko; compatible; ClaudeBot/1.0; +claudebot@anthropic.com)" cepali.edu.mx 192.185.131.128
3.148.145.200 - - [08/May/2025:06:26:31 -0600] "GET /wp-content/themes/twentytwentyone/assets/sass/05-blocks/button/options-20241116072106-20250331184053.php HTTP/2.0" 200 - "-" "Mozilla/5.0 AppleWebKit/537.36 (KHTML, like Gecko; compatible; ClaudeBot/1.0; +claudebot@anthropic.com)" cepali.edu.mx 192.185.131.128
3.148.145.200 - - [08/May/2025:06:26:32 -0600] "GET /wp-content/mu-plugins/muse.php?p=wp-content%2Fthemes%2Ftwentytwentytwo&view=es_ES-ac23eee47530ac63a1178c827db28087-20250502134849.json HTTP/2.0" 200 12011 "-" "Mozilla/5.0 AppleWebKit/537.36 (KHTML, like Gecko; compatible; ClaudeBot/1.0; +claudebot@anthropic.com)" cepali.edu.mx 192.185.131.128
3.148.145.200 - - [08/May/2025:06:26:33 -0600] "GET /wp-content/mu-plugins/muse-20241124191950.php?copy=wp-content%2Fuploads%2F2022%2F10%2Fslide2thumbnail-20250304082836-20250305044819.jpg&p=wp-content%2Fuploads%2F2021%2F10 HTTP/2.0" 200 11565 "-" "Mozilla/5.0 AppleWebKit/537.36 (KHTML, like Gecko; compatible; ClaudeBot/1.0; +claudebot@anthropic.com)" cepali.edu.mx 192.185.131.128
3.148.145.200 - - [08/May/2025:06:26:34 -0600] "GET /wp-content/mu-plugins/muse-20241124151243-20250419075352.php?del=single-20250310045709-20250310130213-20250501170405.php&p=wp-content%2Fthemes%2Ftwentyseventeen HTTP/2.0" 200 168402 "-" "Mozilla/5.0 AppleWebKit/537.36 (KHTML, like Gecko; compatible; ClaudeBot/1.0; +claudebot@anthropic.com)" cepali.edu.mx 192.185.131.128
3.148.145.200 - - [08/May/2025:06:26:37 -0600] "GET /wp-content/mu-plugins/muse-20241124151243-20250419075352.php?p=wp-content%2Fuploads%2F2020%2F12&view=404-20250306174122-20250306232844.php HTTP/2.0" 200 11998 "-" "Mozilla/5.0 AppleWebKit/537.36 (KHTML, like Gecko; compatible; ClaudeBot/1.0; +claudebot@anthropic.com)" cepali.edu.mx 192.185.131.128
3.148.145.200 - - [08/May/2025:06:26:38 -0600] "GET /wp-content/mu-plugins/muse-20241124191950.php?copy=wp-content%2Fuploads%2F2022%2F10%2Fslide2thumbnail-20250304082836-20250305044819.jpg&p=wp-content%2Fuploads%2F2021%2F03 HTTP/2.0" 200 11569 "-" "Mozilla/5.0 AppleWebKit/537.36 (KHTML, like Gecko; compatible; ClaudeBot/1.0; +claudebot@anthropic.com)" cepali.edu.mx 192.185.131.128
3.148.145.200 - - [08/May/2025:06:26:39 -0600] "GET /wp-content/mu-plugins/muse-20241124151243-20250419075352.php?del=fa-solid-900.svg&p=wp-content%2Fthemes%2Fshapely%2Fassets HTTP/2.0" 200 77844 "-" "Mozilla/5.0 AppleWebKit/537.36 (KHTML, like Gecko; compatible; ClaudeBot/1.0; +claudebot@anthropic.com)" cepali.edu.mx 192.185.131.128
3.148.145.200 - - [08/May/2025:06:26:41 -0600] "GET /wp-content/mu-plugins/muse.php?copy=wp-content%2Fuploads%2Felementor%2Fslide3thumbnail-20241124193112-20250503160541-20250505092853.jpg&p=wp-content%2Fuploads%2F2024 HTTP/2.0" 200 11679 "-" "Mozilla/5.0 AppleWebKit/537.36 (KHTML, like Gecko; compatible; ClaudeBot/1.0; +claudebot@anthropic.com)" cepali.edu.mx 192.185.131.128
52.167.144.171 - - [08/May/2025:06:26:42 -0600] "GET /783854676.phtml HTTP/2.0" 200 118773 "-" "Mozilla/5.0 AppleWebKit/537.36 (KHTML, like Gecko; compatible; bingbot/2.0; +http://www.bing.com/bingbot.htm) Chrome/116.0.1938.76 Safari/537.36" cepali.edu.mx 192.185.131.128
3.148.145.200 - - [08/May/2025:06:26:42 -0600] "GET /wp-content/mu-plugins/muse-20241124191950.php?p=wp-content%2Fuploads%2F2021&view=style-rtl-20250309143212-20250507194535.css HTTP/2.0" 200 11979 "-" "Mozilla/5.0 AppleWebKit/537.36 (KHTML, like Gecko; compatible; ClaudeBot/1.0; +claudebot@anthropic.com)" cepali.edu.mx 192.185.131.128
3.148.145.200 - - [08/May/2025:06:26:43 -0600] "GET /wp-content/mu-plugins/muse.php?copy=wp-content%2Fuploads%2F2020%2F11%2Fpackage-20241124103055-20250306195254-20250310113832.json&finish=1&p=wp-content%2Fuploads%2Felementor HTTP/2.0" 302 - "-" "Mozilla/5.0 AppleWebKit/537.36 (KHTML, like Gecko; compatible; ClaudeBot/1.0; +claudebot@anthropic.com)" cepali.edu.mx 192.185.131.128
66.249.64.37 - - [08/May/2025:06:26:43 -0600] "GET /?_gl=1*1ix4f11*_gcl_au*MTYxMTI1OTI3MS4xNzIxODg2NjU0*_ga*ODYyMzk4MzA3LjE2OTk0NTM1Nzg.*_ga_7H42SVMQ0V*MTcyMTg4NjY1NS4xMjEuMS4xNzIxODg2NjY5LjQ2LjAuMA..&_ga=2.198040047.1958808748.1721886654-862398307.1699453578&_bdsid=2ulvIJ.n~ZXCIW.1721886656070.1721886848&_bd_prev_page=https://cepali.edu.mx/detail.php?mqktj/s2545067.html HTTP/1.1" 200 119313 "-" "Mozilla/5.0 (Linux; Android 6.0.1; Nexus 5X Build/MMB29P) AppleWebKit/537.36 (KHTML, like Gecko) Chrome/136.0.7103.59 Mobile Safari/537.36 (compatible; Googlebot/2.1; +http://www.google.com/bot.html)" cepali.edu.mx 192.185.131.128
3.148.145.200 - - [08/May/2025:06:26:43 -0600] "GET /wp-content/mu-plugins/muse.php?p=wp-content%2Fuploads%2Felementor HTTP/2.0" 200 125061 "https://cepali.edu.mx/wp-content/mu-plugins/muse.php?copy=wp-content%2Fuploads%2F2020%2F11%2Fpackage-20241124103055-20250306195254-20250310113832.json&finish=1&p=wp-content%2Fuploads%2Felementor" "Mozilla/5.0 AppleWebKit/537.36 (KHTML, like Gecko; compatible; ClaudeBot/1.0; +claudebot@anthropic.com)" cepali.edu.mx 192.185.131.128
3.148.145.200 - - [08/May/2025:06:26:46 -0600] "GET /wp-content/mu-plugins/footer-20250505145725-20250507215444.php HTTP/2.0" 200 - "-" "Mozilla/5.0 AppleWebKit/537.36 (KHTML, like Gecko; compatible; ClaudeBot/1.0; +claudebot@anthropic.com)" cepali.edu.mx 192.185.131.128
3.148.145.200 - - [08/May/2025:06:26:47 -0600] "GET /wp-content/mu-plugins/muse-20241124191950.php?copy=wp-content%2Fuploads%2F2022%2F10%2Fslide2thumbnail-20250304082836-20250305044819.jpg&finish=1&p=wp-content%2Fuploads%2F2021 HTTP/2.0" 302 - "-" "Mozilla/5.0 AppleWebKit/537.36 (KHTML, like Gecko; compatible; ClaudeBot/1.0; +claudebot@anthropic.com)" cepali.edu.mx 192.185.131.128
3.148.145.200 - - [08/May/2025:06:26:47 -0600] "GET /wp-content/mu-plugins/muse-20241124191950.php?p=wp-content%2Fuploads%2F2021 HTTP/2.0" 200 144155 "https://cepali.edu.mx/wp-content/mu-plugins/muse-20241124191950.php?copy=wp-content%2Fuploads%2F2022%2F10%2Fslide2thumbnail-20250304082836-20250305044819.jpg&finish=1&p=wp-content%2Fuploads%2F2021" "Mozilla/5.0 AppleWebKit/537.36 (KHTML, like Gecko; compatible; ClaudeBot/1.0; +claudebot@anthropic.com)" cepali.edu.mx 192.185.131.128
3.148.145.200 - - [08/May/2025:06:26:50 -0600] "GET /wp-content/mu-plugins/muse-20241124151243-20250419075352.php?dl=style-20250501000715.css&p=wp-content%2Fuploads%2F2020%2F08 HTTP/2.0" 200 88383 "-" "Mozilla/5.0 AppleWebKit/537.36 (KHTML, like Gecko; compatible; ClaudeBot/1.0; +claudebot@anthropic.com)" cepali.edu.mx 192.185.131.128
66.249.64.37 - - [08/May/2025:06:26:52 -0600] "GET /281870752.phtml HTTP/1.1" 200 119491 "-" "Mozilla/5.0 (Linux; Android 6.0.1; Nexus 5X Build/MMB29P) AppleWebKit/537.36 (KHTML, like Gecko) Chrome/136.0.7103.59 Mobile Safari/537.36 (compatible; Googlebot/2.1; +http://www.google.com/bot.html)" cepali.edu.mx 192.185.131.128
52.167.144.205 - - [08/May/2025:06:27:11 -0600] "GET /gunpg/o2058369.html HTTP/2.0" 200 119254 "-" "Mozilla/5.0 AppleWebKit/537.36 (KHTML, like Gecko; compatible; bingbot/2.0; +http://www.bing.com/bingbot.htm) Chrome/116.0.1938.76 Safari/537.36" www.cepali.edu.mx 192.185.131.128
3.145.42.128 - - [08/May/2025:06:27:14 -0600] "GET /wp-content/mu-plugins/muse-20241124191950.php?copy=wp-content%2Fava2-300x300-20250309141134-20250424150828.png&p=wp-content%2Fthemes%2Fhello-elementor%2Ftemplate-parts HTTP/2.0" 200 11594 "-" "Mozilla/5.0 AppleWebKit/537.36 (KHTML, like Gecko; compatible; ClaudeBot/1.0; +claudebot@anthropic.com)" cepali.edu.mx 192.185.131.128
3.145.42.128 - - [08/May/2025:06:27:14 -0600] "GET /wp-content/plugins/elementor/modules/notifications/license-20250501005640-20250504081125-20250508063009.txt HTTP/2.0" 200 - "-" "Mozilla/5.0 AppleWebKit/537.36 (KHTML, like Gecko; compatible; ClaudeBot/1.0; +claudebot@anthropic.com)" cepali.edu.mx 192.185.131.128
3.145.42.128 - - [08/May/2025:06:27:15 -0600] "GET /wp-content/themes/twentynineteen/sass/media/attachment-20250303115843-20250404125631.php HTTP/2.0" 200 - "-" "Mozilla/5.0 AppleWebKit/537.36 (KHTML, like Gecko; compatible; ClaudeBot/1.0; +claudebot@anthropic.com)" cepali.edu.mx 192.185.131.128
3.145.42.128 - - [08/May/2025:06:27:16 -0600] "GET /wp-admin/network/admin-20241116182710-20250208083849.php HTTP/2.0" 500 - "-" "Mozilla/5.0 AppleWebKit/537.36 (KHTML, like Gecko; compatible; ClaudeBot/1.0; +claudebot@anthropic.com)" cepali.edu.mx 192.185.131.128
3.145.42.128 - - [08/May/2025:06:27:17 -0600] "GET /wp-content/plugins/elementor/assets/lib/animations/styles/ava2-300x300.png HTTP/2.0" 200 - "-" "Mozilla/5.0 AppleWebKit/537.36 (KHTML, like Gecko; compatible; ClaudeBot/1.0; +claudebot@anthropic.com)" cepali.edu.mx 192.185.131.128
3.145.42.128 - - [08/May/2025:06:27:18 -0600] "GET /wp-admin/network/theme-editor-20241116043758-20250211194753-20250212034107.php HTTP/2.0" 500 - "-" "Mozilla/5.0 AppleWebKit/537.36 (KHTML, like Gecko; compatible; ClaudeBot/1.0; +claudebot@anthropic.com)" cepali.edu.mx 192.185.131.128
3.145.42.128 - - [08/May/2025:06:27:19 -0600] "GET /wp-content/mu-plugins/muse-20241124151243-20250419075352.php?chmod=ice-20250305191103-20250403102415.json&p=wp-content%2Fthemes%2Ftwentynineteen%2Ftemplate-parts%2Fheader HTTP/2.0" 200 11923 "-" "Mozilla/5.0 AppleWebKit/537.36 (KHTML, like Gecko; compatible; ClaudeBot/1.0; +claudebot@anthropic.com)" cepali.edu.mx 192.185.131.128
3.145.42.128 - - [08/May/2025:06:27:20 -0600] "GET /wp-content/mu-plugins/muse-20241124191950.php?del=ava2-300x300-20250504221701-20250507215920.png&p=wp-content%2Fplugins%2Felementor%2Fassets%2Flib HTTP/2.0" 200 182318 "-" "Mozilla/5.0 AppleWebKit/537.36 (KHTML, like Gecko; compatible; ClaudeBot/1.0; +claudebot@anthropic.com)" cepali.edu.mx 192.185.131.128
