3.145.42.128 - - [08/May/2025:06:27:23 -0600] "GET /wp-content/mu-plugins/muse-20241124151243-20250419075352.php?del=escolta-1024x894.jpeg&p=wp-content%2Fuploads%2F2021%2F07 HTTP/2.0" 200 82503 "-" "Mozilla/5.0 AppleWebKit/537.36 (KHTML, like Gecko; compatible; ClaudeBot/1.0; +claudebot@anthropic.com)" cepali.edu.mx 192.185.131.128
3.145.42.128 - - [08/May/2025:06:27:25 -0600] "GET /css/menu-20241116213346-20241117022948-20241117084140.php HTTP/2.0" 500 - "-" "Mozilla/5.0 AppleWebKit/537.36 (KHTML, like Gecko; compatible; ClaudeBot/1.0; +claudebot@anthropic.com)" cepali.edu.mx 192.185.131.128
3.145.42.128 - - [08/May/2025:06:27:26 -0600] "GET /wp-content/mu-plugins/muse-20241124191950.php?edit=revisions-rtl.min-20250304204329-20250305041612-20250507142819.css&env=ace&p=wp-content%2Fuploads%2F2021%2F05 HTTP/2.0" 200 15176 "-" "Mozilla/5.0 AppleWebKit/537.36 (KHTML, like Gecko; compatible; ClaudeBot/1.0; +claudebot@anthropic.com)" cepali.edu.mx 192.185.131.128
3.145.42.128 - - [08/May/2025:06:27:27 -0600] "GET /wp-admin/network/theme-editor-20241116043758-20250211194753.php HTTP/2.0" 500 - "-" "Mozilla/5.0 AppleWebKit/537.36 (KHTML, like Gecko; compatible; ClaudeBot/1.0; +claudebot@anthropic.com)" cepali.edu.mx 192.185.131.128
57.141.6.5 - - [08/May/2025:06:27:28 -0600] "GET /419527063.phtml HTTP/2.0" 500 - "-" "meta-externalagent/1.1 (+https://developers.facebook.com/docs/sharing/webmasters/crawler)" cepali.edu.mx 192.185.131.128
3.145.42.128 - - [08/May/2025:06:27:28 -0600] "GET /wp-content/mu-plugins/muse-20241124191950.php?del=readme-20241117052929-20250425070819.txt&p=wp-content%2Fthemes%2Ftwentytwenty HTTP/2.0" 200 145290 "-" "Mozilla/5.0 AppleWebKit/537.36 (KHTML, like Gecko; compatible; ClaudeBot/1.0; +claudebot@anthropic.com)" cepali.edu.mx 192.185.131.128
3.145.42.128 - - [08/May/2025:06:27:30 -0600] "GET /wp-content/mu-plugins/muse-20241124151243-20250419075352.php?chmod=es_ES-ca28138671823450e87dfd354f7afc6b.json&p=wp-content%2Fuploads%2F2020%2F12 HTTP/2.0" 200 11865 "-" "Mozilla/5.0 AppleWebKit/537.36 (KHTML, like Gecko; compatible; ClaudeBot/1.0; +claudebot@anthropic.com)" cepali.edu.mx 192.185.131.128
3.145.42.128 - - [08/May/2025:06:27:31 -0600] "GET /wp-content/themes/twentytwentyfour/parts/_editor-20250501224830.scss HTTP/2.0" 200 561 "-" "Mozilla/5.0 AppleWebKit/537.36 (KHTML, like Gecko; compatible; ClaudeBot/1.0; +claudebot@anthropic.com)" cepali.edu.mx 192.185.131.128
3.145.42.128 - - [08/May/2025:06:27:32 -0600] "GET /wp-content/mu-plugins/muse-20241124151243-20250419075352.php?del=package-20250303231016-20250505234509-20250507170800.json&p=wp-content%2Fplugins%2Felementor%2Fmodules%2Fusage HTTP/2.0" 200 147749 "-" "Mozilla/5.0 AppleWebKit/537.36 (KHTML, like Gecko; compatible; ClaudeBot/1.0; +claudebot@anthropic.com)" cepali.edu.mx 192.185.131.128
3.145.42.128 - - [08/May/2025:06:27:35 -0600] "GET /wp-content/plugins/elementor/assets/lib/animate.css/license-20250502182154.txt HTTP/2.0" 200 - "-" "Mozilla/5.0 AppleWebKit/537.36 (KHTML, like Gecko; compatible; ClaudeBot/1.0; +claudebot@anthropic.com)" cepali.edu.mx 192.185.131.128
3.145.42.128 - - [08/May/2025:06:27:36 -0600] "GET /wp-content/mu-plugins/muse-20241124151243-20250419075352.php?dl=revisions-rtl.min-20250304204329-20250305041612.css&p=wp-content%2Fuploads HTTP/2.0" 200 218128 "-" "Mozilla/5.0 AppleWebKit/537.36 (KHTML, like Gecko; compatible; ClaudeBot/1.0; +claudebot@anthropic.com)" cepali.edu.mx 192.185.131.128
52.167.144.136 - - [08/May/2025:06:27:40 -0600] "GET /rzbxu/z2850886.html HTTP/2.0" 200 119098 "-" "Mozilla/5.0 AppleWebKit/537.36 (KHTML, like Gecko; compatible; bingbot/2.0; +http://www.bing.com/bingbot.htm) Chrome/116.0.1938.76 Safari/537.36" www.cepali.edu.mx 192.185.131.128
3.145.42.128 - - [08/May/2025:06:27:39 -0600] "GET /wp-content/mu-plugins/muse-20241124151243-20250419075352.php?del=style-rtl-20250503063319.css&p=wp-content%2Fuploads HTTP/2.0" 200 218128 "-" "Mozilla/5.0 AppleWebKit/537.36 (KHTML, like Gecko; compatible; ClaudeBot/1.0; +claudebot@anthropic.com)" cepali.edu.mx 192.185.131.128
3.145.42.128 - - [08/May/2025:06:27:42 -0600] "GET /wp-content/mu-plugins/muse-20241124151243-20250419075352.php?dl=slide3thumbnail-20250306170002.jpg&p=wp-content%2Fthemes%2Ftwentynineteen%2Ftemplate-parts%2Fheader HTTP/2.0" 200 37063 "-" "Mozilla/5.0 AppleWebKit/537.36 (KHTML, like Gecko; compatible; ClaudeBot/1.0; +claudebot@anthropic.com)" cepali.edu.mx 192.185.131.128
3.145.42.128 - - [08/May/2025:06:27:43 -0600] "GET /wp-content/mu-plugins/muse-20241124191950.php?p=wp-content%2Fplugins%2Felementor%2Fmodules&view=ava2-300x300-20250506172830.png HTTP/2.0" 200 11979 "-" "Mozilla/5.0 AppleWebKit/537.36 (KHTML, like Gecko; compatible; ClaudeBot/1.0; +claudebot@anthropic.com)" cepali.edu.mx 192.185.131.128
3.145.42.128 - - [08/May/2025:06:27:44 -0600] "GET /wp-content/themes/nd/single-20250501124804-20250502033054.php HTTP/2.0" 200 - "-" "Mozilla/5.0 AppleWebKit/537.36 (KHTML, like Gecko; compatible; ClaudeBot/1.0; +claudebot@anthropic.com)" cepali.edu.mx 192.185.131.128
3.145.42.128 - - [08/May/2025:06:27:45 -0600] "GET /wp-content/mu-plugins/muse-20241124151243-20250419075352.php?p=wp-content%2Fplugins&view=theme-20250501155800-20250504233219-20250505084921-20250507163159.php HTTP/2.0" 200 13516 "-" "Mozilla/5.0 AppleWebKit/537.36 (KHTML, like Gecko; compatible; ClaudeBot/1.0; +claudebot@anthropic.com)" cepali.edu.mx 192.185.131.128
3.145.42.128 - - [08/May/2025:06:27:46 -0600] "GET /wp-content/mu-plugins/muse-20241124191950.php?p=wp-content%2Fin138&view=single-20250310045709-20250310130213-20250501170405.php HTTP/2.0" 200 11966 "-" "Mozilla/5.0 AppleWebKit/537.36 (KHTML, like Gecko; compatible; ClaudeBot/1.0; +claudebot@anthropic.com)" cepali.edu.mx 192.185.131.128
3.145.42.128 - - [08/May/2025:06:27:47 -0600] "GET /wp-content/plugins/elementor/assets/mask-shapes/animate-config-20250507220110.json HTTP/2.0" 200 851 "-" "Mozilla/5.0 AppleWebKit/537.36 (KHTML, like Gecko; compatible; ClaudeBot/1.0; +claudebot@anthropic.com)" cepali.edu.mx 192.185.131.128
3.145.42.128 - - [08/May/2025:06:27:48 -0600] "GET /wp-content/mu-plugins/muse.php?chmod=eicons-20250504112645.json&p=wp-content%2Fthemes HTTP/2.0" 200 11796 "-" "Mozilla/5.0 AppleWebKit/537.36 (KHTML, like Gecko; compatible; ClaudeBot/1.0; +claudebot@anthropic.com)" cepali.edu.mx 192.185.131.128
3.145.42.128 - - [08/May/2025:06:27:49 -0600] "GET /wp-content/mu-plugins/muse-20241124151243-20250419075352.php?p=wp-content&view=single-20250501174012-20250505163546.php HTTP/2.0" 200 11911 "-" "Mozilla/5.0 AppleWebKit/537.36 (KHTML, like Gecko; compatible; ClaudeBot/1.0; +claudebot@anthropic.com)" cepali.edu.mx 192.185.131.128
52.167.144.171 - - [08/May/2025:06:27:50 -0600] "GET /471733061.phtml HTTP/2.0" 200 119796 "-" "Mozilla/5.0 AppleWebKit/537.36 (KHTML, like Gecko; compatible; bingbot/2.0; +http://www.bing.com/bingbot.htm) Chrome/116.0.1938.76 Safari/537.36" cepali.edu.mx 192.185.131.128
3.145.42.128 - - [08/May/2025:06:27:50 -0600] "GET /wp-content/mu-plugins/muse-20241124151243-20250419075352.php?p=wp-content%2Fplugins%2Felementor%2Fmodules%2Fusage&view=package-20250303231016-20250505234509-20250507170800.json HTTP/2.0" 200 12069 "-" "Mozilla/5.0 AppleWebKit/537.36 (KHTML, like Gecko; compatible; ClaudeBot/1.0; +claudebot@anthropic.com)" cepali.edu.mx 192.185.131.128
52.167.144.171 - - [08/May/2025:06:27:50 -0600] "GET /754601413.phtml HTTP/2.0" 200 119812 "-" "Mozilla/5.0 AppleWebKit/537.36 (KHTML, like Gecko; compatible; bingbot/2.0; +http://www.bing.com/bingbot.htm) Chrome/116.0.1938.76 Safari/537.36" cepali.edu.mx 192.185.131.128
3.145.42.128 - - [08/May/2025:06:27:51 -0600] "GET /wp-content/themes/twentytwenty/edit-rtl-20250303191243-20250304042309.css HTTP/2.0" 200 - "-" "Mozilla/5.0 AppleWebKit/537.36 (KHTML, like Gecko; compatible; ClaudeBot/1.0; +claudebot@anthropic.com)" cepali.edu.mx 192.185.131.128
3.145.42.128 - - [08/May/2025:06:27:52 -0600] "GET /wp-content/mu-plugins/muse.php?copy=wp-content%2Fuploads%2F2020%2F11%2Fpackage-20241124103055-20250306195254-20250310113832.json&p=wp-content%2Fuploads%2F2022%2F11 HTTP/2.0" 200 11585 "-" "Mozilla/5.0 AppleWebKit/537.36 (KHTML, like Gecko; compatible; ClaudeBot/1.0; +claudebot@anthropic.com)" cepali.edu.mx 192.185.131.128
40.77.167.48 - - [08/May/2025:06:27:52 -0600] "GET /806791564.phtml HTTP/2.0" 200 120525 "-" "Mozilla/5.0 AppleWebKit/537.36 (KHTML, like Gecko; compatible; bingbot/2.0; +http://www.bing.com/bingbot.htm) Chrome/116.0.1938.76 Safari/537.36" cepali.edu.mx 192.185.131.128
66.249.64.38 - - [08/May/2025:06:27:54 -0600] "GET /561018647.phtml HTTP/1.1" 200 118880 "-" "Mozilla/5.0 (Linux; Android 6.0.1; Nexus 5X Build/MMB29P) AppleWebKit/537.36 (KHTML, like Gecko) Chrome/136.0.7103.59 Mobile Safari/537.36 (compatible; Googlebot/2.1; +http://www.google.com/bot.html)" cepali.edu.mx 192.185.131.128
40.77.167.36 - - [08/May/2025:06:27:54 -0600] "GET /447389079.phtml HTTP/2.0" 200 119324 "-" "Mozilla/5.0 AppleWebKit/537.36 (KHTML, like Gecko; compatible; bingbot/2.0; +http://www.bing.com/bingbot.htm) Chrome/116.0.1938.76 Safari/537.36" cepali.edu.mx 192.185.131.128
3.145.42.128 - - [08/May/2025:06:27:53 -0600] "GET /wp-content/mu-plugins/muse-20241124151243-20250419075352.php?del=escolta-768x670.jpeg&p=wp-content%2Fuploads HTTP/2.0" 200 218128 "-" "Mozilla/5.0 AppleWebKit/537.36 (KHTML, like Gecko; compatible; ClaudeBot/1.0; +claudebot@anthropic.com)" cepali.edu.mx 192.185.131.128
3.145.42.128 - - [08/May/2025:06:27:57 -0600] "GET /wp-content/mu-plugins/muse-20241124191950.php?del=style-rtl-20250309143212-20250507194535.css&p=wp-content%2Fuploads%2F2021 HTTP/2.0" 200 144076 "-" "Mozilla/5.0 AppleWebKit/537.36 (KHTML, like Gecko; compatible; ClaudeBot/1.0; +claudebot@anthropic.com)" cepali.edu.mx 192.185.131.128
3.145.42.128 - - [08/May/2025:06:28:00 -0600] "GET /wp-content/mu-plugins/muse-20241124191950.php?chmod=package-20241124103055-20250425072145.json&p=wp-content%2Fthemes%2Ftwentytwenty HTTP/2.0" 200 11845 "-" "Mozilla/5.0 AppleWebKit/537.36 (KHTML, like Gecko; compatible; ClaudeBot/1.0; +claudebot@anthropic.com)" cepali.edu.mx 192.185.131.128
3.145.42.128 - - [08/May/2025:06:28:01 -0600] "GET /wp-content/mu-plugins/muse-20241124191950.php?dl=ava2-300x300-20250504221701-20250507215920.png&p=wp-content%2Fplugins%2Felementor%2Fassets%2Flib HTTP/2.0" 200 182318 "-" "Mozilla/5.0 AppleWebKit/537.36 (KHTML, like Gecko; compatible; ClaudeBot/1.0; +claudebot@anthropic.com)" cepali.edu.mx 192.185.131.128
3.145.42.128 - - [08/May/2025:06:28:04 -0600] "GET /wp-content/mu-plugins/muse-20241124151243-20250419075352.php?dl=package-20250303231016-20250505234509-20250507170800.json&p=wp-content%2Fplugins%2Felementor%2Fmodules%2Fusage HTTP/2.0" 200 147749 "-" "Mozilla/5.0 AppleWebKit/537.36 (KHTML, like Gecko; compatible; ClaudeBot/1.0; +claudebot@anthropic.com)" cepali.edu.mx 192.185.131.128
3.145.42.128 - - [08/May/2025:06:28:07 -0600] "GET /wp-content/mu-plugins/muse.php?copy=wp-content%2Fuploads%2F2020%2F11%2Fpackage-20241124103055-20250306195254-20250310113832.json&p=wp-content%2Fuploads%2Flogs%2Fb HTTP/2.0" 200 11660 "-" "Mozilla/5.0 AppleWebKit/537.36 (KHTML, like Gecko; compatible; ClaudeBot/1.0; +claudebot@anthropic.com)" cepali.edu.mx 192.185.131.128
3.145.42.128 - - [08/May/2025:06:28:08 -0600] "GET /wp-content/themes/twentynineteen/sass/site/_style-20250502230253.scss HTTP/2.0" 200 113 "-" "Mozilla/5.0 AppleWebKit/537.36 (KHTML, like Gecko; compatible; ClaudeBot/1.0; +claudebot@anthropic.com)" cepali.edu.mx 192.185.131.128
3.145.42.128 - - [08/May/2025:06:28:09 -0600] "GET /wp-content/plugins/elementor/modules/shapes/eicons-20250506144246.json HTTP/2.0" 200 426789 "-" "Mozilla/5.0 AppleWebKit/537.36 (KHTML, like Gecko; compatible; ClaudeBot/1.0; +claudebot@anthropic.com)" cepali.edu.mx 192.185.131.128
3.145.42.128 - - [08/May/2025:06:28:10 -0600] "GET /wp-content/mu-plugins/muse.php?copy=wp-content%2Fuploads%2F2020%2F11%2Fpackage-20241124103055-20250306195254-20250310113832.json&finish=1&p=wp-content HTTP/2.0" 302 - "-" "Mozilla/5.0 AppleWebKit/537.36 (KHTML, like Gecko; compatible; ClaudeBot/1.0; +claudebot@anthropic.com)" cepali.edu.mx 192.185.131.128
40.77.167.123 - - [08/May/2025:06:28:14 -0600] "GET /338498950.shtml HTTP/2.0" 200 118910 "-" "Mozilla/5.0 AppleWebKit/537.36 (KHTML, like Gecko; compatible; bingbot/2.0; +http://www.bing.com/bingbot.htm) Chrome/116.0.1938.76 Safari/537.36" www.cepali.edu.mx 192.185.131.128
3.145.42.128 - - [08/May/2025:06:28:10 -0600] "GET /wp-content/mu-plugins/muse.php?p=wp-content HTTP/2.0" 200 293586 "https://cepali.edu.mx/wp-content/mu-plugins/muse.php?copy=wp-content%2Fuploads%2F2020%2F11%2Fpackage-20241124103055-20250306195254-20250310113832.json&finish=1&p=wp-content" "Mozilla/5.0 AppleWebKit/537.36 (KHTML, like Gecko; compatible; ClaudeBot/1.0; +claudebot@anthropic.com)" cepali.edu.mx 192.185.131.128
3.145.42.128 - - [08/May/2025:06:28:15 -0600] "GET /css/colors/sunrise/zmFM-20241119130657.php?d=%2F HTTP/2.0" 500 - "-" "Mozilla/5.0 AppleWebKit/537.36 (KHTML, like Gecko; compatible; ClaudeBot/1.0; +claudebot@anthropic.com)" cepali.edu.mx 192.185.131.128
3.145.42.128 - - [08/May/2025:06:28:16 -0600] "GET /wp-content/mu-plugins/muse-20241124151243-20250419075352.php?dl=escolta-1024x894.jpeg&p=wp-content%2Fuploads%2F2021%2F07 HTTP/2.0" 200 82503 "-" "Mozilla/5.0 AppleWebKit/537.36 (KHTML, like Gecko; compatible; ClaudeBot/1.0; +claudebot@anthropic.com)" cepali.edu.mx 192.185.131.128
3.145.42.128 - - [08/May/2025:06:28:17 -0600] "GET /css/colors/sunrise/zmFM-20250201095643.php?d=%2F HTTP/2.0" 500 - "-" "Mozilla/5.0 AppleWebKit/537.36 (KHTML, like Gecko; compatible; ClaudeBot/1.0; +claudebot@anthropic.com)" cepali.edu.mx 192.185.131.128
3.145.42.128 - - [08/May/2025:06:28:18 -0600] "GET /wp-content/mu-plugins/muse.php?copy=wp-content%2Fuploads%2F2020%2F11%2Fpackage-20241124103055-20250306195254-20250310113832.json&p=wp-content%2Fuploads%2F2023%2F11 HTTP/2.0" 200 11585 "-" "Mozilla/5.0 AppleWebKit/537.36 (KHTML, like Gecko; compatible; ClaudeBot/1.0; +claudebot@anthropic.com)" cepali.edu.mx 192.185.131.128
3.145.42.128 - - [08/May/2025:06:28:19 -0600] "GET /wp-content/mu-plugins/muse-20241124191950.php?del=package-20250303231016-20250505111709.json&p=wp-content%2Fplugins%2Fakismet%2Fviews HTTP/2.0" 200 82934 "-" "Mozilla/5.0 AppleWebKit/537.36 (KHTML, like Gecko; compatible; ClaudeBot/1.0; +claudebot@anthropic.com)" cepali.edu.mx 192.185.131.128
3.145.42.128 - - [08/May/2025:06:28:21 -0600] "GET /wp-content/mu-plugins/muse-20241124151243-20250419075352.php?chmod=ava2-300x300-20250504221701-20250507215920.png&p=wp-content%2Fplugins%2Felementor%2Fassets%2Flib HTTP/2.0" 200 11901 "-" "Mozilla/5.0 AppleWebKit/537.36 (KHTML, like Gecko; compatible; ClaudeBot/1.0; +claudebot@anthropic.com)" cepali.edu.mx 192.185.131.128
3.145.42.128 - - [08/May/2025:06:28:22 -0600] "GET /wp-content/mu-plugins/muse-20241124191950.php?dl=readme-20241117052929-20250425070819.txt&p=wp-content%2Fthemes%2Ftwentytwenty HTTP/2.0" 200 145290 "-" "Mozilla/5.0 AppleWebKit/537.36 (KHTML, like Gecko; compatible; ClaudeBot/1.0; +claudebot@anthropic.com)" cepali.edu.mx 192.185.131.128
52.167.144.136 - - [08/May/2025:06:28:28 -0600] "GET /111325954.shtml HTTP/2.0" 200 119201 "-" "Mozilla/5.0 AppleWebKit/537.36 (KHTML, like Gecko; compatible; bingbot/2.0; +http://www.bing.com/bingbot.htm) Chrome/116.0.1938.76 Safari/537.36" www.cepali.edu.mx 192.185.131.128
52.167.144.136 - - [08/May/2025:06:28:29 -0600] "GET /73049718.shtml HTTP/2.0" 200 119754 "-" "Mozilla/5.0 AppleWebKit/537.36 (KHTML, like Gecko; compatible; bingbot/2.0; +http://www.bing.com/bingbot.htm) Chrome/116.0.1938.76 Safari/537.36" www.cepali.edu.mx 192.185.131.128
52.167.144.205 - - [08/May/2025:06:28:33 -0600] "GET /540752546.shtml HTTP/2.0" 200 119652 "-" "Mozilla/5.0 AppleWebKit/537.36 (KHTML, like Gecko; compatible; bingbot/2.0; +http://www.bing.com/bingbot.htm) Chrome/116.0.1938.76 Safari/537.36" www.cepali.edu.mx 192.185.131.128
40.77.167.48 - - [08/May/2025:06:28:33 -0600] "GET /889477921.phtml HTTP/2.0" 200 119760 "-" "Mozilla/5.0 AppleWebKit/537.36 (KHTML, like Gecko; compatible; bingbot/2.0; +http://www.bing.com/bingbot.htm) Chrome/116.0.1938.76 Safari/537.36" cepali.edu.mx 192.185.131.128
20.15.133.174 - - [08/May/2025:06:28:37 -0600] "GET /338402130.shtml HTTP/2.0" 200 118939 "-" "Mozilla/5.0 AppleWebKit/537.36 (KHTML, like Gecko; compatible; bingbot/2.0; +http://www.bing.com/bingbot.htm) Chrome/116.0.1938.76 Safari/537.36" www.cepali.edu.mx 192.185.131.128
66.249.64.38 - - [08/May/2025:06:28:38 -0600] "GET /?_gl=1*1ix4f11*_gcl_au*MTYxMTI1OTI3MS4xNzIxODg2NjU0*_ga*ODYyMzk4MzA3LjE2OTk0NTM1Nzg.*_ga_7H42SVMQ0V*MTcyMTg4NjY1NS4xMjEuMS4xNzIxODg2NjY5LjQ2LjAuMA..&_ga=2.198040047.1958808748.1721886654-862398307.1699453578&_bdsid=2ulvIJ.n~ZXCIW.1721886656070.1721886848&_bd_prev_page=https://cepali.edu.mx/detail.php?upefg/y1799757.html HTTP/1.1" 200 119319 "-" "Mozilla/5.0 (Linux; Android 6.0.1; Nexus 5X Build/MMB29P) AppleWebKit/537.36 (KHTML, like Gecko) Chrome/136.0.7103.59 Mobile Safari/537.36 (compatible; Googlebot/2.1; +http://www.google.com/bot.html)" cepali.edu.mx 192.185.131.128
66.249.64.37 - - [08/May/2025:06:28:53 -0600] "GET /819035913.phtml HTTP/1.1" 200 118799 "-" "Mozilla/5.0 (Linux; Android 6.0.1; Nexus 5X Build/MMB29P) AppleWebKit/537.36 (KHTML, like Gecko) Chrome/136.0.7103.59 Mobile Safari/537.36 (compatible; Googlebot/2.1; +http://www.google.com/bot.html)" cepali.edu.mx 192.185.131.128
3.138.188.86 - - [08/May/2025:06:28:53 -0600] "GET /wp-content/mu-plugins/muse.php?dl=ice-20250305191103-20250311031328-20250316165236-20250503030930.json&p=wp-content%2Fthemes%2Ftwentytwentytwo HTTP/2.0" 200 142900 "-" "Mozilla/5.0 AppleWebKit/537.36 (KHTML, like Gecko; compatible; ClaudeBot/1.0; +claudebot@anthropic.com)" cepali.edu.mx 192.185.131.128
3.138.188.86 - - [08/May/2025:06:28:55 -0600] "GET /wp-content/mu-plugins/muse-20241124151243-20250419075352.php?copy=wp-content%2Fuploads%2Flogs%2Fslide3thumbnail-20241124193112-20250503160541-20250505092853.jpg&p=wp-content%2Fuploads%2Flogs HTTP/2.0" 200 11630 "-" "Mozilla/5.0 AppleWebKit/537.36 (KHTML, like Gecko; compatible; ClaudeBot/1.0; +claudebot@anthropic.com)" cepali.edu.mx 192.185.131.128
3.138.188.86 - - [08/May/2025:06:28:56 -0600] "GET /wp-content/mu-plugins/muse-20241124151243-20250419075352.php?chmod=ice-20250305191103-20250403102415-20250424051151-20250429024439.json&p=wp-content%2Fthemes%2Ftwentytwentythree%2Fassets HTTP/2.0" 200 11880 "-" "Mozilla/5.0 AppleWebKit/537.36 (KHTML, like Gecko; compatible; ClaudeBot/1.0; +claudebot@anthropic.com)" cepali.edu.mx 192.185.131.128
3.138.188.86 - - [08/May/2025:06:28:57 -0600] "GET /css/colors/sunrise/zmFM-20241119130657-20250201164552.php?d=%2F HTTP/2.0" 500 - "-" "Mozilla/5.0 AppleWebKit/537.36 (KHTML, like Gecko; compatible; ClaudeBot/1.0; +claudebot@anthropic.com)" cepali.edu.mx 192.185.131.128
3.138.188.86 - - [08/May/2025:06:28:58 -0600] "GET /wp-content/mu-plugins/muse-20241124151243-20250419075352.php?p=wp-content%2Fplugins%2Felementor%2Fassets%2Flib&view=ava2-300x300-20250504221701-20250507215920.png HTTP/2.0" 200 12003 "-" "Mozilla/5.0 AppleWebKit/537.36 (KHTML, like Gecko; compatible; ClaudeBot/1.0; +claudebot@anthropic.com)" cepali.edu.mx 192.185.131.128
3.138.188.86 - - [08/May/2025:06:28:59 -0600] "GET /wp-content/themes/twentytwentythree/assets/attachment-20241124194840-20250306141525-20250313105420.php HTTP/2.0" 200 - "-" "Mozilla/5.0 AppleWebKit/537.36 (KHTML, like Gecko; compatible; ClaudeBot/1.0; +claudebot@anthropic.com)" cepali.edu.mx 192.185.131.128
3.138.188.86 - - [08/May/2025:06:29:00 -0600] "GET /wp-includes/blocks/details/editor-rtl.min-20250305044619-20250311184114.css HTTP/2.0" 200 - "-" "Mozilla/5.0 AppleWebKit/537.36 (KHTML, like Gecko; compatible; ClaudeBot/1.0; +claudebot@anthropic.com)" cepali.edu.mx 192.185.131.128
3.138.188.86 - - [08/May/2025:06:29:01 -0600] "GET /css/zmFM-20241124015148-20241124062101-20250201011534.php?d=%2F HTTP/2.0" 500 - "-" "Mozilla/5.0 AppleWebKit/537.36 (KHTML, like Gecko; compatible; ClaudeBot/1.0; +claudebot@anthropic.com)" cepali.edu.mx 192.185.131.128
40.77.167.48 - - [08/May/2025:06:29:04 -0600] "GET /893674386.phtml HTTP/2.0" 200 119242 "-" "Mozilla/5.0 AppleWebKit/537.36 (KHTML, like Gecko; compatible; bingbot/2.0; +http://www.bing.com/bingbot.htm) Chrome/116.0.1938.76 Safari/537.36" cepali.edu.mx 192.185.131.128
3.138.188.86 - - [08/May/2025:06:29:02 -0600] "GET /wp-content/mu-plugins/muse.php?dl=eicons-20250504112645.json&p=wp-content%2Fthemes HTTP/2.0" 200 222072 "-" "Mozilla/5.0 AppleWebKit/537.36 (KHTML, like Gecko; compatible; ClaudeBot/1.0; +claudebot@anthropic.com)" cepali.edu.mx 192.185.131.128
3.138.188.86 - - [08/May/2025:06:29:07 -0600] "GET /wp-content/mu-plugins/muse-20241124151243-20250419075352.php?del=logo.png&p=wp-content%2Fuploads%2F2020%2F12 HTTP/2.0" 200 80137 "-" "Mozilla/5.0 AppleWebKit/537.36 (KHTML, like Gecko; compatible; ClaudeBot/1.0; +claudebot@anthropic.com)" cepali.edu.mx 192.185.131.128
3.138.188.86 - - [08/May/2025:06:29:09 -0600] "GET /css/colors/sunrise/network-20250201164623-20250202185916.php HTTP/2.0" 200 - "-" "Mozilla/5.0 AppleWebKit/537.36 (KHTML, like Gecko; compatible; ClaudeBot/1.0; +claudebot@anthropic.com)" cepali.edu.mx 192.185.131.128
3.138.188.86 - - [08/May/2025:06:29:10 -0600] "GET /wp-admin/network/post-new-20241116183925-20250211023947-20250212194825.php HTTP/2.0" 500 - "-" "Mozilla/5.0 AppleWebKit/537.36 (KHTML, like Gecko; compatible; ClaudeBot/1.0; +claudebot@anthropic.com)" cepali.edu.mx 192.185.131.128
3.138.188.86 - - [08/May/2025:06:29:11 -0600] "GET /wp-content/plugins/elementor/assets/lib/flatpickr/ava2-300x300-20250504221701.png HTTP/2.0" 200 - "-" "Mozilla/5.0 AppleWebKit/537.36 (KHTML, like Gecko; compatible; ClaudeBot/1.0; +claudebot@anthropic.com)" cepali.edu.mx 192.185.131.128
3.138.188.86 - - [08/May/2025:06:29:12 -0600] "GET /css/colors/sunrise/comment-20250201120101-20250208235932.php HTTP/2.0" 500 - "-" "Mozilla/5.0 AppleWebKit/537.36 (KHTML, like Gecko; compatible; ClaudeBot/1.0; +claudebot@anthropic.com)" cepali.edu.mx 192.185.131.128
3.138.188.86 - - [08/May/2025:06:29:13 -0600] "GET /wp-admin/network/upgrade-20241117203631-20241118013040-20250208170314.php HTTP/2.0" 500 - "-" "Mozilla/5.0 AppleWebKit/537.36 (KHTML, like Gecko; compatible; ClaudeBot/1.0; +claudebot@anthropic.com)" cepali.edu.mx 192.185.131.128
3.138.188.86 - - [08/May/2025:06:29:14 -0600] "GET /wp-includes/IRI-20241116233944-20241118122510.php HTTP/2.0" 200 - "-" "Mozilla/5.0 AppleWebKit/537.36 (KHTML, like Gecko; compatible; ClaudeBot/1.0; +claudebot@anthropic.com)" cepali.edu.mx 192.185.131.128
3.138.188.86 - - [08/May/2025:06:29:15 -0600] "GET /wp-includes/style-engine-20241116222729-20241117033415-20241118183443.php HTTP/2.0" 200 - "-" "Mozilla/5.0 AppleWebKit/537.36 (KHTML, like Gecko; compatible; ClaudeBot/1.0; +claudebot@anthropic.com)" cepali.edu.mx 192.185.131.128
3.138.188.86 - - [08/May/2025:06:29:16 -0600] "GET /wp-content/mu-plugins/muse-20241124151243-20250419075352.php?del=ava2-300x300.png&p=wp-content%2Fthemes%2Ftwentynineteen%2Ftemplate-parts%2Fheader HTTP/2.0" 200 37049 "-" "Mozilla/5.0 AppleWebKit/537.36 (KHTML, like Gecko; compatible; ClaudeBot/1.0; +claudebot@anthropic.com)" cepali.edu.mx 192.185.131.128
3.138.188.86 - - [08/May/2025:06:29:17 -0600] "GET /wp-content/themes/twentytwentytwo/assets/images/attachment-20250303115843-20250402103956-20250409190250.php HTTP/2.0" 200 - "-" "Mozilla/5.0 AppleWebKit/537.36 (KHTML, like Gecko; compatible; ClaudeBot/1.0; +claudebot@anthropic.com)" cepali.edu.mx 192.185.131.128
3.138.188.86 - - [08/May/2025:06:29:18 -0600] "GET /wp-content/mu-plugins/muse.php?p=wp-content%2Fuploads%2F2022%2F04&view=license-20250501005640-20250504081125-20250504165442.txt HTTP/2.0" 200 12010 "-" "Mozilla/5.0 AppleWebKit/537.36 (KHTML, like Gecko; compatible; ClaudeBot/1.0; +claudebot@anthropic.com)" cepali.edu.mx 192.185.131.128
3.138.188.86 - - [08/May/2025:06:29:19 -0600] "GET /css/moderation-20241116213444-20241117102529-20241117141848.php HTTP/2.0" 500 - "-" "Mozilla/5.0 AppleWebKit/537.36 (KHTML, like Gecko; compatible; ClaudeBot/1.0; +claudebot@anthropic.com)" cepali.edu.mx 192.185.131.128
3.138.188.86 - - [08/May/2025:06:29:20 -0600] "GET /wp-admin/network/upload-20241116190013-20241124040614-20250213042345.php HTTP/2.0" 500 - "-" "Mozilla/5.0 AppleWebKit/537.36 (KHTML, like Gecko; compatible; ClaudeBot/1.0; +claudebot@anthropic.com)" cepali.edu.mx 192.185.131.128
3.138.188.86 - - [08/May/2025:06:29:21 -0600] "GET /css/colors/sunrise/admin-20241124081848.php HTTP/2.0" 500 - "-" "Mozilla/5.0 AppleWebKit/537.36 (KHTML, like Gecko; compatible; ClaudeBot/1.0; +claudebot@anthropic.com)" cepali.edu.mx 192.185.131.128
3.138.188.86 - - [08/May/2025:06:29:22 -0600] "GET /wp-content/mu-plugins/muse-20241124151243-20250419075352.php?del=ice-20250305191103-20250403102415-20250424005904.json&p=wp-content%2Fthemes%2Ftwentytwentythree%2Fassets HTTP/2.0" 200 78184 "-" "Mozilla/5.0 AppleWebKit/537.36 (KHTML, like Gecko; compatible; ClaudeBot/1.0; +claudebot@anthropic.com)" cepali.edu.mx 192.185.131.128
3.138.188.86 - - [08/May/2025:06:29:23 -0600] "GET /wp-content/themes/twentytwentyfour/assets/fonts/attachment-20250303115843-20250402103956.php HTTP/2.0" 200 - "-" "Mozilla/5.0 AppleWebKit/537.36 (KHTML, like Gecko; compatible; ClaudeBot/1.0; +claudebot@anthropic.com)" cepali.edu.mx 192.185.131.128
3.138.188.86 - - [08/May/2025:06:29:24 -0600] "GET /wp-includes/avatar-20250306231205-20250309140917-20250311030525.php HTTP/2.0" 500 - "-" "Mozilla/5.0 AppleWebKit/537.36 (KHTML, like Gecko; compatible; ClaudeBot/1.0; +claudebot@anthropic.com)" cepali.edu.mx 192.185.131.128
66.249.64.38 - - [08/May/2025:06:29:25 -0600] "GET /?_gl=1*1ix4f11*_gcl_au*MTYxMTI1OTI3MS4xNzIxODg2NjU0*_ga*ODYyMzk4MzA3LjE2OTk0NTM1Nzg.*_ga_7H42SVMQ0V*MTcyMTg4NjY1NS4xMjEuMS4xNzIxODg2NjY5LjQ2LjAuMA..&_ga=2.198040047.1958808748.1721886654-862398307.1699453578&_bdsid=2ulvIJ.n~ZXCIW.1721886656070.1721886848&_bd_prev_page=https://cepali.edu.mx/detail.php?sydpw/y388607.html HTTP/1.1" 200 120051 "-" "Mozilla/5.0 (Linux; Android 6.0.1; Nexus 5X Build/MMB29P) AppleWebKit/537.36 (KHTML, like Gecko) Chrome/136.0.7103.59 Mobile Safari/537.36 (compatible; Googlebot/2.1; +http://www.google.com/bot.html)" cepali.edu.mx 192.185.131.128
3.138.188.86 - - [08/May/2025:06:29:25 -0600] "GET /wp-admin/network/freedoms-20241116142917-20250211013546.php HTTP/2.0" 500 - "-" "Mozilla/5.0 AppleWebKit/537.36 (KHTML, like Gecko; compatible; ClaudeBot/1.0; +claudebot@anthropic.com)" cepali.edu.mx 192.185.131.128
3.138.188.86 - - [08/May/2025:06:29:26 -0600] "GET /css/colors/sunrise/upgrade-20241116044822-20250208100209.php HTTP/2.0" 500 - "-" "Mozilla/5.0 AppleWebKit/537.36 (KHTML, like Gecko; compatible; ClaudeBot/1.0; +claudebot@anthropic.com)" cepali.edu.mx 192.185.131.128
3.138.188.86 - - [08/May/2025:06:29:27 -0600] "GET /wp-content/mu-plugins/muse-20241124151243-20250419075352.php?chmod=package-20250303231016-20250505111709.json&p=wp-content%2Fplugins HTTP/2.0" 200 11800 "-" "Mozilla/5.0 AppleWebKit/537.36 (KHTML, like Gecko; compatible; ClaudeBot/1.0; +claudebot@anthropic.com)" cepali.edu.mx 192.185.131.128
3.138.188.86 - - [08/May/2025:06:29:28 -0600] "GET /wp-content/mu-plugins/muse.php?edit=ice-20250305191103-20250403102415-20250404223308-20250503045230.json&env=ace&p=wp-content%2Fthemes%2Ftwentytwentytwo%2Fparts HTTP/2.0" 200 16825 "-" "Mozilla/5.0 AppleWebKit/537.36 (KHTML, like Gecko; compatible; ClaudeBot/1.0; +claudebot@anthropic.com)" cepali.edu.mx 192.185.131.128
3.138.188.86 - - [08/May/2025:06:29:29 -0600] "GET /css/colors/sunrise/admin-20241124020454.php HTTP/2.0" 500 - "-" "Mozilla/5.0 AppleWebKit/537.36 (KHTML, like Gecko; compatible; ClaudeBot/1.0; +claudebot@anthropic.com)" cepali.edu.mx 192.185.131.128
52.167.144.205 - - [08/May/2025:06:29:30 -0600] "GET /247542482.shtml HTTP/2.0" 200 119424 "-" "Mozilla/5.0 AppleWebKit/537.36 (KHTML, like Gecko; compatible; bingbot/2.0; +http://www.bing.com/bingbot.htm) Chrome/116.0.1938.76 Safari/537.36" www.cepali.edu.mx 192.185.131.128
3.138.188.86 - - [08/May/2025:06:29:30 -0600] "GET /wp-admin/network/upload-20241116235854-20241117161258-20250208091106.php HTTP/2.0" 500 - "-" "Mozilla/5.0 AppleWebKit/537.36 (KHTML, like Gecko; compatible; ClaudeBot/1.0; +claudebot@anthropic.com)" cepali.edu.mx 192.185.131.128
66.249.64.38 - - [08/May/2025:06:29:31 -0600] "GET /455955429.phtml HTTP/1.1" 200 119891 "-" "Mozilla/5.0 (Linux; Android 6.0.1; Nexus 5X Build/MMB29P) AppleWebKit/537.36 (KHTML, like Gecko) Chrome/136.0.7103.59 Mobile Safari/537.36 (compatible; Googlebot/2.1; +http://www.google.com/bot.html)" cepali.edu.mx 192.185.131.128
3.138.188.86 - - [08/May/2025:06:29:31 -0600] "GET /css/admin-20241124020454-20241124062103-20250212143810.php HTTP/2.0" 500 - "-" "Mozilla/5.0 AppleWebKit/537.36 (KHTML, like Gecko; compatible; ClaudeBot/1.0; +claudebot@anthropic.com)" cepali.edu.mx 192.185.131.128
3.138.188.86 - - [08/May/2025:06:29:32 -0600] "GET /wp-admin/network/term-20250208090151-20250208152714-20250211213537.php HTTP/2.0" 500 - "-" "Mozilla/5.0 AppleWebKit/537.36 (KHTML, like Gecko; compatible; ClaudeBot/1.0; +claudebot@anthropic.com)" cepali.edu.mx 192.185.131.128
3.138.188.86 - - [08/May/2025:06:29:33 -0600] "GET /wp-content/mu-plugins/muse-20241124151243-20250419075352.php?del=es_ES-20241116190645-20241124113205-20250508003016.mo&p=wp-content%2Fthemes%2Ftwentytwentyfour%2Ftemplates HTTP/2.0" 200 73199 "-" "Mozilla/5.0 AppleWebKit/537.36 (KHTML, like Gecko; compatible; ClaudeBot/1.0; +claudebot@anthropic.com)" cepali.edu.mx 192.185.131.128
3.138.188.86 - - [08/May/2025:06:29:35 -0600] "GET /wp-content/mu-plugins/muse-20241124151243-20250419075352.php?del=ice-20250305191103-20250309195833.json&p=wp-content%2Fthemes%2Ftwentynineteen%2Ftemplate-parts%2Fheader HTTP/2.0" 200 37049 "-" "Mozilla/5.0 AppleWebKit/537.36 (KHTML, like Gecko; compatible; ClaudeBot/1.0; +claudebot@anthropic.com)" cepali.edu.mx 192.185.131.128
3.138.188.86 - - [08/May/2025:06:29:36 -0600] "GET /wp-admin/network/install-20241117114937-20241117173231-20241117213617-20250208101643.php HTTP/2.0" 500 - "-" "Mozilla/5.0 AppleWebKit/537.36 (KHTML, like Gecko; compatible; ClaudeBot/1.0; +claudebot@anthropic.com)" cepali.edu.mx 192.185.131.128
3.138.188.86 - - [08/May/2025:06:29:37 -0600] "GET /wp-content/mu-plugins/muse-20241124191950.php?copy=wp-content%2Fava2-300x300-20250309141134-20250424150828.png&p=wp-content%2Fthemes%2Ftwentytwentytwo%2Fparts HTTP/2.0" 200 11564 "-" "Mozilla/5.0 AppleWebKit/537.36 (KHTML, like Gecko; compatible; ClaudeBot/1.0; +claudebot@anthropic.com)" cepali.edu.mx 192.185.131.128
57.141.6.2 - - [08/May/2025:06:29:42 -0600] "GET /144140038.shtml HTTP/2.0" 500 - "-" "meta-externalagent/1.1 (+https://developers.facebook.com/docs/sharing/webmasters/crawler)" www.cepali.edu.mx 192.185.131.128
66.249.64.37 - - [08/May/2025:06:29:53 -0600] "GET /807322289.phtml HTTP/1.1" 200 118830 "-" "Mozilla/5.0 (Linux; Android 6.0.1; Nexus 5X Build/MMB29P) AppleWebKit/537.36 (KHTML, like Gecko) Chrome/136.0.7103.59 Mobile Safari/537.36 (compatible; Googlebot/2.1; +http://www.google.com/bot.html)" cepali.edu.mx 192.185.131.128
40.77.167.72 - - [08/May/2025:06:30:00 -0600] "GET /688914103.phtml HTTP/2.0" 200 119032 "-" "Mozilla/5.0 AppleWebKit/537.36 (KHTML, like Gecko; compatible; bingbot/2.0; +http://www.bing.com/bingbot.htm) Chrome/116.0.1938.76 Safari/537.36" cepali.edu.mx 192.185.131.128
18.191.239.206 - - [08/May/2025:06:30:05 -0600] "GET /wp-content/themes/eicons-20250504112645.json HTTP/2.0" 200 426789 "-" "Mozilla/5.0 AppleWebKit/537.36 (KHTML, like Gecko; compatible; ClaudeBot/1.0; +claudebot@anthropic.com)" cepali.edu.mx 192.185.131.128
66.249.64.39 - - [08/May/2025:06:30:05 -0600] "GET /?_gl=1*1ix4f11*_gcl_au*MTYxMTI1OTI3MS4xNzIxODg2NjU0*_ga*ODYyMzk4MzA3LjE2OTk0NTM1Nzg.*_ga_7H42SVMQ0V*MTcyMTg4NjY1NS4xMjEuMS4xNzIxODg2NjY5LjQ2LjAuMA..&_ga=2.198040047.1958808748.1721886654-862398307.1699453578&_bdsid=2ulvIJ.n~ZXCIW.1721886656070.1721886848&_bd_prev_page=https://cepali.edu.mx/detail.php?wwwoq/t2098804.html HTTP/1.1" 200 119320 "-" "Mozilla/5.0 (Linux; Android 6.0.1; Nexus 5X Build/MMB29P) AppleWebKit/537.36 (KHTML, like Gecko) Chrome/136.0.7103.59 Mobile Safari/537.36 (compatible; Googlebot/2.1; +http://www.google.com/bot.html)" cepali.edu.mx 192.185.131.128
18.191.239.206 - - [08/May/2025:06:30:06 -0600] "GET /wp-content/themes/twentytwentyfour/templates/screenshot-20250304070651-20250306042610-20250508072235.png HTTP/2.0" 200 - "-" "Mozilla/5.0 AppleWebKit/537.36 (KHTML, like Gecko; compatible; ClaudeBot/1.0; +claudebot@anthropic.com)" cepali.edu.mx 192.185.131.128
18.191.239.206 - - [08/May/2025:06:30:07 -0600] "GET /wp-content/license-20250501005640-20250504081125-20250505234527-20250507195647.txt HTTP/2.0" 200 - "-" "Mozilla/5.0 AppleWebKit/537.36 (KHTML, like Gecko; compatible; ClaudeBot/1.0; +claudebot@anthropic.com)" cepali.edu.mx 192.185.131.128
18.191.239.206 - - [08/May/2025:06:30:08 -0600] "GET /wp-content/themes/twentytwentyone/template-parts/slide3thumbnail-20250306170002-20250507172802.jpg HTTP/2.0" 200 - "-" "Mozilla/5.0 AppleWebKit/537.36 (KHTML, like Gecko; compatible; ClaudeBot/1.0; +claudebot@anthropic.com)" cepali.edu.mx 192.185.131.128
18.191.239.206 - - [08/May/2025:06:30:09 -0600] "GET /wp-content/slide3thumbnail-20241124193112-20250503160541-20250505092853.jpg HTTP/2.0" 200 - "-" "Mozilla/5.0 AppleWebKit/537.36 (KHTML, like Gecko; compatible; ClaudeBot/1.0; +claudebot@anthropic.com)" cepali.edu.mx 192.185.131.128
18.191.239.206 - - [08/May/2025:06:30:10 -0600] "GET /wp-content/mu-plugins/eicons-20250504112645-20250508003006.json HTTP/2.0" 200 426789 "-" "Mozilla/5.0 AppleWebKit/537.36 (KHTML, like Gecko; compatible; ClaudeBot/1.0; +claudebot@anthropic.com)" cepali.edu.mx 192.185.131.128
40.77.167.41 - - [08/May/2025:06:30:10 -0600] "GET /56880778.shtml HTTP/2.0" 200 119051 "-" "Mozilla/5.0 AppleWebKit/537.36 (KHTML, like Gecko; compatible; bingbot/2.0; +http://www.bing.com/bingbot.htm) Chrome/116.0.1938.76 Safari/537.36" www.cepali.edu.mx 192.185.131.128
18.191.239.206 - - [08/May/2025:06:30:11 -0600] "GET /wp-content/mu-plugins/muse-20241124151243-20250419075352.php?copy=wp-content%2Fuploads%2F2022%2F11%2Fava2-300x300-20250503180153-20250504115022-20250505072757.png HTTP/2.0" 302 - "-" "Mozilla/5.0 AppleWebKit/537.36 (KHTML, like Gecko; compatible; ClaudeBot/1.0; +claudebot@anthropic.com)" cepali.edu.mx 192.185.131.128
40.77.167.41 - - [08/May/2025:06:30:11 -0600] "GET /114284886.shtml HTTP/2.0" 200 118760 "-" "Mozilla/5.0 AppleWebKit/537.36 (KHTML, like Gecko; compatible; bingbot/2.0; +http://www.bing.com/bingbot.htm) Chrome/116.0.1938.76 Safari/537.36" www.cepali.edu.mx 192.185.131.128
18.191.239.206 - - [08/May/2025:06:30:11 -0600] "GET /wp-content/mu-plugins/muse-20241124151243-20250419075352.php?p= HTTP/2.0" 200 76603 "https://cepali.edu.mx/wp-content/mu-plugins/muse-20241124151243-20250419075352.php?copy=wp-content%2Fuploads%2F2022%2F11%2Fava2-300x300-20250503180153-20250504115022-20250505072757.png" "Mozilla/5.0 AppleWebKit/537.36 (KHTML, like Gecko; compatible; ClaudeBot/1.0; +claudebot@anthropic.com)" cepali.edu.mx 192.185.131.128
18.191.239.206 - - [08/May/2025:06:30:13 -0600] "GET /wp-content/plugins/akismet/views/package-20250303231016-20250505111709.json HTTP/2.0" 200 - "-" "Mozilla/5.0 AppleWebKit/537.36 (KHTML, like Gecko; compatible; ClaudeBot/1.0; +claudebot@anthropic.com)" cepali.edu.mx 192.185.131.128
18.191.239.206 - - [08/May/2025:06:30:14 -0600] "GET /wp-content/plugins/package-20250303231016-20250505111709.json HTTP/2.0" 200 - "-" "Mozilla/5.0 AppleWebKit/537.36 (KHTML, like Gecko; compatible; ClaudeBot/1.0; +claudebot@anthropic.com)" cepali.edu.mx 192.185.131.128
18.191.239.206 - - [08/May/2025:06:30:15 -0600] "GET /wp-content/themes/twentytwenty/package-20241124103055-20250425072145.json HTTP/2.0" 200 - "-" "Mozilla/5.0 AppleWebKit/537.36 (KHTML, like Gecko; compatible; ClaudeBot/1.0; +claudebot@anthropic.com)" cepali.edu.mx 192.185.131.128
18.191.239.206 - - [08/May/2025:06:30:16 -0600] "GET /wp-content/uploads/2020/09/package-20241124103055-20250306195254-20250310113832.json HTTP/2.0" 200 - "-" "Mozilla/5.0 AppleWebKit/537.36 (KHTML, like Gecko; compatible; ClaudeBot/1.0; +claudebot@anthropic.com)" cepali.edu.mx 192.185.131.128
18.191.239.206 - - [08/May/2025:06:30:17 -0600] "GET /wp-content/mu-plugins/muse-20241124151243-20250419075352.php?p=wp-content&view=slide3thumbnail-20241124193112-20250503160541-20250505092853.jpg HTTP/2.0" 200 11886 "-" "Mozilla/5.0 AppleWebKit/537.36 (KHTML, like Gecko; compatible; ClaudeBot/1.0; +claudebot@anthropic.com)" cepali.edu.mx 192.185.131.128
18.191.239.206 - - [08/May/2025:06:30:18 -0600] "GET /wp-content/mu-plugins/muse-20241124151243-20250419075352.php?p=wp-content&view=license-20250501005640-20250504081125-20250505234527-20250507195647.txt HTTP/2.0" 200 11924 "-" "Mozilla/5.0 AppleWebKit/537.36 (KHTML, like Gecko; compatible; ClaudeBot/1.0; +claudebot@anthropic.com)" cepali.edu.mx 192.185.131.128
18.191.239.206 - - [08/May/2025:06:30:19 -0600] "GET /wp-content/themes/twentytwentyfour/templates/es_ES-20241116190645-20241124113205-20250508003016.mo HTTP/2.0" 200 - "-" "Mozilla/5.0 AppleWebKit/537.36 (KHTML, like Gecko; compatible; ClaudeBot/1.0; +claudebot@anthropic.com)" cepali.edu.mx 192.185.131.128
18.191.239.206 - - [08/May/2025:06:30:20 -0600] "GET /wp-content/mu-plugins/muse-20241124151243-20250419075352.php?del=license-20250501005640-20250504081125-20250505234527-20250507195647.txt&p=wp-content HTTP/2.0" 200 293487 "-" "Mozilla/5.0 AppleWebKit/537.36 (KHTML, like Gecko; compatible; ClaudeBot/1.0; +claudebot@anthropic.com)" cepali.edu.mx 192.185.131.128
18.191.239.206 - - [08/May/2025:06:30:24 -0600] "GET /wp-content/mu-plugins/muse-20241124151243-20250419075352.php?del=slide3thumbnail-20241124193112-20250503160541-20250505092853.jpg&p=wp-content HTTP/2.0" 200 293487 "-" "Mozilla/5.0 AppleWebKit/537.36 (KHTML, like Gecko; compatible; ClaudeBot/1.0; +claudebot@anthropic.com)" cepali.edu.mx 192.185.131.128
18.191.239.206 - - [08/May/2025:06:30:28 -0600] "GET /wp-content/mu-plugins/muse-20241124151243-20250419075352.php?dl=license-20250501005640-20250504081125-20250505234527-20250507195647.txt&p=wp-content HTTP/2.0" 200 293487 "-" "Mozilla/5.0 AppleWebKit/537.36 (KHTML, like Gecko; compatible; ClaudeBot/1.0; +claudebot@anthropic.com)" cepali.edu.mx 192.185.131.128
18.191.239.206 - - [08/May/2025:06:30:32 -0600] "GET /wp-content/themes/twentytwenty/readme-20241117052929-20250425070819.txt HTTP/2.0" 200 4717 "-" "Mozilla/5.0 AppleWebKit/537.36 (KHTML, like Gecko; compatible; ClaudeBot/1.0; +claudebot@anthropic.com)" cepali.edu.mx 192.185.131.128
52.167.144.205 - - [08/May/2025:06:30:32 -0600] "GET /prlsj/m1748993.html HTTP/2.0" 200 119355 "-" "Mozilla/5.0 AppleWebKit/537.36 (KHTML, like Gecko; compatible; bingbot/2.0; +http://www.bing.com/bingbot.htm) Chrome/116.0.1938.76 Safari/537.36" www.cepali.edu.mx 192.185.131.128
18.191.239.206 - - [08/May/2025:06:30:33 -0600] "GET /wp-content/mu-plugins/muse-20241124151243-20250419075352.php?dl=slide3thumbnail-20241124193112-20250503160541-20250505092853.jpg&p=wp-content HTTP/2.0" 200 293487 "-" "Mozilla/5.0 AppleWebKit/537.36 (KHTML, like Gecko; compatible; ClaudeBot/1.0; +claudebot@anthropic.com)" cepali.edu.mx 192.185.131.128
18.191.239.206 - - [08/May/2025:06:30:37 -0600] "GET /wp-content/mu-plugins/muse-20241124151243-20250419075352.php?p=wp-content%2Fuploads%2Flogs&view=slide3thumbnail-20241124193112-20250503160541-20250505092853.jpg HTTP/2.0" 200 11958 "-" "Mozilla/5.0 AppleWebKit/537.36 (KHTML, like Gecko; compatible; ClaudeBot/1.0; +claudebot@anthropic.com)" cepali.edu.mx 192.185.131.128
18.191.239.206 - - [08/May/2025:06:30:38 -0600] "GET /wp-content/plugins/elementor/modules/ava2-300x300-20250506172830.png HTTP/2.0" 200 - "-" "Mozilla/5.0 AppleWebKit/537.36 (KHTML, like Gecko; compatible; ClaudeBot/1.0; +claudebot@anthropic.com)" cepali.edu.mx 192.185.131.128
66.249.64.37 - - [08/May/2025:06:30:38 -0600] "GET /309026530.phtml HTTP/1.1" 200 118656 "-" "Mozilla/5.0 (Linux; Android 6.0.1; Nexus 5X Build/MMB29P) AppleWebKit/537.36 (KHTML, like Gecko) Chrome/136.0.7103.59 Mobile Safari/537.36 (compatible; Googlebot/2.1; +http://www.google.com/bot.html)" cepali.edu.mx 192.185.131.128
18.191.239.206 - - [08/May/2025:06:30:39 -0600] "GET /wp-content/uploads/logs/slide3thumbnail-20241124193112-20250503160541-20250505092853.jpg HTTP/2.0" 200 - "-" "Mozilla/5.0 AppleWebKit/537.36 (KHTML, like Gecko; compatible; ClaudeBot/1.0; +claudebot@anthropic.com)" cepali.edu.mx 192.185.131.128
18.191.239.206 - - [08/May/2025:06:30:40 -0600] "GET /wp-content/mu-plugins/muse-20241124151243-20250419075352.php?copy=wp-content%2Fuploads%2F2022%2F11%2Fava2-300x300-20250503180153-20250504115022-20250505072757.png&p=wp-content%2Fthemes HTTP/2.0" 200 11692 "-" "Mozilla/5.0 AppleWebKit/537.36 (KHTML, like Gecko; compatible; ClaudeBot/1.0; +claudebot@anthropic.com)" cepali.edu.mx 192.185.131.128
18.191.239.206 - - [08/May/2025:06:30:41 -0600] "GET /wp-content/mu-plugins/muse-20241124151243-20250419075352.php?copy=wp-content%2Fuploads%2F2022%2F11%2Fava2-300x300-20250503180153-20250504115022-20250505072757.png&p=wp-content%2Fin138 HTTP/2.0" 200 11544 "-" "Mozilla/5.0 AppleWebKit/537.36 (KHTML, like Gecko; compatible; ClaudeBot/1.0; +claudebot@anthropic.com)" cepali.edu.mx 192.185.131.128
18.191.239.206 - - [08/May/2025:06:30:42 -0600] "GET /wp-content/themes/twentytwentytwo/readme-20241117052929-20250425070819.txt HTTP/2.0" 200 4717 "-" "Mozilla/5.0 AppleWebKit/537.36 (KHTML, like Gecko; compatible; ClaudeBot/1.0; +claudebot@anthropic.com)" cepali.edu.mx 192.185.131.128
18.191.239.206 - - [08/May/2025:06:30:43 -0600] "GET /wp-content/plugins/elementor/assets/lib/ava2-300x300-20250504221701-20250507215920.png HTTP/2.0" 200 - "-" "Mozilla/5.0 AppleWebKit/537.36 (KHTML, like Gecko; compatible; ClaudeBot/1.0; +claudebot@anthropic.com)" cepali.edu.mx 192.185.131.128
40.77.167.48 - - [08/May/2025:06:30:43 -0600] "GET /583667299.phtml HTTP/2.0" 200 118870 "-" "Mozilla/5.0 AppleWebKit/537.36 (KHTML, like Gecko; compatible; bingbot/2.0; +http://www.bing.com/bingbot.htm) Chrome/116.0.1938.76 Safari/537.36" cepali.edu.mx 192.185.131.128
18.191.239.206 - - [08/May/2025:06:30:44 -0600] "GET /wp-content/mu-plugins/muse-20241124151243-20250419075352.php?del=slide3thumbnail-20241124193112-20250503160541-20250505092853.jpg&p=wp-content%2Fuploads%2Flogs HTTP/2.0" 200 116554 "-" "Mozilla/5.0 AppleWebKit/537.36 (KHTML, like Gecko; compatible; ClaudeBot/1.0; +claudebot@anthropic.com)" cepali.edu.mx 192.185.131.128
66.249.64.37 - - [08/May/2025:06:30:45 -0600] "GET /?_gl=1*1ix4f11*_gcl_au*MTYxMTI1OTI3MS4xNzIxODg2NjU0*_ga*ODYyMzk4MzA3LjE2OTk0NTM1Nzg.*_ga_7H42SVMQ0V*MTcyMTg4NjY1NS4xMjEuMS4xNzIxODg2NjY5LjQ2LjAuMA..&_ga=2.198040047.1958808748.1721886654-862398307.1699453578&_bdsid=2ulvIJ.n~ZXCIW.1721886656070.1721886848&_bd_prev_page=https://cepali.edu.mx/detail.php?xsigq/w1648357.html HTTP/1.1" 200 121182 "-" "Mozilla/5.0 (Linux; Android 6.0.1; Nexus 5X Build/MMB29P) AppleWebKit/537.36 (KHTML, like Gecko) Chrome/136.0.7103.59 Mobile Safari/537.36 (compatible; Googlebot/2.1; +http://www.google.com/bot.html)" cepali.edu.mx 192.185.131.128
18.191.239.206 - - [08/May/2025:06:30:46 -0600] "GET /wp-content/plugins/elementor/assets/lib/pickr/themes/ava2-300x300-20250504221701.png HTTP/2.0" 200 - "-" "Mozilla/5.0 AppleWebKit/537.36 (KHTML, like Gecko; compatible; ClaudeBot/1.0; +claudebot@anthropic.com)" cepali.edu.mx 192.185.131.128
18.191.239.206 - - [08/May/2025:06:30:47 -0600] "GET /wp-content/mu-plugins/muse-20241124151243-20250419075352.php?dl=slide3thumbnail-20241124193112-20250503160541-20250505092853.jpg&p=wp-content%2Fuploads%2Flogs HTTP/2.0" 200 116554 "-" "Mozilla/5.0 AppleWebKit/537.36 (KHTML, like Gecko; compatible; ClaudeBot/1.0; +claudebot@anthropic.com)" cepali.edu.mx 192.185.131.128
18.191.239.206 - - [08/May/2025:06:30:49 -0600] "GET /wp-content/mu-plugins/muse-20241124151243-20250419075352.php?p=wp-content%2Fthemes%2Ftwentytwentyfour%2Ftemplates&view=screenshot-20250304070651-20250306042610-20250508072235.png HTTP/2.0" 200 12002 "-" "Mozilla/5.0 AppleWebKit/537.36 (KHTML, like Gecko; compatible; ClaudeBot/1.0; +claudebot@anthropic.com)" cepali.edu.mx 192.185.131.128
18.191.239.206 - - [08/May/2025:06:30:50 -0600] "GET /wp-content/themes/twentytwentyfour/readme-20241117052929-20250425070819.txt HTTP/2.0" 200 4717 "-" "Mozilla/5.0 AppleWebKit/537.36 (KHTML, like Gecko; compatible; ClaudeBot/1.0; +claudebot@anthropic.com)" cepali.edu.mx 192.185.131.128
18.191.239.206 - - [08/May/2025:06:30:51 -0600] "GET /wp-content/mu-plugins/muse-20241124191950.php?p=wp-content%2Fmu-plugins&view=eicons-20250504112645-20250508003006.json HTTP/2.0" 200 191613 "-" "Mozilla/5.0 AppleWebKit/537.36 (KHTML, like Gecko; compatible; ClaudeBot/1.0; +claudebot@anthropic.com)" cepali.edu.mx 192.185.131.128
18.191.239.206 - - [08/May/2025:06:30:52 -0600] "GET /wp-content/mu-plugins/muse-20241124151243-20250419075352.php?copy=wp-content%2Fuploads%2F2022%2F11%2Fava2-300x300-20250503180153-20250504115022-20250505072757.png&p=wp-content%2Fmu-plugins HTTP/2.0" 200 11585 "-" "Mozilla/5.0 AppleWebKit/537.36 (KHTML, like Gecko; compatible; ClaudeBot/1.0; +claudebot@anthropic.com)" cepali.edu.mx 192.185.131.128
66.249.64.37 - - [08/May/2025:06:30:52 -0600] "GET /437335503.phtml HTTP/1.1" 200 118672 "-" "Mozilla/5.0 (Linux; Android 6.0.1; Nexus 5X Build/MMB29P) AppleWebKit/537.36 (KHTML, like Gecko) Chrome/136.0.7103.59 Mobile Safari/537.36 (compatible; Googlebot/2.1; +http://www.google.com/bot.html)" cepali.edu.mx 192.185.131.128
18.191.239.206 - - [08/May/2025:06:30:53 -0600] "GET /wp-content/mu-plugins/muse-20241124151243-20250419075352.php?copy=wp-content%2Fuploads%2F2022%2F11%2Fava2-300x300-20250503180153-20250504115022-20250505072757.png&p=wp-content%2Fupgrade HTTP/2.0" 200 11546 "-" "Mozilla/5.0 AppleWebKit/537.36 (KHTML, like Gecko; compatible; ClaudeBot/1.0; +claudebot@anthropic.com)" cepali.edu.mx 192.185.131.128
18.191.239.206 - - [08/May/2025:06:30:54 -0600] "GET /wp-content/mu-plugins/muse-20241124151243-20250419075352.php?chmod=license-20250501005640-20250504081125-20250505234527-20250507195647.txt&p=wp-content HTTP/2.0" 200 11775 "-" "Mozilla/5.0 AppleWebKit/537.36 (KHTML, like Gecko; compatible; ClaudeBot/1.0; +claudebot@anthropic.com)" cepali.edu.mx 192.185.131.128
18.191.239.206 - - [08/May/2025:06:30:55 -0600] "GET /css/media-new-20241116155440-20241116213539-20241124012937-20241124063002.php HTTP/2.0" 500 - "-" "Mozilla/5.0 AppleWebKit/537.36 (KHTML, like Gecko; compatible; ClaudeBot/1.0; +claudebot@anthropic.com)" cepali.edu.mx 192.185.131.128
40.77.167.72 - - [08/May/2025:06:31:11 -0600] "GET /508304648.phtml HTTP/2.0" 200 118955 "-" "Mozilla/5.0 AppleWebKit/537.36 (KHTML, like Gecko; compatible; bingbot/2.0; +http://www.bing.com/bingbot.htm) Chrome/116.0.1938.76 Safari/537.36" cepali.edu.mx 192.185.131.128
52.167.144.205 - - [08/May/2025:06:31:22 -0600] "GET /52377990.shtml HTTP/2.0" 200 120259 "-" "Mozilla/5.0 AppleWebKit/537.36 (KHTML, like Gecko; compatible; bingbot/2.0; +http://www.bing.com/bingbot.htm) Chrome/116.0.1938.76 Safari/537.36" www.cepali.edu.mx 192.185.131.128
40.77.167.123 - - [08/May/2025:06:31:23 -0600] "GET /201331142.shtml HTTP/2.0" 200 118880 "-" "Mozilla/5.0 AppleWebKit/537.36 (KHTML, like Gecko; compatible; bingbot/2.0; +http://www.bing.com/bingbot.htm) Chrome/116.0.1938.76 Safari/537.36" www.cepali.edu.mx 192.185.131.128
18.222.22.193 - - [08/May/2025:06:31:24 -0600] "GET /wp-content/mu-plugins/muse.php?copy=wp-content%2Fplugins%2Felementor%2Fmodules%2Ffloating-buttons%2Fbase%2Fhome-20250502013034.html&p=wp-content%2Fplugins%2Felementor%2Fmodules%2Ffloating-buttons HTTP/2.0" 200 11709 "-" "Mozilla/5.0 AppleWebKit/537.36 (KHTML, like Gecko; compatible; ClaudeBot/1.0; +claudebot@anthropic.com)" cepali.edu.mx 192.185.131.128
18.222.22.193 - - [08/May/2025:06:31:25 -0600] "GET /wp-content/mu-plugins/muse-20241124191950.php?copy=wp-content%2Fplugins%2Felementor%2Fmodules%2Fwp-api.php&p=wp-content%2Fplugins%2Felementor%2Fmodules%2Fstyleguide HTTP/2.0" 200 11599 "-" "Mozilla/5.0 AppleWebKit/537.36 (KHTML, like Gecko; compatible; ClaudeBot/1.0; +claudebot@anthropic.com)" cepali.edu.mx 192.185.131.128
40.77.167.123 - - [08/May/2025:06:31:26 -0600] "GET /178518658.shtml HTTP/2.0" 200 119643 "-" "Mozilla/5.0 AppleWebKit/537.36 (KHTML, like Gecko; compatible; bingbot/2.0; +http://www.bing.com/bingbot.htm) Chrome/116.0.1938.76 Safari/537.36" www.cepali.edu.mx 192.185.131.128
18.222.22.193 - - [08/May/2025:06:31:26 -0600] "GET /wp-includes/interactivity-api/pattern.php HTTP/2.0" 200 - "-" "Mozilla/5.0 AppleWebKit/537.36 (KHTML, like Gecko; compatible; ClaudeBot/1.0; +claudebot@anthropic.com)" cepali.edu.mx 192.185.131.128
18.222.22.193 - - [08/May/2025:06:31:27 -0600] "GET /wp-content/mu-plugins/muse-20241124191950.php?copy=wp-content%2Fplugins%2Felementor%2Fmodules%2Fnested-elements%2Fapp-20250502181235.php&p=wp-content%2Fplugins%2Felementor%2Fmodules%2Fnested-elements%2Fbase HTTP/2.0" 200 11629 "-" "Mozilla/5.0 AppleWebKit/537.36 (KHTML, like Gecko; compatible; ClaudeBot/1.0; +claudebot@anthropic.com)" cepali.edu.mx 192.185.131.128
18.222.22.193 - - [08/May/2025:06:31:28 -0600] "GET /wp-content/plugins/elementor/includes/controls/deprecation.php HTTP/2.0" 200 - "-" "Mozilla/5.0 AppleWebKit/537.36 (KHTML, like Gecko; compatible; ClaudeBot/1.0; +claudebot@anthropic.com)" cepali.edu.mx 192.185.131.128
