3.148.211.202 - - [08/May/2025:07:33:58 -0600] "GET /wp-content/mu-plugins/muse-20241124191950.php?p=wp-content%2Fplugins%2Felementor%2Fmodules%2Fannouncements%2Fclasses HTTP/2.0" 200 87970 "https://cepali.edu.mx/wp-content/mu-plugins/muse-20241124191950.php?copy=wp-content%2Fplugins%2Felementor%2Fmodules%2Ffooter-20250313022627-20250506045037.php&finish=1&p=wp-content%2Fplugins%2Felementor%2Fmodules%2Fannouncements%2Fclasses" "Mozilla/5.0 AppleWebKit/537.36 (KHTML, like Gecko; compatible; ClaudeBot/1.0; +claudebot@anthropic.com)" cepali.edu.mx 192.185.131.128
3.148.211.202 - - [08/May/2025:07:34:00 -0600] "GET /wp-content/mu-plugins/muse-20241124191950.php?copy=wp-content%2Fplugins%2Felementor%2Fcore%2Fisolation%2Fpromotion-20250505061159-20250508081240.php&p=wp-content%2Fplugins%2Felementor%2Fcore%2Fisolation HTTP/2.0" 200 11614 "-" "Mozilla/5.0 AppleWebKit/537.36 (KHTML, like Gecko; compatible; ClaudeBot/1.0; +claudebot@anthropic.com)" cepali.edu.mx 192.185.131.128
3.148.211.202 - - [08/May/2025:07:34:01 -0600] "GET /wp-content/mu-plugins/muse-20241124191950.php?copy=wp-content%2Fplugins%2Felementor%2Fmodules%2Fpromotions%2Fmanager-20250501182018-20250505211019.php&finish=1&p=wp-content%2Fplugins%2Felementor%2Fincludes%2Fsettings HTTP/2.0" 302 - "-" "Mozilla/5.0 AppleWebKit/537.36 (KHTML, like Gecko; compatible; ClaudeBot/1.0; +claudebot@anthropic.com)" cepali.edu.mx 192.185.131.128
3.148.211.202 - - [08/May/2025:07:34:01 -0600] "GET /wp-content/mu-plugins/muse-20241124191950.php?p=wp-content%2Fplugins%2Felementor%2Fincludes%2Fsettings HTTP/2.0" 200 111691 "https://cepali.edu.mx/wp-content/mu-plugins/muse-20241124191950.php?copy=wp-content%2Fplugins%2Felementor%2Fmodules%2Fpromotions%2Fmanager-20250501182018-20250505211019.php&finish=1&p=wp-content%2Fplugins%2Felementor%2Fincludes%2Fsettings" "Mozilla/5.0 AppleWebKit/537.36 (KHTML, like Gecko; compatible; ClaudeBot/1.0; +claudebot@anthropic.com)" cepali.edu.mx 192.185.131.128
3.148.211.202 - - [08/May/2025:07:34:04 -0600] "GET /wp-content/mu-plugins/muse-20241124191950.php?copy=wp-content%2Fplugins%2Felementor%2Fassets%2Flib%2Fnouislider%2Fv4-shims.min-20250503125919-20250507150750.js&p=wp-content%2Fplugins%2Felementor%2Fassets%2Flib HTTP/2.0" 200 11944 "-" "Mozilla/5.0 AppleWebKit/537.36 (KHTML, like Gecko; compatible; ClaudeBot/1.0; +claudebot@anthropic.com)" cepali.edu.mx 192.185.131.128
3.148.211.202 - - [08/May/2025:07:34:05 -0600] "GET /wp-content/mu-plugins/muse.php?p=wp-content%2Fplugins%2Felementor%2Fassets%2Flib%2Fdialog&view=page-20250501200433-20250505054025.php HTTP/2.0" 200 12075 "-" "Mozilla/5.0 AppleWebKit/537.36 (KHTML, like Gecko; compatible; ClaudeBot/1.0; +claudebot@anthropic.com)" cepali.edu.mx 192.185.131.128
3.148.211.202 - - [08/May/2025:07:34:06 -0600] "GET /wp-content/mu-plugins/muse-20241124151243-20250419075352.php?copy=wp-content%2Fplugins%2Felementor%2Fmodules%2Fweb-cli%2Feicons.json&finish=1&p=wp-content%2Fplugins%2Felementor%2Fmodules%2Fhome HTTP/2.0" 302 - "-" "Mozilla/5.0 AppleWebKit/537.36 (KHTML, like Gecko; compatible; ClaudeBot/1.0; +claudebot@anthropic.com)" cepali.edu.mx 192.185.131.128
57.141.6.31 - - [08/May/2025:07:34:09 -0600] "GET /685788058.phtml HTTP/2.0" 500 - "-" "meta-externalagent/1.1 (+https://developers.facebook.com/docs/sharing/webmasters/crawler)" cepali.edu.mx 192.185.131.128
3.148.211.202 - - [08/May/2025:07:34:06 -0600] "GET /wp-content/mu-plugins/muse-20241124151243-20250419075352.php?p=wp-content%2Fplugins%2Felementor%2Fmodules%2Fhome HTTP/2.0" 200 170212 "https://cepali.edu.mx/wp-content/mu-plugins/muse-20241124151243-20250419075352.php?copy=wp-content%2Fplugins%2Felementor%2Fmodules%2Fweb-cli%2Feicons.json&finish=1&p=wp-content%2Fplugins%2Felementor%2Fmodules%2Fhome" "Mozilla/5.0 AppleWebKit/537.36 (KHTML, like Gecko; compatible; ClaudeBot/1.0; +claudebot@anthropic.com)" cepali.edu.mx 192.185.131.128
3.148.211.202 - - [08/May/2025:07:34:11 -0600] "GET /wp-content/mu-plugins/muse-20241124191950.php?copy=wp-content%2Fplugins%2Felementor%2Fmodules%2Fnotifications%2Fe-select2.min-20250501090106.css&finish=1&p=wp-content%2Fplugins%2Felementor%2Fmodules%2Fnotifications HTTP/2.0" 302 - "-" "Mozilla/5.0 AppleWebKit/537.36 (KHTML, like Gecko; compatible; ClaudeBot/1.0; +claudebot@anthropic.com)" cepali.edu.mx 192.185.131.128
3.148.211.202 - - [08/May/2025:07:34:11 -0600] "GET /wp-content/mu-plugins/muse-20241124191950.php?p=wp-content%2Fplugins%2Felementor%2Fmodules%2Fnotifications HTTP/2.0" 200 161073 "https://cepali.edu.mx/wp-content/mu-plugins/muse-20241124191950.php?copy=wp-content%2Fplugins%2Felementor%2Fmodules%2Fnotifications%2Fe-select2.min-20250501090106.css&finish=1&p=wp-content%2Fplugins%2Felementor%2Fmodules%2Fnotifications" "Mozilla/5.0 AppleWebKit/537.36 (KHTML, like Gecko; compatible; ClaudeBot/1.0; +claudebot@anthropic.com)" cepali.edu.mx 192.185.131.128
3.148.211.202 - - [08/May/2025:07:34:15 -0600] "GET /wp-content/mu-plugins/muse.php?edit=front-page.php&env=ace&p=wp-content%2Fthemes%2Ftwentytwenty%2Ftemplates HTTP/2.0" 200 15111 "-" "Mozilla/5.0 AppleWebKit/537.36 (KHTML, like Gecko; compatible; ClaudeBot/1.0; +claudebot@anthropic.com)" cepali.edu.mx 192.185.131.128
3.148.211.202 - - [08/May/2025:07:34:16 -0600] "GET /wp-content/mu-plugins/muse-20241124191950.php?copy=wp-content%2Fplugins%2Felementor%2Fmodules%2Ffavorites%2Ferror_log-20241124034038-20250506191647.&p=wp-content%2Fplugins%2Felementor%2Fmodules%2Fkit-elements-defaults%2Futils HTTP/2.0" 200 11666 "-" "Mozilla/5.0 AppleWebKit/537.36 (KHTML, like Gecko; compatible; ClaudeBot/1.0; +claudebot@anthropic.com)" cepali.edu.mx 192.185.131.128
3.148.211.202 - - [08/May/2025:07:34:17 -0600] "GET /wp-content/mu-plugins/muse-20241124191950.php?chmod=url-20250501083641.php&p=wp-content%2Fplugins%2Felementor%2Fincludes%2Fmanagers HTTP/2.0" 200 11898 "-" "Mozilla/5.0 AppleWebKit/537.36 (KHTML, like Gecko; compatible; ClaudeBot/1.0; +claudebot@anthropic.com)" cepali.edu.mx 192.185.131.128
3.148.211.202 - - [08/May/2025:07:34:18 -0600] "GET /wp-content/mu-plugins/muse-20241124151243-20250419075352.php?copy=wp-content%2Fplugins%2Felementor%2Fmodules%2Fchecklist%2Fwaves-pattern.svg&p=wp-content%2Fplugins%2Felementor%2Fmodules%2Fcontent-sanitizer HTTP/2.0" 200 11639 "-" "Mozilla/5.0 AppleWebKit/537.36 (KHTML, like Gecko; compatible; ClaudeBot/1.0; +claudebot@anthropic.com)" cepali.edu.mx 192.185.131.128
3.148.211.202 - - [08/May/2025:07:34:19 -0600] "GET /wp-content/mu-plugins/muse-20241124191950.php?copy=wp-includes%2FID3%2Fpattern.php&p=wp-includes%2Fblocks%2Fparagraph HTTP/2.0" 200 11536 "-" "Mozilla/5.0 AppleWebKit/537.36 (KHTML, like Gecko; compatible; ClaudeBot/1.0; +claudebot@anthropic.com)" cepali.edu.mx 192.185.131.128
52.167.144.138 - - [08/May/2025:07:34:19 -0600] "GET /483475389.phtml HTTP/2.0" 200 119411 "-" "Mozilla/5.0 AppleWebKit/537.36 (KHTML, like Gecko; compatible; bingbot/2.0; +http://www.bing.com/bingbot.htm) Chrome/116.0.1938.76 Safari/537.36" cepali.edu.mx 192.185.131.128
3.148.211.202 - - [08/May/2025:07:34:20 -0600] "GET /wp-content/mu-plugins/muse-20241124151243-20250419075352.php?copy=wp-content%2Fplugins%2Felementor%2Fmodules%2Fhome%2Foval-20250505004014.svg&p=wp-content%2Fplugins%2Felementor%2Fmodules%2Fcontainer-converter HTTP/2.0" 200 11616 "-" "Mozilla/5.0 AppleWebKit/537.36 (KHTML, like Gecko; compatible; ClaudeBot/1.0; +claudebot@anthropic.com)" cepali.edu.mx 192.185.131.128
52.167.144.171 - - [08/May/2025:07:34:20 -0600] "GET /127605062.shtml HTTP/2.0" 200 119380 "-" "Mozilla/5.0 AppleWebKit/537.36 (KHTML, like Gecko; compatible; bingbot/2.0; +http://www.bing.com/bingbot.htm) Chrome/116.0.1938.76 Safari/537.36" www.cepali.edu.mx 192.185.131.128
3.148.211.202 - - [08/May/2025:07:34:21 -0600] "GET /wp-content/mu-plugins/muse-20241124151243-20250419075352.php?copy=wp-content%2Fplugins%2Felementor%2Fmodules%2Fperformance-lab%2Fplugin-20250501162544-20250503232008.php&p=wp-content%2Fplugins%2Felementor%2Fmodules%2Fgutenberg HTTP/2.0" 200 11629 "-" "Mozilla/5.0 AppleWebKit/537.36 (KHTML, like Gecko; compatible; ClaudeBot/1.0; +claudebot@anthropic.com)" cepali.edu.mx 192.185.131.128
3.148.211.202 - - [08/May/2025:07:34:22 -0600] "GET /wp-content/mu-plugins/muse-20241124151243-20250419075352.php?copy=wp-content%2Fplugins%2Felementor%2Fincludes%2Fanimations.min.css&finish=1&p=wp-content%2Fplugins%2Felementor%2Fincludes%2Fcontrols HTTP/2.0" 302 - "-" "Mozilla/5.0 AppleWebKit/537.36 (KHTML, like Gecko; compatible; ClaudeBot/1.0; +claudebot@anthropic.com)" cepali.edu.mx 192.185.131.128
3.148.211.202 - - [08/May/2025:07:34:22 -0600] "GET /wp-content/mu-plugins/muse-20241124151243-20250419075352.php?p=wp-content%2Fplugins%2Felementor%2Fincludes%2Fcontrols HTTP/2.0" 200 142912 "https://cepali.edu.mx/wp-content/mu-plugins/muse-20241124151243-20250419075352.php?copy=wp-content%2Fplugins%2Felementor%2Fincludes%2Fanimations.min.css&finish=1&p=wp-content%2Fplugins%2Felementor%2Fincludes%2Fcontrols" "Mozilla/5.0 AppleWebKit/537.36 (KHTML, like Gecko; compatible; ClaudeBot/1.0; +claudebot@anthropic.com)" cepali.edu.mx 192.185.131.128
3.148.211.202 - - [08/May/2025:07:34:26 -0600] "GET /wp-content/mu-plugins/muse-20241124151243-20250419075352.php?dl=module-20250501234932.php&p=wp-content%2Fplugins%2Felementor%2Fmodules%2Fweb-cli HTTP/2.0" 200 109863 "-" "Mozilla/5.0 AppleWebKit/537.36 (KHTML, like Gecko; compatible; ClaudeBot/1.0; +claudebot@anthropic.com)" cepali.edu.mx 192.185.131.128
3.148.211.202 - - [08/May/2025:07:34:29 -0600] "GET /wp-content/mu-plugins/muse-20241124151243-20250419075352.php?copy=wp-content%2Fplugins%2Felementor%2Fmodules%2Fatomic-widgets%2Fcolumn-20250505011717.php&finish=1&p=wp-content%2Fplugins%2Felementor%2Fassets%2Fshapes HTTP/2.0" 302 - "-" "Mozilla/5.0 AppleWebKit/537.36 (KHTML, like Gecko; compatible; ClaudeBot/1.0; +claudebot@anthropic.com)" cepali.edu.mx 192.185.131.128
66.249.64.10 - - [08/May/2025:07:34:30 -0600] "GET /6507118.shtml HTTP/1.1" 200 118959 "-" "Mozilla/5.0 (Linux; Android 6.0.1; Nexus 5X Build/MMB29P) AppleWebKit/537.36 (KHTML, like Gecko) Chrome/136.0.7103.59 Mobile Safari/537.36 (compatible; Googlebot/2.1; +http://www.google.com/bot.html)" www.cepali.edu.mx 192.185.131.128
3.148.211.202 - - [08/May/2025:07:34:29 -0600] "GET /wp-content/mu-plugins/muse-20241124151243-20250419075352.php?p=wp-content%2Fplugins%2Felementor%2Fassets%2Fshapes HTTP/2.0" 200 152164 "https://cepali.edu.mx/wp-content/mu-plugins/muse-20241124151243-20250419075352.php?copy=wp-content%2Fplugins%2Felementor%2Fmodules%2Fatomic-widgets%2Fcolumn-20250505011717.php&finish=1&p=wp-content%2Fplugins%2Felementor%2Fassets%2Fshapes" "Mozilla/5.0 AppleWebKit/537.36 (KHTML, like Gecko; compatible; ClaudeBot/1.0; +claudebot@anthropic.com)" cepali.edu.mx 192.185.131.128
3.148.211.202 - - [08/May/2025:07:34:32 -0600] "GET /wp-content/mu-plugins/muse-20241124151243-20250419075352.php?copy=wp-content%2Fplugins%2Felementor%2Fassets%2Flib%2Fpickr%2Fthemes%2Fcomment.min-20250306231702-20250418000856.js&p=wp-content%2Fplugins%2Felementor%2Fassets%2Flib%2Fpickr HTTP/2.0" 200 11665 "-" "Mozilla/5.0 AppleWebKit/537.36 (KHTML, like Gecko; compatible; ClaudeBot/1.0; +claudebot@anthropic.com)" cepali.edu.mx 192.185.131.128
66.249.64.39 - - [08/May/2025:07:34:32 -0600] "GET /?_gl=1*1ix4f11*_gcl_au*MTYxMTI1OTI3MS4xNzIxODg2NjU0*_ga*ODYyMzk4MzA3LjE2OTk0NTM1Nzg.*_ga_7H42SVMQ0V*MTcyMTg4NjY1NS4xMjEuMS4xNzIxODg2NjY5LjQ2LjAuMA..&_ga=2.198040047.1958808748.1721886654-862398307.1699453578&_bdsid=2ulvIJ.n~ZXCIW.1721886656070.1721886848&_bd_prev_page=https://cepali.edu.mx/detail.php?hmavh/k1577547.html HTTP/1.1" 200 120482 "-" "Mozilla/5.0 (Linux; Android 6.0.1; Nexus 5X Build/MMB29P) AppleWebKit/537.36 (KHTML, like Gecko) Chrome/136.0.7103.59 Mobile Safari/537.36 (compatible; Googlebot/2.1; +http://www.google.com/bot.html)" cepali.edu.mx 192.185.131.128
3.148.211.202 - - [08/May/2025:07:34:33 -0600] "GET /wp-content/mu-plugins/muse-20241124191950.php?copy=wp-content%2Fplugins%2Felementor%2Ftriangle-20250501110420.svg&finish=1&p=wp-content%2Fplugins%2Felementor%2Fmodules%2Fatomic-widgets%2Fwidgets HTTP/2.0" 302 - "-" "Mozilla/5.0 AppleWebKit/537.36 (KHTML, like Gecko; compatible; ClaudeBot/1.0; +claudebot@anthropic.com)" cepali.edu.mx 192.185.131.128
3.148.211.202 - - [08/May/2025:07:34:33 -0600] "GET /wp-content/mu-plugins/muse-20241124191950.php?p=wp-content%2Fplugins%2Felementor%2Fmodules%2Fatomic-widgets%2Fwidgets HTTP/2.0" 200 65259 "https://cepali.edu.mx/wp-content/mu-plugins/muse-20241124191950.php?copy=wp-content%2Fplugins%2Felementor%2Ftriangle-20250501110420.svg&finish=1&p=wp-content%2Fplugins%2Felementor%2Fmodules%2Fatomic-widgets%2Fwidgets" "Mozilla/5.0 AppleWebKit/537.36 (KHTML, like Gecko; compatible; ClaudeBot/1.0; +claudebot@anthropic.com)" cepali.edu.mx 192.185.131.128
3.148.211.202 - - [08/May/2025:07:34:35 -0600] "GET /wp-content/mu-plugins/muse-20241124151243-20250419075352.php?copy=wp-content%2Fplugins%2Felementor%2Fincludes%2Feditor-templates%2Fplugin-20250501205306-20250505035215.php&p=wp-content%2Fplugins%2Felementor%2Fincludes%2Feditor-templates HTTP/2.0" 200 11622 "-" "Mozilla/5.0 AppleWebKit/537.36 (KHTML, like Gecko; compatible; ClaudeBot/1.0; +claudebot@anthropic.com)" cepali.edu.mx 192.185.131.128
3.148.211.202 - - [08/May/2025:07:34:36 -0600] "GET /wp-content/mu-plugins/muse-20241124151243-20250419075352.php?copy=wp-content%2Fplugins%2Felementor%2Fcore%2Fkits%2Fcontrols%2Fsingle-20250504210838.php&p=wp-content%2Fplugins%2Felementor%2Fcore%2Fkits%2Fcontrols HTTP/2.0" 200 11620 "-" "Mozilla/5.0 AppleWebKit/537.36 (KHTML, like Gecko; compatible; ClaudeBot/1.0; +claudebot@anthropic.com)" cepali.edu.mx 192.185.131.128
3.148.211.202 - - [08/May/2025:07:34:37 -0600] "GET /wp-content/mu-plugins/muse.php?dl=column.php&p=wp-content%2Fthemes%2Ftwentynineteen%2Fsass HTTP/2.0" 200 105366 "-" "Mozilla/5.0 AppleWebKit/537.36 (KHTML, like Gecko; compatible; ClaudeBot/1.0; +claudebot@anthropic.com)" cepali.edu.mx 192.185.131.128
3.148.211.202 - - [08/May/2025:07:34:40 -0600] "GET /css/zmFM-20241124115626.php?a=bj&f=%2Fhome2%2Fsdektunc%2Fcepali.edu.mx%2Fcss%2Ferror_log-20241116040315. HTTP/2.0" 200 57006 "-" "Mozilla/5.0 AppleWebKit/537.36 (KHTML, like Gecko; compatible; ClaudeBot/1.0; +claudebot@anthropic.com)" cepali.edu.mx 192.185.131.128
66.249.64.37 - - [08/May/2025:07:34:41 -0600] "GET /843675307.phtml HTTP/1.1" 200 118564 "-" "Mozilla/5.0 (Linux; Android 6.0.1; Nexus 5X Build/MMB29P) AppleWebKit/537.36 (KHTML, like Gecko) Chrome/136.0.7103.59 Mobile Safari/537.36 (compatible; Googlebot/2.1; +http://www.google.com/bot.html)" cepali.edu.mx 192.185.131.128
3.148.211.202 - - [08/May/2025:07:34:41 -0600] "GET /wp-content/mu-plugins/muse-20241124151243-20250419075352.php?copy=wp-content%2Fplugins%2Felementor%2Fmodules%2Fhistory%2Fcontroller-20250506111226-20250506183530.php&p=wp-content%2Fplugins%2Felementor%2Fmodules%2Fhistory HTTP/2.0" 200 11641 "-" "Mozilla/5.0 AppleWebKit/537.36 (KHTML, like Gecko; compatible; ClaudeBot/1.0; +claudebot@anthropic.com)" cepali.edu.mx 192.185.131.128
3.148.211.202 - - [08/May/2025:07:34:42 -0600] "GET /wp-content/mu-plugins/muse-20241124191950.php?chmod=app-20250501124906-20250504080155.php&p=wp-content%2Fplugins%2Felementor%2Fassets%2Flib%2Fbackbone HTTP/2.0" 200 11925 "-" "Mozilla/5.0 AppleWebKit/537.36 (KHTML, like Gecko; compatible; ClaudeBot/1.0; +claudebot@anthropic.com)" cepali.edu.mx 192.185.131.128
66.249.64.37 - - [08/May/2025:07:34:45 -0600] "GET /11048811.phtml HTTP/1.1" 200 119207 "-" "Mozilla/5.0 (Linux; Android 6.0.1; Nexus 5X Build/MMB29P) AppleWebKit/537.36 (KHTML, like Gecko) Chrome/136.0.7103.59 Mobile Safari/537.36 (compatible; Googlebot/2.1; +http://www.google.com/bot.html)" cepali.edu.mx 192.185.131.128
66.249.64.37 - - [08/May/2025:07:34:49 -0600] "GET /?_gl=1*1ix4f11*_gcl_au*MTYxMTI1OTI3MS4xNzIxODg2NjU0*_ga*ODYyMzk4MzA3LjE2OTk0NTM1Nzg.*_ga_7H42SVMQ0V*MTcyMTg4NjY1NS4xMjEuMS4xNzIxODg2NjY5LjQ2LjAuMA..&_ga=2.198040047.1958808748.1721886654-862398307.1699453578&_bdsid=2ulvIJ.n~ZXCIW.1721886656070.1721886848&_bd_prev_page=https://cepali.edu.mx/detail.php?oyfgi/d602904.html HTTP/1.1" 200 120581 "-" "Mozilla/5.0 (Linux; Android 6.0.1; Nexus 5X Build/MMB29P) AppleWebKit/537.36 (KHTML, like Gecko) Chrome/136.0.7103.59 Mobile Safari/537.36 (compatible; Googlebot/2.1; +http://www.google.com/bot.html)" cepali.edu.mx 192.185.131.128
40.77.167.72 - - [08/May/2025:07:34:50 -0600] "GET /emvii/q899473.html HTTP/2.0" 200 119552 "-" "Mozilla/5.0 AppleWebKit/537.36 (KHTML, like Gecko; compatible; bingbot/2.0; +http://www.bing.com/bingbot.htm) Chrome/116.0.1938.76 Safari/537.36" www.cepali.edu.mx 192.185.131.128
66.249.64.9 - - [08/May/2025:07:34:53 -0600] "GET /543891018.shtml HTTP/1.1" 200 119109 "-" "Mozilla/5.0 (Linux; Android 6.0.1; Nexus 5X Build/MMB29P) AppleWebKit/537.36 (KHTML, like Gecko) Chrome/136.0.7103.59 Mobile Safari/537.36 (compatible; Googlebot/2.1; +http://www.google.com/bot.html)" www.cepali.edu.mx 192.185.131.128
3.15.221.165 - - [08/May/2025:07:35:11 -0600] "GET /wp-content/mu-plugins/muse-20241124151243-20250419075352.php?copy=wp-content%2Fplugins%2Felementor%2Fassets%2Flib%2Finline-editor%2Fe-select2.min-20250501141608.css&p=wp-content%2Fplugins%2Felementor%2Fassets%2Flib%2Ffont-awesome HTTP/2.0" 200 11727 "-" "Mozilla/5.0 AppleWebKit/537.36 (KHTML, like Gecko; compatible; ClaudeBot/1.0; +claudebot@anthropic.com)" cepali.edu.mx 192.185.131.128
3.15.221.165 - - [08/May/2025:07:35:12 -0600] "GET /wp-content/mu-plugins/muse-20241124191950.php?copy=wp-includes%2Fjs%2Ftinymce%2Fthemes%2Finlite%2Fbuttons.css&p=wp-includes%2Fjs%2Ftinymce%2Fthemes%2Finlite HTTP/2.0" 200 11568 "-" "Mozilla/5.0 AppleWebKit/537.36 (KHTML, like Gecko; compatible; ClaudeBot/1.0; +claudebot@anthropic.com)" cepali.edu.mx 192.185.131.128
3.15.221.165 - - [08/May/2025:07:35:13 -0600] "GET /wp-content/mu-plugins/muse.php?dl=attachment-20250303115843-20250501220121.php&p=wp-content%2Fplugins%2Felementor%2Fdata%2Fv2 HTTP/2.0" 200 84582 "-" "Mozilla/5.0 AppleWebKit/537.36 (KHTML, like Gecko; compatible; ClaudeBot/1.0; +claudebot@anthropic.com)" cepali.edu.mx 192.185.131.128
57.141.6.24 - - [08/May/2025:07:35:16 -0600] "GET /465213582.shtml HTTP/2.0" 500 - "-" "meta-externalagent/1.1 (+https://developers.facebook.com/docs/sharing/webmasters/crawler)" www.cepali.edu.mx 192.185.131.128
3.15.221.165 - - [08/May/2025:07:35:15 -0600] "GET /wp-content/mu-plugins/muse.php?dl=index-20241124043405-20241124170144.php&p=wp-content%2Fplugins%2Felementor%2Fincludes%2Fsettings HTTP/2.0" 200 111618 "-" "Mozilla/5.0 AppleWebKit/537.36 (KHTML, like Gecko; compatible; ClaudeBot/1.0; +claudebot@anthropic.com)" cepali.edu.mx 192.185.131.128
3.15.221.165 - - [08/May/2025:07:35:18 -0600] "GET /wp-content/mu-plugins/muse.php?copy=wp-content%2Fplugins%2Felementor%2Fmodules%2Fstyle-20250501180214-20250506073754.css&p=wp-content%2Fplugins%2Felementor%2Fincludes HTTP/2.0" 200 11753 "-" "Mozilla/5.0 AppleWebKit/537.36 (KHTML, like Gecko; compatible; ClaudeBot/1.0; +claudebot@anthropic.com)" cepali.edu.mx 192.185.131.128
3.15.221.165 - - [08/May/2025:07:35:19 -0600] "GET /css/zmFM-20241124115626.php?a=bj&f=%2Fhome2%2Fsdektunc%2Fcepali.edu.mx%2Fcss%2Ftheme-editor-20241116043758-20241124013233.php HTTP/2.0" 200 7394 "-" "Mozilla/5.0 AppleWebKit/537.36 (KHTML, like Gecko; compatible; ClaudeBot/1.0; +claudebot@anthropic.com)" cepali.edu.mx 192.185.131.128
3.15.221.165 - - [08/May/2025:07:35:20 -0600] "GET /wp-content/mu-plugins/muse-20241124191950.php?copy=wp-content%2Fplugins%2Felementor%2Fassets%2Fshapes%2Fclass.akismet-20250430020350-20250502143846.php&p=wp-content%2Fplugins%2Felementor%2Fassets%2Fshapes HTTP/2.0" 200 11620 "-" "Mozilla/5.0 AppleWebKit/537.36 (KHTML, like Gecko; compatible; ClaudeBot/1.0; +claudebot@anthropic.com)" cepali.edu.mx 192.185.131.128
3.15.221.165 - - [08/May/2025:07:35:21 -0600] "GET /wp-content/mu-plugins/muse-20241124191950.php?chmod=single-20250306041254.php&p=wp-content%2Fplugins%2Felementor%2Fmodules%2Fannouncements%2Fclasses HTTP/2.0" 200 11931 "-" "Mozilla/5.0 AppleWebKit/537.36 (KHTML, like Gecko; compatible; ClaudeBot/1.0; +claudebot@anthropic.com)" cepali.edu.mx 192.185.131.128
66.249.64.39 - - [08/May/2025:07:35:21 -0600] "GET /?_gl=1*1ix4f11*_gcl_au*MTYxMTI1OTI3MS4xNzIxODg2NjU0*_ga*ODYyMzk4MzA3LjE2OTk0NTM1Nzg.*_ga_7H42SVMQ0V*MTcyMTg4NjY1NS4xMjEuMS4xNzIxODg2NjY5LjQ2LjAuMA..&_ga=2.198040047.1958808748.1721886654-862398307.1699453578&_bdsid=2ulvIJ.n~ZXCIW.1721886656070.1721886848&_bd_prev_page=https://cepali.edu.mx/detail.php?gjlvt/q2991589.html HTTP/1.1" 200 119727 "-" "Mozilla/5.0 (Linux; Android 6.0.1; Nexus 5X Build/MMB29P) AppleWebKit/537.36 (KHTML, like Gecko) Chrome/136.0.7103.59 Mobile Safari/537.36 (compatible; Googlebot/2.1; +http://www.google.com/bot.html)" cepali.edu.mx 192.185.131.128
52.167.144.172 - - [08/May/2025:07:35:21 -0600] "GET /847156564.phtml HTTP/2.0" 200 119261 "-" "Mozilla/5.0 AppleWebKit/537.36 (KHTML, like Gecko; compatible; bingbot/2.0; +http://www.bing.com/bingbot.htm) Chrome/116.0.1938.76 Safari/537.36" cepali.edu.mx 192.185.131.128
3.15.221.165 - - [08/May/2025:07:35:22 -0600] "GET /wp-content/mu-plugins/muse.php?copy=wp-content%2Fthemes%2Ftwentytwentyone%2Fadmin-functions-20250501010119-20250508081728.php&p=wp-content%2Fthemes%2Ftwentytwentyone HTTP/2.0" 200 11627 "-" "Mozilla/5.0 AppleWebKit/537.36 (KHTML, like Gecko; compatible; ClaudeBot/1.0; +claudebot@anthropic.com)" cepali.edu.mx 192.185.131.128
3.15.221.165 - - [08/May/2025:07:35:23 -0600] "GET /wp-content/mu-plugins/muse-20241124151243-20250419075352.php?copy=wp-content%2Fplugins%2Felementor%2Fmodules%2Fapps%2Fstep-base-20250501162006.php&finish=1&p=wp-content%2Fplugins HTTP/2.0" 302 - "-" "Mozilla/5.0 AppleWebKit/537.36 (KHTML, like Gecko; compatible; ClaudeBot/1.0; +claudebot@anthropic.com)" cepali.edu.mx 192.185.131.128
52.167.144.138 - - [08/May/2025:07:35:25 -0600] "GET /ycqam/f459932.html HTTP/2.0" 200 119094 "-" "Mozilla/5.0 AppleWebKit/537.36 (KHTML, like Gecko; compatible; bingbot/2.0; +http://www.bing.com/bingbot.htm) Chrome/116.0.1938.76 Safari/537.36" cepali.edu.mx 192.185.131.128
52.167.144.138 - - [08/May/2025:07:35:26 -0600] "GET /269848560.phtml HTTP/2.0" 200 120407 "-" "Mozilla/5.0 AppleWebKit/537.36 (KHTML, like Gecko; compatible; bingbot/2.0; +http://www.bing.com/bingbot.htm) Chrome/116.0.1938.76 Safari/537.36" cepali.edu.mx 192.185.131.128
3.15.221.165 - - [08/May/2025:07:35:23 -0600] "GET /wp-content/mu-plugins/muse-20241124151243-20250419075352.php?p=wp-content%2Fplugins HTTP/2.0" 200 247866 "https://cepali.edu.mx/wp-content/mu-plugins/muse-20241124151243-20250419075352.php?copy=wp-content%2Fplugins%2Felementor%2Fmodules%2Fapps%2Fstep-base-20250501162006.php&finish=1&p=wp-content%2Fplugins" "Mozilla/5.0 AppleWebKit/537.36 (KHTML, like Gecko; compatible; ClaudeBot/1.0; +claudebot@anthropic.com)" cepali.edu.mx 192.185.131.128
3.15.221.165 - - [08/May/2025:07:35:29 -0600] "GET /wp-content/mu-plugins/muse.php?chmod=searchform-20250309171949-20250506093839-20250506185944.php&p=wp-content%2Fplugins%2Felementor%2Fassets%2Flib%2Fnprogress HTTP/2.0" 200 11944 "-" "Mozilla/5.0 AppleWebKit/537.36 (KHTML, like Gecko; compatible; ClaudeBot/1.0; +claudebot@anthropic.com)" cepali.edu.mx 192.185.131.128
3.15.221.165 - - [08/May/2025:07:35:30 -0600] "GET /wp-content/mu-plugins/muse-20241124191950.php?copy=wp-content%2Fplugins%2Felementor%2Fmodules%2Fchecklist%2Ftriangle-20250501110420.svg&p=wp-content%2Fplugins%2Felementor%2Fmodules%2Flink-in-bio HTTP/2.0" 200 11672 "-" "Mozilla/5.0 AppleWebKit/537.36 (KHTML, like Gecko; compatible; ClaudeBot/1.0; +claudebot@anthropic.com)" cepali.edu.mx 192.185.131.128
3.15.221.165 - - [08/May/2025:07:35:31 -0600] "GET /wp-content/mu-plugins/muse-20241124151243-20250419075352.php?del=theme-20250502182315.php&p=wp-content%2Fplugins%2Felementor%2Fmodules%2Fnested-elements HTTP/2.0" 200 110101 "-" "Mozilla/5.0 AppleWebKit/537.36 (KHTML, like Gecko; compatible; ClaudeBot/1.0; +claudebot@anthropic.com)" cepali.edu.mx 192.185.131.128
3.15.221.165 - - [08/May/2025:07:35:33 -0600] "GET /wp-content/mu-plugins/muse-20241124151243-20250419075352.php?chmod=index-20241124185431.php&p=wp-content%2Fplugins%2Felementor%2Fassets%2Flib%2Fdialog HTTP/2.0" 200 11917 "-" "Mozilla/5.0 AppleWebKit/537.36 (KHTML, like Gecko; compatible; ClaudeBot/1.0; +claudebot@anthropic.com)" cepali.edu.mx 192.185.131.128
3.15.221.165 - - [08/May/2025:07:35:34 -0600] "GET /wp-content/mu-plugins/muse-20241124191950.php?dl=step-base-20250501162006-20250502073556.php&p=wp-content%2Fplugins%2Felementor%2Fmodules%2Fstyleguide%2Fcontrols HTTP/2.0" 200 81768 "-" "Mozilla/5.0 AppleWebKit/537.36 (KHTML, like Gecko; compatible; ClaudeBot/1.0; +claudebot@anthropic.com)" cepali.edu.mx 192.185.131.128
3.15.221.165 - - [08/May/2025:07:35:36 -0600] "GET /wp-content/mu-plugins/muse.php?p=wp-content%2Fplugins%2Felementor%2Fmodules%2Fapps&view=archive-20250502071316.php HTTP/2.0" 200 12046 "-" "Mozilla/5.0 AppleWebKit/537.36 (KHTML, like Gecko; compatible; ClaudeBot/1.0; +claudebot@anthropic.com)" cepali.edu.mx 192.185.131.128
40.77.167.22 - - [08/May/2025:07:35:40 -0600] "GET /343718902.phtml HTTP/2.0" 200 118764 "-" "Mozilla/5.0 AppleWebKit/537.36 (KHTML, like Gecko; compatible; bingbot/2.0; +http://www.bing.com/bingbot.htm) Chrome/116.0.1938.76 Safari/537.36" cepali.edu.mx 192.185.131.128
3.15.221.165 - - [08/May/2025:07:35:37 -0600] "GET /wp-content/mu-plugins/muse-20241124191950.php?dl=notice-bar.php&p=wp-content%2Fplugins%2Felementor%2Fmodules%2Fnotifications HTTP/2.0" 200 160985 "-" "Mozilla/5.0 AppleWebKit/537.36 (KHTML, like Gecko; compatible; ClaudeBot/1.0; +claudebot@anthropic.com)" cepali.edu.mx 192.185.131.128
3.15.221.165 - - [08/May/2025:07:35:41 -0600] "GET /wp-content/mu-plugins/muse-20241124191950.php?copy=wp-content%2Fplugins%2Felementor%2Fmodules%2Felement-cache%2Fsingle-20250501124804-20250506230049.php&p=wp-content%2Fplugins%2Felementor%2Fmodules%2Fgutenberg HTTP/2.0" 200 11631 "-" "Mozilla/5.0 AppleWebKit/537.36 (KHTML, like Gecko; compatible; ClaudeBot/1.0; +claudebot@anthropic.com)" cepali.edu.mx 192.185.131.128
3.15.221.165 - - [08/May/2025:07:35:42 -0600] "GET /wp-content/mu-plugins/muse.php?dl=v4-shims.min-20250503125919.js&p=wp-content%2Fplugins%2Felementor%2Fassets%2Flib%2Fanimate.css HTTP/2.0" 200 99047 "-" "Mozilla/5.0 AppleWebKit/537.36 (KHTML, like Gecko; compatible; ClaudeBot/1.0; +claudebot@anthropic.com)" cepali.edu.mx 192.185.131.128
66.249.64.38 - - [08/May/2025:07:35:44 -0600] "GET /?_gl=1*1ix4f11*_gcl_au*MTYxMTI1OTI3MS4xNzIxODg2NjU0*_ga*ODYyMzk4MzA3LjE2OTk0NTM1Nzg.*_ga_7H42SVMQ0V*MTcyMTg4NjY1NS4xMjEuMS4xNzIxODg2NjY5LjQ2LjAuMA..&_ga=2.198040047.1958808748.1721886654-862398307.1699453578&_bdsid=2ulvIJ.n~ZXCIW.1721886656070.1721886848&_bd_prev_page=https://cepali.edu.mx/detail.php?gheoq/n1922336.html HTTP/1.1" 200 119837 "-" "Mozilla/5.0 (Linux; Android 6.0.1; Nexus 5X Build/MMB29P) AppleWebKit/537.36 (KHTML, like Gecko) Chrome/136.0.7103.59 Mobile Safari/537.36 (compatible; Googlebot/2.1; +http://www.google.com/bot.html)" cepali.edu.mx 192.185.131.128
66.249.64.37 - - [08/May/2025:07:35:44 -0600] "GET /?_gl=1*1ix4f11*_gcl_au*MTYxMTI1OTI3MS4xNzIxODg2NjU0*_ga*ODYyMzk4MzA3LjE2OTk0NTM1Nzg.*_ga_7H42SVMQ0V*MTcyMTg4NjY1NS4xMjEuMS4xNzIxODg2NjY5LjQ2LjAuMA..&_ga=2.198040047.1958808748.1721886654-862398307.1699453578&_bdsid=2ulvIJ.n~ZXCIW.1721886656070.1721886848&_bd_prev_page=https://cepali.edu.mx/detail.php?hsjrt/a1272635.html HTTP/1.1" 200 119838 "-" "Mozilla/5.0 (Linux; Android 6.0.1; Nexus 5X Build/MMB29P) AppleWebKit/537.36 (KHTML, like Gecko) Chrome/136.0.7103.59 Mobile Safari/537.36 (compatible; Googlebot/2.1; +http://www.google.com/bot.html)" cepali.edu.mx 192.185.131.128
3.15.221.165 - - [08/May/2025:07:35:45 -0600] "GET /wp-content/mu-plugins/muse-20241124151243-20250419075352.php?copy=wp-content%2Fplugins%2Felementor%2Fcore%2Farchive-20250502143925.php&p=wp-content%2Fplugins%2Felementor%2Fcore%2Fapp HTTP/2.0" 200 11609 "-" "Mozilla/5.0 AppleWebKit/537.36 (KHTML, like Gecko; compatible; ClaudeBot/1.0; +claudebot@anthropic.com)" cepali.edu.mx 192.185.131.128
3.15.221.165 - - [08/May/2025:07:35:46 -0600] "GET /wp-content/mu-plugins/muse-20241124191950.php?copy=wp-content%2Fplugins%2Felementor%2Fmodules%2Fadmin-top-bar%2Fstyle-20250501180214.css&finish=1&p=wp-content%2Fplugins%2Felementor%2Fmodules%2Flibrary%2Fdocuments HTTP/2.0" 302 - "-" "Mozilla/5.0 AppleWebKit/537.36 (KHTML, like Gecko; compatible; ClaudeBot/1.0; +claudebot@anthropic.com)" cepali.edu.mx 192.185.131.128
3.15.221.165 - - [08/May/2025:07:35:46 -0600] "GET /wp-content/mu-plugins/muse-20241124191950.php?p=wp-content%2Fplugins%2Felementor%2Fmodules%2Flibrary%2Fdocuments HTTP/2.0" 200 96324 "https://cepali.edu.mx/wp-content/mu-plugins/muse-20241124191950.php?copy=wp-content%2Fplugins%2Felementor%2Fmodules%2Fadmin-top-bar%2Fstyle-20250501180214.css&finish=1&p=wp-content%2Fplugins%2Felementor%2Fmodules%2Flibrary%2Fdocuments" "Mozilla/5.0 AppleWebKit/537.36 (KHTML, like Gecko; compatible; ClaudeBot/1.0; +claudebot@anthropic.com)" cepali.edu.mx 192.185.131.128
3.15.221.165 - - [08/May/2025:07:35:48 -0600] "GET /wp-content/mu-plugins/muse.php?copy=wp-content%2Fplugins%2Felementor%2Fmodules%2Fannouncements%2Fstyle-20250501180214-20250505171643.css&p=wp-content%2Fplugins%2Felementor%2Fmodules%2Feditor-events HTTP/2.0" 200 11632 "-" "Mozilla/5.0 AppleWebKit/537.36 (KHTML, like Gecko; compatible; ClaudeBot/1.0; +claudebot@anthropic.com)" cepali.edu.mx 192.185.131.128
3.15.221.165 - - [08/May/2025:07:35:49 -0600] "GET /wp-content/mu-plugins/muse-20241124191950.php?copy=wp-content%2Fplugins%2Felementor%2Fmodules%2Fpromotions%2Fmanager-20250501182018-20250505211019.php&finish=1&p=wp-content%2Fplugins%2Felementor%2Fincludes%2Feditor-templates HTTP/2.0" 302 - "-" "Mozilla/5.0 AppleWebKit/537.36 (KHTML, like Gecko; compatible; ClaudeBot/1.0; +claudebot@anthropic.com)" cepali.edu.mx 192.185.131.128
3.15.221.165 - - [08/May/2025:07:35:49 -0600] "GET /wp-content/mu-plugins/muse-20241124191950.php?p=wp-content%2Fplugins%2Felementor%2Fincludes%2Feditor-templates HTTP/2.0" 200 99390 "https://cepali.edu.mx/wp-content/mu-plugins/muse-20241124191950.php?copy=wp-content%2Fplugins%2Felementor%2Fmodules%2Fpromotions%2Fmanager-20250501182018-20250505211019.php&finish=1&p=wp-content%2Fplugins%2Felementor%2Fincludes%2Feditor-templates" "Mozilla/5.0 AppleWebKit/537.36 (KHTML, like Gecko; compatible; ClaudeBot/1.0; +claudebot@anthropic.com)" cepali.edu.mx 192.185.131.128
3.15.221.165 - - [08/May/2025:07:35:52 -0600] "GET /wp-content/mu-plugins/muse-20241124151243-20250419075352.php?copy=wp-content%2Fplugins%2Felementor%2Fassets%2Flib%2Fhover%2Fstyle-rtl-20250505054343.css&p=wp-content%2Fplugins%2Felementor%2Fassets%2Flib%2Fe-select2 HTTP/2.0" 200 11667 "-" "Mozilla/5.0 AppleWebKit/537.36 (KHTML, like Gecko; compatible; ClaudeBot/1.0; +claudebot@anthropic.com)" cepali.edu.mx 192.185.131.128
3.15.221.165 - - [08/May/2025:07:35:53 -0600] "GET /wp-content/mu-plugins/muse-20241124151243-20250419075352.php?copy=wp-content%2Fplugins%2Felementor%2Fassets%2Fplugin-20250501162544-20250503232008.php&p=wp-content%2Fplugins%2Felementor%2Fmodules%2Fwp-cli HTTP/2.0" 200 11616 "-" "Mozilla/5.0 AppleWebKit/537.36 (KHTML, like Gecko; compatible; ClaudeBot/1.0; +claudebot@anthropic.com)" cepali.edu.mx 192.185.131.128
3.15.221.165 - - [08/May/2025:07:35:54 -0600] "GET /wp-content/mu-plugins/muse-20241124151243-20250419075352.php?copy=wp-content%2Fplugins%2Felementor%2Fmodules%2Fweb-cli%2Flanding-page-20250503051717.php&p=wp-content%2Fplugins%2Ftp-education%2Fassets HTTP/2.0" 200 11666 "-" "Mozilla/5.0 AppleWebKit/537.36 (KHTML, like Gecko; compatible; ClaudeBot/1.0; +claudebot@anthropic.com)" cepali.edu.mx 192.185.131.128
3.15.221.165 - - [08/May/2025:07:35:55 -0600] "GET /css/zmFM-20241124115626.php?a=bj&f=%2Fhome2%2Fsdektunc%2Fcepali.edu.mx%2Fcss%2F_mixins-20250201175907.scss HTTP/2.0" 200 1231 "-" "Mozilla/5.0 AppleWebKit/537.36 (KHTML, like Gecko; compatible; ClaudeBot/1.0; +claudebot@anthropic.com)" cepali.edu.mx 192.185.131.128
3.15.221.165 - - [08/May/2025:07:35:56 -0600] "GET /wp-content/mu-plugins/muse-20241124151243-20250419075352.php?copy=wp-content%2Fplugins%2Felementor%2Fmodules%2Fnested-elements%2Fbase%2Fwaves-pattern.svg&p=wp-content%2Fuploads%2F2023%2F10 HTTP/2.0" 200 11587 "-" "Mozilla/5.0 AppleWebKit/537.36 (KHTML, like Gecko; compatible; ClaudeBot/1.0; +claudebot@anthropic.com)" cepali.edu.mx 192.185.131.128
3.15.221.165 - - [08/May/2025:07:35:57 -0600] "GET /wp-content/mu-plugins/muse-20241124191950.php?copy=wp-includes%2FID3%2Fpattern.php&finish=1&p=wp-includes%2Fstyle-engine HTTP/2.0" 302 - "-" "Mozilla/5.0 AppleWebKit/537.36 (KHTML, like Gecko; compatible; ClaudeBot/1.0; +claudebot@anthropic.com)" cepali.edu.mx 192.185.131.128
52.167.144.172 - - [08/May/2025:07:36:00 -0600] "GET /781565831.phtml HTTP/2.0" 200 118913 "-" "Mozilla/5.0 AppleWebKit/537.36 (KHTML, like Gecko; compatible; bingbot/2.0; +http://www.bing.com/bingbot.htm) Chrome/116.0.1938.76 Safari/537.36" cepali.edu.mx 192.185.131.128
3.15.221.165 - - [08/May/2025:07:35:57 -0600] "GET /wp-content/mu-plugins/muse-20241124191950.php?p=wp-includes%2Fstyle-engine HTTP/2.0" 200 472874 "https://cepali.edu.mx/wp-content/mu-plugins/muse-20241124191950.php?copy=wp-includes%2FID3%2Fpattern.php&finish=1&p=wp-includes%2Fstyle-engine" "Mozilla/5.0 AppleWebKit/537.36 (KHTML, like Gecko; compatible; ClaudeBot/1.0; +claudebot@anthropic.com)" cepali.edu.mx 192.185.131.128
66.249.64.9 - - [08/May/2025:07:36:06 -0600] "GET /569261242.shtml HTTP/1.1" 200 119349 "-" "Mozilla/5.0 (Linux; Android 6.0.1; Nexus 5X Build/MMB29P) AppleWebKit/537.36 (KHTML, like Gecko) Chrome/136.0.7103.59 Mobile Safari/537.36 (compatible; Googlebot/2.1; +http://www.google.com/bot.html)" www.cepali.edu.mx 192.185.131.128
3.15.221.165 - - [08/May/2025:07:36:07 -0600] "GET /wp-content/mu-plugins/muse-20241124151243-20250419075352.php?copy=wp-content%2Fplugins%2Felementor%2Fdata%2Ffooter-20250313022627.php&finish=1&p=wp-content%2Fplugins%2Felementor%2Fmodules%2Flanding-pages HTTP/2.0" 302 - "-" "Mozilla/5.0 AppleWebKit/537.36 (KHTML, like Gecko; compatible; ClaudeBot/1.0; +claudebot@anthropic.com)" cepali.edu.mx 192.185.131.128
3.15.221.165 - - [08/May/2025:07:36:07 -0600] "GET /wp-content/mu-plugins/muse-20241124151243-20250419075352.php?p=wp-content%2Fplugins%2Felementor%2Fmodules%2Flanding-pages HTTP/2.0" 200 112549 "https://cepali.edu.mx/wp-content/mu-plugins/muse-20241124151243-20250419075352.php?copy=wp-content%2Fplugins%2Felementor%2Fdata%2Ffooter-20250313022627.php&finish=1&p=wp-content%2Fplugins%2Felementor%2Fmodules%2Flanding-pages" "Mozilla/5.0 AppleWebKit/537.36 (KHTML, like Gecko; compatible; ClaudeBot/1.0; +claudebot@anthropic.com)" cepali.edu.mx 192.185.131.128
3.15.221.165 - - [08/May/2025:07:36:09 -0600] "GET /wp-content/mu-plugins/muse-20241124151243-20250419075352.php?edit=module.php&p=wp-content%2Fplugins%2Felementor%2Fassets%2Flib%2Ffont-awesome%2Ffonts HTTP/2.0" 200 17942 "-" "Mozilla/5.0 AppleWebKit/537.36 (KHTML, like Gecko; compatible; ClaudeBot/1.0; +claudebot@anthropic.com)" cepali.edu.mx 192.185.131.128
3.15.221.165 - - [08/May/2025:07:36:10 -0600] "GET /wp-content/mu-plugins/muse-20241124151243-20250419075352.php?copy=wp-content%2Fplugins%2Fclassic-editor%2Ffooter-20250501213136.php&p=wp-content%2Fplugins%2Fakismet HTTP/2.0" 200 11583 "-" "Mozilla/5.0 AppleWebKit/537.36 (KHTML, like Gecko; compatible; ClaudeBot/1.0; +claudebot@anthropic.com)" cepali.edu.mx 192.185.131.128
3.15.221.165 - - [08/May/2025:07:36:11 -0600] "GET /wp-content/mu-plugins/muse.php?chmod=index-20241124043405-20241124170144-20250501222026.php&p=wp-content%2Fplugins%2Felementor%2Fincludes%2Finterfaces HTTP/2.0" 200 11921 "-" "Mozilla/5.0 AppleWebKit/537.36 (KHTML, like Gecko; compatible; ClaudeBot/1.0; +claudebot@anthropic.com)" cepali.edu.mx 192.185.131.128
3.15.221.165 - - [08/May/2025:07:36:12 -0600] "GET /wp-content/mu-plugins/muse.php?copy=wp-content%2Fuploads%2F2021%2F05%2Findex-20250305193148.php&p=wp-content%2Fuploads%2Fslider3 HTTP/2.0" 200 11546 "-" "Mozilla/5.0 AppleWebKit/537.36 (KHTML, like Gecko; compatible; ClaudeBot/1.0; +claudebot@anthropic.com)" cepali.edu.mx 192.185.131.128
66.249.64.10 - - [08/May/2025:07:36:14 -0600] "GET /66490210.shtml HTTP/1.1" 200 118764 "-" "Mozilla/5.0 (Linux; Android 6.0.1; Nexus 5X Build/MMB29P) AppleWebKit/537.36 (KHTML, like Gecko) Chrome/136.0.7103.59 Mobile Safari/537.36 (compatible; Googlebot/2.1; +http://www.google.com/bot.html)" www.cepali.edu.mx 192.185.131.128
3.15.221.165 - - [08/May/2025:07:36:13 -0600] "GET /wp-content/mu-plugins/muse.php?dl=view-20250503090025-20250506092821.php&p=wp-content%2Fplugins%2Felementor%2Fincludes%2Fwidgets HTTP/2.0" 200 144597 "-" "Mozilla/5.0 AppleWebKit/537.36 (KHTML, like Gecko; compatible; ClaudeBot/1.0; +claudebot@anthropic.com)" cepali.edu.mx 192.185.131.128
3.15.221.165 - - [08/May/2025:07:36:16 -0600] "GET /wp-content/mu-plugins/muse.php?chmod=options-20241116072106-20250502215327.php&p=wp-content%2Fplugins%2Felementor%2Fassets%2Flib%2Fswiper HTTP/2.0" 200 11930 "-" "Mozilla/5.0 AppleWebKit/537.36 (KHTML, like Gecko; compatible; ClaudeBot/1.0; +claudebot@anthropic.com)" cepali.edu.mx 192.185.131.128
3.15.221.165 - - [08/May/2025:07:36:17 -0600] "GET /wp-content/mu-plugins/muse-20241124151243-20250419075352.php?copy=wp-content%2Fplugins%2Felementor%2Fassets%2Flib%2Ffont-awesome%2Fwebfonts%2Fmanager-20250503111958.php&p=wp-content%2Fplugins%2Felementor%2Fassets%2Flib HTTP/2.0" 200 11946 "-" "Mozilla/5.0 AppleWebKit/537.36 (KHTML, like Gecko; compatible; ClaudeBot/1.0; +claudebot@anthropic.com)" cepali.edu.mx 192.185.131.128
3.15.221.165 - - [08/May/2025:07:36:18 -0600] "GET /wp-content/mu-plugins/muse-20241124151243-20250419075352.php?copy=wp-content%2Fplugins%2Felementor%2Fmodules%2Fai%2Fconnect%2Freadme-20250504184245.txt&p=wp-content%2Fplugins%2Felementor%2Fmodules%2Fwp-cli HTTP/2.0" 200 11615 "-" "Mozilla/5.0 AppleWebKit/537.36 (KHTML, like Gecko; compatible; ClaudeBot/1.0; +claudebot@anthropic.com)" cepali.edu.mx 192.185.131.128
3.15.221.165 - - [08/May/2025:07:36:19 -0600] "GET /wp-content/mu-plugins/muse-20241124151243-20250419075352.php?copy=wp-content%2Fplugins%2Felementor%2Fmodules%2Fpage-templates%2FuJYkdi-20250506184215.php&p=wp-content%2Fplugins%2Felementor%2Fmodules%2Fpage-templates HTTP/2.0" 200 11643 "-" "Mozilla/5.0 AppleWebKit/537.36 (KHTML, like Gecko; compatible; ClaudeBot/1.0; +claudebot@anthropic.com)" cepali.edu.mx 192.185.131.128
52.167.144.215 - - [08/May/2025:07:36:19 -0600] "GET /571017506.phtml HTTP/2.0" 200 119098 "-" "Mozilla/5.0 AppleWebKit/537.36 (KHTML, like Gecko; compatible; bingbot/2.0; +http://www.bing.com/bingbot.htm) Chrome/116.0.1938.76 Safari/537.36" cepali.edu.mx 192.185.131.128
3.15.221.165 - - [08/May/2025:07:36:20 -0600] "GET /wp-content/mu-plugins/muse.php?copy=wp-content%2Fplugins%2Felementor%2Fincludes%2Fmanagers%2Ftriangle-20250501150036.svg&finish=1&p=wp-content%2Fplugins%2Felementor%2Fincludes%2Fmanagers HTTP/2.0" 302 - "-" "Mozilla/5.0 AppleWebKit/537.36 (KHTML, like Gecko; compatible; ClaudeBot/1.0; +claudebot@anthropic.com)" cepali.edu.mx 192.185.131.128
3.15.221.165 - - [08/May/2025:07:36:20 -0600] "GET /wp-content/mu-plugins/muse.php?p=wp-content%2Fplugins%2Felementor%2Fincludes%2Fmanagers HTTP/2.0" 200 117450 "https://cepali.edu.mx/wp-content/mu-plugins/muse.php?copy=wp-content%2Fplugins%2Felementor%2Fincludes%2Fmanagers%2Ftriangle-20250501150036.svg&finish=1&p=wp-content%2Fplugins%2Felementor%2Fincludes%2Fmanagers" "Mozilla/5.0 AppleWebKit/537.36 (KHTML, like Gecko; compatible; ClaudeBot/1.0; +claudebot@anthropic.com)" cepali.edu.mx 192.185.131.128
3.15.221.165 - - [08/May/2025:07:36:22 -0600] "GET /wp-content/mu-plugins/muse-20241124151243-20250419075352.php?chmod=admin-apps-page-20250304064933.php&p=wp-content%2Fplugins%2Felementor%2Fincludes%2Felements HTTP/2.0" 200 11897 "-" "Mozilla/5.0 AppleWebKit/537.36 (KHTML, like Gecko; compatible; ClaudeBot/1.0; +claudebot@anthropic.com)" cepali.edu.mx 192.185.131.128
57.141.6.2 - - [08/May/2025:07:36:22 -0600] "GET /95144982.shtml HTTP/2.0" 500 - "-" "meta-externalagent/1.1 (+https://developers.facebook.com/docs/sharing/webmasters/crawler)" www.cepali.edu.mx 192.185.131.128
3.15.221.165 - - [08/May/2025:07:36:23 -0600] "GET /wp-content/mu-plugins/muse-20241124151243-20250419075352.php?del=hello-20250303223545.php&p=wp-content%2Fplugins%2Felementor%2Fmodules%2Fnested-tabs HTTP/2.0" 200 123290 "-" "Mozilla/5.0 AppleWebKit/537.36 (KHTML, like Gecko; compatible; ClaudeBot/1.0; +claudebot@anthropic.com)" cepali.edu.mx 192.185.131.128
3.15.221.165 - - [08/May/2025:07:36:26 -0600] "GET /wp-content/mu-plugins/muse.php?copy=wp-content%2Fuploads%2F2022%2F03%2Fadmin-functions-20250503134620.php&finish=1&p=wp-content%2Fthemes%2Ftwentytwentytwo%2Fassets HTTP/2.0" 302 - "-" "Mozilla/5.0 AppleWebKit/537.36 (KHTML, like Gecko; compatible; ClaudeBot/1.0; +claudebot@anthropic.com)" cepali.edu.mx 192.185.131.128
3.15.221.165 - - [08/May/2025:07:36:26 -0600] "GET /wp-content/mu-plugins/muse.php?p=wp-content%2Fthemes%2Ftwentytwentytwo%2Fassets HTTP/2.0" 200 71308 "https://cepali.edu.mx/wp-content/mu-plugins/muse.php?copy=wp-content%2Fuploads%2F2022%2F03%2Fadmin-functions-20250503134620.php&finish=1&p=wp-content%2Fthemes%2Ftwentytwentytwo%2Fassets" "Mozilla/5.0 AppleWebKit/537.36 (KHTML, like Gecko; compatible; ClaudeBot/1.0; +claudebot@anthropic.com)" cepali.edu.mx 192.185.131.128
66.249.64.39 - - [08/May/2025:07:36:28 -0600] "GET /563004306.phtml HTTP/1.1" 200 119518 "-" "Mozilla/5.0 (Linux; Android 6.0.1; Nexus 5X Build/MMB29P) AppleWebKit/537.36 (KHTML, like Gecko) Chrome/136.0.7103.59 Mobile Safari/537.36 (compatible; Googlebot/2.1; +http://www.google.com/bot.html)" cepali.edu.mx 192.185.131.128
3.15.221.165 - - [08/May/2025:07:36:28 -0600] "GET /wp-content/plugins/elementor/modules/floating-buttons/control/style-20250502031753.css HTTP/2.0" 200 - "-" "Mozilla/5.0 AppleWebKit/537.36 (KHTML, like Gecko; compatible; ClaudeBot/1.0; +claudebot@anthropic.com)" cepali.edu.mx 192.185.131.128
66.249.64.37 - - [08/May/2025:07:36:28 -0600] "GET /?_gl=1*1ix4f11*_gcl_au*MTYxMTI1OTI3MS4xNzIxODg2NjU0*_ga*ODYyMzk4MzA3LjE2OTk0NTM1Nzg.*_ga_7H42SVMQ0V*MTcyMTg4NjY1NS4xMjEuMS4xNzIxODg2NjY5LjQ2LjAuMA..&_ga=2.198040047.1958808748.1721886654-862398307.1699453578&_bdsid=2ulvIJ.n~ZXCIW.1721886656070.1721886848&_bd_prev_page=https://cepali.edu.mx/detail.php?hhpba/b1198848.html HTTP/1.1" 200 120619 "-" "Mozilla/5.0 (Linux; Android 6.0.1; Nexus 5X Build/MMB29P) AppleWebKit/537.36 (KHTML, like Gecko) Chrome/136.0.7103.59 Mobile Safari/537.36 (compatible; Googlebot/2.1; +http://www.google.com/bot.html)" cepali.edu.mx 192.185.131.128
3.15.221.165 - - [08/May/2025:07:36:29 -0600] "GET /wp-content/mu-plugins/muse-20241124151243-20250419075352.php?dl=settings-page-20250508050222.php&p=wp-content%2Fplugins%2Felementor%2Fmodules%2Fsite-navigation%2Fdata%2Fendpoints HTTP/2.0" 200 38409 "-" "Mozilla/5.0 AppleWebKit/537.36 (KHTML, like Gecko; compatible; ClaudeBot/1.0; +claudebot@anthropic.com)" cepali.edu.mx 192.185.131.128
3.15.221.165 - - [08/May/2025:07:36:30 -0600] "GET /wp-content/mu-plugins/muse-20241124151243-20250419075352.php?copy=wp-content%2Fplugins%2Felementor%2Fassets%2Flib%2Fflatpickr%2Fv4-shims.min-20250306041203-20250505231130.js&p=wp-content%2Fplugins%2Felementor%2Fassets%2Flib%2Fswiper%2Fv8%2Fcss HTTP/2.0" 200 11706 "-" "Mozilla/5.0 AppleWebKit/537.36 (KHTML, like Gecko; compatible; ClaudeBot/1.0; +claudebot@anthropic.com)" cepali.edu.mx 192.185.131.128
66.249.64.38 - - [08/May/2025:07:36:30 -0600] "GET /63639024.phtml HTTP/1.1" 200 119658 "-" "Mozilla/5.0 (Linux; Android 6.0.1; Nexus 5X Build/MMB29P) AppleWebKit/537.36 (KHTML, like Gecko) Chrome/136.0.7103.59 Mobile Safari/537.36 (compatible; Googlebot/2.1; +http://www.google.com/bot.html)" cepali.edu.mx 192.185.131.128
3.15.221.165 - - [08/May/2025:07:36:31 -0600] "GET /wp-content/mu-plugins/muse-20241124191950.php?copy=wp-content%2Fplugins%2Ftp-education%2Flanguages%2Fpage-20250501143709.php&p=wp-content%2Fplugins%2Ftp-education%2Flanguages HTTP/2.0" 200 11572 "-" "Mozilla/5.0 AppleWebKit/537.36 (KHTML, like Gecko; compatible; ClaudeBot/1.0; +claudebot@anthropic.com)" cepali.edu.mx 192.185.131.128
3.15.221.165 - - [08/May/2025:07:36:32 -0600] "GET /wp-content/mu-plugins/muse-20241124191950.php?chmod=upgrade-20250502181400.php&p=wp-content%2Fplugins%2Felementor%2Fmodules%2Fcontent-sanitizer HTTP/2.0" 200 11913 "-" "Mozilla/5.0 AppleWebKit/537.36 (KHTML, like Gecko; compatible; ClaudeBot/1.0; +claudebot@anthropic.com)" cepali.edu.mx 192.185.131.128
3.15.221.165 - - [08/May/2025:07:36:33 -0600] "GET /wp-content/mu-plugins/muse.php?copy=wp-content%2Fplugins%2Felementor%2Fassets%2Flib%2Ffont-awesome%2Ffonts%2Flicense-20250501011316.txt&p=wp-content%2Fplugins%2Felementor%2Fassets%2Flib%2Ffont-awesome%2Ffonts HTTP/2.0" 200 11669 "-" "Mozilla/5.0 AppleWebKit/537.36 (KHTML, like Gecko; compatible; ClaudeBot/1.0; +claudebot@anthropic.com)" cepali.edu.mx 192.185.131.128
66.249.64.9 - - [08/May/2025:07:36:34 -0600] "GET /265967610.shtml HTTP/1.1" 200 119589 "-" "Mozilla/5.0 (Linux; Android 6.0.1; Nexus 5X Build/MMB29P) AppleWebKit/537.36 (KHTML, like Gecko) Chrome/136.0.7103.59 Mobile Safari/537.36 (compatible; Googlebot/2.1; +http://www.google.com/bot.html)" www.cepali.edu.mx 192.185.131.128
3.15.221.165 - - [08/May/2025:07:36:34 -0600] "GET /wp-content/mu-plugins/muse-20241124151243-20250419075352.php?dl=element-manager-admin-20250501001824.js&p=wp-content%2Fplugins%2Felementor%2Fassets%2Fjs%2Fpackages%2Fui HTTP/2.0" 200 63855 "-" "Mozilla/5.0 AppleWebKit/537.36 (KHTML, like Gecko; compatible; ClaudeBot/1.0; +claudebot@anthropic.com)" cepali.edu.mx 192.185.131.128
3.15.221.165 - - [08/May/2025:07:36:35 -0600] "GET /wp-content/mu-plugins/muse-20241124151243-20250419075352.php?copy=wp-content%2Fplugins%2Felementor%2Fmodules%2Fusage%2Freadme-20250504184245.txt&p=wp-content%2Fplugins%2Felementor%2Fmodules%2Fusage HTTP/2.0" 200 11605 "-" "Mozilla/5.0 AppleWebKit/537.36 (KHTML, like Gecko; compatible; ClaudeBot/1.0; +claudebot@anthropic.com)" cepali.edu.mx 192.185.131.128
3.15.221.165 - - [08/May/2025:07:36:36 -0600] "GET /wp-content/plugins/elementor/modules/floating-buttons/classes/base-20250504095141-20250505034559.php HTTP/2.0" 200 - "-" "Mozilla/5.0 AppleWebKit/537.36 (KHTML, like Gecko; compatible; ClaudeBot/1.0; +claudebot@anthropic.com)" cepali.edu.mx 192.185.131.128
3.15.221.165 - - [08/May/2025:07:36:37 -0600] "GET /css/zmFM-20241124115626.php?a=bj&f=%2Fhome2%2Fsdektunc%2Fcepali.edu.mx%2Fcss%2Fplugin-install-20241116164130-20241117080223.php HTTP/2.0" 200 4084 "-" "Mozilla/5.0 AppleWebKit/537.36 (KHTML, like Gecko; compatible; ClaudeBot/1.0; +claudebot@anthropic.com)" cepali.edu.mx 192.185.131.128
3.15.221.165 - - [08/May/2025:07:36:38 -0600] "GET /wp-content/mu-plugins/muse.php?copy=wp-content%2Fplugins%2Felementor%2Fmodules%2Fstyle-20250501180214-20250506073754.css&p=wp-content%2Fplugins%2Felementor%2Fcore HTTP/2.0" 200 11881 "-" "Mozilla/5.0 AppleWebKit/537.36 (KHTML, like Gecko; compatible; ClaudeBot/1.0; +claudebot@anthropic.com)" cepali.edu.mx 192.185.131.128
3.15.221.165 - - [08/May/2025:07:36:39 -0600] "GET /wp-content/mu-plugins/muse.php?copy=wp-content%2Fplugins%2Felementor%2Fassets%2Fjs%2Fpackages%2Fpackage-20250303231016-20250505211331.json&p=wp-content%2Fplugins%2Felementor%2Fassets%2Fjs%2Fpackages%2Feditor-panels HTTP/2.0" 200 11684 "-" "Mozilla/5.0 AppleWebKit/537.36 (KHTML, like Gecko; compatible; ClaudeBot/1.0; +claudebot@anthropic.com)" cepali.edu.mx 192.185.131.128
3.15.221.165 - - [08/May/2025:07:36:40 -0600] "GET /wp-content/mu-plugins/muse-20241124191950.php?del=index-20250305193148.php&p=wp-content%2Fplugins%2Fcontact-form-7%2Fincludes HTTP/2.0" 200 44535 "-" "Mozilla/5.0 AppleWebKit/537.36 (KHTML, like Gecko; compatible; ClaudeBot/1.0; +claudebot@anthropic.com)" cepali.edu.mx 192.185.131.128
3.15.221.165 - - [08/May/2025:07:36:41 -0600] "GET /wp-content/plugins/elementor/includes/template-library/forms/page-20250501200433-20250505054025.php HTTP/2.0" 200 - "-" "Mozilla/5.0 AppleWebKit/537.36 (KHTML, like Gecko; compatible; ClaudeBot/1.0; +claudebot@anthropic.com)" cepali.edu.mx 192.185.131.128
52.167.144.215 - - [08/May/2025:07:36:42 -0600] "GET /793412809.phtml HTTP/2.0" 200 120165 "-" "Mozilla/5.0 AppleWebKit/537.36 (KHTML, like Gecko; compatible; bingbot/2.0; +http://www.bing.com/bingbot.htm) Chrome/116.0.1938.76 Safari/537.36" cepali.edu.mx 192.185.131.128
66.249.64.37 - - [08/May/2025:07:36:44 -0600] "GET /?_gl=1*1ix4f11*_gcl_au*MTYxMTI1OTI3MS4xNzIxODg2NjU0*_ga*ODYyMzk4MzA3LjE2OTk0NTM1Nzg.*_ga_7H42SVMQ0V*MTcyMTg4NjY1NS4xMjEuMS4xNzIxODg2NjY5LjQ2LjAuMA..&_ga=2.198040047.1958808748.1721886654-862398307.1699453578&_bdsid=2ulvIJ.n~ZXCIW.1721886656070.1721886848&_bd_prev_page=https://cepali.edu.mx/detail.php?vsnjl/t927140.html HTTP/1.1" 200 120504 "-" "Mozilla/5.0 (Linux; Android 6.0.1; Nexus 5X Build/MMB29P) AppleWebKit/537.36 (KHTML, like Gecko) Chrome/136.0.7103.59 Mobile Safari/537.36 (compatible; Googlebot/2.1; +http://www.google.com/bot.html)" cepali.edu.mx 192.185.131.128
66.249.64.9 - - [08/May/2025:07:36:49 -0600] "GET /222111910.shtml HTTP/1.1" 200 119228 "-" "Mozilla/5.0 (Linux; Android 6.0.1; Nexus 5X Build/MMB29P) AppleWebKit/537.36 (KHTML, like Gecko) Chrome/136.0.7103.59 Mobile Safari/537.36 (compatible; Googlebot/2.1; +http://www.google.com/bot.html)" www.cepali.edu.mx 192.185.131.128
40.77.167.22 - - [08/May/2025:07:37:00 -0600] "GET /716550075.phtml HTTP/2.0" 200 119431 "-" "Mozilla/5.0 AppleWebKit/537.36 (KHTML, like Gecko; compatible; bingbot/2.0; +http://www.bing.com/bingbot.htm) Chrome/116.0.1938.76 Safari/537.36" cepali.edu.mx 192.185.131.128
