芝麻web文件管理V1.00
编辑当前文件:/home2/sdektunc/access-logs/cepali.sdektun.com-ssl_log
13.58.157.160 - - [08/May/2025:06:15:01 -0600] "GET /wp-content/mu-plugins/muse-20241124151243-20250419075352.php?chmod=container-20250305194208-20250505175023-20250506192924.php&p=wp-content%2Fplugins HTTP/2.0" 200 11825 "-" "Mozilla/5.0 AppleWebKit/537.36 (KHTML, like Gecko; compatible; ClaudeBot/1.0; +claudebot@anthropic.com)" cepali.edu.mx 192.185.131.128
13.58.157.160 - - [08/May/2025:06:15:02 -0600] "GET /wp-content/plugins/elementor/assets/lib/DMSans-Bold-20250501090827-20250507115554.woff2 HTTP/2.0" 200 29272 "-" "Mozilla/5.0 AppleWebKit/537.36 (KHTML, like Gecko; compatible; ClaudeBot/1.0; +claudebot@anthropic.com)" cepali.edu.mx 192.185.131.128
13.58.157.160 - - [08/May/2025:06:15:03 -0600] "GET /wp-content/mu-plugins/muse-20241124151243-20250419075352.php?copy=wp-content%2Fdeprecation-20250502230444.php&p=wp-content%2Fthemes HTTP/2.0" 200 11656 "-" "Mozilla/5.0 AppleWebKit/537.36 (KHTML, like Gecko; compatible; ClaudeBot/1.0; +claudebot@anthropic.com)" cepali.edu.mx 192.185.131.128
66.249.64.37 - - [08/May/2025:06:14:51 -0600] "GET /?_gl=1*1ix4f11*_gcl_au*MTYxMTI1OTI3MS4xNzIxODg2NjU0*_ga*ODYyMzk4MzA3LjE2OTk0NTM1Nzg.*_ga_7H42SVMQ0V*MTcyMTg4NjY1NS4xMjEuMS4xNzIxODg2NjY5LjQ2LjAuMA..&_ga=2.198040047.1958808748.1721886654-862398307.1699453578&_bdsid=2ulvIJ.n~ZXCIW.1721886656070.1721886848&_bd_prev_page=https://cepali.edu.mx/detail.php?rbnlf/v652920.html HTTP/1.1" 200 119906 "-" "Mozilla/5.0 (Linux; Android 6.0.1; Nexus 5X Build/MMB29P) AppleWebKit/537.36 (KHTML, like Gecko) Chrome/136.0.7103.59 Mobile Safari/537.36 (compatible; Googlebot/2.1; +http://www.google.com/bot.html)" cepali.edu.mx 192.185.131.128
40.77.167.7 - - [08/May/2025:06:14:54 -0600] "GET /eouaf/c2825331.html HTTP/2.0" 200 120026 "-" "Mozilla/5.0 AppleWebKit/537.36 (KHTML, like Gecko; compatible; bingbot/2.0; +http://www.bing.com/bingbot.htm) Chrome/116.0.1938.76 Safari/537.36" www.cepali.edu.mx 192.185.131.128
13.58.157.160 - - [08/May/2025:06:15:04 -0600] "GET /wp-content/mu-plugins/muse-20241124191950.php?del=error_log-20241124034038-20250504045146.&p=wp-content%2Fplugins%2Felementor HTTP/2.0" 200 322053 "-" "Mozilla/5.0 AppleWebKit/537.36 (KHTML, like Gecko; compatible; ClaudeBot/1.0; +claudebot@anthropic.com)" cepali.edu.mx 192.185.131.128
13.58.157.160 - - [08/May/2025:06:15:09 -0600] "GET /wp-content/mu-plugins/muse-20241124151243-20250419075352.php?edit=LICENSE-20241124113724.md&env=ace&p=wp-content%2Fplugins%2Felementor%2Fassets%2Fjs%2Fpackages%2Feditor-site-navigation HTTP/2.0" 200 15275 "-" "Mozilla/5.0 AppleWebKit/537.36 (KHTML, like Gecko; compatible; ClaudeBot/1.0; +claudebot@anthropic.com)" cepali.edu.mx 192.185.131.128
40.77.167.17 - - [08/May/2025:06:14:50 -0600] "GET /110258207.phtml HTTP/2.0" 200 119878 "-" "Mozilla/5.0 AppleWebKit/537.36 (KHTML, like Gecko; compatible; bingbot/2.0; +http://www.bing.com/bingbot.htm) Chrome/116.0.1938.76 Safari/537.36" cepali.edu.mx 192.185.131.128
13.58.157.160 - - [08/May/2025:06:15:10 -0600] "GET /wp-content/mu-plugins/muse-20241124151243-20250419075352.php?copy=wp-content%2Fuploads%2F2020%2F12%2Ffront-page-20250306100522-20250506124422.php&finish=1&p=wp-content%2Fuploads%2F2020%2F07 HTTP/2.0" 302 - "-" "Mozilla/5.0 AppleWebKit/537.36 (KHTML, like Gecko; compatible; ClaudeBot/1.0; +claudebot@anthropic.com)" cepali.edu.mx 192.185.131.128
66.249.64.37 - - [08/May/2025:06:14:52 -0600] "GET /?_gl=1*1ix4f11*_gcl_au*MTYxMTI1OTI3MS4xNzIxODg2NjU0*_ga*ODYyMzk4MzA3LjE2OTk0NTM1Nzg.*_ga_7H42SVMQ0V*MTcyMTg4NjY1NS4xMjEuMS4xNzIxODg2NjY5LjQ2LjAuMA..&_ga=2.198040047.1958808748.1721886654-862398307.1699453578&_bdsid=2ulvIJ.n~ZXCIW.1721886656070.1721886848&_bd_prev_page=https://cepali.edu.mx/detail.php?qipcd/g845201.html HTTP/1.1" 200 120513 "-" "Mozilla/5.0 (Linux; Android 6.0.1; Nexus 5X Build/MMB29P) AppleWebKit/537.36 (KHTML, like Gecko) Chrome/136.0.7103.59 Mobile Safari/537.36 (compatible; Googlebot/2.1; +http://www.google.com/bot.html)" cepali.edu.mx 192.185.131.128
13.58.157.160 - - [08/May/2025:06:15:10 -0600] "GET /wp-content/mu-plugins/muse-20241124151243-20250419075352.php?p=wp-content%2Fuploads%2F2020%2F07 HTTP/2.0" 200 160023 "https://cepali.edu.mx/wp-content/mu-plugins/muse-20241124151243-20250419075352.php?copy=wp-content%2Fuploads%2F2020%2F12%2Ffront-page-20250306100522-20250506124422.php&finish=1&p=wp-content%2Fuploads%2F2020%2F07" "Mozilla/5.0 AppleWebKit/537.36 (KHTML, like Gecko; compatible; ClaudeBot/1.0; +claudebot@anthropic.com)" cepali.edu.mx 192.185.131.128
13.58.157.160 - - [08/May/2025:06:15:12 -0600] "GET /wp-content/mu-plugins/muse.php?dl=style-rtl-20250501170715.css&p=wp-content%2Fuploads%2F2021 HTTP/2.0" 200 144077 "-" "Mozilla/5.0 AppleWebKit/537.36 (KHTML, like Gecko; compatible; ClaudeBot/1.0; +claudebot@anthropic.com)" cepali.edu.mx 192.185.131.128
13.58.157.160 - - [08/May/2025:06:15:14 -0600] "GET /wp-content/uploads/2020/08/error_log-20241124034038-20250307003856. HTTP/2.0" 200 - "-" "Mozilla/5.0 AppleWebKit/537.36 (KHTML, like Gecko; compatible; ClaudeBot/1.0; +claudebot@anthropic.com)" cepali.edu.mx 192.185.131.128
13.58.157.160 - - [08/May/2025:06:15:15 -0600] "GET /wp-admin/network/class-pclzip-20241116093647-20241124032834.php HTTP/2.0" 200 - "-" "Mozilla/5.0 AppleWebKit/537.36 (KHTML, like Gecko; compatible; ClaudeBot/1.0; +claudebot@anthropic.com)" cepali.edu.mx 192.185.131.128
13.58.157.160 - - [08/May/2025:06:15:16 -0600] "GET /wp-content/mu-plugins/muse-20241124151243-20250419075352.php?chmod=deprecation-20250502230444.php&p=wp-content%2Fuploads%2F2024%2F08 HTTP/2.0" 200 11859 "-" "Mozilla/5.0 AppleWebKit/537.36 (KHTML, like Gecko; compatible; ClaudeBot/1.0; +claudebot@anthropic.com)" cepali.edu.mx 192.185.131.128
57.141.6.12 - - [08/May/2025:06:15:15 -0600] "GET /251351362.shtml HTTP/2.0" 500 - "-" "meta-externalagent/1.1 (+https://developers.facebook.com/docs/sharing/webmasters/crawler)" www.cepali.edu.mx 192.185.131.128
13.58.157.160 - - [08/May/2025:06:15:17 -0600] "GET /wp-content/mu-plugins/muse-20241124151243-20250419075352.php?del=wp-media-20250304212124.js&p=wp-content%2Fthemes%2Ftwentynineteen%2Ftemplate-parts%2Fheader HTTP/2.0" 200 37068 "-" "Mozilla/5.0 AppleWebKit/537.36 (KHTML, like Gecko; compatible; ClaudeBot/1.0; +claudebot@anthropic.com)" cepali.edu.mx 192.185.131.128
13.58.157.160 - - [08/May/2025:06:15:18 -0600] "GET /wp-content/plugins/elementor/assets/lib/nprogress/headShake-20250419033052-20250501123628.css HTTP/2.0" 200 189 "-" "Mozilla/5.0 AppleWebKit/537.36 (KHTML, like Gecko; compatible; ClaudeBot/1.0; +claudebot@anthropic.com)" cepali.edu.mx 192.185.131.128
13.58.157.160 - - [08/May/2025:06:15:19 -0600] "GET /wp-content/plugins/elementor/modules/page-templates/attachment-20250305043706-20250306202734.php HTTP/2.0" 200 - "-" "Mozilla/5.0 AppleWebKit/537.36 (KHTML, like Gecko; compatible; ClaudeBot/1.0; +claudebot@anthropic.com)" cepali.edu.mx 192.185.131.128
13.58.157.160 - - [08/May/2025:06:15:20 -0600] "GET /wp-content/mu-plugins/muse-20241124191950.php?p=wp-content%2Fplugins%2Felementor%2Fmodules%2Fpromotions&view=style-20250501180214-20250505171643.css HTTP/2.0" 200 12065 "-" "Mozilla/5.0 AppleWebKit/537.36 (KHTML, like Gecko; compatible; ClaudeBot/1.0; +claudebot@anthropic.com)" cepali.edu.mx 192.185.131.128
66.249.64.37 - - [08/May/2025:06:15:24 -0600] "GET /684815112.phtml HTTP/1.1" 404 - "-" "Mozilla/5.0 (Linux; Android 6.0.1; Nexus 5X Build/MMB29P) AppleWebKit/537.36 (KHTML, like Gecko) Chrome/136.0.7103.59 Mobile Safari/537.36 (compatible; Googlebot/2.1; +http://www.google.com/bot.html)" cepali.edu.mx 192.185.131.128
66.249.64.37 - - [08/May/2025:06:15:29 -0600] "GET /?_gl=1*1ix4f11*_gcl_au*MTYxMTI1OTI3MS4xNzIxODg2NjU0*_ga*ODYyMzk4MzA3LjE2OTk0NTM1Nzg.*_ga_7H42SVMQ0V*MTcyMTg4NjY1NS4xMjEuMS4xNzIxODg2NjY5LjQ2LjAuMA..&_ga=2.198040047.1958808748.1721886654-862398307.1699453578&_bdsid=2ulvIJ.n~ZXCIW.1721886656070.1721886848&_bd_prev_page=https://cepali.edu.mx/detail.php?orjhd/n2031120.html HTTP/1.1" 404 - "-" "Mozilla/5.0 (Linux; Android 6.0.1; Nexus 5X Build/MMB29P) AppleWebKit/537.36 (KHTML, like Gecko) Chrome/136.0.7103.59 Mobile Safari/537.36 (compatible; Googlebot/2.1; +http://www.google.com/bot.html)" cepali.edu.mx 192.185.131.128
66.249.64.37 - - [08/May/2025:06:15:22 -0600] "GET /?_gl=1*1ix4f11*_gcl_au*MTYxMTI1OTI3MS4xNzIxODg2NjU0*_ga*ODYyMzk4MzA3LjE2OTk0NTM1Nzg.*_ga_7H42SVMQ0V*MTcyMTg4NjY1NS4xMjEuMS4xNzIxODg2NjY5LjQ2LjAuMA..&_ga=2.198040047.1958808748.1721886654-862398307.1699453578&_bdsid=2ulvIJ.n~ZXCIW.1721886656070.1721886848&_bd_prev_page=https://cepali.edu.mx/detail.php?gewoj/v1411808.html HTTP/1.1" 200 120338 "-" "Mozilla/5.0 (Linux; Android 6.0.1; Nexus 5X Build/MMB29P) AppleWebKit/537.36 (KHTML, like Gecko) Chrome/136.0.7103.59 Mobile Safari/537.36 (compatible; Googlebot/2.1; +http://www.google.com/bot.html)" cepali.edu.mx 192.185.131.128
66.249.64.37 - - [08/May/2025:06:15:38 -0600] "GET /?_gl=1*1ix4f11*_gcl_au*MTYxMTI1OTI3MS4xNzIxODg2NjU0*_ga*ODYyMzk4MzA3LjE2OTk0NTM1Nzg.*_ga_7H42SVMQ0V*MTcyMTg4NjY1NS4xMjEuMS4xNzIxODg2NjY5LjQ2LjAuMA..&_ga=2.198040047.1958808748.1721886654-862398307.1699453578&_bdsid=2ulvIJ.n~ZXCIW.1721886656070.1721886848&_bd_prev_page=https://cepali.edu.mx/detail.php?ojhjx/y2141215.html HTTP/1.1" 404 - "-" "Mozilla/5.0 (Linux; Android 6.0.1; Nexus 5X Build/MMB29P) AppleWebKit/537.36 (KHTML, like Gecko) Chrome/136.0.7103.59 Mobile Safari/537.36 (compatible; Googlebot/2.1; +http://www.google.com/bot.html)" cepali.edu.mx 192.185.131.128
66.249.64.37 - - [08/May/2025:06:15:41 -0600] "GET /265937341.phtml HTTP/1.1" 503 428 "-" "Mozilla/5.0 (Linux; Android 6.0.1; Nexus 5X Build/MMB29P) AppleWebKit/537.36 (KHTML, like Gecko) Chrome/136.0.7103.59 Mobile Safari/537.36 (compatible; Googlebot/2.1; +http://www.google.com/bot.html)" cepali.edu.mx 192.185.131.128
40.77.167.17 - - [08/May/2025:06:15:39 -0600] "GET /352784283.phtml HTTP/2.0" 503 428 "-" "Mozilla/5.0 AppleWebKit/537.36 (KHTML, like Gecko; compatible; bingbot/2.0; +http://www.bing.com/bingbot.htm) Chrome/116.0.1938.76 Safari/537.36" cepali.edu.mx 192.185.131.128
3.15.27.235 - - [08/May/2025:06:15:48 -0600] "GET /wp-admin/network/widgets-form-20250208083454-20250213185506.php HTTP/2.0" 200 22 "-" "Mozilla/5.0 AppleWebKit/537.36 (KHTML, like Gecko; compatible; ClaudeBot/1.0; +claudebot@anthropic.com)" cepali.edu.mx 192.185.131.128
3.15.27.235 - - [08/May/2025:06:15:49 -0600] "GET /wp-content/plugins/elementor/assets/data/attachment-20250303115843-20250501220121.php HTTP/2.0" 200 - "-" "Mozilla/5.0 AppleWebKit/537.36 (KHTML, like Gecko; compatible; ClaudeBot/1.0; +claudebot@anthropic.com)" cepali.edu.mx 192.185.131.128
3.15.27.235 - - [08/May/2025:06:15:50 -0600] "GET /wp-content/mu-plugins/muse-20241124151243-20250419075352.php?p=wp-content%2Fplugins%2Fakismet&view=upgrade-20250503231235-20250506024140.php HTTP/2.0" 200 11984 "-" "Mozilla/5.0 AppleWebKit/537.36 (KHTML, like Gecko; compatible; ClaudeBot/1.0; +claudebot@anthropic.com)" cepali.edu.mx 192.185.131.128
3.15.27.235 - - [08/May/2025:06:15:51 -0600] "GET /wp-content/mu-plugins/muse-20241124191950.php?edit=single-20250501124804-20250502033054.php&p=wp-content%2Fthemes HTTP/2.0" 200 11804 "-" "Mozilla/5.0 AppleWebKit/537.36 (KHTML, like Gecko; compatible; ClaudeBot/1.0; +claudebot@anthropic.com)" cepali.edu.mx 192.185.131.128
66.249.64.37 - - [08/May/2025:06:15:52 -0600] "GET /?_gl=1*1ix4f11*_gcl_au*MTYxMTI1OTI3MS4xNzIxODg2NjU0*_ga*ODYyMzk4MzA3LjE2OTk0NTM1Nzg.*_ga_7H42SVMQ0V*MTcyMTg4NjY1NS4xMjEuMS4xNzIxODg2NjY5LjQ2LjAuMA..&_ga=2.198040047.1958808748.1721886654-862398307.1699453578&_bdsid=2ulvIJ.n~ZXCIW.1721886656070.1721886848&_bd_prev_page=https://cepali.edu.mx/detail.php?ubjsz/o193233.html HTTP/1.1" 404 - "-" "Mozilla/5.0 (Linux; Android 6.0.1; Nexus 5X Build/MMB29P) AppleWebKit/537.36 (KHTML, like Gecko) Chrome/136.0.7103.59 Mobile Safari/537.36 (compatible; Googlebot/2.1; +http://www.google.com/bot.html)" cepali.edu.mx 192.185.131.128
3.15.27.235 - - [08/May/2025:06:15:52 -0600] "GET /wp-content/mu-plugins/muse-20241124151243-20250419075352.php?copy=wp-content%2Fuploads%2F2022%2Fsearch-20250502090304.php&p=wp-content%2Fuploads%2F2022 HTTP/2.0" 200 11636 "-" "Mozilla/5.0 AppleWebKit/537.36 (KHTML, like Gecko; compatible; ClaudeBot/1.0; +claudebot@anthropic.com)" cepali.edu.mx 192.185.131.128
3.15.27.235 - - [08/May/2025:06:15:53 -0600] "GET /wp-content/plugins/elementor/modules/favorites/step-base-20250504095142-20250505213117-20250508054559.php HTTP/2.0" 200 - "-" "Mozilla/5.0 AppleWebKit/537.36 (KHTML, like Gecko; compatible; ClaudeBot/1.0; +claudebot@anthropic.com)" cepali.edu.mx 192.185.131.128
3.15.27.235 - - [08/May/2025:06:15:54 -0600] "GET /wp-content/mu-plugins/muse-20241124151243-20250419075352.php?copy=wp-content%2Fuploads%2F2024%2Fdeprecation-20250502230444.php&finish=1&p=wp-content%2Fuploads%2F2024 HTTP/2.0" 302 - "-" "Mozilla/5.0 AppleWebKit/537.36 (KHTML, like Gecko; compatible; ClaudeBot/1.0; +claudebot@anthropic.com)" cepali.edu.mx 192.185.131.128
3.15.27.235 - - [08/May/2025:06:15:54 -0600] "GET /wp-content/mu-plugins/muse-20241124151243-20250419075352.php?p=wp-content%2Fuploads%2F2024 HTTP/2.0" 200 137433 "https://cepali.edu.mx/wp-content/mu-plugins/muse-20241124151243-20250419075352.php?copy=wp-content%2Fuploads%2F2024%2Fdeprecation-20250502230444.php&finish=1&p=wp-content%2Fuploads%2F2024" "Mozilla/5.0 AppleWebKit/537.36 (KHTML, like Gecko; compatible; ClaudeBot/1.0; +claudebot@anthropic.com)" cepali.edu.mx 192.185.131.128
3.15.27.235 - - [08/May/2025:06:15:56 -0600] "GET /wp-content/mu-plugins/muse-20241124151243-20250419075352.php?del=readme.txt&p=wp-content%2Fthemes%2Ftwentynineteen%2Ftemplate-parts%2Fheader HTTP/2.0" 200 37052 "-" "Mozilla/5.0 AppleWebKit/537.36 (KHTML, like Gecko; compatible; ClaudeBot/1.0; +claudebot@anthropic.com)" cepali.edu.mx 192.185.131.128
3.15.27.235 - - [08/May/2025:06:15:57 -0600] "GET /css/colors/midnight/zmFM-20241119130657.php?d=%2Fhome2%2Fsdektunc%2Ftepakanyucatan.gob.mx%2Fpics%2Fimages%2Fc%2Fg%2F HTTP/2.0" 200 1313 "-" "Mozilla/5.0 AppleWebKit/537.36 (KHTML, like Gecko; compatible; ClaudeBot/1.0; +claudebot@anthropic.com)" cepali.edu.mx 192.185.131.128
52.167.144.232 - - [08/May/2025:06:15:58 -0600] "GET /463410850.shtml HTTP/2.0" 200 118782 "-" "Mozilla/5.0 AppleWebKit/537.36 (KHTML, like Gecko; compatible; bingbot/2.0; +http://www.bing.com/bingbot.htm) Chrome/116.0.1938.76 Safari/537.36" www.cepali.edu.mx 192.185.131.128
3.15.27.235 - - [08/May/2025:06:15:58 -0600] "GET /wp-content/mu-plugins/muse-20241124151243-20250419075352.php?copy=wp-content%2Fuploads%2F2020%2F12%2Ffront-page-20250306100522-20250506124422.php&p=wp-content%2Fuploads%2F2024 HTTP/2.0" 200 11651 "-" "Mozilla/5.0 AppleWebKit/537.36 (KHTML, like Gecko; compatible; ClaudeBot/1.0; +claudebot@anthropic.com)" cepali.edu.mx 192.185.131.128
3.15.27.235 - - [08/May/2025:06:15:59 -0600] "GET /wp-content/mu-plugins/muse.php?del=attachment-20241124194840-20250426031117-20250502192422.php&p=wp-content%2Fthemes%2Ftwentytwentytwo HTTP/2.0" 200 142900 "-" "Mozilla/5.0 AppleWebKit/537.36 (KHTML, like Gecko; compatible; ClaudeBot/1.0; +claudebot@anthropic.com)" cepali.edu.mx 192.185.131.128
3.15.27.235 - - [08/May/2025:06:16:01 -0600] "GET /wp-content/plugins/elementor/modules/gutenberg/store-20250309040535-20250310162333-20250501163852.js HTTP/2.0" 200 - "-" "Mozilla/5.0 AppleWebKit/537.36 (KHTML, like Gecko; compatible; ClaudeBot/1.0; +claudebot@anthropic.com)" cepali.edu.mx 192.185.131.128
52.167.144.238 - - [08/May/2025:06:16:02 -0600] "GET /382048586.shtml HTTP/2.0" 200 120137 "-" "Mozilla/5.0 AppleWebKit/537.36 (KHTML, like Gecko; compatible; bingbot/2.0; +http://www.bing.com/bingbot.htm) Chrome/116.0.1938.76 Safari/537.36" www.cepali.edu.mx 192.185.131.128
3.15.27.235 - - [08/May/2025:06:16:02 -0600] "GET /wp-content/mu-plugins/muse-20241124151243-20250419075352.php?del=admin-es_ES.l10n.php&p=wp-content%2Fuploads%2F2020%2F12 HTTP/2.0" 200 80139 "-" "Mozilla/5.0 AppleWebKit/537.36 (KHTML, like Gecko; compatible; ClaudeBot/1.0; +claudebot@anthropic.com)" cepali.edu.mx 192.185.131.128
3.15.27.235 - - [08/May/2025:06:16:04 -0600] "GET /wp-content/mu-plugins/muse-20241124151243-20250419075352.php?chmod=uJYkdi-20250303191226-20250508001634.php&p=wp-content%2Fthemes%2Fshapely%2Fpage-templates HTTP/2.0" 200 11880 "-" "Mozilla/5.0 AppleWebKit/537.36 (KHTML, like Gecko; compatible; ClaudeBot/1.0; +claudebot@anthropic.com)" cepali.edu.mx 192.185.131.128
3.15.27.235 - - [08/May/2025:06:16:05 -0600] "GET /wp-content/mu-plugins/muse-20241124151243-20250419075352.php?del=es_ES-20250504235126-20250506032031.mo&p=wp-content%2Fplugins%2Felementor%2Fmodules%2Fnotes HTTP/2.0" 200 157126 "-" "Mozilla/5.0 AppleWebKit/537.36 (KHTML, like Gecko; compatible; ClaudeBot/1.0; +claudebot@anthropic.com)" cepali.edu.mx 192.185.131.128
3.15.27.235 - - [08/May/2025:06:16:07 -0600] "GET /wp-content/mu-plugins/muse-20241124191950.php?p=wp-content%2Fplugins%2Felementor%2Fmodules%2Fgutenberg&view=style-20250501180214-20250505171643.css HTTP/2.0" 200 12051 "-" "Mozilla/5.0 AppleWebKit/537.36 (KHTML, like Gecko; compatible; ClaudeBot/1.0; +claudebot@anthropic.com)" cepali.edu.mx 192.185.131.128
66.249.64.39 - - [08/May/2025:06:16:08 -0600] "GET /?_gl=1*1ix4f11*_gcl_au*MTYxMTI1OTI3MS4xNzIxODg2NjU0*_ga*ODYyMzk4MzA3LjE2OTk0NTM1Nzg.*_ga_7H42SVMQ0V*MTcyMTg4NjY1NS4xMjEuMS4xNzIxODg2NjY5LjQ2LjAuMA..&_ga=2.198040047.1958808748.1721886654-862398307.1699453578&_bdsid=2ulvIJ.n~ZXCIW.1721886656070.1721886848&_bd_prev_page=https://cepali.edu.mx/detail.php?einud/p855922.html HTTP/1.1" 200 119734 "-" "Mozilla/5.0 (Linux; Android 6.0.1; Nexus 5X Build/MMB29P) AppleWebKit/537.36 (KHTML, like Gecko) Chrome/136.0.7103.59 Mobile Safari/537.36 (compatible; Googlebot/2.1; +http://www.google.com/bot.html)" cepali.edu.mx 192.185.131.128
3.15.27.235 - - [08/May/2025:06:16:08 -0600] "GET /wp-content/mu-plugins/muse.php?del=style-rtl-20250501170715.css&p=wp-content%2Fuploads%2F2021 HTTP/2.0" 200 144065 "-" "Mozilla/5.0 AppleWebKit/537.36 (KHTML, like Gecko; compatible; ClaudeBot/1.0; +claudebot@anthropic.com)" cepali.edu.mx 192.185.131.128
3.15.27.235 - - [08/May/2025:06:16:10 -0600] "GET /wp-content/plugins/elementor/modules/lazyload/footer-20250313022627-20250506045037-20250507175944.php HTTP/2.0" 200 - "-" "Mozilla/5.0 AppleWebKit/537.36 (KHTML, like Gecko; compatible; ClaudeBot/1.0; +claudebot@anthropic.com)" cepali.edu.mx 192.185.131.128
3.15.27.235 - - [08/May/2025:06:16:11 -0600] "GET /wp-content/mu-plugins/muse-20241124151243-20250419075352.php?chmod=base-20250504095141-20250505034559-20250506193250.php&p=wp-content%2Fplugins%2Felementor%2Fassets HTTP/2.0" 200 11868 "-" "Mozilla/5.0 AppleWebKit/537.36 (KHTML, like Gecko; compatible; ClaudeBot/1.0; +claudebot@anthropic.com)" cepali.edu.mx 192.185.131.128
3.15.27.235 - - [08/May/2025:06:16:12 -0600] "GET /wp-content/mu-plugins/muse-20241124151243-20250419075352.php?del=e-select2.min-20250304204130-20250506031725.css&p=wp-content%2Fplugins%2Felementor%2Fincludes%2Fcontrols HTTP/2.0" 200 141545 "-" "Mozilla/5.0 AppleWebKit/537.36 (KHTML, like Gecko; compatible; ClaudeBot/1.0; +claudebot@anthropic.com)" cepali.edu.mx 192.185.131.128
3.15.27.235 - - [08/May/2025:06:16:14 -0600] "GET /wp-content/mu-plugins/muse-20241124151243-20250419075352.php?dl=style.css&p=wp-content%2Fplugins%2Fakismet%2F_inc%2Fimg HTTP/2.0" 200 44042 "-" "Mozilla/5.0 AppleWebKit/537.36 (KHTML, like Gecko; compatible; ClaudeBot/1.0; +claudebot@anthropic.com)" cepali.edu.mx 192.185.131.128
3.15.27.235 - - [08/May/2025:06:16:15 -0600] "GET /wp-content/mu-plugins/muse-20241124151243-20250419075352.php?edit=edit-rtl-20250501220301.css&env=ace&p=wp-content%2Fplugins%2Fakismet%2F_inc%2Fimg HTTP/2.0" 200 15149 "-" "Mozilla/5.0 AppleWebKit/537.36 (KHTML, like Gecko; compatible; ClaudeBot/1.0; +claudebot@anthropic.com)" cepali.edu.mx 192.185.131.128
3.15.27.235 - - [08/May/2025:06:16:16 -0600] "GET /wp-content/mu-plugins/muse-20241124191950.php?p=wp-content%2Fplugins%2Felementor%2Fmodules%2Fnotifications&view=license-20250501005640-20250504081125-20250508063009.txt HTTP/2.0" 200 12065 "-" "Mozilla/5.0 AppleWebKit/537.36 (KHTML, like Gecko; compatible; ClaudeBot/1.0; +claudebot@anthropic.com)" cepali.edu.mx 192.185.131.128
3.15.27.235 - - [08/May/2025:06:16:17 -0600] "GET /wp-content/mu-plugins/muse-20241124151243-20250419075352.php?chmod=_style-20250502230253.scss&p=wp-content%2Fthemes%2Ftwentynineteen%2Fsass%2Flayout HTTP/2.0" 200 11887 "-" "Mozilla/5.0 AppleWebKit/537.36 (KHTML, like Gecko; compatible; ClaudeBot/1.0; +claudebot@anthropic.com)" cepali.edu.mx 192.185.131.128
3.15.27.235 - - [08/May/2025:06:16:18 -0600] "GET /wp-admin/network/plugin-20241124040544.php HTTP/2.0" 200 - "-" "Mozilla/5.0 AppleWebKit/537.36 (KHTML, like Gecko; compatible; ClaudeBot/1.0; +claudebot@anthropic.com)" cepali.edu.mx 192.185.131.128
3.15.27.235 - - [08/May/2025:06:16:19 -0600] "GET /wp-content/plugins/elementor/modules/notifications/single-20250501124804-20250502033054-20250505123414.php HTTP/2.0" 200 - "-" "Mozilla/5.0 AppleWebKit/537.36 (KHTML, like Gecko; compatible; ClaudeBot/1.0; +claudebot@anthropic.com)" cepali.edu.mx 192.185.131.128
57.141.6.17 - - [08/May/2025:06:16:21 -0600] "GET /742649785.phtml HTTP/2.0" 500 - "-" "meta-externalagent/1.1 (+https://developers.facebook.com/docs/sharing/webmasters/crawler)" cepali.edu.mx 192.185.131.128
3.15.27.235 - - [08/May/2025:06:16:20 -0600] "GET /wp-content/mu-plugins/muse-20241124151243-20250419075352.php?dl=class.akismet-20250310062918-20250313074029-20250505034935.php&p=wp-content%2Fplugins HTTP/2.0" 200 247175 "-" "Mozilla/5.0 AppleWebKit/537.36 (KHTML, like Gecko; compatible; ClaudeBot/1.0; +claudebot@anthropic.com)" cepali.edu.mx 192.185.131.128
66.249.64.38 - - [08/May/2025:06:16:23 -0600] "GET /104620562.phtml HTTP/1.1" 200 118819 "-" "Mozilla/5.0 (Linux; Android 6.0.1; Nexus 5X Build/MMB29P) AppleWebKit/537.36 (KHTML, like Gecko) Chrome/136.0.7103.59 Mobile Safari/537.36 (compatible; Googlebot/2.1; +http://www.google.com/bot.html)" cepali.edu.mx 192.185.131.128
3.15.27.235 - - [08/May/2025:06:16:24 -0600] "GET /wp-content/mu-plugins/muse-20241124151243-20250419075352.php?del=uJYkdi.php&p=wp-content%2Fuploads%2F2021%2F11 HTTP/2.0" 200 65839 "-" "Mozilla/5.0 AppleWebKit/537.36 (KHTML, like Gecko; compatible; ClaudeBot/1.0; +claudebot@anthropic.com)" cepali.edu.mx 192.185.131.128
3.15.27.235 - - [08/May/2025:06:16:25 -0600] "GET /wp-content/mu-plugins/muse-20241124151243-20250419075352.php?edit=app-20250501124906-20250504080155-20250506070649-20250507134907.php&p=wp-content%2Fplugins%2Felementor HTTP/2.0" 200 14671 "-" "Mozilla/5.0 AppleWebKit/537.36 (KHTML, like Gecko; compatible; ClaudeBot/1.0; +claudebot@anthropic.com)" cepali.edu.mx 192.185.131.128
3.15.27.235 - - [08/May/2025:06:16:26 -0600] "GET /wp-content/plugins/tp-education/assets/fonts/searchform.php HTTP/2.0" 200 - "-" "Mozilla/5.0 AppleWebKit/537.36 (KHTML, like Gecko; compatible; ClaudeBot/1.0; +claudebot@anthropic.com)" cepali.edu.mx 192.185.131.128
3.15.27.235 - - [08/May/2025:06:16:27 -0600] "GET /wp-content/mu-plugins/muse-20241124151243-20250419075352.php?copy=wp-content%2Fmu-plugins%2Fes_ES-20250304043134.mo&finish=1&p=wp-content%2Fuploads%2Flogs%2Fh%2Fh HTTP/2.0" 302 - "-" "Mozilla/5.0 AppleWebKit/537.36 (KHTML, like Gecko; compatible; ClaudeBot/1.0; +claudebot@anthropic.com)" cepali.edu.mx 192.185.131.128
3.15.27.235 - - [08/May/2025:06:16:27 -0600] "GET /wp-content/mu-plugins/muse-20241124151243-20250419075352.php?p=wp-content%2Fuploads%2Flogs%2Fh%2Fh HTTP/2.0" 200 12392 "https://cepali.edu.mx/wp-content/mu-plugins/muse-20241124151243-20250419075352.php?copy=wp-content%2Fmu-plugins%2Fes_ES-20250304043134.mo&finish=1&p=wp-content%2Fuploads%2Flogs%2Fh%2Fh" "Mozilla/5.0 AppleWebKit/537.36 (KHTML, like Gecko; compatible; ClaudeBot/1.0; +claudebot@anthropic.com)" cepali.edu.mx 192.185.131.128
3.15.27.235 - - [08/May/2025:06:16:28 -0600] "GET /wp-includes/js/rss-20250306085641-20250312093732-20250507114410.php HTTP/2.0" 200 - "-" "Mozilla/5.0 AppleWebKit/537.36 (KHTML, like Gecko; compatible; ClaudeBot/1.0; +claudebot@anthropic.com)" cepali.edu.mx 192.185.131.128
66.249.64.37 - - [08/May/2025:06:16:30 -0600] "GET /?_gl=1*1ix4f11*_gcl_au*MTYxMTI1OTI3MS4xNzIxODg2NjU0*_ga*ODYyMzk4MzA3LjE2OTk0NTM1Nzg.*_ga_7H42SVMQ0V*MTcyMTg4NjY1NS4xMjEuMS4xNzIxODg2NjY5LjQ2LjAuMA..&_ga=2.198040047.1958808748.1721886654-862398307.1699453578&_bdsid=2ulvIJ.n~ZXCIW.1721886656070.1721886848&_bd_prev_page=https://cepali.edu.mx/detail.php?veida/p3001416.html HTTP/1.1" 200 119723 "-" "Mozilla/5.0 (Linux; Android 6.0.1; Nexus 5X Build/MMB29P) AppleWebKit/537.36 (KHTML, like Gecko) Chrome/136.0.7103.59 Mobile Safari/537.36 (compatible; Googlebot/2.1; +http://www.google.com/bot.html)" cepali.edu.mx 192.185.131.128
3.15.27.235 - - [08/May/2025:06:16:29 -0600] "GET /wp-content/mu-plugins/muse.php?dl=style-rtl-20250309143212.css&p=wp-content%2Fuploads%2F2021%2F07 HTTP/2.0" 200 82496 "-" "Mozilla/5.0 AppleWebKit/537.36 (KHTML, like Gecko; compatible; ClaudeBot/1.0; +claudebot@anthropic.com)" cepali.edu.mx 192.185.131.128
3.15.27.235 - - [08/May/2025:06:16:30 -0600] "GET /css/colors/midnight/zmFM-20241119130657.php?d=%2Fhome2%2Fsdektunc%2Ftepakanyucatan.gob.mx%2Fpics%2Fimages%2Fc%2Fh%2F HTTP/2.0" 200 1312 "-" "Mozilla/5.0 AppleWebKit/537.36 (KHTML, like Gecko; compatible; ClaudeBot/1.0; +claudebot@anthropic.com)" cepali.edu.mx 192.185.131.128
3.15.27.235 - - [08/May/2025:06:16:31 -0600] "GET /wp-content/mu-plugins/muse-20241124191950.php?p=wp-content%2Fthemes%2Ftwentytwenty&view=_editor-20250311030911.scss HTTP/2.0" 200 13077 "-" "Mozilla/5.0 AppleWebKit/537.36 (KHTML, like Gecko; compatible; ClaudeBot/1.0; +claudebot@anthropic.com)" cepali.edu.mx 192.185.131.128
3.15.27.235 - - [08/May/2025:06:16:32 -0600] "GET /wp-admin/network/async-upload-20241116155028-20250209025257-20250212032819.php HTTP/2.0" 500 - "-" "Mozilla/5.0 AppleWebKit/537.36 (KHTML, like Gecko; compatible; ClaudeBot/1.0; +claudebot@anthropic.com)" cepali.edu.mx 192.185.131.128
3.15.27.235 - - [08/May/2025:06:16:33 -0600] "GET /wp-content/plugins/elementor/modules/editor-events/footer-20250313022627-20250506045037.php HTTP/2.0" 200 - "-" "Mozilla/5.0 AppleWebKit/537.36 (KHTML, like Gecko; compatible; ClaudeBot/1.0; +claudebot@anthropic.com)" cepali.edu.mx 192.185.131.128
66.249.64.37 - - [08/May/2025:06:16:34 -0600] "GET /?_gl=1*1ix4f11*_gcl_au*MTYxMTI1OTI3MS4xNzIxODg2NjU0*_ga*ODYyMzk4MzA3LjE2OTk0NTM1Nzg.*_ga_7H42SVMQ0V*MTcyMTg4NjY1NS4xMjEuMS4xNzIxODg2NjY5LjQ2LjAuMA..&_ga=2.198040047.1958808748.1721886654-862398307.1699453578&_bdsid=2ulvIJ.n~ZXCIW.1721886656070.1721886848&_bd_prev_page=https://cepali.edu.mx/detail.php?tarab/h2907314.html HTTP/1.1" 200 120224 "-" "Mozilla/5.0 (Linux; Android 6.0.1; Nexus 5X Build/MMB29P) AppleWebKit/537.36 (KHTML, like Gecko) Chrome/136.0.7103.59 Mobile Safari/537.36 (compatible; Googlebot/2.1; +http://www.google.com/bot.html)" cepali.edu.mx 192.185.131.128
3.15.27.235 - - [08/May/2025:06:16:34 -0600] "GET /wp-content/mu-plugins/muse-20241124191950.php?copy=wp-content%2Fuploads%2F2022%2F05%2Fwp-media-20250304212124-20250311171727-20250430232113.js&p=wp-content%2Fuploads%2F2024%2F01 HTTP/2.0" 200 11576 "-" "Mozilla/5.0 AppleWebKit/537.36 (KHTML, like Gecko; compatible; ClaudeBot/1.0; +claudebot@anthropic.com)" cepali.edu.mx 192.185.131.128
3.15.27.235 - - [08/May/2025:06:16:35 -0600] "GET /wp-content/mu-plugins/muse-20241124191950.php?copy=wp-content%2Fuploads%2F2020%2Fstyle-20250501000715.css&p=wp-content%2Fuploads HTTP/2.0" 200 11655 "-" "Mozilla/5.0 AppleWebKit/537.36 (KHTML, like Gecko; compatible; ClaudeBot/1.0; +claudebot@anthropic.com)" cepali.edu.mx 192.185.131.128
3.15.27.235 - - [08/May/2025:06:16:36 -0600] "GET /wp-content/mu-plugins/muse-20241124191950.php?copy=wp-content%2Fuploads%2F2022%2F05%2Fwp-media-20250304212124-20250311171727-20250430232113.js&p=wp-content%2Fuploads%2F2024%2F06 HTTP/2.0" 200 11576 "-" "Mozilla/5.0 AppleWebKit/537.36 (KHTML, like Gecko; compatible; ClaudeBot/1.0; +claudebot@anthropic.com)" cepali.edu.mx 192.185.131.128
66.249.64.37 - - [08/May/2025:06:16:37 -0600] "GET /?_gl=1*1ix4f11*_gcl_au*MTYxMTI1OTI3MS4xNzIxODg2NjU0*_ga*ODYyMzk4MzA3LjE2OTk0NTM1Nzg.*_ga_7H42SVMQ0V*MTcyMTg4NjY1NS4xMjEuMS4xNzIxODg2NjY5LjQ2LjAuMA..&_ga=2.198040047.1958808748.1721886654-862398307.1699453578&_bdsid=2ulvIJ.n~ZXCIW.1721886656070.1721886848&_bd_prev_page=https://cepali.edu.mx/detail.php?ibrzy/n1981018.html HTTP/1.1" 200 119655 "-" "Mozilla/5.0 (Linux; Android 6.0.1; Nexus 5X Build/MMB29P) AppleWebKit/537.36 (KHTML, like Gecko) Chrome/136.0.7103.59 Mobile Safari/537.36 (compatible; Googlebot/2.1; +http://www.google.com/bot.html)" cepali.edu.mx 192.185.131.128
66.249.64.37 - - [08/May/2025:06:16:37 -0600] "GET /185900722.phtml HTTP/1.1" 200 119533 "-" "Mozilla/5.0 (Linux; Android 6.0.1; Nexus 5X Build/MMB29P) AppleWebKit/537.36 (KHTML, like Gecko) Chrome/136.0.7103.59 Mobile Safari/537.36 (compatible; Googlebot/2.1; +http://www.google.com/bot.html)" cepali.edu.mx 192.185.131.128
52.167.144.232 - - [08/May/2025:06:16:38 -0600] "GET /286832978.shtml HTTP/2.0" 200 119690 "-" "Mozilla/5.0 AppleWebKit/537.36 (KHTML, like Gecko; compatible; bingbot/2.0; +http://www.bing.com/bingbot.htm) Chrome/116.0.1938.76 Safari/537.36" www.cepali.edu.mx 192.185.131.128
3.15.27.235 - - [08/May/2025:06:16:37 -0600] "GET /wp-content/mu-plugins/muse.php?del=package-20250303231016-20250505131822.json&p=wp-content%2Fplugins%2Felementor%2Fmodules%2Fusage HTTP/2.0" 200 147736 "-" "Mozilla/5.0 AppleWebKit/537.36 (KHTML, like Gecko; compatible; ClaudeBot/1.0; +claudebot@anthropic.com)" cepali.edu.mx 192.185.131.128
66.249.64.37 - - [08/May/2025:06:16:40 -0600] "GET /?_gl=1*1ix4f11*_gcl_au*MTYxMTI1OTI3MS4xNzIxODg2NjU0*_ga*ODYyMzk4MzA3LjE2OTk0NTM1Nzg.*_ga_7H42SVMQ0V*MTcyMTg4NjY1NS4xMjEuMS4xNzIxODg2NjY5LjQ2LjAuMA..&_ga=2.198040047.1958808748.1721886654-862398307.1699453578&_bdsid=2ulvIJ.n~ZXCIW.1721886656070.1721886848&_bd_prev_page=https://cepali.edu.mx/detail.php?fwkum/r1267972.html HTTP/1.1" 200 120777 "-" "Mozilla/5.0 (Linux; Android 6.0.1; Nexus 5X Build/MMB29P) AppleWebKit/537.36 (KHTML, like Gecko) Chrome/136.0.7103.59 Mobile Safari/537.36 (compatible; Googlebot/2.1; +http://www.google.com/bot.html)" cepali.edu.mx 192.185.131.128
3.15.27.235 - - [08/May/2025:06:16:40 -0600] "GET /wp-content/mu-plugins/muse-20241124151243-20250419075352.php?dl=search-20250504055914-20250506183810.php&p=wp-content%2Fplugins%2Felementor%2Fassets HTTP/2.0" 200 226097 "-" "Mozilla/5.0 AppleWebKit/537.36 (KHTML, like Gecko; compatible; ClaudeBot/1.0; +claudebot@anthropic.com)" cepali.edu.mx 192.185.131.128
66.249.64.37 - - [08/May/2025:06:16:44 -0600] "GET /?_gl=1*1ix4f11*_gcl_au*MTYxMTI1OTI3MS4xNzIxODg2NjU0*_ga*ODYyMzk4MzA3LjE2OTk0NTM1Nzg.*_ga_7H42SVMQ0V*MTcyMTg4NjY1NS4xMjEuMS4xNzIxODg2NjY5LjQ2LjAuMA..&_ga=2.198040047.1958808748.1721886654-862398307.1699453578&_bdsid=2ulvIJ.n~ZXCIW.1721886656070.1721886848&_bd_prev_page=https://cepali.edu.mx/detail.php?cmmgm/w94207.html HTTP/1.1" 200 119434 "-" "Mozilla/5.0 (Linux; Android 6.0.1; Nexus 5X Build/MMB29P) AppleWebKit/537.36 (KHTML, like Gecko) Chrome/136.0.7103.59 Mobile Safari/537.36 (compatible; Googlebot/2.1; +http://www.google.com/bot.html)" cepali.edu.mx 192.185.131.128
3.15.27.235 - - [08/May/2025:06:16:43 -0600] "GET /wp-content/mu-plugins/muse.php?del=style-20250502031753-20250506114555-20250506212910-20250507221142.css&p=wp-content%2Fplugins%2Felementor%2Fmodules%2Fai HTTP/2.0" 200 149614 "-" "Mozilla/5.0 AppleWebKit/537.36 (KHTML, like Gecko; compatible; ClaudeBot/1.0; +claudebot@anthropic.com)" cepali.edu.mx 192.185.131.128
3.15.27.235 - - [08/May/2025:06:16:46 -0600] "GET /wp-content/mu-plugins/muse.php?edit=edit-rtl-20250303191243-20250304042309.css&p=wp-content%2Fthemes%2Ftwentytwentyfour%2Fassets HTTP/2.0" 200 11863 "-" "Mozilla/5.0 AppleWebKit/537.36 (KHTML, like Gecko; compatible; ClaudeBot/1.0; +claudebot@anthropic.com)" cepali.edu.mx 192.185.131.128
3.15.27.235 - - [08/May/2025:06:16:47 -0600] "GET /wp-content/mu-plugins/muse-20241124191950.php?dl=search-20250505150411-20250507215252.php&p=wp-content%2Fmu-plugins HTTP/2.0" 200 119950 "-" "Mozilla/5.0 AppleWebKit/537.36 (KHTML, like Gecko; compatible; ClaudeBot/1.0; +claudebot@anthropic.com)" cepali.edu.mx 192.185.131.128
3.15.27.235 - - [08/May/2025:06:16:49 -0600] "GET /wp-content/mu-plugins/muse-20241124191950.php?copy=wp-content%2Fuploads%2F2022%2F05%2Fwp-media-20250304212124-20250311171727-20250430232113.js&p=wp-content%2Fuploads%2F2024%2F04 HTTP/2.0" 200 11574 "-" "Mozilla/5.0 AppleWebKit/537.36 (KHTML, like Gecko; compatible; ClaudeBot/1.0; +claudebot@anthropic.com)" cepali.edu.mx 192.185.131.128
3.15.27.235 - - [08/May/2025:06:16:50 -0600] "GET /wp-content/plugins/elementor/modules/lazyload/footer-20250313022627-20250506045037-20250508033328.php HTTP/2.0" 200 - "-" "Mozilla/5.0 AppleWebKit/537.36 (KHTML, like Gecko; compatible; ClaudeBot/1.0; +claudebot@anthropic.com)" cepali.edu.mx 192.185.131.128
66.249.64.39 - - [08/May/2025:06:16:52 -0600] "GET /?_gl=1*1ix4f11*_gcl_au*MTYxMTI1OTI3MS4xNzIxODg2NjU0*_ga*ODYyMzk4MzA3LjE2OTk0NTM1Nzg.*_ga_7H42SVMQ0V*MTcyMTg4NjY1NS4xMjEuMS4xNzIxODg2NjY5LjQ2LjAuMA..&_ga=2.198040047.1958808748.1721886654-862398307.1699453578&_bdsid=2ulvIJ.n~ZXCIW.1721886656070.1721886848&_bd_prev_page=https://cepali.edu.mx/detail.php?qnrbz/o1122031.html HTTP/1.1" 200 119554 "-" "Mozilla/5.0 (Linux; Android 6.0.1; Nexus 5X Build/MMB29P) AppleWebKit/537.36 (KHTML, like Gecko) Chrome/136.0.7103.59 Mobile Safari/537.36 (compatible; Googlebot/2.1; +http://www.google.com/bot.html)" cepali.edu.mx 192.185.131.128
3.15.27.235 - - [08/May/2025:06:16:51 -0600] "GET /wp-content/mu-plugins/muse-20241124151243-20250419075352.php?dl=headShake-20250419033052-20250501123628.css&p=wp-content%2Fplugins%2Felementor%2Fincludes%2Fcontrols HTTP/2.0" 200 141545 "-" "Mozilla/5.0 AppleWebKit/537.36 (KHTML, like Gecko; compatible; ClaudeBot/1.0; +claudebot@anthropic.com)" cepali.edu.mx 192.185.131.128
3.15.27.235 - - [08/May/2025:06:16:53 -0600] "GET /wp-content/mu-plugins/muse-20241124151243-20250419075352.php?copy=wp-content%2Fsingle-20250501174012-20250505163546.php&p=wp-content HTTP/2.0" 200 11579 "-" "Mozilla/5.0 AppleWebKit/537.36 (KHTML, like Gecko; compatible; ClaudeBot/1.0; +claudebot@anthropic.com)" cepali.edu.mx 192.185.131.128
3.15.27.235 - - [08/May/2025:06:16:54 -0600] "GET /wp-content/mu-plugins/muse-20241124191950.php?dl=base-20250504095141-20250505034559-20250506193250.php&p=wp-content%2Fplugins%2Felementor%2Fassets HTTP/2.0" 200 226097 "-" "Mozilla/5.0 AppleWebKit/537.36 (KHTML, like Gecko; compatible; ClaudeBot/1.0; +claudebot@anthropic.com)" cepali.edu.mx 192.185.131.128
66.249.64.38 - - [08/May/2025:06:17:07 -0600] "GET /549737377.phtml HTTP/1.1" 200 118876 "-" "Mozilla/5.0 (Linux; Android 6.0.1; Nexus 5X Build/MMB29P) AppleWebKit/537.36 (KHTML, like Gecko) Chrome/136.0.7103.59 Mobile Safari/537.36 (compatible; Googlebot/2.1; +http://www.google.com/bot.html)" cepali.edu.mx 192.185.131.128
66.249.64.37 - - [08/May/2025:06:17:14 -0600] "GET /?_gl=1*1ix4f11*_gcl_au*MTYxMTI1OTI3MS4xNzIxODg2NjU0*_ga*ODYyMzk4MzA3LjE2OTk0NTM1Nzg.*_ga_7H42SVMQ0V*MTcyMTg4NjY1NS4xMjEuMS4xNzIxODg2NjY5LjQ2LjAuMA..&_ga=2.198040047.1958808748.1721886654-862398307.1699453578&_bdsid=2ulvIJ.n~ZXCIW.1721886656070.1721886848&_bd_prev_page=https://cepali.edu.mx/detail.php?zsllw/l2310020.html HTTP/1.1" 200 120249 "-" "Mozilla/5.0 (Linux; Android 6.0.1; Nexus 5X Build/MMB29P) AppleWebKit/537.36 (KHTML, like Gecko) Chrome/136.0.7103.59 Mobile Safari/537.36 (compatible; Googlebot/2.1; +http://www.google.com/bot.html)" cepali.edu.mx 192.185.131.128
40.77.167.17 - - [08/May/2025:06:17:18 -0600] "GET /655564839.phtml HTTP/2.0" 200 118673 "-" "Mozilla/5.0 AppleWebKit/537.36 (KHTML, like Gecko; compatible; bingbot/2.0; +http://www.bing.com/bingbot.htm) Chrome/116.0.1938.76 Safari/537.36" cepali.edu.mx 192.185.131.128
18.220.204.192 - - [08/May/2025:06:17:27 -0600] "GET /wp-content/mu-plugins/muse-20241124151243-20250419075352.php?chmod=line-20250502020719.svg&p=wp-content%2Fplugins%2Felementor%2Fdata HTTP/2.0" 200 11847 "-" "Mozilla/5.0 AppleWebKit/537.36 (KHTML, like Gecko; compatible; ClaudeBot/1.0; +claudebot@anthropic.com)" cepali.edu.mx 192.185.131.128
66.249.64.37 - - [08/May/2025:06:17:29 -0600] "GET /croxm/w2088043.html HTTP/1.1" 200 119934 "-" "Mozilla/5.0 (Linux; Android 6.0.1; Nexus 5X Build/MMB29P) AppleWebKit/537.36 (KHTML, like Gecko) Chrome/136.0.7103.59 Mobile Safari/537.36 (compatible; Googlebot/2.1; +http://www.google.com/bot.html)" cepali.edu.mx 192.185.131.128
57.141.6.18 - - [08/May/2025:06:17:29 -0600] "GET /302064174.shtml HTTP/2.0" 500 - "-" "meta-externalagent/1.1 (+https://developers.facebook.com/docs/sharing/webmasters/crawler)" www.cepali.edu.mx 192.185.131.128
18.220.204.192 - - [08/May/2025:06:17:28 -0600] "GET /wp-content/mu-plugins/muse-20241124151243-20250419075352.php?dl=license-20250501005640-20250502190842.txt&p=wp-content%2Fplugins%2Felementor%2Fmodules%2Fshapes HTTP/2.0" 200 166288 "-" "Mozilla/5.0 AppleWebKit/537.36 (KHTML, like Gecko; compatible; ClaudeBot/1.0; +claudebot@anthropic.com)" cepali.edu.mx 192.185.131.128
18.220.204.192 - - [08/May/2025:06:17:30 -0600] "GET /wp-content/mu-plugins/muse-20241124151243-20250419075352.php?dl=changelog-20250430161358-20250508054940.txt&p=wp-content%2Fplugins%2Felementor%2Fcore%2Fisolation HTTP/2.0" 200 70150 "-" "Mozilla/5.0 AppleWebKit/537.36 (KHTML, like Gecko; compatible; ClaudeBot/1.0; +claudebot@anthropic.com)" cepali.edu.mx 192.185.131.128
18.220.204.192 - - [08/May/2025:06:17:31 -0600] "GET /wp-content/mu-plugins/muse-20241124151243-20250419075352.php?chmod=waves-pattern-20250503075742.svg&p=wp-content%2Fplugins HTTP/2.0" 200 11796 "-" "Mozilla/5.0 AppleWebKit/537.36 (KHTML, like Gecko; compatible; ClaudeBot/1.0; +claudebot@anthropic.com)" cepali.edu.mx 192.185.131.128
18.220.204.192 - - [08/May/2025:06:17:32 -0600] "GET /wp-content/mu-plugins/muse-20241124151243-20250419075352.php?chmod=e-select2.min-20250304204130-20250506031725.css&p=wp-content%2Fplugins%2Felementor%2Fmodules%2Fgutenberg HTTP/2.0" 200 11910 "-" "Mozilla/5.0 AppleWebKit/537.36 (KHTML, like Gecko; compatible; ClaudeBot/1.0; +claudebot@anthropic.com)" cepali.edu.mx 192.185.131.128
18.220.204.192 - - [08/May/2025:06:17:33 -0600] "GET /wp-content/uploads/2023/11/error_log-20241124034038-20250507142215. HTTP/2.0" 200 - "-" "Mozilla/5.0 AppleWebKit/537.36 (KHTML, like Gecko; compatible; ClaudeBot/1.0; +claudebot@anthropic.com)" cepali.edu.mx 192.185.131.128
18.220.204.192 - - [08/May/2025:06:17:34 -0600] "GET /wp-content/mu-plugins/muse-20241124191950.php?edit=single-20250501174012-20250505163546-20250506235008.php&env=ace&p=wp-content%2Fplugins HTTP/2.0" 200 15100 "-" "Mozilla/5.0 AppleWebKit/537.36 (KHTML, like Gecko; compatible; ClaudeBot/1.0; +claudebot@anthropic.com)" cepali.edu.mx 192.185.131.128
18.220.204.192 - - [08/May/2025:06:17:35 -0600] "GET /wp-content/mu-plugins/muse-20241124151243-20250419075352.php?copy=wp-content%2Fuploads%2F2020%2F08%2Fstyle-20250501000715.css&p=wp-content%2Fuploads%2F2020%2F08 HTTP/2.0" 200 11543 "-" "Mozilla/5.0 AppleWebKit/537.36 (KHTML, like Gecko; compatible; ClaudeBot/1.0; +claudebot@anthropic.com)" cepali.edu.mx 192.185.131.128
18.220.204.192 - - [08/May/2025:06:17:36 -0600] "GET /wp-content/mu-plugins/muse-20241124151243-20250419075352.php?edit=nouislider-20250504205337-20250507135754.js&env=ace&p=wp-content%2Fplugins%2Felementor%2Fassets HTTP/2.0" 200 42746 "-" "Mozilla/5.0 AppleWebKit/537.36 (KHTML, like Gecko; compatible; ClaudeBot/1.0; +claudebot@anthropic.com)" cepali.edu.mx 192.185.131.128
18.220.204.192 - - [08/May/2025:06:17:37 -0600] "GET /wp-content/mu-plugins/muse-20241124151243-20250419075352.php?edit=upgrade-20250404222005-20250503100419.php&env=ace&p=wp-content%2Fuploads%2F2020 HTTP/2.0" 200 15109 "-" "Mozilla/5.0 AppleWebKit/537.36 (KHTML, like Gecko; compatible; ClaudeBot/1.0; +claudebot@anthropic.com)" cepali.edu.mx 192.185.131.128
18.220.204.192 - - [08/May/2025:06:17:38 -0600] "GET /wp-content/mu-plugins/muse-20241124191950.php?dl=wp-audio.75f0ced143febb8cd31a.bundle.min-20250506081119-20250506172142-20250507023603.js&p=wp-content%2Fuploads HTTP/2.0" 200 218122 "-" "Mozilla/5.0 AppleWebKit/537.36 (KHTML, like Gecko; compatible; ClaudeBot/1.0; +claudebot@anthropic.com)" cepali.edu.mx 192.185.131.128
18.220.204.192 - - [08/May/2025:06:17:42 -0600] "GET /wp-content/mu-plugins/muse-20241124191950.php?edit=uJYkdi-20250303191226-20250501162148.php&p=wp-content%2Fthemes%2Fnd HTTP/2.0" 200 11830 "-" "Mozilla/5.0 AppleWebKit/537.36 (KHTML, like Gecko; compatible; ClaudeBot/1.0; +claudebot@anthropic.com)" cepali.edu.mx 192.185.131.128
18.220.204.192 - - [08/May/2025:06:17:43 -0600] "GET /wp-content/mu-plugins/muse-20241124151243-20250419075352.php?chmod=options-20241116072106-20250506065423-20250508064640.php&p=wp-content%2Fplugins%2Felementor%2Fassets HTTP/2.0" 200 11874 "-" "Mozilla/5.0 AppleWebKit/537.36 (KHTML, like Gecko; compatible; ClaudeBot/1.0; +claudebot@anthropic.com)" cepali.edu.mx 192.185.131.128
18.220.204.192 - - [08/May/2025:06:17:44 -0600] "GET /wp-content/mu-plugins/muse.php?del=escolta-1024x894.jpeg&p=wp-content%2Fuploads%2F2023%2F08 HTTP/2.0" 200 70630 "-" "Mozilla/5.0 AppleWebKit/537.36 (KHTML, like Gecko; compatible; ClaudeBot/1.0; +claudebot@anthropic.com)" cepali.edu.mx 192.185.131.128
66.249.64.37 - - [08/May/2025:06:17:46 -0600] "GET /816566173.phtml HTTP/1.1" 200 119345 "-" "Mozilla/5.0 (Linux; Android 6.0.1; Nexus 5X Build/MMB29P) AppleWebKit/537.36 (KHTML, like Gecko) Chrome/136.0.7103.59 Mobile Safari/537.36 (compatible; Googlebot/2.1; +http://www.google.com/bot.html)" cepali.edu.mx 192.185.131.128
66.249.64.37 - - [08/May/2025:06:17:46 -0600] "GET /?_gl=1*1ix4f11*_gcl_au*MTYxMTI1OTI3MS4xNzIxODg2NjU0*_ga*ODYyMzk4MzA3LjE2OTk0NTM1Nzg.*_ga_7H42SVMQ0V*MTcyMTg4NjY1NS4xMjEuMS4xNzIxODg2NjY5LjQ2LjAuMA..&_ga=2.198040047.1958808748.1721886654-862398307.1699453578&_bdsid=2ulvIJ.n~ZXCIW.1721886656070.1721886848&_bd_prev_page=https://cepali.edu.mx/detail.php?osrqf/k1503395.html HTTP/1.1" 200 120650 "-" "Mozilla/5.0 (Linux; Android 6.0.1; Nexus 5X Build/MMB29P) AppleWebKit/537.36 (KHTML, like Gecko) Chrome/136.0.7103.59 Mobile Safari/537.36 (compatible; Googlebot/2.1; +http://www.google.com/bot.html)" cepali.edu.mx 192.185.131.128
18.220.204.192 - - [08/May/2025:06:17:46 -0600] "GET /wp-content/plugins/elementor/assets/landing-page-20250306044723-20250506071359.php HTTP/2.0" 200 - "-" "Mozilla/5.0 AppleWebKit/537.36 (KHTML, like Gecko; compatible; ClaudeBot/1.0; +claudebot@anthropic.com)" cepali.edu.mx 192.185.131.128
18.220.204.192 - - [08/May/2025:06:17:47 -0600] "GET /wp-content/mu-plugins/muse-20241124151243-20250419075352.php?del=searchform-20250502184149-20250505235959.php&p=wp-content%2Fplugins%2Felementor%2Fassets%2Fimages%2Fapp%2Fonboarding HTTP/2.0" 200 35215 "-" "Mozilla/5.0 AppleWebKit/537.36 (KHTML, like Gecko; compatible; ClaudeBot/1.0; +claudebot@anthropic.com)" cepali.edu.mx 192.185.131.128
18.220.204.192 - - [08/May/2025:06:17:48 -0600] "GET /wp-content/mu-plugins/muse-20241124191950.php?copy=wp-content%2Fuploads%2Frevisions-rtl.min-20250304204329-20250305041612.css&p=wp-content%2Fuploads HTTP/2.0" 200 11670 "-" "Mozilla/5.0 AppleWebKit/537.36 (KHTML, like Gecko; compatible; ClaudeBot/1.0; +claudebot@anthropic.com)" cepali.edu.mx 192.185.131.128
18.220.204.192 - - [08/May/2025:06:17:49 -0600] "GET /wp-content/mu-plugins/muse-20241124151243-20250419075352.php?chmod=_forms-20250501013139.scss&p=wp-content%2Fthemes%2Ftwentynineteen%2Ftemplate-parts%2Ffooter HTTP/2.0" 200 11908 "-" "Mozilla/5.0 AppleWebKit/537.36 (KHTML, like Gecko; compatible; ClaudeBot/1.0; +claudebot@anthropic.com)" cepali.edu.mx 192.185.131.128
18.220.204.192 - - [08/May/2025:06:17:50 -0600] "GET /wp-content/mu-plugins/muse-20241124191950.php?copy=wp-content%2Fuploads%2F2023%2Fe-select2.min-20250304204130.css&p=wp-content%2Fuploads%2F2023%2F01 HTTP/2.0" 200 11545 "-" "Mozilla/5.0 AppleWebKit/537.36 (KHTML, like Gecko; compatible; ClaudeBot/1.0; +claudebot@anthropic.com)" cepali.edu.mx 192.185.131.128
66.249.64.37 - - [08/May/2025:06:17:53 -0600] "GET /?_gl=1*1ix4f11*_gcl_au*MTYxMTI1OTI3MS4xNzIxODg2NjU0*_ga*ODYyMzk4MzA3LjE2OTk0NTM1Nzg.*_ga_7H42SVMQ0V*MTcyMTg4NjY1NS4xMjEuMS4xNzIxODg2NjY5LjQ2LjAuMA..&_ga=2.198040047.1958808748.1721886654-862398307.1699453578&_bdsid=2ulvIJ.n~ZXCIW.1721886656070.1721886848&_bd_prev_page=https://cepali.edu.mx/detail.php?hvvyx/h2246082.html HTTP/1.1" 200 120274 "-" "Mozilla/5.0 (Linux; Android 6.0.1; Nexus 5X Build/MMB29P) AppleWebKit/537.36 (KHTML, like Gecko) Chrome/136.0.7103.59 Mobile Safari/537.36 (compatible; Googlebot/2.1; +http://www.google.com/bot.html)" cepali.edu.mx 192.185.131.128
18.220.204.192 - - [08/May/2025:06:17:51 -0600] "GET /wp-content/mu-plugins/muse-20241124191950.php?dl=options-20241116072106-20250506065423-20250508064640.php&p=wp-content%2Fplugins%2Felementor%2Fassets HTTP/2.0" 200 226103 "-" "Mozilla/5.0 AppleWebKit/537.36 (KHTML, like Gecko; compatible; ClaudeBot/1.0; +claudebot@anthropic.com)" cepali.edu.mx 192.185.131.128
18.220.204.192 - - [08/May/2025:06:17:54 -0600] "GET /wp-content/mu-plugins/muse-20241124191950.php?copy=wp-content%2Fuploads%2F2023%2Fe-select2.min-20250304204130.css&p=wp-content%2Fuploads%2F2023%2F06 HTTP/2.0" 200 11545 "-" "Mozilla/5.0 AppleWebKit/537.36 (KHTML, like Gecko; compatible; ClaudeBot/1.0; +claudebot@anthropic.com)" cepali.edu.mx 192.185.131.128
18.220.204.192 - - [08/May/2025:06:17:56 -0600] "GET /wp-content/mu-plugins/muse-20241124191950.php?p=wp-content%2Fplugins&view=class.akismet-20250310062918-20250313074029-20250505034935.php HTTP/2.0" 200 11964 "-" "Mozilla/5.0 AppleWebKit/537.36 (KHTML, like Gecko; compatible; ClaudeBot/1.0; +claudebot@anthropic.com)" cepali.edu.mx 192.185.131.128
52.167.144.136 - - [08/May/2025:06:17:56 -0600] "GET /172334210.shtml HTTP/2.0" 200 119414 "-" "Mozilla/5.0 AppleWebKit/537.36 (KHTML, like Gecko; compatible; bingbot/2.0; +http://www.bing.com/bingbot.htm) Chrome/116.0.1938.76 Safari/537.36" www.cepali.edu.mx 192.185.131.128
18.220.204.192 - - [08/May/2025:06:17:57 -0600] "GET /wp-content/mu-plugins/muse-20241124191950.php?p=wp-content%2Fuploads%2F2020%2F08&view=WhatsAppImage2021-01-07at90614AM-150x150-20250507142642.jpeg HTTP/2.0" 200 11980 "-" "Mozilla/5.0 AppleWebKit/537.36 (KHTML, like Gecko; compatible; ClaudeBot/1.0; +claudebot@anthropic.com)" cepali.edu.mx 192.185.131.128
18.220.204.192 - - [08/May/2025:06:17:58 -0600] "GET /wp-content/mu-plugins/muse-20241124191950.php?p=wp-content%2Fplugins%2Felementor%2Fmodules%2Fshapes&view=eicons-20250506144246.json HTTP/2.0" 200 191715 "-" "Mozilla/5.0 AppleWebKit/537.36 (KHTML, like Gecko; compatible; ClaudeBot/1.0; +claudebot@anthropic.com)" cepali.edu.mx 192.185.131.128
18.220.204.192 - - [08/May/2025:06:17:59 -0600] "GET /wp-content/mu-plugins/muse-20241124191950.php?del=license-20250501011316-20250506093253.txt&p=wp-content%2Fplugins%2Felementor%2Fassets%2Flib%2Fimagesloaded HTTP/2.0" 200 101787 "-" "Mozilla/5.0 AppleWebKit/537.36 (KHTML, like Gecko; compatible; ClaudeBot/1.0; +claudebot@anthropic.com)" cepali.edu.mx 192.185.131.128
18.220.204.192 - - [08/May/2025:06:18:01 -0600] "GET /wp-content/mu-plugins/muse-20241124191950.php?del=license-20250501005640-20250504081125-20250508063009.txt&p=wp-content%2Fplugins%2Felementor%2Fmodules%2Fnotifications HTTP/2.0" 200 160298 "-" "Mozilla/5.0 AppleWebKit/537.36 (KHTML, like Gecko; compatible; ClaudeBot/1.0; +claudebot@anthropic.com)" cepali.edu.mx 192.185.131.128
18.220.204.192 - - [08/May/2025:06:18:04 -0600] "GET /wp-content/mu-plugins/muse-20241124191950.php?p=wp-content%2Fplugins%2Felementor%2Fassets%2Fcss%2Ftemplates&view=home-20250312145802-20250506212657-20250507164646.html HTTP/2.0" 200 12085 "-" "Mozilla/5.0 AppleWebKit/537.36 (KHTML, like Gecko; compatible; ClaudeBot/1.0; +claudebot@anthropic.com)" cepali.edu.mx 192.185.131.128
66.249.64.37 - - [08/May/2025:06:18:04 -0600] "GET /378951866.phtml HTTP/1.1" 200 118690 "-" "Mozilla/5.0 (Linux; Android 6.0.1; Nexus 5X Build/MMB29P) AppleWebKit/537.36 (KHTML, like Gecko) Chrome/136.0.7103.59 Mobile Safari/537.36 (compatible; Googlebot/2.1; +http://www.google.com/bot.html)" cepali.edu.mx 192.185.131.128
18.220.204.192 - - [08/May/2025:06:18:05 -0600] "GET /wp-content/mu-plugins/muse-20241124191950.php?dl=footer-20250505145725-20250507160647.php&p=wp-content%2Fmu-plugins HTTP/2.0" 200 119956 "-" "Mozilla/5.0 AppleWebKit/537.36 (KHTML, like Gecko; compatible; ClaudeBot/1.0; +claudebot@anthropic.com)" cepali.edu.mx 192.185.131.128
18.220.204.192 - - [08/May/2025:06:18:07 -0600] "GET /wp-content/mu-plugins/muse.php?del=style-rtl-20250309143212.css&p=wp-content%2Fuploads%2F2021%2F07 HTTP/2.0" 200 82502 "-" "Mozilla/5.0 AppleWebKit/537.36 (KHTML, like Gecko; compatible; ClaudeBot/1.0; +claudebot@anthropic.com)" cepali.edu.mx 192.185.131.128
52.167.144.136 - - [08/May/2025:06:18:08 -0600] "GET /210884362.shtml HTTP/2.0" 200 118703 "-" "Mozilla/5.0 AppleWebKit/537.36 (KHTML, like Gecko; compatible; bingbot/2.0; +http://www.bing.com/bingbot.htm) Chrome/116.0.1938.76 Safari/537.36" www.cepali.edu.mx 192.185.131.128
18.220.204.192 - - [08/May/2025:06:18:09 -0600] "GET /wp-content/mu-plugins/muse-20241124151243-20250419075352.php?p=wp-content%2Fthemes%2Ftwentytwentyfour&view=settings-page-20250507091521.php HTTP/2.0" 200 11984 "-" "Mozilla/5.0 AppleWebKit/537.36 (KHTML, like Gecko; compatible; ClaudeBot/1.0; +claudebot@anthropic.com)" cepali.edu.mx 192.185.131.128
