18.220.204.192 - - [08/May/2025:06:18:10 -0600] "GET /wp-content/mu-plugins/muse-20241124191950.php?copy=wp-content%2Fuploads%2F2023%2Fe-select2.min-20250304204130.css&p=wp-content%2Fuploads%2F2023%2F04 HTTP/2.0" 200 11545 "-" "Mozilla/5.0 AppleWebKit/537.36 (KHTML, like Gecko; compatible; ClaudeBot/1.0; +claudebot@anthropic.com)" cepali.edu.mx 192.185.131.128
66.249.64.38 - - [08/May/2025:06:18:10 -0600] "GET /?_gl=1*1ix4f11*_gcl_au*MTYxMTI1OTI3MS4xNzIxODg2NjU0*_ga*ODYyMzk4MzA3LjE2OTk0NTM1Nzg.*_ga_7H42SVMQ0V*MTcyMTg4NjY1NS4xMjEuMS4xNzIxODg2NjY5LjQ2LjAuMA..&_ga=2.198040047.1958808748.1721886654-862398307.1699453578&_bdsid=2ulvIJ.n~ZXCIW.1721886656070.1721886848&_bd_prev_page=https://cepali.edu.mx/detail.php?wqjud/p2181792.html HTTP/1.1" 200 120354 "-" "Mozilla/5.0 (Linux; Android 6.0.1; Nexus 5X Build/MMB29P) AppleWebKit/537.36 (KHTML, like Gecko) Chrome/136.0.7103.59 Mobile Safari/537.36 (compatible; Googlebot/2.1; +http://www.google.com/bot.html)" cepali.edu.mx 192.185.131.128
18.220.204.192 - - [08/May/2025:06:18:11 -0600] "GET /wp-content/mu-plugins/muse-20241124191950.php?p=wp-content%2Fplugins%2Felementor%2Fassets%2Fcss&view=editor.min.js.LICENSE-20250501005357.txt HTTP/2.0" 200 12228 "-" "Mozilla/5.0 AppleWebKit/537.36 (KHTML, like Gecko; compatible; ClaudeBot/1.0; +claudebot@anthropic.com)" cepali.edu.mx 192.185.131.128
18.220.204.192 - - [08/May/2025:06:18:12 -0600] "GET /wp-content/mu-plugins/muse-20241124151243-20250419075352.php?p=wp-content%2Fplugins%2Felementor&view=search-20250501234625.php HTTP/2.0" 200 11975 "-" "Mozilla/5.0 AppleWebKit/537.36 (KHTML, like Gecko; compatible; ClaudeBot/1.0; +claudebot@anthropic.com)" cepali.edu.mx 192.185.131.128
18.220.204.192 - - [08/May/2025:06:18:13 -0600] "GET /wp-content/mu-plugins/muse-20241124151243-20250419075352.php?copy=wp-content%2Fuploads%2F2022%2F11%2Fcolumn-20250504111638.php&finish=1&p=wp-content%2Fuploads%2F2022%2F06 HTTP/2.0" 302 - "-" "Mozilla/5.0 AppleWebKit/537.36 (KHTML, like Gecko; compatible; ClaudeBot/1.0; +claudebot@anthropic.com)" cepali.edu.mx 192.185.131.128
18.220.204.192 - - [08/May/2025:06:18:13 -0600] "GET /wp-content/mu-plugins/muse-20241124151243-20250419075352.php?p=wp-content%2Fuploads%2F2022%2F06 HTTP/2.0" 200 80808 "https://cepali.edu.mx/wp-content/mu-plugins/muse-20241124151243-20250419075352.php?copy=wp-content%2Fuploads%2F2022%2F11%2Fcolumn-20250504111638.php&finish=1&p=wp-content%2Fuploads%2F2022%2F06" "Mozilla/5.0 AppleWebKit/537.36 (KHTML, like Gecko; compatible; ClaudeBot/1.0; +claudebot@anthropic.com)" cepali.edu.mx 192.185.131.128
18.220.204.192 - - [08/May/2025:06:18:14 -0600] "GET /css/colors/midnight/zmFM-20241119130657.php?d=%2Fhome2%2Fsdektunc%2Fmail%2Fchichimilayucatan.gob.mx%2Fobraspublicas%2F.Drafts%2Fnew%2F HTTP/2.0" 200 1330 "-" "Mozilla/5.0 AppleWebKit/537.36 (KHTML, like Gecko; compatible; ClaudeBot/1.0; +claudebot@anthropic.com)" cepali.edu.mx 192.185.131.128
18.220.204.192 - - [08/May/2025:06:18:15 -0600] "GET /wp-content/mu-plugins/muse-20241124151243-20250419075352.php?del=comment.min-20250306231702-20250508001450.js&p=wp-content%2Fthemes%2Ftwentytwentyfour%2Ftemplates HTTP/2.0" 200 73206 "-" "Mozilla/5.0 AppleWebKit/537.36 (KHTML, like Gecko; compatible; ClaudeBot/1.0; +claudebot@anthropic.com)" cepali.edu.mx 192.185.131.128
18.220.204.192 - - [08/May/2025:06:18:16 -0600] "GET /wp-content/mu-plugins/muse-20241124151243-20250419075352.php?p=wp-content%2Fthemes%2Ftwentytwentyfour&view=experiments-reporter-20250507115920.php HTTP/2.0" 200 13338 "-" "Mozilla/5.0 AppleWebKit/537.36 (KHTML, like Gecko; compatible; ClaudeBot/1.0; +claudebot@anthropic.com)" cepali.edu.mx 192.185.131.128
18.220.204.192 - - [08/May/2025:06:18:17 -0600] "GET /wp-content/mu-plugins/muse-20241124151243-20250419075352.php?p=wp-content%2Fplugins%2Felementor%2Fassets%2Flib%2Feicons%2Fcss&view=changelog-20250304131219-20250307005225.txt HTTP/2.0" 200 12117 "-" "Mozilla/5.0 AppleWebKit/537.36 (KHTML, like Gecko; compatible; ClaudeBot/1.0; +claudebot@anthropic.com)" cepali.edu.mx 192.185.131.128
18.220.204.192 - - [08/May/2025:06:18:18 -0600] "GET /wp-content/mu-plugins/muse-20241124191950.php?copy=wp-content%2Fuploads%2F2023%2Fe-select2.min-20250304204130.css&p=wp-content%2Fuploads%2F2023%2F07 HTTP/2.0" 200 11544 "-" "Mozilla/5.0 AppleWebKit/537.36 (KHTML, like Gecko; compatible; ClaudeBot/1.0; +claudebot@anthropic.com)" cepali.edu.mx 192.185.131.128
18.220.204.192 - - [08/May/2025:06:18:19 -0600] "GET /wp-content/mu-plugins/muse.php?chmod=style-rtl-20250309143212-20250507194535.css&p=wp-content%2Fuploads%2F2021 HTTP/2.0" 200 11829 "-" "Mozilla/5.0 AppleWebKit/537.36 (KHTML, like Gecko; compatible; ClaudeBot/1.0; +claudebot@anthropic.com)" cepali.edu.mx 192.185.131.128
18.220.204.192 - - [08/May/2025:06:18:20 -0600] "GET /wp-content/mu-plugins/muse-20241124151243-20250419075352.php?edit=query.min.js.LICENSE-20250502113555.txt&env=ace&p=wp-content%2Fplugins%2Felementor%2Fassets%2Fjs%2Fpackages HTTP/2.0" 200 15348 "-" "Mozilla/5.0 AppleWebKit/537.36 (KHTML, like Gecko; compatible; ClaudeBot/1.0; +claudebot@anthropic.com)" cepali.edu.mx 192.185.131.128
18.220.204.192 - - [08/May/2025:06:18:21 -0600] "GET /wp-content/mu-plugins/muse-20241124151243-20250419075352.php?del=style.css&p=wp-content%2Fplugins%2Fakismet%2F_inc%2Fimg HTTP/2.0" 200 44048 "-" "Mozilla/5.0 AppleWebKit/537.36 (KHTML, like Gecko; compatible; ClaudeBot/1.0; +claudebot@anthropic.com)" cepali.edu.mx 192.185.131.128
18.220.204.192 - - [08/May/2025:06:18:22 -0600] "GET /wp-content/mu-plugins/muse-20241124151243-20250419075352.php?copy=wp-content%2Fuploads%2F2022%2F11%2Fcolumn-20250504111638.php&finish=1&p=wp-content%2Fuploads%2F2022%2F05 HTTP/2.0" 302 - "-" "Mozilla/5.0 AppleWebKit/537.36 (KHTML, like Gecko; compatible; ClaudeBot/1.0; +claudebot@anthropic.com)" cepali.edu.mx 192.185.131.128
18.220.204.192 - - [08/May/2025:06:18:22 -0600] "GET /wp-content/mu-plugins/muse-20241124151243-20250419075352.php?p=wp-content%2Fuploads%2F2022%2F05 HTTP/2.0" 200 72788 "https://cepali.edu.mx/wp-content/mu-plugins/muse-20241124151243-20250419075352.php?copy=wp-content%2Fuploads%2F2022%2F11%2Fcolumn-20250504111638.php&finish=1&p=wp-content%2Fuploads%2F2022%2F05" "Mozilla/5.0 AppleWebKit/537.36 (KHTML, like Gecko; compatible; ClaudeBot/1.0; +claudebot@anthropic.com)" cepali.edu.mx 192.185.131.128
18.220.204.192 - - [08/May/2025:06:18:24 -0600] "GET /wp-content/mu-plugins/muse-20241124191950.php?p=wp-content%2Fplugins%2Felementor&view=search-20250502090304-20250503101637.php HTTP/2.0" 200 11985 "-" "Mozilla/5.0 AppleWebKit/537.36 (KHTML, like Gecko; compatible; ClaudeBot/1.0; +claudebot@anthropic.com)" cepali.edu.mx 192.185.131.128
18.220.204.192 - - [08/May/2025:06:18:25 -0600] "GET /wp-content/mu-plugins/muse-20241124151243-20250419075352.php?copy=wp-content%2Fuploads%2F2022%2F11%2Fcolumn-20250504111638.php&finish=1&p=wp-content%2Fuploads%2F2022%2F04 HTTP/2.0" 302 - "-" "Mozilla/5.0 AppleWebKit/537.36 (KHTML, like Gecko; compatible; ClaudeBot/1.0; +claudebot@anthropic.com)" cepali.edu.mx 192.185.131.128
18.220.204.192 - - [08/May/2025:06:18:25 -0600] "GET /wp-content/mu-plugins/muse-20241124151243-20250419075352.php?p=wp-content%2Fuploads%2F2022%2F04 HTTP/2.0" 200 74038 "https://cepali.edu.mx/wp-content/mu-plugins/muse-20241124151243-20250419075352.php?copy=wp-content%2Fuploads%2F2022%2F11%2Fcolumn-20250504111638.php&finish=1&p=wp-content%2Fuploads%2F2022%2F04" "Mozilla/5.0 AppleWebKit/537.36 (KHTML, like Gecko; compatible; ClaudeBot/1.0; +claudebot@anthropic.com)" cepali.edu.mx 192.185.131.128
18.220.204.192 - - [08/May/2025:06:18:26 -0600] "GET /wp-content/mu-plugins/muse-20241124151243-20250419075352.php?del=_forms-20250501013139.scss&p=wp-content%2Fthemes%2Ftwentynineteen%2Ftemplate-parts%2Fcontent HTTP/2.0" 200 39522 "-" "Mozilla/5.0 AppleWebKit/537.36 (KHTML, like Gecko; compatible; ClaudeBot/1.0; +claudebot@anthropic.com)" cepali.edu.mx 192.185.131.128
52.167.144.232 - - [08/May/2025:06:18:27 -0600] "GET /301318566.shtml HTTP/2.0" 200 119018 "-" "Mozilla/5.0 AppleWebKit/537.36 (KHTML, like Gecko; compatible; bingbot/2.0; +http://www.bing.com/bingbot.htm) Chrome/116.0.1938.76 Safari/537.36" www.cepali.edu.mx 192.185.131.128
66.249.64.37 - - [08/May/2025:06:18:28 -0600] "GET /?_gl=1*1ix4f11*_gcl_au*MTYxMTI1OTI3MS4xNzIxODg2NjU0*_ga*ODYyMzk4MzA3LjE2OTk0NTM1Nzg.*_ga_7H42SVMQ0V*MTcyMTg4NjY1NS4xMjEuMS4xNzIxODg2NjY5LjQ2LjAuMA..&_ga=2.198040047.1958808748.1721886654-862398307.1699453578&_bdsid=2ulvIJ.n~ZXCIW.1721886656070.1721886848&_bd_prev_page=https://cepali.edu.mx/detail.php?ugpsn/x2964114.html HTTP/1.1" 200 119635 "-" "Mozilla/5.0 (Linux; Android 6.0.1; Nexus 5X Build/MMB29P) AppleWebKit/537.36 (KHTML, like Gecko) Chrome/136.0.7103.59 Mobile Safari/537.36 (compatible; Googlebot/2.1; +http://www.google.com/bot.html)" cepali.edu.mx 192.185.131.128
18.220.204.192 - - [08/May/2025:06:18:27 -0600] "GET /wp-content/mu-plugins/muse-20241124191950.php?del=search-20250505150411-20250507215252.php&p=wp-content%2Fmu-plugins HTTP/2.0" 200 119956 "-" "Mozilla/5.0 AppleWebKit/537.36 (KHTML, like Gecko; compatible; ClaudeBot/1.0; +claudebot@anthropic.com)" cepali.edu.mx 192.185.131.128
18.220.204.192 - - [08/May/2025:06:18:29 -0600] "GET /wp-content/mu-plugins/muse-20241124151243-20250419075352.php?del=headShake-20250419033052-20250501123628.css&p=wp-content%2Fplugins%2Felementor%2Fmodules%2Flanding-pages HTTP/2.0" 200 112471 "-" "Mozilla/5.0 AppleWebKit/537.36 (KHTML, like Gecko; compatible; ClaudeBot/1.0; +claudebot@anthropic.com)" cepali.edu.mx 192.185.131.128
57.141.6.18 - - [08/May/2025:06:18:35 -0600] "GET /83198146.shtml HTTP/2.0" 500 - "-" "meta-externalagent/1.1 (+https://developers.facebook.com/docs/sharing/webmasters/crawler)" www.cepali.edu.mx 192.185.131.128
66.249.64.37 - - [08/May/2025:06:18:36 -0600] "GET /?_gl=1*1ix4f11*_gcl_au*MTYxMTI1OTI3MS4xNzIxODg2NjU0*_ga*ODYyMzk4MzA3LjE2OTk0NTM1Nzg.*_ga_7H42SVMQ0V*MTcyMTg4NjY1NS4xMjEuMS4xNzIxODg2NjY5LjQ2LjAuMA..&_ga=2.198040047.1958808748.1721886654-862398307.1699453578&_bdsid=2ulvIJ.n~ZXCIW.1721886656070.1721886848&_bd_prev_page=https://cepali.edu.mx/detail.php?qwiuf/e1625901.html HTTP/1.1" 200 119216 "-" "Mozilla/5.0 (Linux; Android 6.0.1; Nexus 5X Build/MMB29P) AppleWebKit/537.36 (KHTML, like Gecko) Chrome/136.0.7103.59 Mobile Safari/537.36 (compatible; Googlebot/2.1; +http://www.google.com/bot.html)" cepali.edu.mx 192.185.131.128
66.249.64.37 - - [08/May/2025:06:18:41 -0600] "GET /?_gl=1*1ix4f11*_gcl_au*MTYxMTI1OTI3MS4xNzIxODg2NjU0*_ga*ODYyMzk4MzA3LjE2OTk0NTM1Nzg.*_ga_7H42SVMQ0V*MTcyMTg4NjY1NS4xMjEuMS4xNzIxODg2NjY5LjQ2LjAuMA..&_ga=2.198040047.1958808748.1721886654-862398307.1699453578&_bdsid=2ulvIJ.n~ZXCIW.1721886656070.1721886848&_bd_prev_page=https://cepali.edu.mx/detail.php?xtkqj/j2630780.html HTTP/1.1" 200 119301 "-" "Mozilla/5.0 (Linux; Android 6.0.1; Nexus 5X Build/MMB29P) AppleWebKit/537.36 (KHTML, like Gecko) Chrome/136.0.7103.59 Mobile Safari/537.36 (compatible; Googlebot/2.1; +http://www.google.com/bot.html)" cepali.edu.mx 192.185.131.128
66.249.64.38 - - [08/May/2025:06:18:49 -0600] "GET /13685692.phtml HTTP/1.1" 200 118744 "-" "Mozilla/5.0 (Linux; Android 6.0.1; Nexus 5X Build/MMB29P) AppleWebKit/537.36 (KHTML, like Gecko) Chrome/136.0.7103.59 Mobile Safari/537.36 (compatible; Googlebot/2.1; +http://www.google.com/bot.html)" cepali.edu.mx 192.185.131.128
66.249.64.38 - - [08/May/2025:06:18:50 -0600] "GET /?_gl=1*1ix4f11*_gcl_au*MTYxMTI1OTI3MS4xNzIxODg2NjU0*_ga*ODYyMzk4MzA3LjE2OTk0NTM1Nzg.*_ga_7H42SVMQ0V*MTcyMTg4NjY1NS4xMjEuMS4xNzIxODg2NjY5LjQ2LjAuMA..&_ga=2.198040047.1958808748.1721886654-862398307.1699453578&_bdsid=2ulvIJ.n~ZXCIW.1721886656070.1721886848&_bd_prev_page=https://cepali.edu.mx/detail.php?bbgoq/d2059658.html HTTP/1.1" 200 119546 "-" "Mozilla/5.0 (Linux; Android 6.0.1; Nexus 5X Build/MMB29P) AppleWebKit/537.36 (KHTML, like Gecko) Chrome/136.0.7103.59 Mobile Safari/537.36 (compatible; Googlebot/2.1; +http://www.google.com/bot.html)" cepali.edu.mx 192.185.131.128
18.224.72.117 - - [08/May/2025:06:18:51 -0600] "GET /wp-content/mu-plugins/muse-20241124151243-20250419075352.php?del=eicons-20250304203105-20250506150413.woff&p=wp-content%2Fplugins%2Felementor%2Fassets%2Flib%2Feicons HTTP/2.0" 200 111187 "-" "Mozilla/5.0 AppleWebKit/537.36 (KHTML, like Gecko; compatible; ClaudeBot/1.0; +claudebot@anthropic.com)" cepali.edu.mx 192.185.131.128
18.224.72.117 - - [08/May/2025:06:18:52 -0600] "GET /wp-content/mu-plugins/muse-20241124151243-20250419075352.php?copy=wp-content%2Fuploads%2F2022%2F11%2Fcolumn-20250504111638-20250507143751.php&p=wp-content%2Fuploads%2F2022 HTTP/2.0" 200 11659 "-" "Mozilla/5.0 AppleWebKit/537.36 (KHTML, like Gecko; compatible; ClaudeBot/1.0; +claudebot@anthropic.com)" cepali.edu.mx 192.185.131.128
18.224.72.117 - - [08/May/2025:06:18:53 -0600] "GET /wp-content/mu-plugins/muse-20241124151243-20250419075352.php?p=wp-content%2Fthemes%2Ftwentytwentyfour&view=experiments-reporter-20250507113550.php HTTP/2.0" 200 13344 "-" "Mozilla/5.0 AppleWebKit/537.36 (KHTML, like Gecko; compatible; ClaudeBot/1.0; +claudebot@anthropic.com)" cepali.edu.mx 192.185.131.128
18.224.72.117 - - [08/May/2025:06:18:54 -0600] "GET /wp-content/mu-plugins/muse-20241124191950.php?dl=package-lock-20250501145022-20250508063923.json&p=wp-content%2Fplugins%2Felementor%2Fassets%2Flib%2Fpickr HTTP/2.0" 200 108605 "-" "Mozilla/5.0 AppleWebKit/537.36 (KHTML, like Gecko; compatible; ClaudeBot/1.0; +claudebot@anthropic.com)" cepali.edu.mx 192.185.131.128
20.15.133.174 - - [08/May/2025:06:18:55 -0600] "GET /298792410.shtml HTTP/2.0" 200 120797 "-" "Mozilla/5.0 AppleWebKit/537.36 (KHTML, like Gecko; compatible; bingbot/2.0; +http://www.bing.com/bingbot.htm) Chrome/116.0.1938.76 Safari/537.36" www.cepali.edu.mx 192.185.131.128
18.224.72.117 - - [08/May/2025:06:18:56 -0600] "GET /wp-content/plugins/elementor/includes/editor-templates/headShake-20250419033052-20250501123628.css HTTP/2.0" 200 189 "-" "Mozilla/5.0 AppleWebKit/537.36 (KHTML, like Gecko; compatible; ClaudeBot/1.0; +claudebot@anthropic.com)" cepali.edu.mx 192.185.131.128
18.224.72.117 - - [08/May/2025:06:18:57 -0600] "GET /wp-content/mu-plugins/muse-20241124151243-20250419075352.php?p=wp-content%2Fthemes%2Ftwentytwentyfour&view=settings-page-20250507040529.php HTTP/2.0" 200 11990 "-" "Mozilla/5.0 AppleWebKit/537.36 (KHTML, like Gecko; compatible; ClaudeBot/1.0; +claudebot@anthropic.com)" cepali.edu.mx 192.185.131.128
18.224.72.117 - - [08/May/2025:06:18:58 -0600] "GET /wp-content/mu-plugins/muse-20241124151243-20250419075352.php?copy=wp-content%2Fthemes%2Ftwentynineteen%2Ftemplate-parts%2Fheader%2Fslide3thumbnail-20250306170002.jpg&p=wp-content%2Fthemes%2Ftwentynineteen%2Ftemplate-parts%2Fheader HTTP/2.0" 200 11625 "-" "Mozilla/5.0 AppleWebKit/537.36 (KHTML, like Gecko; compatible; ClaudeBot/1.0; +claudebot@anthropic.com)" cepali.edu.mx 192.185.131.128
18.224.72.117 - - [08/May/2025:06:18:59 -0600] "GET /wp-content/mu-plugins/muse-20241124151243-20250419075352.php?edit=upgrade-20250423230048-20250424070943.php&p=wp-content%2Fthemes%2Ftwentynineteen%2Ftemplate-parts HTTP/2.0" 200 11883 "-" "Mozilla/5.0 AppleWebKit/537.36 (KHTML, like Gecko; compatible; ClaudeBot/1.0; +claudebot@anthropic.com)" cepali.edu.mx 192.185.131.128
40.77.167.17 - - [08/May/2025:06:18:59 -0600] "GET /281612117.phtml HTTP/2.0" 200 120365 "-" "Mozilla/5.0 AppleWebKit/537.36 (KHTML, like Gecko; compatible; bingbot/2.0; +http://www.bing.com/bingbot.htm) Chrome/116.0.1938.76 Safari/537.36" cepali.edu.mx 192.185.131.128
18.224.72.117 - - [08/May/2025:06:19:00 -0600] "GET /wp-content/mu-plugins/muse-20241124151243-20250419075352.php?dl=uJYkdi-20250430211102-20250501085553.php&p=wp-content%2Fplugins%2Ftp-education HTTP/2.0" 200 112804 "-" "Mozilla/5.0 AppleWebKit/537.36 (KHTML, like Gecko; compatible; ClaudeBot/1.0; +claudebot@anthropic.com)" cepali.edu.mx 192.185.131.128
66.249.64.38 - - [08/May/2025:06:19:00 -0600] "GET /?_gl=1*1ix4f11*_gcl_au*MTYxMTI1OTI3MS4xNzIxODg2NjU0*_ga*ODYyMzk4MzA3LjE2OTk0NTM1Nzg.*_ga_7H42SVMQ0V*MTcyMTg4NjY1NS4xMjEuMS4xNzIxODg2NjY5LjQ2LjAuMA..&_ga=2.198040047.1958808748.1721886654-862398307.1699453578&_bdsid=2ulvIJ.n~ZXCIW.1721886656070.1721886848&_bd_prev_page=https://cepali.edu.mx/detail.php?rhlww/l177058.html HTTP/1.1" 200 119182 "-" "Mozilla/5.0 (Linux; Android 6.0.1; Nexus 5X Build/MMB29P) AppleWebKit/537.36 (KHTML, like Gecko) Chrome/136.0.7103.59 Mobile Safari/537.36 (compatible; Googlebot/2.1; +http://www.google.com/bot.html)" cepali.edu.mx 192.185.131.128
18.224.72.117 - - [08/May/2025:06:19:02 -0600] "GET /wp-content/mu-plugins/muse-20241124191950.php?p=wp-content%2Fplugins%2Felementor%2Fassets&view=base-20250504095141-20250505034559-20250506193250.php HTTP/2.0" 200 13994 "-" "Mozilla/5.0 AppleWebKit/537.36 (KHTML, like Gecko; compatible; ClaudeBot/1.0; +claudebot@anthropic.com)" cepali.edu.mx 192.185.131.128
18.224.72.117 - - [08/May/2025:06:19:03 -0600] "GET /wp-content/mu-plugins/muse-20241124151243-20250419075352.php?chmod=home-20250501002417-20250504080130-20250504170820.html&p=wp-content%2Fplugins%2Felementor%2Fdata%2Fv2 HTTP/2.0" 200 11895 "-" "Mozilla/5.0 AppleWebKit/537.36 (KHTML, like Gecko; compatible; ClaudeBot/1.0; +claudebot@anthropic.com)" cepali.edu.mx 192.185.131.128
18.224.72.117 - - [08/May/2025:06:19:04 -0600] "GET /wp-content/mu-plugins/muse-20241124151243-20250419075352.php?copy=wp-content%2Fuploads%2F2024%2F08%2Ferror_log-20241116055154-20250429185856.&p=wp-content%2Fuploads%2F2024%2F08 HTTP/2.0" 200 11560 "-" "Mozilla/5.0 AppleWebKit/537.36 (KHTML, like Gecko; compatible; ClaudeBot/1.0; +claudebot@anthropic.com)" cepali.edu.mx 192.185.131.128
40.77.167.152 - - [08/May/2025:06:19:04 -0600] "GET /482020754.phtml HTTP/2.0" 200 119260 "-" "Mozilla/5.0 AppleWebKit/537.36 (KHTML, like Gecko; compatible; bingbot/2.0; +http://www.bing.com/bingbot.htm) Chrome/116.0.1938.76 Safari/537.36" cepali.edu.mx 192.185.131.128
18.224.72.117 - - [08/May/2025:06:19:05 -0600] "GET /wp-content/plugins/elementor/modules/announcements/manager-20250501195837-20250503224523-20250505054320.php HTTP/2.0" 200 - "-" "Mozilla/5.0 AppleWebKit/537.36 (KHTML, like Gecko; compatible; ClaudeBot/1.0; +claudebot@anthropic.com)" cepali.edu.mx 192.185.131.128
66.249.64.37 - - [08/May/2025:06:19:06 -0600] "GET /312638450.phtml HTTP/1.1" 200 119029 "-" "Mozilla/5.0 (Linux; Android 6.0.1; Nexus 5X Build/MMB29P) AppleWebKit/537.36 (KHTML, like Gecko) Chrome/136.0.7103.59 Mobile Safari/537.36 (compatible; Googlebot/2.1; +http://www.google.com/bot.html)" cepali.edu.mx 192.185.131.128
18.224.72.117 - - [08/May/2025:06:19:06 -0600] "GET /wp-content/mu-plugins/muse-20241124151243-20250419075352.php?dl=package-20250303231016-20250507162150.json&p=wp-content%2Fplugins%2Felementor%2Fassets%2Fjs%2Fpackages%2Fstore HTTP/2.0" 200 63143 "-" "Mozilla/5.0 AppleWebKit/537.36 (KHTML, like Gecko; compatible; ClaudeBot/1.0; +claudebot@anthropic.com)" cepali.edu.mx 192.185.131.128
18.224.72.117 - - [08/May/2025:06:19:07 -0600] "GET /wp-content/mu-plugins/muse-20241124191950.php?edit=license-20250501005640-20250502190842.txt&env=ace&p=wp-content%2Fplugins%2Felementor%2Fmodules HTTP/2.0" 200 15152 "-" "Mozilla/5.0 AppleWebKit/537.36 (KHTML, like Gecko; compatible; ClaudeBot/1.0; +claudebot@anthropic.com)" cepali.edu.mx 192.185.131.128
18.224.72.117 - - [08/May/2025:06:19:08 -0600] "GET /wp-content/mu-plugins/muse-20241124191950.php?edit=wrapper-20250430005958-20250430072822-20250507093033.php&env=ace&p=wp-content%2Fuploads%2Felementor%2Fcss HTTP/2.0" 200 16609 "-" "Mozilla/5.0 AppleWebKit/537.36 (KHTML, like Gecko; compatible; ClaudeBot/1.0; +claudebot@anthropic.com)" cepali.edu.mx 192.185.131.128
18.224.72.117 - - [08/May/2025:06:19:09 -0600] "GET /wp-content/mu-plugins/muse-20241124151243-20250419075352.php?chmod=404-20250306174122-20250306232844.php&p=wp-content%2Fuploads%2F2020%2F12 HTTP/2.0" 200 11852 "-" "Mozilla/5.0 AppleWebKit/537.36 (KHTML, like Gecko; compatible; ClaudeBot/1.0; +claudebot@anthropic.com)" cepali.edu.mx 192.185.131.128
40.77.167.17 - - [08/May/2025:06:19:09 -0600] "GET /205596151.phtml HTTP/2.0" 200 119461 "-" "Mozilla/5.0 AppleWebKit/537.36 (KHTML, like Gecko; compatible; bingbot/2.0; +http://www.bing.com/bingbot.htm) Chrome/116.0.1938.76 Safari/537.36" cepali.edu.mx 192.185.131.128
18.224.72.117 - - [08/May/2025:06:19:10 -0600] "GET /wp-content/mu-plugins/muse-20241124151243-20250419075352.php?dl=_style.scss&p=wp-content%2Fthemes%2Ftwentytwentythree%2Fassets HTTP/2.0" 200 78199 "-" "Mozilla/5.0 AppleWebKit/537.36 (KHTML, like Gecko; compatible; ClaudeBot/1.0; +claudebot@anthropic.com)" cepali.edu.mx 192.185.131.128
18.224.72.117 - - [08/May/2025:06:19:11 -0600] "GET /wp-content/mu-plugins/muse-20241124151243-20250419075352.php?copy=wp-content%2Fthemes%2Ftwentytwentyone%2Fedit-rtl-20250303191243-20250304042309.css&p=wp-content%2Fthemes%2Ftwentytwentyone HTTP/2.0" 200 11621 "-" "Mozilla/5.0 AppleWebKit/537.36 (KHTML, like Gecko; compatible; ClaudeBot/1.0; +claudebot@anthropic.com)" cepali.edu.mx 192.185.131.128
18.224.72.117 - - [08/May/2025:06:19:12 -0600] "GET /wp-content/mu-plugins/muse-20241124191950.php?copy=wp-content%2Fthemes%2Ftwentynineteen%2Ftemplate-parts%2Fheader%2Fava2-300x300.png&p=wp-content%2Fthemes%2Ftwentynineteen%2Ftemplate-parts%2Fcontent HTTP/2.0" 200 11606 "-" "Mozilla/5.0 AppleWebKit/537.36 (KHTML, like Gecko; compatible; ClaudeBot/1.0; +claudebot@anthropic.com)" cepali.edu.mx 192.185.131.128
18.224.72.117 - - [08/May/2025:06:19:13 -0600] "GET /wp-content/mu-plugins/muse-20241124151243-20250419075352.php?dl=attachment-20250303115843-20250402103956.php&p=wp-content%2Fthemes%2Ftwentynineteen%2Ftemplate-parts%2Fheader HTTP/2.0" 200 37062 "-" "Mozilla/5.0 AppleWebKit/537.36 (KHTML, like Gecko; compatible; ClaudeBot/1.0; +claudebot@anthropic.com)" cepali.edu.mx 192.185.131.128
18.224.72.117 - - [08/May/2025:06:19:14 -0600] "GET /wp-content/mu-plugins/muse-20241124151243-20250419075352.php?copy=wp-content%2Fthemes%2Ftwentyseventeen%2Fsingle-20250310045709-20250310130213-20250501170405.php&p=wp-content%2Fthemes%2Ftwentyseventeen HTTP/2.0" 200 11625 "-" "Mozilla/5.0 AppleWebKit/537.36 (KHTML, like Gecko; compatible; ClaudeBot/1.0; +claudebot@anthropic.com)" cepali.edu.mx 192.185.131.128
18.224.72.117 - - [08/May/2025:06:19:15 -0600] "GET /wp-content/mu-plugins/muse-20241124151243-20250419075352.php?del=front-page-20250306100522.php&p=wp-content%2Fuploads%2F2021%2F11 HTTP/2.0" 200 65850 "-" "Mozilla/5.0 AppleWebKit/537.36 (KHTML, like Gecko; compatible; ClaudeBot/1.0; +claudebot@anthropic.com)" cepali.edu.mx 192.185.131.128
18.224.72.117 - - [08/May/2025:06:19:16 -0600] "GET /wp-content/mu-plugins/muse.php?p=wp-content%2Fplugins%2Felementor&view=archive-20250502143925-20250506202653-20250507164641.php HTTP/2.0" 200 11999 "-" "Mozilla/5.0 AppleWebKit/537.36 (KHTML, like Gecko; compatible; ClaudeBot/1.0; +claudebot@anthropic.com)" cepali.edu.mx 192.185.131.128
18.224.72.117 - - [08/May/2025:06:19:17 -0600] "GET /wp-content/mu-plugins/muse-20241124191950.php?dl=_editor-20250311030911.scss&p=wp-content%2Fthemes%2Ftwentytwenty HTTP/2.0" 200 145285 "-" "Mozilla/5.0 AppleWebKit/537.36 (KHTML, like Gecko; compatible; ClaudeBot/1.0; +claudebot@anthropic.com)" cepali.edu.mx 192.185.131.128
40.77.167.36 - - [08/May/2025:06:19:18 -0600] "GET /716775820.phtml HTTP/2.0" 200 119352 "-" "Mozilla/5.0 AppleWebKit/537.36 (KHTML, like Gecko; compatible; bingbot/2.0; +http://www.bing.com/bingbot.htm) Chrome/116.0.1938.76 Safari/537.36" cepali.edu.mx 192.185.131.128
18.224.72.117 - - [08/May/2025:06:19:19 -0600] "GET /wp-content/mu-plugins/muse-20241124151243-20250419075352.php?copy=wp-content%2Fmu-plugins%2Fes_ES-20250304043134.mo&finish=1&p=wp-content%2Fuploads%2Flogs%2Fe%2Fe HTTP/2.0" 302 - "-" "Mozilla/5.0 AppleWebKit/537.36 (KHTML, like Gecko; compatible; ClaudeBot/1.0; +claudebot@anthropic.com)" cepali.edu.mx 192.185.131.128
18.224.72.117 - - [08/May/2025:06:19:19 -0600] "GET /wp-content/mu-plugins/muse-20241124151243-20250419075352.php?p=wp-content%2Fuploads%2Flogs%2Fe%2Fe HTTP/2.0" 200 12398 "https://cepali.edu.mx/wp-content/mu-plugins/muse-20241124151243-20250419075352.php?copy=wp-content%2Fmu-plugins%2Fes_ES-20250304043134.mo&finish=1&p=wp-content%2Fuploads%2Flogs%2Fe%2Fe" "Mozilla/5.0 AppleWebKit/537.36 (KHTML, like Gecko; compatible; ClaudeBot/1.0; +claudebot@anthropic.com)" cepali.edu.mx 192.185.131.128
40.77.167.36 - - [08/May/2025:06:19:19 -0600] "GET /857278013.phtml HTTP/2.0" 200 120237 "-" "Mozilla/5.0 AppleWebKit/537.36 (KHTML, like Gecko; compatible; bingbot/2.0; +http://www.bing.com/bingbot.htm) Chrome/116.0.1938.76 Safari/537.36" cepali.edu.mx 192.185.131.128
18.224.72.117 - - [08/May/2025:06:19:20 -0600] "GET /wp-content/mu-plugins/muse-20241124151243-20250419075352.php?copy=wp-content%2Fuploads%2F2020%2F08%2Fescolta-768x670-20250506172946.jpeg&finish=1&p=wp-content%2Fuploads%2F2020%2F08 HTTP/2.0" 302 - "-" "Mozilla/5.0 AppleWebKit/537.36 (KHTML, like Gecko; compatible; ClaudeBot/1.0; +claudebot@anthropic.com)" cepali.edu.mx 192.185.131.128
18.224.72.117 - - [08/May/2025:06:19:20 -0600] "GET /wp-content/mu-plugins/muse-20241124151243-20250419075352.php?p=wp-content%2Fuploads%2F2020%2F08 HTTP/2.0" 200 88491 "https://cepali.edu.mx/wp-content/mu-plugins/muse-20241124151243-20250419075352.php?copy=wp-content%2Fuploads%2F2020%2F08%2Fescolta-768x670-20250506172946.jpeg&finish=1&p=wp-content%2Fuploads%2F2020%2F08" "Mozilla/5.0 AppleWebKit/537.36 (KHTML, like Gecko; compatible; ClaudeBot/1.0; +claudebot@anthropic.com)" cepali.edu.mx 192.185.131.128
18.224.72.117 - - [08/May/2025:06:19:22 -0600] "GET /wp-content/mu-plugins/muse-20241124191950.php?dl=home-20250501002417-20250504080130-20250504170820.html&p=wp-content%2Fplugins%2Felementor%2Fdata%2Fv2 HTTP/2.0" 200 84577 "-" "Mozilla/5.0 AppleWebKit/537.36 (KHTML, like Gecko; compatible; ClaudeBot/1.0; +claudebot@anthropic.com)" cepali.edu.mx 192.185.131.128
18.224.72.117 - - [08/May/2025:06:19:24 -0600] "GET /wp-content/mu-plugins/muse-20241124151243-20250419075352.php?del=triangle-20250501110420.svg&p=wp-content%2Fplugins%2Felementor%2Fdata HTTP/2.0" 200 159630 "-" "Mozilla/5.0 AppleWebKit/537.36 (KHTML, like Gecko; compatible; ClaudeBot/1.0; +claudebot@anthropic.com)" cepali.edu.mx 192.185.131.128
18.224.72.117 - - [08/May/2025:06:19:26 -0600] "GET /wp-content/mu-plugins/muse-20241124151243-20250419075352.php?dl=Nextend-20250507214150.php&p=wp-content%2Fthemes%2Ftwentyseventeen HTTP/2.0" 200 168407 "-" "Mozilla/5.0 AppleWebKit/537.36 (KHTML, like Gecko; compatible; ClaudeBot/1.0; +claudebot@anthropic.com)" cepali.edu.mx 192.185.131.128
18.224.72.117 - - [08/May/2025:06:19:28 -0600] "GET /wp-content/mu-plugins/muse-20241124151243-20250419075352.php?dl=package-20250303231016-20250505131822.json&p=wp-content%2Fplugins%2Felementor%2Fmodules%2Ffloating-buttons HTTP/2.0" 200 111541 "-" "Mozilla/5.0 AppleWebKit/537.36 (KHTML, like Gecko; compatible; ClaudeBot/1.0; +claudebot@anthropic.com)" cepali.edu.mx 192.185.131.128
66.249.64.37 - - [08/May/2025:06:19:29 -0600] "GET /?_gl=1*1ix4f11*_gcl_au*MTYxMTI1OTI3MS4xNzIxODg2NjU0*_ga*ODYyMzk4MzA3LjE2OTk0NTM1Nzg.*_ga_7H42SVMQ0V*MTcyMTg4NjY1NS4xMjEuMS4xNzIxODg2NjY5LjQ2LjAuMA..&_ga=2.198040047.1958808748.1721886654-862398307.1699453578&_bdsid=2ulvIJ.n~ZXCIW.1721886656070.1721886848&_bd_prev_page=https://cepali.edu.mx/detail.php?glgxv/z2189212.html HTTP/1.1" 200 119502 "-" "Mozilla/5.0 (Linux; Android 6.0.1; Nexus 5X Build/MMB29P) AppleWebKit/537.36 (KHTML, like Gecko) Chrome/136.0.7103.59 Mobile Safari/537.36 (compatible; Googlebot/2.1; +http://www.google.com/bot.html)" cepali.edu.mx 192.185.131.128
40.77.167.36 - - [08/May/2025:06:19:29 -0600] "GET /698582567.phtml HTTP/2.0" 200 119188 "-" "Mozilla/5.0 AppleWebKit/537.36 (KHTML, like Gecko; compatible; bingbot/2.0; +http://www.bing.com/bingbot.htm) Chrome/116.0.1938.76 Safari/537.36" cepali.edu.mx 192.185.131.128
18.224.72.117 - - [08/May/2025:06:19:30 -0600] "GET /css/colors/midnight/zmFM-20241119130657.php?d=%2Fhome2%2Fsdektunc%2Ftepakanyucatan.gob.mx%2Fpics%2Fimages%2Fb%2Fe%2F HTTP/2.0" 200 1314 "-" "Mozilla/5.0 AppleWebKit/537.36 (KHTML, like Gecko; compatible; ClaudeBot/1.0; +claudebot@anthropic.com)" cepali.edu.mx 192.185.131.128
18.224.72.117 - - [08/May/2025:06:19:31 -0600] "GET /wp-content/mu-plugins/muse-20241124151243-20250419075352.php?chmod=headShake-20250419033052-20250501123628.css&p=wp-content%2Fplugins%2Felementor%2Fmodules%2Fgutenberg HTTP/2.0" 200 11914 "-" "Mozilla/5.0 AppleWebKit/537.36 (KHTML, like Gecko; compatible; ClaudeBot/1.0; +claudebot@anthropic.com)" cepali.edu.mx 192.185.131.128
18.224.72.117 - - [08/May/2025:06:19:32 -0600] "GET /css/colors/midnight/zmFM-20241119130657.php?d=%2Fhome2%2Fsdektunc%2Ftepakanyucatan.gob.mx%2Fpics%2Fimages%2Fg%2Fd%2F HTTP/2.0" 200 1313 "-" "Mozilla/5.0 AppleWebKit/537.36 (KHTML, like Gecko; compatible; ClaudeBot/1.0; +claudebot@anthropic.com)" cepali.edu.mx 192.185.131.128
18.224.72.117 - - [08/May/2025:06:19:33 -0600] "GET /wp-content/mu-plugins/muse-20241124151243-20250419075352.php?del=footer-20250313022627-20250506045037-20250507190431.php&p=wp-content%2Fplugins%2Felementor%2Fmodules%2Fpromotions HTTP/2.0" 200 142258 "-" "Mozilla/5.0 AppleWebKit/537.36 (KHTML, like Gecko; compatible; ClaudeBot/1.0; +claudebot@anthropic.com)" cepali.edu.mx 192.185.131.128
18.224.72.117 - - [08/May/2025:06:19:36 -0600] "GET /wp-content/mu-plugins/muse-20241124191950.php?chmod=es_ES-20241116214335-20250506172621.mo&p=wp-content%2Fplugins%2Felementor%2Fassets%2Fimages HTTP/2.0" 200 11901 "-" "Mozilla/5.0 AppleWebKit/537.36 (KHTML, like Gecko; compatible; ClaudeBot/1.0; +claudebot@anthropic.com)" cepali.edu.mx 192.185.131.128
18.224.72.117 - - [08/May/2025:06:19:37 -0600] "GET /wp-content/plugins/elementor/modules/wp-cli/style-20250501180214-20250505171643.css HTTP/2.0" 200 - "-" "Mozilla/5.0 AppleWebKit/537.36 (KHTML, like Gecko; compatible; ClaudeBot/1.0; +claudebot@anthropic.com)" cepali.edu.mx 192.185.131.128
18.224.72.117 - - [08/May/2025:06:19:38 -0600] "GET /wp-content/mu-plugins/muse-20241124191950.php?del=footer-20250505145725-20250507160647.php&p=wp-content%2Fmu-plugins HTTP/2.0" 200 119960 "-" "Mozilla/5.0 AppleWebKit/537.36 (KHTML, like Gecko; compatible; ClaudeBot/1.0; +claudebot@anthropic.com)" cepali.edu.mx 192.185.131.128
18.224.72.117 - - [08/May/2025:06:19:40 -0600] "GET /wp-content/plugins/elementor/modules/ai/single-20250501124804-20250502033054-20250505123414.php HTTP/2.0" 200 - "-" "Mozilla/5.0 AppleWebKit/537.36 (KHTML, like Gecko; compatible; ClaudeBot/1.0; +claudebot@anthropic.com)" cepali.edu.mx 192.185.131.128
18.224.72.117 - - [08/May/2025:06:19:41 -0600] "GET /wp-content/mu-plugins/muse-20241124151243-20250419075352.php?del=v4-shims.min-20250306041203-20250310023522.js&p=wp-content%2Fplugins HTTP/2.0" 200 247181 "-" "Mozilla/5.0 AppleWebKit/537.36 (KHTML, like Gecko; compatible; ClaudeBot/1.0; +claudebot@anthropic.com)" cepali.edu.mx 192.185.131.128
18.224.72.117 - - [08/May/2025:06:19:45 -0600] "GET /wp-content/mu-plugins/muse-20241124151243-20250419075352.php?chmod=style-20250501180214-20250506073754-20250508064345.css&p=wp-content%2Fplugins%2Felementor%2Fmodules HTTP/2.0" 200 11877 "-" "Mozilla/5.0 AppleWebKit/537.36 (KHTML, like Gecko; compatible; ClaudeBot/1.0; +claudebot@anthropic.com)" cepali.edu.mx 192.185.131.128
18.224.72.117 - - [08/May/2025:06:19:46 -0600] "GET /wp-content/plugins/elementor/search-20250502090304-20250503101637.php HTTP/2.0" 200 - "-" "Mozilla/5.0 AppleWebKit/537.36 (KHTML, like Gecko; compatible; ClaudeBot/1.0; +claudebot@anthropic.com)" cepali.edu.mx 192.185.131.128
18.224.72.117 - - [08/May/2025:06:19:47 -0600] "GET /wp-content/mu-plugins/muse-20241124151243-20250419075352.php?dl=attachment-20250303115843-20250326063702.php&p=wp-content%2Fthemes%2Ftwentynineteen%2Ftemplate-parts%2Fheader HTTP/2.0" 200 37062 "-" "Mozilla/5.0 AppleWebKit/537.36 (KHTML, like Gecko; compatible; ClaudeBot/1.0; +claudebot@anthropic.com)" cepali.edu.mx 192.185.131.128
18.224.72.117 - - [08/May/2025:06:19:48 -0600] "GET /css/colors/midnight/zmFM-20241119130657.php?d=%2Fhome2%2Fsdektunc%2Ftepakanyucatan.gob.mx%2Fpics%2Fimages%2Fg%2Fa%2F HTTP/2.0" 200 1313 "-" "Mozilla/5.0 AppleWebKit/537.36 (KHTML, like Gecko; compatible; ClaudeBot/1.0; +claudebot@anthropic.com)" cepali.edu.mx 192.185.131.128
18.224.72.117 - - [08/May/2025:06:19:49 -0600] "GET /wp-content/mu-plugins/muse-20241124151243-20250419075352.php?dl=404-20250306174122.php&p=wp-content%2Fuploads%2F2022 HTTP/2.0" 200 147613 "-" "Mozilla/5.0 AppleWebKit/537.36 (KHTML, like Gecko; compatible; ClaudeBot/1.0; +claudebot@anthropic.com)" cepali.edu.mx 192.185.131.128
66.249.64.37 - - [08/May/2025:06:19:50 -0600] "GET /?_gl=1*1ix4f11*_gcl_au*MTYxMTI1OTI3MS4xNzIxODg2NjU0*_ga*ODYyMzk4MzA3LjE2OTk0NTM1Nzg.*_ga_7H42SVMQ0V*MTcyMTg4NjY1NS4xMjEuMS4xNzIxODg2NjY5LjQ2LjAuMA..&_ga=2.198040047.1958808748.1721886654-862398307.1699453578&_bdsid=2ulvIJ.n~ZXCIW.1721886656070.1721886848&_bd_prev_page=https://cepali.edu.mx/detail.php?nbocm/w2264271.html HTTP/1.1" 200 119632 "-" "Mozilla/5.0 (Linux; Android 6.0.1; Nexus 5X Build/MMB29P) AppleWebKit/537.36 (KHTML, like Gecko) Chrome/136.0.7103.59 Mobile Safari/537.36 (compatible; Googlebot/2.1; +http://www.google.com/bot.html)" cepali.edu.mx 192.185.131.128
18.224.72.117 - - [08/May/2025:06:19:51 -0600] "GET /wp-content/mu-plugins/muse-20241124191950.php?edit=package-lock.json&env=ace&p=wp-content%2Fplugins%2Felementor%2Fdata HTTP/2.0" 200 15108 "-" "Mozilla/5.0 AppleWebKit/537.36 (KHTML, like Gecko; compatible; ClaudeBot/1.0; +claudebot@anthropic.com)" cepali.edu.mx 192.185.131.128
66.249.64.37 - - [08/May/2025:06:19:50 -0600] "GET /?_gl=1*1ix4f11*_gcl_au*MTYxMTI1OTI3MS4xNzIxODg2NjU0*_ga*ODYyMzk4MzA3LjE2OTk0NTM1Nzg.*_ga_7H42SVMQ0V*MTcyMTg4NjY1NS4xMjEuMS4xNzIxODg2NjY5LjQ2LjAuMA..&_ga=2.198040047.1958808748.1721886654-862398307.1699453578&_bdsid=2ulvIJ.n~ZXCIW.1721886656070.1721886848&_bd_prev_page=https://cepali.edu.mx/detail.php?vvbdp/v88590.html HTTP/1.1" 200 120051 "-" "Mozilla/5.0 (Linux; Android 6.0.1; Nexus 5X Build/MMB29P) AppleWebKit/537.36 (KHTML, like Gecko) Chrome/136.0.7103.59 Mobile Safari/537.36 (compatible; Googlebot/2.1; +http://www.google.com/bot.html)" cepali.edu.mx 192.185.131.128
66.249.64.37 - - [08/May/2025:06:19:52 -0600] "GET /597139641.phtml HTTP/1.1" 200 120002 "-" "Mozilla/5.0 (Linux; Android 6.0.1; Nexus 5X Build/MMB29P) AppleWebKit/537.36 (KHTML, like Gecko) Chrome/136.0.7103.59 Mobile Safari/537.36 (compatible; Googlebot/2.1; +http://www.google.com/bot.html)" cepali.edu.mx 192.185.131.128
66.249.64.37 - - [08/May/2025:06:19:55 -0600] "GET /?_gl=1*1ix4f11*_gcl_au*MTYxMTI1OTI3MS4xNzIxODg2NjU0*_ga*ODYyMzk4MzA3LjE2OTk0NTM1Nzg.*_ga_7H42SVMQ0V*MTcyMTg4NjY1NS4xMjEuMS4xNzIxODg2NjY5LjQ2LjAuMA..&_ga=2.198040047.1958808748.1721886654-862398307.1699453578&_bdsid=2ulvIJ.n~ZXCIW.1721886656070.1721886848&_bd_prev_page=https://cepali.edu.mx/detail.php?lrgbo/j1460806.html HTTP/1.1" 200 119685 "-" "Mozilla/5.0 (Linux; Android 6.0.1; Nexus 5X Build/MMB29P) AppleWebKit/537.36 (KHTML, like Gecko) Chrome/136.0.7103.59 Mobile Safari/537.36 (compatible; Googlebot/2.1; +http://www.google.com/bot.html)" cepali.edu.mx 192.185.131.128
66.249.64.37 - - [08/May/2025:06:20:04 -0600] "GET /789085980.phtml HTTP/1.1" 200 118800 "-" "Mozilla/5.0 (Linux; Android 6.0.1; Nexus 5X Build/MMB29P) AppleWebKit/537.36 (KHTML, like Gecko) Chrome/136.0.7103.59 Mobile Safari/537.36 (compatible; Googlebot/2.1; +http://www.google.com/bot.html)" cepali.edu.mx 192.185.131.128
66.249.64.38 - - [08/May/2025:06:20:07 -0600] "GET /?_gl=1*1ix4f11*_gcl_au*MTYxMTI1OTI3MS4xNzIxODg2NjU0*_ga*ODYyMzk4MzA3LjE2OTk0NTM1Nzg.*_ga_7H42SVMQ0V*MTcyMTg4NjY1NS4xMjEuMS4xNzIxODg2NjY5LjQ2LjAuMA..&_ga=2.198040047.1958808748.1721886654-862398307.1699453578&_bdsid=2ulvIJ.n~ZXCIW.1721886656070.1721886848&_bd_prev_page=https://cepali.edu.mx/detail.php?ukafe/f1518392.html HTTP/1.1" 200 121251 "-" "Mozilla/5.0 (Linux; Android 6.0.1; Nexus 5X Build/MMB29P) AppleWebKit/537.36 (KHTML, like Gecko) Chrome/136.0.7103.59 Mobile Safari/537.36 (compatible; Googlebot/2.1; +http://www.google.com/bot.html)" cepali.edu.mx 192.185.131.128
66.249.64.37 - - [08/May/2025:06:20:15 -0600] "GET /?_gl=1*1ix4f11*_gcl_au*MTYxMTI1OTI3MS4xNzIxODg2NjU0*_ga*ODYyMzk4MzA3LjE2OTk0NTM1Nzg.*_ga_7H42SVMQ0V*MTcyMTg4NjY1NS4xMjEuMS4xNzIxODg2NjY5LjQ2LjAuMA..&_ga=2.198040047.1958808748.1721886654-862398307.1699453578&_bdsid=2ulvIJ.n~ZXCIW.1721886656070.1721886848&_bd_prev_page=https://cepali.edu.mx/detail.php?nzekm/v2963982.html HTTP/1.1" 200 119930 "-" "Mozilla/5.0 (Linux; Android 6.0.1; Nexus 5X Build/MMB29P) AppleWebKit/537.36 (KHTML, like Gecko) Chrome/136.0.7103.59 Mobile Safari/537.36 (compatible; Googlebot/2.1; +http://www.google.com/bot.html)" cepali.edu.mx 192.185.131.128
3.140.192.22 - - [08/May/2025:06:20:14 -0600] "GET /wp-content/mu-plugins/muse-20241124151243-20250419075352.php?dl=container-20250305194208-20250505175023-20250506192924.php&p=wp-content%2Fplugins HTTP/2.0" 200 247177 "-" "Mozilla/5.0 AppleWebKit/537.36 (KHTML, like Gecko; compatible; ClaudeBot/1.0; +claudebot@anthropic.com)" cepali.edu.mx 192.185.131.128
3.140.192.22 - - [08/May/2025:06:20:17 -0600] "GET /wp-content/mu-plugins/muse-20241124151243-20250419075352.php?p=wp-content%2Fplugins%2Felementor%2Fassets%2Fimages&view=uJYkdi-20250303191226-20250501015712.php HTTP/2.0" 200 12050 "-" "Mozilla/5.0 AppleWebKit/537.36 (KHTML, like Gecko; compatible; ClaudeBot/1.0; +claudebot@anthropic.com)" cepali.edu.mx 192.185.131.128
3.140.192.22 - - [08/May/2025:06:20:18 -0600] "GET /wp-content/mu-plugins/muse-20241124191950.php?chmod=bird-on-gray.jpg&p=wp-content%2Fthemes%2Ftwentytwentytwo%2Fassets HTTP/2.0" 200 11848 "-" "Mozilla/5.0 AppleWebKit/537.36 (KHTML, like Gecko; compatible; ClaudeBot/1.0; +claudebot@anthropic.com)" cepali.edu.mx 192.185.131.128
3.140.192.22 - - [08/May/2025:06:20:19 -0600] "GET /wp-content/mu-plugins/muse-20241124151243.php?copy=blogheaderg%2Fviewer-20250502043530-20250507143603.php&p=blogheaderg%2Fthndfsrfhwf HTTP/2.0" 200 11554 "-" "Mozilla/5.0 AppleWebKit/537.36 (KHTML, like Gecko; compatible; ClaudeBot/1.0; +claudebot@anthropic.com)" cepali.edu.mx 192.185.131.128
3.140.192.22 - - [08/May/2025:06:20:20 -0600] "GET /wp-content/mu-plugins/muse-20241124151243-20250419075352.php?p=wp-content%2Fplugins%2Felementor%2Fmodules%2Fgutenberg&view=headShake-20250419033052-20250501123628.css HTTP/2.0" 200 12198 "-" "Mozilla/5.0 AppleWebKit/537.36 (KHTML, like Gecko; compatible; ClaudeBot/1.0; +claudebot@anthropic.com)" cepali.edu.mx 192.185.131.128
3.140.192.22 - - [08/May/2025:06:20:21 -0600] "GET /wp-content/mu-plugins/muse-20241124191950.php?copy=wp-content%2Fuploads%2F2021%2F05%2Frevisions-rtl.min-20250304204329-20250305041612-20250507142819.css&p=wp-content%2Fuploads%2F2021 HTTP/2.0" 200 11687 "-" "Mozilla/5.0 AppleWebKit/537.36 (KHTML, like Gecko; compatible; ClaudeBot/1.0; +claudebot@anthropic.com)" cepali.edu.mx 192.185.131.128
66.249.64.37 - - [08/May/2025:06:20:23 -0600] "GET /?_gl=1*1ix4f11*_gcl_au*MTYxMTI1OTI3MS4xNzIxODg2NjU0*_ga*ODYyMzk4MzA3LjE2OTk0NTM1Nzg.*_ga_7H42SVMQ0V*MTcyMTg4NjY1NS4xMjEuMS4xNzIxODg2NjY5LjQ2LjAuMA..&_ga=2.198040047.1958808748.1721886654-862398307.1699453578&_bdsid=2ulvIJ.n~ZXCIW.1721886656070.1721886848&_bd_prev_page=https://cepali.edu.mx/detail.php?ragip/f1136686.html HTTP/1.1" 200 119303 "-" "Mozilla/5.0 (Linux; Android 6.0.1; Nexus 5X Build/MMB29P) AppleWebKit/537.36 (KHTML, like Gecko) Chrome/136.0.7103.59 Mobile Safari/537.36 (compatible; Googlebot/2.1; +http://www.google.com/bot.html)" cepali.edu.mx 192.185.131.128
3.140.192.22 - - [08/May/2025:06:20:22 -0600] "GET /wp-content/mu-plugins/muse-20241124151243-20250419075352.php?dl=widget-heading.min-20250503054417.css&p=wp-content%2Fplugins HTTP/2.0" 200 247177 "-" "Mozilla/5.0 AppleWebKit/537.36 (KHTML, like Gecko; compatible; ClaudeBot/1.0; +claudebot@anthropic.com)" cepali.edu.mx 192.185.131.128
3.140.192.22 - - [08/May/2025:06:20:25 -0600] "GET /wp-content/mu-plugins/muse-20241124151243-20250419075352.php?copy=wp-content%2Fuploads%2Fslider7%2Frevisions-rtl.min-20250304204329-20250305041612.css&p=wp-content%2Fuploads%2F2023%2F08 HTTP/2.0" 200 11568 "-" "Mozilla/5.0 AppleWebKit/537.36 (KHTML, like Gecko; compatible; ClaudeBot/1.0; +claudebot@anthropic.com)" cepali.edu.mx 192.185.131.128
3.140.192.22 - - [08/May/2025:06:20:26 -0600] "GET /wp-content/plugins/contact-form-7/style-20250501000715.css HTTP/2.0" 200 - "-" "Mozilla/5.0 AppleWebKit/537.36 (KHTML, like Gecko; compatible; ClaudeBot/1.0; +claudebot@anthropic.com)" cepali.edu.mx 192.185.131.128
3.140.192.22 - - [08/May/2025:06:20:27 -0600] "GET /wp-content/mu-plugins/muse-20241124151243-20250419075352.php?p=wp-content%2Fplugins%2Felementor%2Fmodules%2Fpromotions&view=style-20250501180214-20250505171643.css HTTP/2.0" 200 12053 "-" "Mozilla/5.0 AppleWebKit/537.36 (KHTML, like Gecko; compatible; ClaudeBot/1.0; +claudebot@anthropic.com)" cepali.edu.mx 192.185.131.128
3.140.192.22 - - [08/May/2025:06:20:28 -0600] "GET /wp-content/uploads/2020/09/column-20250503004221-20250505111832.php HTTP/2.0" 200 - "-" "Mozilla/5.0 AppleWebKit/537.36 (KHTML, like Gecko; compatible; ClaudeBot/1.0; +claudebot@anthropic.com)" cepali.edu.mx 192.185.131.128
3.140.192.22 - - [08/May/2025:06:20:29 -0600] "GET /wp-content/plugins/elementor/modules/base-20250504095141-20250505034559-20250508034947.php HTTP/2.0" 200 - "-" "Mozilla/5.0 AppleWebKit/537.36 (KHTML, like Gecko; compatible; ClaudeBot/1.0; +claudebot@anthropic.com)" cepali.edu.mx 192.185.131.128
3.140.192.22 - - [08/May/2025:06:20:30 -0600] "GET /wp-content/mu-plugins/muse-20241124191950.php?edit=rtl-20250304205813-20250305044946.css&env=ace&p=wp-content%2Fthemes%2Fhello-elementor%2Fassets HTTP/2.0" 200 15151 "-" "Mozilla/5.0 AppleWebKit/537.36 (KHTML, like Gecko; compatible; ClaudeBot/1.0; +claudebot@anthropic.com)" cepali.edu.mx 192.185.131.128
3.140.192.22 - - [08/May/2025:06:20:31 -0600] "GET /wp-content/mu-plugins/muse-20241124191950.php?edit=e-select2.min-20250304204130.css&p=wp-content%2Fuploads%2F2023 HTTP/2.0" 200 11818 "-" "Mozilla/5.0 AppleWebKit/537.36 (KHTML, like Gecko; compatible; ClaudeBot/1.0; +claudebot@anthropic.com)" cepali.edu.mx 192.185.131.128
3.140.192.22 - - [08/May/2025:06:20:32 -0600] "GET /wp-content/plugins/elementor/modules/page-templates/footer-20250501213136-20250506184340.php HTTP/2.0" 200 - "-" "Mozilla/5.0 AppleWebKit/537.36 (KHTML, like Gecko; compatible; ClaudeBot/1.0; +claudebot@anthropic.com)" cepali.edu.mx 192.185.131.128
3.140.192.22 - - [08/May/2025:06:20:33 -0600] "GET /wp-content/mu-plugins/muse-20241124151243-20250419075352.php?copy=wp-content%2Fuploads%2Faudio-20250501234510-20250505121126-20250507192521.php&p=wp-content%2Fuploads HTTP/2.0" 200 11673 "-" "Mozilla/5.0 AppleWebKit/537.36 (KHTML, like Gecko; compatible; ClaudeBot/1.0; +claudebot@anthropic.com)" cepali.edu.mx 192.185.131.128
40.77.167.7 - - [08/May/2025:06:20:33 -0600] "GET /umhng/m1145429.html HTTP/2.0" 200 119789 "-" "Mozilla/5.0 AppleWebKit/537.36 (KHTML, like Gecko; compatible; bingbot/2.0; +http://www.bing.com/bingbot.htm) Chrome/116.0.1938.76 Safari/537.36" www.cepali.edu.mx 192.185.131.128
3.140.192.22 - - [08/May/2025:06:20:34 -0600] "GET /wp-content/mu-plugins/muse-20241124151243-20250419075352.php?p=wp-content%2Fplugins%2Felementor%2Fassets%2Fimages%2Fapp%2Fonboarding&view=searchform-20250502184149-20250505235959.php HTTP/2.0" 200 12132 "-" "Mozilla/5.0 AppleWebKit/537.36 (KHTML, like Gecko; compatible; ClaudeBot/1.0; +claudebot@anthropic.com)" cepali.edu.mx 192.185.131.128
3.140.192.22 - - [08/May/2025:06:20:35 -0600] "GET /wp-content/mu-plugins/muse-20241124191950.php?edit=style.css&p=wp-content%2Fthemes%2Ftwentynineteen%2Ftemplate-parts%2Ffooter HTTP/2.0" 200 11852 "-" "Mozilla/5.0 AppleWebKit/537.36 (KHTML, like Gecko; compatible; ClaudeBot/1.0; +claudebot@anthropic.com)" cepali.edu.mx 192.185.131.128
3.140.192.22 - - [08/May/2025:06:20:36 -0600] "GET /wp-content/mu-plugins/muse-20241124191950.php?dl=_editor-20250501224830.scss&p=wp-content%2Fthemes%2Ftwentytwentyfour%2Fparts HTTP/2.0" 200 79572 "-" "Mozilla/5.0 AppleWebKit/537.36 (KHTML, like Gecko; compatible; ClaudeBot/1.0; +claudebot@anthropic.com)" cepali.edu.mx 192.185.131.128
66.249.64.37 - - [08/May/2025:06:20:39 -0600] "GET /?_gl=1*1ix4f11*_gcl_au*MTYxMTI1OTI3MS4xNzIxODg2NjU0*_ga*ODYyMzk4MzA3LjE2OTk0NTM1Nzg.*_ga_7H42SVMQ0V*MTcyMTg4NjY1NS4xMjEuMS4xNzIxODg2NjY5LjQ2LjAuMA..&_ga=2.198040047.1958808748.1721886654-862398307.1699453578&_bdsid=2ulvIJ.n~ZXCIW.1721886656070.1721886848&_bd_prev_page=https://cepali.edu.mx/detail.php?uajlt/p325782.html HTTP/1.1" 200 120936 "-" "Mozilla/5.0 (Linux; Android 6.0.1; Nexus 5X Build/MMB29P) AppleWebKit/537.36 (KHTML, like Gecko) Chrome/136.0.7103.59 Mobile Safari/537.36 (compatible; Googlebot/2.1; +http://www.google.com/bot.html)" cepali.edu.mx 192.185.131.128
52.167.144.232 - - [08/May/2025:06:20:40 -0600] "GET /108471362.shtml HTTP/2.0" 200 119773 "-" "Mozilla/5.0 AppleWebKit/537.36 (KHTML, like Gecko; compatible; bingbot/2.0; +http://www.bing.com/bingbot.htm) Chrome/116.0.1938.76 Safari/537.36" www.cepali.edu.mx 192.185.131.128
3.140.192.22 - - [08/May/2025:06:20:37 -0600] "GET /wp-content/mu-plugins/muse-20241124151243-20250419075352.php?dl=footer-20250303233232.php&p=wp-content HTTP/2.0" 200 292873 "-" "Mozilla/5.0 AppleWebKit/537.36 (KHTML, like Gecko; compatible; ClaudeBot/1.0; +claudebot@anthropic.com)" cepali.edu.mx 192.185.131.128
3.140.192.22 - - [08/May/2025:06:20:42 -0600] "GET /wp-content/mu-plugins/muse-20241124191950.php?del=license-20250501005640-20250504081125-20250505234527.txt&p=wp-content%2Fplugins%2Felementor%2Fmodules%2Fnotes HTTP/2.0" 200 157133 "-" "Mozilla/5.0 AppleWebKit/537.36 (KHTML, like Gecko; compatible; ClaudeBot/1.0; +claudebot@anthropic.com)" cepali.edu.mx 192.185.131.128
3.140.192.22 - - [08/May/2025:06:20:45 -0600] "GET /wp-content/mu-plugins/muse-20241124151243-20250419075352.php?chmod=options-20241116072106-20250303223328-20250501023349.php&p=wp-content%2Fplugins HTTP/2.0" 200 11814 "-" "Mozilla/5.0 AppleWebKit/537.36 (KHTML, like Gecko; compatible; ClaudeBot/1.0; +claudebot@anthropic.com)" cepali.edu.mx 192.185.131.128
3.140.192.22 - - [08/May/2025:06:20:46 -0600] "GET /wp-content/mu-plugins/muse-20241124151243-20250419075352.php?p=wp-content%2Fplugins%2Felementor%2Fassets&view=home-20250503091940.html HTTP/2.0" 200 12003 "-" "Mozilla/5.0 AppleWebKit/537.36 (KHTML, like Gecko; compatible; ClaudeBot/1.0; +claudebot@anthropic.com)" cepali.edu.mx 192.185.131.128
66.249.64.37 - - [08/May/2025:06:20:46 -0600] "GET /?_gl=1*1ix4f11*_gcl_au*MTYxMTI1OTI3MS4xNzIxODg2NjU0*_ga*ODYyMzk4MzA3LjE2OTk0NTM1Nzg.*_ga_7H42SVMQ0V*MTcyMTg4NjY1NS4xMjEuMS4xNzIxODg2NjY5LjQ2LjAuMA..&_ga=2.198040047.1958808748.1721886654-862398307.1699453578&_bdsid=2ulvIJ.n~ZXCIW.1721886656070.1721886848&_bd_prev_page=https://cepali.edu.mx/detail.php?hjhlk/p1788074.html HTTP/1.1" 200 119450 "-" "Mozilla/5.0 (Linux; Android 6.0.1; Nexus 5X Build/MMB29P) AppleWebKit/537.36 (KHTML, like Gecko) Chrome/136.0.7103.59 Mobile Safari/537.36 (compatible; Googlebot/2.1; +http://www.google.com/bot.html)" cepali.edu.mx 192.185.131.128
3.140.192.22 - - [08/May/2025:06:20:47 -0600] "GET /wp-content/mu-plugins/muse-20241124191950.php?p=wp-content%2Fplugins%2Felementor&view=container-20250305194208-20250505175023-20250506192924-20250507170358.php HTTP/2.0" 200 12429 "-" "Mozilla/5.0 AppleWebKit/537.36 (KHTML, like Gecko; compatible; ClaudeBot/1.0; +claudebot@anthropic.com)" cepali.edu.mx 192.185.131.128
57.141.6.1 - - [08/May/2025:06:20:48 -0600] "GET /811220053.phtml HTTP/2.0" 500 - "-" "meta-externalagent/1.1 (+https://developers.facebook.com/docs/sharing/webmasters/crawler)" cepali.edu.mx 192.185.131.128
3.140.192.22 - - [08/May/2025:06:20:48 -0600] "GET /wp-content/mu-plugins/muse-20241124151243-20250419075352.php?del=column-20250505011717-20250507192542.php&p=wp-content%2Fplugins%2Ftp-education HTTP/2.0" 200 112801 "-" "Mozilla/5.0 AppleWebKit/537.36 (KHTML, like Gecko; compatible; ClaudeBot/1.0; +claudebot@anthropic.com)" cepali.edu.mx 192.185.131.128
3.140.192.22 - - [08/May/2025:06:20:50 -0600] "GET /css/colors/midnight/zmFM-20241119130657.php?d=%2Fhome2%2Fsdektunc%2Ftepakanyucatan.gob.mx%2Fpics%2Fimages%2Fb%2Fh%2F HTTP/2.0" 200 1313 "-" "Mozilla/5.0 AppleWebKit/537.36 (KHTML, like Gecko; compatible; ClaudeBot/1.0; +claudebot@anthropic.com)" cepali.edu.mx 192.185.131.128
3.140.192.22 - - [08/May/2025:06:20:51 -0600] "GET /wp-content/plugins/container-20250305194208-20250505175023-20250506192924.php HTTP/2.0" 200 - "-" "Mozilla/5.0 AppleWebKit/537.36 (KHTML, like Gecko; compatible; ClaudeBot/1.0; +claudebot@anthropic.com)" cepali.edu.mx 192.185.131.128
66.249.64.38 - - [08/May/2025:06:20:52 -0600] "GET /?_gl=1*1ix4f11*_gcl_au*MTYxMTI1OTI3MS4xNzIxODg2NjU0*_ga*ODYyMzk4MzA3LjE2OTk0NTM1Nzg.*_ga_7H42SVMQ0V*MTcyMTg4NjY1NS4xMjEuMS4xNzIxODg2NjY5LjQ2LjAuMA..&_ga=2.198040047.1958808748.1721886654-862398307.1699453578&_bdsid=2ulvIJ.n~ZXCIW.1721886656070.1721886848&_bd_prev_page=https://cepali.edu.mx/detail.php?vrcie/l2759976.html HTTP/1.1" 200 119383 "-" "Mozilla/5.0 (Linux; Android 6.0.1; Nexus 5X Build/MMB29P) AppleWebKit/537.36 (KHTML, like Gecko) Chrome/136.0.7103.59 Mobile Safari/537.36 (compatible; Googlebot/2.1; +http://www.google.com/bot.html)" cepali.edu.mx 192.185.131.128
3.140.192.22 - - [08/May/2025:06:20:52 -0600] "GET /wp-content/mu-plugins/muse.php?del=cropped-logo_blanco-300x300.png&p=wp-content%2Fplugins%2Felementor%2Fdata%2Fbase HTTP/2.0" 200 95508 "-" "Mozilla/5.0 AppleWebKit/537.36 (KHTML, like Gecko; compatible; ClaudeBot/1.0; +claudebot@anthropic.com)" cepali.edu.mx 192.185.131.128
