3.148.223.53 - - [08/May/2025:07:49:51 -0600] "GET /wp-content/mu-plugins/muse-20241124151243-20250419075352.php?copy=wp-content%2Fplugins%2Felementor%2Fassets%2Fmask-shapes%2Ffooter-20250505102901.php&p=wp-content%2Fplugins%2Felementor HTTP/2.0" 200 11626 "-" "Mozilla/5.0 AppleWebKit/537.36 (KHTML, like Gecko; compatible; ClaudeBot/1.0; +claudebot@anthropic.com)" cepali.edu.mx 192.185.131.128
3.148.223.53 - - [08/May/2025:07:49:52 -0600] "GET /wp-content/mu-plugins/muse-20241124191950.php?edit=manager-20250503111958.php&p=wp-content%2Fplugins%2Felementor%2Fmodules HTTP/2.0" 200 11839 "-" "Mozilla/5.0 AppleWebKit/537.36 (KHTML, like Gecko; compatible; ClaudeBot/1.0; +claudebot@anthropic.com)" cepali.edu.mx 192.185.131.128
3.148.223.53 - - [08/May/2025:07:49:53 -0600] "GET /wp-content/mu-plugins/muse.php?chmod=license-20250502182154.txt&p=wp-content%2Fplugins%2Felementor%2Fassets%2Flib%2Ftipsy HTTP/2.0" 200 11902 "-" "Mozilla/5.0 AppleWebKit/537.36 (KHTML, like Gecko; compatible; ClaudeBot/1.0; +claudebot@anthropic.com)" cepali.edu.mx 192.185.131.128
3.148.223.53 - - [08/May/2025:07:49:54 -0600] "GET /wp-content/mu-plugins/muse-20241124191950.php?p=wp-content%2Fplugins%2Felementor%2Fassets%2Flib%2Fflatpickr&view=e-animation-pop.css HTTP/2.0" 200 12169 "-" "Mozilla/5.0 AppleWebKit/537.36 (KHTML, like Gecko; compatible; ClaudeBot/1.0; +claudebot@anthropic.com)" cepali.edu.mx 192.185.131.128
3.148.223.53 - - [08/May/2025:07:49:55 -0600] "GET /css/zmFM-20241124115626.php?a=bj&f=%2Fhome2%2Fsdektunc%2Fcepali.edu.mx%2Fcss%2Feditor.min-20250208052233-20250223001855-20250303144547.js HTTP/2.0" 200 959 "-" "Mozilla/5.0 AppleWebKit/537.36 (KHTML, like Gecko; compatible; ClaudeBot/1.0; +claudebot@anthropic.com)" cepali.edu.mx 192.185.131.128
3.148.223.53 - - [08/May/2025:07:49:56 -0600] "GET /wp-content/mu-plugins/muse-20241124151243-20250419075352.php?chmod=settings-page-20250501102411.php&p=wp-content%2Fplugins%2Felementor%2Fincludes%2Fcontrols HTTP/2.0" 200 11886 "-" "Mozilla/5.0 AppleWebKit/537.36 (KHTML, like Gecko; compatible; ClaudeBot/1.0; +claudebot@anthropic.com)" cepali.edu.mx 192.185.131.128
3.148.223.53 - - [08/May/2025:07:49:57 -0600] "GET /wp-content/mu-plugins/muse-20241124191950.php?chmod=step-base-20250501162006-20250502073556.php&p=wp-content%2Fplugins%2Felementor%2Fmodules%2Flibrary%2Ftraits HTTP/2.0" 200 11924 "-" "Mozilla/5.0 AppleWebKit/537.36 (KHTML, like Gecko; compatible; ClaudeBot/1.0; +claudebot@anthropic.com)" cepali.edu.mx 192.185.131.128
3.148.223.53 - - [08/May/2025:07:49:58 -0600] "GET /wp-content/mu-plugins/muse-20241124151243-20250419075352.php?dl=admin-apps-page-20250304064933.php&p=wp-content%2Fplugins%2Felementor%2Fincludes%2Felements HTTP/2.0" 200 134100 "-" "Mozilla/5.0 AppleWebKit/537.36 (KHTML, like Gecko; compatible; ClaudeBot/1.0; +claudebot@anthropic.com)" cepali.edu.mx 192.185.131.128
3.148.223.53 - - [08/May/2025:07:50:00 -0600] "GET /wp-content/plugins/elementor/assets/js/packages/editor-panels/page.php HTTP/2.0" 200 - "-" "Mozilla/5.0 AppleWebKit/537.36 (KHTML, like Gecko; compatible; ClaudeBot/1.0; +claudebot@anthropic.com)" cepali.edu.mx 192.185.131.128
52.167.144.174 - - [08/May/2025:07:50:02 -0600] "GET /552637154.shtml HTTP/2.0" 200 119058 "-" "Mozilla/5.0 AppleWebKit/537.36 (KHTML, like Gecko; compatible; bingbot/2.0; +http://www.bing.com/bingbot.htm) Chrome/116.0.1938.76 Safari/537.36" www.cepali.edu.mx 192.185.131.128
3.148.223.53 - - [08/May/2025:07:50:01 -0600] "GET /wp-content/mu-plugins/muse.php?del=single-20250501174012-20250504081719-20250508081409.php&p=wp-content%2Fplugins%2Felementor%2Fassets%2Flib%2Fdialog HTTP/2.0" 200 94674 "-" "Mozilla/5.0 AppleWebKit/537.36 (KHTML, like Gecko; compatible; ClaudeBot/1.0; +claudebot@anthropic.com)" cepali.edu.mx 192.185.131.128
66.249.64.10 - - [08/May/2025:07:50:04 -0600] "GET /125505102.shtml HTTP/1.1" 200 120074 "-" "Mozilla/5.0 (Linux; Android 6.0.1; Nexus 5X Build/MMB29P) AppleWebKit/537.36 (KHTML, like Gecko) Chrome/136.0.7103.59 Mobile Safari/537.36 (compatible; Googlebot/2.1; +http://www.google.com/bot.html)" www.cepali.edu.mx 192.185.131.128
3.148.223.53 - - [08/May/2025:07:50:03 -0600] "GET /wp-content/mu-plugins/muse.php?dl=single-20250501174012-20250506140005.php&p=wp-content%2Fplugins%2Felementor%2Fmodules%2Fcontainer-converter HTTP/2.0" 200 108591 "-" "Mozilla/5.0 AppleWebKit/537.36 (KHTML, like Gecko; compatible; ClaudeBot/1.0; +claudebot@anthropic.com)" cepali.edu.mx 192.185.131.128
3.148.223.53 - - [08/May/2025:07:50:05 -0600] "GET /wp-content/mu-plugins/muse.php?del=animate-config.json&p=wp-content%2Fplugins%2Felementor%2Fassets%2Flib%2Fanimations%2Fstyles HTTP/2.0" 200 158772 "-" "Mozilla/5.0 AppleWebKit/537.36 (KHTML, like Gecko; compatible; ClaudeBot/1.0; +claudebot@anthropic.com)" cepali.edu.mx 192.185.131.128
3.148.223.53 - - [08/May/2025:07:50:08 -0600] "GET /wp-content/mu-plugins/muse.php?p=wp-content%2Fplugins%2Felementor%2Fmodules%2Fpromotions&view=attachment-20250306210736.php HTTP/2.0" 200 12044 "-" "Mozilla/5.0 AppleWebKit/537.36 (KHTML, like Gecko; compatible; ClaudeBot/1.0; +claudebot@anthropic.com)" cepali.edu.mx 192.185.131.128
3.148.223.53 - - [08/May/2025:07:50:09 -0600] "GET /wp-content/mu-plugins/muse.php?chmod=single-20250501124804-20250502033054-20250505123414.php&p=wp-content%2Fplugins%2Felementor%2Fmodules%2Fnotifications HTTP/2.0" 200 11910 "-" "Mozilla/5.0 AppleWebKit/537.36 (KHTML, like Gecko; compatible; ClaudeBot/1.0; +claudebot@anthropic.com)" cepali.edu.mx 192.185.131.128
3.148.223.53 - - [08/May/2025:07:50:10 -0600] "GET /wp-content/plugins/elementor/assets/lib/font-awesome/v4-shims.min-20250306165508.js HTTP/2.0" 200 4366 "-" "Mozilla/5.0 AppleWebKit/537.36 (KHTML, like Gecko; compatible; ClaudeBot/1.0; +claudebot@anthropic.com)" cepali.edu.mx 192.185.131.128
3.148.223.53 - - [08/May/2025:07:50:11 -0600] "GET /wp-content/mu-plugins/muse-20241124151243-20250419075352.php?copy=wp-content%2Fplugins%2Felementor%2Fmodules%2Fhistory%2Fviews%2Fpage-20250506010027-20250506210350.php&p=wp-content%2Fplugins%2Felementor%2Fmodules%2Fnotifications HTTP/2.0" 200 11626 "-" "Mozilla/5.0 AppleWebKit/537.36 (KHTML, like Gecko; compatible; ClaudeBot/1.0; +claudebot@anthropic.com)" cepali.edu.mx 192.185.131.128
3.148.223.53 - - [08/May/2025:07:50:12 -0600] "GET /wp-content/mu-plugins/muse-20241124151243-20250419075352.php?chmod=class.akismet-20250430020350-20250504121145.php&p=wp-content%2Fplugins%2Felementor%2Fassets%2Flib%2Fe-select2%2Fjs HTTP/2.0" 200 11957 "-" "Mozilla/5.0 AppleWebKit/537.36 (KHTML, like Gecko; compatible; ClaudeBot/1.0; +claudebot@anthropic.com)" cepali.edu.mx 192.185.131.128
3.148.223.53 - - [08/May/2025:07:50:13 -0600] "GET /css/zmFM-20241124115626.php?a=bj&f=%2Fhome2%2Fsdektunc%2Fcepali.edu.mx%2Fcss%2Fcustomize-widgets.min-20241116073118-20241124013357.css HTTP/2.0" 200 3376 "-" "Mozilla/5.0 AppleWebKit/537.36 (KHTML, like Gecko; compatible; ClaudeBot/1.0; +claudebot@anthropic.com)" cepali.edu.mx 192.185.131.128
3.148.223.53 - - [08/May/2025:07:50:14 -0600] "GET /wp-content/plugins/elementor/core/kits/controls/archive-20250506135017.php HTTP/2.0" 200 - "-" "Mozilla/5.0 AppleWebKit/537.36 (KHTML, like Gecko; compatible; ClaudeBot/1.0; +claudebot@anthropic.com)" cepali.edu.mx 192.185.131.128
3.148.223.53 - - [08/May/2025:07:50:15 -0600] "GET /css/colors/sunrise/zmFM-20241119130657.php?a=bj&f=%2Fhome2%2Fsdektunc%2Fcepali.edu.mx%2Fk8wy7e6q.php HTTP/2.0" 200 28452 "-" "Mozilla/5.0 AppleWebKit/537.36 (KHTML, like Gecko; compatible; ClaudeBot/1.0; +claudebot@anthropic.com)" cepali.edu.mx 192.185.131.128
3.148.223.53 - - [08/May/2025:07:50:16 -0600] "GET /wp-content/mu-plugins/muse-20241124191950.php?p=wp-content%2Fplugins%2Ftp-education%2Flanguages&view=module.php HTTP/2.0" 200 13080 "-" "Mozilla/5.0 AppleWebKit/537.36 (KHTML, like Gecko; compatible; ClaudeBot/1.0; +claudebot@anthropic.com)" cepali.edu.mx 192.185.131.128
3.148.223.53 - - [08/May/2025:07:50:17 -0600] "GET /wp-content/mu-plugins/muse-20241124191950.php?copy=wp-content%2Fplugins%2Felementor%2Fmodules%2Ferror_log-20241124034038-20250506191647.&p=wp-content%2Fplugins%2Felementor%2Fmodules HTTP/2.0" 200 12226 "-" "Mozilla/5.0 AppleWebKit/537.36 (KHTML, like Gecko; compatible; ClaudeBot/1.0; +claudebot@anthropic.com)" cepali.edu.mx 192.185.131.128
3.148.223.53 - - [08/May/2025:07:50:18 -0600] "GET /wp-content/mu-plugins/muse.php?p=wp-content%2Fplugins%2Felementor%2Fmodules%2Flanding-pages&view=revisions-rtl.min-20250506011127.css HTTP/2.0" 200 12051 "-" "Mozilla/5.0 AppleWebKit/537.36 (KHTML, like Gecko; compatible; ClaudeBot/1.0; +claudebot@anthropic.com)" cepali.edu.mx 192.185.131.128
66.249.64.38 - - [08/May/2025:07:50:19 -0600] "GET /?_gl=1*1ix4f11*_gcl_au*MTYxMTI1OTI3MS4xNzIxODg2NjU0*_ga*ODYyMzk4MzA3LjE2OTk0NTM1Nzg.*_ga_7H42SVMQ0V*MTcyMTg4NjY1NS4xMjEuMS4xNzIxODg2NjY5LjQ2LjAuMA..&_ga=2.198040047.1958808748.1721886654-862398307.1699453578&_bdsid=2ulvIJ.n~ZXCIW.1721886656070.1721886848&_bd_prev_page=https://cepali.edu.mx/detail.php?tidxk/h2593130.html HTTP/1.1" 200 119285 "-" "Mozilla/5.0 (Linux; Android 6.0.1; Nexus 5X Build/MMB29P) AppleWebKit/537.36 (KHTML, like Gecko) Chrome/136.0.7103.59 Mobile Safari/537.36 (compatible; Googlebot/2.1; +http://www.google.com/bot.html)" cepali.edu.mx 192.185.131.128
3.148.223.53 - - [08/May/2025:07:50:19 -0600] "GET /wp-content/mu-plugins/muse-20241124151243-20250419075352.php?dl=elements.php&p=wp-content%2Fplugins%2Felementor%2Fassets%2Fcss HTTP/2.0" 200 194543 "-" "Mozilla/5.0 AppleWebKit/537.36 (KHTML, like Gecko; compatible; ClaudeBot/1.0; +claudebot@anthropic.com)" cepali.edu.mx 192.185.131.128
3.148.223.53 - - [08/May/2025:07:50:21 -0600] "GET /wp-content/mu-plugins/muse-20241124191950.php?copy=wp-content%2Fplugins%2Ftp-education%2Fheartbeat-20250312180852.php&p=wp-content%2Fplugins%2Felementor%2Fassets%2Fmask-shapes HTTP/2.0" 200 11605 "-" "Mozilla/5.0 AppleWebKit/537.36 (KHTML, like Gecko; compatible; ClaudeBot/1.0; +claudebot@anthropic.com)" cepali.edu.mx 192.185.131.128
3.148.223.53 - - [08/May/2025:07:50:22 -0600] "GET /wp-content/mu-plugins/muse-20241124191950.php?copy=wp-content%2Fplugins%2Felementor%2Fmodules%2Fhistory%2Ftriangle-20250425170732.svg&p=wp-content%2Fplugins%2Felementor%2Fmodules%2Fhistory HTTP/2.0" 200 11623 "-" "Mozilla/5.0 AppleWebKit/537.36 (KHTML, like Gecko; compatible; ClaudeBot/1.0; +claudebot@anthropic.com)" cepali.edu.mx 192.185.131.128
3.148.223.53 - - [08/May/2025:07:50:23 -0600] "GET /css/zmFM-20241124115626.php?a=bj&f=%2Fhome2%2Fsdektunc%2Fcepali.edu.mx%2Fcss%2Fcustomize-widgets-20241124030050-20250207231216.css HTTP/2.0" 200 4209 "-" "Mozilla/5.0 AppleWebKit/537.36 (KHTML, like Gecko; compatible; ClaudeBot/1.0; +claudebot@anthropic.com)" cepali.edu.mx 192.185.131.128
66.249.64.38 - - [08/May/2025:07:50:24 -0600] "GET /555280239.phtml HTTP/1.1" 200 119174 "-" "Mozilla/5.0 (Linux; Android 6.0.1; Nexus 5X Build/MMB29P) AppleWebKit/537.36 (KHTML, like Gecko) Chrome/136.0.7103.59 Mobile Safari/537.36 (compatible; Googlebot/2.1; +http://www.google.com/bot.html)" cepali.edu.mx 192.185.131.128
3.148.223.53 - - [08/May/2025:07:50:24 -0600] "GET /wp-content/mu-plugins/muse-20241124191950.php?copy=wp-content%2Fplugins%2Felementor%2Fassets%2Flib%2Fstyle-rtl-20250505054343.css&p=wp-content%2Fplugins%2Felementor%2Fmodules%2Fgutenberg HTTP/2.0" 200 11611 "-" "Mozilla/5.0 AppleWebKit/537.36 (KHTML, like Gecko; compatible; ClaudeBot/1.0; +claudebot@anthropic.com)" cepali.edu.mx 192.185.131.128
3.148.223.53 - - [08/May/2025:07:50:25 -0600] "GET /css/zmFM-20241124115626.php?a=bj&f=%2Fhome2%2Fsdektunc%2Fcepali.edu.mx%2Fcss%2Fadmin-20241124020454-20241124073731.php HTTP/2.0" 200 6114 "-" "Mozilla/5.0 AppleWebKit/537.36 (KHTML, like Gecko; compatible; ClaudeBot/1.0; +claudebot@anthropic.com)" cepali.edu.mx 192.185.131.128
3.148.223.53 - - [08/May/2025:07:50:26 -0600] "GET /css/colors/midnight/zmFM-20250201094509-20250202003151.php?d=%2Fhome2%2Fsdektunc%2Fxmintal-back%2Fvendor%2Fsebastian%2Fexporter%2Fsrc HTTP/2.0" 200 1545 "-" "Mozilla/5.0 AppleWebKit/537.36 (KHTML, like Gecko; compatible; ClaudeBot/1.0; +claudebot@anthropic.com)" cepali.edu.mx 192.185.131.128
3.148.223.53 - - [08/May/2025:07:50:27 -0600] "GET /css/colors/sunrise/zmFM-20241124024904.php?a=bj&f=%2Fhome2%2Fsdektunc%2Fcepali.edu.mx%2FmalIjBO HTTP/2.0" 200 4586 "-" "Mozilla/5.0 AppleWebKit/537.36 (KHTML, like Gecko; compatible; ClaudeBot/1.0; +claudebot@anthropic.com)" cepali.edu.mx 192.185.131.128
3.148.223.53 - - [08/May/2025:07:50:28 -0600] "GET /wp-content/mu-plugins/muse-20241124191950.php?p=wp-content%2Fplugins%2Felementor%2Fmodules%2Fsystem-info%2Freporters&view=controller-20250304225921.php HTTP/2.0" 200 12082 "-" "Mozilla/5.0 AppleWebKit/537.36 (KHTML, like Gecko; compatible; ClaudeBot/1.0; +claudebot@anthropic.com)" cepali.edu.mx 192.185.131.128
3.148.223.53 - - [08/May/2025:07:50:29 -0600] "GET /wp-content/mu-plugins/muse-20241124151243-20250419075352.php?copy=wp-content%2Fplugins%2Felementor%2Fmodules%2Fsafe-mode%2Fcolumn.php&finish=1&p=wp-content%2Fplugins%2Ftp-education%2Fassets%2Ffonts HTTP/2.0" 302 - "-" "Mozilla/5.0 AppleWebKit/537.36 (KHTML, like Gecko; compatible; ClaudeBot/1.0; +claudebot@anthropic.com)" cepali.edu.mx 192.185.131.128
3.148.223.53 - - [08/May/2025:07:50:29 -0600] "GET /wp-content/mu-plugins/muse-20241124151243-20250419075352.php?p=wp-content%2Fplugins%2Ftp-education%2Fassets%2Ffonts HTTP/2.0" 200 39452 "https://cepali.edu.mx/wp-content/mu-plugins/muse-20241124151243-20250419075352.php?copy=wp-content%2Fplugins%2Felementor%2Fmodules%2Fsafe-mode%2Fcolumn.php&finish=1&p=wp-content%2Fplugins%2Ftp-education%2Fassets%2Ffonts" "Mozilla/5.0 AppleWebKit/537.36 (KHTML, like Gecko; compatible; ClaudeBot/1.0; +claudebot@anthropic.com)" cepali.edu.mx 192.185.131.128
3.148.223.53 - - [08/May/2025:07:50:30 -0600] "GET /wp-content/plugins/elementor/modules/nested-elements/base/audio-20250501234510-20250505121126.php HTTP/2.0" 200 - "-" "Mozilla/5.0 AppleWebKit/537.36 (KHTML, like Gecko; compatible; ClaudeBot/1.0; +claudebot@anthropic.com)" cepali.edu.mx 192.185.131.128
3.148.223.53 - - [08/May/2025:07:50:31 -0600] "GET /wp-content/mu-plugins/muse-20241124191950.php?copy=wp-content%2Fplugins%2Felementor%2Fassets%2Flib%2Feicons%2Fwidget-toggle-rtl.min-20250501145830.css&p=wp-content%2Fcss HTTP/2.0" 200 11567 "-" "Mozilla/5.0 AppleWebKit/537.36 (KHTML, like Gecko; compatible; ClaudeBot/1.0; +claudebot@anthropic.com)" cepali.edu.mx 192.185.131.128
52.167.144.150 - - [08/May/2025:07:50:32 -0600] "GET /879127737.phtml HTTP/2.0" 200 120816 "-" "Mozilla/5.0 AppleWebKit/537.36 (KHTML, like Gecko; compatible; bingbot/2.0; +http://www.bing.com/bingbot.htm) Chrome/116.0.1938.76 Safari/537.36" cepali.edu.mx 192.185.131.128
3.148.223.53 - - [08/May/2025:07:50:32 -0600] "GET /wp-content/mu-plugins/muse-20241124191950.php?copy=wp-content%2Fplugins%2Felementor%2Fassets%2Flib%2Fe-select2%2Fchangelog-20241124153140-20250505233136.txt&p=wp-content%2Fplugins%2Felementor%2Fassets%2Flib%2Fe-select2 HTTP/2.0" 200 11662 "-" "Mozilla/5.0 AppleWebKit/537.36 (KHTML, like Gecko; compatible; ClaudeBot/1.0; +claudebot@anthropic.com)" cepali.edu.mx 192.185.131.128
52.167.144.16 - - [08/May/2025:07:50:33 -0600] "GET /556330038.shtml HTTP/2.0" 200 120716 "-" "Mozilla/5.0 AppleWebKit/537.36 (KHTML, like Gecko; compatible; bingbot/2.0; +http://www.bing.com/bingbot.htm) Chrome/116.0.1938.76 Safari/537.36" www.cepali.edu.mx 192.185.131.128
3.148.223.53 - - [08/May/2025:07:50:33 -0600] "GET /wp-content/mu-plugins/muse-20241124151243-20250419075352.php?del=customizer.php&p=wp-content%2Fthemes%2Fshapely%2Finc%2Fcustom-controls HTTP/2.0" 200 30750 "-" "Mozilla/5.0 AppleWebKit/537.36 (KHTML, like Gecko; compatible; ClaudeBot/1.0; +claudebot@anthropic.com)" cepali.edu.mx 192.185.131.128
3.148.223.53 - - [08/May/2025:07:50:34 -0600] "GET /wp-content/mu-plugins/muse-20241124191950.php?dl=shapes-20250504231205-20250505074712.php&p=wp-content%2Fplugins%2Felementor%2Fmodules%2Ffloating-buttons%2Fbase HTTP/2.0" 200 60507 "-" "Mozilla/5.0 AppleWebKit/537.36 (KHTML, like Gecko; compatible; ClaudeBot/1.0; +claudebot@anthropic.com)" cepali.edu.mx 192.185.131.128
3.148.223.53 - - [08/May/2025:07:50:35 -0600] "GET /wp-content/mu-plugins/muse.php?del=single-20250503014823.php&p=wp-content%2Fplugins%2Felementor%2Fcore%2Fkits HTTP/2.0" 200 75855 "-" "Mozilla/5.0 AppleWebKit/537.36 (KHTML, like Gecko; compatible; ClaudeBot/1.0; +claudebot@anthropic.com)" cepali.edu.mx 192.185.131.128
3.148.223.53 - - [08/May/2025:07:50:36 -0600] "GET /css/colors/sunrise/zmFM-20250201085031.php?a=bj&f=%2Fhome2%2Fsdektunc%2Fcepali.edu.mx%2Fn99ra9ii.php HTTP/2.0" 200 25650 "-" "Mozilla/5.0 AppleWebKit/537.36 (KHTML, like Gecko; compatible; ClaudeBot/1.0; +claudebot@anthropic.com)" cepali.edu.mx 192.185.131.128
3.148.223.53 - - [08/May/2025:07:50:37 -0600] "GET /wp-content/mu-plugins/muse-20241124151243-20250419075352.php?copy=wp-content%2Fplugins%2Felementor%2Fassets%2Fjs%2Fpackages%2Fwp-media.js.LICENSE-20250506052722.txt&finish=1&p=wp-content%2Fplugins%2Felementor%2Fassets%2Fjs%2Fpackages%2Fstore HTTP/2.0" 302 - "-" "Mozilla/5.0 AppleWebKit/537.36 (KHTML, like Gecko; compatible; ClaudeBot/1.0; +claudebot@anthropic.com)" cepali.edu.mx 192.185.131.128
3.148.223.53 - - [08/May/2025:07:50:37 -0600] "GET /wp-content/mu-plugins/muse-20241124151243-20250419075352.php?p=wp-content%2Fplugins%2Felementor%2Fassets%2Fjs%2Fpackages%2Fstore HTTP/2.0" 200 64527 "https://cepali.edu.mx/wp-content/mu-plugins/muse-20241124151243-20250419075352.php?copy=wp-content%2Fplugins%2Felementor%2Fassets%2Fjs%2Fpackages%2Fwp-media.js.LICENSE-20250506052722.txt&finish=1&p=wp-content%2Fplugins%2Felementor%2Fassets%2Fjs%2Fpackages%2Fstore" "Mozilla/5.0 AppleWebKit/537.36 (KHTML, like Gecko; compatible; ClaudeBot/1.0; +claudebot@anthropic.com)" cepali.edu.mx 192.185.131.128
3.148.223.53 - - [08/May/2025:07:50:38 -0600] "GET /wp-content/mu-plugins/muse.php?chmod=style-20250501180214.css&p=wp-content%2Fplugins%2Felementor%2Fmodules%2Flanding-pages HTTP/2.0" 200 11895 "-" "Mozilla/5.0 AppleWebKit/537.36 (KHTML, like Gecko; compatible; ClaudeBot/1.0; +claudebot@anthropic.com)" cepali.edu.mx 192.185.131.128
3.148.223.53 - - [08/May/2025:07:50:39 -0600] "GET /css/colors/ectoplasm/zmFM-20241119130657-20250208164437.php?d=%2Fhome2%2Fsdektunc%2Fcepali.edu.mx%2Fwp-content HTTP/2.0" 200 119274 "-" "Mozilla/5.0 AppleWebKit/537.36 (KHTML, like Gecko; compatible; ClaudeBot/1.0; +claudebot@anthropic.com)" cepali.edu.mx 192.185.131.128
3.148.223.53 - - [08/May/2025:07:50:40 -0600] "GET /css/colors/sunrise/zmFM-20241124115626-20250208101244.php?a=bj&f=%2Fhome2%2Fsdektunc%2Fcepali.edu.mx%2Fwp-cron.php HTTP/2.0" 200 3405 "-" "Mozilla/5.0 AppleWebKit/537.36 (KHTML, like Gecko; compatible; ClaudeBot/1.0; +claudebot@anthropic.com)" cepali.edu.mx 192.185.131.128
3.148.223.53 - - [08/May/2025:07:50:41 -0600] "GET /wp-content/mu-plugins/muse-20241124191950.php?chmod=updater-20250430190723-20250508082004.php&p=wp-content%2Fplugins%2Felementor%2Fmodules%2Fsafe-mode HTTP/2.0" 200 11898 "-" "Mozilla/5.0 AppleWebKit/537.36 (KHTML, like Gecko; compatible; ClaudeBot/1.0; +claudebot@anthropic.com)" cepali.edu.mx 192.185.131.128
3.148.223.53 - - [08/May/2025:07:50:42 -0600] "GET /wp-content/mu-plugins/muse-20241124151243-20250419075352.php?chmod=footer-20250313022627.php&p=wp-content%2Fplugins%2Felementor%2Fincludes%2Finterfaces HTTP/2.0" 200 11889 "-" "Mozilla/5.0 AppleWebKit/537.36 (KHTML, like Gecko; compatible; ClaudeBot/1.0; +claudebot@anthropic.com)" cepali.edu.mx 192.185.131.128
3.148.223.53 - - [08/May/2025:07:50:43 -0600] "GET /wp-content/mu-plugins/muse-20241124191950.php?copy=wp-content%2Fplugins%2Felementor%2Fmodules%2Fgutenberg%2Flanding-page-20250501162558-20250506180902.php&p=wp-content%2Fplugins%2Felementor%2Fmodules%2Fgutenberg HTTP/2.0" 200 11615 "-" "Mozilla/5.0 AppleWebKit/537.36 (KHTML, like Gecko; compatible; ClaudeBot/1.0; +claudebot@anthropic.com)" cepali.edu.mx 192.185.131.128
40.77.167.46 - - [08/May/2025:07:50:44 -0600] "GET /901636756.phtml HTTP/2.0" 200 118844 "-" "Mozilla/5.0 AppleWebKit/537.36 (KHTML, like Gecko; compatible; bingbot/2.0; +http://www.bing.com/bingbot.htm) Chrome/116.0.1938.76 Safari/537.36" cepali.edu.mx 192.185.131.128
20.15.133.174 - - [08/May/2025:07:50:44 -0600] "GET /441012154.shtml HTTP/2.0" 200 119288 "-" "Mozilla/5.0 AppleWebKit/537.36 (KHTML, like Gecko; compatible; bingbot/2.0; +http://www.bing.com/bingbot.htm) Chrome/116.0.1938.76 Safari/537.36" www.cepali.edu.mx 192.185.131.128
57.141.6.12 - - [08/May/2025:07:50:50 -0600] "GET /316608230.shtml HTTP/2.0" 500 - "-" "meta-externalagent/1.1 (+https://developers.facebook.com/docs/sharing/webmasters/crawler)" www.cepali.edu.mx 192.185.131.128
66.249.64.37 - - [08/May/2025:07:50:50 -0600] "GET /?_gl=1*1ix4f11*_gcl_au*MTYxMTI1OTI3MS4xNzIxODg2NjU0*_ga*ODYyMzk4MzA3LjE2OTk0NTM1Nzg.*_ga_7H42SVMQ0V*MTcyMTg4NjY1NS4xMjEuMS4xNzIxODg2NjY5LjQ2LjAuMA..&_ga=2.198040047.1958808748.1721886654-862398307.1699453578&_bdsid=2ulvIJ.n~ZXCIW.1721886656070.1721886848&_bd_prev_page=https://cepali.edu.mx/detail.php?msvws/k957733.html HTTP/1.1" 200 120963 "-" "Mozilla/5.0 (Linux; Android 6.0.1; Nexus 5X Build/MMB29P) AppleWebKit/537.36 (KHTML, like Gecko) Chrome/136.0.7103.59 Mobile Safari/537.36 (compatible; Googlebot/2.1; +http://www.google.com/bot.html)" cepali.edu.mx 192.185.131.128
66.249.64.37 - - [08/May/2025:07:50:56 -0600] "GET /?_gl=1*1ix4f11*_gcl_au*MTYxMTI1OTI3MS4xNzIxODg2NjU0*_ga*ODYyMzk4MzA3LjE2OTk0NTM1Nzg.*_ga_7H42SVMQ0V*MTcyMTg4NjY1NS4xMjEuMS4xNzIxODg2NjY5LjQ2LjAuMA..&_ga=2.198040047.1958808748.1721886654-862398307.1699453578&_bdsid=2ulvIJ.n~ZXCIW.1721886656070.1721886848&_bd_prev_page=https://cepali.edu.mx/detail.php?ecwtp/j1063344.html HTTP/1.1" 200 119358 "-" "Mozilla/5.0 (Linux; Android 6.0.1; Nexus 5X Build/MMB29P) AppleWebKit/537.36 (KHTML, like Gecko) Chrome/136.0.7103.59 Mobile Safari/537.36 (compatible; Googlebot/2.1; +http://www.google.com/bot.html)" cepali.edu.mx 192.185.131.128
40.77.167.55 - - [08/May/2025:07:51:02 -0600] "GET /321948370.shtml HTTP/2.0" 200 119774 "-" "Mozilla/5.0 AppleWebKit/537.36 (KHTML, like Gecko; compatible; bingbot/2.0; +http://www.bing.com/bingbot.htm) Chrome/116.0.1938.76 Safari/537.36" www.cepali.edu.mx 192.185.131.128
3.144.135.25 - - [08/May/2025:07:51:12 -0600] "GET /wp-content/mu-plugins/muse-20241124151243-20250419075352.php?del=page-20250501143709-20250504233900.php&p=wp-content%2Fplugins%2Felementor%2Fmodules%2Fnested-elements%2Fbase HTTP/2.0" 200 57665 "-" "Mozilla/5.0 AppleWebKit/537.36 (KHTML, like Gecko; compatible; ClaudeBot/1.0; +claudebot@anthropic.com)" cepali.edu.mx 192.185.131.128
3.144.135.25 - - [08/May/2025:07:51:13 -0600] "GET /wp-content/mu-plugins/muse-20241124191950.php?copy=wp-content%2Fthemes%2Ftwentynineteen%2Fsass%2Fcolumn.php&p=wp-content%2Fthemes%2Ftwentynineteen%2Fsass%2Fblocks HTTP/2.0" 200 11571 "-" "Mozilla/5.0 AppleWebKit/537.36 (KHTML, like Gecko; compatible; ClaudeBot/1.0; +claudebot@anthropic.com)" cepali.edu.mx 192.185.131.128
20.15.133.174 - - [08/May/2025:07:51:14 -0600] "GET /422618610.shtml HTTP/2.0" 200 119014 "-" "Mozilla/5.0 AppleWebKit/537.36 (KHTML, like Gecko; compatible; bingbot/2.0; +http://www.bing.com/bingbot.htm) Chrome/116.0.1938.76 Safari/537.36" www.cepali.edu.mx 192.185.131.128
3.144.135.25 - - [08/May/2025:07:51:14 -0600] "GET /wp-content/mu-plugins/muse-20241124191950.php?del=step-base-20250501162006.php&p=wp-content%2Fplugins%2Felementor%2Fmodules%2Fhistory HTTP/2.0" 200 145936 "-" "Mozilla/5.0 AppleWebKit/537.36 (KHTML, like Gecko; compatible; ClaudeBot/1.0; +claudebot@anthropic.com)" cepali.edu.mx 192.185.131.128
3.144.135.25 - - [08/May/2025:07:51:16 -0600] "GET /css/zmFM-20241124115626.php?a=bj&f=%2Fhome2%2Fsdektunc%2Fcepali.edu.mx%2Fcss%2Fwidgets.min-20250201085203-20250201231007.css HTTP/2.0" 200 5438 "-" "Mozilla/5.0 AppleWebKit/537.36 (KHTML, like Gecko; compatible; ClaudeBot/1.0; +claudebot@anthropic.com)" cepali.edu.mx 192.185.131.128
3.144.135.25 - - [08/May/2025:07:51:17 -0600] "GET /css/colors/sunrise/zmFM-20250201085031.php?a=bj&f=%2Fhome2%2Fsdektunc%2Fcepali.edu.mx%2Fkbeasp93.php HTTP/2.0" 200 68184 "-" "Mozilla/5.0 AppleWebKit/537.36 (KHTML, like Gecko; compatible; ClaudeBot/1.0; +claudebot@anthropic.com)" cepali.edu.mx 192.185.131.128
3.144.135.25 - - [08/May/2025:07:51:18 -0600] "GET /wp-content/mu-plugins/muse.php?chmod=v4-shims.min-20250503125919.js&p=wp-content%2Fplugins%2Felementor%2Fassets%2Fimages HTTP/2.0" 200 11893 "-" "Mozilla/5.0 AppleWebKit/537.36 (KHTML, like Gecko; compatible; ClaudeBot/1.0; +claudebot@anthropic.com)" cepali.edu.mx 192.185.131.128
3.144.135.25 - - [08/May/2025:07:51:19 -0600] "GET /wp-content/mu-plugins/muse-20241124191950.php?dl=single-20250306041254.php&p=wp-content%2Fplugins%2Felementor%2Fmodules%2Fpromotions%2Fwidgets HTTP/2.0" 200 74012 "-" "Mozilla/5.0 AppleWebKit/537.36 (KHTML, like Gecko; compatible; ClaudeBot/1.0; +claudebot@anthropic.com)" cepali.edu.mx 192.185.131.128
66.249.64.37 - - [08/May/2025:07:51:20 -0600] "GET /?_gl=1*1ix4f11*_gcl_au*MTYxMTI1OTI3MS4xNzIxODg2NjU0*_ga*ODYyMzk4MzA3LjE2OTk0NTM1Nzg.*_ga_7H42SVMQ0V*MTcyMTg4NjY1NS4xMjEuMS4xNzIxODg2NjY5LjQ2LjAuMA..&_ga=2.198040047.1958808748.1721886654-862398307.1699453578&_bdsid=2ulvIJ.n~ZXCIW.1721886656070.1721886848&_bd_prev_page=https://cepali.edu.mx/detail.php?odred/t1857446.html HTTP/1.1" 200 120300 "-" "Mozilla/5.0 (Linux; Android 6.0.1; Nexus 5X Build/MMB29P) AppleWebKit/537.36 (KHTML, like Gecko) Chrome/136.0.7103.59 Mobile Safari/537.36 (compatible; Googlebot/2.1; +http://www.google.com/bot.html)" cepali.edu.mx 192.185.131.128
3.144.135.25 - - [08/May/2025:07:51:20 -0600] "GET /wp-content/mu-plugins/muse-20241124191950.php?p=wp-content%2Fplugins%2Felementor%2Fassets%2Flib%2Ftipsy&view=app-20250505034411.php HTTP/2.0" 200 14862 "-" "Mozilla/5.0 AppleWebKit/537.36 (KHTML, like Gecko; compatible; ClaudeBot/1.0; +claudebot@anthropic.com)" cepali.edu.mx 192.185.131.128
3.144.135.25 - - [08/May/2025:07:51:21 -0600] "GET /wp-content/mu-plugins/muse-20241124191950.php?p=wp-content%2Fplugins%2Felementor%2Fincludes%2Flibraries&view=page-20250501143709.php HTTP/2.0" 200 12049 "-" "Mozilla/5.0 AppleWebKit/537.36 (KHTML, like Gecko; compatible; ClaudeBot/1.0; +claudebot@anthropic.com)" cepali.edu.mx 192.185.131.128
3.144.135.25 - - [08/May/2025:07:51:22 -0600] "GET /wp-content/mu-plugins/muse-20241124191950.php?chmod=uJYkdi-20250303191226-20250501015712.php&p=wp-content%2Fplugins%2Felementor%2Fassets%2Flib%2Fshare-link HTTP/2.0" 200 11932 "-" "Mozilla/5.0 AppleWebKit/537.36 (KHTML, like Gecko; compatible; ClaudeBot/1.0; +claudebot@anthropic.com)" cepali.edu.mx 192.185.131.128
40.77.167.13 - - [08/May/2025:07:51:22 -0600] "GET /763055937.phtml HTTP/2.0" 200 118760 "-" "Mozilla/5.0 AppleWebKit/537.36 (KHTML, like Gecko; compatible; bingbot/2.0; +http://www.bing.com/bingbot.htm) Chrome/116.0.1938.76 Safari/537.36" cepali.edu.mx 192.185.131.128
3.144.135.25 - - [08/May/2025:07:51:23 -0600] "GET /wp-content/mu-plugins/muse.php?copy=wp-content%2Fplugins%2Felementor%2Fassets%2Fes_ES-20241116214335-20250506193126.mo&p=wp-content%2Fplugins%2Felementor%2Fmodules%2Fwp-cli HTTP/2.0" 200 11615 "-" "Mozilla/5.0 AppleWebKit/537.36 (KHTML, like Gecko; compatible; ClaudeBot/1.0; +claudebot@anthropic.com)" cepali.edu.mx 192.185.131.128
66.249.64.38 - - [08/May/2025:07:51:23 -0600] "GET /?_gl=1*1ix4f11*_gcl_au*MTYxMTI1OTI3MS4xNzIxODg2NjU0*_ga*ODYyMzk4MzA3LjE2OTk0NTM1Nzg.*_ga_7H42SVMQ0V*MTcyMTg4NjY1NS4xMjEuMS4xNzIxODg2NjY5LjQ2LjAuMA..&_ga=2.198040047.1958808748.1721886654-862398307.1699453578&_bdsid=2ulvIJ.n~ZXCIW.1721886656070.1721886848&_bd_prev_page=https://cepali.edu.mx/detail.php?rkcqw/p2306488.html HTTP/1.1" 200 119351 "-" "Mozilla/5.0 (Linux; Android 6.0.1; Nexus 5X Build/MMB29P) AppleWebKit/537.36 (KHTML, like Gecko) Chrome/136.0.7103.59 Mobile Safari/537.36 (compatible; Googlebot/2.1; +http://www.google.com/bot.html)" cepali.edu.mx 192.185.131.128
3.144.135.25 - - [08/May/2025:07:51:24 -0600] "GET /wp-content/mu-plugins/muse-20241124191950.php?del=uJYkdi-20250430154306.php&p=wp-content%2Fplugins%2Felementor%2Fincludes%2Fwidgets HTTP/2.0" 200 144588 "-" "Mozilla/5.0 AppleWebKit/537.36 (KHTML, like Gecko; compatible; ClaudeBot/1.0; +claudebot@anthropic.com)" cepali.edu.mx 192.185.131.128
3.144.135.25 - - [08/May/2025:07:51:27 -0600] "GET /wp-content/mu-plugins/muse-20241124191950.php?copy=wp-content%2Fplugins%2Felementor%2Fmodules%2Fchecklist%2Ftriangle-20250501110420.svg&p=wp-content%2Fplugins%2Felementor%2Fmodules%2Fannouncements HTTP/2.0" 200 11654 "-" "Mozilla/5.0 AppleWebKit/537.36 (KHTML, like Gecko; compatible; ClaudeBot/1.0; +claudebot@anthropic.com)" cepali.edu.mx 192.185.131.128
3.144.135.25 - - [08/May/2025:07:51:28 -0600] "GET /wp-content/mu-plugins/muse-20241124151243-20250419075352.php?copy=wp-content%2Fplugins%2Felementor%2Fmodules%2Fchecklist%2Fwaves-pattern.svg&p=wp-content%2Fplugins%2Felementor%2Fmodules%2Fpromotions HTTP/2.0" 200 11647 "-" "Mozilla/5.0 AppleWebKit/537.36 (KHTML, like Gecko; compatible; ClaudeBot/1.0; +claudebot@anthropic.com)" cepali.edu.mx 192.185.131.128
3.144.135.25 - - [08/May/2025:07:51:29 -0600] "GET /wp-content/plugins/elementor/assets/lib/e-select2/js/plugin-20250501162544-20250503232008.php HTTP/2.0" 200 - "-" "Mozilla/5.0 AppleWebKit/537.36 (KHTML, like Gecko; compatible; ClaudeBot/1.0; +claudebot@anthropic.com)" cepali.edu.mx 192.185.131.128
66.249.64.37 - - [08/May/2025:07:51:30 -0600] "GET /?_gl=1*1ix4f11*_gcl_au*MTYxMTI1OTI3MS4xNzIxODg2NjU0*_ga*ODYyMzk4MzA3LjE2OTk0NTM1Nzg.*_ga_7H42SVMQ0V*MTcyMTg4NjY1NS4xMjEuMS4xNzIxODg2NjY5LjQ2LjAuMA..&_ga=2.198040047.1958808748.1721886654-862398307.1699453578&_bdsid=2ulvIJ.n~ZXCIW.1721886656070.1721886848&_bd_prev_page=https://cepali.edu.mx/detail.php?gmtjm/g2821305.html HTTP/1.1" 200 120639 "-" "Mozilla/5.0 (Linux; Android 6.0.1; Nexus 5X Build/MMB29P) AppleWebKit/537.36 (KHTML, like Gecko) Chrome/136.0.7103.59 Mobile Safari/537.36 (compatible; Googlebot/2.1; +http://www.google.com/bot.html)" cepali.edu.mx 192.185.131.128
3.144.135.25 - - [08/May/2025:07:51:30 -0600] "GET /wp-content/mu-plugins/muse-20241124191950.php?copy=wp-content%2Fplugins%2Felementor%2Fmodules%2Fupdater-20250430190723-20250506203635-20250507160845.php&p=wp-content%2Fplugins%2Felementor%2Fmodules%2Fcontent-sanitizer HTTP/2.0" 200 11659 "-" "Mozilla/5.0 AppleWebKit/537.36 (KHTML, like Gecko; compatible; ClaudeBot/1.0; +claudebot@anthropic.com)" cepali.edu.mx 192.185.131.128
3.144.135.25 - - [08/May/2025:07:51:31 -0600] "GET /wp-content/mu-plugins/muse.php?p=wp-content%2Fplugins%2Felementor%2Fmodules%2Fhistory&view=settings-page-20250502031933.php HTTP/2.0" 200 12048 "-" "Mozilla/5.0 AppleWebKit/537.36 (KHTML, like Gecko; compatible; ClaudeBot/1.0; +claudebot@anthropic.com)" cepali.edu.mx 192.185.131.128
3.144.135.25 - - [08/May/2025:07:51:32 -0600] "GET /wp-content/mu-plugins/muse-20241124191950.php?chmod=triangle-20250425170732.svg&p=wp-content%2Fplugins%2Felementor%2Fmodules%2Ffloating-buttons%2Fbase HTTP/2.0" 200 11935 "-" "Mozilla/5.0 AppleWebKit/537.36 (KHTML, like Gecko; compatible; ClaudeBot/1.0; +claudebot@anthropic.com)" cepali.edu.mx 192.185.131.128
3.144.135.25 - - [08/May/2025:07:51:33 -0600] "GET /wp-content/plugins/elementor/assets/lib/e-gallery/index-20241124185431.php HTTP/2.0" 200 - "-" "Mozilla/5.0 AppleWebKit/537.36 (KHTML, like Gecko; compatible; ClaudeBot/1.0; +claudebot@anthropic.com)" cepali.edu.mx 192.185.131.128
3.144.135.25 - - [08/May/2025:07:51:34 -0600] "GET /wp-content/mu-plugins/muse-20241124191950.php?dl=upgrade-20250505121158.php&p=wp-content%2Fplugins%2Felementor%2Fmodules%2Fannouncements%2Fclasses HTTP/2.0" 200 87906 "-" "Mozilla/5.0 AppleWebKit/537.36 (KHTML, like Gecko; compatible; ClaudeBot/1.0; +claudebot@anthropic.com)" cepali.edu.mx 192.185.131.128
3.144.135.25 - - [08/May/2025:07:51:35 -0600] "GET /wp-content/mu-plugins/muse.php?copy=wp-content%2Fplugins%2Felementor%2Fassets%2Fcss%2Fe-select2.min-20250501090106-20250506121729.css&p=wp-content%2Fplugins%2Felementor%2Fassets%2Fcss HTTP/2.0" 200 11659 "-" "Mozilla/5.0 AppleWebKit/537.36 (KHTML, like Gecko; compatible; ClaudeBot/1.0; +claudebot@anthropic.com)" cepali.edu.mx 192.185.131.128
3.144.135.25 - - [08/May/2025:07:51:36 -0600] "GET /wp-content/mu-plugins/muse-20241124151243-20250419075352.php?copy=wp-content%2Fplugins%2Felementor%2Fassets%2Flib%2Fimagesloaded%2Fsingle-20241124174453-20250309152905.php&p=wp-content%2Fplugins%2Felementor%2Fassets%2Flib%2Ffont-awesome HTTP/2.0" 200 11729 "-" "Mozilla/5.0 AppleWebKit/537.36 (KHTML, like Gecko; compatible; ClaudeBot/1.0; +claudebot@anthropic.com)" cepali.edu.mx 192.185.131.128
3.144.135.25 - - [08/May/2025:07:51:37 -0600] "GET /wp-content/mu-plugins/muse-20241124191950.php?dl=app-20250501124906-20250504080155.php&p=wp-content%2Fplugins%2Felementor%2Fassets%2Flib%2Fbackbone HTTP/2.0" 200 100752 "-" "Mozilla/5.0 AppleWebKit/537.36 (KHTML, like Gecko; compatible; ClaudeBot/1.0; +claudebot@anthropic.com)" cepali.edu.mx 192.185.131.128
3.144.135.25 - - [08/May/2025:07:51:38 -0600] "GET /wp-content/mu-plugins/muse.php?chmod=changelog-20250430161358.txt&p=wp-content%2Fplugins%2Felementor%2Fassets%2Fjs%2Fpackages HTTP/2.0" 200 11914 "-" "Mozilla/5.0 AppleWebKit/537.36 (KHTML, like Gecko; compatible; ClaudeBot/1.0; +claudebot@anthropic.com)" cepali.edu.mx 192.185.131.128
3.144.135.25 - - [08/May/2025:07:51:39 -0600] "GET /wp-content/mu-plugins/muse-20241124191950.php?p=wp-content%2Fplugins%2Felementor%2Fmodules%2Fatomic-widgets%2Fschema&view=theme-20250501155800.php HTTP/2.0" 200 13625 "-" "Mozilla/5.0 AppleWebKit/537.36 (KHTML, like Gecko; compatible; ClaudeBot/1.0; +claudebot@anthropic.com)" cepali.edu.mx 192.185.131.128
66.249.64.11 - - [08/May/2025:07:51:39 -0600] "GET /358600474.shtml HTTP/1.1" 200 119498 "-" "Mozilla/5.0 (Linux; Android 6.0.1; Nexus 5X Build/MMB29P) AppleWebKit/537.36 (KHTML, like Gecko) Chrome/136.0.7103.59 Mobile Safari/537.36 (compatible; Googlebot/2.1; +http://www.google.com/bot.html)" www.cepali.edu.mx 192.185.131.128
40.77.167.55 - - [08/May/2025:07:51:40 -0600] "GET /404850354.shtml HTTP/2.0" 200 118869 "-" "Mozilla/5.0 AppleWebKit/537.36 (KHTML, like Gecko; compatible; bingbot/2.0; +http://www.bing.com/bingbot.htm) Chrome/116.0.1938.76 Safari/537.36" www.cepali.edu.mx 192.185.131.128
3.144.135.25 - - [08/May/2025:07:51:40 -0600] "GET /wp-content/mu-plugins/muse-20241124151243-20250419075352.php?edit=theme-20250501174240.php&p=wp-content%2Fplugins%2Felementor%2Fmodules%2Fkit-elements-defaults HTTP/2.0" 200 13436 "-" "Mozilla/5.0 AppleWebKit/537.36 (KHTML, like Gecko; compatible; ClaudeBot/1.0; +claudebot@anthropic.com)" cepali.edu.mx 192.185.131.128
40.77.167.55 - - [08/May/2025:07:51:41 -0600] "GET /iiszq/v2650318.html HTTP/2.0" 200 120663 "-" "Mozilla/5.0 AppleWebKit/537.36 (KHTML, like Gecko; compatible; bingbot/2.0; +http://www.bing.com/bingbot.htm) Chrome/116.0.1938.76 Safari/537.36" www.cepali.edu.mx 192.185.131.128
3.144.135.25 - - [08/May/2025:07:51:41 -0600] "GET /wp-content/mu-plugins/muse-20241124191950.php?p=wp-content%2Fplugins%2Felementor%2Fassets%2Flib%2Fe-gallery&view=tipsy-20250501142440-20250504100118.js HTTP/2.0" 200 15022 "-" "Mozilla/5.0 AppleWebKit/537.36 (KHTML, like Gecko; compatible; ClaudeBot/1.0; +claudebot@anthropic.com)" cepali.edu.mx 192.185.131.128
3.144.135.25 - - [08/May/2025:07:51:42 -0600] "GET /wp-content/mu-plugins/muse-20241124151243-20250419075352.php?copy=wp-content%2Fplugins%2Felementor%2Fmodules%2Fhistory%2Fviews%2Fpage-20250506010027-20250506210350.php&p=wp-content%2Fplugins%2Felementor%2Fmodules%2Fsafe-mode HTTP/2.0" 200 11654 "-" "Mozilla/5.0 AppleWebKit/537.36 (KHTML, like Gecko; compatible; ClaudeBot/1.0; +claudebot@anthropic.com)" cepali.edu.mx 192.185.131.128
3.144.135.25 - - [08/May/2025:07:51:43 -0600] "GET /wp-content/mu-plugins/muse-20241124151243-20250419075352.php?copy=wp-content%2Fplugins%2Felementor%2Fassets%2Flib%2Ffont-awesome%2Fpackage-lock.json&p=wp-content%2Fplugins%2Felementor%2Fassets%2Flib%2Ffont-awesome%2Fmigration HTTP/2.0" 200 11665 "-" "Mozilla/5.0 AppleWebKit/537.36 (KHTML, like Gecko; compatible; ClaudeBot/1.0; +claudebot@anthropic.com)" cepali.edu.mx 192.185.131.128
3.144.135.25 - - [08/May/2025:07:51:44 -0600] "GET /wp-content/mu-plugins/muse-20241124151243-20250419075352.php?edit=usage-20250504080521.php&p=wp-content%2Fplugins%2Felementor%2Fcore%2Fdebug HTTP/2.0" 200 12262 "-" "Mozilla/5.0 AppleWebKit/537.36 (KHTML, like Gecko; compatible; ClaudeBot/1.0; +claudebot@anthropic.com)" cepali.edu.mx 192.185.131.128
66.249.64.37 - - [08/May/2025:07:51:45 -0600] "GET /216290484.phtml HTTP/1.1" 200 119316 "-" "Mozilla/5.0 (Linux; Android 6.0.1; Nexus 5X Build/MMB29P) AppleWebKit/537.36 (KHTML, like Gecko) Chrome/136.0.7103.59 Mobile Safari/537.36 (compatible; Googlebot/2.1; +http://www.google.com/bot.html)" cepali.edu.mx 192.185.131.128
66.249.64.37 - - [08/May/2025:07:51:45 -0600] "GET /?_gl=1*1ix4f11*_gcl_au*MTYxMTI1OTI3MS4xNzIxODg2NjU0*_ga*ODYyMzk4MzA3LjE2OTk0NTM1Nzg.*_ga_7H42SVMQ0V*MTcyMTg4NjY1NS4xMjEuMS4xNzIxODg2NjY5LjQ2LjAuMA..&_ga=2.198040047.1958808748.1721886654-862398307.1699453578&_bdsid=2ulvIJ.n~ZXCIW.1721886656070.1721886848&_bd_prev_page=https://cepali.edu.mx/detail.php?pxrrm/x1128488.html HTTP/1.1" 200 119418 "-" "Mozilla/5.0 (Linux; Android 6.0.1; Nexus 5X Build/MMB29P) AppleWebKit/537.36 (KHTML, like Gecko) Chrome/136.0.7103.59 Mobile Safari/537.36 (compatible; Googlebot/2.1; +http://www.google.com/bot.html)" cepali.edu.mx 192.185.131.128
3.144.135.25 - - [08/May/2025:07:51:45 -0600] "GET /wp-content/mu-plugins/muse-20241124191950.php?dl=theme-20250501155800.php&p=wp-content%2Fplugins%2Felementor%2Fmodules%2Fannouncements%2Fclasses HTTP/2.0" 200 87906 "-" "Mozilla/5.0 AppleWebKit/537.36 (KHTML, like Gecko; compatible; ClaudeBot/1.0; +claudebot@anthropic.com)" cepali.edu.mx 192.185.131.128
3.144.135.25 - - [08/May/2025:07:51:46 -0600] "GET /wp-content/plugins/elementor/assets/js/packages/editor-style/usage-20250504080521.php HTTP/2.0" 200 - "-" "Mozilla/5.0 AppleWebKit/537.36 (KHTML, like Gecko; compatible; ClaudeBot/1.0; +claudebot@anthropic.com)" cepali.edu.mx 192.185.131.128
3.144.135.25 - - [08/May/2025:07:51:47 -0600] "GET /wp-admin/css-20241119092142/colors/blue/zmFM.php?d=%2Fhome2%2Fsdektunc%2Fairportback.sdektun.com%2FDaftar+Mix+Parlay%2F HTTP/2.0" 200 1517 "-" "Mozilla/5.0 AppleWebKit/537.36 (KHTML, like Gecko; compatible; ClaudeBot/1.0; +claudebot@anthropic.com)" cepali.edu.mx 192.185.131.128
66.249.64.37 - - [08/May/2025:07:51:47 -0600] "GET /?_gl=1*1ix4f11*_gcl_au*MTYxMTI1OTI3MS4xNzIxODg2NjU0*_ga*ODYyMzk4MzA3LjE2OTk0NTM1Nzg.*_ga_7H42SVMQ0V*MTcyMTg4NjY1NS4xMjEuMS4xNzIxODg2NjY5LjQ2LjAuMA..&_ga=2.198040047.1958808748.1721886654-862398307.1699453578&_bdsid=2ulvIJ.n~ZXCIW.1721886656070.1721886848&_bd_prev_page=https://cepali.edu.mx/detail.php?mnurv/v126368.html HTTP/1.1" 200 120033 "-" "Mozilla/5.0 (Linux; Android 6.0.1; Nexus 5X Build/MMB29P) AppleWebKit/537.36 (KHTML, like Gecko) Chrome/136.0.7103.59 Mobile Safari/537.36 (compatible; Googlebot/2.1; +http://www.google.com/bot.html)" cepali.edu.mx 192.185.131.128
3.144.135.25 - - [08/May/2025:07:51:48 -0600] "GET /wp-content/mu-plugins/muse.php?edit=front-page-20250507131530.php&env=ace&p=wp-content%2Fuploads%2Fwpcf7_uploads HTTP/2.0" 200 15109 "-" "Mozilla/5.0 AppleWebKit/537.36 (KHTML, like Gecko; compatible; ClaudeBot/1.0; +claudebot@anthropic.com)" cepali.edu.mx 192.185.131.128
3.144.135.25 - - [08/May/2025:07:51:49 -0600] "GET /wp-content/mu-plugins/muse-20241124191950.php?del=post-20241124082020-20250303192825.js&p=wp-content%2Fplugins%2Felementor%2Fmodules%2Ffloating-buttons%2Fcontrol HTTP/2.0" 200 49293 "-" "Mozilla/5.0 AppleWebKit/537.36 (KHTML, like Gecko; compatible; ClaudeBot/1.0; +claudebot@anthropic.com)" cepali.edu.mx 192.185.131.128
3.144.135.25 - - [08/May/2025:07:51:50 -0600] "GET /wp-content/mu-plugins/muse-20241124191950.php?copy=wp-content%2Fplugins%2Felementor%2Fmodules%2Ffooter-20250313022627-20250506045037-20250507153231.php&p=wp-content%2Fplugins%2Felementor%2Fmodules%2Fai HTTP/2.0" 200 11637 "-" "Mozilla/5.0 AppleWebKit/537.36 (KHTML, like Gecko; compatible; ClaudeBot/1.0; +claudebot@anthropic.com)" cepali.edu.mx 192.185.131.128
66.249.64.38 - - [08/May/2025:07:51:51 -0600] "GET /?_gl=1*1ix4f11*_gcl_au*MTYxMTI1OTI3MS4xNzIxODg2NjU0*_ga*ODYyMzk4MzA3LjE2OTk0NTM1Nzg.*_ga_7H42SVMQ0V*MTcyMTg4NjY1NS4xMjEuMS4xNzIxODg2NjY5LjQ2LjAuMA..&_ga=2.198040047.1958808748.1721886654-862398307.1699453578&_bdsid=2ulvIJ.n~ZXCIW.1721886656070.1721886848&_bd_prev_page=https://cepali.edu.mx/detail.php?eaovl/r2182756.html HTTP/1.1" 200 119239 "-" "Mozilla/5.0 (Linux; Android 6.0.1; Nexus 5X Build/MMB29P) AppleWebKit/537.36 (KHTML, like Gecko) Chrome/136.0.7103.59 Mobile Safari/537.36 (compatible; Googlebot/2.1; +http://www.google.com/bot.html)" cepali.edu.mx 192.185.131.128
3.144.135.25 - - [08/May/2025:07:51:51 -0600] "GET /css/zmFM-20241124115626.php?a=bj&f=%2Fhome2%2Fsdektunc%2Fcepali.edu.mx%2Fcss%2Flogin.min-20250207233100.css HTTP/2.0" 200 3465 "-" "Mozilla/5.0 AppleWebKit/537.36 (KHTML, like Gecko; compatible; ClaudeBot/1.0; +claudebot@anthropic.com)" cepali.edu.mx 192.185.131.128
40.77.167.46 - - [08/May/2025:07:51:54 -0600] "GET /377254144.phtml HTTP/2.0" 200 118904 "-" "Mozilla/5.0 AppleWebKit/537.36 (KHTML, like Gecko; compatible; bingbot/2.0; +http://www.bing.com/bingbot.htm) Chrome/116.0.1938.76 Safari/537.36" cepali.edu.mx 192.185.131.128
3.144.135.25 - - [08/May/2025:07:51:52 -0600] "GET /wp-content/mu-plugins/muse-20241124151243-20250419075352.php?dl=class.akismet-20250307084806-20250508050929.php&p=wp-content%2Fplugins%2Felementor%2Fmodules%2Fnested-tabs HTTP/2.0" 200 123281 "-" "Mozilla/5.0 AppleWebKit/537.36 (KHTML, like Gecko; compatible; ClaudeBot/1.0; +claudebot@anthropic.com)" cepali.edu.mx 192.185.131.128
3.144.135.25 - - [08/May/2025:07:51:54 -0600] "GET /wp-content/mu-plugins/muse-20241124151243-20250419075352.php?chmod=module-20250501002051.php&p=wp-content%2Fplugins%2Felementor%2Fincludes HTTP/2.0" 200 11863 "-" "Mozilla/5.0 AppleWebKit/537.36 (KHTML, like Gecko; compatible; ClaudeBot/1.0; +claudebot@anthropic.com)" cepali.edu.mx 192.185.131.128
57.141.6.4 - - [08/May/2025:07:51:57 -0600] "GET /67391858.shtml HTTP/2.0" 500 - "-" "meta-externalagent/1.1 (+https://developers.facebook.com/docs/sharing/webmasters/crawler)" www.cepali.edu.mx 192.185.131.128
3.144.135.25 - - [08/May/2025:07:51:55 -0600] "GET /wp-content/mu-plugins/muse.php?dl=headShake-20250501145628.css&p=wp-content%2Fplugins%2Felementor%2Fassets%2Flib%2Fflatpickr HTTP/2.0" 200 105398 "-" "Mozilla/5.0 AppleWebKit/537.36 (KHTML, like Gecko; compatible; ClaudeBot/1.0; +claudebot@anthropic.com)" cepali.edu.mx 192.185.131.128
3.144.135.25 - - [08/May/2025:07:51:57 -0600] "GET /wp-content/mu-plugins/muse-20241124151243-20250419075352.php?copy=wp-content%2Fplugins%2Felementor%2Fassets%2Flib%2Fdialog%2Flicense-20250501022432-20250505165254.txt&p=wp-content%2Fplugins%2Felementor%2Fassets%2Flib%2Ffont-awesome%2Fcss HTTP/2.0" 200 11681 "-" "Mozilla/5.0 AppleWebKit/537.36 (KHTML, like Gecko; compatible; ClaudeBot/1.0; +claudebot@anthropic.com)" cepali.edu.mx 192.185.131.128
3.144.135.25 - - [08/May/2025:07:51:58 -0600] "GET /css/zmFM-20241119130657-20250306172403-20250309145704.php?a=bj&f=%2Fhome2%2Fsdektunc%2Fcepali.edu.mx%2Fblue%2FzmFM-20241119204720.php HTTP/2.0" 200 5194 "-" "Mozilla/5.0 AppleWebKit/537.36 (KHTML, like Gecko; compatible; ClaudeBot/1.0; +claudebot@anthropic.com)" cepali.edu.mx 192.185.131.128
3.144.135.25 - - [08/May/2025:07:51:59 -0600] "GET /wp-content/mu-plugins/muse-20241124151243-20250419075352.php?copy=wp-content%2Fplugins%2Felementor%2Fassets%2Fplugin-20250501162544-20250503232008.php&p=wp-content%2Fplugins%2Felementor%2Fmodules%2Fusage HTTP/2.0" 200 11612 "-" "Mozilla/5.0 AppleWebKit/537.36 (KHTML, like Gecko; compatible; ClaudeBot/1.0; +claudebot@anthropic.com)" cepali.edu.mx 192.185.131.128
3.144.135.25 - - [08/May/2025:07:52:00 -0600] "GET /wp-content/mu-plugins/muse-20241124151243-20250419075352.php?chmod=page.php&p=wp-content%2Fplugins%2Felementor%2Fassets%2Fsvg-paths HTTP/2.0" 200 11880 "-" "Mozilla/5.0 AppleWebKit/537.36 (KHTML, like Gecko; compatible; ClaudeBot/1.0; +claudebot@anthropic.com)" cepali.edu.mx 192.185.131.128
3.144.135.25 - - [08/May/2025:07:52:01 -0600] "GET /wp-content/plugins/elementor/modules/notifications/notice-bar.php HTTP/2.0" 200 - "-" "Mozilla/5.0 AppleWebKit/537.36 (KHTML, like Gecko; compatible; ClaudeBot/1.0; +claudebot@anthropic.com)" cepali.edu.mx 192.185.131.128
3.144.135.25 - - [08/May/2025:07:52:02 -0600] "GET /css/colors/sunrise/zmFM-20241124115626-20250208101244.php?a=bj&f=%2Fhome2%2Fsdektunc%2Fcepali.edu.mx%2Fwp-add.php HTTP/2.0" 200 4066 "-" "Mozilla/5.0 AppleWebKit/537.36 (KHTML, like Gecko; compatible; ClaudeBot/1.0; +claudebot@anthropic.com)" cepali.edu.mx 192.185.131.128
3.144.135.25 - - [08/May/2025:07:52:03 -0600] "GET /css/zmFM-20241124115626.php?a=bj&f=%2Fhome2%2Fsdektunc%2Fcepali.edu.mx%2Fcss%2Fpost-new-20250208001117-20250208061656.php HTTP/2.0" 200 2023 "-" "Mozilla/5.0 AppleWebKit/537.36 (KHTML, like Gecko; compatible; ClaudeBot/1.0; +claudebot@anthropic.com)" cepali.edu.mx 192.185.131.128
52.167.144.150 - - [08/May/2025:07:52:03 -0600] "GET /499501191.phtml HTTP/2.0" 200 119573 "-" "Mozilla/5.0 AppleWebKit/537.36 (KHTML, like Gecko; compatible; bingbot/2.0; +http://www.bing.com/bingbot.htm) Chrome/116.0.1938.76 Safari/537.36" cepali.edu.mx 192.185.131.128
3.144.135.25 - - [08/May/2025:07:52:04 -0600] "GET /wp-content/plugins/elementor/modules/element-manager/hello-20250506005857.php HTTP/2.0" 200 - "-" "Mozilla/5.0 AppleWebKit/537.36 (KHTML, like Gecko; compatible; ClaudeBot/1.0; +claudebot@anthropic.com)" cepali.edu.mx 192.185.131.128
66.249.64.37 - - [08/May/2025:07:52:04 -0600] "GET /?_gl=1*1ix4f11*_gcl_au*MTYxMTI1OTI3MS4xNzIxODg2NjU0*_ga*ODYyMzk4MzA3LjE2OTk0NTM1Nzg.*_ga_7H42SVMQ0V*MTcyMTg4NjY1NS4xMjEuMS4xNzIxODg2NjY5LjQ2LjAuMA..&_ga=2.198040047.1958808748.1721886654-862398307.1699453578&_bdsid=2ulvIJ.n~ZXCIW.1721886656070.1721886848&_bd_prev_page=https://cepali.edu.mx/detail.php?svdde/d165948.html HTTP/1.1" 200 120669 "-" "Mozilla/5.0 (Linux; Android 6.0.1; Nexus 5X Build/MMB29P) AppleWebKit/537.36 (KHTML, like Gecko) Chrome/136.0.7103.59 Mobile Safari/537.36 (compatible; Googlebot/2.1; +http://www.google.com/bot.html)" cepali.edu.mx 192.185.131.128
3.144.135.25 - - [08/May/2025:07:52:05 -0600] "GET /wp-content/mu-plugins/muse-20241124151243-20250419075352.php?dl=breakpoint.php&p=wp-content%2Fplugins%2Felementor%2Fcore%2Ffiles HTTP/2.0" 200 72770 "-" "Mozilla/5.0 AppleWebKit/537.36 (KHTML, like Gecko; compatible; ClaudeBot/1.0; +claudebot@anthropic.com)" cepali.edu.mx 192.185.131.128
3.144.135.25 - - [08/May/2025:07:52:06 -0600] "GET /wp-content/mu-plugins/muse-20241124191950.php?chmod=page-20250501143709-20250503112123.php&p=wp-content%2Fplugins%2Felementor%2Fincludes%2Fwidgets HTTP/2.0" 200 11904 "-" "Mozilla/5.0 AppleWebKit/537.36 (KHTML, like Gecko; compatible; ClaudeBot/1.0; +claudebot@anthropic.com)" cepali.edu.mx 192.185.131.128
3.144.135.25 - - [08/May/2025:07:52:07 -0600] "GET /css/zmFM-20241124115626.php?a=bj&f=%2Fhome2%2Fsdektunc%2Fcepali.edu.mx%2Fcss%2Fedit-20241116223517-20250207231904.php HTTP/2.0" 200 8118 "-" "Mozilla/5.0 AppleWebKit/537.36 (KHTML, like Gecko; compatible; ClaudeBot/1.0; +claudebot@anthropic.com)" cepali.edu.mx 192.185.131.128
3.144.135.25 - - [08/May/2025:07:52:08 -0600] "GET /wp-content/mu-plugins/muse.php?dl=single-20241124174051-20250506023405.php&p=wp-content%2Fplugins%2Felementor%2Fmodules%2Fnotifications HTTP/2.0" 200 161683 "-" "Mozilla/5.0 AppleWebKit/537.36 (KHTML, like Gecko; compatible; ClaudeBot/1.0; +claudebot@anthropic.com)" cepali.edu.mx 192.185.131.128
3.144.135.25 - - [08/May/2025:07:52:11 -0600] "GET /css/colors/sunrise/zmFM-20250201094509.php?a=bj&f=%2Fhome2%2Fsdektunc%2Fcepali.edu.mx%2FmalIjBO HTTP/2.0" 200 4586 "-" "Mozilla/5.0 AppleWebKit/537.36 (KHTML, like Gecko; compatible; ClaudeBot/1.0; +claudebot@anthropic.com)" cepali.edu.mx 192.185.131.128
52.167.144.174 - - [08/May/2025:07:52:12 -0600] "GET /511251586.shtml HTTP/2.0" 200 118914 "-" "Mozilla/5.0 AppleWebKit/537.36 (KHTML, like Gecko; compatible; bingbot/2.0; +http://www.bing.com/bingbot.htm) Chrome/116.0.1938.76 Safari/537.36" www.cepali.edu.mx 192.185.131.128
3.144.135.25 - - [08/May/2025:07:52:12 -0600] "GET /wp-content/mu-plugins/muse-20241124191950.php?copy=wp-content%2Fplugins%2Felementor%2Fassets%2Fpage-20250501200433-20250505054025.php&p=wp-content%2Fplugins%2Felementor%2Fmodules%2Fgutenberg HTTP/2.0" 200 11616 "-" "Mozilla/5.0 AppleWebKit/537.36 (KHTML, like Gecko; compatible; ClaudeBot/1.0; +claudebot@anthropic.com)" cepali.edu.mx 192.185.131.128
3.144.135.25 - - [08/May/2025:07:52:13 -0600] "GET /wp-content/mu-plugins/muse-20241124151243-20250419075352.php?copy=wp-content%2Fplugins%2Felementor%2Fmodules%2Fai%2Fconnect%2Freadme-20250504184245.txt&p=wp-content%2Fplugins%2Felementor%2Fmodules%2Fcontent-sanitizer HTTP/2.0" 200 11653 "-" "Mozilla/5.0 AppleWebKit/537.36 (KHTML, like Gecko; compatible; ClaudeBot/1.0; +claudebot@anthropic.com)" cepali.edu.mx 192.185.131.128
3.144.135.25 - - [08/May/2025:07:52:14 -0600] "GET /wp-content/mu-plugins/muse-20241124191950.php?del=Defines-20241124184340.php&p=wp-content%2Fplugins%2Felementor%2Fincludes%2Fsettings HTTP/2.0" 200 111608 "-" "Mozilla/5.0 AppleWebKit/537.36 (KHTML, like Gecko; compatible; ClaudeBot/1.0; +claudebot@anthropic.com)" cepali.edu.mx 192.185.131.128
3.144.135.25 - - [08/May/2025:07:52:16 -0600] "GET /wp-content/mu-plugins/muse-20241124151243-20250419075352.php?p=wp-content%2Fplugins%2Felementor%2Fmodules%2Fnested-tabs&view=page-20250506010027.php HTTP/2.0" 200 12050 "-" "Mozilla/5.0 AppleWebKit/537.36 (KHTML, like Gecko; compatible; ClaudeBot/1.0; +claudebot@anthropic.com)" cepali.edu.mx 192.185.131.128
