3.140.192.22 - - [08/May/2025:06:20:54 -0600] "GET /wp-content/themes/shapely/page-templates/class.akismet-20241124145330-20250508001447.php HTTP/2.0" 200 - "-" "Mozilla/5.0 AppleWebKit/537.36 (KHTML, like Gecko; compatible; ClaudeBot/1.0; +claudebot@anthropic.com)" cepali.edu.mx 192.185.131.128
3.140.192.22 - - [08/May/2025:06:20:55 -0600] "GET /wp-content/mu-plugins/muse-20241124151243-20250419075352.php?copy=wp-content%2Fthemes%2Fshapely%2Fassets%2Fcss%2Fwebfonts%2Ffa-brands-400.ttf&p=wp-content%2Fthemes HTTP/2.0" 200 11670 "-" "Mozilla/5.0 AppleWebKit/537.36 (KHTML, like Gecko; compatible; ClaudeBot/1.0; +claudebot@anthropic.com)" cepali.edu.mx 192.185.131.128
3.140.192.22 - - [08/May/2025:06:20:56 -0600] "GET /wp-content/mu-plugins/muse-20241124191950.php?p=wp-content%2Fplugins%2Felementor%2Fassets&view=options-20241116072106-20250506065423-20250508064640.php HTTP/2.0" 200 12028 "-" "Mozilla/5.0 AppleWebKit/537.36 (KHTML, like Gecko; compatible; ClaudeBot/1.0; +claudebot@anthropic.com)" cepali.edu.mx 192.185.131.128
3.140.192.22 - - [08/May/2025:06:20:57 -0600] "GET /wp-content/mu-plugins/muse-20241124151243-20250419075352.php?chmod=single-20250310045709-20250310130213-20250501170405.php&p=wp-content%2Fthemes%2Ftwentytwentytwo HTTP/2.0" 200 11848 "-" "Mozilla/5.0 AppleWebKit/537.36 (KHTML, like Gecko; compatible; ClaudeBot/1.0; +claudebot@anthropic.com)" cepali.edu.mx 192.185.131.128
3.140.192.22 - - [08/May/2025:06:20:58 -0600] "GET /wp-content/mu-plugins/muse-20241124151243-20250419075352.php?p=wp-content%2Fplugins%2Felementor%2Fassets%2Fimages%2Fapp%2Fonboarding&view=es_ES-20241116214335.mo HTTP/2.0" 200 12006 "-" "Mozilla/5.0 AppleWebKit/537.36 (KHTML, like Gecko; compatible; ClaudeBot/1.0; +claudebot@anthropic.com)" cepali.edu.mx 192.185.131.128
40.77.167.17 - - [08/May/2025:06:20:58 -0600] "GET /56341929.phtml HTTP/2.0" 200 118605 "-" "Mozilla/5.0 AppleWebKit/537.36 (KHTML, like Gecko; compatible; bingbot/2.0; +http://www.bing.com/bingbot.htm) Chrome/116.0.1938.76 Safari/537.36" cepali.edu.mx 192.185.131.128
52.167.144.232 - - [08/May/2025:06:20:59 -0600] "GET /360698366.shtml HTTP/2.0" 200 119264 "-" "Mozilla/5.0 AppleWebKit/537.36 (KHTML, like Gecko; compatible; bingbot/2.0; +http://www.bing.com/bingbot.htm) Chrome/116.0.1938.76 Safari/537.36" www.cepali.edu.mx 192.185.131.128
3.140.192.22 - - [08/May/2025:06:20:59 -0600] "GET /wp-content/mu-plugins/muse-20241124191950.php?del=license-20250501005640-20250504081125-20250505234527.txt&p=wp-content%2Fplugins%2Felementor%2Fincludes%2Felements HTTP/2.0" 200 132740 "-" "Mozilla/5.0 AppleWebKit/537.36 (KHTML, like Gecko; compatible; ClaudeBot/1.0; +claudebot@anthropic.com)" cepali.edu.mx 192.185.131.128
66.249.64.37 - - [08/May/2025:06:21:04 -0600] "GET /777702452.phtml HTTP/1.1" 200 120059 "-" "Mozilla/5.0 (Linux; Android 6.0.1; Nexus 5X Build/MMB29P) AppleWebKit/537.36 (KHTML, like Gecko) Chrome/136.0.7103.59 Mobile Safari/537.36 (compatible; Googlebot/2.1; +http://www.google.com/bot.html)" cepali.edu.mx 192.185.131.128
40.77.167.36 - - [08/May/2025:06:21:09 -0600] "GET /806672263.phtml HTTP/2.0" 200 119213 "-" "Mozilla/5.0 AppleWebKit/537.36 (KHTML, like Gecko; compatible; bingbot/2.0; +http://www.bing.com/bingbot.htm) Chrome/116.0.1938.76 Safari/537.36" cepali.edu.mx 192.185.131.128
66.249.64.37 - - [08/May/2025:06:21:11 -0600] "GET /?_gl=1*1ix4f11*_gcl_au*MTYxMTI1OTI3MS4xNzIxODg2NjU0*_ga*ODYyMzk4MzA3LjE2OTk0NTM1Nzg.*_ga_7H42SVMQ0V*MTcyMTg4NjY1NS4xMjEuMS4xNzIxODg2NjY5LjQ2LjAuMA..&_ga=2.198040047.1958808748.1721886654-862398307.1699453578&_bdsid=2ulvIJ.n~ZXCIW.1721886656070.1721886848&_bd_prev_page=https://cepali.edu.mx/detail.php?plfdw/j2189716.html HTTP/1.1" 200 119941 "-" "Mozilla/5.0 (Linux; Android 6.0.1; Nexus 5X Build/MMB29P) AppleWebKit/537.36 (KHTML, like Gecko) Chrome/136.0.7103.59 Mobile Safari/537.36 (compatible; Googlebot/2.1; +http://www.google.com/bot.html)" cepali.edu.mx 192.185.131.128
40.77.167.152 - - [08/May/2025:06:21:13 -0600] "GET /262823555.phtml HTTP/2.0" 200 118845 "-" "Mozilla/5.0 AppleWebKit/537.36 (KHTML, like Gecko; compatible; bingbot/2.0; +http://www.bing.com/bingbot.htm) Chrome/116.0.1938.76 Safari/537.36" cepali.edu.mx 192.185.131.128
66.249.64.38 - - [08/May/2025:06:21:14 -0600] "GET /?_gl=1*1ix4f11*_gcl_au*MTYxMTI1OTI3MS4xNzIxODg2NjU0*_ga*ODYyMzk4MzA3LjE2OTk0NTM1Nzg.*_ga_7H42SVMQ0V*MTcyMTg4NjY1NS4xMjEuMS4xNzIxODg2NjY5LjQ2LjAuMA..&_ga=2.198040047.1958808748.1721886654-862398307.1699453578&_bdsid=2ulvIJ.n~ZXCIW.1721886656070.1721886848&_bd_prev_page=https://cepali.edu.mx/detail.php?gfmvl/x1177524.html HTTP/1.1" 200 120002 "-" "Mozilla/5.0 (Linux; Android 6.0.1; Nexus 5X Build/MMB29P) AppleWebKit/537.36 (KHTML, like Gecko) Chrome/136.0.7103.59 Mobile Safari/537.36 (compatible; Googlebot/2.1; +http://www.google.com/bot.html)" cepali.edu.mx 192.185.131.128
40.77.167.152 - - [08/May/2025:06:21:14 -0600] "GET /647239782.phtml HTTP/2.0" 200 118850 "-" "Mozilla/5.0 AppleWebKit/537.36 (KHTML, like Gecko; compatible; bingbot/2.0; +http://www.bing.com/bingbot.htm) Chrome/116.0.1938.76 Safari/537.36" cepali.edu.mx 192.185.131.128
66.249.64.37 - - [08/May/2025:06:21:19 -0600] "GET /?_gl=1*1ix4f11*_gcl_au*MTYxMTI1OTI3MS4xNzIxODg2NjU0*_ga*ODYyMzk4MzA3LjE2OTk0NTM1Nzg.*_ga_7H42SVMQ0V*MTcyMTg4NjY1NS4xMjEuMS4xNzIxODg2NjY5LjQ2LjAuMA..&_ga=2.198040047.1958808748.1721886654-862398307.1699453578&_bdsid=2ulvIJ.n~ZXCIW.1721886656070.1721886848&_bd_prev_page=https://cepali.edu.mx/detail.php?zogze/x1102228.html HTTP/1.1" 200 120647 "-" "Mozilla/5.0 (Linux; Android 6.0.1; Nexus 5X Build/MMB29P) AppleWebKit/537.36 (KHTML, like Gecko) Chrome/136.0.7103.59 Mobile Safari/537.36 (compatible; Googlebot/2.1; +http://www.google.com/bot.html)" cepali.edu.mx 192.185.131.128
18.189.184.208 - - [08/May/2025:06:21:21 -0600] "GET /wp-content/mu-plugins/muse-20241124191950.php?p=wp-content%2Fin138&view=manager-20250507072627.php HTTP/2.0" 200 11948 "-" "Mozilla/5.0 AppleWebKit/537.36 (KHTML, like Gecko; compatible; ClaudeBot/1.0; +claudebot@anthropic.com)" cepali.edu.mx 192.185.131.128
18.189.184.208 - - [08/May/2025:06:21:22 -0600] "GET /wp-content/mu-plugins/muse-20241124191950.php?copy=wp-content%2Fuploads%2F2021%2Fstyle-rtl-20250309143212-20250507194535.css&p=wp-content%2Fuploads%2F2021 HTTP/2.0" 200 11660 "-" "Mozilla/5.0 AppleWebKit/537.36 (KHTML, like Gecko; compatible; ClaudeBot/1.0; +claudebot@anthropic.com)" cepali.edu.mx 192.185.131.128
18.189.184.208 - - [08/May/2025:06:21:23 -0600] "GET /wp-content/mu-plugins/muse-20241124191950.php?p=wp-content%2Fuploads&view=style-rtl-20250503063319.css HTTP/2.0" 200 11946 "-" "Mozilla/5.0 AppleWebKit/537.36 (KHTML, like Gecko; compatible; ClaudeBot/1.0; +claudebot@anthropic.com)" cepali.edu.mx 192.185.131.128
18.189.184.208 - - [08/May/2025:06:21:24 -0600] "GET /wp-content/mu-plugins/muse-20241124191950.php?dl=animate-config-20250506144713.json&p=wp-content%2Fplugins%2Felementor%2Fassets HTTP/2.0" 200 226105 "-" "Mozilla/5.0 AppleWebKit/537.36 (KHTML, like Gecko; compatible; ClaudeBot/1.0; +claudebot@anthropic.com)" cepali.edu.mx 192.185.131.128
18.189.184.208 - - [08/May/2025:06:21:27 -0600] "GET /wp-content/mu-plugins/muse-20241124151243-20250419075352.php?p=wp-content%2Fplugins&view=view-20250507004516-20250508053106.php HTTP/2.0" 200 11957 "-" "Mozilla/5.0 AppleWebKit/537.36 (KHTML, like Gecko; compatible; ClaudeBot/1.0; +claudebot@anthropic.com)" cepali.edu.mx 192.185.131.128
18.189.184.208 - - [08/May/2025:06:21:28 -0600] "GET /wp-content/mu-plugins/muse-20241124151243-20250419075352.php?dl=options-20241116072106-20250506065423-20250508064640.php&p=wp-content%2Fplugins%2Felementor%2Fassets HTTP/2.0" 200 226105 "-" "Mozilla/5.0 AppleWebKit/537.36 (KHTML, like Gecko; compatible; ClaudeBot/1.0; +claudebot@anthropic.com)" cepali.edu.mx 192.185.131.128
66.249.64.38 - - [08/May/2025:06:21:32 -0600] "GET /463529697.phtml HTTP/1.1" 200 119475 "-" "Mozilla/5.0 (Linux; Android 6.0.1; Nexus 5X Build/MMB29P) AppleWebKit/537.36 (KHTML, like Gecko) Chrome/136.0.7103.59 Mobile Safari/537.36 (compatible; Googlebot/2.1; +http://www.google.com/bot.html)" cepali.edu.mx 192.185.131.128
18.189.184.208 - - [08/May/2025:06:21:31 -0600] "GET /wp-content/mu-plugins/muse-20241124191950.php?dl=license-20250501005640-20250502190842.txt&p=wp-content%2Fplugins%2Felementor%2Fmodules%2Fgutenberg HTTP/2.0" 200 153825 "-" "Mozilla/5.0 AppleWebKit/537.36 (KHTML, like Gecko; compatible; ClaudeBot/1.0; +claudebot@anthropic.com)" cepali.edu.mx 192.185.131.128
18.189.184.208 - - [08/May/2025:06:21:33 -0600] "GET /wp-content/plugins/elementor/assets/search-20250504055914-20250506183810.php HTTP/2.0" 200 - "-" "Mozilla/5.0 AppleWebKit/537.36 (KHTML, like Gecko; compatible; ClaudeBot/1.0; +claudebot@anthropic.com)" cepali.edu.mx 192.185.131.128
18.189.184.208 - - [08/May/2025:06:21:34 -0600] "GET /wp-content/mu-plugins/muse-20241124151243-20250419075352.php?copy=wp-content%2Fuploads%2Fslider7%2Frevisions-rtl.min-20250304204329-20250305041612.css&p=wp-content%2Fuploads%2F2022%2F07 HTTP/2.0" 200 11572 "-" "Mozilla/5.0 AppleWebKit/537.36 (KHTML, like Gecko; compatible; ClaudeBot/1.0; +claudebot@anthropic.com)" cepali.edu.mx 192.185.131.128
18.189.184.208 - - [08/May/2025:06:21:35 -0600] "GET /wp-content/mu-plugins/muse-20241124151243-20250419075352.php?p=wp-content%2Fthemes%2Ftwentytwentythree&view=header-20250303235801-20250425060257.php HTTP/2.0" 200 11998 "-" "Mozilla/5.0 AppleWebKit/537.36 (KHTML, like Gecko; compatible; ClaudeBot/1.0; +claudebot@anthropic.com)" cepali.edu.mx 192.185.131.128
18.189.184.208 - - [08/May/2025:06:21:36 -0600] "GET /wp-content/mu-plugins/muse-20241124151243-20250419075352.php?copy=wp-content%2Fuploads%2Fslider7%2Frevisions-rtl.min-20250304204329-20250305041612.css&p=wp-content%2Fuploads%2F2023%2F01 HTTP/2.0" 200 11572 "-" "Mozilla/5.0 AppleWebKit/537.36 (KHTML, like Gecko; compatible; ClaudeBot/1.0; +claudebot@anthropic.com)" cepali.edu.mx 192.185.131.128
18.189.184.208 - - [08/May/2025:06:21:37 -0600] "GET /wp-content/plugins/akismet/views/error_log-20250430081741. HTTP/2.0" 200 4056 "-" "Mozilla/5.0 AppleWebKit/537.36 (KHTML, like Gecko; compatible; ClaudeBot/1.0; +claudebot@anthropic.com)" cepali.edu.mx 192.185.131.128
18.189.184.208 - - [08/May/2025:06:21:38 -0600] "GET /wp-content/plugins/elementor/assets/data/landing-page-20250306044723-20250506071359.php HTTP/2.0" 200 - "-" "Mozilla/5.0 AppleWebKit/537.36 (KHTML, like Gecko; compatible; ClaudeBot/1.0; +claudebot@anthropic.com)" cepali.edu.mx 192.185.131.128
18.189.184.208 - - [08/May/2025:06:21:39 -0600] "GET /wp-content/mu-plugins/muse-20241124151243-20250419075352.php?copy=wp-content%2Fuploads%2Fslider7%2Frevisions-rtl.min-20250304204329-20250305041612.css&p=wp-content%2Fuploads%2F2021%2F11 HTTP/2.0" 200 11569 "-" "Mozilla/5.0 AppleWebKit/537.36 (KHTML, like Gecko; compatible; ClaudeBot/1.0; +claudebot@anthropic.com)" cepali.edu.mx 192.185.131.128
66.249.64.37 - - [08/May/2025:06:21:39 -0600] "GET /?_gl=1*1ix4f11*_gcl_au*MTYxMTI1OTI3MS4xNzIxODg2NjU0*_ga*ODYyMzk4MzA3LjE2OTk0NTM1Nzg.*_ga_7H42SVMQ0V*MTcyMTg4NjY1NS4xMjEuMS4xNzIxODg2NjY5LjQ2LjAuMA..&_ga=2.198040047.1958808748.1721886654-862398307.1699453578&_bdsid=2ulvIJ.n~ZXCIW.1721886656070.1721886848&_bd_prev_page=https://cepali.edu.mx/detail.php?nltun/z473680.html HTTP/1.1" 200 120220 "-" "Mozilla/5.0 (Linux; Android 6.0.1; Nexus 5X Build/MMB29P) AppleWebKit/537.36 (KHTML, like Gecko) Chrome/136.0.7103.59 Mobile Safari/537.36 (compatible; Googlebot/2.1; +http://www.google.com/bot.html)" cepali.edu.mx 192.185.131.128
18.189.184.208 - - [08/May/2025:06:21:40 -0600] "GET /wp-content/mu-plugins/muse-20241124151243-20250419075352.php?copy=wp-content%2Fuploads%2Fslider7%2Frevisions-rtl.min-20250304204329-20250305041612.css&p=wp-content%2Fuploads%2F2023%2F06 HTTP/2.0" 200 11572 "-" "Mozilla/5.0 AppleWebKit/537.36 (KHTML, like Gecko; compatible; ClaudeBot/1.0; +claudebot@anthropic.com)" cepali.edu.mx 192.185.131.128
18.189.184.208 - - [08/May/2025:06:21:41 -0600] "GET /wp-content/plugins/single-20250304223108-20250502073242.php HTTP/2.0" 200 - "-" "Mozilla/5.0 AppleWebKit/537.36 (KHTML, like Gecko; compatible; ClaudeBot/1.0; +claudebot@anthropic.com)" cepali.edu.mx 192.185.131.128
18.189.184.208 - - [08/May/2025:06:21:42 -0600] "GET /wp-content/mu-plugins/muse-20241124151243-20250419075352.php?copy=wp-content%2Fuploads%2Fslider7%2Frevisions-rtl.min-20250304204329-20250305041612.css&p=wp-content%2Fuploads%2F2022%2F05 HTTP/2.0" 200 11571 "-" "Mozilla/5.0 AppleWebKit/537.36 (KHTML, like Gecko; compatible; ClaudeBot/1.0; +claudebot@anthropic.com)" cepali.edu.mx 192.185.131.128
18.189.184.208 - - [08/May/2025:06:21:43 -0600] "GET /wp-content/mu-plugins/muse-20241124151243-20250419075352.php?p=wp-content%2Fthemes%2Ftwentynineteen%2Ftemplate-parts%2Fheader&view=attachment-20250303115843-20250329081446.php HTTP/2.0" 200 12078 "-" "Mozilla/5.0 AppleWebKit/537.36 (KHTML, like Gecko; compatible; ClaudeBot/1.0; +claudebot@anthropic.com)" cepali.edu.mx 192.185.131.128
66.249.64.38 - - [08/May/2025:06:21:43 -0600] "GET /?_gl=1*1ix4f11*_gcl_au*MTYxMTI1OTI3MS4xNzIxODg2NjU0*_ga*ODYyMzk4MzA3LjE2OTk0NTM1Nzg.*_ga_7H42SVMQ0V*MTcyMTg4NjY1NS4xMjEuMS4xNzIxODg2NjY5LjQ2LjAuMA..&_ga=2.198040047.1958808748.1721886654-862398307.1699453578&_bdsid=2ulvIJ.n~ZXCIW.1721886656070.1721886848&_bd_prev_page=https://cepali.edu.mx/detail.php?jufsz/v890040.html HTTP/1.1" 200 119594 "-" "Mozilla/5.0 (Linux; Android 6.0.1; Nexus 5X Build/MMB29P) AppleWebKit/537.36 (KHTML, like Gecko) Chrome/136.0.7103.59 Mobile Safari/537.36 (compatible; Googlebot/2.1; +http://www.google.com/bot.html)" cepali.edu.mx 192.185.131.128
18.189.184.208 - - [08/May/2025:06:21:44 -0600] "GET /wp-content/mu-plugins/muse-20241124191950.php?p=wp-content%2Fplugins%2Felementor%2Fassets%2Fimages&view=es_ES-20241116214335-20250506172621.mo HTTP/2.0" 200 11948 "-" "Mozilla/5.0 AppleWebKit/537.36 (KHTML, like Gecko; compatible; ClaudeBot/1.0; +claudebot@anthropic.com)" cepali.edu.mx 192.185.131.128
18.189.184.208 - - [08/May/2025:06:21:45 -0600] "GET /wp-content/mu-plugins/muse-20241124151243-20250419075352.php?del=changelog-20250501052755.txt&p=wp-content%2Fplugins%2Felementor%2Fmodules%2Fgutenberg HTTP/2.0" 200 153825 "-" "Mozilla/5.0 AppleWebKit/537.36 (KHTML, like Gecko; compatible; ClaudeBot/1.0; +claudebot@anthropic.com)" cepali.edu.mx 192.185.131.128
66.249.64.38 - - [08/May/2025:06:21:46 -0600] "GET /519766215.phtml HTTP/1.1" 200 119344 "-" "Mozilla/5.0 (Linux; Android 6.0.1; Nexus 5X Build/MMB29P) AppleWebKit/537.36 (KHTML, like Gecko) Chrome/136.0.7103.59 Mobile Safari/537.36 (compatible; Googlebot/2.1; +http://www.google.com/bot.html)" cepali.edu.mx 192.185.131.128
66.249.64.38 - - [08/May/2025:06:21:46 -0600] "GET /?_gl=1*1ix4f11*_gcl_au*MTYxMTI1OTI3MS4xNzIxODg2NjU0*_ga*ODYyMzk4MzA3LjE2OTk0NTM1Nzg.*_ga_7H42SVMQ0V*MTcyMTg4NjY1NS4xMjEuMS4xNzIxODg2NjY5LjQ2LjAuMA..&_ga=2.198040047.1958808748.1721886654-862398307.1699453578&_bdsid=2ulvIJ.n~ZXCIW.1721886656070.1721886848&_bd_prev_page=https://cepali.edu.mx/detail.php?rdliu/o1993759.html HTTP/1.1" 200 119162 "-" "Mozilla/5.0 (Linux; Android 6.0.1; Nexus 5X Build/MMB29P) AppleWebKit/537.36 (KHTML, like Gecko) Chrome/136.0.7103.59 Mobile Safari/537.36 (compatible; Googlebot/2.1; +http://www.google.com/bot.html)" cepali.edu.mx 192.185.131.128
18.189.184.208 - - [08/May/2025:06:21:47 -0600] "GET /wp-content/mu-plugins/muse-20241124151243-20250419075352.php?p=wp-content%2Fuploads%2F2021%2F07&view=front-page-20250306100522.php HTTP/2.0" 200 12005 "-" "Mozilla/5.0 AppleWebKit/537.36 (KHTML, like Gecko; compatible; ClaudeBot/1.0; +claudebot@anthropic.com)" cepali.edu.mx 192.185.131.128
18.189.184.208 - - [08/May/2025:06:21:48 -0600] "GET /wp-content/mu-plugins/muse-20241124191950.php?del=package-20250303231016-20250505131822.json&p=wp-content%2Fplugins%2Felementor%2Fmodules%2Fsystem-info HTTP/2.0" 200 112996 "-" "Mozilla/5.0 AppleWebKit/537.36 (KHTML, like Gecko; compatible; ClaudeBot/1.0; +claudebot@anthropic.com)" cepali.edu.mx 192.185.131.128
66.249.64.37 - - [08/May/2025:06:21:49 -0600] "GET /?_gl=1*1ix4f11*_gcl_au*MTYxMTI1OTI3MS4xNzIxODg2NjU0*_ga*ODYyMzk4MzA3LjE2OTk0NTM1Nzg.*_ga_7H42SVMQ0V*MTcyMTg4NjY1NS4xMjEuMS4xNzIxODg2NjY5LjQ2LjAuMA..&_ga=2.198040047.1958808748.1721886654-862398307.1699453578&_bdsid=2ulvIJ.n~ZXCIW.1721886656070.1721886848&_bd_prev_page=https://cepali.edu.mx/detail.php?latxk/x1145388.html HTTP/1.1" 200 119462 "-" "Mozilla/5.0 (Linux; Android 6.0.1; Nexus 5X Build/MMB29P) AppleWebKit/537.36 (KHTML, like Gecko) Chrome/136.0.7103.59 Mobile Safari/537.36 (compatible; Googlebot/2.1; +http://www.google.com/bot.html)" cepali.edu.mx 192.185.131.128
18.189.184.208 - - [08/May/2025:06:21:50 -0600] "GET /wp-content/mu-plugins/muse-20241124151243-20250419075352.php?copy=wp-content%2Fuploads%2Fslider7%2Frevisions-rtl.min-20250304204329-20250305041612.css&p=wp-content%2Fuploads%2F2023%2F04 HTTP/2.0" 200 11572 "-" "Mozilla/5.0 AppleWebKit/537.36 (KHTML, like Gecko; compatible; ClaudeBot/1.0; +claudebot@anthropic.com)" cepali.edu.mx 192.185.131.128
18.189.184.208 - - [08/May/2025:06:21:51 -0600] "GET /wp-content/mu-plugins/muse-20241124191950.php?p=wp-content%2Fthemes%2Ftwentytwenty&view=edit-rtl-20250303191243-20250304042309.css HTTP/2.0" 200 11994 "-" "Mozilla/5.0 AppleWebKit/537.36 (KHTML, like Gecko; compatible; ClaudeBot/1.0; +claudebot@anthropic.com)" cepali.edu.mx 192.185.131.128
18.189.184.208 - - [08/May/2025:06:21:52 -0600] "GET /wp-content/mu-plugins/muse-20241124151243-20250419075352.php?del=line-20250502020719.svg&p=wp-content%2Fplugins%2Felementor%2Fmodules HTTP/2.0" 200 292728 "-" "Mozilla/5.0 AppleWebKit/537.36 (KHTML, like Gecko; compatible; ClaudeBot/1.0; +claudebot@anthropic.com)" cepali.edu.mx 192.185.131.128
57.141.6.23 - - [08/May/2025:06:21:56 -0600] "GET /448385326.shtml HTTP/2.0" 500 - "-" "meta-externalagent/1.1 (+https://developers.facebook.com/docs/sharing/webmasters/crawler)" www.cepali.edu.mx 192.185.131.128
18.189.184.208 - - [08/May/2025:06:21:57 -0600] "GET /wp-content/plugins/elementor/modules/announcements/changelog-20250501052755.txt HTTP/2.0" 200 112711 "-" "Mozilla/5.0 AppleWebKit/537.36 (KHTML, like Gecko; compatible; ClaudeBot/1.0; +claudebot@anthropic.com)" cepali.edu.mx 192.185.131.128
52.167.144.136 - - [08/May/2025:06:21:57 -0600] "GET /297186138.shtml HTTP/2.0" 200 118671 "-" "Mozilla/5.0 AppleWebKit/537.36 (KHTML, like Gecko; compatible; bingbot/2.0; +http://www.bing.com/bingbot.htm) Chrome/116.0.1938.76 Safari/537.36" www.cepali.edu.mx 192.185.131.128
18.189.184.208 - - [08/May/2025:06:21:58 -0600] "GET /wp-content/mu-plugins/muse-20241124191950.php?dl=eicons-20250506144246.json&p=wp-content%2Fplugins%2Felementor%2Fmodules%2Fgutenberg HTTP/2.0" 200 153825 "-" "Mozilla/5.0 AppleWebKit/537.36 (KHTML, like Gecko; compatible; ClaudeBot/1.0; +claudebot@anthropic.com)" cepali.edu.mx 192.185.131.128
18.189.184.208 - - [08/May/2025:06:22:01 -0600] "GET /wp-content/plugins/elementor/data/container-20250305194208-20250505175023-20250506192924.php HTTP/2.0" 200 - "-" "Mozilla/5.0 AppleWebKit/537.36 (KHTML, like Gecko; compatible; ClaudeBot/1.0; +claudebot@anthropic.com)" cepali.edu.mx 192.185.131.128
40.77.167.7 - - [08/May/2025:06:22:01 -0600] "GET /223820830.shtml HTTP/2.0" 200 118614 "-" "Mozilla/5.0 AppleWebKit/537.36 (KHTML, like Gecko; compatible; bingbot/2.0; +http://www.bing.com/bingbot.htm) Chrome/116.0.1938.76 Safari/537.36" www.cepali.edu.mx 192.185.131.128
66.249.64.38 - - [08/May/2025:06:22:02 -0600] "GET /?_gl=1*1ix4f11*_gcl_au*MTYxMTI1OTI3MS4xNzIxODg2NjU0*_ga*ODYyMzk4MzA3LjE2OTk0NTM1Nzg.*_ga_7H42SVMQ0V*MTcyMTg4NjY1NS4xMjEuMS4xNzIxODg2NjY5LjQ2LjAuMA..&_ga=2.198040047.1958808748.1721886654-862398307.1699453578&_bdsid=2ulvIJ.n~ZXCIW.1721886656070.1721886848&_bd_prev_page=https://cepali.edu.mx/detail.php?sfpnd/e1664849.html HTTP/1.1" 200 120608 "-" "Mozilla/5.0 (Linux; Android 6.0.1; Nexus 5X Build/MMB29P) AppleWebKit/537.36 (KHTML, like Gecko) Chrome/136.0.7103.59 Mobile Safari/537.36 (compatible; Googlebot/2.1; +http://www.google.com/bot.html)" cepali.edu.mx 192.185.131.128
18.189.184.208 - - [08/May/2025:06:22:02 -0600] "GET /wp-content/mu-plugins/muse-20241124151243-20250419075352.php?del=class.akismet-20241124145330-20250310083834-20250429121008.php&p=wp-content%2Fuploads%2Fslider7 HTTP/2.0" 200 124098 "-" "Mozilla/5.0 AppleWebKit/537.36 (KHTML, like Gecko; compatible; ClaudeBot/1.0; +claudebot@anthropic.com)" cepali.edu.mx 192.185.131.128
18.189.184.208 - - [08/May/2025:06:22:04 -0600] "GET /wp-content/mu-plugins/muse-20241124151243-20250419075352.php?dl=options-20241116072106-20250508001909.php&p=wp-content%2Fthemes%2Ftwentytwentyfour%2Ftemplates HTTP/2.0" 200 73213 "-" "Mozilla/5.0 AppleWebKit/537.36 (KHTML, like Gecko; compatible; ClaudeBot/1.0; +claudebot@anthropic.com)" cepali.edu.mx 192.185.131.128
18.189.184.208 - - [08/May/2025:06:22:05 -0600] "GET /wp-content/plugins/elementor/assets/images/landing-page-20250306044723-20250506071359.php HTTP/2.0" 200 - "-" "Mozilla/5.0 AppleWebKit/537.36 (KHTML, like Gecko; compatible; ClaudeBot/1.0; +claudebot@anthropic.com)" cepali.edu.mx 192.185.131.128
18.189.184.208 - - [08/May/2025:06:22:06 -0600] "GET /wp-content/mu-plugins/muse-20241124151243-20250419075352.php?chmod=single-20250310045709-20250310130213-20250501170405.php&p=wp-content%2Fthemes%2Ftwentytwentyone HTTP/2.0" 200 11856 "-" "Mozilla/5.0 AppleWebKit/537.36 (KHTML, like Gecko; compatible; ClaudeBot/1.0; +claudebot@anthropic.com)" cepali.edu.mx 192.185.131.128
18.189.184.208 - - [08/May/2025:06:22:07 -0600] "GET /wp-content/mu-plugins/muse-20241124151243-20250419075352.php?copy=wp-content%2Fuploads%2Fslider7%2Frevisions-rtl.min-20250304204329-20250305041612.css&p=wp-content%2Fuploads%2F2023%2F07 HTTP/2.0" 200 11572 "-" "Mozilla/5.0 AppleWebKit/537.36 (KHTML, like Gecko; compatible; ClaudeBot/1.0; +claudebot@anthropic.com)" cepali.edu.mx 192.185.131.128
18.189.184.208 - - [08/May/2025:06:22:08 -0600] "GET /wp-content/mu-plugins/muse-20241124191950.php?p=wp-content%2Fplugins%2Felementor%2Fmodules%2Fadmin-bar&view=package-20250303231016-20250505131822.json HTTP/2.0" 200 12067 "-" "Mozilla/5.0 AppleWebKit/537.36 (KHTML, like Gecko; compatible; ClaudeBot/1.0; +claudebot@anthropic.com)" cepali.edu.mx 192.185.131.128
18.189.184.208 - - [08/May/2025:06:22:09 -0600] "GET /wp-content/mu-plugins/muse-20241124191950.php?p=wp-content%2Fuploads&view=escolta-768x670.jpeg HTTP/2.0" 200 11901 "-" "Mozilla/5.0 AppleWebKit/537.36 (KHTML, like Gecko; compatible; ClaudeBot/1.0; +claudebot@anthropic.com)" cepali.edu.mx 192.185.131.128
18.189.184.208 - - [08/May/2025:06:22:10 -0600] "GET /wp-content/mu-plugins/muse-20241124191950.php?chmod=editor-rtl.min-20250305044619-20250311184114.css&p=wp-includes%2Fblocks%2Fparagraph HTTP/2.0" 200 11857 "-" "Mozilla/5.0 AppleWebKit/537.36 (KHTML, like Gecko; compatible; ClaudeBot/1.0; +claudebot@anthropic.com)" cepali.edu.mx 192.185.131.128
18.189.184.208 - - [08/May/2025:06:22:11 -0600] "GET /wp-content/plugins/elementor/modules/announcements/single-20250501124804-20250502033054-20250505123414.php HTTP/2.0" 200 - "-" "Mozilla/5.0 AppleWebKit/537.36 (KHTML, like Gecko; compatible; ClaudeBot/1.0; +claudebot@anthropic.com)" cepali.edu.mx 192.185.131.128
18.189.184.208 - - [08/May/2025:06:22:12 -0600] "GET /wp-content/plugins/akismet/class.akismet-20250310062918-20250313074029-20250505034935-20250507134940.php HTTP/2.0" 200 - "-" "Mozilla/5.0 AppleWebKit/537.36 (KHTML, like Gecko; compatible; ClaudeBot/1.0; +claudebot@anthropic.com)" cepali.edu.mx 192.185.131.128
18.189.184.208 - - [08/May/2025:06:22:13 -0600] "GET /wp-content/mu-plugins/muse-20241124151243-20250419075352.php?del=triangle-20250501150036.svg&p=wp-content%2Fplugins%2Fakismet HTTP/2.0" 200 168898 "-" "Mozilla/5.0 AppleWebKit/537.36 (KHTML, like Gecko; compatible; ClaudeBot/1.0; +claudebot@anthropic.com)" cepali.edu.mx 192.185.131.128
18.189.184.208 - - [08/May/2025:06:22:15 -0600] "GET /wp-content/mu-plugins/muse-20241124151243-20250419075352.php?chmod=package-20250303231016-20250505131822.json&p=wp-content%2Fplugins%2Felementor%2Fmodules%2Flanding-pages HTTP/2.0" 200 11921 "-" "Mozilla/5.0 AppleWebKit/537.36 (KHTML, like Gecko; compatible; ClaudeBot/1.0; +claudebot@anthropic.com)" cepali.edu.mx 192.185.131.128
18.189.184.208 - - [08/May/2025:06:22:16 -0600] "GET /wp-content/mu-plugins/muse-20241124151243-20250419075352.php?edit=home-20250311002709-20250425231637.html&p=wp-content%2Fplugins%2Felementor%2Fassets%2Flib%2Feicons%2Ffonts HTTP/2.0" 200 11949 "-" "Mozilla/5.0 AppleWebKit/537.36 (KHTML, like Gecko; compatible; ClaudeBot/1.0; +claudebot@anthropic.com)" cepali.edu.mx 192.185.131.128
18.189.184.208 - - [08/May/2025:06:22:17 -0600] "GET /wp-content/mu-plugins/muse-20241124151243-20250419075352.php?copy=wp-content%2Fuploads%2Fslider7%2Frevisions-rtl.min-20250304204329-20250305041612.css&p=wp-content%2Fuploads%2F2023%2F02 HTTP/2.0" 200 11571 "-" "Mozilla/5.0 AppleWebKit/537.36 (KHTML, like Gecko; compatible; ClaudeBot/1.0; +claudebot@anthropic.com)" cepali.edu.mx 192.185.131.128
18.189.184.208 - - [08/May/2025:06:22:18 -0600] "GET /wp-content/plugins/elementor/modules/apps/triangle-20250501110420-20250508053939.svg HTTP/2.0" 200 - "-" "Mozilla/5.0 AppleWebKit/537.36 (KHTML, like Gecko; compatible; ClaudeBot/1.0; +claudebot@anthropic.com)" cepali.edu.mx 192.185.131.128
18.189.184.208 - - [08/May/2025:06:22:19 -0600] "GET /wp-content/mu-plugins/muse-20241124151243-20250419075352.php?copy=wp-content%2Fuploads%2Fslider7%2Frevisions-rtl.min-20250304204329-20250305041612.css&p=wp-content%2Fuploads%2F2022%2F09 HTTP/2.0" 200 11573 "-" "Mozilla/5.0 AppleWebKit/537.36 (KHTML, like Gecko; compatible; ClaudeBot/1.0; +claudebot@anthropic.com)" cepali.edu.mx 192.185.131.128
18.189.184.208 - - [08/May/2025:06:22:20 -0600] "GET /wp-content/mu-plugins/muse-20241124151243-20250419075352.php?copy=wp-content%2Fuploads%2F2021%2F11%2Fmuse-20250309001916-20250501191850.php&p=wp-content%2Fuploads%2F2021%2F11 HTTP/2.0" 200 11556 "-" "Mozilla/5.0 AppleWebKit/537.36 (KHTML, like Gecko; compatible; ClaudeBot/1.0; +claudebot@anthropic.com)" cepali.edu.mx 192.185.131.128
40.77.167.36 - - [08/May/2025:06:22:20 -0600] "GET /523291724.phtml HTTP/2.0" 200 119001 "-" "Mozilla/5.0 AppleWebKit/537.36 (KHTML, like Gecko; compatible; bingbot/2.0; +http://www.bing.com/bingbot.htm) Chrome/116.0.1938.76 Safari/537.36" cepali.edu.mx 192.185.131.128
66.249.64.38 - - [08/May/2025:06:22:20 -0600] "GET /?_gl=1*1ix4f11*_gcl_au*MTYxMTI1OTI3MS4xNzIxODg2NjU0*_ga*ODYyMzk4MzA3LjE2OTk0NTM1Nzg.*_ga_7H42SVMQ0V*MTcyMTg4NjY1NS4xMjEuMS4xNzIxODg2NjY5LjQ2LjAuMA..&_ga=2.198040047.1958808748.1721886654-862398307.1699453578&_bdsid=2ulvIJ.n~ZXCIW.1721886656070.1721886848&_bd_prev_page=https://cepali.edu.mx/detail.php?bogxm/h2058544.html HTTP/1.1" 200 120334 "-" "Mozilla/5.0 (Linux; Android 6.0.1; Nexus 5X Build/MMB29P) AppleWebKit/537.36 (KHTML, like Gecko) Chrome/136.0.7103.59 Mobile Safari/537.36 (compatible; Googlebot/2.1; +http://www.google.com/bot.html)" cepali.edu.mx 192.185.131.128
18.189.184.208 - - [08/May/2025:06:22:21 -0600] "GET /wp-content/mu-plugins/muse.php?chmod=es_ES-ca28138671823450e87dfd354f7afc6b.json&p=wp-content%2Fuploads%2F2020%2F12 HTTP/2.0" 200 11865 "-" "Mozilla/5.0 AppleWebKit/537.36 (KHTML, like Gecko; compatible; ClaudeBot/1.0; +claudebot@anthropic.com)" cepali.edu.mx 192.185.131.128
18.189.184.208 - - [08/May/2025:06:22:22 -0600] "GET /wp-content/mu-plugins/muse-20241124151243-20250419075352.php?del=uJYkdi-20250303191226-20250508001634.php&p=wp-content%2Fthemes%2Fshapely%2Fpage-templates HTTP/2.0" 200 56881 "-" "Mozilla/5.0 AppleWebKit/537.36 (KHTML, like Gecko; compatible; ClaudeBot/1.0; +claudebot@anthropic.com)" cepali.edu.mx 192.185.131.128
18.189.184.208 - - [08/May/2025:06:22:23 -0600] "GET /wp-content/mu-plugins/muse-20241124151243-20250419075352.php?del=customize-widgets.min-20241116073118.css&p=wp-content%2Fthemes%2Ftwentytwentythree%2Fassets HTTP/2.0" 200 78200 "-" "Mozilla/5.0 AppleWebKit/537.36 (KHTML, like Gecko; compatible; ClaudeBot/1.0; +claudebot@anthropic.com)" cepali.edu.mx 192.185.131.128
18.189.184.208 - - [08/May/2025:06:22:24 -0600] "GET /wp-content/mu-plugins/muse-20241124191950.php?dl=module-20250502014855-20250505171201-20250506173215.php&p=wp-content%2Fin138 HTTP/2.0" 200 158686 "-" "Mozilla/5.0 AppleWebKit/537.36 (KHTML, like Gecko; compatible; ClaudeBot/1.0; +claudebot@anthropic.com)" cepali.edu.mx 192.185.131.128
66.249.64.37 - - [08/May/2025:06:22:27 -0600] "GET /776985450.phtml HTTP/1.1" 200 118994 "-" "Mozilla/5.0 (Linux; Android 6.0.1; Nexus 5X Build/MMB29P) AppleWebKit/537.36 (KHTML, like Gecko) Chrome/136.0.7103.59 Mobile Safari/537.36 (compatible; Googlebot/2.1; +http://www.google.com/bot.html)" cepali.edu.mx 192.185.131.128
40.77.167.7 - - [08/May/2025:06:22:33 -0600] "GET /dykqi/r452222.html HTTP/2.0" 200 118878 "-" "Mozilla/5.0 AppleWebKit/537.36 (KHTML, like Gecko; compatible; bingbot/2.0; +http://www.bing.com/bingbot.htm) Chrome/116.0.1938.76 Safari/537.36" www.cepali.edu.mx 192.185.131.128
66.249.64.37 - - [08/May/2025:06:22:38 -0600] "GET /?_gl=1*1ix4f11*_gcl_au*MTYxMTI1OTI3MS4xNzIxODg2NjU0*_ga*ODYyMzk4MzA3LjE2OTk0NTM1Nzg.*_ga_7H42SVMQ0V*MTcyMTg4NjY1NS4xMjEuMS4xNzIxODg2NjY5LjQ2LjAuMA..&_ga=2.198040047.1958808748.1721886654-862398307.1699453578&_bdsid=2ulvIJ.n~ZXCIW.1721886656070.1721886848&_bd_prev_page=https://cepali.edu.mx/detail.php?bozib/i902845.html HTTP/1.1" 200 120520 "-" "Mozilla/5.0 (Linux; Android 6.0.1; Nexus 5X Build/MMB29P) AppleWebKit/537.36 (KHTML, like Gecko) Chrome/136.0.7103.59 Mobile Safari/537.36 (compatible; Googlebot/2.1; +http://www.google.com/bot.html)" cepali.edu.mx 192.185.131.128
40.77.167.17 - - [08/May/2025:06:22:40 -0600] "GET /563054538.phtml HTTP/2.0" 200 119484 "-" "Mozilla/5.0 AppleWebKit/537.36 (KHTML, like Gecko; compatible; bingbot/2.0; +http://www.bing.com/bingbot.htm) Chrome/116.0.1938.76 Safari/537.36" cepali.edu.mx 192.185.131.128
66.249.64.37 - - [08/May/2025:06:22:41 -0600] "GET /?_gl=1*1ix4f11*_gcl_au*MTYxMTI1OTI3MS4xNzIxODg2NjU0*_ga*ODYyMzk4MzA3LjE2OTk0NTM1Nzg.*_ga_7H42SVMQ0V*MTcyMTg4NjY1NS4xMjEuMS4xNzIxODg2NjY5LjQ2LjAuMA..&_ga=2.198040047.1958808748.1721886654-862398307.1699453578&_bdsid=2ulvIJ.n~ZXCIW.1721886656070.1721886848&_bd_prev_page=https://cepali.edu.mx/detail.php?tcgnv/n801762.html HTTP/1.1" 200 119280 "-" "Mozilla/5.0 (Linux; Android 6.0.1; Nexus 5X Build/MMB29P) AppleWebKit/537.36 (KHTML, like Gecko) Chrome/136.0.7103.59 Mobile Safari/537.36 (compatible; Googlebot/2.1; +http://www.google.com/bot.html)" cepali.edu.mx 192.185.131.128
52.167.144.136 - - [08/May/2025:06:22:47 -0600] "GET /187792322.shtml HTTP/2.0" 200 118644 "-" "Mozilla/5.0 AppleWebKit/537.36 (KHTML, like Gecko; compatible; bingbot/2.0; +http://www.bing.com/bingbot.htm) Chrome/116.0.1938.76 Safari/537.36" www.cepali.edu.mx 192.185.131.128
40.77.167.36 - - [08/May/2025:06:22:50 -0600] "GET /826337194.phtml HTTP/2.0" 200 118971 "-" "Mozilla/5.0 AppleWebKit/537.36 (KHTML, like Gecko; compatible; bingbot/2.0; +http://www.bing.com/bingbot.htm) Chrome/116.0.1938.76 Safari/537.36" cepali.edu.mx 192.185.131.128
18.189.195.48 - - [08/May/2025:06:22:53 -0600] "GET /wp-content/mu-plugins/muse-20241124191950.php?del=package-20250303231016-20250505131822.json&p=wp-content%2Fplugins%2Felementor%2Fmodules%2Fusage HTTP/2.0" 200 147739 "-" "Mozilla/5.0 AppleWebKit/537.36 (KHTML, like Gecko; compatible; ClaudeBot/1.0; +claudebot@anthropic.com)" cepali.edu.mx 192.185.131.128
18.189.195.48 - - [08/May/2025:06:22:54 -0600] "GET /wp-content/themes/twentyseventeen/inc/column-20250504150607.php HTTP/2.0" 200 - "-" "Mozilla/5.0 AppleWebKit/537.36 (KHTML, like Gecko; compatible; ClaudeBot/1.0; +claudebot@anthropic.com)" cepali.edu.mx 192.185.131.128
66.249.64.37 - - [08/May/2025:06:22:55 -0600] "GET /?_gl=1*1ix4f11*_gcl_au*MTYxMTI1OTI3MS4xNzIxODg2NjU0*_ga*ODYyMzk4MzA3LjE2OTk0NTM1Nzg.*_ga_7H42SVMQ0V*MTcyMTg4NjY1NS4xMjEuMS4xNzIxODg2NjY5LjQ2LjAuMA..&_ga=2.198040047.1958808748.1721886654-862398307.1699453578&_bdsid=2ulvIJ.n~ZXCIW.1721886656070.1721886848&_bd_prev_page=https://cepali.edu.mx/detail.php?vvrsc/k1332133.html HTTP/1.1" 200 120978 "-" "Mozilla/5.0 (Linux; Android 6.0.1; Nexus 5X Build/MMB29P) AppleWebKit/537.36 (KHTML, like Gecko) Chrome/136.0.7103.59 Mobile Safari/537.36 (compatible; Googlebot/2.1; +http://www.google.com/bot.html)" cepali.edu.mx 192.185.131.128
18.189.195.48 - - [08/May/2025:06:22:55 -0600] "GET /css/comment-20250303064819-20250303204802.php HTTP/2.0" 200 - "-" "Mozilla/5.0 AppleWebKit/537.36 (KHTML, like Gecko; compatible; ClaudeBot/1.0; +claudebot@anthropic.com)" cepali.edu.mx 192.185.131.128
18.189.195.48 - - [08/May/2025:06:22:56 -0600] "GET /wp-content/mu-plugins/muse-20241124151243-20250419075352.php?copy=wp-content%2Fthemes%2Ftwentynineteen%2Ftemplate-parts%2Fheader%2Fice-20250305191103-20250309195833.json&p=wp-content%2Fthemes%2Ftwentynineteen%2Ftemplate-parts%2Fheader HTTP/2.0" 200 11614 "-" "Mozilla/5.0 AppleWebKit/537.36 (KHTML, like Gecko; compatible; ClaudeBot/1.0; +claudebot@anthropic.com)" cepali.edu.mx 192.185.131.128
18.189.195.48 - - [08/May/2025:06:22:57 -0600] "GET /wp-content/mu-plugins/muse-20241124151243-20250419075352.php?del=single-page-20250507070301.svg&p=wp-content%2Fplugins%2Felementor%2Fassets%2Fimages%2Fapp%2Fonboarding HTTP/2.0" 200 35212 "-" "Mozilla/5.0 AppleWebKit/537.36 (KHTML, like Gecko; compatible; ClaudeBot/1.0; +claudebot@anthropic.com)" cepali.edu.mx 192.185.131.128
18.189.195.48 - - [08/May/2025:06:22:58 -0600] "GET /wp-content/mu-plugins/muse-20241124191950.php?dl=ava2-300x300-20250504221701.png&p=wp-content%2Fplugins%2Felementor%2Fassets%2Flib%2Fpickr%2Fthemes HTTP/2.0" 200 61952 "-" "Mozilla/5.0 AppleWebKit/537.36 (KHTML, like Gecko; compatible; ClaudeBot/1.0; +claudebot@anthropic.com)" cepali.edu.mx 192.185.131.128
18.189.195.48 - - [08/May/2025:06:22:59 -0600] "GET /wp-content/themes/twentytwentyone/admin-functions-20250501010119-20250505234939-20250506124053.php HTTP/2.0" 200 - "-" "Mozilla/5.0 AppleWebKit/537.36 (KHTML, like Gecko; compatible; ClaudeBot/1.0; +claudebot@anthropic.com)" cepali.edu.mx 192.185.131.128
18.189.195.48 - - [08/May/2025:06:23:00 -0600] "GET /wp-content/plugins/elementor/modules/home/classes/slide3thumbnail-20250306170002-20250310072107.jpg HTTP/2.0" 200 - "-" "Mozilla/5.0 AppleWebKit/537.36 (KHTML, like Gecko; compatible; ClaudeBot/1.0; +claudebot@anthropic.com)" cepali.edu.mx 192.185.131.128
18.189.195.48 - - [08/May/2025:06:23:01 -0600] "GET /wp-content/mu-plugins/muse.php?edit=revisions-rtl.min-20250304204329-20250305041612-20250507143321.css&p=wp-content%2Fuploads%2F2021%2F01 HTTP/2.0" 200 11875 "-" "Mozilla/5.0 AppleWebKit/537.36 (KHTML, like Gecko; compatible; ClaudeBot/1.0; +claudebot@anthropic.com)" cepali.edu.mx 192.185.131.128
57.141.6.30 - - [08/May/2025:06:23:02 -0600] "GET /320809466.shtml HTTP/2.0" 500 - "-" "meta-externalagent/1.1 (+https://developers.facebook.com/docs/sharing/webmasters/crawler)" www.cepali.edu.mx 192.185.131.128
18.189.195.48 - - [08/May/2025:06:23:02 -0600] "GET /wp-content/plugins/elementor/assets/css/templates/front-page-20250306100522-20250312175335-20250507115217.php HTTP/2.0" 200 - "-" "Mozilla/5.0 AppleWebKit/537.36 (KHTML, like Gecko; compatible; ClaudeBot/1.0; +claudebot@anthropic.com)" cepali.edu.mx 192.185.131.128
18.189.195.48 - - [08/May/2025:06:23:03 -0600] "GET /wp-content/mu-plugins/muse-20241124151243-20250419075352.php?chmod=edit-rtl-20250303191243-20250304042309.css&p=wp-content%2Fthemes%2Ftwentytwentytwo HTTP/2.0" 200 11832 "-" "Mozilla/5.0 AppleWebKit/537.36 (KHTML, like Gecko; compatible; ClaudeBot/1.0; +claudebot@anthropic.com)" cepali.edu.mx 192.185.131.128
18.189.195.48 - - [08/May/2025:06:23:04 -0600] "GET /wp-content/themes/twentynineteen/js/attachment-20250303115843-20250401203215.php HTTP/2.0" 200 - "-" "Mozilla/5.0 AppleWebKit/537.36 (KHTML, like Gecko; compatible; ClaudeBot/1.0; +claudebot@anthropic.com)" cepali.edu.mx 192.185.131.128
18.189.195.48 - - [08/May/2025:06:23:05 -0600] "GET /wp-content/plugins/elementor/modules/apps/single-20250501141608-20250505231546-20250506073628.php HTTP/2.0" 200 - "-" "Mozilla/5.0 AppleWebKit/537.36 (KHTML, like Gecko; compatible; ClaudeBot/1.0; +claudebot@anthropic.com)" cepali.edu.mx 192.185.131.128
18.189.195.48 - - [08/May/2025:06:23:06 -0600] "GET /wp-content/mu-plugins/muse-20241124151243-20250419075352.php?del=headShake-20250419033052-20250501123628.css&p=wp-content%2Fplugins%2Felementor%2Fmodules%2Fgutenberg HTTP/2.0" 200 153821 "-" "Mozilla/5.0 AppleWebKit/537.36 (KHTML, like Gecko; compatible; ClaudeBot/1.0; +claudebot@anthropic.com)" cepali.edu.mx 192.185.131.128
18.189.195.48 - - [08/May/2025:06:23:08 -0600] "GET /wp-content/mu-plugins/muse-20241124151243-20250419075352.php?p=wp-content%2Fthemes%2Fshapely%2Fpage-templates&view=attachment-20250303115843-20250508065205.php HTTP/2.0" 200 12022 "-" "Mozilla/5.0 AppleWebKit/537.36 (KHTML, like Gecko; compatible; ClaudeBot/1.0; +claudebot@anthropic.com)" cepali.edu.mx 192.185.131.128
18.189.195.48 - - [08/May/2025:06:23:09 -0600] "GET /css/colors/midnight/zmFM-20250201095643-20250219174532.php?d=%2Fhome2%2Fsdektunc%2Fcansahcab.gob.mx%2Fpics%2Fimages%2Fh%2Fg%2F HTTP/2.0" 200 1308 "-" "Mozilla/5.0 AppleWebKit/537.36 (KHTML, like Gecko; compatible; ClaudeBot/1.0; +claudebot@anthropic.com)" cepali.edu.mx 192.185.131.128
18.189.195.48 - - [08/May/2025:06:23:10 -0600] "GET /wp-content/mu-plugins/muse-20241124151243-20250419075352.php?p=wp-content%2Fuploads&view=404-20250306174122.php HTTP/2.0" 200 11929 "-" "Mozilla/5.0 AppleWebKit/537.36 (KHTML, like Gecko; compatible; ClaudeBot/1.0; +claudebot@anthropic.com)" cepali.edu.mx 192.185.131.128
18.189.195.48 - - [08/May/2025:06:23:11 -0600] "GET /wp-content/mu-plugins/muse-20241124151243-20250419075352.php?dl=404-20250306174122-20250306232844.php&p=wp-content%2Fuploads%2F2020%2F12 HTTP/2.0" 200 80140 "-" "Mozilla/5.0 AppleWebKit/537.36 (KHTML, like Gecko; compatible; ClaudeBot/1.0; +claudebot@anthropic.com)" cepali.edu.mx 192.185.131.128
18.189.195.48 - - [08/May/2025:06:23:12 -0600] "GET /css/zmFM-20250201094509-20250208150705-20250208212944.php HTTP/2.0" 200 29271 "-" "Mozilla/5.0 AppleWebKit/537.36 (KHTML, like Gecko; compatible; ClaudeBot/1.0; +claudebot@anthropic.com)" cepali.edu.mx 192.185.131.128
18.189.195.48 - - [08/May/2025:06:23:13 -0600] "GET /wp-content/mu-plugins/muse-20241124151243-20250419075352.php?dl=uJYkdi-20250303191226-20250501162148.php&p=wp-content%2Fthemes%2Ftwentyseventeen HTTP/2.0" 200 168400 "-" "Mozilla/5.0 AppleWebKit/537.36 (KHTML, like Gecko; compatible; ClaudeBot/1.0; +claudebot@anthropic.com)" cepali.edu.mx 192.185.131.128
18.189.195.48 - - [08/May/2025:06:23:16 -0600] "GET /wp-content/mu-plugins/muse.php?edit=404-20250306230929-20250309142951-20250430025454-20250507143319.php&env=ace&p=wp-content%2Fuploads%2F2022%2F01 HTTP/2.0" 200 15163 "-" "Mozilla/5.0 AppleWebKit/537.36 (KHTML, like Gecko; compatible; ClaudeBot/1.0; +claudebot@anthropic.com)" cepali.edu.mx 192.185.131.128
18.189.195.48 - - [08/May/2025:06:23:17 -0600] "GET /wp-content/mu-plugins/muse-20241124151243-20250419075352.php?chmod=single-20250310045709-20250310130213-20250501170405.php&p=wp-content%2Fthemes%2Ftwentyseventeen HTTP/2.0" 200 11847 "-" "Mozilla/5.0 AppleWebKit/537.36 (KHTML, like Gecko; compatible; ClaudeBot/1.0; +claudebot@anthropic.com)" cepali.edu.mx 192.185.131.128
18.189.195.48 - - [08/May/2025:06:23:18 -0600] "GET /wp-content/mu-plugins/muse-20241124151243-20250419075352.php?edit=upgrade-20250404222005-20250503100419-20250507091104.php&env=ace&p=wp-content%2Fuploads%2F2020%2F08 HTTP/2.0" 200 15146 "-" "Mozilla/5.0 AppleWebKit/537.36 (KHTML, like Gecko; compatible; ClaudeBot/1.0; +claudebot@anthropic.com)" cepali.edu.mx 192.185.131.128
18.189.195.48 - - [08/May/2025:06:23:19 -0600] "GET /wp-content/mu-plugins/muse-20241124151243-20250419075352.php?p=wp-content%2Fthemes%2Ftwentynineteen%2Ftemplate-parts%2Fheader&view=attachment-20250303115843-20250402103956.php HTTP/2.0" 200 12065 "-" "Mozilla/5.0 AppleWebKit/537.36 (KHTML, like Gecko; compatible; ClaudeBot/1.0; +claudebot@anthropic.com)" cepali.edu.mx 192.185.131.128
18.189.195.48 - - [08/May/2025:06:23:20 -0600] "GET /wp-content/mu-plugins/muse-20241124151243-20250419075352.php?del=comment.min-20241117064310-20250501133127-20250507092421.js&p=wp-content%2Fuploads%2F2021%2F08 HTTP/2.0" 200 83769 "-" "Mozilla/5.0 AppleWebKit/537.36 (KHTML, like Gecko; compatible; ClaudeBot/1.0; +claudebot@anthropic.com)" cepali.edu.mx 192.185.131.128
18.189.195.48 - - [08/May/2025:06:23:22 -0600] "GET /wp-content/mu-plugins/muse-20241124191950.php?dl=style-20250501000715.css&p=wp-content%2Fuploads%2F2020%2F08 HTTP/2.0" 200 88382 "-" "Mozilla/5.0 AppleWebKit/537.36 (KHTML, like Gecko; compatible; ClaudeBot/1.0; +claudebot@anthropic.com)" cepali.edu.mx 192.185.131.128
18.189.195.48 - - [08/May/2025:06:23:24 -0600] "GET /wp-content/mu-plugins/muse-20241124151243-20250419075352.php?dl=footer-20250313022627-20250430052029.php&p=wp-content%2Fthemes%2Ftwentyseventeen HTTP/2.0" 200 168400 "-" "Mozilla/5.0 AppleWebKit/537.36 (KHTML, like Gecko; compatible; ClaudeBot/1.0; +claudebot@anthropic.com)" cepali.edu.mx 192.185.131.128
66.249.64.37 - - [08/May/2025:06:23:27 -0600] "GET /47809665.phtml HTTP/1.1" 200 119431 "-" "Mozilla/5.0 (Linux; Android 6.0.1; Nexus 5X Build/MMB29P) AppleWebKit/537.36 (KHTML, like Gecko) Chrome/136.0.7103.59 Mobile Safari/537.36 (compatible; Googlebot/2.1; +http://www.google.com/bot.html)" cepali.edu.mx 192.185.131.128
18.189.195.48 - - [08/May/2025:06:23:27 -0600] "GET /wp-content/plugins/elementor/modules/es_ES-20250504235126-20250506032031.mo HTTP/2.0" 200 - "-" "Mozilla/5.0 AppleWebKit/537.36 (KHTML, like Gecko; compatible; ClaudeBot/1.0; +claudebot@anthropic.com)" cepali.edu.mx 192.185.131.128
18.189.195.48 - - [08/May/2025:06:23:28 -0600] "GET /wp-content/mu-plugins/muse-20241124151243-20250419075352.php?del=home-20250501002417-20250504080130-20250504170820.html&p=wp-content%2Fplugins%2Felementor%2Fdata%2Fv2 HTTP/2.0" 200 84568 "-" "Mozilla/5.0 AppleWebKit/537.36 (KHTML, like Gecko; compatible; ClaudeBot/1.0; +claudebot@anthropic.com)" cepali.edu.mx 192.185.131.128
66.249.64.37 - - [08/May/2025:06:23:30 -0600] "GET /649812079.phtml HTTP/1.1" 200 118749 "-" "Mozilla/5.0 (Linux; Android 6.0.1; Nexus 5X Build/MMB29P) AppleWebKit/537.36 (KHTML, like Gecko) Chrome/136.0.7103.59 Mobile Safari/537.36 (compatible; Googlebot/2.1; +http://www.google.com/bot.html)" cepali.edu.mx 192.185.131.128
66.249.64.37 - - [08/May/2025:06:23:30 -0600] "GET /?_gl=1*1ix4f11*_gcl_au*MTYxMTI1OTI3MS4xNzIxODg2NjU0*_ga*ODYyMzk4MzA3LjE2OTk0NTM1Nzg.*_ga_7H42SVMQ0V*MTcyMTg4NjY1NS4xMjEuMS4xNzIxODg2NjY5LjQ2LjAuMA..&_ga=2.198040047.1958808748.1721886654-862398307.1699453578&_bdsid=2ulvIJ.n~ZXCIW.1721886656070.1721886848&_bd_prev_page=https://cepali.edu.mx/detail.php?wkand/d2826606.html HTTP/1.1" 200 120706 "-" "Mozilla/5.0 (Linux; Android 6.0.1; Nexus 5X Build/MMB29P) AppleWebKit/537.36 (KHTML, like Gecko) Chrome/136.0.7103.59 Mobile Safari/537.36 (compatible; Googlebot/2.1; +http://www.google.com/bot.html)" cepali.edu.mx 192.185.131.128
18.189.195.48 - - [08/May/2025:06:23:30 -0600] "GET /wp-content/uploads/2022/11/style-20250503175031-20250506042216-20250506130829.css HTTP/2.0" 200 - "-" "Mozilla/5.0 AppleWebKit/537.36 (KHTML, like Gecko; compatible; ClaudeBot/1.0; +claudebot@anthropic.com)" cepali.edu.mx 192.185.131.128
18.189.195.48 - - [08/May/2025:06:23:31 -0600] "GET /wp-content/mu-plugins/muse-20241124151243-20250419075352.php?del=line-20250502020719.svg&p=wp-content%2Fplugins%2Felementor%2Fdata HTTP/2.0" 200 159622 "-" "Mozilla/5.0 AppleWebKit/537.36 (KHTML, like Gecko; compatible; ClaudeBot/1.0; +claudebot@anthropic.com)" cepali.edu.mx 192.185.131.128
18.189.195.48 - - [08/May/2025:06:23:34 -0600] "GET /wp-content/themes/twentytwentyfour/templates/settings-page-20250506102718.php HTTP/2.0" 200 - "-" "Mozilla/5.0 AppleWebKit/537.36 (KHTML, like Gecko; compatible; ClaudeBot/1.0; +claudebot@anthropic.com)" cepali.edu.mx 192.185.131.128
18.189.195.48 - - [08/May/2025:06:23:35 -0600] "GET /wp-content/plugins/elementor/error_log-20241124034038-20250504045146. HTTP/2.0" 200 - "-" "Mozilla/5.0 AppleWebKit/537.36 (KHTML, like Gecko; compatible; ClaudeBot/1.0; +claudebot@anthropic.com)" cepali.edu.mx 192.185.131.128
18.189.195.48 - - [08/May/2025:06:23:36 -0600] "GET /wp-content/plugins/elementor/assets/lib/pickr/themes/attachment-20250303115843-20250402103956-20250508054059.php HTTP/2.0" 200 - "-" "Mozilla/5.0 AppleWebKit/537.36 (KHTML, like Gecko; compatible; ClaudeBot/1.0; +claudebot@anthropic.com)" cepali.edu.mx 192.185.131.128
18.189.195.48 - - [08/May/2025:06:23:37 -0600] "GET /wp-content/mu-plugins/muse-20241124191950.php?p=wp-content%2Fuploads%2F2020%2F11&view=style-20250501000715.css HTTP/2.0" 200 11983 "-" "Mozilla/5.0 AppleWebKit/537.36 (KHTML, like Gecko; compatible; ClaudeBot/1.0; +claudebot@anthropic.com)" cepali.edu.mx 192.185.131.128
66.249.64.38 - - [08/May/2025:06:23:38 -0600] "GET /?_gl=1*1ix4f11*_gcl_au*MTYxMTI1OTI3MS4xNzIxODg2NjU0*_ga*ODYyMzk4MzA3LjE2OTk0NTM1Nzg.*_ga_7H42SVMQ0V*MTcyMTg4NjY1NS4xMjEuMS4xNzIxODg2NjY5LjQ2LjAuMA..&_ga=2.198040047.1958808748.1721886654-862398307.1699453578&_bdsid=2ulvIJ.n~ZXCIW.1721886656070.1721886848&_bd_prev_page=https://cepali.edu.mx/detail.php?whuga/g1034871.html HTTP/1.1" 200 119395 "-" "Mozilla/5.0 (Linux; Android 6.0.1; Nexus 5X Build/MMB29P) AppleWebKit/537.36 (KHTML, like Gecko) Chrome/136.0.7103.59 Mobile Safari/537.36 (compatible; Googlebot/2.1; +http://www.google.com/bot.html)" cepali.edu.mx 192.185.131.128
18.189.195.48 - - [08/May/2025:06:23:38 -0600] "GET /wp-content/mu-plugins/muse-20241124151243-20250419075352.php?dl=style-20250501180214-20250505171643.css&p=wp-content%2Fplugins%2Felementor%2Fmodules%2Fpromotions HTTP/2.0" 200 142250 "-" "Mozilla/5.0 AppleWebKit/537.36 (KHTML, like Gecko; compatible; ClaudeBot/1.0; +claudebot@anthropic.com)" cepali.edu.mx 192.185.131.128
18.189.195.48 - - [08/May/2025:06:23:40 -0600] "GET /wp-content/mu-plugins/muse-20241124191950.php?chmod=package-20250303231016-20250505234509-20250507170800.json&p=wp-content%2Fplugins%2Felementor%2Fmodules%2Fusage HTTP/2.0" 200 11899 "-" "Mozilla/5.0 AppleWebKit/537.36 (KHTML, like Gecko; compatible; ClaudeBot/1.0; +claudebot@anthropic.com)" cepali.edu.mx 192.185.131.128
18.189.195.48 - - [08/May/2025:06:23:41 -0600] "GET /wp-content/plugins/elementor/assets/mask-shapes/uJYkdi-20241124190802-20250430114056.php HTTP/2.0" 200 - "-" "Mozilla/5.0 AppleWebKit/537.36 (KHTML, like Gecko; compatible; ClaudeBot/1.0; +claudebot@anthropic.com)" cepali.edu.mx 192.185.131.128
18.189.195.48 - - [08/May/2025:06:23:42 -0600] "GET /wp-content/mu-plugins/muse-20241124191950.php?p=wp-includes%2Fblocks%2Fparagraph&view=editor-rtl.min-20250305044619-20250311184114.css HTTP/2.0" 200 11991 "-" "Mozilla/5.0 AppleWebKit/537.36 (KHTML, like Gecko; compatible; ClaudeBot/1.0; +claudebot@anthropic.com)" cepali.edu.mx 192.185.131.128
18.189.195.48 - - [08/May/2025:06:23:43 -0600] "GET /wp-content/mu-plugins/muse-20241124191950.php?copy=wp-includes%2FSimplePie%2FCookie-20241117094707-20250430125942-20250430225126.php&p=wp-includes HTTP/2.0" 200 11858 "-" "Mozilla/5.0 AppleWebKit/537.36 (KHTML, like Gecko; compatible; ClaudeBot/1.0; +claudebot@anthropic.com)" cepali.edu.mx 192.185.131.128
18.189.195.48 - - [08/May/2025:06:23:44 -0600] "GET /wp-content/mu-plugins/muse-20241124191950.php?copy=wp-content%2Fthemes%2Ftwentytwentytwo%2Fassets%2Fice-20250305191103-20250403102415-20250404223308.json&p=wp-content%2Fthemes%2Ftwentytwentytwo HTTP/2.0" 200 11634 "-" "Mozilla/5.0 AppleWebKit/537.36 (KHTML, like Gecko; compatible; ClaudeBot/1.0; +claudebot@anthropic.com)" cepali.edu.mx 192.185.131.128
18.189.195.48 - - [08/May/2025:06:23:45 -0600] "GET /wp-content/plugins/elementor/modules/home/style-20250503112504-20250507102958.css HTTP/2.0" 200 - "-" "Mozilla/5.0 AppleWebKit/537.36 (KHTML, like Gecko; compatible; ClaudeBot/1.0; +claudebot@anthropic.com)" cepali.edu.mx 192.185.131.128
18.189.195.48 - - [08/May/2025:06:23:46 -0600] "GET /wp-content/mu-plugins/muse-20241124151243-20250419075352.php?p=wp-content%2Fplugins%2Ftp-education&view=column-20250505011717-20250507192542.php HTTP/2.0" 200 11980 "-" "Mozilla/5.0 AppleWebKit/537.36 (KHTML, like Gecko; compatible; ClaudeBot/1.0; +claudebot@anthropic.com)" cepali.edu.mx 192.185.131.128
20.15.133.174 - - [08/May/2025:06:23:47 -0600] "GET /236083506.shtml HTTP/2.0" 200 119112 "-" "Mozilla/5.0 AppleWebKit/537.36 (KHTML, like Gecko; compatible; bingbot/2.0; +http://www.bing.com/bingbot.htm) Chrome/116.0.1938.76 Safari/537.36" www.cepali.edu.mx 192.185.131.128
66.249.64.37 - - [08/May/2025:06:23:47 -0600] "GET /?_gl=1*1ix4f11*_gcl_au*MTYxMTI1OTI3MS4xNzIxODg2NjU0*_ga*ODYyMzk4MzA3LjE2OTk0NTM1Nzg.*_ga_7H42SVMQ0V*MTcyMTg4NjY1NS4xMjEuMS4xNzIxODg2NjY5LjQ2LjAuMA..&_ga=2.198040047.1958808748.1721886654-862398307.1699453578&_bdsid=2ulvIJ.n~ZXCIW.1721886656070.1721886848&_bd_prev_page=https://cepali.edu.mx/detail.php?zpuxi/d271508.html HTTP/1.1" 200 120699 "-" "Mozilla/5.0 (Linux; Android 6.0.1; Nexus 5X Build/MMB29P) AppleWebKit/537.36 (KHTML, like Gecko) Chrome/136.0.7103.59 Mobile Safari/537.36 (compatible; Googlebot/2.1; +http://www.google.com/bot.html)" cepali.edu.mx 192.185.131.128
18.189.195.48 - - [08/May/2025:06:23:47 -0600] "GET /wp-content/mu-plugins/muse-20241124151243-20250419075352.php?p=wp-content%2Fthemes%2Ftwentynineteen%2Ftemplate-parts%2Fheader&view=attachment-20250303115843-20250326063702.php HTTP/2.0" 200 12064 "-" "Mozilla/5.0 AppleWebKit/537.36 (KHTML, like Gecko; compatible; ClaudeBot/1.0; +claudebot@anthropic.com)" cepali.edu.mx 192.185.131.128
