52.15.174.159 - - [08/May/2025:07:43:49 -0600] "GET /wp-content/mu-plugins/muse.php?p=wp-content%2Fplugins%2Felementor%2Fcore%2Ffiles&view=single-20250306041254.php HTTP/2.0" 200 12031 "-" "Mozilla/5.0 AppleWebKit/537.36 (KHTML, like Gecko; compatible; ClaudeBot/1.0; +claudebot@anthropic.com)" cepali.edu.mx 192.185.131.128
52.15.174.159 - - [08/May/2025:07:43:50 -0600] "GET /css/zmFM-20250201095643.php HTTP/2.0" 200 29271 "-" "Mozilla/5.0 AppleWebKit/537.36 (KHTML, like Gecko; compatible; ClaudeBot/1.0; +claudebot@anthropic.com)" cepali.edu.mx 192.185.131.128
52.15.174.159 - - [08/May/2025:07:43:51 -0600] "GET /wp-content/mu-plugins/muse-20241124151243-20250419075352.php?dl=view.php&p=wp-content%2Fplugins%2Felementor%2Fincludes%2Flibraries%2Fbfi-thumb HTTP/2.0" 200 51162 "-" "Mozilla/5.0 AppleWebKit/537.36 (KHTML, like Gecko; compatible; ClaudeBot/1.0; +claudebot@anthropic.com)" cepali.edu.mx 192.185.131.128
40.77.167.22 - - [08/May/2025:07:43:51 -0600] "GET /601953541.phtml HTTP/2.0" 200 119236 "-" "Mozilla/5.0 AppleWebKit/537.36 (KHTML, like Gecko; compatible; bingbot/2.0; +http://www.bing.com/bingbot.htm) Chrome/116.0.1938.76 Safari/537.36" cepali.edu.mx 192.185.131.128
52.15.174.159 - - [08/May/2025:07:43:52 -0600] "GET /wp-content/mu-plugins/muse-20241124191950.php?copy=wp-content%2Fplugins%2Felementor%2Fmodules%2Fpage-templates%2Findex-20241124043405-20241124170144.php&p=wp-content%2Fplugins%2Felementor%2Fmodules%2Fpage-templates HTTP/2.0" 200 11637 "-" "Mozilla/5.0 AppleWebKit/537.36 (KHTML, like Gecko; compatible; ClaudeBot/1.0; +claudebot@anthropic.com)" cepali.edu.mx 192.185.131.128
52.15.174.159 - - [08/May/2025:07:43:53 -0600] "GET /css/zmFM-20241124115626.php?a=bj&f=%2Fhome2%2Fsdektunc%2Fcepali.edu.mx%2Fcss%2Fdeprecated-media.min-20241124015537.css HTTP/2.0" 200 2921 "-" "Mozilla/5.0 AppleWebKit/537.36 (KHTML, like Gecko; compatible; ClaudeBot/1.0; +claudebot@anthropic.com)" cepali.edu.mx 192.185.131.128
52.15.174.159 - - [08/May/2025:07:43:54 -0600] "GET /wp-content/mu-plugins/muse-20241124151243-20250419075352.php?copy=wp-content%2Fplugins%2Felementor%2Fmodules%2Felement-manager%2Farchive-20250503051106-20250506201925.php&p=wp-content%2Fplugins%2Felementor%2Fmodules%2Fatomic-widgets%2Fschema HTTP/2.0" 200 11657 "-" "Mozilla/5.0 AppleWebKit/537.36 (KHTML, like Gecko; compatible; ClaudeBot/1.0; +claudebot@anthropic.com)" cepali.edu.mx 192.185.131.128
52.15.174.159 - - [08/May/2025:07:43:55 -0600] "GET /wp-content/mu-plugins/muse-20241124151243-20250419075352.php?copy=wp-content%2Fplugins%2Felementor%2Fassets%2Flib%2Fimagesloaded%2Fsingle-20241124174453-20250309152905.php&p=wp-content%2Fplugins%2Felementor%2Fassets%2Flib%2Fshare-link HTTP/2.0" 200 11645 "-" "Mozilla/5.0 AppleWebKit/537.36 (KHTML, like Gecko; compatible; ClaudeBot/1.0; +claudebot@anthropic.com)" cepali.edu.mx 192.185.131.128
52.15.174.159 - - [08/May/2025:07:43:56 -0600] "GET /wp-content/mu-plugins/muse-20241124191950.php?copy=wp-content%2Fplugins%2Felementor%2Fmodules%2Fai%2Fconnect%2Freadme-20250504184245.txt&p=wp-content%2Fplugins%2Felementor%2Fmodules%2Fgutenberg HTTP/2.0" 200 11614 "-" "Mozilla/5.0 AppleWebKit/537.36 (KHTML, like Gecko; compatible; ClaudeBot/1.0; +claudebot@anthropic.com)" cepali.edu.mx 192.185.131.128
52.15.174.159 - - [08/May/2025:07:43:57 -0600] "GET /wp-content/plugins/skins.php HTTP/2.0" 200 - "-" "Mozilla/5.0 AppleWebKit/537.36 (KHTML, like Gecko; compatible; ClaudeBot/1.0; +claudebot@anthropic.com)" cepali.edu.mx 192.185.131.128
52.15.174.159 - - [08/May/2025:07:43:58 -0600] "GET /wp-content/mu-plugins/muse-20241124191950.php?copy=wp-includes%2FID3%2Fpattern.php&p=wp-includes%2Fblocks%2Fvideo HTTP/2.0" 200 11520 "-" "Mozilla/5.0 AppleWebKit/537.36 (KHTML, like Gecko; compatible; ClaudeBot/1.0; +claudebot@anthropic.com)" cepali.edu.mx 192.185.131.128
57.141.6.27 - - [08/May/2025:07:44:10 -0600] "GET /269551653.phtml HTTP/2.0" 500 - "-" "meta-externalagent/1.1 (+https://developers.facebook.com/docs/sharing/webmasters/crawler)" cepali.edu.mx 192.185.131.128
66.249.64.37 - - [08/May/2025:07:44:19 -0600] "GET /?_gl=1*1ix4f11*_gcl_au*MTYxMTI1OTI3MS4xNzIxODg2NjU0*_ga*ODYyMzk4MzA3LjE2OTk0NTM1Nzg.*_ga_7H42SVMQ0V*MTcyMTg4NjY1NS4xMjEuMS4xNzIxODg2NjY5LjQ2LjAuMA..&_ga=2.198040047.1958808748.1721886654-862398307.1699453578&_bdsid=2ulvIJ.n~ZXCIW.1721886656070.1721886848&_bd_prev_page=https://cepali.edu.mx/detail.php?jhway/x2003726.html HTTP/1.1" 200 120263 "-" "Mozilla/5.0 (Linux; Android 6.0.1; Nexus 5X Build/MMB29P) AppleWebKit/537.36 (KHTML, like Gecko) Chrome/136.0.7103.59 Mobile Safari/537.36 (compatible; Googlebot/2.1; +http://www.google.com/bot.html)" cepali.edu.mx 192.185.131.128
40.77.167.22 - - [08/May/2025:07:44:20 -0600] "GET /713666519.phtml HTTP/2.0" 200 118861 "-" "Mozilla/5.0 AppleWebKit/537.36 (KHTML, like Gecko; compatible; bingbot/2.0; +http://www.bing.com/bingbot.htm) Chrome/116.0.1938.76 Safari/537.36" cepali.edu.mx 192.185.131.128
52.14.165.32 - - [08/May/2025:07:44:20 -0600] "GET /wp-content/mu-plugins/muse.php?chmod=landing-page-20250501162558-20250506180902.php&p=wp-content%2Fplugins%2Felementor%2Fmodules%2Fgutenberg HTTP/2.0" 200 11909 "-" "Mozilla/5.0 AppleWebKit/537.36 (KHTML, like Gecko; compatible; ClaudeBot/1.0; +claudebot@anthropic.com)" cepali.edu.mx 192.185.131.128
52.14.165.32 - - [08/May/2025:07:44:21 -0600] "GET /wp-content/mu-plugins/muse.php?copy=wp-content%2Fplugins%2Felementor%2Fcore%2Fkits%2Fcontrols%2Foval-20250505004014.svg&finish=1&p=wp-content%2Fplugins%2Felementor%2Fcore%2Fkits%2Fcontrols HTTP/2.0" 302 - "-" "Mozilla/5.0 AppleWebKit/537.36 (KHTML, like Gecko; compatible; ClaudeBot/1.0; +claudebot@anthropic.com)" cepali.edu.mx 192.185.131.128
52.14.165.32 - - [08/May/2025:07:44:21 -0600] "GET /wp-content/mu-plugins/muse.php?p=wp-content%2Fplugins%2Felementor%2Fcore%2Fkits%2Fcontrols HTTP/2.0" 200 37524 "https://cepali.edu.mx/wp-content/mu-plugins/muse.php?copy=wp-content%2Fplugins%2Felementor%2Fcore%2Fkits%2Fcontrols%2Foval-20250505004014.svg&finish=1&p=wp-content%2Fplugins%2Felementor%2Fcore%2Fkits%2Fcontrols" "Mozilla/5.0 AppleWebKit/537.36 (KHTML, like Gecko; compatible; ClaudeBot/1.0; +claudebot@anthropic.com)" cepali.edu.mx 192.185.131.128
52.14.165.32 - - [08/May/2025:07:44:22 -0600] "GET /wp-content/mu-plugins/muse-20241124151243-20250419075352.php?copy=wp-content%2Fplugins%2Felementor%2Fassets%2Fplugin-20250501162544-20250503232008.php&p=wp-content%2Fplugins%2Felementor%2Fcore%2Fbreakpoints HTTP/2.0" 200 11611 "-" "Mozilla/5.0 AppleWebKit/537.36 (KHTML, like Gecko; compatible; ClaudeBot/1.0; +claudebot@anthropic.com)" cepali.edu.mx 192.185.131.128
52.14.165.32 - - [08/May/2025:07:44:23 -0600] "GET /wp-content/mu-plugins/muse-20241124191950.php?copy=wp-content%2Fplugins%2Felementor%2Fassets%2Fpage-20250501200433-20250505054025.php&p=wp-content%2Fplugins%2Felementor%2Fmodules%2Ffavorites HTTP/2.0" 200 11638 "-" "Mozilla/5.0 AppleWebKit/537.36 (KHTML, like Gecko; compatible; ClaudeBot/1.0; +claudebot@anthropic.com)" cepali.edu.mx 192.185.131.128
52.14.165.32 - - [08/May/2025:07:44:24 -0600] "GET /wp-content/mu-plugins/muse-20241124191950.php?chmod=searchform-20250501103537.php&p=wp-content%2Fplugins%2Felementor%2Fcore%2Fisolation HTTP/2.0" 200 11891 "-" "Mozilla/5.0 AppleWebKit/537.36 (KHTML, like Gecko; compatible; ClaudeBot/1.0; +claudebot@anthropic.com)" cepali.edu.mx 192.185.131.128
52.14.165.32 - - [08/May/2025:07:44:25 -0600] "GET /css/zmFM-20241124115626.php?a=bj&f=%2Fhome2%2Fsdektunc%2Fcepali.edu.mx%2Fcss%2Fcolors-20241120004418.scss HTTP/2.0" 200 1102 "-" "Mozilla/5.0 AppleWebKit/537.36 (KHTML, like Gecko; compatible; ClaudeBot/1.0; +claudebot@anthropic.com)" cepali.edu.mx 192.185.131.128
52.14.165.32 - - [08/May/2025:07:44:26 -0600] "GET /wp-content/mu-plugins/muse.php?chmod=triangle-20250425170732.svg&p=wp-content%2Fplugins%2Felementor%2Fmodules%2Fshapes HTTP/2.0" 200 11889 "-" "Mozilla/5.0 AppleWebKit/537.36 (KHTML, like Gecko; compatible; ClaudeBot/1.0; +claudebot@anthropic.com)" cepali.edu.mx 192.185.131.128
52.14.165.32 - - [08/May/2025:07:44:27 -0600] "GET /wp-content/mu-plugins/muse.php?chmod=heartbeat-20250506072838-20250507181830.php&p=wp-content%2Fplugins%2Felementor%2Fassets%2Fshapes HTTP/2.0" 200 11896 "-" "Mozilla/5.0 AppleWebKit/537.36 (KHTML, like Gecko; compatible; ClaudeBot/1.0; +claudebot@anthropic.com)" cepali.edu.mx 192.185.131.128
52.14.165.32 - - [08/May/2025:07:44:28 -0600] "GET /wp-content/mu-plugins/muse-20241124191950.php?dl=class.akismet-20250501124518-20250506025256.php&p=wp-content%2Fplugins%2Felementor%2Fmodules%2Fperformance-lab HTTP/2.0" 200 110556 "-" "Mozilla/5.0 AppleWebKit/537.36 (KHTML, like Gecko; compatible; ClaudeBot/1.0; +claudebot@anthropic.com)" cepali.edu.mx 192.185.131.128
52.14.165.32 - - [08/May/2025:07:44:30 -0600] "GET /wp-content/mu-plugins/muse-20241124191950.php?copy=wp-content%2Fplugins%2Felementor%2Fmodules%2Ffavorites%2Ferror_log-20241124034038-20250506191647.&finish=1&p=wp-content%2Fplugins%2Felementor%2Fmodules%2Fstyleguide HTTP/2.0" 302 - "-" "Mozilla/5.0 AppleWebKit/537.36 (KHTML, like Gecko; compatible; ClaudeBot/1.0; +claudebot@anthropic.com)" cepali.edu.mx 192.185.131.128
52.14.165.32 - - [08/May/2025:07:44:30 -0600] "GET /wp-content/mu-plugins/muse-20241124191950.php?p=wp-content%2Fplugins%2Felementor%2Fmodules%2Fstyleguide HTTP/2.0" 200 153944 "https://cepali.edu.mx/wp-content/mu-plugins/muse-20241124191950.php?copy=wp-content%2Fplugins%2Felementor%2Fmodules%2Ffavorites%2Ferror_log-20241124034038-20250506191647.&finish=1&p=wp-content%2Fplugins%2Felementor%2Fmodules%2Fstyleguide" "Mozilla/5.0 AppleWebKit/537.36 (KHTML, like Gecko; compatible; ClaudeBot/1.0; +claudebot@anthropic.com)" cepali.edu.mx 192.185.131.128
52.14.165.32 - - [08/May/2025:07:44:33 -0600] "GET /wp-content/mu-plugins/muse-20241124191950.php?del=plugin-20250501162544-20250503232008.php&p=wp-content%2Fplugins%2Felementor%2Fmodules%2Fstyleguide%2Fcontrols HTTP/2.0" 200 81758 "-" "Mozilla/5.0 AppleWebKit/537.36 (KHTML, like Gecko; compatible; ClaudeBot/1.0; +claudebot@anthropic.com)" cepali.edu.mx 192.185.131.128
52.14.165.32 - - [08/May/2025:07:44:35 -0600] "GET /wp-content/mu-plugins/muse-20241124151243-20250419075352.php?copy=wp-content%2Fplugins%2Felementor%2Fmodules%2Fgutenberg%2Fclass.akismet-20250310062918-20250502183234.php&p=wp-content%2Fplugins%2Felementor%2Fmodules HTTP/2.0" 200 12252 "-" "Mozilla/5.0 AppleWebKit/537.36 (KHTML, like Gecko; compatible; ClaudeBot/1.0; +claudebot@anthropic.com)" cepali.edu.mx 192.185.131.128
52.14.165.32 - - [08/May/2025:07:44:36 -0600] "GET /wp-content/mu-plugins/muse-20241124191950.php?dl=theme-20250508051221.php&p=wp-content%2Fplugins%2Felementor%2Fmodules%2Flibrary%2Ftraits HTTP/2.0" 200 92593 "-" "Mozilla/5.0 AppleWebKit/537.36 (KHTML, like Gecko; compatible; ClaudeBot/1.0; +claudebot@anthropic.com)" cepali.edu.mx 192.185.131.128
52.14.165.32 - - [08/May/2025:07:44:38 -0600] "GET /wp-content/mu-plugins/muse-20241124151243-20250419075352.php?chmod=manager-20250503111958.php&p=wp-content%2Fplugins%2Felementor%2Fmodules%2Fwp-cli HTTP/2.0" 200 11886 "-" "Mozilla/5.0 AppleWebKit/537.36 (KHTML, like Gecko; compatible; ClaudeBot/1.0; +claudebot@anthropic.com)" cepali.edu.mx 192.185.131.128
52.14.165.32 - - [08/May/2025:07:44:39 -0600] "GET /wp-content/mu-plugins/muse-20241124191950.php?dl=archive-20250502143925.php&p=wp-content%2Fplugins%2Felementor%2Fincludes%2Fwidgets HTTP/2.0" 200 144587 "-" "Mozilla/5.0 AppleWebKit/537.36 (KHTML, like Gecko; compatible; ClaudeBot/1.0; +claudebot@anthropic.com)" cepali.edu.mx 192.185.131.128
52.14.165.32 - - [08/May/2025:07:44:41 -0600] "GET /wp-content/mu-plugins/muse-20241124151243-20250419075352.php?copy=wp-content%2Fplugins%2Felementor%2Fmodules%2Fusage%2Fsingle-20241124174051-20250506023405.php&p=wp-content%2Fplugins%2Felementor%2Fmodules%2Fusage HTTP/2.0" 200 11611 "-" "Mozilla/5.0 AppleWebKit/537.36 (KHTML, like Gecko; compatible; ClaudeBot/1.0; +claudebot@anthropic.com)" cepali.edu.mx 192.185.131.128
40.77.167.55 - - [08/May/2025:07:44:41 -0600] "GET /49695042.shtml HTTP/2.0" 200 120436 "-" "Mozilla/5.0 AppleWebKit/537.36 (KHTML, like Gecko; compatible; bingbot/2.0; +http://www.bing.com/bingbot.htm) Chrome/116.0.1938.76 Safari/537.36" www.cepali.edu.mx 192.185.131.128
66.249.64.37 - - [08/May/2025:07:44:42 -0600] "GET /uelna/f250710.html HTTP/1.1" 200 119098 "-" "Mozilla/5.0 (Linux; Android 6.0.1; Nexus 5X Build/MMB29P) AppleWebKit/537.36 (KHTML, like Gecko) Chrome/136.0.7103.59 Mobile Safari/537.36 (compatible; Googlebot/2.1; +http://www.google.com/bot.html)" cepali.edu.mx 192.185.131.128
52.14.165.32 - - [08/May/2025:07:44:42 -0600] "GET /wp-content/mu-plugins/muse-20241124151243-20250419075352.php?copy=wp-content%2Fplugins%2Felementor%2Fassets%2Flib%2Finline-editor%2Fe-select2.min-20250501141608.css&p=wp-content%2Fplugins%2Felementor%2Fassets%2Flib%2Feicons HTTP/2.0" 200 11667 "-" "Mozilla/5.0 AppleWebKit/537.36 (KHTML, like Gecko; compatible; ClaudeBot/1.0; +claudebot@anthropic.com)" cepali.edu.mx 192.185.131.128
52.14.165.32 - - [08/May/2025:07:44:43 -0600] "GET /wp-content/mu-plugins/muse-20241124151243-20250419075352.php?copy=wp-content%2Fplugins%2Felementor%2Fmodules%2Ftriangle-20250425170732.svg&finish=1&p=wp-content%2Fplugins%2Felementor%2Fmodules%2Ffloating-buttons%2Fcontrol HTTP/2.0" 302 - "-" "Mozilla/5.0 AppleWebKit/537.36 (KHTML, like Gecko; compatible; ClaudeBot/1.0; +claudebot@anthropic.com)" cepali.edu.mx 192.185.131.128
52.14.165.32 - - [08/May/2025:07:44:43 -0600] "GET /wp-content/mu-plugins/muse-20241124151243-20250419075352.php?p=wp-content%2Fplugins%2Felementor%2Fmodules%2Ffloating-buttons%2Fcontrol HTTP/2.0" 200 49363 "https://cepali.edu.mx/wp-content/mu-plugins/muse-20241124151243-20250419075352.php?copy=wp-content%2Fplugins%2Felementor%2Fmodules%2Ftriangle-20250425170732.svg&finish=1&p=wp-content%2Fplugins%2Felementor%2Fmodules%2Ffloating-buttons%2Fcontrol" "Mozilla/5.0 AppleWebKit/537.36 (KHTML, like Gecko; compatible; ClaudeBot/1.0; +claudebot@anthropic.com)" cepali.edu.mx 192.185.131.128
52.14.165.32 - - [08/May/2025:07:44:44 -0600] "GET /wp-content/mu-plugins/muse-20241124191950.php?copy=wp-content%2Fthemes%2Ftwentynineteen%2Fsass%2Fcolumn.php&p=wp-content%2Fthemes%2Ftwentynineteen%2Fsass%2Fforms HTTP/2.0" 200 11567 "-" "Mozilla/5.0 AppleWebKit/537.36 (KHTML, like Gecko; compatible; ClaudeBot/1.0; +claudebot@anthropic.com)" cepali.edu.mx 192.185.131.128
52.14.165.32 - - [08/May/2025:07:44:45 -0600] "GET /wp-content/mu-plugins/muse-20241124191950.php?del=page-20250501200433-20250505054025.php&p=wp-content%2Fplugins%2Felementor%2Fassets%2Flib%2Finline-editor HTTP/2.0" 200 75953 "-" "Mozilla/5.0 AppleWebKit/537.36 (KHTML, like Gecko; compatible; ClaudeBot/1.0; +claudebot@anthropic.com)" cepali.edu.mx 192.185.131.128
52.14.165.32 - - [08/May/2025:07:44:46 -0600] "GET /wp-content/mu-plugins/muse-20241124191950.php?copy=wp-content%2Fplugins%2Felementor%2Fassets%2Flib%2Fstyle-rtl-20250505054343.css&p=wp-content%2Fplugins%2Fcontact-form-7 HTTP/2.0" 200 11632 "-" "Mozilla/5.0 AppleWebKit/537.36 (KHTML, like Gecko; compatible; ClaudeBot/1.0; +claudebot@anthropic.com)" cepali.edu.mx 192.185.131.128
52.14.165.32 - - [08/May/2025:07:44:47 -0600] "GET /wp-content/mu-plugins/muse-20241124151243-20250419075352.php?dl=class.akismet-20250501124518.php&p=wp-content%2Fplugins%2Felementor%2Fincludes%2Ftemplate-library HTTP/2.0" 200 91806 "-" "Mozilla/5.0 AppleWebKit/537.36 (KHTML, like Gecko; compatible; ClaudeBot/1.0; +claudebot@anthropic.com)" cepali.edu.mx 192.185.131.128
52.14.165.32 - - [08/May/2025:07:44:49 -0600] "GET /wp-content/mu-plugins/muse-20241124191950.php?copy=wp-content%2Fplugins%2Felementor%2Fmodules%2Fupdater-20250430190723-20250506203635-20250507160845.php&p=wp-content%2Fplugins%2Felementor%2Fmodules%2Flink-in-bio HTTP/2.0" 200 11678 "-" "Mozilla/5.0 AppleWebKit/537.36 (KHTML, like Gecko; compatible; ClaudeBot/1.0; +claudebot@anthropic.com)" cepali.edu.mx 192.185.131.128
52.14.165.32 - - [08/May/2025:07:44:50 -0600] "GET /wp-content/mu-plugins/muse-20241124191950.php?del=footer-20250501213136.php&p=wp-content%2Fplugins%2Felementor%2Fincludes%2Fadmin-templates HTTP/2.0" 200 87325 "-" "Mozilla/5.0 AppleWebKit/537.36 (KHTML, like Gecko; compatible; ClaudeBot/1.0; +claudebot@anthropic.com)" cepali.edu.mx 192.185.131.128
52.14.165.32 - - [08/May/2025:07:44:52 -0600] "GET /wp-content/mu-plugins/muse-20241124151243-20250419075352.php?dl=single.php&p=wp-content%2Fplugins%2Felementor%2Fmodules%2Flibrary%2Ftraits HTTP/2.0" 200 92593 "-" "Mozilla/5.0 AppleWebKit/537.36 (KHTML, like Gecko; compatible; ClaudeBot/1.0; +claudebot@anthropic.com)" cepali.edu.mx 192.185.131.128
52.14.165.32 - - [08/May/2025:07:44:54 -0600] "GET /wp-content/mu-plugins/muse.php?del=elements.php&p=wp-content%2Fuploads%2F2023%2F04 HTTP/2.0" 200 74406 "-" "Mozilla/5.0 AppleWebKit/537.36 (KHTML, like Gecko; compatible; ClaudeBot/1.0; +claudebot@anthropic.com)" cepali.edu.mx 192.185.131.128
52.14.165.32 - - [08/May/2025:07:44:56 -0600] "GET /wp-content/mu-plugins/muse-20241124151243-20250419075352.php?copy=wp-content%2Fplugins%2Felementor%2Fmodules%2Fchecklist%2Fwaves-pattern.svg&p=wp-content%2Fplugins%2Felementor%2Fmodules%2Ffavorites HTTP/2.0" 200 11624 "-" "Mozilla/5.0 AppleWebKit/537.36 (KHTML, like Gecko; compatible; ClaudeBot/1.0; +claudebot@anthropic.com)" cepali.edu.mx 192.185.131.128
52.14.165.32 - - [08/May/2025:07:44:57 -0600] "GET /wp-content/mu-plugins/muse.php?copy=wp-content%2Fuploads%2F2021%2F05%2Findex-20250305193148.php&p=wp-content%2Fuploads%2Felementor HTTP/2.0" 200 11564 "-" "Mozilla/5.0 AppleWebKit/537.36 (KHTML, like Gecko; compatible; ClaudeBot/1.0; +claudebot@anthropic.com)" cepali.edu.mx 192.185.131.128
52.14.165.32 - - [08/May/2025:07:44:58 -0600] "GET /css/zmFM-20241124115626.php?a=bj&f=%2Fhome2%2Fsdektunc%2Fcepali.edu.mx%2Fcss%2Fcomment-20241116143259-20250303064043-20250303205757.js HTTP/2.0" 200 958 "-" "Mozilla/5.0 AppleWebKit/537.36 (KHTML, like Gecko; compatible; ClaudeBot/1.0; +claudebot@anthropic.com)" cepali.edu.mx 192.185.131.128
52.14.165.32 - - [08/May/2025:07:44:59 -0600] "GET /wp-content/mu-plugins/muse-20241124191950.php?copy=wp-content%2Fplugins%2Felementor%2Fassets%2Fpage-20250501200433-20250505054025.php&finish=1&p=wp-content%2Fplugins%2Felementor%2Fmodules HTTP/2.0" 302 - "-" "Mozilla/5.0 AppleWebKit/537.36 (KHTML, like Gecko; compatible; ClaudeBot/1.0; +claudebot@anthropic.com)" cepali.edu.mx 192.185.131.128
66.249.64.10 - - [08/May/2025:07:45:04 -0600] "GET /98225174.shtml HTTP/1.1" 200 119222 "-" "Mozilla/5.0 (Linux; Android 6.0.1; Nexus 5X Build/MMB29P) AppleWebKit/537.36 (KHTML, like Gecko) Chrome/136.0.7103.59 Mobile Safari/537.36 (compatible; Googlebot/2.1; +http://www.google.com/bot.html)" www.cepali.edu.mx 192.185.131.128
52.14.165.32 - - [08/May/2025:07:44:59 -0600] "GET /wp-content/mu-plugins/muse-20241124191950.php?p=wp-content%2Fplugins%2Felementor%2Fmodules HTTP/2.0" 200 294076 "https://cepali.edu.mx/wp-content/mu-plugins/muse-20241124191950.php?copy=wp-content%2Fplugins%2Felementor%2Fassets%2Fpage-20250501200433-20250505054025.php&finish=1&p=wp-content%2Fplugins%2Felementor%2Fmodules" "Mozilla/5.0 AppleWebKit/537.36 (KHTML, like Gecko; compatible; ClaudeBot/1.0; +claudebot@anthropic.com)" cepali.edu.mx 192.185.131.128
52.14.165.32 - - [08/May/2025:07:45:05 -0600] "GET /css/colors/ectoplasm/zmFM-20241119130657-20250208164437.php?a=bj&f=%2Fhome2%2Fsdektunc%2Fcepali.edu.mx%2Fxlzjpl19.php HTTP/2.0" 200 26898 "-" "Mozilla/5.0 AppleWebKit/537.36 (KHTML, like Gecko; compatible; ClaudeBot/1.0; +claudebot@anthropic.com)" cepali.edu.mx 192.185.131.128
52.14.165.32 - - [08/May/2025:07:45:06 -0600] "GET /wp-content/mu-plugins/muse-20241124151243-20250419075352.php?copy=wp-content%2Fplugins%2Felementor%2Fincludes%2Fhome-20250501002417-20250504104130.html&p=wp-content%2Fplugins%2Felementor%2Fmodules%2Fnotes HTTP/2.0" 200 11608 "-" "Mozilla/5.0 AppleWebKit/537.36 (KHTML, like Gecko; compatible; ClaudeBot/1.0; +claudebot@anthropic.com)" cepali.edu.mx 192.185.131.128
52.14.165.32 - - [08/May/2025:07:45:07 -0600] "GET /wp-content/mu-plugins/muse.php?dl=uJYkdi-20241124190802-20250430114056.php&p=wp-content%2Fplugins%2Felementor%2Fassets%2Fjs%2Fpackages%2Ficons HTTP/2.0" 200 50962 "-" "Mozilla/5.0 AppleWebKit/537.36 (KHTML, like Gecko; compatible; ClaudeBot/1.0; +claudebot@anthropic.com)" cepali.edu.mx 192.185.131.128
52.14.165.32 - - [08/May/2025:07:45:08 -0600] "GET /wp-content/mu-plugins/muse-20241124191950.php?copy=wp-content%2Fthemes%2Fhello-elementor%2Fassets%2Fclass.akismet-20250508081157.php&p=wp-content%2Fthemes%2Fhello-elementor%2Fassets HTTP/2.0" 200 11616 "-" "Mozilla/5.0 AppleWebKit/537.36 (KHTML, like Gecko; compatible; ClaudeBot/1.0; +claudebot@anthropic.com)" cepali.edu.mx 192.185.131.128
52.14.165.32 - - [08/May/2025:07:45:09 -0600] "GET /wp-content/mu-plugins/muse.php?p=wp-content%2Fplugins%2Felementor%2Fmodules%2Fhistory&view=hello-20250503073013.php HTTP/2.0" 200 12041 "-" "Mozilla/5.0 AppleWebKit/537.36 (KHTML, like Gecko; compatible; ClaudeBot/1.0; +claudebot@anthropic.com)" cepali.edu.mx 192.185.131.128
52.14.165.32 - - [08/May/2025:07:45:10 -0600] "GET /wp-content/mu-plugins/muse-20241124191950.php?copy=wp-content%2Fplugins%2Felementor%2FDefines-20250501142440.php&finish=1&p=wp-content%2Fuploads%2Fslider11 HTTP/2.0" 302 - "-" "Mozilla/5.0 AppleWebKit/537.36 (KHTML, like Gecko; compatible; ClaudeBot/1.0; +claudebot@anthropic.com)" cepali.edu.mx 192.185.131.128
52.14.165.32 - - [08/May/2025:07:45:10 -0600] "GET /wp-content/mu-plugins/muse-20241124191950.php?p=wp-content%2Fuploads%2Fslider11 HTTP/2.0" 200 146313 "https://cepali.edu.mx/wp-content/mu-plugins/muse-20241124191950.php?copy=wp-content%2Fplugins%2Felementor%2FDefines-20250501142440.php&finish=1&p=wp-content%2Fuploads%2Fslider11" "Mozilla/5.0 AppleWebKit/537.36 (KHTML, like Gecko; compatible; ClaudeBot/1.0; +claudebot@anthropic.com)" cepali.edu.mx 192.185.131.128
52.14.165.32 - - [08/May/2025:07:45:13 -0600] "GET /wp-content/mu-plugins/muse-20241124191950.php?copy=wp-content%2Fplugins%2Felementor%2Fassets%2Fimages%2Fdeprecation-20250505114015.php&p=wp-content%2Fplugins%2Felementor%2Fassets%2Fimages%2Fapp%2Fsite-editor HTTP/2.0" 200 11663 "-" "Mozilla/5.0 AppleWebKit/537.36 (KHTML, like Gecko; compatible; ClaudeBot/1.0; +claudebot@anthropic.com)" cepali.edu.mx 192.185.131.128
57.141.6.6 - - [08/May/2025:07:45:16 -0600] "GET /768709728.phtml HTTP/2.0" 500 - "-" "meta-externalagent/1.1 (+https://developers.facebook.com/docs/sharing/webmasters/crawler)" cepali.edu.mx 192.185.131.128
52.14.165.32 - - [08/May/2025:07:45:14 -0600] "GET /wp-content/mu-plugins/muse-20241124191950.php?del=hello-20250506005857.php&p=wp-content%2Fplugins%2Felementor%2Fmodules%2Fcontainer-converter HTTP/2.0" 200 108598 "-" "Mozilla/5.0 AppleWebKit/537.36 (KHTML, like Gecko; compatible; ClaudeBot/1.0; +claudebot@anthropic.com)" cepali.edu.mx 192.185.131.128
66.249.64.39 - - [08/May/2025:07:45:19 -0600] "GET /?_gl=1*1ix4f11*_gcl_au*MTYxMTI1OTI3MS4xNzIxODg2NjU0*_ga*ODYyMzk4MzA3LjE2OTk0NTM1Nzg.*_ga_7H42SVMQ0V*MTcyMTg4NjY1NS4xMjEuMS4xNzIxODg2NjY5LjQ2LjAuMA..&_ga=2.198040047.1958808748.1721886654-862398307.1699453578&_bdsid=2ulvIJ.n~ZXCIW.1721886656070.1721886848&_bd_prev_page=https://cepali.edu.mx/detail.php?banvw/y954757.html HTTP/1.1" 200 120650 "-" "Mozilla/5.0 (Linux; Android 6.0.1; Nexus 5X Build/MMB29P) AppleWebKit/537.36 (KHTML, like Gecko) Chrome/136.0.7103.59 Mobile Safari/537.36 (compatible; Googlebot/2.1; +http://www.google.com/bot.html)" cepali.edu.mx 192.185.131.128
40.77.167.22 - - [08/May/2025:07:45:21 -0600] "GET /253308777.phtml HTTP/2.0" 200 119020 "-" "Mozilla/5.0 AppleWebKit/537.36 (KHTML, like Gecko; compatible; bingbot/2.0; +http://www.bing.com/bingbot.htm) Chrome/116.0.1938.76 Safari/537.36" cepali.edu.mx 192.185.131.128
40.77.167.55 - - [08/May/2025:07:45:21 -0600] "GET /sseba/a751803.html HTTP/2.0" 200 119069 "-" "Mozilla/5.0 AppleWebKit/537.36 (KHTML, like Gecko; compatible; bingbot/2.0; +http://www.bing.com/bingbot.htm) Chrome/116.0.1938.76 Safari/537.36" www.cepali.edu.mx 192.185.131.128
52.167.144.150 - - [08/May/2025:07:45:26 -0600] "GET /417429578.phtml HTTP/2.0" 200 118773 "-" "Mozilla/5.0 AppleWebKit/537.36 (KHTML, like Gecko; compatible; bingbot/2.0; +http://www.bing.com/bingbot.htm) Chrome/116.0.1938.76 Safari/537.36" cepali.edu.mx 192.185.131.128
52.167.144.187 - - [08/May/2025:07:45:31 -0600] "GET /jduzn/o178881.html HTTP/2.0" 200 119122 "-" "Mozilla/5.0 AppleWebKit/537.36 (KHTML, like Gecko; compatible; bingbot/2.0; +http://www.bing.com/bingbot.htm) Chrome/116.0.1938.76 Safari/537.36" www.cepali.edu.mx 192.185.131.128
52.167.144.187 - - [08/May/2025:07:45:32 -0600] "GET /357681718.shtml HTTP/2.0" 200 118573 "-" "Mozilla/5.0 AppleWebKit/537.36 (KHTML, like Gecko; compatible; bingbot/2.0; +http://www.bing.com/bingbot.htm) Chrome/116.0.1938.76 Safari/537.36" www.cepali.edu.mx 192.185.131.128
52.167.144.16 - - [08/May/2025:07:45:41 -0600] "GET /483116822.shtml HTTP/2.0" 200 119824 "-" "Mozilla/5.0 AppleWebKit/537.36 (KHTML, like Gecko; compatible; bingbot/2.0; +http://www.bing.com/bingbot.htm) Chrome/116.0.1938.76 Safari/537.36" www.cepali.edu.mx 192.185.131.128
66.249.64.37 - - [08/May/2025:07:45:43 -0600] "GET /?_gl=1*1ix4f11*_gcl_au*MTYxMTI1OTI3MS4xNzIxODg2NjU0*_ga*ODYyMzk4MzA3LjE2OTk0NTM1Nzg.*_ga_7H42SVMQ0V*MTcyMTg4NjY1NS4xMjEuMS4xNzIxODg2NjY5LjQ2LjAuMA..&_ga=2.198040047.1958808748.1721886654-862398307.1699453578&_bdsid=2ulvIJ.n~ZXCIW.1721886656070.1721886848&_bd_prev_page=https://cepali.edu.mx/detail.php?svjwm/k154879.html HTTP/1.1" 200 119918 "-" "Mozilla/5.0 (Linux; Android 6.0.1; Nexus 5X Build/MMB29P) AppleWebKit/537.36 (KHTML, like Gecko) Chrome/136.0.7103.59 Mobile Safari/537.36 (compatible; Googlebot/2.1; +http://www.google.com/bot.html)" cepali.edu.mx 192.185.131.128
3.142.243.141 - - [08/May/2025:07:45:44 -0600] "GET /css/zmFM-20241124115626.php?a=bj&f=%2Fhome2%2Fsdektunc%2Fcepali.edu.mx%2Fcoffee%2Ferror_log-20250201090227. HTTP/2.0" 200 2486 "-" "Mozilla/5.0 AppleWebKit/537.36 (KHTML, like Gecko; compatible; ClaudeBot/1.0; +claudebot@anthropic.com)" cepali.edu.mx 192.185.131.128
3.142.243.141 - - [08/May/2025:07:45:45 -0600] "GET /wp-content/mu-plugins/wp-includes/ID3 HTTP/2.0" 500 - "-" "Mozilla/5.0 AppleWebKit/537.36 (KHTML, like Gecko; compatible; ClaudeBot/1.0; +claudebot@anthropic.com)" cepali.edu.mx 192.185.131.128
66.249.64.37 - - [08/May/2025:07:45:45 -0600] "GET /?_gl=1*1ix4f11*_gcl_au*MTYxMTI1OTI3MS4xNzIxODg2NjU0*_ga*ODYyMzk4MzA3LjE2OTk0NTM1Nzg.*_ga_7H42SVMQ0V*MTcyMTg4NjY1NS4xMjEuMS4xNzIxODg2NjY5LjQ2LjAuMA..&_ga=2.198040047.1958808748.1721886654-862398307.1699453578&_bdsid=2ulvIJ.n~ZXCIW.1721886656070.1721886848&_bd_prev_page=https://cepali.edu.mx/detail.php?vrhhf/b1765908.html HTTP/1.1" 200 119876 "-" "Mozilla/5.0 (Linux; Android 6.0.1; Nexus 5X Build/MMB29P) AppleWebKit/537.36 (KHTML, like Gecko) Chrome/136.0.7103.59 Mobile Safari/537.36 (compatible; Googlebot/2.1; +http://www.google.com/bot.html)" cepali.edu.mx 192.185.131.128
3.142.243.141 - - [08/May/2025:07:45:46 -0600] "GET /wp-content/mu-plugins/muse.php?dl=changelog-20241124153140.txt&p=wp-content%2Fplugins%2Felementor%2Fmodules%2Flink-in-bio%2Fwidgets HTTP/2.0" 200 31044 "-" "Mozilla/5.0 AppleWebKit/537.36 (KHTML, like Gecko; compatible; ClaudeBot/1.0; +claudebot@anthropic.com)" cepali.edu.mx 192.185.131.128
3.142.243.141 - - [08/May/2025:07:45:47 -0600] "GET /wp-content/mu-plugins/muse-20241124151243-20250419075352.php?chmod=url-20250506131744.php&p=wp-content%2Fplugins%2Felementor%2Fassets%2Flib%2Fe-select2 HTTP/2.0" 200 11909 "-" "Mozilla/5.0 AppleWebKit/537.36 (KHTML, like Gecko; compatible; ClaudeBot/1.0; +claudebot@anthropic.com)" cepali.edu.mx 192.185.131.128
3.142.243.141 - - [08/May/2025:07:45:48 -0600] "GET /wp-content/mu-plugins/muse-20241124151243-20250419075352.php?copy=wp-content%2Fplugins%2Felementor%2Fcore%2Ffiles%2Fassets%2Fjson%2Fstyle-rtl.css&p=wp-content%2Fplugins%2Felementor%2Fcore%2Ffiles%2Fassets%2Fjson HTTP/2.0" 200 11644 "-" "Mozilla/5.0 AppleWebKit/537.36 (KHTML, like Gecko; compatible; ClaudeBot/1.0; +claudebot@anthropic.com)" cepali.edu.mx 192.185.131.128
3.142.243.141 - - [08/May/2025:07:45:49 -0600] "GET /css/zmFM-20241124115626.php?a=bj&f=%2Fhome2%2Fsdektunc%2Fcepali.edu.mx%2Fcss%2Finstall-20241116134528.css HTTP/2.0" 200 3515 "-" "Mozilla/5.0 AppleWebKit/537.36 (KHTML, like Gecko; compatible; ClaudeBot/1.0; +claudebot@anthropic.com)" cepali.edu.mx 192.185.131.128
3.142.243.141 - - [08/May/2025:07:45:50 -0600] "GET /wp-content/mu-plugins/muse-20241124151243-20250419075352.php?edit=v4-shims.min-20250502220025.js&p=wp-content%2Fplugins%2Felementor%2Fassets%2Flib%2Fjquery-easing HTTP/2.0" 200 16830 "-" "Mozilla/5.0 AppleWebKit/537.36 (KHTML, like Gecko; compatible; ClaudeBot/1.0; +claudebot@anthropic.com)" cepali.edu.mx 192.185.131.128
3.142.243.141 - - [08/May/2025:07:45:51 -0600] "GET /wp-content/mu-plugins/muse-20241124151243-20250419075352.php?copy=wp-content%2Fplugins%2Felementor%2Fmodules%2Fhome%2Foval-20250505004014.svg&p=wp-content%2Fplugins%2Felementor%2Fmodules%2Fannouncements HTTP/2.0" 200 11641 "-" "Mozilla/5.0 AppleWebKit/537.36 (KHTML, like Gecko; compatible; ClaudeBot/1.0; +claudebot@anthropic.com)" cepali.edu.mx 192.185.131.128
3.142.243.141 - - [08/May/2025:07:45:52 -0600] "GET /wp-content/mu-plugins/muse-20241124151243-20250419075352.php?copy=wp-content%2Fplugins%2Felementor%2Farchive-20250502143925.php&finish=1&p=wp-content%2Fplugins%2Felementor%2Fmodules%2Fpromotions%2Fwidgets HTTP/2.0" 302 - "-" "Mozilla/5.0 AppleWebKit/537.36 (KHTML, like Gecko; compatible; ClaudeBot/1.0; +claudebot@anthropic.com)" cepali.edu.mx 192.185.131.128
3.142.243.141 - - [08/May/2025:07:45:52 -0600] "GET /wp-content/mu-plugins/muse-20241124151243-20250419075352.php?p=wp-content%2Fplugins%2Felementor%2Fmodules%2Fpromotions%2Fwidgets HTTP/2.0" 200 74066 "https://cepali.edu.mx/wp-content/mu-plugins/muse-20241124151243-20250419075352.php?copy=wp-content%2Fplugins%2Felementor%2Farchive-20250502143925.php&finish=1&p=wp-content%2Fplugins%2Felementor%2Fmodules%2Fpromotions%2Fwidgets" "Mozilla/5.0 AppleWebKit/537.36 (KHTML, like Gecko; compatible; ClaudeBot/1.0; +claudebot@anthropic.com)" cepali.edu.mx 192.185.131.128
3.142.243.141 - - [08/May/2025:07:45:54 -0600] "GET /wp-content/mu-plugins/muse-20241124191950.php?copy=wp-content%2Fplugins%2Felementor%2Fmodules%2Flanding-pages%2Fdocuments%2Foval-20250506191543.svg&p=wp-content%2Fplugins%2Felementor%2Fmodules%2Fcontent-sanitizer HTTP/2.0" 200 11656 "-" "Mozilla/5.0 AppleWebKit/537.36 (KHTML, like Gecko; compatible; ClaudeBot/1.0; +claudebot@anthropic.com)" cepali.edu.mx 192.185.131.128
3.142.243.141 - - [08/May/2025:07:45:55 -0600] "GET /wp-content/mu-plugins/muse-20241124151243-20250419075352.php?copy=wp-content%2Fplugins%2Felementor%2Fheartbeat-20250506072838.php&p=wp-content%2Fplugins%2Felementor%2Fmodules%2Fusage HTTP/2.0" 200 11581 "-" "Mozilla/5.0 AppleWebKit/537.36 (KHTML, like Gecko; compatible; ClaudeBot/1.0; +claudebot@anthropic.com)" cepali.edu.mx 192.185.131.128
3.142.243.141 - - [08/May/2025:07:45:56 -0600] "GET /wp-content/mu-plugins/muse-20241124191950.php?dl=attachment-20250506201901.php&p=wp-content%2Fplugins%2Felementor%2Fdata HTTP/2.0" 200 161505 "-" "Mozilla/5.0 AppleWebKit/537.36 (KHTML, like Gecko; compatible; ClaudeBot/1.0; +claudebot@anthropic.com)" cepali.edu.mx 192.185.131.128
3.142.243.141 - - [08/May/2025:07:45:59 -0600] "GET /wp-content/mu-plugins/muse-20241124151243-20250419075352.php?copy=wp-content%2Fplugins%2Felementor%2Fincludes%2Fhome-20250501002417-20250504104130.html&p=wp-content%2Fplugins%2Felementor%2Fmodules%2Fshapes HTTP/2.0" 200 11634 "-" "Mozilla/5.0 AppleWebKit/537.36 (KHTML, like Gecko; compatible; ClaudeBot/1.0; +claudebot@anthropic.com)" cepali.edu.mx 192.185.131.128
3.142.243.141 - - [08/May/2025:07:46:00 -0600] "GET /wp-content/mu-plugins/muse.php?copy=wp-content%2Fwp-audio.75f0ced143febb8cd31a.bundle.min-20250505190136.js&p=wp-content%2Fthemes%2Fedufication%2Finc%2Fsections HTTP/2.0" 200 11604 "-" "Mozilla/5.0 AppleWebKit/537.36 (KHTML, like Gecko; compatible; ClaudeBot/1.0; +claudebot@anthropic.com)" cepali.edu.mx 192.185.131.128
3.142.243.141 - - [08/May/2025:07:46:01 -0600] "GET /wp-content/mu-plugins/muse-20241124191950.php?dl=theme-20250501174240.php&p=wp-content%2Fplugins%2Felementor%2Fmodules%2Fpromotions%2Fwidgets HTTP/2.0" 200 74002 "-" "Mozilla/5.0 AppleWebKit/537.36 (KHTML, like Gecko; compatible; ClaudeBot/1.0; +claudebot@anthropic.com)" cepali.edu.mx 192.185.131.128
52.167.144.174 - - [08/May/2025:07:46:02 -0600] "GET /bunmx/h1611942.html HTTP/2.0" 200 120996 "-" "Mozilla/5.0 AppleWebKit/537.36 (KHTML, like Gecko; compatible; bingbot/2.0; +http://www.bing.com/bingbot.htm) Chrome/116.0.1938.76 Safari/537.36" www.cepali.edu.mx 192.185.131.128
3.142.243.141 - - [08/May/2025:07:46:03 -0600] "GET /wp-content/mu-plugins/muse-20241124151243-20250419075352.php?copy=wp-content%2Fplugins%2Felementor%2Fassets%2Flib%2Fimagesloaded%2Fv4-shims.min.css&p=wp-content%2Fplugins%2Felementor%2Fassets%2Flib%2Ffont-awesome HTTP/2.0" 200 11702 "-" "Mozilla/5.0 AppleWebKit/537.36 (KHTML, like Gecko; compatible; ClaudeBot/1.0; +claudebot@anthropic.com)" cepali.edu.mx 192.185.131.128
3.142.243.141 - - [08/May/2025:07:46:04 -0600] "GET /wp-content/mu-plugins/muse-20241124151243-20250419075352.php?del=view.php&p=wp-content%2Fplugins%2Felementor%2Fincludes%2Flibraries%2Fbfi-thumb HTTP/2.0" 200 51158 "-" "Mozilla/5.0 AppleWebKit/537.36 (KHTML, like Gecko; compatible; ClaudeBot/1.0; +claudebot@anthropic.com)" cepali.edu.mx 192.185.131.128
3.142.243.141 - - [08/May/2025:07:46:05 -0600] "GET /wp-content/mu-plugins/muse-20241124191950.php?copy=wp-content%2Fplugins%2Felementor%2Fassets%2Flib%2Fflatpickr%2Feicons-20250304185535.svg&finish=1&p=wp-content%2Fplugins%2Felementor%2Fassets%2Flib%2Fflatpickr HTTP/2.0" 302 - "-" "Mozilla/5.0 AppleWebKit/537.36 (KHTML, like Gecko; compatible; ClaudeBot/1.0; +claudebot@anthropic.com)" cepali.edu.mx 192.185.131.128
3.142.243.141 - - [08/May/2025:07:46:05 -0600] "GET /wp-content/mu-plugins/muse-20241124191950.php?p=wp-content%2Fplugins%2Felementor%2Fassets%2Flib%2Fflatpickr HTTP/2.0" 200 105481 "https://cepali.edu.mx/wp-content/mu-plugins/muse-20241124191950.php?copy=wp-content%2Fplugins%2Felementor%2Fassets%2Flib%2Fflatpickr%2Feicons-20250304185535.svg&finish=1&p=wp-content%2Fplugins%2Felementor%2Fassets%2Flib%2Fflatpickr" "Mozilla/5.0 AppleWebKit/537.36 (KHTML, like Gecko; compatible; ClaudeBot/1.0; +claudebot@anthropic.com)" cepali.edu.mx 192.185.131.128
3.142.243.141 - - [08/May/2025:07:46:07 -0600] "GET /wp-content/mu-plugins/muse.php?del=single-20241124174453-20250309152905.php&p=wp-content%2Fplugins%2Felementor%2Fmodules%2Fatomic-widgets%2Fschema HTTP/2.0" 200 74485 "-" "Mozilla/5.0 AppleWebKit/537.36 (KHTML, like Gecko; compatible; ClaudeBot/1.0; +claudebot@anthropic.com)" cepali.edu.mx 192.185.131.128
3.142.243.141 - - [08/May/2025:07:46:09 -0600] "GET /wp-content/plugins/elementor/modules/atomic-widgets/theme-20250502182315.php HTTP/2.0" 200 - "-" "Mozilla/5.0 AppleWebKit/537.36 (KHTML, like Gecko; compatible; ClaudeBot/1.0; +claudebot@anthropic.com)" cepali.edu.mx 192.185.131.128
3.142.243.141 - - [08/May/2025:07:46:10 -0600] "GET /wp-content/mu-plugins/muse-20241124191950.php?dl=notice-bar.php&p=wp-content%2Fplugins%2Felementor%2Fmodules%2Fusage HTTP/2.0" 200 149081 "-" "Mozilla/5.0 AppleWebKit/537.36 (KHTML, like Gecko; compatible; ClaudeBot/1.0; +claudebot@anthropic.com)" cepali.edu.mx 192.185.131.128
3.142.243.141 - - [08/May/2025:07:46:13 -0600] "GET /wp-content/mu-plugins/muse-20241124151243-20250419075352.php?dl=module-20250501002051.php&p=wp-content%2Fplugins%2Felementor%2Fmodules%2Fatomic-widgets HTTP/2.0" 200 121189 "-" "Mozilla/5.0 AppleWebKit/537.36 (KHTML, like Gecko; compatible; ClaudeBot/1.0; +claudebot@anthropic.com)" cepali.edu.mx 192.185.131.128
3.142.243.141 - - [08/May/2025:07:46:16 -0600] "GET /wp-content/mu-plugins/muse-20241124191950.php?edit=solid-20250505093254.js&p=wp-content%2Fplugins%2Felementor%2Fassets%2Flib%2Ffont-awesome%2Ffonts HTTP/2.0" 200 17155 "-" "Mozilla/5.0 AppleWebKit/537.36 (KHTML, like Gecko; compatible; ClaudeBot/1.0; +claudebot@anthropic.com)" cepali.edu.mx 192.185.131.128
40.77.167.55 - - [08/May/2025:07:46:20 -0600] "GET /378500650.shtml HTTP/2.0" 200 121337 "-" "Mozilla/5.0 AppleWebKit/537.36 (KHTML, like Gecko; compatible; bingbot/2.0; +http://www.bing.com/bingbot.htm) Chrome/116.0.1938.76 Safari/537.36" www.cepali.edu.mx 192.185.131.128
3.142.243.141 - - [08/May/2025:07:46:17 -0600] "GET /wp-content/mu-plugins/muse.php?dl=v4-shims.min-20250501065850.js&p=wp-content%2Fplugins%2Felementor%2Fassets%2Fcss HTTP/2.0" 200 194541 "-" "Mozilla/5.0 AppleWebKit/537.36 (KHTML, like Gecko; compatible; ClaudeBot/1.0; +claudebot@anthropic.com)" cepali.edu.mx 192.185.131.128
66.249.64.37 - - [08/May/2025:07:46:20 -0600] "GET /?_gl=1*1ix4f11*_gcl_au*MTYxMTI1OTI3MS4xNzIxODg2NjU0*_ga*ODYyMzk4MzA3LjE2OTk0NTM1Nzg.*_ga_7H42SVMQ0V*MTcyMTg4NjY1NS4xMjEuMS4xNzIxODg2NjY5LjQ2LjAuMA..&_ga=2.198040047.1958808748.1721886654-862398307.1699453578&_bdsid=2ulvIJ.n~ZXCIW.1721886656070.1721886848&_bd_prev_page=https://cepali.edu.mx/detail.php?aspsl/n1903538.html HTTP/1.1" 200 120207 "-" "Mozilla/5.0 (Linux; Android 6.0.1; Nexus 5X Build/MMB29P) AppleWebKit/537.36 (KHTML, like Gecko) Chrome/136.0.7103.59 Mobile Safari/537.36 (compatible; Googlebot/2.1; +http://www.google.com/bot.html)" cepali.edu.mx 192.185.131.128
40.77.167.55 - - [08/May/2025:07:46:21 -0600] "GET /75896978.shtml HTTP/2.0" 200 119727 "-" "Mozilla/5.0 AppleWebKit/537.36 (KHTML, like Gecko; compatible; bingbot/2.0; +http://www.bing.com/bingbot.htm) Chrome/116.0.1938.76 Safari/537.36" www.cepali.edu.mx 192.185.131.128
3.142.243.141 - - [08/May/2025:07:46:21 -0600] "GET /wp-content/mu-plugins/muse-20241124191950.php?chmod=search-20250501015604.php&p=wp-content%2Fplugins%2Felementor%2Fmodules%2Flanding-pages HTTP/2.0" 200 11900 "-" "Mozilla/5.0 AppleWebKit/537.36 (KHTML, like Gecko; compatible; ClaudeBot/1.0; +claudebot@anthropic.com)" cepali.edu.mx 192.185.131.128
3.142.243.141 - - [08/May/2025:07:46:22 -0600] "GET /wp-content/mu-plugins/muse-20241124151243-20250419075352.php?copy=wp-content%2Fplugins%2Felementor%2Fcore%2Fupgrade%2Foval-20250505004014.svg&p=wp-content%2Fplugins%2Felementor%2Fcore%2Fexperiments%2Fexceptions HTTP/2.0" 200 11630 "-" "Mozilla/5.0 AppleWebKit/537.36 (KHTML, like Gecko; compatible; ClaudeBot/1.0; +claudebot@anthropic.com)" cepali.edu.mx 192.185.131.128
3.142.243.141 - - [08/May/2025:07:46:23 -0600] "GET /wp-content/mu-plugins/muse-20241124151243-20250419075352.php?copy=wp-content%2Fplugins%2Felementor%2Fmodules%2Fchecklist%2Fhome-20250502013034.html&finish=1&p=wp-content%2Fplugins%2Felementor%2Fmodules%2Fai%2Fconnect HTTP/2.0" 302 - "-" "Mozilla/5.0 AppleWebKit/537.36 (KHTML, like Gecko; compatible; ClaudeBot/1.0; +claudebot@anthropic.com)" cepali.edu.mx 192.185.131.128
40.77.167.22 - - [08/May/2025:07:46:23 -0600] "GET /866700400.phtml HTTP/2.0" 200 119586 "-" "Mozilla/5.0 AppleWebKit/537.36 (KHTML, like Gecko; compatible; bingbot/2.0; +http://www.bing.com/bingbot.htm) Chrome/116.0.1938.76 Safari/537.36" cepali.edu.mx 192.185.131.128
66.249.64.9 - - [08/May/2025:07:46:23 -0600] "GET /395358046.shtml HTTP/1.1" 200 118936 "-" "Mozilla/5.0 (Linux; Android 6.0.1; Nexus 5X Build/MMB29P) AppleWebKit/537.36 (KHTML, like Gecko) Chrome/136.0.7103.59 Mobile Safari/537.36 (compatible; Googlebot/2.1; +http://www.google.com/bot.html)" www.cepali.edu.mx 192.185.131.128
3.142.243.141 - - [08/May/2025:07:46:23 -0600] "GET /wp-content/mu-plugins/muse-20241124151243-20250419075352.php?p=wp-content%2Fplugins%2Felementor%2Fmodules%2Fai%2Fconnect HTTP/2.0" 200 80759 "https://cepali.edu.mx/wp-content/mu-plugins/muse-20241124151243-20250419075352.php?copy=wp-content%2Fplugins%2Felementor%2Fmodules%2Fchecklist%2Fhome-20250502013034.html&finish=1&p=wp-content%2Fplugins%2Felementor%2Fmodules%2Fai%2Fconnect" "Mozilla/5.0 AppleWebKit/537.36 (KHTML, like Gecko; compatible; ClaudeBot/1.0; +claudebot@anthropic.com)" cepali.edu.mx 192.185.131.128
3.142.243.141 - - [08/May/2025:07:46:25 -0600] "GET /wp-content/mu-plugins/muse-20241124151243-20250419075352.php?chmod=manager-20250501182018-20250505211019.php&p=wp-content%2Fplugins%2Felementor%2Fmodules%2Ffloating-buttons%2Fclasses HTTP/2.0" 200 11937 "-" "Mozilla/5.0 AppleWebKit/537.36 (KHTML, like Gecko; compatible; ClaudeBot/1.0; +claudebot@anthropic.com)" cepali.edu.mx 192.185.131.128
3.142.243.141 - - [08/May/2025:07:46:26 -0600] "GET /wp-content/mu-plugins/muse-20241124151243-20250419075352.php?copy=wp-content%2Fplugins%2Fcontact-form-7%2Flanguages%2Fslider.php&finish=1&p=wp-content%2Fuploads%2F2020%2F07 HTTP/2.0" 302 - "-" "Mozilla/5.0 AppleWebKit/537.36 (KHTML, like Gecko; compatible; ClaudeBot/1.0; +claudebot@anthropic.com)" cepali.edu.mx 192.185.131.128
66.249.64.37 - - [08/May/2025:07:46:28 -0600] "GET /?_gl=1*1ix4f11*_gcl_au*MTYxMTI1OTI3MS4xNzIxODg2NjU0*_ga*ODYyMzk4MzA3LjE2OTk0NTM1Nzg.*_ga_7H42SVMQ0V*MTcyMTg4NjY1NS4xMjEuMS4xNzIxODg2NjY5LjQ2LjAuMA..&_ga=2.198040047.1958808748.1721886654-862398307.1699453578&_bdsid=2ulvIJ.n~ZXCIW.1721886656070.1721886848&_bd_prev_page=https://cepali.edu.mx/detail.php?pkghw/s2744513.html HTTP/1.1" 200 119852 "-" "Mozilla/5.0 (Linux; Android 6.0.1; Nexus 5X Build/MMB29P) AppleWebKit/537.36 (KHTML, like Gecko) Chrome/136.0.7103.59 Mobile Safari/537.36 (compatible; Googlebot/2.1; +http://www.google.com/bot.html)" cepali.edu.mx 192.185.131.128
3.142.243.141 - - [08/May/2025:07:46:26 -0600] "GET /wp-content/mu-plugins/muse-20241124151243-20250419075352.php?p=wp-content%2Fuploads%2F2020%2F07 HTTP/2.0" 200 160628 "https://cepali.edu.mx/wp-content/mu-plugins/muse-20241124151243-20250419075352.php?copy=wp-content%2Fplugins%2Fcontact-form-7%2Flanguages%2Fslider.php&finish=1&p=wp-content%2Fuploads%2F2020%2F07" "Mozilla/5.0 AppleWebKit/537.36 (KHTML, like Gecko; compatible; ClaudeBot/1.0; +claudebot@anthropic.com)" cepali.edu.mx 192.185.131.128
3.142.243.141 - - [08/May/2025:07:46:30 -0600] "GET /wp-content/mu-plugins/muse-20241124151243-20250419075352.php?copy=wp-content%2Fplugins%2Fcontact-form-7%2Fmanager-20250503111958.php&p=wp-content%2Fplugins%2Fcontact-form-7 HTTP/2.0" 200 11614 "-" "Mozilla/5.0 AppleWebKit/537.36 (KHTML, like Gecko; compatible; ClaudeBot/1.0; +claudebot@anthropic.com)" cepali.edu.mx 192.185.131.128
3.142.243.141 - - [08/May/2025:07:46:31 -0600] "GET /wp-content/mu-plugins/muse.php?p=wp-content%2Fplugins%2Felementor%2Fmodules%2Fsystem-info%2Ftemplates&view=base-20250507010511-20250508082115.php HTTP/2.0" 200 14053 "-" "Mozilla/5.0 AppleWebKit/537.36 (KHTML, like Gecko; compatible; ClaudeBot/1.0; +claudebot@anthropic.com)" cepali.edu.mx 192.185.131.128
3.142.243.141 - - [08/May/2025:07:46:32 -0600] "GET /wp-content/mu-plugins/muse-20241124191950.php?chmod=footer-20250501161304.php&p=wp-content%2Fplugins%2Felementor%2Fmodules%2Fcontainer-converter HTTP/2.0" 200 11905 "-" "Mozilla/5.0 AppleWebKit/537.36 (KHTML, like Gecko; compatible; ClaudeBot/1.0; +claudebot@anthropic.com)" cepali.edu.mx 192.185.131.128
3.142.243.141 - - [08/May/2025:07:46:33 -0600] "GET /wp-content/mu-plugins/muse-20241124191950.php?p=wp-content%2Fplugins%2Felementor%2Fincludes%2Ftemplate-library&view=class.akismet-20250501124518.php HTTP/2.0" 200 12057 "-" "Mozilla/5.0 AppleWebKit/537.36 (KHTML, like Gecko; compatible; ClaudeBot/1.0; +claudebot@anthropic.com)" cepali.edu.mx 192.185.131.128
3.142.243.141 - - [08/May/2025:07:46:34 -0600] "GET /wp-content/mu-plugins/muse-20241124191950.php?chmod=feed-atom-20250501234747-20250502234725.php&p=wp-includes%2Fjs%2Ftinymce%2Fplugins%2Fcompat3x HTTP/2.0" 200 11892 "-" "Mozilla/5.0 AppleWebKit/537.36 (KHTML, like Gecko; compatible; ClaudeBot/1.0; +claudebot@anthropic.com)" cepali.edu.mx 192.185.131.128
3.142.243.141 - - [08/May/2025:07:46:35 -0600] "GET /wp-content/mu-plugins/muse.php?copy=wp-content%2Fuploads%2F2021%2F05%2Findex-20250305193148.php&p=wp-content%2Fuploads%2Fin138 HTTP/2.0" 200 11536 "-" "Mozilla/5.0 AppleWebKit/537.36 (KHTML, like Gecko; compatible; ClaudeBot/1.0; +claudebot@anthropic.com)" cepali.edu.mx 192.185.131.128
3.142.243.141 - - [08/May/2025:07:46:36 -0600] "GET /wp-content/mu-plugins/muse-20241124151243-20250419075352.php?copy=wp-content%2Fplugins%2Felementor%2Fpage-20250501200433-20250505054025.php&finish=1&p=wp-content%2Fplugins%2Felementor%2Fassets%2Flib%2Fe-gallery%2Fcss HTTP/2.0" 302 - "-" "Mozilla/5.0 AppleWebKit/537.36 (KHTML, like Gecko; compatible; ClaudeBot/1.0; +claudebot@anthropic.com)" cepali.edu.mx 192.185.131.128
3.142.243.141 - - [08/May/2025:07:46:36 -0600] "GET /wp-content/mu-plugins/muse-20241124151243-20250419075352.php?p=wp-content%2Fplugins%2Felementor%2Fassets%2Flib%2Fe-gallery%2Fcss HTTP/2.0" 200 43411 "https://cepali.edu.mx/wp-content/mu-plugins/muse-20241124151243-20250419075352.php?copy=wp-content%2Fplugins%2Felementor%2Fpage-20250501200433-20250505054025.php&finish=1&p=wp-content%2Fplugins%2Felementor%2Fassets%2Flib%2Fe-gallery%2Fcss" "Mozilla/5.0 AppleWebKit/537.36 (KHTML, like Gecko; compatible; ClaudeBot/1.0; +claudebot@anthropic.com)" cepali.edu.mx 192.185.131.128
3.142.243.141 - - [08/May/2025:07:46:37 -0600] "GET /css/zmFM-20241124115626.php?a=bj&f=%2Fhome2%2Fsdektunc%2Fcepali.edu.mx%2Fcss%2Fplugin-install-20241116044119-20241116190901.php HTTP/2.0" 200 4081 "-" "Mozilla/5.0 AppleWebKit/537.36 (KHTML, like Gecko; compatible; ClaudeBot/1.0; +claudebot@anthropic.com)" cepali.edu.mx 192.185.131.128
3.142.243.141 - - [08/May/2025:07:46:38 -0600] "GET /wp-content/mu-plugins/muse-20241124151243-20250419075352.php?copy=wp-content%2Fplugins%2Felementor%2Fassets%2Fjs%2Fpackages%2Fquery.min.js.LICENSE-20250502113555.txt&finish=1&p=wp-content%2Fplugins%2Felementor%2Fassets%2Fjs%2Fpackages%2Feditor-responsive HTTP/2.0" 302 - "-" "Mozilla/5.0 AppleWebKit/537.36 (KHTML, like Gecko; compatible; ClaudeBot/1.0; +claudebot@anthropic.com)" cepali.edu.mx 192.185.131.128
3.142.243.141 - - [08/May/2025:07:46:38 -0600] "GET /wp-content/mu-plugins/muse-20241124151243-20250419075352.php?p=wp-content%2Fplugins%2Felementor%2Fassets%2Fjs%2Fpackages%2Feditor-responsive HTTP/2.0" 200 45599 "https://cepali.edu.mx/wp-content/mu-plugins/muse-20241124151243-20250419075352.php?copy=wp-content%2Fplugins%2Felementor%2Fassets%2Fjs%2Fpackages%2Fquery.min.js.LICENSE-20250502113555.txt&finish=1&p=wp-content%2Fplugins%2Felementor%2Fassets%2Fjs%2Fpackages%2Feditor-responsive" "Mozilla/5.0 AppleWebKit/537.36 (KHTML, like Gecko; compatible; ClaudeBot/1.0; +claudebot@anthropic.com)" cepali.edu.mx 192.185.131.128
3.142.243.141 - - [08/May/2025:07:46:39 -0600] "GET /wp-content/mu-plugins/muse-20241124151243-20250419075352.php?copy=wp-content%2Fplugins%2Felementor%2Fmodules%2Fchecklist%2Fsteps%2Findex-20241124185431-20250507160255.php&p=wp-content%2Fplugins%2Felementor%2Fmodules%2Fchecklist HTTP/2.0" 200 11643 "-" "Mozilla/5.0 AppleWebKit/537.36 (KHTML, like Gecko; compatible; ClaudeBot/1.0; +claudebot@anthropic.com)" cepali.edu.mx 192.185.131.128
3.142.243.141 - - [08/May/2025:07:46:40 -0600] "GET /wp-content/mu-plugins/muse-20241124191950.php?copy=wp-content%2Fplugins%2Fakismet%2Fsingle-20250501174012-20250505163546.php&p=wp-content%2Fplugins%2Fakismet%2F_inc HTTP/2.0" 200 11580 "-" "Mozilla/5.0 AppleWebKit/537.36 (KHTML, like Gecko; compatible; ClaudeBot/1.0; +claudebot@anthropic.com)" cepali.edu.mx 192.185.131.128
40.77.167.13 - - [08/May/2025:07:46:40 -0600] "GET /562966034.phtml HTTP/2.0" 200 119602 "-" "Mozilla/5.0 AppleWebKit/537.36 (KHTML, like Gecko; compatible; bingbot/2.0; +http://www.bing.com/bingbot.htm) Chrome/116.0.1938.76 Safari/537.36" cepali.edu.mx 192.185.131.128
3.142.243.141 - - [08/May/2025:07:46:41 -0600] "GET /wp-content/mu-plugins/muse-20241124151243-20250419075352.php?copy=wp-content%2Fplugins%2Ftp-education%2Flanding-page.php&p=wp-content%2Fplugins%2Ftp-education%2Ftp-widget HTTP/2.0" 200 11547 "-" "Mozilla/5.0 AppleWebKit/537.36 (KHTML, like Gecko; compatible; ClaudeBot/1.0; +claudebot@anthropic.com)" cepali.edu.mx 192.185.131.128
3.142.243.141 - - [08/May/2025:07:46:42 -0600] "GET /wp-content/mu-plugins/muse-20241124151243-20250419075352.php?copy=wp-content%2Fplugins%2Felementor%2Fassets%2Fsvg-paths%2Fmodule-20250505020855.php&p=wp-content%2Fplugins%2Felementor%2Fassets%2Fsvg-paths HTTP/2.0" 200 11598 "-" "Mozilla/5.0 AppleWebKit/537.36 (KHTML, like Gecko; compatible; ClaudeBot/1.0; +claudebot@anthropic.com)" cepali.edu.mx 192.185.131.128
66.249.64.37 - - [08/May/2025:07:46:42 -0600] "GET /?_gl=1*1ix4f11*_gcl_au*MTYxMTI1OTI3MS4xNzIxODg2NjU0*_ga*ODYyMzk4MzA3LjE2OTk0NTM1Nzg.*_ga_7H42SVMQ0V*MTcyMTg4NjY1NS4xMjEuMS4xNzIxODg2NjY5LjQ2LjAuMA..&_ga=2.198040047.1958808748.1721886654-862398307.1699453578&_bdsid=2ulvIJ.n~ZXCIW.1721886656070.1721886848&_bd_prev_page=https://cepali.edu.mx/detail.php?mmuml/y1430193.html HTTP/1.1" 200 120365 "-" "Mozilla/5.0 (Linux; Android 6.0.1; Nexus 5X Build/MMB29P) AppleWebKit/537.36 (KHTML, like Gecko) Chrome/136.0.7103.59 Mobile Safari/537.36 (compatible; Googlebot/2.1; +http://www.google.com/bot.html)" cepali.edu.mx 192.185.131.128
52.167.144.174 - - [08/May/2025:07:46:43 -0600] "GET /qbhmw/z1776046.html HTTP/2.0" 200 119287 "-" "Mozilla/5.0 AppleWebKit/537.36 (KHTML, like Gecko; compatible; bingbot/2.0; +http://www.bing.com/bingbot.htm) Chrome/116.0.1938.76 Safari/537.36" www.cepali.edu.mx 192.185.131.128
