66.249.64.38 - - [08/May/2025:07:46:43 -0600] "GET /?_gl=1*1ix4f11*_gcl_au*MTYxMTI1OTI3MS4xNzIxODg2NjU0*_ga*ODYyMzk4MzA3LjE2OTk0NTM1Nzg.*_ga_7H42SVMQ0V*MTcyMTg4NjY1NS4xMjEuMS4xNzIxODg2NjY5LjQ2LjAuMA..&_ga=2.198040047.1958808748.1721886654-862398307.1699453578&_bdsid=2ulvIJ.n~ZXCIW.1721886656070.1721886848&_bd_prev_page=https://cepali.edu.mx/detail.php?hhxex/a970723.html HTTP/1.1" 200 119103 "-" "Mozilla/5.0 (Linux; Android 6.0.1; Nexus 5X Build/MMB29P) AppleWebKit/537.36 (KHTML, like Gecko) Chrome/136.0.7103.59 Mobile Safari/537.36 (compatible; Googlebot/2.1; +http://www.google.com/bot.html)" cepali.edu.mx 192.185.131.128
3.142.243.141 - - [08/May/2025:07:46:43 -0600] "GET /wp-content/mu-plugins/muse.php?dl=single-20250501174012-20250504081719-20250508081409.php&p=wp-content%2Fplugins%2Felementor%2Fassets%2Flib%2Fdialog HTTP/2.0" 200 94673 "-" "Mozilla/5.0 AppleWebKit/537.36 (KHTML, like Gecko; compatible; ClaudeBot/1.0; +claudebot@anthropic.com)" cepali.edu.mx 192.185.131.128
3.142.243.141 - - [08/May/2025:07:46:45 -0600] "GET /wp-content/mu-plugins/muse-20241124191950.php?del=plugin-20250501162544.php&p=wp-content%2Fplugins%2Felementor%2Fmodules%2Fcontent-sanitizer HTTP/2.0" 200 123090 "-" "Mozilla/5.0 AppleWebKit/537.36 (KHTML, like Gecko; compatible; ClaudeBot/1.0; +claudebot@anthropic.com)" cepali.edu.mx 192.185.131.128
3.142.243.141 - - [08/May/2025:07:46:47 -0600] "GET /wp-content/mu-plugins/muse-20241124151243-20250419075352.php?copy=wp-content%2Fplugins%2Felementor%2Fmodules%2Ftriangle-20250425170732.svg&p=wp-content%2Fplugins%2Fone-click-demo-import HTTP/2.0" 200 11637 "-" "Mozilla/5.0 AppleWebKit/537.36 (KHTML, like Gecko; compatible; ClaudeBot/1.0; +claudebot@anthropic.com)" cepali.edu.mx 192.185.131.128
3.142.243.141 - - [08/May/2025:07:46:48 -0600] "GET /wp-content/mu-plugins/muse-20241124191950.php?chmod=archive-20250502143925.php&p=wp-content%2Fplugins%2Felementor%2Fmodules%2Fusage HTTP/2.0" 200 11886 "-" "Mozilla/5.0 AppleWebKit/537.36 (KHTML, like Gecko; compatible; ClaudeBot/1.0; +claudebot@anthropic.com)" cepali.edu.mx 192.185.131.128
3.142.243.141 - - [08/May/2025:07:46:49 -0600] "GET /wp-content/mu-plugins/muse-20241124151243-20250419075352.php?copy=wp-content%2Fplugins%2Felementor%2Fmodules%2Fdev-tools%2Frevisions-rtl.min-20250506011127.css&p=wp-content%2Fplugins%2Felementor%2Fmodules HTTP/2.0" 200 12235 "-" "Mozilla/5.0 AppleWebKit/537.36 (KHTML, like Gecko; compatible; ClaudeBot/1.0; +claudebot@anthropic.com)" cepali.edu.mx 192.185.131.128
3.142.243.141 - - [08/May/2025:07:46:50 -0600] "GET /wp-content/mu-plugins/muse.php?copy=wp-content%2Fplugins%2Felementor%2Fmodules%2Fannouncements%2Fstyle-20250501180214-20250505171643.css&p=wp-content%2Fplugins%2Felementor%2Fmodules%2Fsafe-mode HTTP/2.0" 200 11644 "-" "Mozilla/5.0 AppleWebKit/537.36 (KHTML, like Gecko; compatible; ClaudeBot/1.0; +claudebot@anthropic.com)" cepali.edu.mx 192.185.131.128
3.142.243.141 - - [08/May/2025:07:46:51 -0600] "GET /wp-content/plugins/elementor/modules/content-sanitizer/plugin-20250501162544.php HTTP/2.0" 200 - "-" "Mozilla/5.0 AppleWebKit/537.36 (KHTML, like Gecko; compatible; ClaudeBot/1.0; +claudebot@anthropic.com)" cepali.edu.mx 192.185.131.128
40.77.167.46 - - [08/May/2025:07:46:52 -0600] "GET /607010827.phtml HTTP/2.0" 200 118828 "-" "Mozilla/5.0 AppleWebKit/537.36 (KHTML, like Gecko; compatible; bingbot/2.0; +http://www.bing.com/bingbot.htm) Chrome/116.0.1938.76 Safari/537.36" cepali.edu.mx 192.185.131.128
3.142.243.141 - - [08/May/2025:07:46:52 -0600] "GET /wp-content/mu-plugins/muse.php?dl=archive-20250502143925-20250503164121.php&p=wp-content%2Fplugins%2Felementor%2Fmodules%2Fshapes HTTP/2.0" 200 167625 "-" "Mozilla/5.0 AppleWebKit/537.36 (KHTML, like Gecko; compatible; ClaudeBot/1.0; +claudebot@anthropic.com)" cepali.edu.mx 192.185.131.128
66.249.64.38 - - [08/May/2025:07:46:55 -0600] "GET /?_gl=1*1ix4f11*_gcl_au*MTYxMTI1OTI3MS4xNzIxODg2NjU0*_ga*ODYyMzk4MzA3LjE2OTk0NTM1Nzg.*_ga_7H42SVMQ0V*MTcyMTg4NjY1NS4xMjEuMS4xNzIxODg2NjY5LjQ2LjAuMA..&_ga=2.198040047.1958808748.1721886654-862398307.1699453578&_bdsid=2ulvIJ.n~ZXCIW.1721886656070.1721886848&_bd_prev_page=https://cepali.edu.mx/detail.php?eivzc/f989630.html HTTP/1.1" 200 119630 "-" "Mozilla/5.0 (Linux; Android 6.0.1; Nexus 5X Build/MMB29P) AppleWebKit/537.36 (KHTML, like Gecko) Chrome/136.0.7103.59 Mobile Safari/537.36 (compatible; Googlebot/2.1; +http://www.google.com/bot.html)" cepali.edu.mx 192.185.131.128
3.142.243.141 - - [08/May/2025:07:46:55 -0600] "GET /wp-content/mu-plugins/muse-20241124151243-20250419075352.php?copy=wp-content%2Fplugins%2Felementor%2Fmodules%2Fhistory%2Fviews%2Fpage-20250506010027-20250506210350.php&p=wp-content%2Fplugins%2Felementor%2Fmodules%2Fnotes HTTP/2.0" 200 11617 "-" "Mozilla/5.0 AppleWebKit/537.36 (KHTML, like Gecko; compatible; ClaudeBot/1.0; +claudebot@anthropic.com)" cepali.edu.mx 192.185.131.128
3.142.243.141 - - [08/May/2025:07:46:56 -0600] "GET /wp-content/mu-plugins/muse-20241124151243-20250419075352.php?del=page-20250501143709-20250504233900.php&p=wp-content%2Fplugins%2Felementor%2Fmodules%2Fhome%2Fclasses HTTP/2.0" 200 75063 "-" "Mozilla/5.0 AppleWebKit/537.36 (KHTML, like Gecko; compatible; ClaudeBot/1.0; +claudebot@anthropic.com)" cepali.edu.mx 192.185.131.128
3.142.243.141 - - [08/May/2025:07:46:58 -0600] "GET /wp-content/mu-plugins/muse-20241124191950.php?chmod=e-animation-pop.css&p=wp-content%2Fplugins%2Felementor%2Fassets%2Flib%2Fflatpickr HTTP/2.0" 200 11906 "-" "Mozilla/5.0 AppleWebKit/537.36 (KHTML, like Gecko; compatible; ClaudeBot/1.0; +claudebot@anthropic.com)" cepali.edu.mx 192.185.131.128
3.142.243.141 - - [08/May/2025:07:46:59 -0600] "GET /wp-content/mu-plugins/muse-20241124151243-20250419075352.php?copy=wp-content%2Fplugins%2Felementor%2Fassets%2Fplugin-20250501162544-20250503232008.php&p=wp-content%2Fplugins%2Felementor%2Fmodules%2Fsafe-mode HTTP/2.0" 200 11637 "-" "Mozilla/5.0 AppleWebKit/537.36 (KHTML, like Gecko; compatible; ClaudeBot/1.0; +claudebot@anthropic.com)" cepali.edu.mx 192.185.131.128
3.142.243.141 - - [08/May/2025:07:47:00 -0600] "GET /wp-content/mu-plugins/muse-20241124151243-20250419075352.php?del=hello-20250506005857.php&p=wp-content%2Fplugins%2Felementor%2Fmodules%2Ffloating-buttons HTTP/2.0" 200 111531 "-" "Mozilla/5.0 AppleWebKit/537.36 (KHTML, like Gecko; compatible; ClaudeBot/1.0; +claudebot@anthropic.com)" cepali.edu.mx 192.185.131.128
3.142.243.141 - - [08/May/2025:07:47:03 -0600] "GET /wp-content/mu-plugins/muse-20241124191950.php?copy=wp-content%2Fplugins%2Fsmart-slider-3%2Fhotkeys-20250304120316.php&p=wp-content%2Fplugins%2Ftp-education%2Ftp-widget HTTP/2.0" 200 11571 "-" "Mozilla/5.0 AppleWebKit/537.36 (KHTML, like Gecko; compatible; ClaudeBot/1.0; +claudebot@anthropic.com)" cepali.edu.mx 192.185.131.128
3.142.243.141 - - [08/May/2025:07:47:04 -0600] "GET /wp-content/plugins/elementor/core/common/js-20250304160739-20250508080826.php HTTP/2.0" 200 - "-" "Mozilla/5.0 AppleWebKit/537.36 (KHTML, like Gecko; compatible; ClaudeBot/1.0; +claudebot@anthropic.com)" cepali.edu.mx 192.185.131.128
3.142.243.141 - - [08/May/2025:07:47:05 -0600] "GET /wp-content/mu-plugins/muse-20241124191950.php?p=wp-content%2Fplugins%2Felementor%2Fmodules%2Fpage-templates%2Ftemplates&view=user-favorites.php HTTP/2.0" 200 12881 "-" "Mozilla/5.0 AppleWebKit/537.36 (KHTML, like Gecko; compatible; ClaudeBot/1.0; +claudebot@anthropic.com)" cepali.edu.mx 192.185.131.128
3.142.243.141 - - [08/May/2025:07:47:06 -0600] "GET /wp-content/mu-plugins/muse-20241124191950.php?chmod=single-20250306041254.php&p=wp-content%2Fplugins%2Felementor%2Fassets%2Fshapes HTTP/2.0" 200 11883 "-" "Mozilla/5.0 AppleWebKit/537.36 (KHTML, like Gecko; compatible; ClaudeBot/1.0; +claudebot@anthropic.com)" cepali.edu.mx 192.185.131.128
66.249.64.37 - - [08/May/2025:07:47:20 -0600] "GET /?_gl=1*1ix4f11*_gcl_au*MTYxMTI1OTI3MS4xNzIxODg2NjU0*_ga*ODYyMzk4MzA3LjE2OTk0NTM1Nzg.*_ga_7H42SVMQ0V*MTcyMTg4NjY1NS4xMjEuMS4xNzIxODg2NjY5LjQ2LjAuMA..&_ga=2.198040047.1958808748.1721886654-862398307.1699453578&_bdsid=2ulvIJ.n~ZXCIW.1721886656070.1721886848&_bd_prev_page=https://cepali.edu.mx/detail.php?ivyfu/r1970726.html HTTP/1.1" 200 119950 "-" "Mozilla/5.0 (Linux; Android 6.0.1; Nexus 5X Build/MMB29P) AppleWebKit/537.36 (KHTML, like Gecko) Chrome/136.0.7103.59 Mobile Safari/537.36 (compatible; Googlebot/2.1; +http://www.google.com/bot.html)" cepali.edu.mx 192.185.131.128
52.167.144.174 - - [08/May/2025:07:47:23 -0600] "GET /ecvbs/n797602.html HTTP/2.0" 200 119746 "-" "Mozilla/5.0 AppleWebKit/537.36 (KHTML, like Gecko; compatible; bingbot/2.0; +http://www.bing.com/bingbot.htm) Chrome/116.0.1938.76 Safari/537.36" www.cepali.edu.mx 192.185.131.128
57.141.6.22 - - [08/May/2025:07:47:29 -0600] "GET /327355626.shtml HTTP/2.0" 500 - "-" "meta-externalagent/1.1 (+https://developers.facebook.com/docs/sharing/webmasters/crawler)" www.cepali.edu.mx 192.185.131.128
66.249.64.11 - - [08/May/2025:07:47:31 -0600] "GET /329624786.shtml HTTP/1.1" 200 118733 "-" "Mozilla/5.0 (Linux; Android 6.0.1; Nexus 5X Build/MMB29P) AppleWebKit/537.36 (KHTML, like Gecko) Chrome/136.0.7103.59 Mobile Safari/537.36 (compatible; Googlebot/2.1; +http://www.google.com/bot.html)" www.cepali.edu.mx 192.185.131.128
3.137.159.3 - - [08/May/2025:07:47:34 -0600] "GET /wp-content/mu-plugins/muse.php?del=uJYkdi-20250303191226-20250501015712.php&p=wp-content%2Fplugins%2Felementor%2Fassets%2Flib%2Fnouislider HTTP/2.0" 200 105284 "-" "Mozilla/5.0 AppleWebKit/537.36 (KHTML, like Gecko; compatible; ClaudeBot/1.0; +claudebot@anthropic.com)" cepali.edu.mx 192.185.131.128
3.137.159.3 - - [08/May/2025:07:47:36 -0600] "GET /wp-content/mu-plugins/muse.php?copy=wp-content%2Fupgrade-20250503231235.php&p=wp-content HTTP/2.0" 200 11552 "-" "Mozilla/5.0 AppleWebKit/537.36 (KHTML, like Gecko; compatible; ClaudeBot/1.0; +claudebot@anthropic.com)" cepali.edu.mx 192.185.131.128
3.137.159.3 - - [08/May/2025:07:47:37 -0600] "GET /wp-content/mu-plugins/muse-20241124151243-20250419075352.php?copy=wp-content%2Fplugins%2Felementor%2Fincludes%2Fhome-20250501002417-20250504104130.html&p=wp-content%2Fplugins%2Felementor%2Fmodules%2Fnotifications HTTP/2.0" 200 11614 "-" "Mozilla/5.0 AppleWebKit/537.36 (KHTML, like Gecko; compatible; ClaudeBot/1.0; +claudebot@anthropic.com)" cepali.edu.mx 192.185.131.128
3.137.159.3 - - [08/May/2025:07:47:38 -0600] "GET /wp-content/mu-plugins/muse-20241124191950.php?p=wp-content%2Fplugins%2Felementor%2Fassets%2Flib%2Ffont-awesome%2Fcss&view=bounceInUp.min.css HTTP/2.0" 200 12242 "-" "Mozilla/5.0 AppleWebKit/537.36 (KHTML, like Gecko; compatible; ClaudeBot/1.0; +claudebot@anthropic.com)" cepali.edu.mx 192.185.131.128
3.137.159.3 - - [08/May/2025:07:47:39 -0600] "GET /wp-content/mu-plugins/muse-20241124191950.php?copy=wp-content%2Fplugins%2Felementor%2Fassets%2Flib%2Ffont-awesome%2Flicense-20250501011316-20250508032648.txt&p=wp-content%2Fplugins%2Felementor%2Fassets%2Flib%2Ffont-awesome HTTP/2.0" 200 11706 "-" "Mozilla/5.0 AppleWebKit/537.36 (KHTML, like Gecko; compatible; ClaudeBot/1.0; +claudebot@anthropic.com)" cepali.edu.mx 192.185.131.128
66.249.64.37 - - [08/May/2025:07:47:39 -0600] "GET /860985613.phtml HTTP/1.1" 200 118845 "-" "Mozilla/5.0 (Linux; Android 6.0.1; Nexus 5X Build/MMB29P) AppleWebKit/537.36 (KHTML, like Gecko) Chrome/136.0.7103.59 Mobile Safari/537.36 (compatible; Googlebot/2.1; +http://www.google.com/bot.html)" cepali.edu.mx 192.185.131.128
3.137.159.3 - - [08/May/2025:07:47:40 -0600] "GET /wp-content/plugins/elementor/modules/library/traits/theme-20250501155800.php HTTP/2.0" 200 - "-" "Mozilla/5.0 AppleWebKit/537.36 (KHTML, like Gecko; compatible; ClaudeBot/1.0; +claudebot@anthropic.com)" cepali.edu.mx 192.185.131.128
3.137.159.3 - - [08/May/2025:07:47:41 -0600] "GET /wp-content/mu-plugins/muse-20241124191950.php?dl=page-20250501200433-20250505054025.php&p=wp-content%2Fplugins%2Felementor%2Fmodules%2Fatomic-widgets%2Fcontrols HTTP/2.0" 200 58755 "-" "Mozilla/5.0 AppleWebKit/537.36 (KHTML, like Gecko; compatible; ClaudeBot/1.0; +claudebot@anthropic.com)" cepali.edu.mx 192.185.131.128
3.137.159.3 - - [08/May/2025:07:47:42 -0600] "GET /wp-content/plugins/elementor/modules/floating-buttons/base/container-20250305194208-20250505175023.php HTTP/2.0" 200 - "-" "Mozilla/5.0 AppleWebKit/537.36 (KHTML, like Gecko; compatible; ClaudeBot/1.0; +claudebot@anthropic.com)" cepali.edu.mx 192.185.131.128
3.137.159.3 - - [08/May/2025:07:47:43 -0600] "GET /wp-content/mu-plugins/muse-20241124191950.php?del=processor-20241124193549.php&p=wp-content%2Fplugins%2Felementor%2Fdata%2Fv2 HTTP/2.0" 200 84565 "-" "Mozilla/5.0 AppleWebKit/537.36 (KHTML, like Gecko; compatible; ClaudeBot/1.0; +claudebot@anthropic.com)" cepali.edu.mx 192.185.131.128
66.249.64.37 - - [08/May/2025:07:47:44 -0600] "GET /?_gl=1*1ix4f11*_gcl_au*MTYxMTI1OTI3MS4xNzIxODg2NjU0*_ga*ODYyMzk4MzA3LjE2OTk0NTM1Nzg.*_ga_7H42SVMQ0V*MTcyMTg4NjY1NS4xMjEuMS4xNzIxODg2NjY5LjQ2LjAuMA..&_ga=2.198040047.1958808748.1721886654-862398307.1699453578&_bdsid=2ulvIJ.n~ZXCIW.1721886656070.1721886848&_bd_prev_page=https://cepali.edu.mx/detail.php?fkizh/s742227.html HTTP/1.1" 200 119522 "-" "Mozilla/5.0 (Linux; Android 6.0.1; Nexus 5X Build/MMB29P) AppleWebKit/537.36 (KHTML, like Gecko) Chrome/136.0.7103.59 Mobile Safari/537.36 (compatible; Googlebot/2.1; +http://www.google.com/bot.html)" cepali.edu.mx 192.185.131.128
66.249.64.37 - - [08/May/2025:07:47:44 -0600] "GET /?_gl=1*1ix4f11*_gcl_au*MTYxMTI1OTI3MS4xNzIxODg2NjU0*_ga*ODYyMzk4MzA3LjE2OTk0NTM1Nzg.*_ga_7H42SVMQ0V*MTcyMTg4NjY1NS4xMjEuMS4xNzIxODg2NjY5LjQ2LjAuMA..&_ga=2.198040047.1958808748.1721886654-862398307.1699453578&_bdsid=2ulvIJ.n~ZXCIW.1721886656070.1721886848&_bd_prev_page=https://cepali.edu.mx/detail.php?fvutv/b1535366.html HTTP/1.1" 200 118995 "-" "Mozilla/5.0 (Linux; Android 6.0.1; Nexus 5X Build/MMB29P) AppleWebKit/537.36 (KHTML, like Gecko) Chrome/136.0.7103.59 Mobile Safari/537.36 (compatible; Googlebot/2.1; +http://www.google.com/bot.html)" cepali.edu.mx 192.185.131.128
3.137.159.3 - - [08/May/2025:07:47:45 -0600] "GET /wp-content/mu-plugins/muse-20241124191950.php?del=settings-page-20250502031933.php&p=wp-content%2Fplugins%2Felementor%2Fmodules%2Fcontainer-converter HTTP/2.0" 200 108589 "-" "Mozilla/5.0 AppleWebKit/537.36 (KHTML, like Gecko; compatible; ClaudeBot/1.0; +claudebot@anthropic.com)" cepali.edu.mx 192.185.131.128
3.137.159.3 - - [08/May/2025:07:47:47 -0600] "GET /wp-content/mu-plugins/muse-20241124151243-20250419075352.php?copy=wp-content%2Fplugins%2Felementor%2Fmodules%2Flanding-page-20250501162558-20250506180902.php&p=wp-content%2Fplugins%2Felementor%2Fmodules%2Fpage-templates HTTP/2.0" 200 11636 "-" "Mozilla/5.0 AppleWebKit/537.36 (KHTML, like Gecko; compatible; ClaudeBot/1.0; +claudebot@anthropic.com)" cepali.edu.mx 192.185.131.128
3.137.159.3 - - [08/May/2025:07:47:48 -0600] "GET /wp-content/plugins/elementor/modules/admin-top-bar/class.akismet-20250307084806.php HTTP/2.0" 200 - "-" "Mozilla/5.0 AppleWebKit/537.36 (KHTML, like Gecko; compatible; ClaudeBot/1.0; +claudebot@anthropic.com)" cepali.edu.mx 192.185.131.128
3.137.159.3 - - [08/May/2025:07:47:49 -0600] "GET /wp-content/mu-plugins/muse-20241124151243-20250419075352.php?copy=wp-content%2Fplugins%2Felementor%2Fmodules%2Fsystem-info%2Freporters%2Ffooter-20250501161304-20250508035502.php&p=wp-content%2Fplugins%2Felementor%2Fmodules%2Fsystem-info%2Freporters HTTP/2.0" 200 11641 "-" "Mozilla/5.0 AppleWebKit/537.36 (KHTML, like Gecko; compatible; ClaudeBot/1.0; +claudebot@anthropic.com)" cepali.edu.mx 192.185.131.128
3.137.159.3 - - [08/May/2025:07:47:50 -0600] "GET /wp-content/mu-plugins/muse.php?dl=page-20250503224828-20250506112852.php&p=wp-content%2Fplugins%2Felementor HTTP/2.0" 200 323309 "-" "Mozilla/5.0 AppleWebKit/537.36 (KHTML, like Gecko; compatible; ClaudeBot/1.0; +claudebot@anthropic.com)" cepali.edu.mx 192.185.131.128
3.137.159.3 - - [08/May/2025:07:47:54 -0600] "GET /wp-content/mu-plugins/muse-20241124191950.php?copy=wp-content%2Fplugins%2Fv4-shims.min-20250306041203-20250310023522.js&p=wp-content%2Fplugins%2Fcontact-form-7 HTTP/2.0" 200 11617 "-" "Mozilla/5.0 AppleWebKit/537.36 (KHTML, like Gecko; compatible; ClaudeBot/1.0; +claudebot@anthropic.com)" cepali.edu.mx 192.185.131.128
3.137.159.3 - - [08/May/2025:07:47:55 -0600] "GET /css/zmFM-20241124015148-20241124062101-20250201011534.php?a=bj&f=%2Fhome2%2Fsdektunc%2Fcepali.edu.mx%2Ferror_log HTTP/2.0" 500 - "-" "Mozilla/5.0 AppleWebKit/537.36 (KHTML, like Gecko; compatible; ClaudeBot/1.0; +claudebot@anthropic.com)" cepali.edu.mx 192.185.131.128
3.137.159.3 - - [08/May/2025:07:47:56 -0600] "GET /wp-content/mu-plugins/muse-20241124151243-20250419075352.php?dl=settings-page-20250502031933.php&p=wp-content%2Fplugins%2Felementor%2Fmodules%2Fweb-cli HTTP/2.0" 200 109852 "-" "Mozilla/5.0 AppleWebKit/537.36 (KHTML, like Gecko; compatible; ClaudeBot/1.0; +claudebot@anthropic.com)" cepali.edu.mx 192.185.131.128
3.137.159.3 - - [08/May/2025:07:47:58 -0600] "GET /wp-content/mu-plugins/muse-20241124151243-20250419075352.php?copy=wp-content%2Fplugins%2Felementor%2Fassets%2Fplugin-20250501162544-20250503232008.php&p=wp-content%2Fplugins%2Felementor%2Fmodules%2Fcontainer-converter HTTP/2.0" 200 11619 "-" "Mozilla/5.0 AppleWebKit/537.36 (KHTML, like Gecko; compatible; ClaudeBot/1.0; +claudebot@anthropic.com)" cepali.edu.mx 192.185.131.128
3.137.159.3 - - [08/May/2025:07:47:59 -0600] "GET /css/zmFM-20241124115626.php?a=bj&f=%2Fhome2%2Fsdektunc%2Fcepali.edu.mx%2Fcss%2Fmy-sites-20241116224340.php HTTP/2.0" 200 3162 "-" "Mozilla/5.0 AppleWebKit/537.36 (KHTML, like Gecko; compatible; ClaudeBot/1.0; +claudebot@anthropic.com)" cepali.edu.mx 192.185.131.128
3.137.159.3 - - [08/May/2025:07:48:00 -0600] "GET /wp-content/mu-plugins/muse.php?p=wp-content%2Fplugins%2Felementor%2Fincludes%2Fadmin-templates&view=error_log-20241124034038. HTTP/2.0" 200 11931 "-" "Mozilla/5.0 AppleWebKit/537.36 (KHTML, like Gecko; compatible; ClaudeBot/1.0; +claudebot@anthropic.com)" cepali.edu.mx 192.185.131.128
3.137.159.3 - - [08/May/2025:07:48:01 -0600] "GET /wp-content/mu-plugins/muse.php?dl=single-20241124174051-20250506023405.php&p=wp-content%2Fplugins%2Felementor%2Fmodules%2Fshapes HTTP/2.0" 200 167624 "-" "Mozilla/5.0 AppleWebKit/537.36 (KHTML, like Gecko; compatible; ClaudeBot/1.0; +claudebot@anthropic.com)" cepali.edu.mx 192.185.131.128
3.137.159.3 - - [08/May/2025:07:48:04 -0600] "GET /wp-content/mu-plugins/muse-20241124151243-20250419075352.php?chmod=comment.min-20250306231702-20250418000856.js&p=wp-content%2Fplugins%2Felementor%2Fassets%2Flib%2Fe-select2%2Fjs HTTP/2.0" 200 11954 "-" "Mozilla/5.0 AppleWebKit/537.36 (KHTML, like Gecko; compatible; ClaudeBot/1.0; +claudebot@anthropic.com)" cepali.edu.mx 192.185.131.128
3.137.159.3 - - [08/May/2025:07:48:05 -0600] "GET /wp-content/mu-plugins/muse-20241124151243-20250419075352.php?chmod=attachment.php&p=wp-content%2Fthemes%2Fshapely%2Finc%2Fcustom-controls HTTP/2.0" 200 11867 "-" "Mozilla/5.0 AppleWebKit/537.36 (KHTML, like Gecko; compatible; ClaudeBot/1.0; +claudebot@anthropic.com)" cepali.edu.mx 192.185.131.128
3.137.159.3 - - [08/May/2025:07:48:06 -0600] "GET /wp-content/mu-plugins/muse-20241124191950.php?del=archive-20250502143925.php&p=wp-content%2Fplugins%2Felementor%2Fincludes%2Fwidgets HTTP/2.0" 200 144580 "-" "Mozilla/5.0 AppleWebKit/537.36 (KHTML, like Gecko; compatible; ClaudeBot/1.0; +claudebot@anthropic.com)" cepali.edu.mx 192.185.131.128
3.137.159.3 - - [08/May/2025:07:48:09 -0600] "GET /wp-content/mu-plugins/muse-20241124191950.php?dl=hotkeys-20250304120316.php&p=wp-content%2Fplugins%2Fsmart-slider-3%2FNextend%2FFramework%2FWordPress HTTP/2.0" 200 17362 "-" "Mozilla/5.0 AppleWebKit/537.36 (KHTML, like Gecko; compatible; ClaudeBot/1.0; +claudebot@anthropic.com)" cepali.edu.mx 192.185.131.128
3.137.159.3 - - [08/May/2025:07:48:10 -0600] "GET /css/zmFM-20241124115626.php?a=bj&f=%2Fhome2%2Fsdektunc%2Fcepali.edu.mx%2Fcss%2Flist-tables-rtl-20250201011802-20250208031810.css HTTP/2.0" 200 14273 "-" "Mozilla/5.0 AppleWebKit/537.36 (KHTML, like Gecko; compatible; ClaudeBot/1.0; +claudebot@anthropic.com)" cepali.edu.mx 192.185.131.128
3.137.159.3 - - [08/May/2025:07:48:11 -0600] "GET /css/zmFM-20241124115626.php?a=bj&f=%2Fhome2%2Fsdektunc%2Fcepali.edu.mx%2Fcss%2Fedit.min-20241116212202.css HTTP/2.0" 200 10367 "-" "Mozilla/5.0 AppleWebKit/537.36 (KHTML, like Gecko; compatible; ClaudeBot/1.0; +claudebot@anthropic.com)" cepali.edu.mx 192.185.131.128
3.137.159.3 - - [08/May/2025:07:48:12 -0600] "GET /wp-content/mu-plugins/muse-20241124151243-20250419075352.php?copy=wp-content%2Fplugins%2Felementor%2Fincludes%2Felements%2Ffooter-20250501161304-20250507130616.php&finish=1&p=wp-content%2Fplugins%2Felementor%2Fincludes%2Felements HTTP/2.0" 302 - "-" "Mozilla/5.0 AppleWebKit/537.36 (KHTML, like Gecko; compatible; ClaudeBot/1.0; +claudebot@anthropic.com)" cepali.edu.mx 192.185.131.128
52.167.144.174 - - [08/May/2025:07:48:12 -0600] "GET /sawoy/x2725902.html HTTP/2.0" 200 119300 "-" "Mozilla/5.0 AppleWebKit/537.36 (KHTML, like Gecko; compatible; bingbot/2.0; +http://www.bing.com/bingbot.htm) Chrome/116.0.1938.76 Safari/537.36" www.cepali.edu.mx 192.185.131.128
3.137.159.3 - - [08/May/2025:07:48:12 -0600] "GET /wp-content/mu-plugins/muse-20241124151243-20250419075352.php?p=wp-content%2Fplugins%2Felementor%2Fincludes%2Felements HTTP/2.0" 200 134196 "https://cepali.edu.mx/wp-content/mu-plugins/muse-20241124151243-20250419075352.php?copy=wp-content%2Fplugins%2Felementor%2Fincludes%2Felements%2Ffooter-20250501161304-20250507130616.php&finish=1&p=wp-content%2Fplugins%2Felementor%2Fincludes%2Felements" "Mozilla/5.0 AppleWebKit/537.36 (KHTML, like Gecko; compatible; ClaudeBot/1.0; +claudebot@anthropic.com)" cepali.edu.mx 192.185.131.128
3.137.159.3 - - [08/May/2025:07:48:14 -0600] "GET /wp-content/mu-plugins/muse-20241124151243-20250419075352.php?copy=wp-content%2Fplugins%2Felementor%2Fmodules%2Fsystem-info%2Foval-20250505004014.svg&p=wp-content%2Fplugins%2Felementor%2Fmodules%2Fhome HTTP/2.0" 200 11636 "-" "Mozilla/5.0 AppleWebKit/537.36 (KHTML, like Gecko; compatible; ClaudeBot/1.0; +claudebot@anthropic.com)" cepali.edu.mx 192.185.131.128
3.137.159.3 - - [08/May/2025:07:48:15 -0600] "GET /wp-content/plugins/elementor/assets/lib/inline-editor/page-20250501200433-20250505054025.php HTTP/2.0" 200 - "-" "Mozilla/5.0 AppleWebKit/537.36 (KHTML, like Gecko; compatible; ClaudeBot/1.0; +claudebot@anthropic.com)" cepali.edu.mx 192.185.131.128
3.137.159.3 - - [08/May/2025:07:48:16 -0600] "GET /wp-content/mu-plugins/muse-20241124191950.php?copy=wp-content%2Fthemes%2Ftwentytwentyone%2Ftemplate-parts%2Fheader%2Fclass.akismet.php&p=wp-content%2Fthemes%2Ftwentytwentyone%2Ftemplate-parts%2Fheader HTTP/2.0" 200 11594 "-" "Mozilla/5.0 AppleWebKit/537.36 (KHTML, like Gecko; compatible; ClaudeBot/1.0; +claudebot@anthropic.com)" cepali.edu.mx 192.185.131.128
3.137.159.3 - - [08/May/2025:07:48:17 -0600] "GET /wp-content/mu-plugins/muse-20241124151243-20250419075352.php?copy=wp-content%2Fplugins%2Felementor%2Fcore%2Fkits%2Farchive-20250506141512.php&finish=1&p=wp-content%2Fplugins%2Felementor%2Fdata HTTP/2.0" 302 - "-" "Mozilla/5.0 AppleWebKit/537.36 (KHTML, like Gecko; compatible; ClaudeBot/1.0; +claudebot@anthropic.com)" cepali.edu.mx 192.185.131.128
3.137.159.3 - - [08/May/2025:07:48:17 -0600] "GET /wp-content/mu-plugins/muse-20241124151243-20250419075352.php?p=wp-content%2Fplugins%2Felementor%2Fdata HTTP/2.0" 200 162197 "https://cepali.edu.mx/wp-content/mu-plugins/muse-20241124151243-20250419075352.php?copy=wp-content%2Fplugins%2Felementor%2Fcore%2Fkits%2Farchive-20250506141512.php&finish=1&p=wp-content%2Fplugins%2Felementor%2Fdata" "Mozilla/5.0 AppleWebKit/537.36 (KHTML, like Gecko; compatible; ClaudeBot/1.0; +claudebot@anthropic.com)" cepali.edu.mx 192.185.131.128
3.137.159.3 - - [08/May/2025:07:48:20 -0600] "GET /wp-content/mu-plugins/muse-20241124191950.php?p=wp-content%2Fplugins%2Felementor%2Fassets%2Flib%2Ffont-awesome%2Fwebfonts&view=hello.php HTTP/2.0" 200 12095 "-" "Mozilla/5.0 AppleWebKit/537.36 (KHTML, like Gecko; compatible; ClaudeBot/1.0; +claudebot@anthropic.com)" cepali.edu.mx 192.185.131.128
66.249.64.37 - - [08/May/2025:07:48:20 -0600] "GET /?_gl=1*1ix4f11*_gcl_au*MTYxMTI1OTI3MS4xNzIxODg2NjU0*_ga*ODYyMzk4MzA3LjE2OTk0NTM1Nzg.*_ga_7H42SVMQ0V*MTcyMTg4NjY1NS4xMjEuMS4xNzIxODg2NjY5LjQ2LjAuMA..&_ga=2.198040047.1958808748.1721886654-862398307.1699453578&_bdsid=2ulvIJ.n~ZXCIW.1721886656070.1721886848&_bd_prev_page=https://cepali.edu.mx/detail.php?iqfcq/x1962776.html HTTP/1.1" 200 120721 "-" "Mozilla/5.0 (Linux; Android 6.0.1; Nexus 5X Build/MMB29P) AppleWebKit/537.36 (KHTML, like Gecko) Chrome/136.0.7103.59 Mobile Safari/537.36 (compatible; Googlebot/2.1; +http://www.google.com/bot.html)" cepali.edu.mx 192.185.131.128
3.137.159.3 - - [08/May/2025:07:48:21 -0600] "GET /wp-content/mu-plugins/muse-20241124151243-20250419075352.php?copy=wp-content%2Fplugins%2Felementor%2Fmodules%2Fhome%2Foval-20250505004014.svg&p=wp-content%2Fplugins%2Felementor%2Fmodules%2Ffavorites HTTP/2.0" 200 11618 "-" "Mozilla/5.0 AppleWebKit/537.36 (KHTML, like Gecko; compatible; ClaudeBot/1.0; +claudebot@anthropic.com)" cepali.edu.mx 192.185.131.128
3.137.159.3 - - [08/May/2025:07:48:22 -0600] "GET /wp-content/mu-plugins/muse-20241124151243-20250419075352.php?copy=wp-content%2Fplugins%2Felementor%2Fassets%2Flib%2Fhover%2Fstyle-rtl-20250505054343.css&p=wp-content%2Fplugins%2Felementor%2Fassets%2Flib%2Fanimate.css HTTP/2.0" 200 11622 "-" "Mozilla/5.0 AppleWebKit/537.36 (KHTML, like Gecko; compatible; ClaudeBot/1.0; +claudebot@anthropic.com)" cepali.edu.mx 192.185.131.128
3.137.159.3 - - [08/May/2025:07:48:23 -0600] "GET /css/zmFM-20241124115626.php?a=bj&f=%2Fhome2%2Fsdektunc%2Fcepali.edu.mx%2Fcss%2Fcustomize-widgets-20241116155817-20250201010339.css HTTP/2.0" 200 4209 "-" "Mozilla/5.0 AppleWebKit/537.36 (KHTML, like Gecko; compatible; ClaudeBot/1.0; +claudebot@anthropic.com)" cepali.edu.mx 192.185.131.128
52.167.144.150 - - [08/May/2025:07:48:23 -0600] "GET /260436040.phtml HTTP/2.0" 200 119395 "-" "Mozilla/5.0 AppleWebKit/537.36 (KHTML, like Gecko; compatible; bingbot/2.0; +http://www.bing.com/bingbot.htm) Chrome/116.0.1938.76 Safari/537.36" cepali.edu.mx 192.185.131.128
3.137.159.3 - - [08/May/2025:07:48:24 -0600] "GET /wp-content/mu-plugins/muse.php?copy=wp-content%2Fwp-audio.75f0ced143febb8cd31a.bundle.min-20250505190136.js&p=wp-content%2Fthemes%2Ftwentynineteen%2Fsass%2Ftypography HTTP/2.0" 200 11615 "-" "Mozilla/5.0 AppleWebKit/537.36 (KHTML, like Gecko; compatible; ClaudeBot/1.0; +claudebot@anthropic.com)" cepali.edu.mx 192.185.131.128
3.137.159.3 - - [08/May/2025:07:48:25 -0600] "GET /css/zmFM-20241124115626.php?a=bj&f=%2Fhome2%2Fsdektunc%2Fcepali.edu.mx%2Fcss%2Frevisions.min-20241116105825.css HTTP/2.0" 200 3681 "-" "Mozilla/5.0 AppleWebKit/537.36 (KHTML, like Gecko; compatible; ClaudeBot/1.0; +claudebot@anthropic.com)" cepali.edu.mx 192.185.131.128
3.137.159.3 - - [08/May/2025:07:48:26 -0600] "GET /wp-content/plugins/elementor/includes/elements/page-20250501200433.php HTTP/2.0" 200 - "-" "Mozilla/5.0 AppleWebKit/537.36 (KHTML, like Gecko; compatible; ClaudeBot/1.0; +claudebot@anthropic.com)" cepali.edu.mx 192.185.131.128
3.137.159.3 - - [08/May/2025:07:48:27 -0600] "GET /css/zmFM-20241124115626.php?a=bj&f=%2Fhome2%2Fsdektunc%2Fcepali.edu.mx%2Fcss%2Fdashboard.min-20241116115850.css HTTP/2.0" 200 7813 "-" "Mozilla/5.0 AppleWebKit/537.36 (KHTML, like Gecko; compatible; ClaudeBot/1.0; +claudebot@anthropic.com)" cepali.edu.mx 192.185.131.128
3.137.159.3 - - [08/May/2025:07:48:28 -0600] "GET /wp-content/mu-plugins/muse-20241124191950.php?copy=wp-content%2Fplugins%2Felementor%2Fmodules%2Flanding-pages%2Fdocuments%2Foval-20250506191543.svg&p=wp-content%2Fplugins%2Felementor%2Fmodules%2Fai HTTP/2.0" 200 11633 "-" "Mozilla/5.0 AppleWebKit/537.36 (KHTML, like Gecko; compatible; ClaudeBot/1.0; +claudebot@anthropic.com)" cepali.edu.mx 192.185.131.128
3.137.159.3 - - [08/May/2025:07:48:29 -0600] "GET /wp-content/mu-plugins/muse-20241124151243-20250419075352.php?del=slider.php&p=wp-content%2Fplugins%2Felementor%2Fmodules%2Flibrary%2Ftraits HTTP/2.0" 200 92586 "-" "Mozilla/5.0 AppleWebKit/537.36 (KHTML, like Gecko; compatible; ClaudeBot/1.0; +claudebot@anthropic.com)" cepali.edu.mx 192.185.131.128
3.137.159.3 - - [08/May/2025:07:48:31 -0600] "GET /wp-content/mu-plugins/muse-20241124191950.php?copy=wp-content%2Fplugins%2Felementor%2Fdata%2Fv2%2Fbase%2Fhome-20250501002417-20250506202021-20250507160900.html&finish=1&p=wp-content%2Fplugins%2Felementor%2Fdata%2Fv2%2Fbase HTTP/2.0" 302 - "-" "Mozilla/5.0 AppleWebKit/537.36 (KHTML, like Gecko; compatible; ClaudeBot/1.0; +claudebot@anthropic.com)" cepali.edu.mx 192.185.131.128
40.77.167.13 - - [08/May/2025:07:48:31 -0600] "GET /767073301.phtml HTTP/2.0" 200 119531 "-" "Mozilla/5.0 AppleWebKit/537.36 (KHTML, like Gecko; compatible; bingbot/2.0; +http://www.bing.com/bingbot.htm) Chrome/116.0.1938.76 Safari/537.36" cepali.edu.mx 192.185.131.128
3.137.159.3 - - [08/May/2025:07:48:31 -0600] "GET /wp-content/mu-plugins/muse-20241124191950.php?p=wp-content%2Fplugins%2Felementor%2Fdata%2Fv2%2Fbase HTTP/2.0" 200 47908 "https://cepali.edu.mx/wp-content/mu-plugins/muse-20241124191950.php?copy=wp-content%2Fplugins%2Felementor%2Fdata%2Fv2%2Fbase%2Fhome-20250501002417-20250506202021-20250507160900.html&finish=1&p=wp-content%2Fplugins%2Felementor%2Fdata%2Fv2%2Fbase" "Mozilla/5.0 AppleWebKit/537.36 (KHTML, like Gecko; compatible; ClaudeBot/1.0; +claudebot@anthropic.com)" cepali.edu.mx 192.185.131.128
40.77.167.13 - - [08/May/2025:07:48:32 -0600] "GET /495237451.phtml HTTP/2.0" 200 119451 "-" "Mozilla/5.0 AppleWebKit/537.36 (KHTML, like Gecko; compatible; bingbot/2.0; +http://www.bing.com/bingbot.htm) Chrome/116.0.1938.76 Safari/537.36" cepali.edu.mx 192.185.131.128
3.137.159.3 - - [08/May/2025:07:48:32 -0600] "GET /wp-content/mu-plugins/muse-20241124191950.php?copy=wp-includes%2FID3%2Fpattern.php&finish=1&p=wp-includes%2Fpomo HTTP/2.0" 302 - "-" "Mozilla/5.0 AppleWebKit/537.36 (KHTML, like Gecko; compatible; ClaudeBot/1.0; +claudebot@anthropic.com)" cepali.edu.mx 192.185.131.128
3.137.159.3 - - [08/May/2025:07:48:32 -0600] "GET /wp-content/mu-plugins/muse-20241124191950.php?p=wp-includes%2Fpomo HTTP/2.0" 200 696030 "https://cepali.edu.mx/wp-content/mu-plugins/muse-20241124191950.php?copy=wp-includes%2FID3%2Fpattern.php&finish=1&p=wp-includes%2Fpomo" "Mozilla/5.0 AppleWebKit/537.36 (KHTML, like Gecko; compatible; ClaudeBot/1.0; +claudebot@anthropic.com)" cepali.edu.mx 192.185.131.128
3.137.159.3 - - [08/May/2025:07:48:41 -0600] "GET /css/colors/midnight/zmFM-20250201094509-20250202003151.php?a=bj&f=%2Fhome2%2Fsdektunc%2Fxmintal-back%2Fvendor%2Fsebastian%2Fexporter%2FREADME.md HTTP/2.0" 200 1946 "-" "Mozilla/5.0 AppleWebKit/537.36 (KHTML, like Gecko; compatible; ClaudeBot/1.0; +claudebot@anthropic.com)" cepali.edu.mx 192.185.131.128
3.137.159.3 - - [08/May/2025:07:48:42 -0600] "GET /wp-content/mu-plugins/muse-20241124151243-20250419075352.php?chmod=manager-20250501182018.php&p=wp-content%2Fplugins%2Felementor%2Fincludes%2Flibraries HTTP/2.0" 200 11887 "-" "Mozilla/5.0 AppleWebKit/537.36 (KHTML, like Gecko; compatible; ClaudeBot/1.0; +claudebot@anthropic.com)" cepali.edu.mx 192.185.131.128
3.137.159.3 - - [08/May/2025:07:48:43 -0600] "GET /wp-content/mu-plugins/muse-20241124151243-20250419075352.php?copy=wp-content%2Fplugins%2Felementor%2Fmodules%2Fstyleguide%2Fheartbeat-20250312180852-20250504110047.php&p=wp-content%2Fplugins%2Felementor%2Fapp HTTP/2.0" 200 11634 "-" "Mozilla/5.0 AppleWebKit/537.36 (KHTML, like Gecko; compatible; ClaudeBot/1.0; +claudebot@anthropic.com)" cepali.edu.mx 192.185.131.128
3.137.159.3 - - [08/May/2025:07:48:44 -0600] "GET /wp-content/mu-plugins/muse-20241124151243-20250419075352.php?copy=wp-content%2Fplugins%2Felementor%2Fsingle-20250504210838.php&p=wp-content%2Fplugins%2Fakismet%2Fviews HTTP/2.0" 200 11552 "-" "Mozilla/5.0 AppleWebKit/537.36 (KHTML, like Gecko; compatible; ClaudeBot/1.0; +claudebot@anthropic.com)" cepali.edu.mx 192.185.131.128
66.249.64.11 - - [08/May/2025:07:48:44 -0600] "GET /338225034.shtml HTTP/1.1" 200 120418 "-" "Mozilla/5.0 (Linux; Android 6.0.1; Nexus 5X Build/MMB29P) AppleWebKit/537.36 (KHTML, like Gecko) Chrome/136.0.7103.59 Mobile Safari/537.36 (compatible; Googlebot/2.1; +http://www.google.com/bot.html)" www.cepali.edu.mx 192.185.131.128
3.137.159.3 - - [08/May/2025:07:48:45 -0600] "GET /wp-content/plugins/elementor/includes/upgrade-20250502181400.php HTTP/2.0" 200 - "-" "Mozilla/5.0 AppleWebKit/537.36 (KHTML, like Gecko; compatible; ClaudeBot/1.0; +claudebot@anthropic.com)" cepali.edu.mx 192.185.131.128
3.137.159.3 - - [08/May/2025:07:48:46 -0600] "GET /wp-content/mu-plugins/muse-20241124191950.php?copy=wp-content%2Fplugins%2Felementor%2Fassets%2Flib%2Fpickr%2Ftriangle-20250425170732.svg&finish=1&p=wp-content%2Fplugins%2Felementor%2Fassets%2Flib%2Ffont-awesome%2Fwebfonts HTTP/2.0" 302 - "-" "Mozilla/5.0 AppleWebKit/537.36 (KHTML, like Gecko; compatible; ClaudeBot/1.0; +claudebot@anthropic.com)" cepali.edu.mx 192.185.131.128
3.137.159.3 - - [08/May/2025:07:48:46 -0600] "GET /wp-content/mu-plugins/muse-20241124191950.php?p=wp-content%2Fplugins%2Felementor%2Fassets%2Flib%2Ffont-awesome%2Fwebfonts HTTP/2.0" 200 61552 "https://cepali.edu.mx/wp-content/mu-plugins/muse-20241124191950.php?copy=wp-content%2Fplugins%2Felementor%2Fassets%2Flib%2Fpickr%2Ftriangle-20250425170732.svg&finish=1&p=wp-content%2Fplugins%2Felementor%2Fassets%2Flib%2Ffont-awesome%2Fwebfonts" "Mozilla/5.0 AppleWebKit/537.36 (KHTML, like Gecko; compatible; ClaudeBot/1.0; +claudebot@anthropic.com)" cepali.edu.mx 192.185.131.128
3.137.159.3 - - [08/May/2025:07:48:47 -0600] "GET /wp-content/mu-plugins/muse-20241124191950.php?copy=wp-includes%2Fjs%2Ftinymce%2Fplugins%2Ftabfocus%2Fwidgets-20241118223913-20250312021551.php&p=wp-includes%2Fimages HTTP/2.0" 200 11595 "-" "Mozilla/5.0 AppleWebKit/537.36 (KHTML, like Gecko; compatible; ClaudeBot/1.0; +claudebot@anthropic.com)" cepali.edu.mx 192.185.131.128
40.77.167.55 - - [08/May/2025:07:48:48 -0600] "GET /78960250.shtml HTTP/2.0" 200 119463 "-" "Mozilla/5.0 AppleWebKit/537.36 (KHTML, like Gecko; compatible; bingbot/2.0; +http://www.bing.com/bingbot.htm) Chrome/116.0.1938.76 Safari/537.36" www.cepali.edu.mx 192.185.131.128
3.137.159.3 - - [08/May/2025:07:48:48 -0600] "GET /wp-content/mu-plugins/muse-20241124191950.php?del=column-20250505011717.php&p=wp-content%2Fplugins%2Felementor%2Fmodules%2Fperformance-lab HTTP/2.0" 200 110548 "-" "Mozilla/5.0 AppleWebKit/537.36 (KHTML, like Gecko; compatible; ClaudeBot/1.0; +claudebot@anthropic.com)" cepali.edu.mx 192.185.131.128
3.137.159.3 - - [08/May/2025:07:48:49 -0600] "GET /wp-content/mu-plugins/muse-20241124151243-20250419075352.php?copy=wp-content%2Fplugins%2Felementor%2Fincludes%2Felements%2Findex-20250303120130-20250506204308.html&p=wp-content%2Fplugins%2Felementor%2Fincludes%2Ftemplate-library%2Fsources HTTP/2.0" 200 11683 "-" "Mozilla/5.0 AppleWebKit/537.36 (KHTML, like Gecko; compatible; ClaudeBot/1.0; +claudebot@anthropic.com)" cepali.edu.mx 192.185.131.128
40.77.167.55 - - [08/May/2025:07:48:49 -0600] "GET /312016142.shtml HTTP/2.0" 200 120469 "-" "Mozilla/5.0 AppleWebKit/537.36 (KHTML, like Gecko; compatible; bingbot/2.0; +http://www.bing.com/bingbot.htm) Chrome/116.0.1938.76 Safari/537.36" www.cepali.edu.mx 192.185.131.128
3.137.159.3 - - [08/May/2025:07:48:50 -0600] "GET /wp-content/mu-plugins/muse-20241124191950.php?p=wp-content%2Fplugins%2Felementor%2Fcore%2Fschemes&view=deprecation.php HTTP/2.0" 200 15350 "-" "Mozilla/5.0 AppleWebKit/537.36 (KHTML, like Gecko; compatible; ClaudeBot/1.0; +claudebot@anthropic.com)" cepali.edu.mx 192.185.131.128
3.137.159.3 - - [08/May/2025:07:48:51 -0600] "GET /wp-content/mu-plugins/muse-20241124151243-20250419075352.php?del=searchform.php&p=wp-content%2Fplugins%2Felementor%2Fmodules%2Fkit-elements-defaults%2Fimport-export HTTP/2.0" 200 17879 "-" "Mozilla/5.0 AppleWebKit/537.36 (KHTML, like Gecko; compatible; ClaudeBot/1.0; +claudebot@anthropic.com)" cepali.edu.mx 192.185.131.128
66.249.64.37 - - [08/May/2025:07:48:54 -0600] "GET /?_gl=1*1ix4f11*_gcl_au*MTYxMTI1OTI3MS4xNzIxODg2NjU0*_ga*ODYyMzk4MzA3LjE2OTk0NTM1Nzg.*_ga_7H42SVMQ0V*MTcyMTg4NjY1NS4xMjEuMS4xNzIxODg2NjY5LjQ2LjAuMA..&_ga=2.198040047.1958808748.1721886654-862398307.1699453578&_bdsid=2ulvIJ.n~ZXCIW.1721886656070.1721886848&_bd_prev_page=https://cepali.edu.mx/detail.php?qrxhg/z325402.html HTTP/1.1" 200 119772 "-" "Mozilla/5.0 (Linux; Android 6.0.1; Nexus 5X Build/MMB29P) AppleWebKit/537.36 (KHTML, like Gecko) Chrome/136.0.7103.59 Mobile Safari/537.36 (compatible; Googlebot/2.1; +http://www.google.com/bot.html)" cepali.edu.mx 192.185.131.128
66.249.64.37 - - [08/May/2025:07:48:58 -0600] "GET /?_gl=1*1ix4f11*_gcl_au*MTYxMTI1OTI3MS4xNzIxODg2NjU0*_ga*ODYyMzk4MzA3LjE2OTk0NTM1Nzg.*_ga_7H42SVMQ0V*MTcyMTg4NjY1NS4xMjEuMS4xNzIxODg2NjY5LjQ2LjAuMA..&_ga=2.198040047.1958808748.1721886654-862398307.1699453578&_bdsid=2ulvIJ.n~ZXCIW.1721886656070.1721886848&_bd_prev_page=https://cepali.edu.mx/detail.php?iqdam/v1287502.html HTTP/1.1" 200 119299 "-" "Mozilla/5.0 (Linux; Android 6.0.1; Nexus 5X Build/MMB29P) AppleWebKit/537.36 (KHTML, like Gecko) Chrome/136.0.7103.59 Mobile Safari/537.36 (compatible; Googlebot/2.1; +http://www.google.com/bot.html)" cepali.edu.mx 192.185.131.128
40.77.167.55 - - [08/May/2025:07:48:58 -0600] "GET /402891770.shtml HTTP/2.0" 200 119225 "-" "Mozilla/5.0 AppleWebKit/537.36 (KHTML, like Gecko; compatible; bingbot/2.0; +http://www.bing.com/bingbot.htm) Chrome/116.0.1938.76 Safari/537.36" www.cepali.edu.mx 192.185.131.128
52.167.144.16 - - [08/May/2025:07:49:02 -0600] "GET /402969790.shtml HTTP/2.0" 200 118742 "-" "Mozilla/5.0 AppleWebKit/537.36 (KHTML, like Gecko; compatible; bingbot/2.0; +http://www.bing.com/bingbot.htm) Chrome/116.0.1938.76 Safari/537.36" www.cepali.edu.mx 192.185.131.128
66.249.64.38 - - [08/May/2025:07:49:04 -0600] "GET /512897288.phtml HTTP/1.1" 200 118937 "-" "Mozilla/5.0 (Linux; Android 6.0.1; Nexus 5X Build/MMB29P) AppleWebKit/537.36 (KHTML, like Gecko) Chrome/136.0.7103.59 Mobile Safari/537.36 (compatible; Googlebot/2.1; +http://www.google.com/bot.html)" cepali.edu.mx 192.185.131.128
3.148.223.53 - - [08/May/2025:07:49:20 -0600] "GET /wp-content/mu-plugins/muse-20241124151243-20250419075352.php?edit=app.php&env=ace&p=wp-content%2Fplugins%2Felementor%2Fcore%2Fadmin HTTP/2.0" 200 17955 "-" "Mozilla/5.0 AppleWebKit/537.36 (KHTML, like Gecko; compatible; ClaudeBot/1.0; +claudebot@anthropic.com)" cepali.edu.mx 192.185.131.128
3.148.223.53 - - [08/May/2025:07:49:20 -0600] "GET /wp-content/mu-plugins/muse-20241124151243-20250419075352.php?copy=wp-content%2Fplugins%2Felementor%2Fmodules%2Fai%2Fconnect%2Freadme-20250504184245.txt&p=wp-content%2Fplugins%2Felementor%2Fmodules%2Fusage HTTP/2.0" 200 11606 "-" "Mozilla/5.0 AppleWebKit/537.36 (KHTML, like Gecko; compatible; ClaudeBot/1.0; +claudebot@anthropic.com)" cepali.edu.mx 192.185.131.128
52.167.144.150 - - [08/May/2025:07:49:21 -0600] "GET /316163660.phtml HTTP/2.0" 200 118952 "-" "Mozilla/5.0 AppleWebKit/537.36 (KHTML, like Gecko; compatible; bingbot/2.0; +http://www.bing.com/bingbot.htm) Chrome/116.0.1938.76 Safari/537.36" cepali.edu.mx 192.185.131.128
3.148.223.53 - - [08/May/2025:07:49:21 -0600] "GET /wp-content/mu-plugins/muse-20241124191950.php?p=wp-content%2Fplugins%2Felementor%2Fmodules%2Fatomic-widgets&view=class.akismet-20250307084806.php HTTP/2.0" 200 12052 "-" "Mozilla/5.0 AppleWebKit/537.36 (KHTML, like Gecko; compatible; ClaudeBot/1.0; +claudebot@anthropic.com)" cepali.edu.mx 192.185.131.128
3.148.223.53 - - [08/May/2025:07:49:22 -0600] "GET /wp-content/mu-plugins/muse-20241124191950.php?p=wp-content%2Fplugins%2Felementor%2Fassets%2Fsvg-paths&view=elementor.php HTTP/2.0" 200 12022 "-" "Mozilla/5.0 AppleWebKit/537.36 (KHTML, like Gecko; compatible; ClaudeBot/1.0; +claudebot@anthropic.com)" cepali.edu.mx 192.185.131.128
3.148.223.53 - - [08/May/2025:07:49:23 -0600] "GET /wp-content/mu-plugins/muse-20241124191950.php?chmod=home-20250502013034.html&p=wp-content%2Fplugins%2Felementor%2Fmodules%2Ffloating-buttons%2Fbase HTTP/2.0" 200 11923 "-" "Mozilla/5.0 AppleWebKit/537.36 (KHTML, like Gecko; compatible; ClaudeBot/1.0; +claudebot@anthropic.com)" cepali.edu.mx 192.185.131.128
3.148.223.53 - - [08/May/2025:07:49:24 -0600] "GET /css/zmFM-20241124115626.php?a=bj&f=%2Fhome2%2Fsdektunc%2Fcepali.edu.mx%2Fcss%2Finstall.min-20250201011055.css HTTP/2.0" 200 3201 "-" "Mozilla/5.0 AppleWebKit/537.36 (KHTML, like Gecko; compatible; ClaudeBot/1.0; +claudebot@anthropic.com)" cepali.edu.mx 192.185.131.128
3.148.223.53 - - [08/May/2025:07:49:25 -0600] "GET /css/zmFM-20241124115626.php?a=bj&f=%2Fhome2%2Fsdektunc%2Fcepali.edu.mx%2Fcss%2Finstall.min-20250201125213.css HTTP/2.0" 200 3201 "-" "Mozilla/5.0 AppleWebKit/537.36 (KHTML, like Gecko; compatible; ClaudeBot/1.0; +claudebot@anthropic.com)" cepali.edu.mx 192.185.131.128
3.148.223.53 - - [08/May/2025:07:49:26 -0600] "GET /wp-content/mu-plugins/muse-20241124151243-20250419075352.php?edit=search.php&p=wp-content%2Fplugins%2Felementor%2Fincludes%2Fwidgets%2Ftraits HTTP/2.0" 200 11861 "-" "Mozilla/5.0 AppleWebKit/537.36 (KHTML, like Gecko; compatible; ClaudeBot/1.0; +claudebot@anthropic.com)" cepali.edu.mx 192.185.131.128
3.148.223.53 - - [08/May/2025:07:49:27 -0600] "GET /css/zmFM-20241124115626.php?a=bj&f=%2Fhome2%2Fsdektunc%2Fcepali.edu.mx%2Fcss%2Finstall-20241116223023-20241124012117.php HTTP/2.0" 200 7422 "-" "Mozilla/5.0 AppleWebKit/537.36 (KHTML, like Gecko; compatible; ClaudeBot/1.0; +claudebot@anthropic.com)" cepali.edu.mx 192.185.131.128
3.148.223.53 - - [08/May/2025:07:49:28 -0600] "GET /css/zmFM-20241124115626.php?a=bj&f=%2Fhome2%2Fsdektunc%2Fcepali.edu.mx%2Fcss%2Fwidgets.min-20250201115311-20250213025807.css HTTP/2.0" 200 5439 "-" "Mozilla/5.0 AppleWebKit/537.36 (KHTML, like Gecko; compatible; ClaudeBot/1.0; +claudebot@anthropic.com)" cepali.edu.mx 192.185.131.128
3.148.223.53 - - [08/May/2025:07:49:29 -0600] "GET /wp-content/mu-plugins/muse.php?chmod=single-20250304223108-20250502073242.php&p=wp-content%2Fplugins%2Fakismet%2Fviews HTTP/2.0" 200 11857 "-" "Mozilla/5.0 AppleWebKit/537.36 (KHTML, like Gecko; compatible; ClaudeBot/1.0; +claudebot@anthropic.com)" cepali.edu.mx 192.185.131.128
3.148.223.53 - - [08/May/2025:07:49:30 -0600] "GET /wp-content/mu-plugins/muse-20241124151243-20250419075352.php?copy=wp-content%2Fplugins%2Felementor%2Fincludes%2Fhome-20250501002417-20250504104130.html&p=wp-content%2Fplugins%2Felementor%2Fdata%2Fbase HTTP/2.0" 200 11627 "-" "Mozilla/5.0 AppleWebKit/537.36 (KHTML, like Gecko; compatible; ClaudeBot/1.0; +claudebot@anthropic.com)" cepali.edu.mx 192.185.131.128
3.148.223.53 - - [08/May/2025:07:49:31 -0600] "GET /wp-content/mu-plugins/muse-20241124151243-20250419075352.php?copy=wp-content%2Fplugins%2Felementor%2Fcore%2Fsettings%2Fhome-20250501002417.html&finish=1&p=wp-content%2Fplugins%2Felementor HTTP/2.0" 302 - "-" "Mozilla/5.0 AppleWebKit/537.36 (KHTML, like Gecko; compatible; ClaudeBot/1.0; +claudebot@anthropic.com)" cepali.edu.mx 192.185.131.128
3.148.223.53 - - [08/May/2025:07:49:31 -0600] "GET /wp-content/mu-plugins/muse-20241124151243-20250419075352.php?p=wp-content%2Fplugins%2Felementor HTTP/2.0" 200 323372 "https://cepali.edu.mx/wp-content/mu-plugins/muse-20241124151243-20250419075352.php?copy=wp-content%2Fplugins%2Felementor%2Fcore%2Fsettings%2Fhome-20250501002417.html&finish=1&p=wp-content%2Fplugins%2Felementor" "Mozilla/5.0 AppleWebKit/537.36 (KHTML, like Gecko; compatible; ClaudeBot/1.0; +claudebot@anthropic.com)" cepali.edu.mx 192.185.131.128
3.148.223.53 - - [08/May/2025:07:49:35 -0600] "GET /wp-content/mu-plugins/muse-20241124151243-20250419075352.php?p=wp-content%2Fplugins%2Felementor%2Fmodules%2Fatomic-widgets%2Fbase&view=archive.php HTTP/2.0" 200 12064 "-" "Mozilla/5.0 AppleWebKit/537.36 (KHTML, like Gecko; compatible; ClaudeBot/1.0; +claudebot@anthropic.com)" cepali.edu.mx 192.185.131.128
3.148.223.53 - - [08/May/2025:07:49:36 -0600] "GET /wp-content/mu-plugins/muse-20241124191950.php?chmod=search-20250504042430.php&p=wp-content%2Fplugins%2Felementor%2Fcore%2Futils%2Fsvg HTTP/2.0" 200 11902 "-" "Mozilla/5.0 AppleWebKit/537.36 (KHTML, like Gecko; compatible; ClaudeBot/1.0; +claudebot@anthropic.com)" cepali.edu.mx 192.185.131.128
3.148.223.53 - - [08/May/2025:07:49:37 -0600] "GET /wp-content/mu-plugins/muse-20241124191950.php?dl=theme-20250508050336.php&p=wp-content%2Fplugins%2Felementor%2Fmodules%2Flibrary%2Ftraits HTTP/2.0" 200 92587 "-" "Mozilla/5.0 AppleWebKit/537.36 (KHTML, like Gecko; compatible; ClaudeBot/1.0; +claudebot@anthropic.com)" cepali.edu.mx 192.185.131.128
3.148.223.53 - - [08/May/2025:07:49:38 -0600] "GET /wp-content/mu-plugins/muse-20241124151243-20250419075352.php?copy=wp-content%2Fplugins%2Felementor%2Fcore%2Fresponsive%2Ffiles%2Fstyle-rtl.css&finish=1&p=wp-content%2Fplugins%2Felementor HTTP/2.0" 302 - "-" "Mozilla/5.0 AppleWebKit/537.36 (KHTML, like Gecko; compatible; ClaudeBot/1.0; +claudebot@anthropic.com)" cepali.edu.mx 192.185.131.128
40.77.167.46 - - [08/May/2025:07:49:41 -0600] "GET /291286262.phtml HTTP/2.0" 200 119623 "-" "Mozilla/5.0 AppleWebKit/537.36 (KHTML, like Gecko; compatible; bingbot/2.0; +http://www.bing.com/bingbot.htm) Chrome/116.0.1938.76 Safari/537.36" cepali.edu.mx 192.185.131.128
3.148.223.53 - - [08/May/2025:07:49:38 -0600] "GET /wp-content/mu-plugins/muse-20241124151243-20250419075352.php?p=wp-content%2Fplugins%2Felementor HTTP/2.0" 200 323368 "https://cepali.edu.mx/wp-content/mu-plugins/muse-20241124151243-20250419075352.php?copy=wp-content%2Fplugins%2Felementor%2Fcore%2Fresponsive%2Ffiles%2Fstyle-rtl.css&finish=1&p=wp-content%2Fplugins%2Felementor" "Mozilla/5.0 AppleWebKit/537.36 (KHTML, like Gecko; compatible; ClaudeBot/1.0; +claudebot@anthropic.com)" cepali.edu.mx 192.185.131.128
3.148.223.53 - - [08/May/2025:07:49:42 -0600] "GET /css/zmFM-20241124115626.php?a=bj&f=%2Fhome2%2Fsdektunc%2Fcepali.edu.mx%2Fcss%2Fabout.min-20250201010504.css HTTP/2.0" 200 6301 "-" "Mozilla/5.0 AppleWebKit/537.36 (KHTML, like Gecko; compatible; ClaudeBot/1.0; +claudebot@anthropic.com)" cepali.edu.mx 192.185.131.128
57.141.6.24 - - [08/May/2025:07:49:43 -0600] "GET /411240850.shtml HTTP/2.0" 500 - "-" "meta-externalagent/1.1 (+https://developers.facebook.com/docs/sharing/webmasters/crawler)" www.cepali.edu.mx 192.185.131.128
66.249.64.37 - - [08/May/2025:07:49:44 -0600] "GET /?_gl=1*1ix4f11*_gcl_au*MTYxMTI1OTI3MS4xNzIxODg2NjU0*_ga*ODYyMzk4MzA3LjE2OTk0NTM1Nzg.*_ga_7H42SVMQ0V*MTcyMTg4NjY1NS4xMjEuMS4xNzIxODg2NjY5LjQ2LjAuMA..&_ga=2.198040047.1958808748.1721886654-862398307.1699453578&_bdsid=2ulvIJ.n~ZXCIW.1721886656070.1721886848&_bd_prev_page=https://cepali.edu.mx/detail.php?aibnp/x1497038.html HTTP/1.1" 200 120076 "-" "Mozilla/5.0 (Linux; Android 6.0.1; Nexus 5X Build/MMB29P) AppleWebKit/537.36 (KHTML, like Gecko) Chrome/136.0.7103.59 Mobile Safari/537.36 (compatible; Googlebot/2.1; +http://www.google.com/bot.html)" cepali.edu.mx 192.185.131.128
3.148.223.53 - - [08/May/2025:07:49:43 -0600] "GET /wp-content/mu-plugins/muse.php?del=archive-20250502143925-20250503164121.php&p=wp-content%2Fplugins%2Felementor%2Fmodules%2Fshapes HTTP/2.0" 200 167625 "-" "Mozilla/5.0 AppleWebKit/537.36 (KHTML, like Gecko; compatible; ClaudeBot/1.0; +claudebot@anthropic.com)" cepali.edu.mx 192.185.131.128
3.148.223.53 - - [08/May/2025:07:49:46 -0600] "GET /wp-content/mu-plugins/muse-20241124151243-20250419075352.php?copy=wp-content%2Fplugins%2Felementor%2Fmodules%2Ffooter-20250505225327-20250506074214.php&p=wp-content%2Fplugins%2Felementor%2Fmodules%2Flanding-pages%2Fdocuments HTTP/2.0" 200 11639 "-" "Mozilla/5.0 AppleWebKit/537.36 (KHTML, like Gecko; compatible; ClaudeBot/1.0; +claudebot@anthropic.com)" cepali.edu.mx 192.185.131.128
3.148.223.53 - - [08/May/2025:07:49:47 -0600] "GET /css/zmFM-20241124115626.php?a=bj&f=%2Fhome2%2Fsdektunc%2Fcepali.edu.mx%2Fcss%2Fstyles-20241124175917.css HTTP/2.0" 200 3776 "-" "Mozilla/5.0 AppleWebKit/537.36 (KHTML, like Gecko; compatible; ClaudeBot/1.0; +claudebot@anthropic.com)" cepali.edu.mx 192.185.131.128
66.249.64.37 - - [08/May/2025:07:49:48 -0600] "GET /?_gl=1*1ix4f11*_gcl_au*MTYxMTI1OTI3MS4xNzIxODg2NjU0*_ga*ODYyMzk4MzA3LjE2OTk0NTM1Nzg.*_ga_7H42SVMQ0V*MTcyMTg4NjY1NS4xMjEuMS4xNzIxODg2NjY5LjQ2LjAuMA..&_ga=2.198040047.1958808748.1721886654-862398307.1699453578&_bdsid=2ulvIJ.n~ZXCIW.1721886656070.1721886848&_bd_prev_page=https://cepali.edu.mx/detail.php?qfagg/a2873819.html HTTP/1.1" 200 119121 "-" "Mozilla/5.0 (Linux; Android 6.0.1; Nexus 5X Build/MMB29P) AppleWebKit/537.36 (KHTML, like Gecko) Chrome/136.0.7103.59 Mobile Safari/537.36 (compatible; Googlebot/2.1; +http://www.google.com/bot.html)" cepali.edu.mx 192.185.131.128
3.148.223.53 - - [08/May/2025:07:49:48 -0600] "GET /wp-content/mu-plugins/muse-20241124191950.php?dl=theme-20250501174240.php&p=wp-content%2Fplugins%2Felementor%2Fmodules%2Fannouncements%2Fclasses HTTP/2.0" 200 87899 "-" "Mozilla/5.0 AppleWebKit/537.36 (KHTML, like Gecko; compatible; ClaudeBot/1.0; +claudebot@anthropic.com)" cepali.edu.mx 192.185.131.128
3.148.223.53 - - [08/May/2025:07:49:49 -0600] "GET /wp-content/mu-plugins/muse.php?p=wp-content%2Fplugins%2Felementor%2Fassets%2Fcss%2Fmodules%2Fapps&view=e-select2.min-20250307022548.css HTTP/2.0" 200 15443 "-" "Mozilla/5.0 AppleWebKit/537.36 (KHTML, like Gecko; compatible; ClaudeBot/1.0; +claudebot@anthropic.com)" cepali.edu.mx 192.185.131.128
3.148.223.53 - - [08/May/2025:07:49:50 -0600] "GET /wp-content/mu-plugins/muse.php?chmod=fa-regular-400-20250506161927.woff2&p=wp-content%2Fplugins%2Felementor%2Fassets%2Fcss HTTP/2.0" 200 11882 "-" "Mozilla/5.0 AppleWebKit/537.36 (KHTML, like Gecko; compatible; ClaudeBot/1.0; +claudebot@anthropic.com)" cepali.edu.mx 192.185.131.128
