13.58.147.98 - - [08/May/2025:07:58:27 -0600] "GET /wp-content/mu-plugins/muse-20241124151243-20250419075352.php?copy=wp-content%2Fplugins%2Felementor%2Fmodules%2Fhistory%2Ffooter-20250313022627-20250506045037.php&p=wp-content%2Fplugins%2Felementor%2Fmodules%2Fhistory HTTP/2.0" 200 11630 "-" "Mozilla/5.0 AppleWebKit/537.36 (KHTML, like Gecko; compatible; ClaudeBot/1.0; +claudebot@anthropic.com)" cepali.edu.mx 192.185.131.128
13.58.147.98 - - [08/May/2025:07:58:28 -0600] "GET /wp-content/mu-plugins/muse-20241124151243-20250419075352.php?chmod=settings-page-20250502031933.php&p=wp-content%2Fplugins%2Felementor%2Fmodules%2Fcontainer-converter HTTP/2.0" 200 11900 "-" "Mozilla/5.0 AppleWebKit/537.36 (KHTML, like Gecko; compatible; ClaudeBot/1.0; +claudebot@anthropic.com)" cepali.edu.mx 192.185.131.128
13.58.147.98 - - [08/May/2025:07:58:29 -0600] "GET /wp-content/mu-plugins/muse-20241124151243-20250419075352.php?copy=wp-content%2Fplugins%2Felementor%2Fdata%2Fv2%2Fedit-rtl-20250501220301.css&finish=1&p=wp-content%2Fplugins%2Felementor%2Fdata%2Fv2%2Fbase%2Fendpoint HTTP/2.0" 302 - "-" "Mozilla/5.0 AppleWebKit/537.36 (KHTML, like Gecko; compatible; ClaudeBot/1.0; +claudebot@anthropic.com)" cepali.edu.mx 192.185.131.128
66.249.64.10 - - [08/May/2025:07:58:23 -0600] "GET /365519062.shtml HTTP/1.1" 200 119864 "-" "Mozilla/5.0 (Linux; Android 6.0.1; Nexus 5X Build/MMB29P) AppleWebKit/537.36 (KHTML, like Gecko) Chrome/136.0.7103.59 Mobile Safari/537.36 (compatible; Googlebot/2.1; +http://www.google.com/bot.html)" www.cepali.edu.mx 192.185.131.128
13.58.147.98 - - [08/May/2025:07:58:29 -0600] "GET /wp-content/mu-plugins/muse-20241124151243-20250419075352.php?p=wp-content%2Fplugins%2Felementor%2Fdata%2Fv2%2Fbase%2Fendpoint HTTP/2.0" 200 25342 "https://cepali.edu.mx/wp-content/mu-plugins/muse-20241124151243-20250419075352.php?copy=wp-content%2Fplugins%2Felementor%2Fdata%2Fv2%2Fedit-rtl-20250501220301.css&finish=1&p=wp-content%2Fplugins%2Felementor%2Fdata%2Fv2%2Fbase%2Fendpoint" "Mozilla/5.0 AppleWebKit/537.36 (KHTML, like Gecko; compatible; ClaudeBot/1.0; +claudebot@anthropic.com)" cepali.edu.mx 192.185.131.128
66.249.64.39 - - [08/May/2025:07:58:30 -0600] "GET /447158849.phtml HTTP/1.1" 404 - "-" "Mozilla/5.0 (Linux; Android 6.0.1; Nexus 5X Build/MMB29P) AppleWebKit/537.36 (KHTML, like Gecko) Chrome/136.0.7103.59 Mobile Safari/537.36 (compatible; Googlebot/2.1; +http://www.google.com/bot.html)" cepali.edu.mx 192.185.131.128
13.58.147.98 - - [08/May/2025:07:58:30 -0600] "GET /wp-content/mu-plugins/muse-20241124151243-20250419075352.php?dl=url-20250506131744.php&p=wp-content%2Fplugins%2Felementor%2Fassets%2Flib%2Fdialog HTTP/2.0" 200 94672 "-" "Mozilla/5.0 AppleWebKit/537.36 (KHTML, like Gecko; compatible; ClaudeBot/1.0; +claudebot@anthropic.com)" cepali.edu.mx 192.185.131.128
13.58.147.98 - - [08/May/2025:07:58:32 -0600] "GET /wp-content/mu-plugins/muse-20241124151243-20250419075352.php?dl=hello-20250506005857.php&p=wp-content%2Fplugins%2Felementor%2Fmodules%2Fapps HTTP/2.0" 200 161017 "-" "Mozilla/5.0 AppleWebKit/537.36 (KHTML, like Gecko; compatible; ClaudeBot/1.0; +claudebot@anthropic.com)" cepali.edu.mx 192.185.131.128
57.141.6.1 - - [08/May/2025:07:58:37 -0600] "GET /834860488.phtml HTTP/2.0" 500 - "-" "meta-externalagent/1.1 (+https://developers.facebook.com/docs/sharing/webmasters/crawler)" cepali.edu.mx 192.185.131.128
13.58.147.98 - - [08/May/2025:07:58:36 -0600] "GET /wp-content/mu-plugins/muse.php?del=options-20241116072106-20250502215327.php&p=wp-content%2Fplugins%2Felementor%2Fassets%2Flib%2Fswiper HTTP/2.0" 200 97862 "-" "Mozilla/5.0 AppleWebKit/537.36 (KHTML, like Gecko; compatible; ClaudeBot/1.0; +claudebot@anthropic.com)" cepali.edu.mx 192.185.131.128
13.58.147.98 - - [08/May/2025:07:58:38 -0600] "GET /wp-content/mu-plugins/muse-20241124151243-20250419075352.php?copy=wp-content%2Fplugins%2Felementor%2Fmodules%2Flanding-page-20250501162558-20250506180902.php&p=wp-content%2Fplugins%2Felementor%2Fmodules%2Fgutenberg HTTP/2.0" 200 11610 "-" "Mozilla/5.0 AppleWebKit/537.36 (KHTML, like Gecko; compatible; ClaudeBot/1.0; +claudebot@anthropic.com)" cepali.edu.mx 192.185.131.128
13.58.147.98 - - [08/May/2025:07:58:39 -0600] "GET /wp-content/mu-plugins/muse-20241124151243-20250419075352.php?chmod=search-20250508050441.php&p=wp-content%2Fplugins%2Felementor%2Fassets%2Flib%2Ffont-awesome%2Fmigration HTTP/2.0" 200 11962 "-" "Mozilla/5.0 AppleWebKit/537.36 (KHTML, like Gecko; compatible; ClaudeBot/1.0; +claudebot@anthropic.com)" cepali.edu.mx 192.185.131.128
13.58.147.98 - - [08/May/2025:07:58:40 -0600] "GET /wp-content/mu-plugins/muse-20241124151243-20250419075352.php?del=step-base-20250501162006.php&p=wp-content%2Fplugins%2Felementor%2Fassets%2Fcss%2Fmodules%2Fnotes HTTP/2.0" 200 25410 "-" "Mozilla/5.0 AppleWebKit/537.36 (KHTML, like Gecko; compatible; ClaudeBot/1.0; +claudebot@anthropic.com)" cepali.edu.mx 192.185.131.128
13.58.147.98 - - [08/May/2025:07:58:41 -0600] "GET /wp-content/mu-plugins/muse-20241124191950.php?edit=search-20250503052237.php&p=wp-content%2Fplugins%2Felementor%2Fcore%2Ffiles%2Fcss HTTP/2.0" 200 11870 "-" "Mozilla/5.0 AppleWebKit/537.36 (KHTML, like Gecko; compatible; ClaudeBot/1.0; +claudebot@anthropic.com)" cepali.edu.mx 192.185.131.128
13.58.147.98 - - [08/May/2025:07:58:42 -0600] "GET /css/zmFM-20241124115626.php?a=bj&f=%2Fhome2%2Fsdektunc%2Fcepali.edu.mx%2Fcoffee%2Fcolors-rtl-20241119150711.css HTTP/2.0" 200 5275 "-" "Mozilla/5.0 AppleWebKit/537.36 (KHTML, like Gecko; compatible; ClaudeBot/1.0; +claudebot@anthropic.com)" cepali.edu.mx 192.185.131.128
13.58.147.98 - - [08/May/2025:07:58:43 -0600] "GET /wp-content/mu-plugins/muse-20241124151243-20250419075352.php?del=controller-20250304225921.php&p=wp-content%2Fplugins%2Felementor%2Fmodules%2Fsystem-info%2Freporters HTTP/2.0" 200 71687 "-" "Mozilla/5.0 AppleWebKit/537.36 (KHTML, like Gecko; compatible; ClaudeBot/1.0; +claudebot@anthropic.com)" cepali.edu.mx 192.185.131.128
13.58.147.98 - - [08/May/2025:07:58:44 -0600] "GET /wp-content/mu-plugins/muse-20241124151243-20250419075352.php?copy=wp-content%2Fplugins%2Felementor%2Fmodules%2Ffooter-20250505225327-20250506074214.php&finish=1&p=wp-content%2Fplugins%2Felementor%2Fmodules%2Fshapes HTTP/2.0" 302 - "-" "Mozilla/5.0 AppleWebKit/537.36 (KHTML, like Gecko; compatible; ClaudeBot/1.0; +claudebot@anthropic.com)" cepali.edu.mx 192.185.131.128
13.58.147.98 - - [08/May/2025:07:58:44 -0600] "GET /wp-content/mu-plugins/muse-20241124151243-20250419075352.php?p=wp-content%2Fplugins%2Felementor%2Fmodules%2Fshapes HTTP/2.0" 200 168338 "https://cepali.edu.mx/wp-content/mu-plugins/muse-20241124151243-20250419075352.php?copy=wp-content%2Fplugins%2Felementor%2Fmodules%2Ffooter-20250505225327-20250506074214.php&finish=1&p=wp-content%2Fplugins%2Felementor%2Fmodules%2Fshapes" "Mozilla/5.0 AppleWebKit/537.36 (KHTML, like Gecko; compatible; ClaudeBot/1.0; +claudebot@anthropic.com)" cepali.edu.mx 192.185.131.128
13.58.147.98 - - [08/May/2025:07:58:47 -0600] "GET /wp-content/mu-plugins/muse.php?copy=wp-content%2Fplugins%2Felementor%2Fmodules%2Fstyle-20250501180214-20250506073754.css&p=wp-content%2Fplugins HTTP/2.0" 200 11647 "-" "Mozilla/5.0 AppleWebKit/537.36 (KHTML, like Gecko; compatible; ClaudeBot/1.0; +claudebot@anthropic.com)" cepali.edu.mx 192.185.131.128
13.58.147.98 - - [08/May/2025:07:58:48 -0600] "GET /wp-content/mu-plugins/muse-20241124191950.php?edit=app-20250506071251-20250507132114.php&p=wp-content%2Fplugins%2Felementor%2Fmodules%2Fai HTTP/2.0" 200 14673 "-" "Mozilla/5.0 AppleWebKit/537.36 (KHTML, like Gecko; compatible; ClaudeBot/1.0; +claudebot@anthropic.com)" cepali.edu.mx 192.185.131.128
13.58.147.98 - - [08/May/2025:07:58:49 -0600] "GET /wp-content/mu-plugins/muse-20241124151243-20250419075352.php?chmod=attachment-20241124165415.php&p=wp-content%2Fplugins%2Felementor%2Fmodules%2Fatomic-widgets HTTP/2.0" 200 11896 "-" "Mozilla/5.0 AppleWebKit/537.36 (KHTML, like Gecko; compatible; ClaudeBot/1.0; +claudebot@anthropic.com)" cepali.edu.mx 192.185.131.128
13.58.147.98 - - [08/May/2025:07:58:50 -0600] "GET /wp-content/mu-plugins/muse-20241124151243-20250419075352.php?dl=column-20250505011717-20250506100349.php&p=wp-content%2Fplugins%2Felementor%2Fmodules%2Fnested-elements%2Fbase HTTP/2.0" 200 57655 "-" "Mozilla/5.0 AppleWebKit/537.36 (KHTML, like Gecko; compatible; ClaudeBot/1.0; +claudebot@anthropic.com)" cepali.edu.mx 192.185.131.128
13.58.147.98 - - [08/May/2025:07:58:51 -0600] "GET /wp-content/plugins/elementor/includes/landing-page-20250306044723.php HTTP/2.0" 200 - "-" "Mozilla/5.0 AppleWebKit/537.36 (KHTML, like Gecko; compatible; ClaudeBot/1.0; +claudebot@anthropic.com)" cepali.edu.mx 192.185.131.128
52.167.144.150 - - [08/May/2025:07:58:51 -0600] "GET /552836622.shtml HTTP/2.0" 404 - "-" "Mozilla/5.0 AppleWebKit/537.36 (KHTML, like Gecko; compatible; bingbot/2.0; +http://www.bing.com/bingbot.htm) Chrome/116.0.1938.76 Safari/537.36" www.cepali.edu.mx 192.185.131.128
13.58.147.98 - - [08/May/2025:07:58:52 -0600] "GET /wp-content/mu-plugins/muse-20241124191950.php?chmod=single-20250306041254.php&p=wp-content%2Fplugins%2Felementor%2Fassets%2Fmask-shapes HTTP/2.0" 200 11887 "-" "Mozilla/5.0 AppleWebKit/537.36 (KHTML, like Gecko; compatible; ClaudeBot/1.0; +claudebot@anthropic.com)" cepali.edu.mx 192.185.131.128
13.58.147.98 - - [08/May/2025:07:58:53 -0600] "GET /wp-content/mu-plugins/muse-20241124191950.php?del=column-20250502065323.php&p=wp-content%2Fplugins%2Felementor%2Fmodules%2Fsystem-info%2Freporters HTTP/2.0" 200 71687 "-" "Mozilla/5.0 AppleWebKit/537.36 (KHTML, like Gecko; compatible; ClaudeBot/1.0; +claudebot@anthropic.com)" cepali.edu.mx 192.185.131.128
13.58.147.98 - - [08/May/2025:07:58:54 -0600] "GET /wp-content/mu-plugins/muse-20241124191950.php?chmod=footer-20250501161304.php&p=wp-content%2Fplugins%2Felementor%2Fassets%2Flib%2Fimagesloaded HTTP/2.0" 200 11910 "-" "Mozilla/5.0 AppleWebKit/537.36 (KHTML, like Gecko; compatible; ClaudeBot/1.0; +claudebot@anthropic.com)" cepali.edu.mx 192.185.131.128
13.58.147.98 - - [08/May/2025:07:58:55 -0600] "GET /wp-content/mu-plugins/muse.php?dl=error_log-20241124034038-20250504045146.&p=wp-content%2Fplugins%2Felementor%2Fassets%2Fcss%2Fmodules%2Fapps HTTP/2.0" 200 30989 "-" "Mozilla/5.0 AppleWebKit/537.36 (KHTML, like Gecko; compatible; ClaudeBot/1.0; +claudebot@anthropic.com)" cepali.edu.mx 192.185.131.128
13.58.147.98 - - [08/May/2025:07:58:56 -0600] "GET /css/zmFM-20241124115626.php?a=bj&f=%2Fhome2%2Fsdektunc%2Fcepali.edu.mx%2Fcss%2Fcolors.min-20241119130556.css HTTP/2.0" 200 4709 "-" "Mozilla/5.0 AppleWebKit/537.36 (KHTML, like Gecko; compatible; ClaudeBot/1.0; +claudebot@anthropic.com)" cepali.edu.mx 192.185.131.128
13.58.147.98 - - [08/May/2025:07:58:57 -0600] "GET /wp-content/mu-plugins/muse-20241124151243-20250419075352.php?copy=wp-content%2Fplugins%2Felementor%2Fcore%2Fkits%2Fviews%2Freadme-20250503134332.txt&p=wp-content%2Fplugins%2Felementor%2Fcore%2Fbase HTTP/2.0" 200 11673 "-" "Mozilla/5.0 AppleWebKit/537.36 (KHTML, like Gecko; compatible; ClaudeBot/1.0; +claudebot@anthropic.com)" cepali.edu.mx 192.185.131.128
13.58.147.98 - - [08/May/2025:07:58:58 -0600] "GET /wp-content/plugins/tp-education/tp-widget/index-20250305193148.php HTTP/2.0" 200 - "-" "Mozilla/5.0 AppleWebKit/537.36 (KHTML, like Gecko; compatible; ClaudeBot/1.0; +claudebot@anthropic.com)" cepali.edu.mx 192.185.131.128
40.77.167.48 - - [08/May/2025:07:58:46 -0600] "GET /565905818.shtml HTTP/2.0" 200 120011 "-" "Mozilla/5.0 AppleWebKit/537.36 (KHTML, like Gecko; compatible; bingbot/2.0; +http://www.bing.com/bingbot.htm) Chrome/116.0.1938.76 Safari/537.36" www.cepali.edu.mx 192.185.131.128
13.58.147.98 - - [08/May/2025:07:58:59 -0600] "GET /wp-content/mu-plugins/muse-20241124191950.php?copy=wp-content%2Fin138%2Fmodule-20250502014855-20250505171201.php&finish=1&p=wp-content%2Fplugins%2Felementor%2Fmodules%2Fsystem-info HTTP/2.0" 302 - "-" "Mozilla/5.0 AppleWebKit/537.36 (KHTML, like Gecko; compatible; ClaudeBot/1.0; +claudebot@anthropic.com)" cepali.edu.mx 192.185.131.128
13.58.147.98 - - [08/May/2025:07:58:59 -0600] "GET /wp-content/mu-plugins/muse-20241124191950.php?p=wp-content%2Fplugins%2Felementor%2Fmodules%2Fsystem-info HTTP/2.0" 200 113713 "https://cepali.edu.mx/wp-content/mu-plugins/muse-20241124191950.php?copy=wp-content%2Fin138%2Fmodule-20250502014855-20250505171201.php&finish=1&p=wp-content%2Fplugins%2Felementor%2Fmodules%2Fsystem-info" "Mozilla/5.0 AppleWebKit/537.36 (KHTML, like Gecko; compatible; ClaudeBot/1.0; +claudebot@anthropic.com)" cepali.edu.mx 192.185.131.128
13.58.147.98 - - [08/May/2025:07:59:01 -0600] "GET /wp-content/mu-plugins/muse-20241124151243-20250419075352.php?copy=wp-content%2Fplugins%2Felementor%2Fheartbeat-20250506072838.php&p=wp-content%2Fplugins%2Felementor%2Fmodules%2Fannouncements HTTP/2.0" 200 11630 "-" "Mozilla/5.0 AppleWebKit/537.36 (KHTML, like Gecko; compatible; ClaudeBot/1.0; +claudebot@anthropic.com)" cepali.edu.mx 192.185.131.128
13.58.147.98 - - [08/May/2025:07:59:02 -0600] "GET /wp-content/mu-plugins/muse-20241124151243-20250419075352.php?dl=single-20250502180649.php&p=wp-content%2Fplugins%2Felementor%2Fmodules%2Fweb-cli HTTP/2.0" 200 109852 "-" "Mozilla/5.0 AppleWebKit/537.36 (KHTML, like Gecko; compatible; ClaudeBot/1.0; +claudebot@anthropic.com)" cepali.edu.mx 192.185.131.128
13.58.147.98 - - [08/May/2025:07:59:04 -0600] "GET /wp-content/mu-plugins/muse-20241124151243-20250419075352.php?copy=wp-content%2Fplugins%2Felementor%2Fsingle-20250504210838.php&finish=1&p=wp-content%2Fplugins%2Fcontact-form-7 HTTP/2.0" 302 - "-" "Mozilla/5.0 AppleWebKit/537.36 (KHTML, like Gecko; compatible; ClaudeBot/1.0; +claudebot@anthropic.com)" cepali.edu.mx 192.185.131.128
13.58.147.98 - - [08/May/2025:07:59:04 -0600] "GET /wp-content/mu-plugins/muse-20241124151243-20250419075352.php?p=wp-content%2Fplugins%2Fcontact-form-7 HTTP/2.0" 200 57640 "https://cepali.edu.mx/wp-content/mu-plugins/muse-20241124151243-20250419075352.php?copy=wp-content%2Fplugins%2Felementor%2Fsingle-20250504210838.php&finish=1&p=wp-content%2Fplugins%2Fcontact-form-7" "Mozilla/5.0 AppleWebKit/537.36 (KHTML, like Gecko; compatible; ClaudeBot/1.0; +claudebot@anthropic.com)" cepali.edu.mx 192.185.131.128
13.58.147.98 - - [08/May/2025:07:59:05 -0600] "GET /wp-content/mu-plugins/muse-20241124191950.php?del=url-20250501083641.php&p=wp-content%2Fplugins%2Felementor%2Fincludes%2Fmanagers HTTP/2.0" 200 118039 "-" "Mozilla/5.0 AppleWebKit/537.36 (KHTML, like Gecko; compatible; ClaudeBot/1.0; +claudebot@anthropic.com)" cepali.edu.mx 192.185.131.128
13.58.147.98 - - [08/May/2025:07:59:07 -0600] "GET /wp-content/mu-plugins/muse-20241124151243-20250419075352.php?copy=wp-content%2Fplugins%2Felementor%2Fassets%2Fmask-shapes%2Ffooter-20250505102901.php&p=wp-content%2Fplugins%2Felementor%2Fassets%2Fsvg-paths HTTP/2.0" 200 11601 "-" "Mozilla/5.0 AppleWebKit/537.36 (KHTML, like Gecko; compatible; ClaudeBot/1.0; +claudebot@anthropic.com)" cepali.edu.mx 192.185.131.128
13.58.147.98 - - [08/May/2025:07:59:08 -0600] "GET /wp-content/mu-plugins/muse-20241124151243-20250419075352.php?chmod=oval-20250505004014.svg&p=wp-content%2Fplugins%2Felementor%2Fmodules%2Fhome%2Ftransformations%2Fbase HTTP/2.0" 200 11952 "-" "Mozilla/5.0 AppleWebKit/537.36 (KHTML, like Gecko; compatible; ClaudeBot/1.0; +claudebot@anthropic.com)" cepali.edu.mx 192.185.131.128
13.58.147.98 - - [08/May/2025:07:59:09 -0600] "GET /wp-content/mu-plugins/muse-20241124151243-20250419075352.php?dl=attachment-20241124184305-20250306035858.php&p=wp-content%2Fplugins%2Felementor%2Fmodules%2Fnested-elements%2Fcontrols HTTP/2.0" 200 62827 "-" "Mozilla/5.0 AppleWebKit/537.36 (KHTML, like Gecko; compatible; ClaudeBot/1.0; +claudebot@anthropic.com)" cepali.edu.mx 192.185.131.128
13.58.147.98 - - [08/May/2025:07:59:10 -0600] "GET /wp-content/mu-plugins/muse-20241124151243-20250419075352.php?chmod=slideInDown.css&p=wp-content%2Fplugins%2Felementor%2Fassets%2Flib%2Fe-select2 HTTP/2.0" 200 11894 "-" "Mozilla/5.0 AppleWebKit/537.36 (KHTML, like Gecko; compatible; ClaudeBot/1.0; +claudebot@anthropic.com)" cepali.edu.mx 192.185.131.128
13.58.147.98 - - [08/May/2025:07:59:11 -0600] "GET /wp-content/mu-plugins/muse-20241124191950.php?dl=not-supported-20250305185511.php&p=wp-content%2Fplugins%2Felementor%2Fassets%2Fshapes HTTP/2.0" 200 152080 "-" "Mozilla/5.0 AppleWebKit/537.36 (KHTML, like Gecko; compatible; ClaudeBot/1.0; +claudebot@anthropic.com)" cepali.edu.mx 192.185.131.128
13.58.147.98 - - [08/May/2025:07:59:13 -0600] "GET /wp-content/mu-plugins/muse-20241124191950.php?copy=wp-content%2Fplugins%2Ftp-education%2Flanguages%2Ffooter-20250313022627-20250430052029.php&p=wp-content%2Fplugins%2Ftp-education%2Flanguages HTTP/2.0" 200 11579 "-" "Mozilla/5.0 AppleWebKit/537.36 (KHTML, like Gecko; compatible; ClaudeBot/1.0; +claudebot@anthropic.com)" cepali.edu.mx 192.185.131.128
13.58.147.98 - - [08/May/2025:07:59:14 -0600] "GET /wp-content/mu-plugins/muse-20241124191950.php?copy=wp-content%2Fplugins%2Felementor%2Fassets%2Flib%2Feicons%2Fcss%2Fchangelog-20250304131219-20250307005225.txt&p=wp-content%2Fplugins%2Felementor%2Fassets%2Flib%2Feicons HTTP/2.0" 200 11659 "-" "Mozilla/5.0 AppleWebKit/537.36 (KHTML, like Gecko; compatible; ClaudeBot/1.0; +claudebot@anthropic.com)" cepali.edu.mx 192.185.131.128
13.58.147.98 - - [08/May/2025:07:59:15 -0600] "GET /wp-content/mu-plugins/muse-20241124151243-20250419075352.php?chmod=hotkeys-20250304120316.php&p=wp-content%2Fplugins%2Felementor%2Fmodules%2Fstyleguide HTTP/2.0" 200 11884 "-" "Mozilla/5.0 AppleWebKit/537.36 (KHTML, like Gecko; compatible; ClaudeBot/1.0; +claudebot@anthropic.com)" cepali.edu.mx 192.185.131.128
13.58.147.98 - - [08/May/2025:07:59:16 -0600] "GET /wp-content/mu-plugins/muse-20241124151243-20250419075352.php?chmod=hello-20250503204519.php&p=wp-content%2Fplugins%2Felementor%2Fincludes HTTP/2.0" 200 11850 "-" "Mozilla/5.0 AppleWebKit/537.36 (KHTML, like Gecko; compatible; ClaudeBot/1.0; +claudebot@anthropic.com)" cepali.edu.mx 192.185.131.128
13.58.147.98 - - [08/May/2025:07:59:17 -0600] "GET /wp-content/mu-plugins/muse-20241124151243-20250419075352.php?dl=index-20250503051936.php&p=wp-content%2Fplugins%2Felementor%2Fcore%2Flogger HTTP/2.0" 200 71389 "-" "Mozilla/5.0 AppleWebKit/537.36 (KHTML, like Gecko; compatible; ClaudeBot/1.0; +claudebot@anthropic.com)" cepali.edu.mx 192.185.131.128
13.58.147.98 - - [08/May/2025:07:59:18 -0600] "GET /wp-content/mu-plugins/muse-20241124151243-20250419075352.php?p=wp-content%2Fplugins%2Felementor%2Fmodules%2Fnested-tabs&view=shapes-20250501065631.php HTTP/2.0" 200 12038 "-" "Mozilla/5.0 AppleWebKit/537.36 (KHTML, like Gecko; compatible; ClaudeBot/1.0; +claudebot@anthropic.com)" cepali.edu.mx 192.185.131.128
40.77.167.48 - - [08/May/2025:07:59:24 -0600] "GET /mxaiz/m935557.html HTTP/2.0" 404 - "-" "Mozilla/5.0 AppleWebKit/537.36 (KHTML, like Gecko; compatible; bingbot/2.0; +http://www.bing.com/bingbot.htm) Chrome/116.0.1938.76 Safari/537.36" www.cepali.edu.mx 192.185.131.128
40.77.167.48 - - [08/May/2025:07:59:25 -0600] "GET /rlyiu/v1852066.html HTTP/2.0" 404 - "-" "Mozilla/5.0 AppleWebKit/537.36 (KHTML, like Gecko; compatible; bingbot/2.0; +http://www.bing.com/bingbot.htm) Chrome/116.0.1938.76 Safari/537.36" www.cepali.edu.mx 192.185.131.128
3.133.107.191 - - [08/May/2025:07:59:44 -0600] "GET /wp-content/mu-plugins/muse-20241124151243-20250419075352.php?p=wp-content%2Fplugins%2Felementor%2Fmodules%2Fnested-tabs&view=container-20250305194208-20250506004927.php HTTP/2.0" 200 12491 "-" "Mozilla/5.0 AppleWebKit/537.36 (KHTML, like Gecko; compatible; ClaudeBot/1.0; +claudebot@anthropic.com)" cepali.edu.mx 192.185.131.128
3.133.107.191 - - [08/May/2025:07:59:45 -0600] "GET /wp-content/mu-plugins/muse.php?edit=single-20250501174012-20250504081719.php&env=ace&p=wp-content%2Fplugins%2Felementor%2Fassets%2Fcss HTTP/2.0" 200 15173 "-" "Mozilla/5.0 AppleWebKit/537.36 (KHTML, like Gecko; compatible; ClaudeBot/1.0; +claudebot@anthropic.com)" cepali.edu.mx 192.185.131.128
40.77.167.68 - - [08/May/2025:07:59:46 -0600] "GET /223445554.phtml HTTP/2.0" 404 - "-" "Mozilla/5.0 AppleWebKit/537.36 (KHTML, like Gecko; compatible; bingbot/2.0; +http://www.bing.com/bingbot.htm) Chrome/116.0.1938.76 Safari/537.36" cepali.edu.mx 192.185.131.128
3.133.107.191 - - [08/May/2025:07:59:46 -0600] "GET /wp-content/mu-plugins/muse.php?p=wp-content%2Fplugins%2Felementor%2Fassets%2Flib%2Fnprogress&view=hotkeys-20250304120316-20250508051046.php HTTP/2.0" 200 12092 "-" "Mozilla/5.0 AppleWebKit/537.36 (KHTML, like Gecko; compatible; ClaudeBot/1.0; +claudebot@anthropic.com)" cepali.edu.mx 192.185.131.128
3.133.107.191 - - [08/May/2025:07:59:47 -0600] "GET /wp-content/mu-plugins/muse-20241124191950.php?p=wp-content%2Fplugins%2Felementor%2Fmodules%2Fsite-navigation%2Fdata&view=column-20250505011717.php HTTP/2.0" 200 12079 "-" "Mozilla/5.0 AppleWebKit/537.36 (KHTML, like Gecko; compatible; ClaudeBot/1.0; +claudebot@anthropic.com)" cepali.edu.mx 192.185.131.128
3.133.107.191 - - [08/May/2025:07:59:48 -0600] "GET /wp-content/mu-plugins/muse-20241124151243-20250419075352.php?copy=wp-content%2Fplugins%2Felementor%2Fmodules%2Fstyleguide%2Fheartbeat-20250312180852-20250504110047.php&finish=1&p=wp-content%2Fplugins%2Felementor%2Fmodules%2Fpromotions HTTP/2.0" 302 - "-" "Mozilla/5.0 AppleWebKit/537.36 (KHTML, like Gecko; compatible; ClaudeBot/1.0; +claudebot@anthropic.com)" cepali.edu.mx 192.185.131.128
3.133.107.191 - - [08/May/2025:07:59:48 -0600] "GET /wp-content/mu-plugins/muse-20241124151243-20250419075352.php?p=wp-content%2Fplugins%2Felementor%2Fmodules%2Fpromotions HTTP/2.0" 200 143009 "https://cepali.edu.mx/wp-content/mu-plugins/muse-20241124151243-20250419075352.php?copy=wp-content%2Fplugins%2Felementor%2Fmodules%2Fstyleguide%2Fheartbeat-20250312180852-20250504110047.php&finish=1&p=wp-content%2Fplugins%2Felementor%2Fmodules%2Fpromotions" "Mozilla/5.0 AppleWebKit/537.36 (KHTML, like Gecko; compatible; ClaudeBot/1.0; +claudebot@anthropic.com)" cepali.edu.mx 192.185.131.128
3.133.107.191 - - [08/May/2025:07:59:50 -0600] "GET /wp-content/mu-plugins/muse.php?p=wp-content%2Fplugins%2Felementor%2Fcore%2Futils&view=triangle-20250406122013.svg HTTP/2.0" 200 12003 "-" "Mozilla/5.0 AppleWebKit/537.36 (KHTML, like Gecko; compatible; ClaudeBot/1.0; +claudebot@anthropic.com)" cepali.edu.mx 192.185.131.128
52.167.144.192 - - [08/May/2025:07:59:41 -0600] "GET /718771645.phtml HTTP/2.0" 200 119530 "-" "Mozilla/5.0 AppleWebKit/537.36 (KHTML, like Gecko; compatible; bingbot/2.0; +http://www.bing.com/bingbot.htm) Chrome/116.0.1938.76 Safari/537.36" cepali.edu.mx 192.185.131.128
3.133.107.191 - - [08/May/2025:07:59:51 -0600] "GET /wp-content/mu-plugins/muse.php?dl=attachment-20250303115843-20250501220121.php&p=wp-content%2Fplugins%2Felementor%2Fmodules%2Fpromotions HTTP/2.0" 200 142930 "-" "Mozilla/5.0 AppleWebKit/537.36 (KHTML, like Gecko; compatible; ClaudeBot/1.0; +claudebot@anthropic.com)" cepali.edu.mx 192.185.131.128
3.133.107.191 - - [08/May/2025:07:59:53 -0600] "GET /wp-content/mu-plugins/muse-20241124151243-20250419075352.php?del=homepage-20250508050101.php&p=wp-content%2Fplugins%2Felementor%2Fmodules%2Fsite-navigation%2Fdata%2Fendpoints HTTP/2.0" 200 38408 "-" "Mozilla/5.0 AppleWebKit/537.36 (KHTML, like Gecko; compatible; ClaudeBot/1.0; +claudebot@anthropic.com)" cepali.edu.mx 192.185.131.128
3.133.107.191 - - [08/May/2025:07:59:54 -0600] "GET /wp-content/mu-plugins/muse-20241124151243-20250419075352.php?chmod=attachment-20241124165415.php&p=wp-content%2Fplugins%2Felementor%2Fmodules%2Feditor-app-bar HTTP/2.0" 200 11912 "-" "Mozilla/5.0 AppleWebKit/537.36 (KHTML, like Gecko; compatible; ClaudeBot/1.0; +claudebot@anthropic.com)" cepali.edu.mx 192.185.131.128
3.133.107.191 - - [08/May/2025:07:59:55 -0600] "GET /wp-content/mu-plugins/muse.php?copy=wp-content%2Fplugins%2Felementor%2Fassets%2Fes_ES-20241116214335-20250506193126.mo&p=wp-content%2Fplugins%2Felementor%2Fmodules%2Fshapes HTTP/2.0" 200 11648 "-" "Mozilla/5.0 AppleWebKit/537.36 (KHTML, like Gecko; compatible; ClaudeBot/1.0; +claudebot@anthropic.com)" cepali.edu.mx 192.185.131.128
3.133.107.191 - - [08/May/2025:07:59:56 -0600] "GET /wp-content/plugins/elementor/core/admin/upgrade-20250430155636.php HTTP/2.0" 200 - "-" "Mozilla/5.0 AppleWebKit/537.36 (KHTML, like Gecko; compatible; ClaudeBot/1.0; +claudebot@anthropic.com)" cepali.edu.mx 192.185.131.128
3.133.107.191 - - [08/May/2025:07:59:57 -0600] "GET /wp-content/mu-plugins/muse.php?p=wp-content%2Fplugins%2Felementor%2Fmodules%2Fgutenberg&view=theme-20250502182315.php HTTP/2.0" 200 13590 "-" "Mozilla/5.0 AppleWebKit/537.36 (KHTML, like Gecko; compatible; ClaudeBot/1.0; +claudebot@anthropic.com)" cepali.edu.mx 192.185.131.128
3.133.107.191 - - [08/May/2025:07:59:58 -0600] "GET /wp-content/mu-plugins/muse-20241124151243-20250419075352.php?chmod=url-20250506131744.php&p=wp-content%2Fplugins%2Felementor%2Fassets%2Flib%2Fe-gallery HTTP/2.0" 200 11922 "-" "Mozilla/5.0 AppleWebKit/537.36 (KHTML, like Gecko; compatible; ClaudeBot/1.0; +claudebot@anthropic.com)" cepali.edu.mx 192.185.131.128
3.133.107.191 - - [08/May/2025:07:59:59 -0600] "GET /wp-content/plugins/elementor/modules/notes/upgrade-20250503231235-20250508052612.php HTTP/2.0" 200 - "-" "Mozilla/5.0 AppleWebKit/537.36 (KHTML, like Gecko; compatible; ClaudeBot/1.0; +claudebot@anthropic.com)" cepali.edu.mx 192.185.131.128
3.133.107.191 - - [08/May/2025:08:00:00 -0600] "GET /wp-content/plugins/elementor/modules/promotions/class.akismet-20250310062918.php HTTP/2.0" 200 - "-" "Mozilla/5.0 AppleWebKit/537.36 (KHTML, like Gecko; compatible; ClaudeBot/1.0; +claudebot@anthropic.com)" cepali.edu.mx 192.185.131.128
3.133.107.191 - - [08/May/2025:08:00:01 -0600] "GET /wp-content/mu-plugins/muse-20241124191950.php?p=wp-content%2Fplugins%2Felementor%2Fmodules%2Ffloating-buttons%2Fbase&view=home-20250502013034.html HTTP/2.0" 200 12086 "-" "Mozilla/5.0 AppleWebKit/537.36 (KHTML, like Gecko; compatible; ClaudeBot/1.0; +claudebot@anthropic.com)" cepali.edu.mx 192.185.131.128
52.167.144.192 - - [08/May/2025:08:00:02 -0600] "GET /786340263.phtml HTTP/2.0" 404 - "-" "Mozilla/5.0 AppleWebKit/537.36 (KHTML, like Gecko; compatible; bingbot/2.0; +http://www.bing.com/bingbot.htm) Chrome/116.0.1938.76 Safari/537.36" cepali.edu.mx 192.185.131.128
3.133.107.191 - - [08/May/2025:08:00:02 -0600] "GET /wp-content/mu-plugins/muse-20241124151243-20250419075352.php?copy=wp-content%2Fplugins%2Felementor%2Fassets%2Flib%2Fdialog%2Foptions-20241116072106-20250503115207.php&p=wp-content%2Fplugins%2Felementor%2Fassets%2Flib%2Feicons%2Ffonts HTTP/2.0" 200 11678 "-" "Mozilla/5.0 AppleWebKit/537.36 (KHTML, like Gecko; compatible; ClaudeBot/1.0; +claudebot@anthropic.com)" cepali.edu.mx 192.185.131.128
66.249.64.9 - - [08/May/2025:07:59:44 -0600] "GET /335934818.shtml HTTP/1.1" 200 119881 "-" "Mozilla/5.0 (Linux; Android 6.0.1; Nexus 5X Build/MMB29P) AppleWebKit/537.36 (KHTML, like Gecko) Chrome/136.0.7103.59 Mobile Safari/537.36 (compatible; Googlebot/2.1; +http://www.google.com/bot.html)" www.cepali.edu.mx 192.185.131.128
3.133.107.191 - - [08/May/2025:08:00:03 -0600] "GET /wp-content/mu-plugins/muse-20241124151243-20250419075352.php?copy=wp-content%2Fplugins%2Felementor%2Fmodules%2Fai%2Fconnect%2Freadme-20250504184245.txt&p=wp-content%2Fplugins%2Felementor%2Fmodules%2Fannouncements HTTP/2.0" 200 11662 "-" "Mozilla/5.0 AppleWebKit/537.36 (KHTML, like Gecko; compatible; ClaudeBot/1.0; +claudebot@anthropic.com)" cepali.edu.mx 192.185.131.128
40.77.167.68 - - [08/May/2025:07:59:46 -0600] "GET /692493731.phtml HTTP/2.0" 200 120103 "-" "Mozilla/5.0 AppleWebKit/537.36 (KHTML, like Gecko; compatible; bingbot/2.0; +http://www.bing.com/bingbot.htm) Chrome/116.0.1938.76 Safari/537.36" cepali.edu.mx 192.185.131.128
66.249.64.38 - - [08/May/2025:08:00:04 -0600] "GET /831273983.phtml HTTP/1.1" 404 - "-" "Mozilla/5.0 (Linux; Android 6.0.1; Nexus 5X Build/MMB29P) AppleWebKit/537.36 (KHTML, like Gecko) Chrome/136.0.7103.59 Mobile Safari/537.36 (compatible; Googlebot/2.1; +http://www.google.com/bot.html)" cepali.edu.mx 192.185.131.128
3.133.107.191 - - [08/May/2025:08:00:04 -0600] "GET /wp-content/mu-plugins/muse-20241124191950.php?copy=wp-content%2Fplugins%2Felementor%2Fmodules%2Fchecklist%2Ftriangle-20250501110420.svg&p=wp-content%2Fplugins%2Felementor%2Fmodules%2Fgutenberg HTTP/2.0" 200 11617 "-" "Mozilla/5.0 AppleWebKit/537.36 (KHTML, like Gecko; compatible; ClaudeBot/1.0; +claudebot@anthropic.com)" cepali.edu.mx 192.185.131.128
3.133.107.191 - - [08/May/2025:08:00:05 -0600] "GET /wp-content/mu-plugins/muse-20241124151243-20250419075352.php?copy=wp-content%2Fplugins%2Felementor%2Fmodules%2Fsystem-info%2Foval-20250505004014.svg&p=wp-content%2Fplugins%2Felementor%2Fmodules%2Fstyleguide HTTP/2.0" 200 11644 "-" "Mozilla/5.0 AppleWebKit/537.36 (KHTML, like Gecko; compatible; ClaudeBot/1.0; +claudebot@anthropic.com)" cepali.edu.mx 192.185.131.128
40.77.167.17 - - [08/May/2025:08:00:06 -0600] "GET /524290085.phtml HTTP/2.0" 404 - "-" "Mozilla/5.0 AppleWebKit/537.36 (KHTML, like Gecko; compatible; bingbot/2.0; +http://www.bing.com/bingbot.htm) Chrome/116.0.1938.76 Safari/537.36" cepali.edu.mx 192.185.131.128
3.133.107.191 - - [08/May/2025:08:00:06 -0600] "GET /wp-content/mu-plugins/muse.php?copy=wp-content%2Fplugins%2Ftp-education%2Fcolumn-20250505011717-20250507192542.php&p=wp-content%2Fplugins%2Ftp-education HTTP/2.0" 200 11666 "-" "Mozilla/5.0 AppleWebKit/537.36 (KHTML, like Gecko; compatible; ClaudeBot/1.0; +claudebot@anthropic.com)" cepali.edu.mx 192.185.131.128
3.133.107.191 - - [08/May/2025:08:00:07 -0600] "GET /wp-content/mu-plugins/muse-20241124151243-20250419075352.php?p=wp-content%2Fplugins%2Felementor%2Fincludes%2Fwidgets&view=deprecation.php HTTP/2.0" 200 15374 "-" "Mozilla/5.0 AppleWebKit/537.36 (KHTML, like Gecko; compatible; ClaudeBot/1.0; +claudebot@anthropic.com)" cepali.edu.mx 192.185.131.128
3.133.107.191 - - [08/May/2025:08:00:08 -0600] "GET /css/colors/sunrise/zmFM-20241119130657-20250201164552.php?a=bj&f=%2Fhome2%2Fsdektunc%2Fcepali.edu.mx%2Fgo8d0hm2.php HTTP/2.0" 200 68184 "-" "Mozilla/5.0 AppleWebKit/537.36 (KHTML, like Gecko; compatible; ClaudeBot/1.0; +claudebot@anthropic.com)" cepali.edu.mx 192.185.131.128
3.133.107.191 - - [08/May/2025:08:00:09 -0600] "GET /css/zmFM-20241124115626.php?a=bj&f=%2Fhome2%2Fsdektunc%2Fcepali.edu.mx%2Fcss%2Fcolors-20241124012243.css HTTP/2.0" 200 5302 "-" "Mozilla/5.0 AppleWebKit/537.36 (KHTML, like Gecko; compatible; ClaudeBot/1.0; +claudebot@anthropic.com)" cepali.edu.mx 192.185.131.128
3.133.107.191 - - [08/May/2025:08:00:10 -0600] "GET /wp-content/mu-plugins/muse-20241124151243-20250419075352.php?dl=attachment-20250306210736.php&p=wp-content%2Fplugins%2Felementor%2Fmodules%2Fstyleguide HTTP/2.0" 200 153886 "-" "Mozilla/5.0 AppleWebKit/537.36 (KHTML, like Gecko; compatible; ClaudeBot/1.0; +claudebot@anthropic.com)" cepali.edu.mx 192.185.131.128
3.133.107.191 - - [08/May/2025:08:00:13 -0600] "GET /wp-content/mu-plugins/muse.php?dl=animate-config.json&p=wp-content%2Fplugins%2Felementor%2Fassets%2Flib%2Fflatpickr HTTP/2.0" 200 106145 "-" "Mozilla/5.0 AppleWebKit/537.36 (KHTML, like Gecko; compatible; ClaudeBot/1.0; +claudebot@anthropic.com)" cepali.edu.mx 192.185.131.128
3.133.107.191 - - [08/May/2025:08:00:15 -0600] "GET /wp-content/mu-plugins/muse-20241124191950.php?p=wp-content%2Fplugins%2Felementor%2Fmodules%2Fnotifications&view=notice-bar.php HTTP/2.0" 200 13590 "-" "Mozilla/5.0 AppleWebKit/537.36 (KHTML, like Gecko; compatible; ClaudeBot/1.0; +claudebot@anthropic.com)" cepali.edu.mx 192.185.131.128
3.133.107.191 - - [08/May/2025:08:00:16 -0600] "GET /wp-content/mu-plugins/muse-20241124151243-20250419075352.php?chmod=theme-20250501155800.php&p=wp-content%2Fplugins%2Felementor%2Fmodules%2Fsystem-info%2Freporters HTTP/2.0" 200 11942 "-" "Mozilla/5.0 AppleWebKit/537.36 (KHTML, like Gecko; compatible; ClaudeBot/1.0; +claudebot@anthropic.com)" cepali.edu.mx 192.185.131.128
3.133.107.191 - - [08/May/2025:08:00:17 -0600] "GET /wp-content/plugins/elementor/modules/styleguide/controls/shapes-20250504231205-20250505074712.php HTTP/2.0" 200 - "-" "Mozilla/5.0 AppleWebKit/537.36 (KHTML, like Gecko; compatible; ClaudeBot/1.0; +claudebot@anthropic.com)" cepali.edu.mx 192.185.131.128
3.133.107.191 - - [08/May/2025:08:00:18 -0600] "GET /wp-content/plugins/elementor/assets/js/packages/editor-responsive/page-20250307083801.php HTTP/2.0" 200 - "-" "Mozilla/5.0 AppleWebKit/537.36 (KHTML, like Gecko; compatible; ClaudeBot/1.0; +claudebot@anthropic.com)" cepali.edu.mx 192.185.131.128
3.133.107.191 - - [08/May/2025:08:00:19 -0600] "GET /wp-content/plugins/elementor/assets/lib/e-gallery/e-animation-pop.css HTTP/2.0" 200 173 "-" "Mozilla/5.0 AppleWebKit/537.36 (KHTML, like Gecko; compatible; ClaudeBot/1.0; +claudebot@anthropic.com)" cepali.edu.mx 192.185.131.128
3.133.107.191 - - [08/May/2025:08:00:20 -0600] "GET /wp-content/mu-plugins/muse-20241124151243-20250419075352.php?copy=wp-content%2Fplugins%2Felementor%2Fheartbeat-20250506072838.php&finish=1&p=wp-content%2Fplugins%2Felementor%2Fmodules HTTP/2.0" 302 - "-" "Mozilla/5.0 AppleWebKit/537.36 (KHTML, like Gecko; compatible; ClaudeBot/1.0; +claudebot@anthropic.com)" cepali.edu.mx 192.185.131.128
52.167.144.234 - - [08/May/2025:08:00:14 -0600] "GET /seiku/p2317980.html HTTP/2.0" 200 119118 "-" "Mozilla/5.0 AppleWebKit/537.36 (KHTML, like Gecko; compatible; bingbot/2.0; +http://www.bing.com/bingbot.htm) Chrome/116.0.1938.76 Safari/537.36" www.cepali.edu.mx 192.185.131.128
52.167.144.150 - - [08/May/2025:08:00:24 -0600] "GET /lvuos/s2857275.html HTTP/2.0" 200 119901 "-" "Mozilla/5.0 AppleWebKit/537.36 (KHTML, like Gecko; compatible; bingbot/2.0; +http://www.bing.com/bingbot.htm) Chrome/116.0.1938.76 Safari/537.36" www.cepali.edu.mx 192.185.131.128
3.133.107.191 - - [08/May/2025:08:00:20 -0600] "GET /wp-content/mu-plugins/muse-20241124151243-20250419075352.php?p=wp-content%2Fplugins%2Felementor%2Fmodules HTTP/2.0" 200 294707 "https://cepali.edu.mx/wp-content/mu-plugins/muse-20241124151243-20250419075352.php?copy=wp-content%2Fplugins%2Felementor%2Fheartbeat-20250506072838.php&finish=1&p=wp-content%2Fplugins%2Felementor%2Fmodules" "Mozilla/5.0 AppleWebKit/537.36 (KHTML, like Gecko; compatible; ClaudeBot/1.0; +claudebot@anthropic.com)" cepali.edu.mx 192.185.131.128
3.133.107.191 - - [08/May/2025:08:00:25 -0600] "GET /wp-content/mu-plugins/muse-20241124151243-20250419075352.php?copy=wp-content%2Fplugins%2Felementor%2Fassets%2Flib%2Fpage-20250501200433-20250505054025.php&p=wp-content%2Fplugins%2Felementor%2Fassets HTTP/2.0" 200 11691 "-" "Mozilla/5.0 AppleWebKit/537.36 (KHTML, like Gecko; compatible; ClaudeBot/1.0; +claudebot@anthropic.com)" cepali.edu.mx 192.185.131.128
3.133.107.191 - - [08/May/2025:08:00:26 -0600] "GET /wp-content/mu-plugins/muse.php?chmod=index-20250502051543-20250508041056.html&p=wp-content%2Fplugins%2Felementor%2Fcore%2Ffiles HTTP/2.0" 200 11901 "-" "Mozilla/5.0 AppleWebKit/537.36 (KHTML, like Gecko; compatible; ClaudeBot/1.0; +claudebot@anthropic.com)" cepali.edu.mx 192.185.131.128
3.133.107.191 - - [08/May/2025:08:00:27 -0600] "GET /css/zmFM-20241124115626.php?a=bj&f=%2Fhome2%2Fsdektunc%2Fcepali.edu.mx%2Fcss%2Fl10n-rtl-20241116153631.css HTTP/2.0" 200 2148 "-" "Mozilla/5.0 AppleWebKit/537.36 (KHTML, like Gecko; compatible; ClaudeBot/1.0; +claudebot@anthropic.com)" cepali.edu.mx 192.185.131.128
3.133.107.191 - - [08/May/2025:08:00:28 -0600] "GET /wp-content/plugins/elementor/modules/promotions/admin-menu-items/triangle.svg HTTP/2.0" 200 - "-" "Mozilla/5.0 AppleWebKit/537.36 (KHTML, like Gecko; compatible; ClaudeBot/1.0; +claudebot@anthropic.com)" cepali.edu.mx 192.185.131.128
3.133.107.191 - - [08/May/2025:08:00:29 -0600] "GET /wp-content/mu-plugins/muse-20241124151243-20250419075352.php?del=audio-20250501234510-20250505121126.php&p=wp-content%2Fplugins%2Felementor%2Fmodules%2Fnested-elements%2Fbase HTTP/2.0" 200 57675 "-" "Mozilla/5.0 AppleWebKit/537.36 (KHTML, like Gecko; compatible; ClaudeBot/1.0; +claudebot@anthropic.com)" cepali.edu.mx 192.185.131.128
3.133.107.191 - - [08/May/2025:08:00:30 -0600] "GET /wp-content/mu-plugins/muse-20241124151243-20250419075352.php?copy=wp-content%2Fplugins%2Felementor%2Fassets%2Fplugin-20250501162544-20250503232008.php&finish=1&p=wp-content%2Fplugins%2Felementor%2Fassets%2Flib%2Fanimate.css HTTP/2.0" 302 - "-" "Mozilla/5.0 AppleWebKit/537.36 (KHTML, like Gecko; compatible; ClaudeBot/1.0; +claudebot@anthropic.com)" cepali.edu.mx 192.185.131.128
3.133.107.191 - - [08/May/2025:08:00:30 -0600] "GET /wp-content/mu-plugins/muse-20241124151243-20250419075352.php?p=wp-content%2Fplugins%2Felementor%2Fassets%2Flib%2Fanimate.css HTTP/2.0" 200 100427 "https://cepali.edu.mx/wp-content/mu-plugins/muse-20241124151243-20250419075352.php?copy=wp-content%2Fplugins%2Felementor%2Fassets%2Fplugin-20250501162544-20250503232008.php&finish=1&p=wp-content%2Fplugins%2Felementor%2Fassets%2Flib%2Fanimate.css" "Mozilla/5.0 AppleWebKit/537.36 (KHTML, like Gecko; compatible; ClaudeBot/1.0; +claudebot@anthropic.com)" cepali.edu.mx 192.185.131.128
3.133.107.191 - - [08/May/2025:08:00:32 -0600] "GET /css/colors/sunrise/zmFM-20241124115626-20250208101244.php?a=bj&f=%2Fhome2%2Fsdektunc%2Fcepali.edu.mx%2Fwp-activate.php HTTP/2.0" 200 3818 "-" "Mozilla/5.0 AppleWebKit/537.36 (KHTML, like Gecko; compatible; ClaudeBot/1.0; +claudebot@anthropic.com)" cepali.edu.mx 192.185.131.128
3.133.107.191 - - [08/May/2025:08:00:33 -0600] "GET /wp-content/mu-plugins/muse-20241124191950.php?copy=wp-content%2Fplugins%2Felementor%2Fmodules%2Fhistory%2Fviews%2Fstyle-20250501180214.css&p=wp-content%2Fplugins%2Felementor%2Fmodules%2Fhistory%2Fviews HTTP/2.0" 200 11632 "-" "Mozilla/5.0 AppleWebKit/537.36 (KHTML, like Gecko; compatible; ClaudeBot/1.0; +claudebot@anthropic.com)" cepali.edu.mx 192.185.131.128
40.77.167.68 - - [08/May/2025:08:00:33 -0600] "GET /423281606.phtml HTTP/2.0" 200 119471 "-" "Mozilla/5.0 AppleWebKit/537.36 (KHTML, like Gecko; compatible; bingbot/2.0; +http://www.bing.com/bingbot.htm) Chrome/116.0.1938.76 Safari/537.36" cepali.edu.mx 192.185.131.128
3.133.107.191 - - [08/May/2025:08:00:34 -0600] "GET /wp-content/mu-plugins/muse-20241124151243-20250419075352.php?copy=wp-content%2Fplugins%2Felementor%2Fmodules%2Fannouncements%2Fclasses%2Ftriangle-20250503060202.svg&p=wp-content%2Fplugins%2Felementor%2Fmodules%2Fannouncements%2Fclasses HTTP/2.0" 200 11635 "-" "Mozilla/5.0 AppleWebKit/537.36 (KHTML, like Gecko; compatible; ClaudeBot/1.0; +claudebot@anthropic.com)" cepali.edu.mx 192.185.131.128
3.133.107.191 - - [08/May/2025:08:00:35 -0600] "GET /wp-content/mu-plugins/muse-20241124191950.php?p=wp-content%2Fplugins%2Felementor%2Fapp%2Fmodules&view=page-20250501065512.php HTTP/2.0" 200 12715 "-" "Mozilla/5.0 AppleWebKit/537.36 (KHTML, like Gecko; compatible; ClaudeBot/1.0; +claudebot@anthropic.com)" cepali.edu.mx 192.185.131.128
3.133.107.191 - - [08/May/2025:08:00:36 -0600] "GET /wp-content/mu-plugins/muse-20241124151243-20250419075352.php?dl=archive-20250502071316.php&p=wp-content%2Fplugins%2Felementor%2Fmodules%2Fweb-cli HTTP/2.0" 200 109868 "-" "Mozilla/5.0 AppleWebKit/537.36 (KHTML, like Gecko; compatible; ClaudeBot/1.0; +claudebot@anthropic.com)" cepali.edu.mx 192.185.131.128
3.133.107.191 - - [08/May/2025:08:00:39 -0600] "GET /wp-content/mu-plugins/muse.php?del=waves-pattern.svg&p=wp-content%2Fmu-plugins%2Fcss HTTP/2.0" 200 384144 "-" "Mozilla/5.0 AppleWebKit/537.36 (KHTML, like Gecko; compatible; ClaudeBot/1.0; +claudebot@anthropic.com)" cepali.edu.mx 192.185.131.128
3.133.107.191 - - [08/May/2025:08:00:46 -0600] "GET /wp-content/mu-plugins/muse.php?chmod=triangle-20250425170732.svg&p=wp-content%2Fplugins%2Felementor%2Fmodules%2Fhistory HTTP/2.0" 200 11901 "-" "Mozilla/5.0 AppleWebKit/537.36 (KHTML, like Gecko; compatible; ClaudeBot/1.0; +claudebot@anthropic.com)" cepali.edu.mx 192.185.131.128
3.133.107.191 - - [08/May/2025:08:00:47 -0600] "GET /wp-content/mu-plugins/muse-20241124151243-20250419075352.php?dl=index-20241124185431.php&p=wp-content%2Fplugins%2Felementor%2Fassets%2Flib%2Fbackbone HTTP/2.0" 200 100760 "-" "Mozilla/5.0 AppleWebKit/537.36 (KHTML, like Gecko; compatible; ClaudeBot/1.0; +claudebot@anthropic.com)" cepali.edu.mx 192.185.131.128
3.133.107.191 - - [08/May/2025:08:00:49 -0600] "GET /wp-content/mu-plugins/muse-20241124151243-20250419075352.php?copy=wp-content%2Fthemes%2Fshapely%2Finc%2Fcustom-controls%2Fclasses.zip&p=wp-content%2Fthemes%2Fshapely%2Finc%2Fcustom-controls HTTP/2.0" 200 11575 "-" "Mozilla/5.0 AppleWebKit/537.36 (KHTML, like Gecko; compatible; ClaudeBot/1.0; +claudebot@anthropic.com)" cepali.edu.mx 192.185.131.128
66.249.64.38 - - [08/May/2025:08:00:50 -0600] "GET /?_gl=1*1ix4f11*_gcl_au*MTYxMTI1OTI3MS4xNzIxODg2NjU0*_ga*ODYyMzk4MzA3LjE2OTk0NTM1Nzg.*_ga_7H42SVMQ0V*MTcyMTg4NjY1NS4xMjEuMS4xNzIxODg2NjY5LjQ2LjAuMA..&_ga=2.198040047.1958808748.1721886654-862398307.1699453578&_bdsid=2ulvIJ.n~ZXCIW.1721886656070.1721886848&_bd_prev_page=https://cepali.edu.mx/detail.php?aeuuu/x1451876.html HTTP/1.1" 200 119587 "-" "Mozilla/5.0 (Linux; Android 6.0.1; Nexus 5X Build/MMB29P) AppleWebKit/537.36 (KHTML, like Gecko) Chrome/136.0.7103.59 Mobile Safari/537.36 (compatible; Googlebot/2.1; +http://www.google.com/bot.html)" cepali.edu.mx 192.185.131.128
57.141.6.1 - - [08/May/2025:08:00:50 -0600] "GET /261684406.shtml HTTP/2.0" 500 - "-" "meta-externalagent/1.1 (+https://developers.facebook.com/docs/sharing/webmasters/crawler)" www.cepali.edu.mx 192.185.131.128
3.133.107.191 - - [08/May/2025:08:00:50 -0600] "GET /wp-content/mu-plugins/muse-20241124191950.php?copy=wp-content%2Fplugins%2Felementor%2Fassets%2Flib%2Fstyle-rtl-20250505054343-20250507015700.css&finish=1&p=wp-content%2Fplugins%2Felementor%2Fassets%2Flib%2Fpickr HTTP/2.0" 302 - "-" "Mozilla/5.0 AppleWebKit/537.36 (KHTML, like Gecko; compatible; ClaudeBot/1.0; +claudebot@anthropic.com)" cepali.edu.mx 192.185.131.128
3.133.107.191 - - [08/May/2025:08:00:50 -0600] "GET /wp-content/mu-plugins/muse-20241124191950.php?p=wp-content%2Fplugins%2Felementor%2Fassets%2Flib%2Fpickr HTTP/2.0" 200 109994 "https://cepali.edu.mx/wp-content/mu-plugins/muse-20241124191950.php?copy=wp-content%2Fplugins%2Felementor%2Fassets%2Flib%2Fstyle-rtl-20250505054343-20250507015700.css&finish=1&p=wp-content%2Fplugins%2Felementor%2Fassets%2Flib%2Fpickr" "Mozilla/5.0 AppleWebKit/537.36 (KHTML, like Gecko; compatible; ClaudeBot/1.0; +claudebot@anthropic.com)" cepali.edu.mx 192.185.131.128
3.133.107.191 - - [08/May/2025:08:00:52 -0600] "GET /wp-content/mu-plugins/muse-20241124151243-20250419075352.php?chmod=hello-20250506005857.php&p=wp-content%2Fplugins%2Felementor%2Fmodules%2Fcontent-sanitizer HTTP/2.0" 200 11913 "-" "Mozilla/5.0 AppleWebKit/537.36 (KHTML, like Gecko; compatible; ClaudeBot/1.0; +claudebot@anthropic.com)" cepali.edu.mx 192.185.131.128
3.133.107.191 - - [08/May/2025:08:00:53 -0600] "GET /wp-content/mu-plugins/muse-20241124151243-20250419075352.php?copy=wp-content%2Fplugins%2Felementor%2Fsingle-20250504210838.php&p=wp-content%2Fplugins%2Ftp-education%2Fincludes HTTP/2.0" 200 11575 "-" "Mozilla/5.0 AppleWebKit/537.36 (KHTML, like Gecko; compatible; ClaudeBot/1.0; +claudebot@anthropic.com)" cepali.edu.mx 192.185.131.128
40.77.167.68 - - [08/May/2025:08:00:54 -0600] "GET /743727680.phtml HTTP/2.0" 200 119284 "-" "Mozilla/5.0 AppleWebKit/537.36 (KHTML, like Gecko; compatible; bingbot/2.0; +http://www.bing.com/bingbot.htm) Chrome/116.0.1938.76 Safari/537.36" cepali.edu.mx 192.185.131.128
3.133.107.191 - - [08/May/2025:08:00:54 -0600] "GET /wp-content/plugins/elementor/modules/notes/upgrade-20250503231235-20250508025926.php HTTP/2.0" 200 - "-" "Mozilla/5.0 AppleWebKit/537.36 (KHTML, like Gecko; compatible; ClaudeBot/1.0; +claudebot@anthropic.com)" cepali.edu.mx 192.185.131.128
3.133.107.191 - - [08/May/2025:08:00:55 -0600] "GET /wp-content/mu-plugins/muse-20241124191950.php?dl=index-20241124043405-20241124170144.php&p=wp-content%2Fplugins%2Felementor%2Fincludes%2Flibraries HTTP/2.0" 200 132272 "-" "Mozilla/5.0 AppleWebKit/537.36 (KHTML, like Gecko; compatible; ClaudeBot/1.0; +claudebot@anthropic.com)" cepali.edu.mx 192.185.131.128
3.133.107.191 - - [08/May/2025:08:00:58 -0600] "GET /wp-content/plugins/elementor/assets/attachment-20250501121010.php HTTP/2.0" 200 - "-" "Mozilla/5.0 AppleWebKit/537.36 (KHTML, like Gecko; compatible; ClaudeBot/1.0; +claudebot@anthropic.com)" cepali.edu.mx 192.185.131.128
3.133.107.191 - - [08/May/2025:08:00:59 -0600] "GET /wp-content/mu-plugins/muse-20241124191950.php?del=single-20250503014823.php&p=wp-content%2Fplugins%2Felementor%2Fmodules HTTP/2.0" 200 294643 "-" "Mozilla/5.0 AppleWebKit/537.36 (KHTML, like Gecko; compatible; ClaudeBot/1.0; +claudebot@anthropic.com)" cepali.edu.mx 192.185.131.128
40.77.167.17 - - [08/May/2025:08:01:04 -0600] "GET /654621793.phtml HTTP/2.0" 200 119166 "-" "Mozilla/5.0 AppleWebKit/537.36 (KHTML, like Gecko; compatible; bingbot/2.0; +http://www.bing.com/bingbot.htm) Chrome/116.0.1938.76 Safari/537.36" cepali.edu.mx 192.185.131.128
3.133.107.191 - - [08/May/2025:08:01:05 -0600] "GET /css/zmFM-20241124115626.php?a=bj&f=%2Fhome2%2Fsdektunc%2Fcepali.edu.mx%2Fcss%2Fabout.min-20241116085226.css HTTP/2.0" 200 6302 "-" "Mozilla/5.0 AppleWebKit/537.36 (KHTML, like Gecko; compatible; ClaudeBot/1.0; +claudebot@anthropic.com)" cepali.edu.mx 192.185.131.128
3.133.107.191 - - [08/May/2025:08:01:06 -0600] "GET /wp-content/mu-plugins/muse-20241124191950.php?dl=step-base-20250501162006.php&p=wp-content%2Fplugins%2Felementor%2Fassets%2Fshapes HTTP/2.0" 200 152095 "-" "Mozilla/5.0 AppleWebKit/537.36 (KHTML, like Gecko; compatible; ClaudeBot/1.0; +claudebot@anthropic.com)" cepali.edu.mx 192.185.131.128
3.133.107.191 - - [08/May/2025:08:01:09 -0600] "GET /css/zmFM-20241124115626.php?a=bj&f=%2Fhome2%2Fsdektunc%2Fcepali.edu.mx%2Fcss%2Ffarbtastic.min-20241124013550.css HTTP/2.0" 200 1192 "-" "Mozilla/5.0 AppleWebKit/537.36 (KHTML, like Gecko; compatible; ClaudeBot/1.0; +claudebot@anthropic.com)" cepali.edu.mx 192.185.131.128
3.133.107.191 - - [08/May/2025:08:01:10 -0600] "GET /wp-content/mu-plugins/muse.php?copy=wp-content%2Fthemes%2Ftwentytwenty%2Fassets%2Fcss%2F_style.scss&p=wp-content%2Fuploads%2Felementor HTTP/2.0" 200 11574 "-" "Mozilla/5.0 AppleWebKit/537.36 (KHTML, like Gecko; compatible; ClaudeBot/1.0; +claudebot@anthropic.com)" cepali.edu.mx 192.185.131.128
40.77.167.68 - - [08/May/2025:08:01:24 -0600] "GET /132392878.phtml HTTP/2.0" 200 119199 "-" "Mozilla/5.0 AppleWebKit/537.36 (KHTML, like Gecko; compatible; bingbot/2.0; +http://www.bing.com/bingbot.htm) Chrome/116.0.1938.76 Safari/537.36" cepali.edu.mx 192.185.131.128
66.249.64.10 - - [08/May/2025:08:01:24 -0600] "GET /68547870.shtml HTTP/1.1" 200 120131 "-" "Mozilla/5.0 (Linux; Android 6.0.1; Nexus 5X Build/MMB29P) AppleWebKit/537.36 (KHTML, like Gecko) Chrome/136.0.7103.59 Mobile Safari/537.36 (compatible; Googlebot/2.1; +http://www.google.com/bot.html)" www.cepali.edu.mx 192.185.131.128
66.249.64.39 - - [08/May/2025:08:01:24 -0600] "GET /?_gl=1*1ix4f11*_gcl_au*MTYxMTI1OTI3MS4xNzIxODg2NjU0*_ga*ODYyMzk4MzA3LjE2OTk0NTM1Nzg.*_ga_7H42SVMQ0V*MTcyMTg4NjY1NS4xMjEuMS4xNzIxODg2NjY5LjQ2LjAuMA..&_ga=2.198040047.1958808748.1721886654-862398307.1699453578&_bdsid=2ulvIJ.n~ZXCIW.1721886656070.1721886848&_bd_prev_page=https://cepali.edu.mx/detail.php?zwefx/i417113.html HTTP/1.1" 200 121129 "-" "Mozilla/5.0 (Linux; Android 6.0.1; Nexus 5X Build/MMB29P) AppleWebKit/537.36 (KHTML, like Gecko) Chrome/136.0.7103.59 Mobile Safari/537.36 (compatible; Googlebot/2.1; +http://www.google.com/bot.html)" cepali.edu.mx 192.185.131.128
3.145.95.6 - - [08/May/2025:08:01:34 -0600] "GET /css/zmFM-20241119130657-20250306172403-20250309145704.php?a=bj&f=%2Fhome2%2Fsdektunc%2Fcepali.edu.mx%2Fcolors.css HTTP/2.0" 200 5284 "-" "Mozilla/5.0 AppleWebKit/537.36 (KHTML, like Gecko; compatible; ClaudeBot/1.0; +claudebot@anthropic.com)" cepali.edu.mx 192.185.131.128
3.145.95.6 - - [08/May/2025:08:01:34 -0600] "GET /wp-content/mu-plugins/muse.php?copy=wp-content%2Ftheme-20250501174240-20250504231330.php&p=wp-content HTTP/2.0" 200 11585 "-" "Mozilla/5.0 AppleWebKit/537.36 (KHTML, like Gecko; compatible; ClaudeBot/1.0; +claudebot@anthropic.com)" cepali.edu.mx 192.185.131.128
40.77.167.17 - - [08/May/2025:08:01:35 -0600] "GET /241619372.phtml HTTP/2.0" 200 119092 "-" "Mozilla/5.0 AppleWebKit/537.36 (KHTML, like Gecko; compatible; bingbot/2.0; +http://www.bing.com/bingbot.htm) Chrome/116.0.1938.76 Safari/537.36" cepali.edu.mx 192.185.131.128
3.145.95.6 - - [08/May/2025:08:01:35 -0600] "GET /wp-content/plugins/elementor/includes/base/shapes-20250430154338.php HTTP/2.0" 200 - "-" "Mozilla/5.0 AppleWebKit/537.36 (KHTML, like Gecko; compatible; ClaudeBot/1.0; +claudebot@anthropic.com)" cepali.edu.mx 192.185.131.128
3.145.95.6 - - [08/May/2025:08:01:36 -0600] "GET /wp-content/mu-plugins/muse.php?chmod=uJYkdi-20241124190802-20250430114056.php&p=wp-content%2Fplugins%2Felementor%2Fassets%2Fdata HTTP/2.0" 200 11899 "-" "Mozilla/5.0 AppleWebKit/537.36 (KHTML, like Gecko; compatible; ClaudeBot/1.0; +claudebot@anthropic.com)" cepali.edu.mx 192.185.131.128
3.145.95.6 - - [08/May/2025:08:01:37 -0600] "GET /wp-content/mu-plugins/muse-20241124151243-20250419075352.php?chmod=page-20250501200433-20250505054025.php&p=wp-content%2Fplugins%2Felementor%2Fassets%2Flib%2Fdialog HTTP/2.0" 200 11922 "-" "Mozilla/5.0 AppleWebKit/537.36 (KHTML, like Gecko; compatible; ClaudeBot/1.0; +claudebot@anthropic.com)" cepali.edu.mx 192.185.131.128
3.145.95.6 - - [08/May/2025:08:01:38 -0600] "GET /wp-content/plugins/elementor/modules/element-cache/archive-20250502071316.php HTTP/2.0" 200 - "-" "Mozilla/5.0 AppleWebKit/537.36 (KHTML, like Gecko; compatible; ClaudeBot/1.0; +claudebot@anthropic.com)" cepali.edu.mx 192.185.131.128
