52.167.144.186 - - [08/May/2025:07:28:10 -0600] "GET /117087214.shtml HTTP/2.0" 200 119641 "-" "Mozilla/5.0 AppleWebKit/537.36 (KHTML, like Gecko; compatible; bingbot/2.0; +http://www.bing.com/bingbot.htm) Chrome/116.0.1938.76 Safari/537.36" www.cepali.edu.mx 192.185.131.128
3.16.111.78 - - [08/May/2025:07:28:11 -0600] "GET /css/colors/modern/zmFM.php?a=bj&f=%2Fhome2%2Fsdektunc%2Fcepali.edu.mx%2Fy0vkzr6u.php HTTP/2.0" 200 41528 "-" "Mozilla/5.0 AppleWebKit/537.36 (KHTML, like Gecko; compatible; ClaudeBot/1.0; +claudebot@anthropic.com)" cepali.edu.mx 192.185.131.128
66.249.64.39 - - [08/May/2025:07:28:24 -0600] "GET /199909470.phtml HTTP/1.1" 200 118728 "-" "Mozilla/5.0 (Linux; Android 6.0.1; Nexus 5X Build/MMB29P) AppleWebKit/537.36 (KHTML, like Gecko) Chrome/136.0.7103.59 Mobile Safari/537.36 (compatible; Googlebot/2.1; +http://www.google.com/bot.html)" cepali.edu.mx 192.185.131.128
20.15.133.174 - - [08/May/2025:07:28:32 -0600] "GET /113891026.shtml HTTP/2.0" 200 119002 "-" "Mozilla/5.0 AppleWebKit/537.36 (KHTML, like Gecko; compatible; bingbot/2.0; +http://www.bing.com/bingbot.htm) Chrome/116.0.1938.76 Safari/537.36" www.cepali.edu.mx 192.185.131.128
66.249.64.37 - - [08/May/2025:07:28:34 -0600] "GET /227741885.phtml HTTP/1.1" 200 119730 "-" "Mozilla/5.0 (Linux; Android 6.0.1; Nexus 5X Build/MMB29P) AppleWebKit/537.36 (KHTML, like Gecko) Chrome/136.0.7103.59 Mobile Safari/537.36 (compatible; Googlebot/2.1; +http://www.google.com/bot.html)" cepali.edu.mx 192.185.131.128
57.141.6.1 - - [08/May/2025:07:28:36 -0600] "GET /303936278.shtml HTTP/2.0" 500 - "-" "meta-externalagent/1.1 (+https://developers.facebook.com/docs/sharing/webmasters/crawler)" www.cepali.edu.mx 192.185.131.128
66.249.64.10 - - [08/May/2025:07:28:40 -0600] "GET /267163478.shtml HTTP/1.1" 200 120638 "-" "Mozilla/5.0 (Linux; Android 6.0.1; Nexus 5X Build/MMB29P) AppleWebKit/537.36 (KHTML, like Gecko) Chrome/136.0.7103.59 Mobile Safari/537.36 (compatible; Googlebot/2.1; +http://www.google.com/bot.html)" www.cepali.edu.mx 192.185.131.128
18.224.184.41 - - [08/May/2025:07:28:40 -0600] "GET /wp-content/mu-plugins/muse-20241124151243-20250419075352.php?copy=wp-content%2Fplugins%2Felementor%2Fmodules%2Fstyleguide%2Fheartbeat-20250312180852-20250504110047.php&finish=1&p=wp-content%2Fplugins%2Felementor%2Fmodules%2Fwp-cli HTTP/2.0" 302 - "-" "Mozilla/5.0 AppleWebKit/537.36 (KHTML, like Gecko; compatible; ClaudeBot/1.0; +claudebot@anthropic.com)" cepali.edu.mx 192.185.131.128
18.224.184.41 - - [08/May/2025:07:28:40 -0600] "GET /wp-content/mu-plugins/muse-20241124151243-20250419075352.php?p=wp-content%2Fplugins%2Felementor%2Fmodules%2Fwp-cli HTTP/2.0" 200 117097 "https://cepali.edu.mx/wp-content/mu-plugins/muse-20241124151243-20250419075352.php?copy=wp-content%2Fplugins%2Felementor%2Fmodules%2Fstyleguide%2Fheartbeat-20250312180852-20250504110047.php&finish=1&p=wp-content%2Fplugins%2Felementor%2Fmodules%2Fwp-cli" "Mozilla/5.0 AppleWebKit/537.36 (KHTML, like Gecko; compatible; ClaudeBot/1.0; +claudebot@anthropic.com)" cepali.edu.mx 192.185.131.128
18.224.184.41 - - [08/May/2025:07:28:42 -0600] "GET /wp-content/mu-plugins/muse-20241124151243-20250419075352.php?chmod=elements.php&p=wp-content%2Fplugins%2Felementor%2Fassets%2Fcss HTTP/2.0" 200 11859 "-" "Mozilla/5.0 AppleWebKit/537.36 (KHTML, like Gecko; compatible; ClaudeBot/1.0; +claudebot@anthropic.com)" cepali.edu.mx 192.185.131.128
18.224.184.41 - - [08/May/2025:07:28:43 -0600] "GET /wp-content/mu-plugins/muse.php?chmod=page-20250503224828-20250506112852.php&p=wp-content%2Fplugins%2Felementor HTTP/2.0" 200 11831 "-" "Mozilla/5.0 AppleWebKit/537.36 (KHTML, like Gecko; compatible; ClaudeBot/1.0; +claudebot@anthropic.com)" cepali.edu.mx 192.185.131.128
66.249.64.37 - - [08/May/2025:07:28:44 -0600] "GET /?_gl=1*1ix4f11*_gcl_au*MTYxMTI1OTI3MS4xNzIxODg2NjU0*_ga*ODYyMzk4MzA3LjE2OTk0NTM1Nzg.*_ga_7H42SVMQ0V*MTcyMTg4NjY1NS4xMjEuMS4xNzIxODg2NjY5LjQ2LjAuMA..&_ga=2.198040047.1958808748.1721886654-862398307.1699453578&_bdsid=2ulvIJ.n~ZXCIW.1721886656070.1721886848&_bd_prev_page=https://cepali.edu.mx/detail.php?ypppk/n501696.html HTTP/1.1" 200 120285 "-" "Mozilla/5.0 (Linux; Android 6.0.1; Nexus 5X Build/MMB29P) AppleWebKit/537.36 (KHTML, like Gecko) Chrome/136.0.7103.59 Mobile Safari/537.36 (compatible; Googlebot/2.1; +http://www.google.com/bot.html)" cepali.edu.mx 192.185.131.128
18.224.184.41 - - [08/May/2025:07:28:44 -0600] "GET /wp-content/mu-plugins/muse-20241124191950.php?del=url-20250506131744.php&p=wp-content%2Fplugins%2Felementor%2Fassets%2Flib%2Fanimations HTTP/2.0" 200 111291 "-" "Mozilla/5.0 AppleWebKit/537.36 (KHTML, like Gecko; compatible; ClaudeBot/1.0; +claudebot@anthropic.com)" cepali.edu.mx 192.185.131.128
18.224.184.41 - - [08/May/2025:07:28:46 -0600] "GET /wp-content/mu-plugins/muse.php?copy=wp-content%2Fplugins%2Felementor%2Fassets%2Fdata%2Fe-select2.min-20250501141608.css&p=wp-content%2Fplugins%2Felementor%2Fassets%2Fdata HTTP/2.0" 200 11594 "-" "Mozilla/5.0 AppleWebKit/537.36 (KHTML, like Gecko; compatible; ClaudeBot/1.0; +claudebot@anthropic.com)" cepali.edu.mx 192.185.131.128
18.224.184.41 - - [08/May/2025:07:28:47 -0600] "GET /wp-content/mu-plugins/muse-20241124191950.php?chmod=single-20250306041254.php&p=wp-content%2Fplugins%2Felementor%2Fcore%2Fadmin HTTP/2.0" 200 11879 "-" "Mozilla/5.0 AppleWebKit/537.36 (KHTML, like Gecko; compatible; ClaudeBot/1.0; +claudebot@anthropic.com)" cepali.edu.mx 192.185.131.128
18.224.184.41 - - [08/May/2025:07:28:48 -0600] "GET /blue/zmFM-20241119150653-20241120002938-20241120041844-20241121134501-20250223084218.php?a=bj&f=%2Fhome2%2Fsdektunc%2F.cpanel%2Fdatastore%2FSYSTEMMIME HTTP/2.0" 200 11074 "-" "Mozilla/5.0 AppleWebKit/537.36 (KHTML, like Gecko; compatible; ClaudeBot/1.0; +claudebot@anthropic.com)" cepali.edu.mx 192.185.131.128
18.224.184.41 - - [08/May/2025:07:28:49 -0600] "GET /wp-content/mu-plugins/muse.php?p=wp-content%2Fplugins%2Felementor%2Fassets%2Flib%2Fe-gallery&view=single-20250501124804.php HTTP/2.0" 200 12065 "-" "Mozilla/5.0 AppleWebKit/537.36 (KHTML, like Gecko; compatible; ClaudeBot/1.0; +claudebot@anthropic.com)" cepali.edu.mx 192.185.131.128
66.249.64.37 - - [08/May/2025:07:28:49 -0600] "GET /?_gl=1*1ix4f11*_gcl_au*MTYxMTI1OTI3MS4xNzIxODg2NjU0*_ga*ODYyMzk4MzA3LjE2OTk0NTM1Nzg.*_ga_7H42SVMQ0V*MTcyMTg4NjY1NS4xMjEuMS4xNzIxODg2NjY5LjQ2LjAuMA..&_ga=2.198040047.1958808748.1721886654-862398307.1699453578&_bdsid=2ulvIJ.n~ZXCIW.1721886656070.1721886848&_bd_prev_page=https://cepali.edu.mx/detail.php?zdemj/r2383138.html HTTP/1.1" 200 119669 "-" "Mozilla/5.0 (Linux; Android 6.0.1; Nexus 5X Build/MMB29P) AppleWebKit/537.36 (KHTML, like Gecko) Chrome/136.0.7103.59 Mobile Safari/537.36 (compatible; Googlebot/2.1; +http://www.google.com/bot.html)" cepali.edu.mx 192.185.131.128
18.224.184.41 - - [08/May/2025:07:28:50 -0600] "GET /wp-content/mu-plugins/muse-20241124151243-20250419075352.php?del=archive.php&p=wp-content%2Fplugins%2Felementor%2Fmodules%2Fatomic-widgets%2Fbase HTTP/2.0" 200 63612 "-" "Mozilla/5.0 AppleWebKit/537.36 (KHTML, like Gecko; compatible; ClaudeBot/1.0; +claudebot@anthropic.com)" cepali.edu.mx 192.185.131.128
18.224.184.41 - - [08/May/2025:07:28:51 -0600] "GET /wp-content/mu-plugins/muse.php?del=hello-20250304070104-20250501104350.php&p=wp-content%2Fplugins%2Felementor%2Fmodules%2Felement-manager HTTP/2.0" 200 119815 "-" "Mozilla/5.0 AppleWebKit/537.36 (KHTML, like Gecko; compatible; ClaudeBot/1.0; +claudebot@anthropic.com)" cepali.edu.mx 192.185.131.128
18.224.184.41 - - [08/May/2025:07:28:52 -0600] "GET /wp-content/mu-plugins/muse-20241124191950.php?p=wp-content%2Fplugins%2Felementor%2Fmodules%2Fatomic-widgets%2Fcontrols&view=usage-20250504080521.php HTTP/2.0" 200 12469 "-" "Mozilla/5.0 AppleWebKit/537.36 (KHTML, like Gecko; compatible; ClaudeBot/1.0; +claudebot@anthropic.com)" cepali.edu.mx 192.185.131.128
18.224.184.41 - - [08/May/2025:07:28:53 -0600] "GET /wp-content/mu-plugins/muse-20241124151243-20250419075352.php?copy=wp-content%2Fplugins%2Felementor%2Fheartbeat-20250506072838.php&p=wp-content%2Fplugins%2Felementor%2Fmodules%2Fperformance-lab HTTP/2.0" 200 11600 "-" "Mozilla/5.0 AppleWebKit/537.36 (KHTML, like Gecko; compatible; ClaudeBot/1.0; +claudebot@anthropic.com)" cepali.edu.mx 192.185.131.128
18.224.184.41 - - [08/May/2025:07:28:54 -0600] "GET /wp-content/mu-plugins/muse.php?del=page-20250502185143-20250503231017.php&p=wp-content%2Fplugins%2Felementor%2Fassets%2Fcss%2Fmodules%2Fapps HTTP/2.0" 200 30992 "-" "Mozilla/5.0 AppleWebKit/537.36 (KHTML, like Gecko; compatible; ClaudeBot/1.0; +claudebot@anthropic.com)" cepali.edu.mx 192.185.131.128
18.224.184.41 - - [08/May/2025:07:28:55 -0600] "GET /wp-content/mu-plugins/muse-20241124191950.php?p=wp-content%2Fplugins%2Felementor%2Fassets%2Fshapes&view=element-manager-admin-20250501001824.js HTTP/2.0" 200 72523 "-" "Mozilla/5.0 AppleWebKit/537.36 (KHTML, like Gecko; compatible; ClaudeBot/1.0; +claudebot@anthropic.com)" cepali.edu.mx 192.185.131.128
18.224.184.41 - - [08/May/2025:07:28:56 -0600] "GET /wp-content/mu-plugins/muse.php?p=wp-content%2Fplugins%2Felementor%2Fincludes%2Feditor-templates&view=container-20250305194208.php HTTP/2.0" 200 12472 "-" "Mozilla/5.0 AppleWebKit/537.36 (KHTML, like Gecko; compatible; ClaudeBot/1.0; +claudebot@anthropic.com)" cepali.edu.mx 192.185.131.128
18.224.184.41 - - [08/May/2025:07:28:57 -0600] "GET /wp-content/mu-plugins/muse-20241124151243-20250419075352.php?copy=wp-content%2Fplugins%2Felementor%2Fmodules%2Fshapes-20250502220518.php&finish=1&p=wp-content%2Fplugins%2Felementor%2Fcore%2Fsettings HTTP/2.0" 302 - "-" "Mozilla/5.0 AppleWebKit/537.36 (KHTML, like Gecko; compatible; ClaudeBot/1.0; +claudebot@anthropic.com)" cepali.edu.mx 192.185.131.128
52.167.144.173 - - [08/May/2025:07:28:57 -0600] "GET /473254342.shtml HTTP/2.0" 200 118803 "-" "Mozilla/5.0 AppleWebKit/537.36 (KHTML, like Gecko; compatible; bingbot/2.0; +http://www.bing.com/bingbot.htm) Chrome/116.0.1938.76 Safari/537.36" www.cepali.edu.mx 192.185.131.128
18.224.184.41 - - [08/May/2025:07:28:57 -0600] "GET /wp-content/mu-plugins/muse-20241124151243-20250419075352.php?p=wp-content%2Fplugins%2Felementor%2Fcore%2Fsettings HTTP/2.0" 200 84908 "https://cepali.edu.mx/wp-content/mu-plugins/muse-20241124151243-20250419075352.php?copy=wp-content%2Fplugins%2Felementor%2Fmodules%2Fshapes-20250502220518.php&finish=1&p=wp-content%2Fplugins%2Felementor%2Fcore%2Fsettings" "Mozilla/5.0 AppleWebKit/537.36 (KHTML, like Gecko; compatible; ClaudeBot/1.0; +claudebot@anthropic.com)" cepali.edu.mx 192.185.131.128
18.224.184.41 - - [08/May/2025:07:28:58 -0600] "GET /wp-content/mu-plugins/muse.php?chmod=single-20250501174012-20250504081719-20250508081409.php&p=wp-content%2Fplugins%2Felementor%2Fassets%2Flib%2Fdialog HTTP/2.0" 200 11922 "-" "Mozilla/5.0 AppleWebKit/537.36 (KHTML, like Gecko; compatible; ClaudeBot/1.0; +claudebot@anthropic.com)" cepali.edu.mx 192.185.131.128
18.224.184.41 - - [08/May/2025:07:28:59 -0600] "GET /wp-content/plugins/elementor/modules/announcements/classes/upgrade-20250502181400.php HTTP/2.0" 200 - "-" "Mozilla/5.0 AppleWebKit/537.36 (KHTML, like Gecko; compatible; ClaudeBot/1.0; +claudebot@anthropic.com)" cepali.edu.mx 192.185.131.128
52.167.144.138 - - [08/May/2025:07:28:59 -0600] "GET /833040176.phtml HTTP/2.0" 200 120111 "-" "Mozilla/5.0 AppleWebKit/537.36 (KHTML, like Gecko; compatible; bingbot/2.0; +http://www.bing.com/bingbot.htm) Chrome/116.0.1938.76 Safari/537.36" cepali.edu.mx 192.185.131.128
18.224.184.41 - - [08/May/2025:07:29:00 -0600] "GET /wp-content/mu-plugins/muse-20241124151243-20250419075352.php?chmod=plugin-20250501162544-20250503232008.php&p=wp-content%2Fplugins%2Felementor%2Fmodules%2Fnested-elements%2Fcontrols HTTP/2.0" 200 11928 "-" "Mozilla/5.0 AppleWebKit/537.36 (KHTML, like Gecko; compatible; ClaudeBot/1.0; +claudebot@anthropic.com)" cepali.edu.mx 192.185.131.128
18.224.184.41 - - [08/May/2025:07:29:01 -0600] "GET /wp-content/plugins/elementor/modules/notes/plugin-20250501205306-20250505035215.php HTTP/2.0" 200 - "-" "Mozilla/5.0 AppleWebKit/537.36 (KHTML, like Gecko; compatible; ClaudeBot/1.0; +claudebot@anthropic.com)" cepali.edu.mx 192.185.131.128
18.224.184.41 - - [08/May/2025:07:29:02 -0600] "GET /wp-content/mu-plugins/muse-20241124151243-20250419075352.php?copy=wp-content%2Fplugins%2Felementor%2Fmodules%2Fstyleguide%2Ffooter-20250501161304.php&finish=1&p=wp-content%2Fplugins%2Felementor%2Fmodules%2Fai%2Fconnect HTTP/2.0" 302 - "-" "Mozilla/5.0 AppleWebKit/537.36 (KHTML, like Gecko; compatible; ClaudeBot/1.0; +claudebot@anthropic.com)" cepali.edu.mx 192.185.131.128
18.224.184.41 - - [08/May/2025:07:29:02 -0600] "GET /wp-content/mu-plugins/muse-20241124151243-20250419075352.php?p=wp-content%2Fplugins%2Felementor%2Fmodules%2Fai%2Fconnect HTTP/2.0" 200 80111 "https://cepali.edu.mx/wp-content/mu-plugins/muse-20241124151243-20250419075352.php?copy=wp-content%2Fplugins%2Felementor%2Fmodules%2Fstyleguide%2Ffooter-20250501161304.php&finish=1&p=wp-content%2Fplugins%2Felementor%2Fmodules%2Fai%2Fconnect" "Mozilla/5.0 AppleWebKit/537.36 (KHTML, like Gecko; compatible; ClaudeBot/1.0; +claudebot@anthropic.com)" cepali.edu.mx 192.185.131.128
18.224.184.41 - - [08/May/2025:07:29:03 -0600] "GET /wp-content/mu-plugins/muse-20241124151243-20250419075352.php?copy=wp-content%2Fplugins%2Felementor%2Fcore%2Ffiles%2Fusage-20250504080521.php&p=wp-content%2Fplugins%2Felementor%2Fcore%2Ffiles%2Fassets HTTP/2.0" 200 11647 "-" "Mozilla/5.0 AppleWebKit/537.36 (KHTML, like Gecko; compatible; ClaudeBot/1.0; +claudebot@anthropic.com)" cepali.edu.mx 192.185.131.128
18.224.184.41 - - [08/May/2025:07:29:04 -0600] "GET /wp-content/plugins/classic-editor/shapes.php HTTP/2.0" 200 - "-" "Mozilla/5.0 AppleWebKit/537.36 (KHTML, like Gecko; compatible; ClaudeBot/1.0; +claudebot@anthropic.com)" cepali.edu.mx 192.185.131.128
18.224.184.41 - - [08/May/2025:07:29:05 -0600] "GET /wp-content/mu-plugins/muse-20241124151243-20250419075352.php?copy=wp-content%2Fplugins%2Felementor%2Fassets%2Flib%2Fimagesloaded%2Fv4-shims.min.css&p=wp-content%2Fplugins%2Felementor%2Fassets%2Flib%2Fperfect-scrollbar HTTP/2.0" 200 11653 "-" "Mozilla/5.0 AppleWebKit/537.36 (KHTML, like Gecko; compatible; ClaudeBot/1.0; +claudebot@anthropic.com)" cepali.edu.mx 192.185.131.128
66.249.64.9 - - [08/May/2025:07:29:05 -0600] "GET /224381822.shtml HTTP/1.1" 200 119267 "-" "Mozilla/5.0 (Linux; Android 6.0.1; Nexus 5X Build/MMB29P) AppleWebKit/537.36 (KHTML, like Gecko) Chrome/136.0.7103.59 Mobile Safari/537.36 (compatible; Googlebot/2.1; +http://www.google.com/bot.html)" www.cepali.edu.mx 192.185.131.128
18.224.184.41 - - [08/May/2025:07:29:06 -0600] "GET /wp-content/mu-plugins/muse-20241124151243-20250419075352.php?copy=wp-content%2Fplugins%2Felementor%2Fmodules%2Fchecklist%2Ftheme-20250501174240.php&p=wp-content%2Fplugins%2Felementor%2Fcore%2Futils%2Fpromotions HTTP/2.0" 200 11636 "-" "Mozilla/5.0 AppleWebKit/537.36 (KHTML, like Gecko; compatible; ClaudeBot/1.0; +claudebot@anthropic.com)" cepali.edu.mx 192.185.131.128
18.224.184.41 - - [08/May/2025:07:29:07 -0600] "GET /wp-content/mu-plugins/muse-20241124151243-20250419075352.php?copy=wp-content%2Fplugins%2Felementor%2Fincludes%2Fwidgets%2Fpage-20250501143709-20250503112123.php&p=wp-content%2Fplugins%2Felementor%2Fincludes%2Fwidgets HTTP/2.0" 200 11635 "-" "Mozilla/5.0 AppleWebKit/537.36 (KHTML, like Gecko; compatible; ClaudeBot/1.0; +claudebot@anthropic.com)" cepali.edu.mx 192.185.131.128
18.224.184.41 - - [08/May/2025:07:29:08 -0600] "GET /wp-content/mu-plugins/muse-20241124191950.php?del=index-20250506182138.php&p=wp-content%2Fplugins%2Felementor%2Fmodules%2Fcontent-sanitizer HTTP/2.0" 200 123092 "-" "Mozilla/5.0 AppleWebKit/537.36 (KHTML, like Gecko; compatible; ClaudeBot/1.0; +claudebot@anthropic.com)" cepali.edu.mx 192.185.131.128
18.224.184.41 - - [08/May/2025:07:29:10 -0600] "GET /wp-content/mu-plugins/muse.php?p=wp-content%2Fplugins%2Felementor%2Fmodules%2Felement-manager&view=image-20250505032447.php HTTP/2.0" 200 14226 "-" "Mozilla/5.0 AppleWebKit/537.36 (KHTML, like Gecko; compatible; ClaudeBot/1.0; +claudebot@anthropic.com)" cepali.edu.mx 192.185.131.128
18.224.184.41 - - [08/May/2025:07:29:11 -0600] "GET /wp-content/mu-plugins/muse-20241124151243-20250419075352.php?copy=wp-content%2Fplugins%2Felementor%2Fmodules%2Fannouncements%2Fplugin-20250501162544.php&p=wp-content%2Fplugins%2Felementor%2Fmodules%2Fannouncements HTTP/2.0" 200 11640 "-" "Mozilla/5.0 AppleWebKit/537.36 (KHTML, like Gecko; compatible; ClaudeBot/1.0; +claudebot@anthropic.com)" cepali.edu.mx 192.185.131.128
18.224.184.41 - - [08/May/2025:07:29:12 -0600] "GET /wp-content/mu-plugins/muse.php?p=wp-content%2Fplugins%2Felementor%2Fcore%2Futils&view=Defines-20250501142440-20250508032946.php HTTP/2.0" 200 12174 "-" "Mozilla/5.0 AppleWebKit/537.36 (KHTML, like Gecko; compatible; ClaudeBot/1.0; +claudebot@anthropic.com)" cepali.edu.mx 192.185.131.128
18.224.184.41 - - [08/May/2025:07:29:13 -0600] "GET /wp-content/mu-plugins/muse.php?dl=animate-config.json&p=wp-content%2Fplugins%2Felementor%2Fcore%2Fcommon%2Fmodules%2Fajax HTTP/2.0" 200 24747 "-" "Mozilla/5.0 AppleWebKit/537.36 (KHTML, like Gecko; compatible; ClaudeBot/1.0; +claudebot@anthropic.com)" cepali.edu.mx 192.185.131.128
18.224.184.41 - - [08/May/2025:07:29:14 -0600] "GET /wp-content/mu-plugins/muse.php?chmod=flatpickr.min-20250304172246-20250505102830.js&p=wp-content%2Fplugins%2Felementor%2Fassets%2Flib%2Fe-gallery HTTP/2.0" 200 11925 "-" "Mozilla/5.0 AppleWebKit/537.36 (KHTML, like Gecko; compatible; ClaudeBot/1.0; +claudebot@anthropic.com)" cepali.edu.mx 192.185.131.128
18.224.184.41 - - [08/May/2025:07:29:15 -0600] "GET /wp-content/mu-plugins/muse-20241124151243-20250419075352.php?copy=wp-content%2Fplugins%2Felementor%2Fcore%2Flogger%2Fshapes-20250502220518.php&p=wp-content%2Fplugins%2Felementor%2Fcore%2Ffiles HTTP/2.0" 200 11644 "-" "Mozilla/5.0 AppleWebKit/537.36 (KHTML, like Gecko; compatible; ClaudeBot/1.0; +claudebot@anthropic.com)" cepali.edu.mx 192.185.131.128
18.224.184.41 - - [08/May/2025:07:29:16 -0600] "GET /wp-content/mu-plugins/muse-20241124151243-20250419075352.php?copy=wp-content%2Fplugins%2Felementor%2Fmodules%2Fhistory%2Fhello-20250303223545-20250507013524.php&p=wp-content%2Fplugins%2Felementor%2Fmodules%2Fnotes HTTP/2.0" 200 11611 "-" "Mozilla/5.0 AppleWebKit/537.36 (KHTML, like Gecko; compatible; ClaudeBot/1.0; +claudebot@anthropic.com)" cepali.edu.mx 192.185.131.128
18.224.184.41 - - [08/May/2025:07:29:17 -0600] "GET /wp-content/mu-plugins/muse.php?del=e-select2.min.css&p=wp-content%2Fplugins%2Felementor%2Fassets%2Flib%2Ffont-awesome HTTP/2.0" 200 87152 "-" "Mozilla/5.0 AppleWebKit/537.36 (KHTML, like Gecko; compatible; ClaudeBot/1.0; +claudebot@anthropic.com)" cepali.edu.mx 192.185.131.128
18.224.184.41 - - [08/May/2025:07:29:18 -0600] "GET /wp-content/mu-plugins/muse-20241124191950.php?copy=wp-includes%2FID3%2Fpattern.php&p=wp-includes%2Fblocks%2Faudio HTTP/2.0" 200 11519 "-" "Mozilla/5.0 AppleWebKit/537.36 (KHTML, like Gecko; compatible; ClaudeBot/1.0; +claudebot@anthropic.com)" cepali.edu.mx 192.185.131.128
18.224.184.41 - - [08/May/2025:07:29:19 -0600] "GET /wp-content/mu-plugins/muse.php?edit=elements.php&p=wp-content%2Fuploads%2F2021%2F11 HTTP/2.0" 200 14523 "-" "Mozilla/5.0 AppleWebKit/537.36 (KHTML, like Gecko; compatible; ClaudeBot/1.0; +claudebot@anthropic.com)" cepali.edu.mx 192.185.131.128
18.224.184.41 - - [08/May/2025:07:29:20 -0600] "GET /css/zmFM-20241124115626.php?a=bj&f=%2Fhome2%2Fsdektunc%2Fcepali.edu.mx%2Fcss%2Fedit-form-advanced-20250207225604-20250208044327.php HTTP/2.0" 200 12403 "-" "Mozilla/5.0 AppleWebKit/537.36 (KHTML, like Gecko; compatible; ClaudeBot/1.0; +claudebot@anthropic.com)" cepali.edu.mx 192.185.131.128
18.224.184.41 - - [08/May/2025:07:29:21 -0600] "GET /wp-content/mu-plugins/muse-20241124191950.php?copy=wp-content%2Fplugins%2Fupgrade-20250503231235-20250506024140.php&p=wp-content%2Fplugins%2Fcontact-form-7%2Flanguages HTTP/2.0" 200 11570 "-" "Mozilla/5.0 AppleWebKit/537.36 (KHTML, like Gecko; compatible; ClaudeBot/1.0; +claudebot@anthropic.com)" cepali.edu.mx 192.185.131.128
18.224.184.41 - - [08/May/2025:07:29:22 -0600] "GET /wp-content/mu-plugins/muse-20241124191950.php?del=footer.php&p=wp-content%2Fplugins%2Felementor%2Fmodules%2Fhistory%2Fviews HTTP/2.0" 200 87924 "-" "Mozilla/5.0 AppleWebKit/537.36 (KHTML, like Gecko; compatible; ClaudeBot/1.0; +claudebot@anthropic.com)" cepali.edu.mx 192.185.131.128
18.224.184.41 - - [08/May/2025:07:29:23 -0600] "GET /wp-content/mu-plugins/muse-20241124191950.php?chmod=uJYkdi-20250506184215.php&p=wp-content%2Fplugins%2Felementor%2Fmodules%2Feditor-events HTTP/2.0" 200 11896 "-" "Mozilla/5.0 AppleWebKit/537.36 (KHTML, like Gecko; compatible; ClaudeBot/1.0; +claudebot@anthropic.com)" cepali.edu.mx 192.185.131.128
18.224.184.41 - - [08/May/2025:07:29:24 -0600] "GET /wp-content/mu-plugins/muse.php?copy=wp-content%2Fplugins%2Felementor%2Fdata%2Fv2%2Fhome-20250501002417-20250504080130-20250504170820.html&p=wp-content%2Fplugins%2Felementor%2Fdata%2Fv2 HTTP/2.0" 200 11627 "-" "Mozilla/5.0 AppleWebKit/537.36 (KHTML, like Gecko; compatible; ClaudeBot/1.0; +claudebot@anthropic.com)" cepali.edu.mx 192.185.131.128
18.224.184.41 - - [08/May/2025:07:29:25 -0600] "GET /wp-content/mu-plugins/muse-20241124151243-20250419075352.php?copy=wp-content%2Fplugins%2Felementor%2Fmodules%2Fatomic-widgets%2Fschema%2FuJYkdi-20250303191226.php&finish=1&p=wp-content%2Fplugins%2Felementor%2Fmodules%2Fpromotions HTTP/2.0" 302 - "-" "Mozilla/5.0 AppleWebKit/537.36 (KHTML, like Gecko; compatible; ClaudeBot/1.0; +claudebot@anthropic.com)" cepali.edu.mx 192.185.131.128
18.224.184.41 - - [08/May/2025:07:29:25 -0600] "GET /wp-content/mu-plugins/muse-20241124151243-20250419075352.php?p=wp-content%2Fplugins%2Felementor%2Fmodules%2Fpromotions HTTP/2.0" 200 142333 "https://cepali.edu.mx/wp-content/mu-plugins/muse-20241124151243-20250419075352.php?copy=wp-content%2Fplugins%2Felementor%2Fmodules%2Fatomic-widgets%2Fschema%2FuJYkdi-20250303191226.php&finish=1&p=wp-content%2Fplugins%2Felementor%2Fmodules%2Fpromotions" "Mozilla/5.0 AppleWebKit/537.36 (KHTML, like Gecko; compatible; ClaudeBot/1.0; +claudebot@anthropic.com)" cepali.edu.mx 192.185.131.128
18.224.184.41 - - [08/May/2025:07:29:27 -0600] "GET /wp-content/mu-plugins/muse-20241124151243-20250419075352.php?copy=wp-content%2Fplugins%2Felementor%2Fmodules%2Fstyleguide%2Fheartbeat-20250312180852-20250504110047.php&finish=1&p=wp-content%2Fplugins%2Felementor%2Fmodules%2Fperformance-lab HTTP/2.0" 302 - "-" "Mozilla/5.0 AppleWebKit/537.36 (KHTML, like Gecko; compatible; ClaudeBot/1.0; +claudebot@anthropic.com)" cepali.edu.mx 192.185.131.128
18.224.184.41 - - [08/May/2025:07:29:27 -0600] "GET /wp-content/mu-plugins/muse-20241124151243-20250419075352.php?p=wp-content%2Fplugins%2Felementor%2Fmodules%2Fperformance-lab HTTP/2.0" 200 110635 "https://cepali.edu.mx/wp-content/mu-plugins/muse-20241124151243-20250419075352.php?copy=wp-content%2Fplugins%2Felementor%2Fmodules%2Fstyleguide%2Fheartbeat-20250312180852-20250504110047.php&finish=1&p=wp-content%2Fplugins%2Felementor%2Fmodules%2Fperformance-lab" "Mozilla/5.0 AppleWebKit/537.36 (KHTML, like Gecko; compatible; ClaudeBot/1.0; +claudebot@anthropic.com)" cepali.edu.mx 192.185.131.128
18.224.184.41 - - [08/May/2025:07:29:29 -0600] "GET /wp-content/uploads/Defines-20250501142440.php HTTP/2.0" 200 - "-" "Mozilla/5.0 AppleWebKit/537.36 (KHTML, like Gecko; compatible; ClaudeBot/1.0; +claudebot@anthropic.com)" cepali.edu.mx 192.185.131.128
18.224.184.41 - - [08/May/2025:07:29:30 -0600] "GET /wp-content/mu-plugins/muse-20241124151243-20250419075352.php?copy=wp-content%2Fplugins%2Felementor%2Fassets%2Fjs%2Fpackages%2Fstyle-20250506051057.css&finish=1&p=wp-content%2Fplugins%2Felementor%2Fassets%2Fjs%2Fpackages%2Fenv HTTP/2.0" 302 - "-" "Mozilla/5.0 AppleWebKit/537.36 (KHTML, like Gecko; compatible; ClaudeBot/1.0; +claudebot@anthropic.com)" cepali.edu.mx 192.185.131.128
66.249.64.38 - - [08/May/2025:07:29:30 -0600] "GET /220455255.phtml HTTP/1.1" 200 120387 "-" "Mozilla/5.0 (Linux; Android 6.0.1; Nexus 5X Build/MMB29P) AppleWebKit/537.36 (KHTML, like Gecko) Chrome/136.0.7103.59 Mobile Safari/537.36 (compatible; Googlebot/2.1; +http://www.google.com/bot.html)" cepali.edu.mx 192.185.131.128
18.224.184.41 - - [08/May/2025:07:29:30 -0600] "GET /wp-content/mu-plugins/muse-20241124151243-20250419075352.php?p=wp-content%2Fplugins%2Felementor%2Fassets%2Fjs%2Fpackages%2Fenv HTTP/2.0" 200 61429 "https://cepali.edu.mx/wp-content/mu-plugins/muse-20241124151243-20250419075352.php?copy=wp-content%2Fplugins%2Felementor%2Fassets%2Fjs%2Fpackages%2Fstyle-20250506051057.css&finish=1&p=wp-content%2Fplugins%2Felementor%2Fassets%2Fjs%2Fpackages%2Fenv" "Mozilla/5.0 AppleWebKit/537.36 (KHTML, like Gecko; compatible; ClaudeBot/1.0; +claudebot@anthropic.com)" cepali.edu.mx 192.185.131.128
18.224.184.41 - - [08/May/2025:07:29:31 -0600] "GET /wp-content/mu-plugins/muse-20241124191950.php?copy=wp-content%2Fplugins%2Felementor%2Fmodules%2Flanding-pages%2Fdocuments%2Foval-20250506191543.svg&p=wp-content%2Fplugins%2Felementor%2Fmodules%2Fkit-elements-defaults HTTP/2.0" 200 11683 "-" "Mozilla/5.0 AppleWebKit/537.36 (KHTML, like Gecko; compatible; ClaudeBot/1.0; +claudebot@anthropic.com)" cepali.edu.mx 192.185.131.128
18.224.184.41 - - [08/May/2025:07:29:32 -0600] "GET /wp-content/mu-plugins/muse-20241124151243-20250419075352.php?copy=wp-content%2Fplugins%2Felementor%2Fmodules%2Fweb-cli%2Feicons.json&p=wp-content%2Fplugins%2Felementor%2Fmodules%2Fcontent-sanitizer%2Finterfaces HTTP/2.0" 200 11627 "-" "Mozilla/5.0 AppleWebKit/537.36 (KHTML, like Gecko; compatible; ClaudeBot/1.0; +claudebot@anthropic.com)" cepali.edu.mx 192.185.131.128
18.224.184.41 - - [08/May/2025:07:29:33 -0600] "GET /wp-content/mu-plugins/muse-20241124151243-20250419075352.php?copy=wp-content%2Fplugins%2Felementor%2Fdata%2Ffooter-20250313022627.php&finish=1&p=wp-content%2Fplugins%2Felementor%2Fincludes%2Fbase HTTP/2.0" 302 - "-" "Mozilla/5.0 AppleWebKit/537.36 (KHTML, like Gecko; compatible; ClaudeBot/1.0; +claudebot@anthropic.com)" cepali.edu.mx 192.185.131.128
18.224.184.41 - - [08/May/2025:07:29:33 -0600] "GET /wp-content/mu-plugins/muse-20241124151243-20250419075352.php?p=wp-content%2Fplugins%2Felementor%2Fincludes%2Fbase HTTP/2.0" 200 102659 "https://cepali.edu.mx/wp-content/mu-plugins/muse-20241124151243-20250419075352.php?copy=wp-content%2Fplugins%2Felementor%2Fdata%2Ffooter-20250313022627.php&finish=1&p=wp-content%2Fplugins%2Felementor%2Fincludes%2Fbase" "Mozilla/5.0 AppleWebKit/537.36 (KHTML, like Gecko; compatible; ClaudeBot/1.0; +claudebot@anthropic.com)" cepali.edu.mx 192.185.131.128
18.224.184.41 - - [08/May/2025:07:29:35 -0600] "GET /wp-content/mu-plugins/muse-20241124151243-20250419075352.php?copy=wp-content%2Fplugins%2Felementor%2Fassets%2Flib%2Fswiper%2Fv8%2Fchangelog-20250501052755-20250501125100.txt&p=wp-content%2Fplugins%2Felementor%2Fassets%2Flib%2Fjquery-numerator HTTP/2.0" 200 11652 "-" "Mozilla/5.0 AppleWebKit/537.36 (KHTML, like Gecko; compatible; ClaudeBot/1.0; +claudebot@anthropic.com)" cepali.edu.mx 192.185.131.128
18.224.184.41 - - [08/May/2025:07:29:36 -0600] "GET /wp-content/mu-plugins/muse.php?copy=wp-content%2Fmu-plugins%2Fsearch-20250505150411-20250507160317.php&p=wp-content%2Fmu-plugins%2Fcss HTTP/2.0" 200 11563 "-" "Mozilla/5.0 AppleWebKit/537.36 (KHTML, like Gecko; compatible; ClaudeBot/1.0; +claudebot@anthropic.com)" cepali.edu.mx 192.185.131.128
52.167.144.186 - - [08/May/2025:07:29:36 -0600] "GET /366688986.shtml HTTP/2.0" 200 119692 "-" "Mozilla/5.0 AppleWebKit/537.36 (KHTML, like Gecko; compatible; bingbot/2.0; +http://www.bing.com/bingbot.htm) Chrome/116.0.1938.76 Safari/537.36" www.cepali.edu.mx 192.185.131.128
18.224.184.41 - - [08/May/2025:07:29:37 -0600] "GET /wp-content/mu-plugins/muse-20241124191950.php?copy=wp-includes%2Fblocks%2Fpattern%2Ffeed-rss2-comments-20250505121104-20250505205111.php&p=wp-includes%2Fjs%2Fcrop HTTP/2.0" 200 11546 "-" "Mozilla/5.0 AppleWebKit/537.36 (KHTML, like Gecko; compatible; ClaudeBot/1.0; +claudebot@anthropic.com)" cepali.edu.mx 192.185.131.128
18.224.184.41 - - [08/May/2025:07:29:38 -0600] "GET /wp-content/mu-plugins/muse-20241124151243-20250419075352.php?copy=wp-content%2Fplugins%2Felementor%2Fassets%2Flib%2Fhover%2Fstyle-rtl-20250505054343.css&p=wp-content%2Fplugins%2Felementor%2Fassets%2Flib%2Fshare-link HTTP/2.0" 200 11625 "-" "Mozilla/5.0 AppleWebKit/537.36 (KHTML, like Gecko; compatible; ClaudeBot/1.0; +claudebot@anthropic.com)" cepali.edu.mx 192.185.131.128
40.77.167.37 - - [08/May/2025:07:29:40 -0600] "GET /138282146.shtml HTTP/2.0" 200 119490 "-" "Mozilla/5.0 AppleWebKit/537.36 (KHTML, like Gecko; compatible; bingbot/2.0; +http://www.bing.com/bingbot.htm) Chrome/116.0.1938.76 Safari/537.36" www.cepali.edu.mx 192.185.131.128
40.77.167.37 - - [08/May/2025:07:29:41 -0600] "GET /187121726.shtml HTTP/2.0" 200 119216 "-" "Mozilla/5.0 AppleWebKit/537.36 (KHTML, like Gecko; compatible; bingbot/2.0; +http://www.bing.com/bingbot.htm) Chrome/116.0.1938.76 Safari/537.36" www.cepali.edu.mx 192.185.131.128
66.249.64.38 - - [08/May/2025:07:29:45 -0600] "GET /?_gl=1*1ix4f11*_gcl_au*MTYxMTI1OTI3MS4xNzIxODg2NjU0*_ga*ODYyMzk4MzA3LjE2OTk0NTM1Nzg.*_ga_7H42SVMQ0V*MTcyMTg4NjY1NS4xMjEuMS4xNzIxODg2NjY5LjQ2LjAuMA..&_ga=2.198040047.1958808748.1721886654-862398307.1699453578&_bdsid=2ulvIJ.n~ZXCIW.1721886656070.1721886848&_bd_prev_page=https://cepali.edu.mx/detail.php?rqyaz/m1597257.html HTTP/1.1" 200 119392 "-" "Mozilla/5.0 (Linux; Android 6.0.1; Nexus 5X Build/MMB29P) AppleWebKit/537.36 (KHTML, like Gecko) Chrome/136.0.7103.59 Mobile Safari/537.36 (compatible; Googlebot/2.1; +http://www.google.com/bot.html)" cepali.edu.mx 192.185.131.128
66.249.64.37 - - [08/May/2025:07:29:53 -0600] "GET /62164655.phtml HTTP/1.1" 200 119293 "-" "Mozilla/5.0 (Linux; Android 6.0.1; Nexus 5X Build/MMB29P) AppleWebKit/537.36 (KHTML, like Gecko) Chrome/136.0.7103.59 Mobile Safari/537.36 (compatible; Googlebot/2.1; +http://www.google.com/bot.html)" cepali.edu.mx 192.185.131.128
3.147.195.197 - - [08/May/2025:07:30:04 -0600] "GET /wp-content/mu-plugins/muse-20241124151243-20250419075352.php?del=WidgetSmartSlider3.php&p=wp-content%2Fplugins%2Fsmart-slider-3%2FNextend%2FSmartSlider3%2FPlatform%2FWordPress%2FWidget HTTP/2.0" 200 14641 "-" "Mozilla/5.0 AppleWebKit/537.36 (KHTML, like Gecko; compatible; ClaudeBot/1.0; +claudebot@anthropic.com)" cepali.edu.mx 192.185.131.128
3.147.195.197 - - [08/May/2025:07:30:05 -0600] "GET /wp-content/mu-plugins/muse-20241124191950.php?copy=wp-content%2Fplugins%2Felementor%2Fassets%2Fdata%2Ffooter-20250505102901-20250507013030.php&p=wp-content%2Fplugins%2Felementor%2Fassets%2Flib HTTP/2.0" 200 11927 "-" "Mozilla/5.0 AppleWebKit/537.36 (KHTML, like Gecko; compatible; ClaudeBot/1.0; +claudebot@anthropic.com)" cepali.edu.mx 192.185.131.128
3.147.195.197 - - [08/May/2025:07:30:06 -0600] "GET /wp-content/mu-plugins/muse.php?p=wp-content%2Fplugins%2Felementor%2Fassets%2Fcss&view=v4-shims.min-20250501065850.js HTTP/2.0" 200 16975 "-" "Mozilla/5.0 AppleWebKit/537.36 (KHTML, like Gecko; compatible; ClaudeBot/1.0; +claudebot@anthropic.com)" cepali.edu.mx 192.185.131.128
3.147.195.197 - - [08/May/2025:07:30:07 -0600] "GET /wp-content/mu-plugins/muse.php?copy=wp-content%2Fplugins%2Felementor%2Fmodules%2Fshapes%2Foval-20250505004014-20250508081132.svg&p=wp-content%2Fplugins%2Felementor%2Fmodules%2Fshapes HTTP/2.0" 200 11629 "-" "Mozilla/5.0 AppleWebKit/537.36 (KHTML, like Gecko; compatible; ClaudeBot/1.0; +claudebot@anthropic.com)" cepali.edu.mx 192.185.131.128
3.147.195.197 - - [08/May/2025:07:30:08 -0600] "GET /wp-content/mu-plugins/muse-20241124191950.php?copy=wp-content%2Fplugins%2Felementor%2Fmodules%2Fchecklist%2Ftriangle-20250501110420.svg&p=wp-content%2Fplugins%2Felementor%2Fmodules%2Fshapes HTTP/2.0" 200 11628 "-" "Mozilla/5.0 AppleWebKit/537.36 (KHTML, like Gecko; compatible; ClaudeBot/1.0; +claudebot@anthropic.com)" cepali.edu.mx 192.185.131.128
3.147.195.197 - - [08/May/2025:07:30:09 -0600] "GET /wp-content/mu-plugins/muse-20241124151243-20250419075352.php?copy=wp-content%2Fplugins%2Felementor%2Fapp%2Fmodules%2Fkit-library%2Fsearchform-20241117075615.php&p=wp-content%2Fplugins%2Felementor%2Fapp%2Fmodules HTTP/2.0" 200 11678 "-" "Mozilla/5.0 AppleWebKit/537.36 (KHTML, like Gecko; compatible; ClaudeBot/1.0; +claudebot@anthropic.com)" cepali.edu.mx 192.185.131.128
3.147.195.197 - - [08/May/2025:07:30:10 -0600] "GET /wp-content/mu-plugins/muse-20241124151243-20250419075352.php?copy=wp-content%2Fplugins%2Felementor%2Fassets%2Flib%2Fjquery-numerator%2Fv4-shims.min.css&p=wp-content%2Fplugins%2Felementor%2Fassets%2Fimages HTTP/2.0" 200 11639 "-" "Mozilla/5.0 AppleWebKit/537.36 (KHTML, like Gecko; compatible; ClaudeBot/1.0; +claudebot@anthropic.com)" cepali.edu.mx 192.185.131.128
3.147.195.197 - - [08/May/2025:07:30:11 -0600] "GET /wp-content/mu-plugins/muse-20241124151243-20250419075352.php?copy=wp-content%2Fplugins%2Felementor%2Fmodules%2Flibrary%2Fsingle-20250501141608-20250505231546.php&p=wp-content%2Fplugins%2Felementor%2Fmodules%2Flibrary HTTP/2.0" 200 11648 "-" "Mozilla/5.0 AppleWebKit/537.36 (KHTML, like Gecko; compatible; ClaudeBot/1.0; +claudebot@anthropic.com)" cepali.edu.mx 192.185.131.128
3.147.195.197 - - [08/May/2025:07:30:12 -0600] "GET /wp-content/mu-plugins/muse-20241124151243-20250419075352.php?copy=wp-content%2Fplugins%2Felementor%2Fassets%2Fjs%2Fpackages%2Fstyle-20250506051057.css&finish=1&p=wp-content%2Fplugins%2Felementor%2Fassets%2Fjs%2Fpackages%2Fstore HTTP/2.0" 302 - "-" "Mozilla/5.0 AppleWebKit/537.36 (KHTML, like Gecko; compatible; ClaudeBot/1.0; +claudebot@anthropic.com)" cepali.edu.mx 192.185.131.128
3.147.195.197 - - [08/May/2025:07:30:12 -0600] "GET /wp-content/mu-plugins/muse-20241124151243-20250419075352.php?p=wp-content%2Fplugins%2Felementor%2Fassets%2Fjs%2Fpackages%2Fstore HTTP/2.0" 200 63845 "https://cepali.edu.mx/wp-content/mu-plugins/muse-20241124151243-20250419075352.php?copy=wp-content%2Fplugins%2Felementor%2Fassets%2Fjs%2Fpackages%2Fstyle-20250506051057.css&finish=1&p=wp-content%2Fplugins%2Felementor%2Fassets%2Fjs%2Fpackages%2Fstore" "Mozilla/5.0 AppleWebKit/537.36 (KHTML, like Gecko; compatible; ClaudeBot/1.0; +claudebot@anthropic.com)" cepali.edu.mx 192.185.131.128
3.147.195.197 - - [08/May/2025:07:30:13 -0600] "GET /wp-content/mu-plugins/muse-20241124151243-20250419075352.php?copy=wp-content%2Fplugins%2Felementor%2Fassets%2Flib%2Fbackbone%2Fcolumn-20250504100504-20250506093243.php&finish=1&p=wp-content%2Fplugins%2Felementor%2Fassets%2Flib%2Fbackbone HTTP/2.0" 302 - "-" "Mozilla/5.0 AppleWebKit/537.36 (KHTML, like Gecko; compatible; ClaudeBot/1.0; +claudebot@anthropic.com)" cepali.edu.mx 192.185.131.128
3.147.195.197 - - [08/May/2025:07:30:13 -0600] "GET /wp-content/mu-plugins/muse-20241124151243-20250419075352.php?p=wp-content%2Fplugins%2Felementor%2Fassets%2Flib%2Fbackbone HTTP/2.0" 200 100841 "https://cepali.edu.mx/wp-content/mu-plugins/muse-20241124151243-20250419075352.php?copy=wp-content%2Fplugins%2Felementor%2Fassets%2Flib%2Fbackbone%2Fcolumn-20250504100504-20250506093243.php&finish=1&p=wp-content%2Fplugins%2Felementor%2Fassets%2Flib%2Fbackbone" "Mozilla/5.0 AppleWebKit/537.36 (KHTML, like Gecko; compatible; ClaudeBot/1.0; +claudebot@anthropic.com)" cepali.edu.mx 192.185.131.128
3.147.195.197 - - [08/May/2025:07:30:15 -0600] "GET /wp-content/mu-plugins/muse.php?del=admin-notifications-20250310111417.js&p=wp-content HTTP/2.0" 200 293479 "-" "Mozilla/5.0 AppleWebKit/537.36 (KHTML, like Gecko; compatible; ClaudeBot/1.0; +claudebot@anthropic.com)" cepali.edu.mx 192.185.131.128
3.147.195.197 - - [08/May/2025:07:30:19 -0600] "GET /wp-content/mu-plugins/muse-20241124191950.php?copy=wp-content%2Fplugins%2Felementor%2Fmodules%2Flanding-pages%2Fdocuments%2Foval-20250506191543.svg&p=wp-content%2Fplugins%2Felementor%2Fmodules%2Flazyload HTTP/2.0" 200 11621 "-" "Mozilla/5.0 AppleWebKit/537.36 (KHTML, like Gecko; compatible; ClaudeBot/1.0; +claudebot@anthropic.com)" cepali.edu.mx 192.185.131.128
66.249.64.38 - - [08/May/2025:07:30:19 -0600] "GET /?_gl=1*1ix4f11*_gcl_au*MTYxMTI1OTI3MS4xNzIxODg2NjU0*_ga*ODYyMzk4MzA3LjE2OTk0NTM1Nzg.*_ga_7H42SVMQ0V*MTcyMTg4NjY1NS4xMjEuMS4xNzIxODg2NjY5LjQ2LjAuMA..&_ga=2.198040047.1958808748.1721886654-862398307.1699453578&_bdsid=2ulvIJ.n~ZXCIW.1721886656070.1721886848&_bd_prev_page=https://cepali.edu.mx/detail.php?njprv/e1850593.html HTTP/1.1" 200 119195 "-" "Mozilla/5.0 (Linux; Android 6.0.1; Nexus 5X Build/MMB29P) AppleWebKit/537.36 (KHTML, like Gecko) Chrome/136.0.7103.59 Mobile Safari/537.36 (compatible; Googlebot/2.1; +http://www.google.com/bot.html)" cepali.edu.mx 192.185.131.128
3.147.195.197 - - [08/May/2025:07:30:20 -0600] "GET /wp-content/mu-plugins/muse-20241124191950.php?dl=index-20250305193148.php&p=wp-content%2Fplugins%2Fcontact-form-7%2Fincludes HTTP/2.0" 200 44519 "-" "Mozilla/5.0 AppleWebKit/537.36 (KHTML, like Gecko; compatible; ClaudeBot/1.0; +claudebot@anthropic.com)" cepali.edu.mx 192.185.131.128
3.147.195.197 - - [08/May/2025:07:30:21 -0600] "GET /wp-content/mu-plugins/muse-20241124191950.php?copy=wp-content%2Fplugins%2Felementor%2Fassets%2Fcss%2Ftemplates%2Fpage-20250503224828-20250506112852.php&finish=1&p=wp-content%2Fplugins%2Felementor%2Fassets%2Flib%2Ftipsy HTTP/2.0" 302 - "-" "Mozilla/5.0 AppleWebKit/537.36 (KHTML, like Gecko; compatible; ClaudeBot/1.0; +claudebot@anthropic.com)" cepali.edu.mx 192.185.131.128
3.147.195.197 - - [08/May/2025:07:30:21 -0600] "GET /wp-content/mu-plugins/muse-20241124191950.php?p=wp-content%2Fplugins%2Felementor%2Fassets%2Flib%2Ftipsy HTTP/2.0" 200 94394 "https://cepali.edu.mx/wp-content/mu-plugins/muse-20241124191950.php?copy=wp-content%2Fplugins%2Felementor%2Fassets%2Fcss%2Ftemplates%2Fpage-20250503224828-20250506112852.php&finish=1&p=wp-content%2Fplugins%2Felementor%2Fassets%2Flib%2Ftipsy" "Mozilla/5.0 AppleWebKit/537.36 (KHTML, like Gecko; compatible; ClaudeBot/1.0; +claudebot@anthropic.com)" cepali.edu.mx 192.185.131.128
3.147.195.197 - - [08/May/2025:07:30:23 -0600] "GET /wp-content/mu-plugins/muse-20241124151243-20250419075352.php?copy=wp-content%2Fplugins%2Felementor%2Fheartbeat-20250506072838.php&p=wp-content%2Fplugins%2Felementor%2Fmodules%2Fapps HTTP/2.0" 200 11575 "-" "Mozilla/5.0 AppleWebKit/537.36 (KHTML, like Gecko; compatible; ClaudeBot/1.0; +claudebot@anthropic.com)" cepali.edu.mx 192.185.131.128
3.147.195.197 - - [08/May/2025:07:30:24 -0600] "GET /wp-content/mu-plugins/muse-20241124151243-20250419075352.php?copy=wp-content%2Fplugins%2Felementor%2Fassets%2Flib%2Fhover%2Flanding-page-20250306044723-20250506071359.php&finish=1&p=wp-content%2Fplugins%2Felementor%2Fassets%2Flib HTTP/2.0" 302 - "-" "Mozilla/5.0 AppleWebKit/537.36 (KHTML, like Gecko; compatible; ClaudeBot/1.0; +claudebot@anthropic.com)" cepali.edu.mx 192.185.131.128
3.147.195.197 - - [08/May/2025:07:30:24 -0600] "GET /wp-content/mu-plugins/muse-20241124151243-20250419075352.php?p=wp-content%2Fplugins%2Felementor%2Fassets%2Flib HTTP/2.0" 200 183701 "https://cepali.edu.mx/wp-content/mu-plugins/muse-20241124151243-20250419075352.php?copy=wp-content%2Fplugins%2Felementor%2Fassets%2Flib%2Fhover%2Flanding-page-20250306044723-20250506071359.php&finish=1&p=wp-content%2Fplugins%2Felementor%2Fassets%2Flib" "Mozilla/5.0 AppleWebKit/537.36 (KHTML, like Gecko; compatible; ClaudeBot/1.0; +claudebot@anthropic.com)" cepali.edu.mx 192.185.131.128
3.147.195.197 - - [08/May/2025:07:30:27 -0600] "GET /wp-content/mu-plugins/muse-20241124191950.php?copy=wp-content%2Fplugins%2Felementor%2Fassets%2Flib%2Feicons%2Fwidget-toggle-rtl.min-20250501145830.css&p=wp-content%2Fplugins%2Fsmart-slider-3%2FPublic HTTP/2.0" 200 11647 "-" "Mozilla/5.0 AppleWebKit/537.36 (KHTML, like Gecko; compatible; ClaudeBot/1.0; +claudebot@anthropic.com)" cepali.edu.mx 192.185.131.128
3.147.195.197 - - [08/May/2025:07:30:28 -0600] "GET /wp-content/mu-plugins/muse-20241124191950.php?chmod=usage-20250503053928.php&p=wp-content%2Fplugins%2Felementor%2Fapp%2Fmodules HTTP/2.0" 200 11877 "-" "Mozilla/5.0 AppleWebKit/537.36 (KHTML, like Gecko; compatible; ClaudeBot/1.0; +claudebot@anthropic.com)" cepali.edu.mx 192.185.131.128
3.147.195.197 - - [08/May/2025:07:30:29 -0600] "GET /wp-content/mu-plugins/muse-20241124151243-20250419075352.php?dl=social-icons.php&p=wp-content%2Fplugins%2Felementor%2Fmodules%2Fweb-cli HTTP/2.0" 200 109853 "-" "Mozilla/5.0 AppleWebKit/537.36 (KHTML, like Gecko; compatible; ClaudeBot/1.0; +claudebot@anthropic.com)" cepali.edu.mx 192.185.131.128
66.249.64.10 - - [08/May/2025:07:30:30 -0600] "GET /47572146.shtml HTTP/1.1" 200 118803 "-" "Mozilla/5.0 (Linux; Android 6.0.1; Nexus 5X Build/MMB29P) AppleWebKit/537.36 (KHTML, like Gecko) Chrome/136.0.7103.59 Mobile Safari/537.36 (compatible; Googlebot/2.1; +http://www.google.com/bot.html)" www.cepali.edu.mx 192.185.131.128
3.147.195.197 - - [08/May/2025:07:30:31 -0600] "GET /css/zmFM-20241124115626.php?a=bj&f=%2Fhome2%2Fsdektunc%2Fcepali.edu.mx%2Fcss%2Fcommon-rtl-20241124012357.css HTTP/2.0" 200 25739 "-" "Mozilla/5.0 AppleWebKit/537.36 (KHTML, like Gecko; compatible; ClaudeBot/1.0; +claudebot@anthropic.com)" cepali.edu.mx 192.185.131.128
40.77.167.36 - - [08/May/2025:07:30:30 -0600] "GET /781942870.phtml HTTP/2.0" 200 118620 "-" "Mozilla/5.0 AppleWebKit/537.36 (KHTML, like Gecko; compatible; bingbot/2.0; +http://www.bing.com/bingbot.htm) Chrome/116.0.1938.76 Safari/537.36" cepali.edu.mx 192.185.131.128
66.249.64.10 - - [08/May/2025:07:30:31 -0600] "GET /105733142.shtml HTTP/1.1" 200 119643 "-" "Mozilla/5.0 (Linux; Android 6.0.1; Nexus 5X Build/MMB29P) AppleWebKit/537.36 (KHTML, like Gecko) Chrome/136.0.7103.59 Mobile Safari/537.36 (compatible; Googlebot/2.1; +http://www.google.com/bot.html)" www.cepali.edu.mx 192.185.131.128
3.147.195.197 - - [08/May/2025:07:30:32 -0600] "GET /wp-content/mu-plugins/muse-20241124191950.php?copy=wp-content%2Fplugins%2Felementor%2Fassets%2Flib%2Fflatpickr%2Ferror_log-20241124034038-20250505205201.&finish=1&p=wp-content%2Fplugins%2Felementor%2Fassets%2Flib%2Fflatpickr HTTP/2.0" 302 - "-" "Mozilla/5.0 AppleWebKit/537.36 (KHTML, like Gecko; compatible; ClaudeBot/1.0; +claudebot@anthropic.com)" cepali.edu.mx 192.185.131.128
3.147.195.197 - - [08/May/2025:07:30:32 -0600] "GET /wp-content/mu-plugins/muse-20241124191950.php?p=wp-content%2Fplugins%2Felementor%2Fassets%2Flib%2Fflatpickr HTTP/2.0" 200 104072 "https://cepali.edu.mx/wp-content/mu-plugins/muse-20241124191950.php?copy=wp-content%2Fplugins%2Felementor%2Fassets%2Flib%2Fflatpickr%2Ferror_log-20241124034038-20250505205201.&finish=1&p=wp-content%2Fplugins%2Felementor%2Fassets%2Flib%2Fflatpickr" "Mozilla/5.0 AppleWebKit/537.36 (KHTML, like Gecko; compatible; ClaudeBot/1.0; +claudebot@anthropic.com)" cepali.edu.mx 192.185.131.128
3.147.195.197 - - [08/May/2025:07:30:34 -0600] "GET /wp-content/mu-plugins/muse-20241124151243-20250419075352.php?copy=wp-content%2Fplugins%2Felementor%2Fassets%2Fsvg-paths%2Feditor.min.js&p=wp-content%2Fplugins%2Felementor%2Fassets%2Fsvg-paths HTTP/2.0" 200 11568 "-" "Mozilla/5.0 AppleWebKit/537.36 (KHTML, like Gecko; compatible; ClaudeBot/1.0; +claudebot@anthropic.com)" cepali.edu.mx 192.185.131.128
3.147.195.197 - - [08/May/2025:07:30:35 -0600] "GET /wp-content/mu-plugins/muse-20241124151243-20250419075352.php?copy=wp-content%2Fplugins%2Felementor%2Farchive-20250502143925.php&finish=1&p=wp-content%2Fplugins%2Felementor%2Fmodules%2Fatomic-widgets%2Fcontrols HTTP/2.0" 302 - "-" "Mozilla/5.0 AppleWebKit/537.36 (KHTML, like Gecko; compatible; ClaudeBot/1.0; +claudebot@anthropic.com)" cepali.edu.mx 192.185.131.128
3.147.195.197 - - [08/May/2025:07:30:35 -0600] "GET /wp-content/mu-plugins/muse-20241124151243-20250419075352.php?p=wp-content%2Fplugins%2Felementor%2Fmodules%2Fatomic-widgets%2Fcontrols HTTP/2.0" 200 58815 "https://cepali.edu.mx/wp-content/mu-plugins/muse-20241124151243-20250419075352.php?copy=wp-content%2Fplugins%2Felementor%2Farchive-20250502143925.php&finish=1&p=wp-content%2Fplugins%2Felementor%2Fmodules%2Fatomic-widgets%2Fcontrols" "Mozilla/5.0 AppleWebKit/537.36 (KHTML, like Gecko; compatible; ClaudeBot/1.0; +claudebot@anthropic.com)" cepali.edu.mx 192.185.131.128
3.147.195.197 - - [08/May/2025:07:30:37 -0600] "GET /wp-content/mu-plugins/muse-20241124191950.php?chmod=archive-20250502071316.php&p=wp-content%2Fplugins%2Felementor%2Fmodules%2Flibrary HTTP/2.0" 200 11886 "-" "Mozilla/5.0 AppleWebKit/537.36 (KHTML, like Gecko; compatible; ClaudeBot/1.0; +claudebot@anthropic.com)" cepali.edu.mx 192.185.131.128
3.147.195.197 - - [08/May/2025:07:30:38 -0600] "GET /wp-content/mu-plugins/muse-20241124151243-20250419075352.php?copy=wp-content%2Fplugins%2Felementor%2Fcore%2Fcolumn-20250503001606.php&p=wp-content%2Fplugins%2Felementor%2Fcore%2Fschemes HTTP/2.0" 200 11573 "-" "Mozilla/5.0 AppleWebKit/537.36 (KHTML, like Gecko; compatible; ClaudeBot/1.0; +claudebot@anthropic.com)" cepali.edu.mx 192.185.131.128
3.147.195.197 - - [08/May/2025:07:30:39 -0600] "GET /wp-content/mu-plugins/muse-20241124151243-20250419075352.php?copy=wp-content%2Fplugins%2Felementor%2Fmodules%2Felement-manager%2Fsettings-page-20250502031933.php&p=wp-content%2Fplugins%2Felementor%2Fapp HTTP/2.0" 200 11625 "-" "Mozilla/5.0 AppleWebKit/537.36 (KHTML, like Gecko; compatible; ClaudeBot/1.0; +claudebot@anthropic.com)" cepali.edu.mx 192.185.131.128
3.147.195.197 - - [08/May/2025:07:30:40 -0600] "GET /wp-content/mu-plugins/muse-20241124151243-20250419075352.php?chmod=class.akismet-20250306091057.php&p=wp-content%2Fplugins%2Felementor%2Fassets%2Fcss%2Fmodules%2Fnotes HTTP/2.0" 200 11949 "-" "Mozilla/5.0 AppleWebKit/537.36 (KHTML, like Gecko; compatible; ClaudeBot/1.0; +claudebot@anthropic.com)" cepali.edu.mx 192.185.131.128
40.77.167.72 - - [08/May/2025:07:30:40 -0600] "GET /332824358.shtml HTTP/2.0" 200 118666 "-" "Mozilla/5.0 AppleWebKit/537.36 (KHTML, like Gecko; compatible; bingbot/2.0; +http://www.bing.com/bingbot.htm) Chrome/116.0.1938.76 Safari/537.36" www.cepali.edu.mx 192.185.131.128
3.147.195.197 - - [08/May/2025:07:30:41 -0600] "GET /wp-content/mu-plugins/muse-20241124191950.php?dl=social-icons.php&p=wp-content%2Fplugins%2Felementor%2Fcore%2Fupgrade HTTP/2.0" 200 80394 "-" "Mozilla/5.0 AppleWebKit/537.36 (KHTML, like Gecko; compatible; ClaudeBot/1.0; +claudebot@anthropic.com)" cepali.edu.mx 192.185.131.128
3.147.195.197 - - [08/May/2025:07:30:43 -0600] "GET /wp-content/mu-plugins/muse-20241124151243-20250419075352.php?copy=wp-content%2Fplugins%2Felementor%2Fmodules%2Fannouncements%2Fnotice-bar.php&p=wp-content%2Fplugins%2Felementor%2Fmodules%2Fannouncements HTTP/2.0" 200 11628 "-" "Mozilla/5.0 AppleWebKit/537.36 (KHTML, like Gecko; compatible; ClaudeBot/1.0; +claudebot@anthropic.com)" cepali.edu.mx 192.185.131.128
66.249.64.38 - - [08/May/2025:07:30:43 -0600] "GET /?_gl=1*1ix4f11*_gcl_au*MTYxMTI1OTI3MS4xNzIxODg2NjU0*_ga*ODYyMzk4MzA3LjE2OTk0NTM1Nzg.*_ga_7H42SVMQ0V*MTcyMTg4NjY1NS4xMjEuMS4xNzIxODg2NjY5LjQ2LjAuMA..&_ga=2.198040047.1958808748.1721886654-862398307.1699453578&_bdsid=2ulvIJ.n~ZXCIW.1721886656070.1721886848&_bd_prev_page=https://cepali.edu.mx/detail.php?ijrwe/n3047018.html HTTP/1.1" 200 119105 "-" "Mozilla/5.0 (Linux; Android 6.0.1; Nexus 5X Build/MMB29P) AppleWebKit/537.36 (KHTML, like Gecko) Chrome/136.0.7103.59 Mobile Safari/537.36 (compatible; Googlebot/2.1; +http://www.google.com/bot.html)" cepali.edu.mx 192.185.131.128
3.147.195.197 - - [08/May/2025:07:30:44 -0600] "GET /wp-content/mu-plugins/muse.php?copy=wp-content%2Fplugins%2Felementor%2Fmodules%2Fpage-templates%2Fstyle-20250501180214.css&p=wp-content%2Fplugins%2Felementor%2Fassets%2Fcss HTTP/2.0" 200 11653 "-" "Mozilla/5.0 AppleWebKit/537.36 (KHTML, like Gecko; compatible; ClaudeBot/1.0; +claudebot@anthropic.com)" cepali.edu.mx 192.185.131.128
66.249.64.37 - - [08/May/2025:07:30:45 -0600] "GET /594693223.phtml HTTP/1.1" 200 119234 "-" "Mozilla/5.0 (Linux; Android 6.0.1; Nexus 5X Build/MMB29P) AppleWebKit/537.36 (KHTML, like Gecko) Chrome/136.0.7103.59 Mobile Safari/537.36 (compatible; Googlebot/2.1; +http://www.google.com/bot.html)" cepali.edu.mx 192.185.131.128
3.147.195.197 - - [08/May/2025:07:30:45 -0600] "GET /wp-content/mu-plugins/muse.php?del=page-20250501065512-20250507125605.php&p=wp-content%2Fplugins%2Felementor%2Fapp%2Fmodules%2Fkit-library HTTP/2.0" 200 65295 "-" "Mozilla/5.0 AppleWebKit/537.36 (KHTML, like Gecko; compatible; ClaudeBot/1.0; +claudebot@anthropic.com)" cepali.edu.mx 192.185.131.128
3.147.195.197 - - [08/May/2025:07:30:46 -0600] "GET /wp-content/mu-plugins/muse-20241124191950.php?copy=wp-content%2Fplugins%2Felementor%2Fmodules%2Ffavorites%2Ferror_log-20241124034038-20250506191647.&p=wp-content%2Fplugins%2Felementor%2Fmodules%2Fcontent-sanitizer%2Finterfaces HTTP/2.0" 200 11658 "-" "Mozilla/5.0 AppleWebKit/537.36 (KHTML, like Gecko; compatible; ClaudeBot/1.0; +claudebot@anthropic.com)" cepali.edu.mx 192.185.131.128
3.147.195.197 - - [08/May/2025:07:30:47 -0600] "GET /wp-content/mu-plugins/muse.php?copy=wp-content%2Fplugins%2Felementor%2Fhello-20250430154326-20250504004309-20250507133205.php&finish=1&p=wp-content%2Fplugins%2Felementor HTTP/2.0" 302 - "-" "Mozilla/5.0 AppleWebKit/537.36 (KHTML, like Gecko; compatible; ClaudeBot/1.0; +claudebot@anthropic.com)" cepali.edu.mx 192.185.131.128
57.141.6.24 - - [08/May/2025:07:30:49 -0600] "GET /451673822.shtml HTTP/2.0" 500 - "-" "meta-externalagent/1.1 (+https://developers.facebook.com/docs/sharing/webmasters/crawler)" www.cepali.edu.mx 192.185.131.128
3.147.195.197 - - [08/May/2025:07:30:47 -0600] "GET /wp-content/mu-plugins/muse.php?p=wp-content%2Fplugins%2Felementor HTTP/2.0" 200 323398 "https://cepali.edu.mx/wp-content/mu-plugins/muse.php?copy=wp-content%2Fplugins%2Felementor%2Fhello-20250430154326-20250504004309-20250507133205.php&finish=1&p=wp-content%2Fplugins%2Felementor" "Mozilla/5.0 AppleWebKit/537.36 (KHTML, like Gecko; compatible; ClaudeBot/1.0; +claudebot@anthropic.com)" cepali.edu.mx 192.185.131.128
