芝麻web文件管理V1.00
编辑当前文件:/home2/sdektunc/access-logs/dzilamdebravo1821.sdektun.com-ssl_log
66.249.66.70 - - [01/Feb/2025:06:06:24 -0600] "GET /tpmzt/g1784526.html HTTP/1.1" 200 121896 "-" "Mozilla/5.0 (Linux; Android 6.0.1; Nexus 5X Build/MMB29P) AppleWebKit/537.36 (KHTML, like Gecko) Chrome/132.0.6834.159 Mobile Safari/537.36 (compatible; Googlebot/2.1; +http://www.google.com/bot.html)" www.dzilamdebravo1821.gob.mx 192.185.131.128
157.55.39.12 - - [01/Feb/2025:06:10:30 -0600] "GET /dzmtq/z1506059.html HTTP/2.0" 200 124211 "-" "Mozilla/5.0 AppleWebKit/537.36 (KHTML, like Gecko; compatible; bingbot/2.0; +http://www.bing.com/bingbot.htm) Chrome/116.0.1938.76 Safari/537.36" dzilamdebravo1821.gob.mx 192.185.131.128
52.167.144.183 - - [01/Feb/2025:06:16:29 -0600] "GET /uexue/s1924028.html HTTP/2.0" 200 123537 "-" "Mozilla/5.0 AppleWebKit/537.36 (KHTML, like Gecko; compatible; bingbot/2.0; +http://www.bing.com/bingbot.htm) Chrome/116.0.1938.76 Safari/537.36" dzilamdebravo1821.gob.mx 192.185.131.128
52.167.144.173 - - [01/Feb/2025:06:17:10 -0600] "GET /bbvrt/z1055765.html HTTP/2.0" 200 125224 "-" "Mozilla/5.0 AppleWebKit/537.36 (KHTML, like Gecko; compatible; bingbot/2.0; +http://www.bing.com/bingbot.htm) Chrome/116.0.1938.76 Safari/537.36" dzilamdebravo1821.gob.mx 192.185.131.128
89.185.25.131 - - [01/Feb/2025:06:17:18 -0600] "GET /mnt/overlay/dam/gui/content/assets/metadataeditor.external.html?item=$%7b856886*987369%7d HTTP/1.1" 200 53583 "-" "Mozilla/5.0 (Debian; Linux i686) AppleWebKit/537.36 (KHTML, like Gecko) Chrome/122.0.0.0 Safari/537.36" dzilamdebravo1821.gob.mx 192.185.131.128
89.185.25.131 - - [01/Feb/2025:06:17:25 -0600] "GET /wp-content/plugins/mdc-youtube-downloader/includes/download.php?file=/etc/passwd HTTP/1.1" 406 226 "-" "Mozilla/5.0 (Windows NT 10.0; Win64; x64; rv:88.0) Gecko/20100101 Firefox/88.0" dzilamdebravo1821.gob.mx 192.185.131.128
89.185.25.131 - - [01/Feb/2025:06:25:50 -0600] "GET /file?valore=../../../../../windows/win.ini HTTP/1.1" 406 226 "-" "Mozilla/5.0 (Kubuntu; Linux i686; rv:121.0) Gecko/20100101 Firefox/121.0" dzilamdebravo1821.gob.mx 192.185.131.128
89.185.25.131 - - [01/Feb/2025:06:25:53 -0600] "GET /horde/admin/user.php HTTP/1.1" 200 53583 "-" "Mozilla/5.0 (Windows NT 6.1; Win64; x64; rv:55.0) Gecko/20100101 Firefox/55.0" dzilamdebravo1821.gob.mx 192.185.131.128
89.185.25.131 - - [01/Feb/2025:06:25:54 -0600] "GET /module/api.php?mobile/webNasIPS HTTP/1.1" 200 53583 "-" "TNAS" dzilamdebravo1821.gob.mx 192.185.131.128
89.185.25.131 - - [01/Feb/2025:06:25:57 -0600] "GET /log_proxy?url=http://cudo29mjalo72u293ingrbu5rwgu799r9.oast.me HTTP/1.1" 200 53583 "-" "Mozilla/5.0 (Macintosh; Intel Mac OS X 10_15_7) AppleWebKit/618.2.7 (KHTML, like Gecko) Version/17.5 Safari/618.2.7" dzilamdebravo1821.gob.mx 192.185.131.128
89.185.25.131 - - [01/Feb/2025:06:26:02 -0600] "GET /index.php?option=com_perchagallery&controller=../../../../../../../../../../etc/passwd%00 HTTP/1.1" 406 226 "-" "Mozilla/5.0 (Macintosh; Intel Mac OS X 10_15_7) AppleWebKit/537.36 (KHTML, like Gecko) Chrome/115.0.0.0 Safari/537.36" dzilamdebravo1821.gob.mx 192.185.131.128
40.77.167.155 - - [01/Feb/2025:06:27:22 -0600] "GET /firuq/s1303616.html HTTP/2.0" 200 123479 "-" "Mozilla/5.0 AppleWebKit/537.36 (KHTML, like Gecko; compatible; bingbot/2.0; +http://www.bing.com/bingbot.htm) Chrome/116.0.1938.76 Safari/537.36" dzilamdebravo1821.gob.mx 192.185.131.128
66.249.66.71 - - [01/Feb/2025:06:29:19 -0600] "GET /kxvzs/t2924847.html HTTP/1.1" 200 124830 "-" "Mozilla/5.0 (Linux; Android 6.0.1; Nexus 5X Build/MMB29P) AppleWebKit/537.36 (KHTML, like Gecko) Chrome/132.0.6834.159 Mobile Safari/537.36 (compatible; Googlebot/2.1; +http://www.google.com/bot.html)" www.dzilamdebravo1821.gob.mx 192.185.131.128
66.249.66.72 - - [01/Feb/2025:06:33:41 -0600] "GET /jcuqb/h1212033.html HTTP/1.1" 200 124623 "-" "Mozilla/5.0 (Linux; Android 6.0.1; Nexus 5X Build/MMB29P) AppleWebKit/537.36 (KHTML, like Gecko) Chrome/132.0.6834.159 Mobile Safari/537.36 (compatible; Googlebot/2.1; +http://www.google.com/bot.html)" www.dzilamdebravo1821.gob.mx 192.185.131.128
138.246.253.24 - - [01/Feb/2025:06:37:33 -0600] "GET /robots.txt HTTP/1.1" 200 26 "-" "Mozilla/5.0 (Windows NT 10.0; Win64; x64) AppleWebKit/537.36 (KHTML, like Gecko) Chrome/103.0.5060.134 Safari/537.36" webmail.dzilamdebravo1821.gob.mx 192.185.131.128
52.167.144.24 - - [01/Feb/2025:06:38:04 -0600] "GET /rkmax/e2931956.html HTTP/2.0" 200 125555 "-" "Mozilla/5.0 AppleWebKit/537.36 (KHTML, like Gecko; compatible; bingbot/2.0; +http://www.bing.com/bingbot.htm) Chrome/116.0.1938.76 Safari/537.36" dzilamdebravo1821.gob.mx 192.185.131.128
157.55.39.195 - - [01/Feb/2025:06:39:31 -0600] "GET /xztar/z1495451.html HTTP/2.0" 200 127471 "-" "Mozilla/5.0 AppleWebKit/537.36 (KHTML, like Gecko; compatible; bingbot/2.0; +http://www.bing.com/bingbot.htm) Chrome/116.0.1938.76 Safari/537.36" dzilamdebravo1821.gob.mx 192.185.131.128
40.77.167.20 - - [01/Feb/2025:06:40:21 -0600] "GET /bspwo/e1494624.html HTTP/2.0" 200 123233 "-" "Mozilla/5.0 AppleWebKit/537.36 (KHTML, like Gecko; compatible; bingbot/2.0; +http://www.bing.com/bingbot.htm) Chrome/116.0.1938.76 Safari/537.36" dzilamdebravo1821.gob.mx 192.185.131.128
40.77.167.42 - - [01/Feb/2025:06:41:52 -0600] "GET /ftmqw/x2018075.html HTTP/2.0" 200 121646 "-" "Mozilla/5.0 AppleWebKit/537.36 (KHTML, like Gecko; compatible; bingbot/2.0; +http://www.bing.com/bingbot.htm) Chrome/116.0.1938.76 Safari/537.36" dzilamdebravo1821.gob.mx 192.185.131.128
185.153.151.177 - - [01/Feb/2025:06:44:20 -0600] "GET /archivos/2019/cuenta/anual/01.pdf HTTP/1.1" 200 27928131 "-" "Mozilla/5.0 (compatible; Googlebot/2.1; +http://www.google.com/bot.html)" dzilamdebravo1821.gob.mx 192.185.131.128
185.153.151.177 - - [01/Feb/2025:06:44:21 -0600] "GET /archivos/2020/cuenta/anual/01.pdf HTTP/1.1" 200 19652273 "-" "Mozilla/5.0 (compatible; Bingbot/2.0; +http://www.bing.com/bingbot.htm)" dzilamdebravo1821.gob.mx 192.185.131.128
185.153.151.177 - - [01/Feb/2025:06:44:21 -0600] "GET /archivos/2019/cuenta/anual/01.pdf HTTP/1.1" 200 27928131 "-" "Mozilla/5.0 (Windows NT 10.0; Win64; x64) AppleWebKit/537.36 (KHTML, like Gecko) Chrome/104.0.5112.81 Safari/537.36 Edg/104.0.1293.54" dzilamdebravo1821.gob.mx 192.185.131.128
185.153.151.177 - - [01/Feb/2025:06:44:22 -0600] "GET /archivos/2020/cuenta/anual/01.pdf HTTP/1.1" 200 19652273 "-" "Mozilla/5.0 (Macintosh; Intel Mac OS X 10.15; rv:102.0) Gecko/20100101 Firefox/102.0" dzilamdebravo1821.gob.mx 192.185.131.128
185.153.151.177 - - [01/Feb/2025:06:44:22 -0600] "GET /archivos/2021/cuenta/anual/01.pdf HTTP/1.1" 200 23850357 "-" "Mozilla/5.0 (compatible; Yahoo! Slurp; http://help.yahoo.com/help/us/ysearch/slurp)" dzilamdebravo1821.gob.mx 192.185.131.128
185.153.151.177 - - [01/Feb/2025:06:44:23 -0600] "GET /archivos/2021/cuenta/anual/01.pdf HTTP/1.1" 200 23850357 "-" "Mozilla/5.0 (Macintosh; Intel Mac OS X 10_15_7) AppleWebKit/605.1.15 (KHTML, like Gecko) Version/15.3 Safari/605.1.15" dzilamdebravo1821.gob.mx 192.185.131.128
185.153.151.177 - - [01/Feb/2025:06:44:25 -0600] "GET /archivos/2020/cuenta/anual/01.pdf HTTP/1.1" 200 19652273 "https://www.conac.gob.mx/en/CONAC/Municipios_cp" "acebookexternalhit/1.0 (+http://www.facebook.com/externalhit_uatext.php)" dzilamdebravo1821.gob.mx 192.185.131.128
185.153.151.177 - - [01/Feb/2025:06:44:26 -0600] "GET /archivos/2021/cuenta/anual/01.pdf HTTP/1.1" 200 23850357 "https://www.conac.gob.mx/en/CONAC/Municipios_cp" "Mozilla/5.0 (compatible; Bingbot/2.0; +http://www.bing.com/bingbot.htm)" dzilamdebravo1821.gob.mx 192.185.131.128
185.153.151.177 - - [01/Feb/2025:06:44:26 -0600] "GET /archivos/2020/cuenta/anual/01.pdf HTTP/1.1" 200 19652273 "https://www.conac.gob.mx/en/CONAC/Municipios_cp" "Mozilla/5.0 (X11; Linux x86_64) AppleWebKit/537.36 (KHTML, like Gecko) Chrome/103.0.0.0 Safari/537.36" dzilamdebravo1821.gob.mx 192.185.131.128
185.153.151.177 - - [01/Feb/2025:06:44:27 -0600] "GET /archivos/2019/cuenta/anual/01.pdf HTTP/1.1" 200 27928131 "https://www.conac.gob.mx/en/CONAC/Municipios_cp" "Mozilla/5.0 (compatible; Yahoo! Slurp; http://help.yahoo.com/help/us/ysearch/slurp)" dzilamdebravo1821.gob.mx 192.185.131.128
185.153.151.177 - - [01/Feb/2025:06:44:27 -0600] "GET /archivos/2021/cuenta/anual/01.pdf HTTP/1.1" 200 23850357 "https://www.conac.gob.mx/en/CONAC/Municipios_cp" "Mozilla/5.0 (Macintosh; Intel Mac OS X 10_15_2) AppleWebKit/537.36 (KHTML, like Gecko) Chrome/79.0.3945.88 Safari/537.36" dzilamdebravo1821.gob.mx 192.185.131.128
185.153.151.177 - - [01/Feb/2025:06:44:26 -0600] "GET /index.php HTTP/1.1" 200 124127 "https://www.conac.gob.mx/en/CONAC/Municipios_cp" "Mozilla/5.0 (compatible; Googlebot/2.1; +http://www.google.com/bot.html)" www.dzilamdebravo1821.gob.mx 192.185.131.128
185.153.151.177 - - [01/Feb/2025:06:44:28 -0600] "GET /archivos/2019/cuenta/anual/01.pdf HTTP/1.1" 200 27928131 "https://www.conac.gob.mx/en/CONAC/Municipios_cp" "Mozilla/5.0 (X11; Linux x86_64) AppleWebKit/537.36 (KHTML, like Gecko) QtWebEngine/5.15.5 Chrome/87.0.4280.144 Safari/537.36" dzilamdebravo1821.gob.mx 192.185.131.128
40.77.167.132 - - [01/Feb/2025:06:45:11 -0600] "GET /bgnzy/x975319.html HTTP/2.0" 200 123384 "-" "Mozilla/5.0 AppleWebKit/537.36 (KHTML, like Gecko; compatible; bingbot/2.0; +http://www.bing.com/bingbot.htm) Chrome/116.0.1938.76 Safari/537.36" dzilamdebravo1821.gob.mx 192.185.131.128
51.8.102.89 - - [01/Feb/2025:06:45:26 -0600] "GET /robots.txt HTTP/2.0" 200 174 "-" "Mozilla/5.0 (Macintosh; Intel Mac OS X 10_15_7) AppleWebKit/537.36 (KHTML, like Gecko) Chrome/131.0.0.0 Safari/537.36; compatible; OAI-SearchBot/1.0; +https://openai.com/searchbot" www.dzilamdebravo1821.gob.mx 192.185.131.128
157.55.39.60 - - [01/Feb/2025:06:50:56 -0600] "GET /wyjhp/q2068976.html HTTP/2.0" 200 127356 "-" "Mozilla/5.0 AppleWebKit/537.36 (KHTML, like Gecko; compatible; bingbot/2.0; +http://www.bing.com/bingbot.htm) Chrome/116.0.1938.76 Safari/537.36" dzilamdebravo1821.gob.mx 192.185.131.128
40.77.167.50 - - [01/Feb/2025:06:51:07 -0600] "GET /xadbo/g1156522.html HTTP/2.0" 200 128735 "-" "Mozilla/5.0 AppleWebKit/537.36 (KHTML, like Gecko; compatible; bingbot/2.0; +http://www.bing.com/bingbot.htm) Chrome/116.0.1938.76 Safari/537.36" dzilamdebravo1821.gob.mx 192.185.131.128
66.249.66.72 - - [01/Feb/2025:06:51:17 -0600] "GET /ezwpe/x3078953.html HTTP/1.1" 200 123009 "-" "Mozilla/5.0 (Linux; Android 6.0.1; Nexus 5X Build/MMB29P) AppleWebKit/537.36 (KHTML, like Gecko) Chrome/132.0.6834.159 Mobile Safari/537.36 (compatible; Googlebot/2.1; +http://www.google.com/bot.html)" www.dzilamdebravo1821.gob.mx 192.185.131.128
52.167.144.19 - - [01/Feb/2025:06:52:55 -0600] "GET /gkuoz/a2305898.html HTTP/2.0" 200 123197 "-" "Mozilla/5.0 AppleWebKit/537.36 (KHTML, like Gecko; compatible; bingbot/2.0; +http://www.bing.com/bingbot.htm) Chrome/116.0.1938.76 Safari/537.36" dzilamdebravo1821.gob.mx 192.185.131.128
52.167.144.16 - - [01/Feb/2025:06:58:47 -0600] "GET /mvmyh/v2640695.html HTTP/2.0" 200 121834 "-" "Mozilla/5.0 AppleWebKit/537.36 (KHTML, like Gecko; compatible; bingbot/2.0; +http://www.bing.com/bingbot.htm) Chrome/116.0.1938.76 Safari/537.36" dzilamdebravo1821.gob.mx 192.185.131.128
52.167.144.179 - - [01/Feb/2025:07:00:44 -0600] "GET /lwwnz/h2164205.html HTTP/2.0" 200 126640 "-" "Mozilla/5.0 AppleWebKit/537.36 (KHTML, like Gecko; compatible; bingbot/2.0; +http://www.bing.com/bingbot.htm) Chrome/116.0.1938.76 Safari/537.36" dzilamdebravo1821.gob.mx 192.185.131.128
52.167.144.164 - - [01/Feb/2025:07:01:45 -0600] "GET /axfxv/h921067.html HTTP/2.0" 200 121921 "-" "Mozilla/5.0 AppleWebKit/537.36 (KHTML, like Gecko; compatible; bingbot/2.0; +http://www.bing.com/bingbot.htm) Chrome/116.0.1938.76 Safari/537.36" dzilamdebravo1821.gob.mx 192.185.131.128
157.55.39.10 - - [01/Feb/2025:07:02:46 -0600] "GET /gmual/n980509.html HTTP/2.0" 200 124635 "-" "Mozilla/5.0 AppleWebKit/537.36 (KHTML, like Gecko; compatible; bingbot/2.0; +http://www.bing.com/bingbot.htm) Chrome/116.0.1938.76 Safari/537.36" dzilamdebravo1821.gob.mx 192.185.131.128
52.167.144.206 - - [01/Feb/2025:07:05:48 -0600] "GET /itnil/d1042769.html HTTP/2.0" 200 124535 "-" "Mozilla/5.0 AppleWebKit/537.36 (KHTML, like Gecko; compatible; bingbot/2.0; +http://www.bing.com/bingbot.htm) Chrome/116.0.1938.76 Safari/537.36" dzilamdebravo1821.gob.mx 192.185.131.128
66.249.66.70 - - [01/Feb/2025:07:14:55 -0600] "GET /xcpfh/p2822949.html HTTP/1.1" 200 122065 "-" "Mozilla/5.0 (Linux; Android 6.0.1; Nexus 5X Build/MMB29P) AppleWebKit/537.36 (KHTML, like Gecko) Chrome/132.0.6834.159 Mobile Safari/537.36 (compatible; Googlebot/2.1; +http://www.google.com/bot.html)" www.dzilamdebravo1821.gob.mx 192.185.131.128
66.249.66.72 - - [01/Feb/2025:07:15:21 -0600] "GET /?_gl=1*1ix4f11*_gcl_au*MTYxMTI1OTI3MS4xNzIxODg2NjU0*_ga*ODYyMzk4MzA3LjE2OTk0NTM1Nzg.*_ga_7H42SVMQ0V*MTcyMTg4NjY1NS4xMjEuMS4xNzIxODg2NjY5LjQ2LjAuMA..&_ga=2.198040047.1958808748.1721886654-862398307.1699453578&_bdsid=2ulvIJ.n~ZXCIW.1721886656070.1721886848&_bd_prev_page=https://www.dzilamdebravo1821.gob.mx/detail.php?mmnn/o2441372.html HTTP/1.1" 200 133675 "-" "Mozilla/5.0 (Linux; Android 6.0.1; Nexus 5X Build/MMB29P) AppleWebKit/537.36 (KHTML, like Gecko) Chrome/132.0.6834.159 Mobile Safari/537.36 (compatible; Googlebot/2.1; +http://www.google.com/bot.html)" www.dzilamdebravo1821.gob.mx 192.185.131.128
66.249.66.73 - - [01/Feb/2025:07:18:39 -0600] "GET / HTTP/1.1" 200 124429 "-" "Mozilla/5.0 (Linux; Android 6.0.1; Nexus 5X Build/MMB29P) AppleWebKit/537.36 (KHTML, like Gecko) Chrome/132.0.6834.159 Mobile Safari/537.36 (compatible; Googlebot/2.1; +http://www.google.com/bot.html)" dzilamdebravo1821.gob.mx 192.185.131.128
66.249.66.75 - - [01/Feb/2025:07:21:33 -0600] "GET / HTTP/1.1" 200 124429 "-" "Mozilla/5.0 (Linux; Android 6.0.1; Nexus 5X Build/MMB29P) AppleWebKit/537.36 (KHTML, like Gecko) Chrome/132.0.6834.159 Mobile Safari/537.36 (compatible; Googlebot/2.1; +http://www.google.com/bot.html)" dzilamdebravo1821.gob.mx 192.185.131.128
3.88.188.32 - - [01/Feb/2025:07:31:05 -0600] "GET / HTTP/1.1" 200 53583 "-" "Mozilla/5.0 (iPhone; CPU iPhone OS 13_2_3 like Mac OS X) AppleWebKit/605.1.15 (KHTML, like Gecko) Mobile/15E148" www.dzilamdebravo1821.gob.mx 192.185.131.128
89.185.25.131 - - [01/Feb/2025:07:31:52 -0600] "GET /info/dir?/ HTTP/1.1" 200 53583 "-" "Mozilla/5.0 (Windows NT 10.0; Win64; x64; rv:109.0) Gecko/20100101 Firefox/118.0" dzilamdebravo1821.gob.mx 192.185.131.128
89.185.25.131 - - [01/Feb/2025:07:31:52 -0600] "GET /tests/support/stores/test_grid_filter.php?query=echo%20md5%28%22CVE-2020-19625%22%29%3B HTTP/1.1" 200 53583 "-" "Mozilla/5.0 (Macintosh; Intel Mac OS X 10.15; rv:125.0) Gecko/20100101 Firefox/125.0" dzilamdebravo1821.gob.mx 192.185.131.128
89.185.25.131 - - [01/Feb/2025:07:31:52 -0600] "GET /plus/ajax_common.php?act=hotword&query=aa%%e9%8c%a6%27%20union%20select%201,md5(999999999),3%23%27 HTTP/1.1" 400 53583 "-" "Mozilla/5.0 (Kubuntu; Linux i686; rv:124.0) Gecko/20100101 Firefox/124.0" dzilamdebravo1821.gob.mx 192.185.131.128
89.185.25.131 - - [01/Feb/2025:07:31:54 -0600] "GET /index.php?option=com_contenthistory&view=history&list[ordering]&item_id=1&type_id=1&list[select]=updatexml(0x23,concat(1,md5(999999999)),1) HTTP/1.1" 406 226 "-" "Mozilla/5.0 (Kubuntu; Linux i686; rv:127.0) Gecko/20100101 Firefox/127.0" dzilamdebravo1821.gob.mx 192.185.131.128
89.185.25.131 - - [01/Feb/2025:07:31:56 -0600] "GET /api/filemanager?path=%2F..%2f..%2fContent HTTP/1.1" 406 226 "-" "Mozilla/5.0 (Macintosh; Intel Mac OS X 10_15_7) AppleWebKit/605.1.15 (KHTML, like Gecko) Version/16.6.1 Safari/605.1.15" dzilamdebravo1821.gob.mx 192.185.131.128
89.185.25.131 - - [01/Feb/2025:07:31:59 -0600] "GET /?id=NjunDW%25{128*128} HTTP/1.1" 200 53583 "-" "Mozilla/5.0 (Macintosh; Intel Mac OS X 10_15_7) AppleWebKit/605.1.15 (KHTML, like Gecko) Version/17.4.1 Safari/605.1.18" dzilamdebravo1821.gob.mx 192.185.131.128
89.185.25.131 - - [01/Feb/2025:07:31:59 -0600] "GET /index.php?option=com_travelbook&controller=../../../../../../../../../../etc/passwd%00 HTTP/1.1" 406 226 "-" "Mozilla/5.0 (Macintosh; Intel Mac OS X 10_15_7) AppleWebKit/537.36 (KHTML, like Gecko) Chrome/105.0.0.0 Safari/537.36" dzilamdebravo1821.gob.mx 192.185.131.128
89.185.25.131 - - [01/Feb/2025:07:32:00 -0600] "GET /wp-content/plugins/cab-fare-calculator/tblight.php?controller=../../../../../../../../../../../etc/passwd%00&action=1&ajax=1 HTTP/1.1" 406 226 "-" "Mozilla/5.0 (Windows NT 10.0; Win64; x64) AppleWebKit/537.36 (KHTML, like Gecko) Chrome/91.0.4472.124 Safari/537.36" dzilamdebravo1821.gob.mx 192.185.131.128
89.185.25.131 - - [01/Feb/2025:07:32:00 -0600] "GET /remote/fgt_lang?lang=/../../../..//////////dev/cmdb/sslvpn_websession HTTP/1.1" 406 226 "-" "Mozilla/5.0 (Macintosh; Intel Mac OS X 10_15_7) AppleWebKit/605.1.15 (KHTML, like Gecko) Version/17.4 Safari/605.8.22" dzilamdebravo1821.gob.mx 192.185.131.128
89.185.25.131 - - [01/Feb/2025:07:32:04 -0600] "GET /live_mfg.html HTTP/1.1" 200 53583 "-" "Mozilla/5.0 (Fedora; Linux x86_64) AppleWebKit/537.36 (KHTML, like Gecko) Chrome/125.0.0.0 Safari/537.36" dzilamdebravo1821.gob.mx 192.185.131.128
89.185.25.131 - - [01/Feb/2025:07:32:08 -0600] "GET /pos-kasir-php/excel.php HTTP/1.1" 200 53583 "-" "Mozilla/5.0 (Fedora; Linux i686) AppleWebKit/537.36 (KHTML, like Gecko) Chrome/125.0.0.0 Safari/537.36" dzilamdebravo1821.gob.mx 192.185.131.128
89.185.25.131 - - [01/Feb/2025:07:32:09 -0600] "GET /ACSServer/DownloadFileServlet?show_file_name=../../../../../../windows/win.ini&type=uploadfile&path=anything HTTP/1.1" 406 226 "-" "Mozilla/5.0 (Macintosh; Intel Mac OS X 10_13_6) AppleWebKit/537.36 (KHTML, like Gecko) Chrome/79.0.3945.79 Safari/537.36" dzilamdebravo1821.gob.mx 192.185.131.128
207.46.13.111 - - [01/Feb/2025:07:40:19 -0600] "GET /mkqjl/m1334862.html HTTP/2.0" 200 121544 "-" "Mozilla/5.0 AppleWebKit/537.36 (KHTML, like Gecko; compatible; bingbot/2.0; +http://www.bing.com/bingbot.htm) Chrome/116.0.1938.76 Safari/537.36" dzilamdebravo1821.gob.mx 192.185.131.128
66.249.66.71 - - [01/Feb/2025:07:43:38 -0600] "GET /wtusc/s1390014.html HTTP/1.1" 200 123301 "-" "Mozilla/5.0 (Linux; Android 6.0.1; Nexus 5X Build/MMB29P) AppleWebKit/537.36 (KHTML, like Gecko) Chrome/132.0.6834.159 Mobile Safari/537.36 (compatible; Googlebot/2.1; +http://www.google.com/bot.html)" www.dzilamdebravo1821.gob.mx 192.185.131.128
66.249.66.71 - - [01/Feb/2025:07:43:52 -0600] "GET /?_gl=1*1ix4f11*_gcl_au*MTYxMTI1OTI3MS4xNzIxODg2NjU0*_ga*ODYyMzk4MzA3LjE2OTk0NTM1Nzg.*_ga_7H42SVMQ0V*MTcyMTg4NjY1NS4xMjEuMS4xNzIxODg2NjY5LjQ2LjAuMA..&_ga=2.198040047.1958808748.1721886654-862398307.1699453578&_bdsid=2ulvIJ.n~ZXCIW.1721886656070.1721886848&_bd_prev_page=https://www.dzilamdebravo1821.gob.mx/detail.php?emqqf/z2041477.html HTTP/1.1" 200 132052 "-" "Mozilla/5.0 (Linux; Android 6.0.1; Nexus 5X Build/MMB29P) AppleWebKit/537.36 (KHTML, like Gecko) Chrome/132.0.6834.159 Mobile Safari/537.36 (compatible; Googlebot/2.1; +http://www.google.com/bot.html)" www.dzilamdebravo1821.gob.mx 192.185.131.128
66.249.66.71 - - [01/Feb/2025:07:44:37 -0600] "GET /kssfe/b1698435.html HTTP/1.1" 200 129074 "-" "Mozilla/5.0 (Linux; Android 6.0.1; Nexus 5X Build/MMB29P) AppleWebKit/537.36 (KHTML, like Gecko) Chrome/132.0.6834.159 Mobile Safari/537.36 (compatible; Googlebot/2.1; +http://www.google.com/bot.html)" www.dzilamdebravo1821.gob.mx 192.185.131.128
66.249.66.74 - - [01/Feb/2025:07:46:15 -0600] "GET /dxzzj/d837239.html HTTP/1.1" 200 123236 "-" "Mozilla/5.0 (Linux; Android 6.0.1; Nexus 5X Build/MMB29P) AppleWebKit/537.36 (KHTML, like Gecko) Chrome/132.0.6834.159 Mobile Safari/537.36 (compatible; Googlebot/2.1; +http://www.google.com/bot.html)" dzilamdebravo1821.gob.mx 192.185.131.128
52.167.144.158 - - [01/Feb/2025:07:55:00 -0600] "GET /ctmpt/i1090666.html HTTP/2.0" 200 124443 "-" "Mozilla/5.0 AppleWebKit/537.36 (KHTML, like Gecko; compatible; bingbot/2.0; +http://www.bing.com/bingbot.htm) Chrome/116.0.1938.76 Safari/537.36" dzilamdebravo1821.gob.mx 192.185.131.128
66.249.66.72 - - [01/Feb/2025:07:56:16 -0600] "GET /?_gl=1*1ix4f11*_gcl_au*MTYxMTI1OTI3MS4xNzIxODg2NjU0*_ga*ODYyMzk4MzA3LjE2OTk0NTM1Nzg.*_ga_7H42SVMQ0V*MTcyMTg4NjY1NS4xMjEuMS4xNzIxODg2NjY5LjQ2LjAuMA..&_ga=2.198040047.1958808748.1721886654-862398307.1699453578&_bdsid=2ulvIJ.n~ZXCIW.1721886656070.1721886848&_bd_prev_page=https://www.dzilamdebravo1821.gob.mx/detail.php?swuak/s1443678.html HTTP/1.1" 200 132608 "-" "Mozilla/5.0 (Linux; Android 6.0.1; Nexus 5X Build/MMB29P) AppleWebKit/537.36 (KHTML, like Gecko) Chrome/132.0.6834.159 Mobile Safari/537.36 (compatible; Googlebot/2.1; +http://www.google.com/bot.html)" www.dzilamdebravo1821.gob.mx 192.185.131.128
66.249.66.71 - - [01/Feb/2025:07:58:58 -0600] "GET /?_gl=1*1ix4f11*_gcl_au*MTYxMTI1OTI3MS4xNzIxODg2NjU0*_ga*ODYyMzk4MzA3LjE2OTk0NTM1Nzg.*_ga_7H42SVMQ0V*MTcyMTg4NjY1NS4xMjEuMS4xNzIxODg2NjY5LjQ2LjAuMA..&_ga=2.198040047.1958808748.1721886654-862398307.1699453578&_bdsid=2ulvIJ.n~ZXCIW.1721886656070.1721886848&_bd_prev_page=https://www.dzilamdebravo1821.gob.mx/detail.php?jblkg/u1852686.html HTTP/1.1" 200 137463 "-" "Mozilla/5.0 (Linux; Android 6.0.1; Nexus 5X Build/MMB29P) AppleWebKit/537.36 (KHTML, like Gecko) Chrome/132.0.6834.159 Mobile Safari/537.36 (compatible; Googlebot/2.1; +http://www.google.com/bot.html)" www.dzilamdebravo1821.gob.mx 192.185.131.128
66.249.66.72 - - [01/Feb/2025:08:03:58 -0600] "GET /tajaa/q2703194.html HTTP/1.1" 200 124559 "-" "Mozilla/5.0 (Linux; Android 6.0.1; Nexus 5X Build/MMB29P) AppleWebKit/537.36 (KHTML, like Gecko) Chrome/132.0.6834.159 Mobile Safari/537.36 (compatible; Googlebot/2.1; +http://www.google.com/bot.html)" www.dzilamdebravo1821.gob.mx 192.185.131.128
157.55.39.195 - - [01/Feb/2025:08:05:52 -0600] "GET /xucem/d1095835.html HTTP/2.0" 200 122614 "-" "Mozilla/5.0 AppleWebKit/537.36 (KHTML, like Gecko; compatible; bingbot/2.0; +http://www.bing.com/bingbot.htm) Chrome/116.0.1938.76 Safari/537.36" dzilamdebravo1821.gob.mx 192.185.131.128
40.77.167.65 - - [01/Feb/2025:08:05:59 -0600] "GET /zdwev/t1751415.html HTTP/2.0" 200 128547 "-" "Mozilla/5.0 AppleWebKit/537.36 (KHTML, like Gecko; compatible; bingbot/2.0; +http://www.bing.com/bingbot.htm) Chrome/116.0.1938.76 Safari/537.36" dzilamdebravo1821.gob.mx 192.185.131.128
156.59.198.136 - - [01/Feb/2025:08:13:26 -0600] "GET /assets/images/logo.png HTTP/2.0" 406 226 "-" "Mozilla/5.0 (Linux; Android 5.0) AppleWebKit/537.36 (KHTML, like Gecko) Mobile Safari/537.36 (compatible; Bytespider; spider-feedback@bytedance.com)" dzilamdebravo1821.gob.mx 192.185.131.128
47.128.116.36 - - [01/Feb/2025:08:17:34 -0600] "GET /robots.txt HTTP/1.1" 406 226 "-" "Mozilla/5.0 (Linux; Android 5.0) AppleWebKit/537.36 (KHTML, like Gecko) Mobile Safari/537.36 (compatible; Bytespider; spider-feedback@bytedance.com)" dzilamdebravo1821.gob.mx 192.185.131.128
66.249.66.70 - - [01/Feb/2025:08:18:16 -0600] "GET /?_gl=1*1ix4f11*_gcl_au*MTYxMTI1OTI3MS4xNzIxODg2NjU0*_ga*ODYyMzk4MzA3LjE2OTk0NTM1Nzg.*_ga_7H42SVMQ0V*MTcyMTg4NjY1NS4xMjEuMS4xNzIxODg2NjY5LjQ2LjAuMA..&_ga=2.198040047.1958808748.1721886654-862398307.1699453578&_bdsid=2ulvIJ.n~ZXCIW.1721886656070.1721886848&_bd_prev_page=https://www.dzilamdebravo1821.gob.mx/detail.php?qjgxz/p2542669.html HTTP/1.1" 200 132381 "-" "Mozilla/5.0 (Linux; Android 6.0.1; Nexus 5X Build/MMB29P) AppleWebKit/537.36 (KHTML, like Gecko) Chrome/132.0.6834.159 Mobile Safari/537.36 (compatible; Googlebot/2.1; +http://www.google.com/bot.html)" www.dzilamdebravo1821.gob.mx 192.185.131.128
66.249.66.70 - - [01/Feb/2025:08:18:37 -0600] "GET /?_gl=1*1ix4f11*_gcl_au*MTYxMTI1OTI3MS4xNzIxODg2NjU0*_ga*ODYyMzk4MzA3LjE2OTk0NTM1Nzg.*_ga_7H42SVMQ0V*MTcyMTg4NjY1NS4xMjEuMS4xNzIxODg2NjY5LjQ2LjAuMA..&_ga=2.198040047.1958808748.1721886654-862398307.1699453578&_bdsid=2ulvIJ.n~ZXCIW.1721886656070.1721886848&_bd_prev_page=https://www.dzilamdebravo1821.gob.mx/detail.php?puvwd/b2541979.html HTTP/1.1" 200 137583 "-" "Mozilla/5.0 (Linux; Android 6.0.1; Nexus 5X Build/MMB29P) AppleWebKit/537.36 (KHTML, like Gecko) Chrome/132.0.6834.159 Mobile Safari/537.36 (compatible; Googlebot/2.1; +http://www.google.com/bot.html)" www.dzilamdebravo1821.gob.mx 192.185.131.128
40.77.167.45 - - [01/Feb/2025:08:20:10 -0600] "GET /ohzvs/q2003482.html HTTP/2.0" 200 124765 "-" "Mozilla/5.0 AppleWebKit/537.36 (KHTML, like Gecko; compatible; bingbot/2.0; +http://www.bing.com/bingbot.htm) Chrome/116.0.1938.76 Safari/537.36" dzilamdebravo1821.gob.mx 192.185.131.128
47.128.53.68 - - [01/Feb/2025:08:21:27 -0600] "GET /robots.txt HTTP/1.1" 406 226 "-" "Mozilla/5.0 (Linux; Android 5.0) AppleWebKit/537.36 (KHTML, like Gecko) Mobile Safari/537.36 (compatible; Bytespider; spider-feedback@bytedance.com)" dzilamdebravo1821.gob.mx 192.185.131.128
66.249.66.72 - - [01/Feb/2025:08:26:11 -0600] "GET /?_gl=1*1ix4f11*_gcl_au*MTYxMTI1OTI3MS4xNzIxODg2NjU0*_ga*ODYyMzk4MzA3LjE2OTk0NTM1Nzg.*_ga_7H42SVMQ0V*MTcyMTg4NjY1NS4xMjEuMS4xNzIxODg2NjY5LjQ2LjAuMA..&_ga=2.198040047.1958808748.1721886654-862398307.1699453578&_bdsid=2ulvIJ.n~ZXCIW.1721886656070.1721886848&_bd_prev_page=https://www.dzilamdebravo1821.gob.mx/detail.php?zbxya/y1293612.html HTTP/1.1" 200 132622 "-" "Mozilla/5.0 (Linux; Android 6.0.1; Nexus 5X Build/MMB29P) AppleWebKit/537.36 (KHTML, like Gecko) Chrome/132.0.6834.159 Mobile Safari/537.36 (compatible; Googlebot/2.1; +http://www.google.com/bot.html)" www.dzilamdebravo1821.gob.mx 192.185.131.128
66.249.66.70 - - [01/Feb/2025:08:30:41 -0600] "GET /?_gl=1*1ix4f11*_gcl_au*MTYxMTI1OTI3MS4xNzIxODg2NjU0*_ga*ODYyMzk4MzA3LjE2OTk0NTM1Nzg.*_ga_7H42SVMQ0V*MTcyMTg4NjY1NS4xMjEuMS4xNzIxODg2NjY5LjQ2LjAuMA..&_ga=2.198040047.1958808748.1721886654-862398307.1699453578&_bdsid=2ulvIJ.n~ZXCIW.1721886656070.1721886848&_bd_prev_page=https://www.dzilamdebravo1821.gob.mx/detail.php?ysfae/j2155081.html HTTP/1.1" 200 133972 "-" "Mozilla/5.0 (Linux; Android 6.0.1; Nexus 5X Build/MMB29P) AppleWebKit/537.36 (KHTML, like Gecko) Chrome/132.0.6834.159 Mobile Safari/537.36 (compatible; Googlebot/2.1; +http://www.google.com/bot.html)" www.dzilamdebravo1821.gob.mx 192.185.131.128
66.249.66.71 - - [01/Feb/2025:08:30:47 -0600] "GET /?_gl=1*1ix4f11*_gcl_au*MTYxMTI1OTI3MS4xNzIxODg2NjU0*_ga*ODYyMzk4MzA3LjE2OTk0NTM1Nzg.*_ga_7H42SVMQ0V*MTcyMTg4NjY1NS4xMjEuMS4xNzIxODg2NjY5LjQ2LjAuMA..&_ga=2.198040047.1958808748.1721886654-862398307.1699453578&_bdsid=2ulvIJ.n~ZXCIW.1721886656070.1721886848&_bd_prev_page=https://www.dzilamdebravo1821.gob.mx/detail.php?canlo/i558732.html HTTP/1.1" 200 132507 "-" "Mozilla/5.0 (Linux; Android 6.0.1; Nexus 5X Build/MMB29P) AppleWebKit/537.36 (KHTML, like Gecko) Chrome/132.0.6834.159 Mobile Safari/537.36 (compatible; Googlebot/2.1; +http://www.google.com/bot.html)" www.dzilamdebravo1821.gob.mx 192.185.131.128
66.249.66.70 - - [01/Feb/2025:08:33:57 -0600] "GET /?_gl=1*1ix4f11*_gcl_au*MTYxMTI1OTI3MS4xNzIxODg2NjU0*_ga*ODYyMzk4MzA3LjE2OTk0NTM1Nzg.*_ga_7H42SVMQ0V*MTcyMTg4NjY1NS4xMjEuMS4xNzIxODg2NjY5LjQ2LjAuMA..&_ga=2.198040047.1958808748.1721886654-862398307.1699453578&_bdsid=2ulvIJ.n~ZXCIW.1721886656070.1721886848&_bd_prev_page=https://www.dzilamdebravo1821.gob.mx/detail.php?lokyv/b364921.html HTTP/1.1" 200 133040 "-" "Mozilla/5.0 (Linux; Android 6.0.1; Nexus 5X Build/MMB29P) AppleWebKit/537.36 (KHTML, like Gecko) Chrome/132.0.6834.159 Mobile Safari/537.36 (compatible; Googlebot/2.1; +http://www.google.com/bot.html)" www.dzilamdebravo1821.gob.mx 192.185.131.128
66.249.66.72 - - [01/Feb/2025:08:35:27 -0600] "GET /?_gl=1*1ix4f11*_gcl_au*MTYxMTI1OTI3MS4xNzIxODg2NjU0*_ga*ODYyMzk4MzA3LjE2OTk0NTM1Nzg.*_ga_7H42SVMQ0V*MTcyMTg4NjY1NS4xMjEuMS4xNzIxODg2NjY5LjQ2LjAuMA..&_ga=2.198040047.1958808748.1721886654-862398307.1699453578&_bdsid=2ulvIJ.n~ZXCIW.1721886656070.1721886848&_bd_prev_page=https://www.dzilamdebravo1821.gob.mx/detail.php?gghcd/v1891817.html HTTP/1.1" 200 133437 "-" "Mozilla/5.0 (Linux; Android 6.0.1; Nexus 5X Build/MMB29P) AppleWebKit/537.36 (KHTML, like Gecko) Chrome/132.0.6834.159 Mobile Safari/537.36 (compatible; Googlebot/2.1; +http://www.google.com/bot.html)" www.dzilamdebravo1821.gob.mx 192.185.131.128
89.185.25.131 - - [01/Feb/2025:08:35:54 -0600] "GET /verify.php?id=1&confirm_hash HTTP/1.1" 200 53583 "-" "Mozilla/5.0 (ZZ; Linux x86_64) AppleWebKit/537.36 (KHTML, like Gecko) Chrome/120.0.0.0 Safari/537.36" dzilamdebravo1821.gob.mx 192.185.131.128
89.185.25.131 - - [01/Feb/2025:08:35:55 -0600] "GET /src/addressbook.php?%3C%2Fscript%3E%3Cscript%3Ealert%28document.domain%29%3C%2Fscript%3E HTTP/1.1" 406 226 "-" "Mozilla/5.0 (Kubuntu; Linux x86_64; rv:123.0) Gecko/20100101 Firefox/123.0" dzilamdebravo1821.gob.mx 192.185.131.128
89.185.25.131 - - [01/Feb/2025:08:35:57 -0600] "GET /mantis/verify.php?id=1&confirm_hash HTTP/1.1" 200 53583 "-" "Mozilla/5.0 (CentOS; Linux i686) AppleWebKit/537.36 (KHTML, like Gecko) Chrome/125.0.0.0 Safari/537.36" dzilamdebravo1821.gob.mx 192.185.131.128
89.185.25.131 - - [01/Feb/2025:08:35:58 -0600] "GET /src/options.php?optpage=%3C%2Fscript%3E%3Cscript%3Ealert%28document.domain%29%3C%2Fscript%3E HTTP/1.1" 406 226 "-" "Mozilla/5.0 (Fedora; Linux i686; rv:123.0) Gecko/20100101 Firefox/123.0" dzilamdebravo1821.gob.mx 192.185.131.128
89.185.25.131 - - [01/Feb/2025:08:36:21 -0600] "GET /src/help.php?chapter=%3C%2Fscript%3E%3Cscript%3Ealert%28document.domain%29%3C%2Fscript%3E HTTP/1.1" 406 226 "-" "Mozilla/5.0 (X11; Linux i686) AppleWebKit/537.36 (KHTML, like Gecko) Chrome/118.0.0.0 Safari/537.36" dzilamdebravo1821.gob.mx 192.185.131.128
66.249.66.70 - - [01/Feb/2025:08:36:24 -0600] "GET /?_gl=1*1ix4f11*_gcl_au*MTYxMTI1OTI3MS4xNzIxODg2NjU0*_ga*ODYyMzk4MzA3LjE2OTk0NTM1Nzg.*_ga_7H42SVMQ0V*MTcyMTg4NjY1NS4xMjEuMS4xNzIxODg2NjY5LjQ2LjAuMA..&_ga=2.198040047.1958808748.1721886654-862398307.1699453578&_bdsid=2ulvIJ.n~ZXCIW.1721886656070.1721886848&_bd_prev_page=https://www.dzilamdebravo1821.gob.mx/detail.php?ltvnn/r1015951.html HTTP/1.1" 200 141852 "-" "Mozilla/5.0 (Linux; Android 6.0.1; Nexus 5X Build/MMB29P) AppleWebKit/537.36 (KHTML, like Gecko) Chrome/132.0.6834.159 Mobile Safari/537.36 (compatible; GoogleOther)" www.dzilamdebravo1821.gob.mx 192.185.131.128
40.77.167.38 - - [01/Feb/2025:08:39:12 -0600] "GET /irxdq/h146085.html HTTP/2.0" 200 121878 "-" "Mozilla/5.0 AppleWebKit/537.36 (KHTML, like Gecko; compatible; bingbot/2.0; +http://www.bing.com/bingbot.htm) Chrome/116.0.1938.76 Safari/537.36" dzilamdebravo1821.gob.mx 192.185.131.128
66.249.66.72 - - [01/Feb/2025:08:40:13 -0600] "GET /robots.txt HTTP/1.1" 200 174 "-" "Mozilla/5.0 (compatible; Googlebot/2.1; +http://www.google.com/bot.html)" www.dzilamdebravo1821.gob.mx 192.185.131.128
66.249.66.71 - - [01/Feb/2025:08:40:16 -0600] "GET /?_gl=1*1ix4f11*_gcl_au*MTYxMTI1OTI3MS4xNzIxODg2NjU0*_ga*ODYyMzk4MzA3LjE2OTk0NTM1Nzg.*_ga_7H42SVMQ0V*MTcyMTg4NjY1NS4xMjEuMS4xNzIxODg2NjY5LjQ2LjAuMA..&_ga=2.198040047.1958808748.1721886654-862398307.1699453578&_bdsid=2ulvIJ.n~ZXCIW.1721886656070.1721886848&_bd_prev_page=https://www.dzilamdebravo1821.gob.mx/detail.php?bpxnx/d2478021.html HTTP/1.1" 200 132814 "-" "Mozilla/5.0 (Linux; Android 6.0.1; Nexus 5X Build/MMB29P) AppleWebKit/537.36 (KHTML, like Gecko) Chrome/132.0.6834.159 Mobile Safari/537.36 (compatible; Googlebot/2.1; +http://www.google.com/bot.html)" www.dzilamdebravo1821.gob.mx 192.185.131.128
40.77.167.17 - - [01/Feb/2025:08:43:22 -0600] "GET /hdmvn/b1370679.html HTTP/2.0" 200 122452 "-" "Mozilla/5.0 AppleWebKit/537.36 (KHTML, like Gecko; compatible; bingbot/2.0; +http://www.bing.com/bingbot.htm) Chrome/116.0.1938.76 Safari/537.36" dzilamdebravo1821.gob.mx 192.185.131.128
66.249.66.72 - - [01/Feb/2025:08:43:41 -0600] "GET /robots.txt HTTP/1.1" 200 174 "-" "Mozilla/5.0 (compatible; Googlebot/2.1; +http://www.google.com/bot.html)" www.dzilamdebravo1821.gob.mx 192.185.131.128
66.249.66.71 - - [01/Feb/2025:08:43:41 -0600] "GET /?_gl=1*1ix4f11*_gcl_au*MTYxMTI1OTI3MS4xNzIxODg2NjU0*_ga*ODYyMzk4MzA3LjE2OTk0NTM1Nzg.*_ga_7H42SVMQ0V*MTcyMTg4NjY1NS4xMjEuMS4xNzIxODg2NjY5LjQ2LjAuMA..&_ga=2.198040047.1958808748.1721886654-862398307.1699453578&_bdsid=2ulvIJ.n~ZXCIW.1721886656070.1721886848&_bd_prev_page=https://www.dzilamdebravo1821.gob.mx/detail.php?fedsd/v484697.html HTTP/1.1" 200 133620 "-" "Mozilla/5.0 (Linux; Android 6.0.1; Nexus 5X Build/MMB29P) AppleWebKit/537.36 (KHTML, like Gecko) Chrome/132.0.6834.159 Mobile Safari/537.36 (compatible; Googlebot/2.1; +http://www.google.com/bot.html)" www.dzilamdebravo1821.gob.mx 192.185.131.128
66.249.66.71 - - [01/Feb/2025:08:44:51 -0600] "GET /?_gl=1*1ix4f11*_gcl_au*MTYxMTI1OTI3MS4xNzIxODg2NjU0*_ga*ODYyMzk4MzA3LjE2OTk0NTM1Nzg.*_ga_7H42SVMQ0V*MTcyMTg4NjY1NS4xMjEuMS4xNzIxODg2NjY5LjQ2LjAuMA..&_ga=2.198040047.1958808748.1721886654-862398307.1699453578&_bdsid=2ulvIJ.n~ZXCIW.1721886656070.1721886848&_bd_prev_page=https://www.dzilamdebravo1821.gob.mx/detail.php?sjpkx/s1016524.html HTTP/1.1" 200 132786 "-" "Mozilla/5.0 (Linux; Android 6.0.1; Nexus 5X Build/MMB29P) AppleWebKit/537.36 (KHTML, like Gecko) Chrome/132.0.6834.159 Mobile Safari/537.36 (compatible; GoogleOther)" www.dzilamdebravo1821.gob.mx 192.185.131.128
89.185.25.131 - - [01/Feb/2025:08:45:07 -0600] "GET /imcat/root/tools/adbug/binfo.php?phpinfo1 HTTP/1.1" 200 53583 "-" "Mozilla/5.0 (Kubuntu; Linux x86_64; rv:126.0) Gecko/20100101 Firefox/126.0" dzilamdebravo1821.gob.mx 192.185.131.128
89.185.25.131 - - [01/Feb/2025:08:45:10 -0600] "GET /cgit/cgit.cgi/git/objects/?path=../../../../../../../etc/passwd HTTP/1.1" 406 226 "-" "Mozilla/5.0 (Kubuntu; Linux i686) AppleWebKit/537.36 (KHTML, like Gecko) Chrome/120.0.0.0 Safari/537.36" dzilamdebravo1821.gob.mx 192.185.131.128
89.185.25.131 - - [01/Feb/2025:08:45:12 -0600] "OPTIONS / HTTP/1.1" 200 53583 "-" "Mozilla/5.0 (Macintosh; Intel Mac OS X 10_15_7) AppleWebKit/605.1.15 (KHTML, like Gecko) Version/17.2 Safari/605.1.15" dzilamdebravo1821.gob.mx 192.185.131.128
89.185.25.131 - - [01/Feb/2025:08:45:15 -0600] "GET /wp-content/plugins/site-editor/editor/extensions/pagebuilder/includes/ajax_shortcode_pattern.php?ajax_path=/etc/passwd HTTP/1.1" 406 226 "-" "Mozilla/5.0 (Windows NT 10.0; Win64; x64) AppleWebKit/537.36 (KHTML, like Gecko) Chrome/94.0.4606.81 Safari/537.36" dzilamdebravo1821.gob.mx 192.185.131.128
89.185.25.131 - - [01/Feb/2025:08:45:16 -0600] "POST /index.php?controller=pjAdminOrders%26action%3dpjActionGetNewOrder%26column%3d(SELECT+(CASE+WHEN+(4213%3d4213)+THEN+0x63726561746564+ELSE+(SELECT+7877+UNION+SELECT+7153)+END))%26direction%3dASC%26page%3d1%26rowCount%3d50%26q%3d%e2%80%99%e2%80%99%26type%3d HTTP/1.1" 406 226 "-" "Mozilla/5.0 (Ubuntu; Linux x86_64; rv:124.0) Gecko/20100101 Firefox/124.0" dzilamdebravo1821.gob.mx 192.185.131.128
89.185.25.131 - - [01/Feb/2025:08:45:17 -0600] "GET /searchblox/servlet/FileServlet?col=9&url=/etc/passwd HTTP/1.1" 406 226 "-" "Mozilla/5.0 (Macintosh; Intel Mac OS X 13_5_3; en-US) AppleWebKit/605.1.15 (KHTML, like Gecko) Version/17.1.4 Safari/605.1.15" dzilamdebravo1821.gob.mx 192.185.131.128
89.185.25.131 - - [01/Feb/2025:08:45:18 -0600] "GET /webeditor/../../../windows/win.ini HTTP/1.1" 400 53583 "-" "Mozilla/5.0 (Windows NT 6.1) AppleWebKit/537.36 (KHTML, like Gecko) Chrome/41.0.2228.0 Safari/537.36" dzilamdebravo1821.gob.mx 192.185.131.128
66.249.66.73 - - [01/Feb/2025:08:46:25 -0600] "GET /icuvf/b607735.html HTTP/1.1" 200 122482 "-" "Mozilla/5.0 (Linux; Android 6.0.1; Nexus 5X Build/MMB29P) AppleWebKit/537.36 (KHTML, like Gecko) Chrome/132.0.6834.159 Mobile Safari/537.36 (compatible; Googlebot/2.1; +http://www.google.com/bot.html)" dzilamdebravo1821.gob.mx 192.185.131.128
207.46.13.160 - - [01/Feb/2025:08:47:05 -0600] "GET /cwpkw/k481254.html HTTP/2.0" 200 123218 "-" "Mozilla/5.0 AppleWebKit/537.36 (KHTML, like Gecko; compatible; bingbot/2.0; +http://www.bing.com/bingbot.htm) Chrome/116.0.1938.76 Safari/537.36" dzilamdebravo1821.gob.mx 192.185.131.128
66.249.66.74 - - [01/Feb/2025:08:47:34 -0600] "GET /yzncq/w224256.html HTTP/1.1" 200 121717 "-" "Mozilla/5.0 (Linux; Android 6.0.1; Nexus 5X Build/MMB29P) AppleWebKit/537.36 (KHTML, like Gecko) Chrome/132.0.6834.159 Mobile Safari/537.36 (compatible; Googlebot/2.1; +http://www.google.com/bot.html)" dzilamdebravo1821.gob.mx 192.185.131.128
66.249.66.72 - - [01/Feb/2025:08:49:01 -0600] "GET /robots.txt HTTP/1.1" 200 174 "-" "Mozilla/5.0 (compatible; Googlebot/2.1; +http://www.google.com/bot.html)" www.dzilamdebravo1821.gob.mx 192.185.131.128
66.249.66.72 - - [01/Feb/2025:08:49:01 -0600] "GET /?_gl=1*1ix4f11*_gcl_au*MTYxMTI1OTI3MS4xNzIxODg2NjU0*_ga*ODYyMzk4MzA3LjE2OTk0NTM1Nzg.*_ga_7H42SVMQ0V*MTcyMTg4NjY1NS4xMjEuMS4xNzIxODg2NjY5LjQ2LjAuMA..&_ga=2.198040047.1958808748.1721886654-862398307.1699453578&_bdsid=2ulvIJ.n~ZXCIW.1721886656070.1721886848&_bd_prev_page=https://www.dzilamdebravo1821.gob.mx/detail.php?vmcnm/t1544559.html HTTP/1.1" 200 134373 "-" "Mozilla/5.0 (Linux; Android 6.0.1; Nexus 5X Build/MMB29P) AppleWebKit/537.36 (KHTML, like Gecko) Chrome/132.0.6834.159 Mobile Safari/537.36 (compatible; GoogleOther)" www.dzilamdebravo1821.gob.mx 192.185.131.128
66.249.66.74 - - [01/Feb/2025:08:49:33 -0600] "GET /ugstt/o706262.html HTTP/1.1" 200 127440 "-" "Mozilla/5.0 (Linux; Android 6.0.1; Nexus 5X Build/MMB29P) AppleWebKit/537.36 (KHTML, like Gecko) Chrome/132.0.6834.159 Mobile Safari/537.36 (compatible; Googlebot/2.1; +http://www.google.com/bot.html)" dzilamdebravo1821.gob.mx 192.185.131.128
40.77.167.57 - - [01/Feb/2025:08:49:53 -0600] "GET /tnxah/s2470158.html HTTP/2.0" 200 125475 "-" "Mozilla/5.0 AppleWebKit/537.36 (KHTML, like Gecko; compatible; bingbot/2.0; +http://www.bing.com/bingbot.htm) Chrome/116.0.1938.76 Safari/537.36" dzilamdebravo1821.gob.mx 192.185.131.128
66.249.66.74 - - [01/Feb/2025:08:49:56 -0600] "GET /zkfdk/b844985.html HTTP/1.1" 200 122571 "-" "Mozilla/5.0 (Linux; Android 6.0.1; Nexus 5X Build/MMB29P) AppleWebKit/537.36 (KHTML, like Gecko) Chrome/132.0.6834.159 Mobile Safari/537.36 (compatible; Googlebot/2.1; +http://www.google.com/bot.html)" dzilamdebravo1821.gob.mx 192.185.131.128
66.249.66.75 - - [01/Feb/2025:08:52:16 -0600] "GET /skpvq/h1017631.html HTTP/1.1" 200 123260 "-" "Mozilla/5.0 (Linux; Android 6.0.1; Nexus 5X Build/MMB29P) AppleWebKit/537.36 (KHTML, like Gecko) Chrome/132.0.6834.159 Mobile Safari/537.36 (compatible; Googlebot/2.1; +http://www.google.com/bot.html)" dzilamdebravo1821.gob.mx 192.185.131.128
52.167.144.238 - - [01/Feb/2025:09:01:15 -0600] "GET /pdzxo/h3030291.html HTTP/2.0" 200 124963 "-" "Mozilla/5.0 AppleWebKit/537.36 (KHTML, like Gecko; compatible; bingbot/2.0; +http://www.bing.com/bingbot.htm) Chrome/116.0.1938.76 Safari/537.36" dzilamdebravo1821.gob.mx 192.185.131.128
66.249.66.70 - - [01/Feb/2025:09:01:35 -0600] "GET /rebyd/m592146.html HTTP/1.1" 200 122884 "-" "Mozilla/5.0 (Linux; Android 6.0.1; Nexus 5X Build/MMB29P) AppleWebKit/537.36 (KHTML, like Gecko) Chrome/132.0.6834.159 Mobile Safari/537.36 (compatible; Googlebot/2.1; +http://www.google.com/bot.html)" www.dzilamdebravo1821.gob.mx 192.185.131.128
40.77.167.224 - - [01/Feb/2025:09:03:27 -0600] "GET /vesjf/p2510793.html HTTP/2.0" 200 123202 "-" "Mozilla/5.0 AppleWebKit/537.36 (KHTML, like Gecko; compatible; bingbot/2.0; +http://www.bing.com/bingbot.htm) Chrome/116.0.1938.76 Safari/537.36" dzilamdebravo1821.gob.mx 192.185.131.128
66.249.66.72 - - [01/Feb/2025:09:03:36 -0600] "GET /rebyd/m592146.html HTTP/1.1" 200 122884 "-" "Mozilla/5.0 (Linux; Android 6.0.1; Nexus 5X Build/MMB29P) AppleWebKit/537.36 (KHTML, like Gecko) Chrome/132.0.6834.159 Mobile Safari/537.36 (compatible; Googlebot/2.1; +http://www.google.com/bot.html)" www.dzilamdebravo1821.gob.mx 192.185.131.128
40.77.167.224 - - [01/Feb/2025:09:05:47 -0600] "GET /mpaxx/m1665530.html HTTP/2.0" 200 124027 "-" "Mozilla/5.0 AppleWebKit/537.36 (KHTML, like Gecko; compatible; bingbot/2.0; +http://www.bing.com/bingbot.htm) Chrome/116.0.1938.76 Safari/537.36" dzilamdebravo1821.gob.mx 192.185.131.128
52.167.144.184 - - [01/Feb/2025:09:07:19 -0600] "GET /goxir/l810025.html HTTP/2.0" 200 127242 "-" "Mozilla/5.0 AppleWebKit/537.36 (KHTML, like Gecko; compatible; bingbot/2.0; +http://www.bing.com/bingbot.htm) Chrome/116.0.1938.76 Safari/537.36" dzilamdebravo1821.gob.mx 192.185.131.128
52.167.144.196 - - [01/Feb/2025:09:12:17 -0600] "GET /cbnlx/w1687198.html HTTP/2.0" 200 122125 "-" "Mozilla/5.0 AppleWebKit/537.36 (KHTML, like Gecko; compatible; bingbot/2.0; +http://www.bing.com/bingbot.htm) Chrome/116.0.1938.76 Safari/537.36" dzilamdebravo1821.gob.mx 192.185.131.128
40.77.167.224 - - [01/Feb/2025:09:13:08 -0600] "GET /tucoj/c283204.html HTTP/2.0" 200 127704 "-" "Mozilla/5.0 AppleWebKit/537.36 (KHTML, like Gecko; compatible; bingbot/2.0; +http://www.bing.com/bingbot.htm) Chrome/116.0.1938.76 Safari/537.36" dzilamdebravo1821.gob.mx 192.185.131.128
66.249.66.75 - - [01/Feb/2025:09:14:39 -0600] "GET /robots.txt HTTP/1.1" 200 174 "-" "Mozilla/5.0 (compatible; Googlebot/2.1; +http://www.google.com/bot.html)" dzilamdebravo1821.gob.mx 192.185.131.128
66.249.66.74 - - [01/Feb/2025:09:14:50 -0600] "GET /arsxp/o1520530.html HTTP/1.1" 200 124763 "-" "Mozilla/5.0 (Linux; Android 6.0.1; Nexus 5X Build/MMB29P) AppleWebKit/537.36 (KHTML, like Gecko) Chrome/132.0.6834.159 Mobile Safari/537.36 (compatible; Googlebot/2.1; +http://www.google.com/bot.html)" dzilamdebravo1821.gob.mx 192.185.131.128
66.249.66.71 - - [01/Feb/2025:09:15:23 -0600] "GET /?_gl=1*1ix4f11*_gcl_au*MTYxMTI1OTI3MS4xNzIxODg2NjU0*_ga*ODYyMzk4MzA3LjE2OTk0NTM1Nzg.*_ga_7H42SVMQ0V*MTcyMTg4NjY1NS4xMjEuMS4xNzIxODg2NjY5LjQ2LjAuMA..&_ga=2.198040047.1958808748.1721886654-862398307.1699453578&_bdsid=2ulvIJ.n~ZXCIW.1721886656070.1721886848&_bd_prev_page=https://www.dzilamdebravo1821.gob.mx/detail.php?kzgao/k2666450.html HTTP/1.1" 200 135647 "-" "Mozilla/5.0 (Linux; Android 6.0.1; Nexus 5X Build/MMB29P) AppleWebKit/537.36 (KHTML, like Gecko) Chrome/132.0.6834.159 Mobile Safari/537.36 (compatible; Googlebot/2.1; +http://www.google.com/bot.html)" www.dzilamdebravo1821.gob.mx 192.185.131.128
157.55.39.60 - - [01/Feb/2025:09:29:23 -0600] "GET /iigwm/i3051560.html HTTP/2.0" 200 121717 "-" "Mozilla/5.0 AppleWebKit/537.36 (KHTML, like Gecko; compatible; bingbot/2.0; +http://www.bing.com/bingbot.htm) Chrome/116.0.1938.76 Safari/537.36" dzilamdebravo1821.gob.mx 192.185.131.128
51.8.102.94 - - [01/Feb/2025:09:29:54 -0600] "GET /robots.txt HTTP/2.0" 200 174 "-" "Mozilla/5.0 (Macintosh; Intel Mac OS X 10_15_7) AppleWebKit/537.36 (KHTML, like Gecko) Chrome/131.0.0.0 Safari/537.36; compatible; OAI-SearchBot/1.0; +https://openai.com/searchbot" dzilamdebravo1821.gob.mx 192.185.131.128
66.249.66.71 - - [01/Feb/2025:09:36:39 -0600] "GET /?_gl=1*1ix4f11*_gcl_au*MTYxMTI1OTI3MS4xNzIxODg2NjU0*_ga*ODYyMzk4MzA3LjE2OTk0NTM1Nzg.*_ga_7H42SVMQ0V*MTcyMTg4NjY1NS4xMjEuMS4xNzIxODg2NjY5LjQ2LjAuMA..&_ga=2.198040047.1958808748.1721886654-862398307.1699453578&_bdsid=2ulvIJ.n~ZXCIW.1721886656070.1721886848&_bd_prev_page=https://www.dzilamdebravo1821.gob.mx/detail.php?xabgt/n298373.html HTTP/1.1" 200 135099 "-" "Mozilla/5.0 (Linux; Android 6.0.1; Nexus 5X Build/MMB29P) AppleWebKit/537.36 (KHTML, like Gecko) Chrome/132.0.6834.159 Mobile Safari/537.36 (compatible; Googlebot/2.1; +http://www.google.com/bot.html)" www.dzilamdebravo1821.gob.mx 192.185.131.128
52.167.144.206 - - [01/Feb/2025:09:36:48 -0600] "GET /skevu/u663238.html HTTP/2.0" 200 121658 "-" "Mozilla/5.0 AppleWebKit/537.36 (KHTML, like Gecko; compatible; bingbot/2.0; +http://www.bing.com/bingbot.htm) Chrome/116.0.1938.76 Safari/537.36" dzilamdebravo1821.gob.mx 192.185.131.128
66.249.66.71 - - [01/Feb/2025:09:40:26 -0600] "GET /?_gl=1*1ix4f11*_gcl_au*MTYxMTI1OTI3MS4xNzIxODg2NjU0*_ga*ODYyMzk4MzA3LjE2OTk0NTM1Nzg.*_ga_7H42SVMQ0V*MTcyMTg4NjY1NS4xMjEuMS4xNzIxODg2NjY5LjQ2LjAuMA..&_ga=2.198040047.1958808748.1721886654-862398307.1699453578&_bdsid=2ulvIJ.n~ZXCIW.1721886656070.1721886848&_bd_prev_page=https://www.dzilamdebravo1821.gob.mx/detail.php?vumaa/q2648750.html HTTP/1.1" 200 134300 "-" "Mozilla/5.0 (Linux; Android 6.0.1; Nexus 5X Build/MMB29P) AppleWebKit/537.36 (KHTML, like Gecko) Chrome/132.0.6834.159 Mobile Safari/537.36 (compatible; Googlebot/2.1; +http://www.google.com/bot.html)" www.dzilamdebravo1821.gob.mx 192.185.131.128
66.249.66.72 - - [01/Feb/2025:09:41:10 -0600] "GET /zjxfw/l1926907.html HTTP/1.1" 200 123667 "-" "Mozilla/5.0 (Linux; Android 6.0.1; Nexus 5X Build/MMB29P) AppleWebKit/537.36 (KHTML, like Gecko) Chrome/132.0.6834.159 Mobile Safari/537.36 (compatible; Googlebot/2.1; +http://www.google.com/bot.html)" www.dzilamdebravo1821.gob.mx 192.185.131.128
66.249.66.71 - - [01/Feb/2025:09:50:30 -0600] "GET /dkfpg/c884740.html HTTP/1.1" 200 124926 "-" "Mozilla/5.0 (Linux; Android 6.0.1; Nexus 5X Build/MMB29P) AppleWebKit/537.36 (KHTML, like Gecko) Chrome/132.0.6834.159 Mobile Safari/537.36 (compatible; Googlebot/2.1; +http://www.google.com/bot.html)" www.dzilamdebravo1821.gob.mx 192.185.131.128
66.249.66.72 - - [01/Feb/2025:09:56:01 -0600] "GET /dkfpg/c884740.html HTTP/1.1" 200 124926 "-" "Mozilla/5.0 (Linux; Android 6.0.1; Nexus 5X Build/MMB29P) AppleWebKit/537.36 (KHTML, like Gecko) Chrome/132.0.6834.159 Mobile Safari/537.36 (compatible; Googlebot/2.1; +http://www.google.com/bot.html)" www.dzilamdebravo1821.gob.mx 192.185.131.128
89.185.25.131 - - [01/Feb/2025:09:57:31 -0600] "GET /index.php?option=com_kif_nexus&controller=../../../../../../../../../etc/passwd HTTP/1.1" 406 226 "-" "Mozilla/5.0 (Macintosh; Intel Mac OS X 10_15_7) AppleWebKit/605.1.15 (KHTML, like Gecko) Version/17.4.1 Safari/605.6.25" dzilamdebravo1821.gob.mx 192.185.131.128
89.185.25.131 - - [01/Feb/2025:09:57:32 -0600] "GET /cgi-bin/login?LD_DEBUG=files HTTP/1.1" 200 53583 "-" "Mozilla/5.0 (Macintosh; Intel Mac OS X 14_4_1) AppleWebKit/605.1.15 (KHTML, like Gecko) Version/17.4.1 Safari/605.1.15" dzilamdebravo1821.gob.mx 192.185.131.128
89.185.25.131 - - [01/Feb/2025:09:57:32 -0600] "GET /cgi-bin/config.exp HTTP/1.1" 200 53583 "-" "Mozilla/5.0 (Debian; Linux i686) AppleWebKit/537.36 (KHTML, like Gecko) Chrome/120.0.0.0 Safari/537.36" dzilamdebravo1821.gob.mx 192.185.131.128
89.185.25.131 - - [01/Feb/2025:09:57:37 -0600] "GET /.../.../.../.../.../.../.../.../.../windows/win.ini HTTP/1.1" 200 53583 "-" "Mozilla/5.0 (Kubuntu; Linux i686) AppleWebKit/537.36 (KHTML, like Gecko) Chrome/124.0.0.0 Safari/537.36" dzilamdebravo1821.gob.mx 192.185.131.128
89.185.25.131 - - [01/Feb/2025:09:57:38 -0600] "GET /wp-content/plugins/mail-masta/inc/campaign/count_of_send.php?pl=/etc/passwd HTTP/1.1" 406 226 "-" "Mozilla/5.0 (Macintosh; Intel Mac OS X 14_4_1) AppleWebKit/605.1.15 (KHTML, like Gecko) Version/17.3.1 Safari/605.1.15" dzilamdebravo1821.gob.mx 192.185.131.128
89.185.25.131 - - [01/Feb/2025:09:57:40 -0600] "GET /InsightPluginShowGeneralConfiguration.jspa; HTTP/1.1" 200 53583 "-" "Mozilla/5.0 (ZZ; Linux x86_64) AppleWebKit/537.36 (KHTML, like Gecko) Chrome/124.0.0.0 Safari/537.36" dzilamdebravo1821.gob.mx 192.185.131.128
89.185.25.131 - - [01/Feb/2025:09:57:46 -0600] "GET /wp-content/plugins/mail-masta/inc/lists/csvexport.php?pl=/etc/passwd HTTP/1.1" 406 226 "-" "Mozilla/5.0 (Macintosh; Intel Mac OS X 10_10_3) AppleWebKit/537.36 (KHTML, like Gecko) Chrome/43.0.2357.81 Safari/537.36" dzilamdebravo1821.gob.mx 192.185.131.128
89.185.25.131 - - [01/Feb/2025:09:57:49 -0600] "GET /login.do?jvar_page_title= HTTP/1.1" 200 53583 "-" "Mozilla/5.0 (Fedora; Linux i686) AppleWebKit/537.36 (KHTML, like Gecko) Chrome/118.0.0.0 Safari/537.36" dzilamdebravo1821.gob.mx 192.185.131.128
52.167.144.24 - - [01/Feb/2025:09:57:52 -0600] "GET /jssmw/p1776553.html HTTP/2.0" 200 127029 "-" "Mozilla/5.0 AppleWebKit/537.36 (KHTML, like Gecko; compatible; bingbot/2.0; +http://www.bing.com/bingbot.htm) Chrome/116.0.1938.76 Safari/537.36" dzilamdebravo1821.gob.mx 192.185.131.128
66.249.66.71 - - [01/Feb/2025:09:59:16 -0600] "GET /?_gl=1*1ix4f11*_gcl_au*MTYxMTI1OTI3MS4xNzIxODg2NjU0*_ga*ODYyMzk4MzA3LjE2OTk0NTM1Nzg.*_ga_7H42SVMQ0V*MTcyMTg4NjY1NS4xMjEuMS4xNzIxODg2NjY5LjQ2LjAuMA..&_ga=2.198040047.1958808748.1721886654-862398307.1699453578&_bdsid=2ulvIJ.n~ZXCIW.1721886656070.1721886848&_bd_prev_page=https://www.dzilamdebravo1821.gob.mx/detail.php?rcfbw/k2381334.html HTTP/1.1" 200 134764 "-" "Mozilla/5.0 (Linux; Android 6.0.1; Nexus 5X Build/MMB29P) AppleWebKit/537.36 (KHTML, like Gecko) Chrome/132.0.6834.159 Mobile Safari/537.36 (compatible; Googlebot/2.1; +http://www.google.com/bot.html)" www.dzilamdebravo1821.gob.mx 192.185.131.128
207.46.13.7 - - [01/Feb/2025:10:00:36 -0600] "GET /pieiz/l2885319.html HTTP/2.0" 200 121869 "-" "Mozilla/5.0 AppleWebKit/537.36 (KHTML, like Gecko; compatible; bingbot/2.0; +http://www.bing.com/bingbot.htm) Chrome/116.0.1938.76 Safari/537.36" dzilamdebravo1821.gob.mx 192.185.131.128
40.77.167.41 - - [01/Feb/2025:10:07:03 -0600] "GET /dgywd/p2133897.html HTTP/2.0" 200 128950 "-" "Mozilla/5.0 AppleWebKit/537.36 (KHTML, like Gecko; compatible; bingbot/2.0; +http://www.bing.com/bingbot.htm) Chrome/116.0.1938.76 Safari/537.36" dzilamdebravo1821.gob.mx 192.185.131.128
52.167.144.236 - - [01/Feb/2025:10:07:50 -0600] "GET /myviw/j1721297.html HTTP/2.0" 200 122465 "-" "Mozilla/5.0 AppleWebKit/537.36 (KHTML, like Gecko; compatible; bingbot/2.0; +http://www.bing.com/bingbot.htm) Chrome/116.0.1938.76 Safari/537.36" dzilamdebravo1821.gob.mx 192.185.131.128
157.55.39.60 - - [01/Feb/2025:10:09:07 -0600] "GET /ucnwj/d1251783.html HTTP/2.0" 200 123151 "-" "Mozilla/5.0 AppleWebKit/537.36 (KHTML, like Gecko; compatible; bingbot/2.0; +http://www.bing.com/bingbot.htm) Chrome/116.0.1938.76 Safari/537.36" dzilamdebravo1821.gob.mx 192.185.131.128
40.77.167.3 - - [01/Feb/2025:10:11:03 -0600] "GET /rjprn/s364678.html HTTP/2.0" 200 121742 "-" "Mozilla/5.0 AppleWebKit/537.36 (KHTML, like Gecko; compatible; bingbot/2.0; +http://www.bing.com/bingbot.htm) Chrome/116.0.1938.76 Safari/537.36" dzilamdebravo1821.gob.mx 192.185.131.128
